2026-02-20T01:19:08.885+0000 7f0f5081a640 1 --2- 10.20.193.109:0/1447479288 >> [v2:10.20.193.109:3300/0,v1:10.20.193.109:6789/0] conn(0x7f0f4c10a180 0x7f0f4c1a0060 secure :-1 s=READY pgs=44 cs=0 l=1 rev1=1 crypto rx=0x7f0f3c006fd0 tx=0x7f0f3c037bb0 comp rx=0 tx=0).ready entity=mon.0 client_cookie=0 server_cookie=0 in_seq=0 out_seq=0
2026-02-20T01:19:11.010 INFO:teuthology.orchestra.run.trial109.stdout:/usr/bin/ceph: stderr
2026-02-20T01:19:08.885+0000 7f0f41ffb640 1 -- 10.20.193.109:0/1447479288 <== mon.0 v2:10.20.193.109:3300/0 1 ==== mon_map magic: 0 ==== 205+0+0 (secure 0 0 0) 0x7f0f3c045070 con 0x7f0f4c10a180
2026-02-20T01:19:11.010 INFO:teuthology.orchestra.run.trial109.stdout:/usr/bin/ceph: stderr
2026-02-20T01:19:08.885+0000 7f0f41ffb640 1 -- 10.20.193.109:0/1447479288 <== mon.0 v2:10.20.193.109:3300/0 2 ==== config(26 keys) ==== 1045+0+0 (secure 0 0 0) 0x7f0f3c040450 con 0x7f0f4c10a180
2026-02-20T01:19:11.011 INFO:teuthology.orchestra.run.trial109.stdout:/usr/bin/ceph: stderr
2026-02-20T01:19:08.885+0000 7f0f41ffb640 1 -- 10.20.193.109:0/1447479288 <== mon.0 v2:10.20.193.109:3300/0 3 ==== mon_map magic: 0 ==== 205+0+0 (secure 0 0 0) 0x7f0f3c03c070 con 0x7f0f4c10a180
2026-02-20T01:19:11.011 INFO:teuthology.orchestra.run.trial109.stdout:/usr/bin/ceph: stderr
2026-02-20T01:19:08.885+0000 7f0f5181c640 1 -- 10.20.193.109:0/1447479288 --> [v2:10.20.193.109:3300/0,v1:10.20.193.109:6789/0] -- mon_subscribe({mgrmap=0+}) -- 0x7f0f4c1a0830 con 0x7f0f4c10a180
2026-02-20T01:19:11.011 INFO:teuthology.orchestra.run.trial109.stdout:/usr/bin/ceph: stderr
2026-02-20T01:19:08.885+0000 7f0f5181c640 1 -- 10.20.193.109:0/1447479288 --> [v2:10.20.193.109:3300/0,v1:10.20.193.109:6789/0] -- mon_subscribe({osdmap=0}) -- 0x7f0f4c1a3520 con 0x7f0f4c10a180
2026-02-20T01:19:11.011 INFO:teuthology.orchestra.run.trial109.stdout:/usr/bin/ceph: stderr
2026-02-20T01:19:08.886+0000 7f0f5181c640 1 -- 10.20.193.109:0/1447479288 --> [v2:10.20.193.109:3300/0,v1:10.20.193.109:6789/0] -- mon_command({"prefix": "get_command_descriptions"} v 0) -- 0x7f0f4c10a600 con 0x7f0f4c10a180
2026-02-20T01:19:11.011 INFO:teuthology.orchestra.run.trial109.stdout:/usr/bin/ceph: stderr
2026-02-20T01:19:08.886+0000 7f0f41ffb640 1 -- 10.20.193.109:0/1447479288 <== mon.0 v2:10.20.193.109:3300/0 4 ==== mgrmap(e 7) ==== 50247+0+0 (secure 0 0 0) 0x7f0f3c052080 con 0x7f0f4c10a180
2026-02-20T01:19:11.011 INFO:teuthology.orchestra.run.trial109.stdout:/usr/bin/ceph: stderr
2026-02-20T01:19:08.887+0000 7f0f41ffb640 1 --2- 10.20.193.109:0/1447479288 >> [v2:10.20.193.109:6800/182648606,v1:10.20.193.109:6801/182648606] conn(0x7f0f2803dbf0 0x7f0f280400b0 unknown :-1 s=NONE pgs=0 cs=0 l=1 rev1=0 crypto rx=0 tx=0 comp rx=0 tx=0).connect
2026-02-20T01:19:11.011 INFO:teuthology.orchestra.run.trial109.stdout:/usr/bin/ceph: stderr
2026-02-20T01:19:08.887+0000 7f0f41ffb640 1 -- 10.20.193.109:0/1447479288 <== mon.0 v2:10.20.193.109:3300/0 5 ==== osd_map(2..2 src has 1..2) ==== 940+0+0 (secure 0 0 0) 0x7f0f3c076cb0 con 0x7f0f4c10a180
2026-02-20T01:19:11.011 INFO:teuthology.orchestra.run.trial109.stdout:/usr/bin/ceph: stderr
2026-02-20T01:19:08.887+0000 7f0f43fff640 1 --2- 10.20.193.109:0/1447479288 >> [v2:10.20.193.109:6800/182648606,v1:10.20.193.109:6801/182648606] conn(0x7f0f2803dbf0 0x7f0f280400b0 unknown :-1 s=BANNER_CONNECTING pgs=0 cs=0 l=1 rev1=0 crypto rx=0 tx=0 comp rx=0 tx=0)._handle_peer_banner_payload supported=3 required=0
2026-02-20T01:19:11.011 INFO:teuthology.orchestra.run.trial109.stdout:/usr/bin/ceph: stderr
2026-02-20T01:19:08.887+0000 7f0f43fff640 1 --2- 10.20.193.109:0/1447479288 >> [v2:10.20.193.109:6800/182648606,v1:10.20.193.109:6801/182648606] conn(0x7f0f2803dbf0 0x7f0f280400b0 secure :-1 s=READY pgs=11 cs=0 l=1 rev1=1 crypto rx=0x7f0f340099c0 tx=0x7f0f34006eb0 comp rx=0 tx=0).ready entity=mgr.14118 client_cookie=0 server_cookie=0 in_seq=0 out_seq=0
2026-02-20T01:19:11.011 INFO:teuthology.orchestra.run.trial109.stdout:/usr/bin/ceph: stderr
2026-02-20T01:19:08.889+0000 7f0f41ffb640 1 -- 10.20.193.109:0/1447479288 <== mon.0 v2:10.20.193.109:3300/0 6 ==== mon_command_ack([{"prefix": "get_command_descriptions"}]=0 v0) ==== 72+0+195034 (secure 0 0 0) 0x7f0f3c033c90 con 0x7f0f4c10a180
2026-02-20T01:19:11.011 INFO:teuthology.orchestra.run.trial109.stdout:/usr/bin/ceph: stderr
2026-02-20T01:19:08.982+0000 7f0f5181c640 1 -- 10.20.193.109:0/1447479288 --> [v2:10.20.193.109:6800/182648606,v1:10.20.193.109:6801/182648606] -- mgr_command(tid 0: {"prefix": "orch host add", "hostname": "trial109", "addr": "10.20.193.109", "target": ["mon-mgr", ""]}) -- 0x7f0f4c107ed0 con 0x7f0f2803dbf0
2026-02-20T01:19:11.011 INFO:teuthology.orchestra.run.trial109.stdout:/usr/bin/ceph: stderr
2026-02-20T01:19:10.883+0000 7f0f41ffb640 1 -- 10.20.193.109:0/1447479288 <== mgr.14118 v2:10.20.193.109:6800/182648606 1 ==== mgr_command_reply(tid 0: 0 ) ==== 8+0+48 (secure 0 0 0) 0x7f0f4c107ed0 con 0x7f0f2803dbf0
2026-02-20T01:19:11.011 INFO:teuthology.orchestra.run.trial109.stdout:/usr/bin/ceph: stderr
2026-02-20T01:19:10.885+0000 7f0f5181c640 1 -- 10.20.193.109:0/1447479288 >> [v2:10.20.193.109:6800/182648606,v1:10.20.193.109:6801/182648606] conn(0x7f0f2803dbf0 msgr2=0x7f0f280400b0 secure :-1 s=STATE_CONNECTION_ESTABLISHED l=1).mark_down
2026-02-20T01:19:11.011 INFO:teuthology.orchestra.run.trial109.stdout:/usr/bin/ceph: stderr
2026-02-20T01:19:10.885+0000 7f0f5181c640 1 --2- 10.20.193.109:0/1447479288 >> [v2:10.20.193.109:6800/182648606,v1:10.20.193.109:6801/182648606] conn(0x7f0f2803dbf0 0x7f0f280400b0 secure :-1 s=READY pgs=11 cs=0 l=1 rev1=1 crypto rx=0x7f0f340099c0 tx=0x7f0f34006eb0 comp rx=0 tx=0).stop
2026-02-20T01:19:11.011 INFO:teuthology.orchestra.run.trial109.stdout:/usr/bin/ceph: stderr
2026-02-20T01:19:10.885+0000 7f0f5181c640 1 -- 10.20.193.109:0/1447479288 >> [v2:10.20.193.109:3300/0,v1:10.20.193.109:6789/0] conn(0x7f0f4c10a180 msgr2=0x7f0f4c1a0060 secure :-1 s=STATE_CONNECTION_ESTABLISHED l=1).mark_down
2026-02-20T01:19:11.011 INFO:teuthology.orchestra.run.trial109.stdout:/usr/bin/ceph: stderr
2026-02-20T01:19:10.885+0000 7f0f5181c640 1 --2- 10.20.193.109:0/1447479288 >> [v2:10.20.193.109:3300/0,v1:10.20.193.109:6789/0] conn(0x7f0f4c10a180 0x7f0f4c1a0060 secure :-1 s=READY pgs=44 cs=0 l=1 rev1=1 crypto rx=0x7f0f3c006fd0 tx=0x7f0f3c037bb0 comp rx=0 tx=0).stop
2026-02-20T01:19:11.011 INFO:teuthology.orchestra.run.trial109.stdout:/usr/bin/ceph: stderr
2026-02-20T01:19:10.886+0000 7f0f5181c640 1 -- 10.20.193.109:0/1447479288 shutdown_connections
2026-02-20T01:19:11.011 INFO:teuthology.orchestra.run.trial109.stdout:/usr/bin/ceph: stderr
2026-02-20T01:19:10.886+0000 7f0f5181c640 1 --2- 10.20.193.109:0/1447479288 >> [v2:10.20.193.109:6800/182648606,v1:10.20.193.109:6801/182648606] conn(0x7f0f2803dbf0 0x7f0f280400b0 unknown :-1 s=CLOSED pgs=11 cs=0 l=1 rev1=1 crypto rx=0 tx=0 comp rx=0 tx=0).stop
2026-02-20T01:19:11.012 INFO:teuthology.orchestra.run.trial109.stdout:/usr/bin/ceph: stderr
2026-02-20T01:19:10.886+0000 7f0f5181c640 1 --2- 10.20.193.109:0/1447479288 >> [v2:10.20.193.109:3300/0,v1:10.20.193.109:6789/0] conn(0x7f0f4c10a180 0x7f0f4c1a0060 unknown :-1 s=CLOSED pgs=44 cs=0 l=1 rev1=1 crypto rx=0 tx=0 comp rx=0 tx=0).stop
2026-02-20T01:19:11.012 INFO:teuthology.orchestra.run.trial109.stdout:/usr/bin/ceph: stderr
2026-02-20T01:19:10.886+0000 7f0f5181c640 1 -- 10.20.193.109:0/1447479288 >> 10.20.193.109:0/1447479288 conn(0x7f0f4c07d770 msgr2=0x7f0f4c1077c0 unknown :-1 s=STATE_NONE l=0).mark_down
2026-02-20T01:19:11.012 INFO:teuthology.orchestra.run.trial109.stdout:/usr/bin/ceph: stderr
2026-02-20T01:19:10.886+0000 7f0f5181c640 1 -- 10.20.193.109:0/1447479288 shutdown_connections
2026-02-20T01:19:11.012 INFO:teuthology.orchestra.run.trial109.stdout:/usr/bin/ceph: stderr
2026-02-20T01:19:10.886+0000 7f0f5181c640 1 -- 10.20.193.109:0/1447479288 wait complete.
2026-02-20T01:19:11.012 INFO:teuthology.orchestra.run.trial109.stdout:Deploying unmanaged mon service...
2026-02-20T01:19:11.411 INFO:teuthology.orchestra.run.trial109.stdout:/usr/bin/ceph: stdout Scheduled mon update...
2026-02-20T01:19:11.411 INFO:teuthology.orchestra.run.trial109.stdout:/usr/bin/ceph: stderr
2026-02-20T01:19:11.186+0000 7f26ad873640 1 Processor -- start
2026-02-20T01:19:11.411 INFO:teuthology.orchestra.run.trial109.stdout:/usr/bin/ceph: stderr
2026-02-20T01:19:11.186+0000 7f26ad873640 1 -- start start
2026-02-20T01:19:11.411 INFO:teuthology.orchestra.run.trial109.stdout:/usr/bin/ceph: stderr
2026-02-20T01:19:11.186+0000 7f26ad873640 1 --2- >> [v2:10.20.193.109:3300/0,v1:10.20.193.109:6789/0] conn(0x7f26a810a180 0x7f26a810a580 unknown :-1 s=NONE pgs=0 cs=0 l=0 rev1=0 crypto rx=0 tx=0 comp rx=0 tx=0).connect
2026-02-20T01:19:11.412 INFO:teuthology.orchestra.run.trial109.stdout:/usr/bin/ceph: stderr
2026-02-20T01:19:11.186+0000 7f26ad873640 1 -- --> [v2:10.20.193.109:3300/0,v1:10.20.193.109:6789/0] -- mon_getmap magic: 0 -- 0x7f26a810ab50 con 0x7f26a810a180
2026-02-20T01:19:11.412 INFO:teuthology.orchestra.run.trial109.stdout:/usr/bin/ceph: stderr
2026-02-20T01:19:11.186+0000 7f26ac871640 1 --2- >> [v2:10.20.193.109:3300/0,v1:10.20.193.109:6789/0] conn(0x7f26a810a180 0x7f26a810a580 unknown :-1 s=BANNER_CONNECTING pgs=0 cs=0 l=0 rev1=0 crypto rx=0 tx=0 comp rx=0 tx=0)._handle_peer_banner_payload supported=3 required=0
2026-02-20T01:19:11.412 INFO:teuthology.orchestra.run.trial109.stdout:/usr/bin/ceph: stderr
2026-02-20T01:19:11.187+0000 7f26ac871640 1 --2- >> [v2:10.20.193.109:3300/0,v1:10.20.193.109:6789/0] conn(0x7f26a810a180 0x7f26a810a580 unknown :-1 s=HELLO_CONNECTING pgs=0 cs=0 l=0 rev1=1 crypto rx=0 tx=0 comp rx=0 tx=0).handle_hello peer v2:10.20.193.109:3300/0 says I am v2:10.20.193.109:55624/0 (socket says 10.20.193.109:55624)
2026-02-20T01:19:11.412 INFO:teuthology.orchestra.run.trial109.stdout:/usr/bin/ceph: stderr
2026-02-20T01:19:11.187+0000 7f26ac871640 1 -- 10.20.193.109:0/2306782632 learned_addr learned my addr 10.20.193.109:0/2306782632 (peer_addr_for_me v2:10.20.193.109:0/0)
2026-02-20T01:19:11.412 INFO:teuthology.orchestra.run.trial109.stdout:/usr/bin/ceph: stderr
2026-02-20T01:19:11.187+0000 7f26ac871640 1 -- 10.20.193.109:0/2306782632 --> [v2:10.20.193.109:3300/0,v1:10.20.193.109:6789/0] -- mon_subscribe({config=0+,monmap=0+}) -- 0x7f26a810b330 con 0x7f26a810a180
2026-02-20T01:19:11.412 INFO:teuthology.orchestra.run.trial109.stdout:/usr/bin/ceph: stderr
2026-02-20T01:19:11.187+0000 7f26ac871640 1 --2- 10.20.193.109:0/2306782632 >> [v2:10.20.193.109:3300/0,v1:10.20.193.109:6789/0] conn(0x7f26a810a180 0x7f26a810a580 secure :-1 s=READY pgs=45 cs=0 l=1 rev1=1 crypto rx=0x7f2698009920 tx=0x7f269802ef20 comp rx=0 tx=0).ready entity=mon.0 client_cookie=6e55007663d07f2c server_cookie=0 in_seq=0 out_seq=0
2026-02-20T01:19:11.412 INFO:teuthology.orchestra.run.trial109.stdout:/usr/bin/ceph: stderr
2026-02-20T01:19:11.188+0000 7f269f7fe640 1 -- 10.20.193.109:0/2306782632 <== mon.0 v2:10.20.193.109:3300/0 1 ==== mon_map magic: 0 ==== 205+0+0 (secure 0 0 0) 0x7f269803c070 con 0x7f26a810a180
2026-02-20T01:19:11.412 INFO:teuthology.orchestra.run.trial109.stdout:/usr/bin/ceph: stderr
2026-02-20T01:19:11.188+0000 7f269f7fe640 1 -- 10.20.193.109:0/2306782632 <== mon.0 v2:10.20.193.109:3300/0 2 ==== config(26 keys) ==== 1045+0+0 (secure 0 0 0) 0x7f2698037440 con 0x7f26a810a180
2026-02-20T01:19:11.412 INFO:teuthology.orchestra.run.trial109.stdout:/usr/bin/ceph: stderr
2026-02-20T01:19:11.188+0000 7f269f7fe640 1 -- 10.20.193.109:0/2306782632 <== mon.0 v2:10.20.193.109:3300/0 3 ==== mon_map magic: 0 ==== 205+0+0 (secure 0 0 0) 0x7f26980354b0 con 0x7f26a810a180
2026-02-20T01:19:11.412 INFO:teuthology.orchestra.run.trial109.stdout:/usr/bin/ceph: stderr
2026-02-20T01:19:11.188+0000 7f26ad873640 1 -- 10.20.193.109:0/2306782632 >> [v2:10.20.193.109:3300/0,v1:10.20.193.109:6789/0] conn(0x7f26a810a180 msgr2=0x7f26a810a580 secure :-1 s=STATE_CONNECTION_ESTABLISHED l=1).mark_down
2026-02-20T01:19:11.412 INFO:teuthology.orchestra.run.trial109.stdout:/usr/bin/ceph: stderr
2026-02-20T01:19:11.188+0000 7f26ad873640 1 --2- 10.20.193.109:0/2306782632 >> [v2:10.20.193.109:3300/0,v1:10.20.193.109:6789/0] conn(0x7f26a810a180 0x7f26a810a580 secure :-1 s=READY pgs=45 cs=0 l=1 rev1=1 crypto rx=0x7f2698009920 tx=0x7f269802ef20 comp rx=0 tx=0).stop
2026-02-20T01:19:11.413 INFO:teuthology.orchestra.run.trial109.stdout:/usr/bin/ceph: stderr
2026-02-20T01:19:11.188+0000 7f26ad873640 1 -- 10.20.193.109:0/2306782632 shutdown_connections
2026-02-20T01:19:11.413 INFO:teuthology.orchestra.run.trial109.stdout:/usr/bin/ceph: stderr
2026-02-20T01:19:11.188+0000 7f26ad873640 1 --2- 10.20.193.109:0/2306782632 >> [v2:10.20.193.109:3300/0,v1:10.20.193.109:6789/0] conn(0x7f26a810a180 0x7f26a810a580 unknown :-1 s=CLOSED pgs=45 cs=0 l=1 rev1=1 crypto rx=0 tx=0 comp rx=0 tx=0).stop
2026-02-20T01:19:11.413 INFO:teuthology.orchestra.run.trial109.stdout:/usr/bin/ceph: stderr
2026-02-20T01:19:11.188+0000 7f26ad873640 1 -- 10.20.193.109:0/2306782632 >> 10.20.193.109:0/2306782632 conn(0x7f26a807d770 msgr2=0x7f26a807db80 unknown :-1 s=STATE_NONE l=0).mark_down
2026-02-20T01:19:11.413 INFO:teuthology.orchestra.run.trial109.stdout:/usr/bin/ceph: stderr
2026-02-20T01:19:11.188+0000 7f26ad873640 1 -- 10.20.193.109:0/2306782632 shutdown_connections
2026-02-20T01:19:11.413 INFO:teuthology.orchestra.run.trial109.stdout:/usr/bin/ceph: stderr
2026-02-20T01:19:11.188+0000 7f26ad873640 1 -- 10.20.193.109:0/2306782632 wait complete.
2026-02-20T01:19:11.413 INFO:teuthology.orchestra.run.trial109.stdout:/usr/bin/ceph: stderr
2026-02-20T01:19:11.189+0000 7f26ad873640 1 Processor -- start
2026-02-20T01:19:11.413 INFO:teuthology.orchestra.run.trial109.stdout:/usr/bin/ceph: stderr
2026-02-20T01:19:11.190+0000 7f26ad873640 1 -- start start
2026-02-20T01:19:11.413 INFO:teuthology.orchestra.run.trial109.stdout:/usr/bin/ceph: stderr
2026-02-20T01:19:11.190+0000 7f26ad873640 1 --2- >> [v2:10.20.193.109:3300/0,v1:10.20.193.109:6789/0] conn(0x7f26a810a180 0x7f26a81a4540 unknown :-1 s=NONE pgs=0 cs=0 l=1 rev1=0 crypto rx=0 tx=0 comp rx=0 tx=0).connect
2026-02-20T01:19:11.413 INFO:teuthology.orchestra.run.trial109.stdout:/usr/bin/ceph: stderr
2026-02-20T01:19:11.190+0000 7f26ad873640 1 -- --> [v2:10.20.193.109:3300/0,v1:10.20.193.109:6789/0] -- mon_getmap magic: 0 -- 0x7f26a810e560 con 0x7f26a810a180
2026-02-20T01:19:11.413 INFO:teuthology.orchestra.run.trial109.stdout:/usr/bin/ceph: stderr
2026-02-20T01:19:11.190+0000 7f26ac871640 1 --2- >> [v2:10.20.193.109:3300/0,v1:10.20.193.109:6789/0] conn(0x7f26a810a180 0x7f26a81a4540 unknown :-1 s=BANNER_CONNECTING pgs=0 cs=0 l=1 rev1=0 crypto rx=0 tx=0 comp rx=0 tx=0)._handle_peer_banner_payload supported=3 required=0
2026-02-20T01:19:11.413 INFO:teuthology.orchestra.run.trial109.stdout:/usr/bin/ceph: stderr
2026-02-20T01:19:11.190+0000 7f26ac871640 1 --2- >> [v2:10.20.193.109:3300/0,v1:10.20.193.109:6789/0] conn(0x7f26a810a180 0x7f26a81a4540 unknown :-1 s=HELLO_CONNECTING pgs=0 cs=0 l=1 rev1=1 crypto rx=0 tx=0 comp rx=0 tx=0).handle_hello peer v2:10.20.193.109:3300/0 says I am v2:10.20.193.109:55638/0 (socket says 10.20.193.109:55638)
2026-02-20T01:19:11.414 INFO:teuthology.orchestra.run.trial109.stdout:/usr/bin/ceph: stderr
2026-02-20T01:19:11.190+0000 7f26ac871640 1 -- 10.20.193.109:0/709559717 learned_addr learned my addr 10.20.193.109:0/709559717 (peer_addr_for_me v2:10.20.193.109:0/0)
2026-02-20T01:19:11.414 INFO:teuthology.orchestra.run.trial109.stdout:/usr/bin/ceph: stderr
2026-02-20T01:19:11.190+0000 7f26ac871640 1 -- 10.20.193.109:0/709559717 --> [v2:10.20.193.109:3300/0,v1:10.20.193.109:6789/0] -- mon_subscribe({config=0+,monmap=0+}) -- 0x7f26a81a4a80 con 0x7f26a810a180
2026-02-20T01:19:11.414 INFO:teuthology.orchestra.run.trial109.stdout:/usr/bin/ceph: stderr
2026-02-20T01:19:11.190+0000 7f26ac871640 1 --2- 10.20.193.109:0/709559717 >> [v2:10.20.193.109:3300/0,v1:10.20.193.109:6789/0] conn(0x7f26a810a180 0x7f26a81a4540 secure :-1 s=READY pgs=46 cs=0 l=1 rev1=1 crypto rx=0x7f2698006fd0 tx=0x7f2698037bb0 comp rx=0 tx=0).ready entity=mon.0 client_cookie=0 server_cookie=0 in_seq=0 out_seq=0
2026-02-20T01:19:11.414 INFO:teuthology.orchestra.run.trial109.stdout:/usr/bin/ceph: stderr
2026-02-20T01:19:11.190+0000 7f269dffb640 1 -- 10.20.193.109:0/709559717 <== mon.0 v2:10.20.193.109:3300/0 1 ==== mon_map magic: 0 ==== 205+0+0 (secure 0 0 0) 0x7f2698045070 con 0x7f26a810a180
2026-02-20T01:19:11.414 INFO:teuthology.orchestra.run.trial109.stdout:/usr/bin/ceph: stderr
2026-02-20T01:19:11.190+0000 7f269dffb640 1 -- 10.20.193.109:0/709559717 <== mon.0 v2:10.20.193.109:3300/0 2 ==== config(26 keys) ==== 1045+0+0 (secure 0 0 0) 0x7f2698040450 con 0x7f26a810a180
2026-02-20T01:19:11.414 INFO:teuthology.orchestra.run.trial109.stdout:/usr/bin/ceph: stderr
2026-02-20T01:19:11.190+0000 7f26ad873640 1 -- 10.20.193.109:0/709559717 --> [v2:10.20.193.109:3300/0,v1:10.20.193.109:6789/0] -- mon_subscribe({mgrmap=0+}) -- 0x7f26a81a4d10 con 0x7f26a810a180
2026-02-20T01:19:11.414 INFO:teuthology.orchestra.run.trial109.stdout:/usr/bin/ceph: stderr
2026-02-20T01:19:11.190+0000 7f269dffb640 1 -- 10.20.193.109:0/709559717 <== mon.0 v2:10.20.193.109:3300/0 3 ==== mon_map magic: 0 ==== 205+0+0 (secure 0 0 0) 0x7f269803c070 con 0x7f26a810a180
2026-02-20T01:19:11.414 INFO:teuthology.orchestra.run.trial109.stdout:/usr/bin/ceph: stderr
2026-02-20T01:19:11.191+0000 7f26ad873640 1 -- 10.20.193.109:0/709559717 --> [v2:10.20.193.109:3300/0,v1:10.20.193.109:6789/0] -- mon_subscribe({osdmap=0}) -- 0x7f26a81a7a00 con 0x7f26a810a180
2026-02-20T01:19:11.414 INFO:teuthology.orchestra.run.trial109.stdout:/usr/bin/ceph: stderr
2026-02-20T01:19:11.191+0000 7f26ad873640 1 -- 10.20.193.109:0/709559717 --> [v2:10.20.193.109:3300/0,v1:10.20.193.109:6789/0] -- mon_command({"prefix": "get_command_descriptions"} v 0) -- 0x7f26a810a600 con 0x7f26a810a180
2026-02-20T01:19:11.414 INFO:teuthology.orchestra.run.trial109.stdout:/usr/bin/ceph: stderr
2026-02-20T01:19:11.191+0000 7f269dffb640 1 -- 10.20.193.109:0/709559717 <== mon.0 v2:10.20.193.109:3300/0 4 ==== mgrmap(e 7) ==== 50247+0+0 (secure 0 0 0) 0x7f2698040900 con 0x7f26a810a180
2026-02-20T01:19:11.414 INFO:teuthology.orchestra.run.trial109.stdout:/usr/bin/ceph: stderr
2026-02-20T01:19:11.192+0000 7f269dffb640 1 --2- 10.20.193.109:0/709559717 >> [v2:10.20.193.109:6800/182648606,v1:10.20.193.109:6801/182648606] conn(0x7f267c03dbf0 0x7f267c0400b0 unknown :-1 s=NONE pgs=0 cs=0 l=1 rev1=0 crypto rx=0 tx=0 comp rx=0 tx=0).connect
2026-02-20T01:19:11.414 INFO:teuthology.orchestra.run.trial109.stdout:/usr/bin/ceph: stderr
2026-02-20T01:19:11.192+0000 7f269dffb640 1 -- 10.20.193.109:0/709559717 <== mon.0 v2:10.20.193.109:3300/0 5 ==== osd_map(2..2 src has 1..2) ==== 940+0+0 (secure 0 0 0) 0x7f2698076740 con 0x7f26a810a180
2026-02-20T01:19:11.415 INFO:teuthology.orchestra.run.trial109.stdout:/usr/bin/ceph: stderr
2026-02-20T01:19:11.192+0000 7f269ffff640 1 --2- 10.20.193.109:0/709559717 >> [v2:10.20.193.109:6800/182648606,v1:10.20.193.109:6801/182648606] conn(0x7f267c03dbf0 0x7f267c0400b0 unknown :-1 s=BANNER_CONNECTING pgs=0 cs=0 l=1 rev1=0 crypto rx=0 tx=0 comp rx=0 tx=0)._handle_peer_banner_payload supported=3 required=0
2026-02-20T01:19:11.415 INFO:teuthology.orchestra.run.trial109.stdout:/usr/bin/ceph: stderr
2026-02-20T01:19:11.193+0000 7f269ffff640 1 --2- 10.20.193.109:0/709559717 >> [v2:10.20.193.109:6800/182648606,v1:10.20.193.109:6801/182648606] conn(0x7f267c03dbf0 0x7f267c0400b0 secure :-1 s=READY pgs=12 cs=0 l=1 rev1=1 crypto rx=0x7f26940099c0 tx=0x7f2694006eb0 comp rx=0 tx=0).ready entity=mgr.14118 client_cookie=0 server_cookie=0 in_seq=0 out_seq=0
2026-02-20T01:19:11.415 INFO:teuthology.orchestra.run.trial109.stdout:/usr/bin/ceph: stderr
2026-02-20T01:19:11.195+0000 7f269dffb640 1 -- 10.20.193.109:0/709559717 <== mon.0 v2:10.20.193.109:3300/0 6 ==== mon_command_ack([{"prefix": "get_command_descriptions"}]=0 v0) ==== 72+0+195034 (secure 0 0 0) 0x7f26980406b0 con 0x7f26a810a180
2026-02-20T01:19:11.415 INFO:teuthology.orchestra.run.trial109.stdout:/usr/bin/ceph: stderr
2026-02-20T01:19:11.290+0000 7f26ad873640 1 -- 10.20.193.109:0/709559717 --> [v2:10.20.193.109:6800/182648606,v1:10.20.193.109:6801/182648606] -- mgr_command(tid 0: {"prefix": "orch apply", "service_type": "mon", "unmanaged": true, "target": ["mon-mgr", ""]}) -- 0x7f26a8107eb0 con 0x7f267c03dbf0
2026-02-20T01:19:11.415 INFO:teuthology.orchestra.run.trial109.stdout:/usr/bin/ceph: stderr
2026-02-20T01:19:11.295+0000 7f269dffb640 1 -- 10.20.193.109:0/709559717 <== mgr.14118 v2:10.20.193.109:6800/182648606 1 ==== mgr_command_reply(tid 0: 0 ) ==== 8+0+24 (secure 0 0 0) 0x7f26a8107eb0 con 0x7f267c03dbf0
2026-02-20T01:19:11.415 INFO:teuthology.orchestra.run.trial109.stdout:/usr/bin/ceph: stderr
2026-02-20T01:19:11.296+0000 7f26ad873640 1 -- 10.20.193.109:0/709559717 >> [v2:10.20.193.109:6800/182648606,v1:10.20.193.109:6801/182648606] conn(0x7f267c03dbf0 msgr2=0x7f267c0400b0 secure :-1 s=STATE_CONNECTION_ESTABLISHED l=1).mark_down
2026-02-20T01:19:11.415 INFO:teuthology.orchestra.run.trial109.stdout:/usr/bin/ceph: stderr
2026-02-20T01:19:11.296+0000 7f26ad873640 1 --2- 10.20.193.109:0/709559717 >> [v2:10.20.193.109:6800/182648606,v1:10.20.193.109:6801/182648606] conn(0x7f267c03dbf0 0x7f267c0400b0 secure :-1 s=READY pgs=12 cs=0 l=1 rev1=1 crypto rx=0x7f26940099c0 tx=0x7f2694006eb0 comp rx=0 tx=0).stop
2026-02-20T01:19:11.415 INFO:teuthology.orchestra.run.trial109.stdout:/usr/bin/ceph: stderr
2026-02-20T01:19:11.296+0000 7f26ad873640 1 -- 10.20.193.109:0/709559717 >> [v2:10.20.193.109:3300/0,v1:10.20.193.109:6789/0] conn(0x7f26a810a180 msgr2=0x7f26a81a4540 secure :-1 s=STATE_CONNECTION_ESTABLISHED l=1).mark_down
2026-02-20T01:19:11.415 INFO:teuthology.orchestra.run.trial109.stdout:/usr/bin/ceph: stderr
2026-02-20T01:19:11.296+0000 7f26ad873640 1 --2- 10.20.193.109:0/709559717 >> [v2:10.20.193.109:3300/0,v1:10.20.193.109:6789/0] conn(0x7f26a810a180 0x7f26a81a4540 secure :-1 s=READY pgs=46 cs=0 l=1 rev1=1 crypto rx=0x7f2698006fd0 tx=0x7f2698037bb0 comp rx=0 tx=0).stop
2026-02-20T01:19:11.415 INFO:teuthology.orchestra.run.trial109.stdout:/usr/bin/ceph: stderr
2026-02-20T01:19:11.296+0000 7f26ad873640 1 -- 10.20.193.109:0/709559717 shutdown_connections
2026-02-20T01:19:11.415 INFO:teuthology.orchestra.run.trial109.stdout:/usr/bin/ceph: stderr
2026-02-20T01:19:11.296+0000 7f26ad873640 1 --2- 10.20.193.109:0/709559717 >> [v2:10.20.193.109:6800/182648606,v1:10.20.193.109:6801/182648606] conn(0x7f267c03dbf0 0x7f267c0400b0 unknown :-1 s=CLOSED pgs=12 cs=0 l=1 rev1=1 crypto rx=0 tx=0 comp rx=0 tx=0).stop
2026-02-20T01:19:11.415 INFO:teuthology.orchestra.run.trial109.stdout:/usr/bin/ceph: stderr
2026-02-20T01:19:11.296+0000 7f26ad873640 1 --2- 10.20.193.109:0/709559717 >> [v2:10.20.193.109:3300/0,v1:10.20.193.109:6789/0] conn(0x7f26a810a180 0x7f26a81a4540 unknown :-1 s=CLOSED pgs=46 cs=0 l=1 rev1=1 crypto rx=0 tx=0 comp rx=0 tx=0).stop
2026-02-20T01:19:11.416 INFO:teuthology.orchestra.run.trial109.stdout:/usr/bin/ceph: stderr
2026-02-20T01:19:11.296+0000 7f26ad873640 1 -- 10.20.193.109:0/709559717 >> 10.20.193.109:0/709559717 conn(0x7f26a807d770 msgr2=0x7f26a81077a0 unknown :-1 s=STATE_NONE l=0).mark_down
2026-02-20T01:19:11.416 INFO:teuthology.orchestra.run.trial109.stdout:/usr/bin/ceph: stderr
2026-02-20T01:19:11.296+0000 7f26ad873640 1 -- 10.20.193.109:0/709559717 shutdown_connections
2026-02-20T01:19:11.416 INFO:teuthology.orchestra.run.trial109.stdout:/usr/bin/ceph: stderr
2026-02-20T01:19:11.296+0000 7f26ad873640 1 -- 10.20.193.109:0/709559717 wait complete.
2026-02-20T01:19:11.416 INFO:teuthology.orchestra.run.trial109.stdout:Deploying unmanaged mgr service...
2026-02-20T01:19:11.764 INFO:teuthology.orchestra.run.trial109.stdout:/usr/bin/ceph: stdout Scheduled mgr update...
2026-02-20T01:19:11.764 INFO:teuthology.orchestra.run.trial109.stdout:/usr/bin/ceph: stderr
2026-02-20T01:19:11.567+0000 7fb76b165640 1 Processor -- start
2026-02-20T01:19:11.764 INFO:teuthology.orchestra.run.trial109.stdout:/usr/bin/ceph: stderr
2026-02-20T01:19:11.567+0000 7fb76b165640 1 -- start start
2026-02-20T01:19:11.764 INFO:teuthology.orchestra.run.trial109.stdout:/usr/bin/ceph: stderr
2026-02-20T01:19:11.567+0000 7fb76b165640 1 --2- >> [v2:10.20.193.109:3300/0,v1:10.20.193.109:6789/0] conn(0x7fb76410f070 0x7fb764111460 unknown :-1 s=NONE pgs=0 cs=0 l=0 rev1=0 crypto rx=0 tx=0 comp rx=0 tx=0).connect
2026-02-20T01:19:11.764 INFO:teuthology.orchestra.run.trial109.stdout:/usr/bin/ceph: stderr
2026-02-20T01:19:11.567+0000 7fb76b165640 1 -- --> [v2:10.20.193.109:3300/0,v1:10.20.193.109:6789/0] -- mon_getmap magic: 0 -- 0x7fb7640826a0 con 0x7fb76410f070
2026-02-20T01:19:11.764 INFO:teuthology.orchestra.run.trial109.stdout:/usr/bin/ceph: stderr
2026-02-20T01:19:11.568+0000 7fb76a163640 1 --2- >> [v2:10.20.193.109:3300/0,v1:10.20.193.109:6789/0] conn(0x7fb76410f070 0x7fb764111460 unknown :-1 s=BANNER_CONNECTING pgs=0 cs=0 l=0 rev1=0 crypto rx=0 tx=0 comp rx=0 tx=0)._handle_peer_banner_payload supported=3 required=0
2026-02-20T01:19:11.765 INFO:teuthology.orchestra.run.trial109.stdout:/usr/bin/ceph: stderr
2026-02-20T01:19:11.568+0000 7fb76a163640 1 --2- >> [v2:10.20.193.109:3300/0,v1:10.20.193.109:6789/0] conn(0x7fb76410f070 0x7fb764111460 unknown :-1 s=HELLO_CONNECTING pgs=0 cs=0 l=0 rev1=1 crypto rx=0 tx=0 comp rx=0 tx=0).handle_hello peer v2:10.20.193.109:3300/0 says I am v2:10.20.193.109:55654/0 (socket says 10.20.193.109:55654)
2026-02-20T01:19:11.765 INFO:teuthology.orchestra.run.trial109.stdout:/usr/bin/ceph: stderr
2026-02-20T01:19:11.568+0000 7fb76a163640 1 -- 10.20.193.109:0/3989196177 learned_addr learned my addr 10.20.193.109:0/3989196177 (peer_addr_for_me v2:10.20.193.109:0/0)
2026-02-20T01:19:11.765 INFO:teuthology.orchestra.run.trial109.stdout:/usr/bin/ceph: stderr
2026-02-20T01:19:11.568+0000 7fb76a163640 1 -- 10.20.193.109:0/3989196177 --> [v2:10.20.193.109:3300/0,v1:10.20.193.109:6789/0] -- mon_subscribe({config=0+,monmap=0+}) -- 0x7fb7641119a0 con 0x7fb76410f070
2026-02-20T01:19:11.765 INFO:teuthology.orchestra.run.trial109.stdout:/usr/bin/ceph: stderr
2026-02-20T01:19:11.569+0000 7fb76a163640 1 --2- 10.20.193.109:0/3989196177 >> [v2:10.20.193.109:3300/0,v1:10.20.193.109:6789/0] conn(0x7fb76410f070 0x7fb764111460 secure :-1 s=READY pgs=47 cs=0 l=1 rev1=1 crypto rx=0x7fb754009920 tx=0x7fb75402ef20 comp rx=0 tx=0).ready entity=mon.0 client_cookie=628c389cbd822011 server_cookie=0 in_seq=0 out_seq=0
2026-02-20T01:19:11.765 INFO:teuthology.orchestra.run.trial109.stdout:/usr/bin/ceph: stderr
2026-02-20T01:19:11.569+0000 7fb769161640 1 -- 10.20.193.109:0/3989196177 <== mon.0 v2:10.20.193.109:3300/0 1 ==== mon_map magic: 0 ==== 205+0+0 (secure 0 0 0) 0x7fb75403c070 con 0x7fb76410f070
2026-02-20T01:19:11.765 INFO:teuthology.orchestra.run.trial109.stdout:/usr/bin/ceph: stderr
2026-02-20T01:19:11.569+0000 7fb769161640 1 -- 10.20.193.109:0/3989196177 <== mon.0 v2:10.20.193.109:3300/0 2 ==== config(26 keys) ==== 1045+0+0 (secure 0 0 0) 0x7fb754037440 con 0x7fb76410f070
2026-02-20T01:19:11.765 INFO:teuthology.orchestra.run.trial109.stdout:/usr/bin/ceph: stderr
2026-02-20T01:19:11.569+0000 7fb769161640 1 -- 10.20.193.109:0/3989196177 <== mon.0 v2:10.20.193.109:3300/0 3 ==== mon_map magic: 0 ==== 205+0+0 (secure 0 0 0) 0x7fb7540354b0 con 0x7fb76410f070
2026-02-20T01:19:11.765 INFO:teuthology.orchestra.run.trial109.stdout:/usr/bin/ceph: stderr
2026-02-20T01:19:11.569+0000 7fb76b165640 1 -- 10.20.193.109:0/3989196177 >> [v2:10.20.193.109:3300/0,v1:10.20.193.109:6789/0] conn(0x7fb76410f070 msgr2=0x7fb764111460 secure :-1 s=STATE_CONNECTION_ESTABLISHED l=1).mark_down
2026-02-20T01:19:11.765 INFO:teuthology.orchestra.run.trial109.stdout:/usr/bin/ceph: stderr
2026-02-20T01:19:11.569+0000 7fb76b165640 1 --2- 10.20.193.109:0/3989196177 >> [v2:10.20.193.109:3300/0,v1:10.20.193.109:6789/0] conn(0x7fb76410f070 0x7fb764111460 secure :-1 s=READY pgs=47 cs=0 l=1 rev1=1 crypto rx=0x7fb754009920 tx=0x7fb75402ef20 comp rx=0 tx=0).stop
2026-02-20T01:19:11.765 INFO:teuthology.orchestra.run.trial109.stdout:/usr/bin/ceph: stderr
2026-02-20T01:19:11.569+0000 7fb76b165640 1 -- 10.20.193.109:0/3989196177 shutdown_connections
2026-02-20T01:19:11.765 INFO:teuthology.orchestra.run.trial109.stdout:/usr/bin/ceph: stderr
2026-02-20T01:19:11.569+0000 7fb76b165640 1 --2- 10.20.193.109:0/3989196177 >> [v2:10.20.193.109:3300/0,v1:10.20.193.109:6789/0] conn(0x7fb76410f070 0x7fb764111460 unknown :-1 s=CLOSED pgs=47 cs=0 l=1 rev1=1 crypto rx=0 tx=0 comp rx=0 tx=0).stop
2026-02-20T01:19:11.766 INFO:teuthology.orchestra.run.trial109.stdout:/usr/bin/ceph: stderr
2026-02-20T01:19:11.569+0000 7fb76b165640 1 -- 10.20.193.109:0/3989196177 >> 10.20.193.109:0/3989196177 conn(0x7fb76407d640 msgr2=0x7fb76407fa80 unknown :-1 s=STATE_NONE l=0).mark_down
2026-02-20T01:19:11.766 INFO:teuthology.orchestra.run.trial109.stdout:/usr/bin/ceph: stderr
2026-02-20T01:19:11.569+0000 7fb76b165640 1 -- 10.20.193.109:0/3989196177 shutdown_connections
2026-02-20T01:19:11.766 INFO:teuthology.orchestra.run.trial109.stdout:/usr/bin/ceph: stderr
2026-02-20T01:19:11.569+0000 7fb76b165640 1 -- 10.20.193.109:0/3989196177 wait complete.
2026-02-20T01:19:11.766 INFO:teuthology.orchestra.run.trial109.stdout:/usr/bin/ceph: stderr
2026-02-20T01:19:11.570+0000 7fb76b165640 1 Processor -- start
2026-02-20T01:19:11.766 INFO:teuthology.orchestra.run.trial109.stdout:/usr/bin/ceph: stderr
2026-02-20T01:19:11.570+0000 7fb76b165640 1 -- start start
2026-02-20T01:19:11.766 INFO:teuthology.orchestra.run.trial109.stdout:/usr/bin/ceph: stderr
2026-02-20T01:19:11.570+0000 7fb76b165640 1 --2- >> [v2:10.20.193.109:3300/0,v1:10.20.193.109:6789/0] conn(0x7fb76410f070 0x7fb7641acf20 unknown :-1 s=NONE pgs=0 cs=0 l=1 rev1=0 crypto rx=0 tx=0 comp rx=0 tx=0).connect
2026-02-20T01:19:11.766 INFO:teuthology.orchestra.run.trial109.stdout:/usr/bin/ceph: stderr
2026-02-20T01:19:11.570+0000 7fb76b165640 1 -- --> [v2:10.20.193.109:3300/0,v1:10.20.193.109:6789/0] -- mon_getmap magic: 0 -- 0x7fb7641128e0 con 0x7fb76410f070
2026-02-20T01:19:11.766 INFO:teuthology.orchestra.run.trial109.stdout:/usr/bin/ceph: stderr
2026-02-20T01:19:11.571+0000 7fb76a163640 1 --2- >> [v2:10.20.193.109:3300/0,v1:10.20.193.109:6789/0] conn(0x7fb76410f070 0x7fb7641acf20 unknown :-1 s=BANNER_CONNECTING pgs=0 cs=0 l=1 rev1=0 crypto rx=0 tx=0 comp rx=0 tx=0)._handle_peer_banner_payload supported=3 required=0
2026-02-20T01:19:11.766 INFO:teuthology.orchestra.run.trial109.stdout:/usr/bin/ceph: stderr
2026-02-20T01:19:11.571+0000 7fb76a163640 1 --2- >> [v2:10.20.193.109:3300/0,v1:10.20.193.109:6789/0] conn(0x7fb76410f070 0x7fb7641acf20 unknown :-1 s=HELLO_CONNECTING pgs=0 cs=0 l=1 rev1=1 crypto rx=0 tx=0 comp rx=0 tx=0).handle_hello peer v2:10.20.193.109:3300/0 says I am v2:10.20.193.109:55668/0 (socket says 10.20.193.109:55668)
2026-02-20T01:19:11.766 INFO:teuthology.orchestra.run.trial109.stdout:/usr/bin/ceph: stderr
2026-02-20T01:19:11.571+0000 7fb76a163640 1 -- 10.20.193.109:0/1189740168 learned_addr learned my addr 10.20.193.109:0/1189740168 (peer_addr_for_me v2:10.20.193.109:0/0)
2026-02-20T01:19:11.766 INFO:teuthology.orchestra.run.trial109.stdout:/usr/bin/ceph: stderr
2026-02-20T01:19:11.571+0000 7fb76a163640 1 -- 10.20.193.109:0/1189740168 --> [v2:10.20.193.109:3300/0,v1:10.20.193.109:6789/0] -- mon_subscribe({config=0+,monmap=0+}) -- 0x7fb7641ad460 con 0x7fb76410f070
2026-02-20T01:19:11.766 INFO:teuthology.orchestra.run.trial109.stdout:/usr/bin/ceph: stderr
2026-02-20T01:19:11.571+0000 7fb76a163640 1 --2- 10.20.193.109:0/1189740168 >> [v2:10.20.193.109:3300/0,v1:10.20.193.109:6789/0] conn(0x7fb76410f070 0x7fb7641acf20 secure :-1 s=READY pgs=48 cs=0 l=1 rev1=1 crypto rx=0x7fb754009a50 tx=0x7fb754037b90 comp rx=0 tx=0).ready entity=mon.0 client_cookie=0 server_cookie=0 in_seq=0 out_seq=0
2026-02-20T01:19:11.767 INFO:teuthology.orchestra.run.trial109.stdout:/usr/bin/ceph: stderr
2026-02-20T01:19:11.571+0000 7fb74b7fe640 1 -- 10.20.193.109:0/1189740168 <== mon.0 v2:10.20.193.109:3300/0 1 ==== mon_map magic: 0 ==== 205+0+0 (secure 0 0 0) 0x7fb754045070 con 0x7fb76410f070
2026-02-20T01:19:11.767 INFO:teuthology.orchestra.run.trial109.stdout:/usr/bin/ceph: stderr
2026-02-20T01:19:11.571+0000 7fb74b7fe640 1 -- 10.20.193.109:0/1189740168 <== mon.0 v2:10.20.193.109:3300/0 2 ==== config(26 keys) ==== 1045+0+0 (secure 0 0 0) 0x7fb754040450 con 0x7fb76410f070
2026-02-20T01:19:11.767 INFO:teuthology.orchestra.run.trial109.stdout:/usr/bin/ceph: stderr
2026-02-20T01:19:11.571+0000 7fb74b7fe640 1 -- 10.20.193.109:0/1189740168 <== mon.0 v2:10.20.193.109:3300/0 3 ==== mon_map magic: 0 ==== 205+0+0 (secure 0 0 0) 0x7fb75403c070 con 0x7fb76410f070
2026-02-20T01:19:11.767 INFO:teuthology.orchestra.run.trial109.stdout:/usr/bin/ceph: stderr
2026-02-20T01:19:11.571+0000 7fb76b165640 1 -- 10.20.193.109:0/1189740168 --> [v2:10.20.193.109:3300/0,v1:10.20.193.109:6789/0] -- mon_subscribe({mgrmap=0+}) -- 0x7fb7641ad6f0 con 0x7fb76410f070
2026-02-20T01:19:11.767 INFO:teuthology.orchestra.run.trial109.stdout:/usr/bin/ceph: stderr
2026-02-20T01:19:11.571+0000 7fb76b165640 1 -- 10.20.193.109:0/1189740168 --> [v2:10.20.193.109:3300/0,v1:10.20.193.109:6789/0] -- mon_subscribe({osdmap=0}) -- 0x7fb7641b03e0 con 0x7fb76410f070
2026-02-20T01:19:11.767 INFO:teuthology.orchestra.run.trial109.stdout:/usr/bin/ceph: stderr
2026-02-20T01:19:11.572+0000 7fb76b165640 1 -- 10.20.193.109:0/1189740168 --> [v2:10.20.193.109:3300/0,v1:10.20.193.109:6789/0] -- mon_command({"prefix": "get_command_descriptions"} v 0) -- 0x7fb76410f4d0 con 0x7fb76410f070
2026-02-20T01:19:11.767 INFO:teuthology.orchestra.run.trial109.stdout:/usr/bin/ceph: stderr
2026-02-20T01:19:11.572+0000 7fb74b7fe640 1 -- 10.20.193.109:0/1189740168 <== mon.0 v2:10.20.193.109:3300/0 4 ==== mgrmap(e 7) ==== 50247+0+0 (secure 0 0 0) 0x7fb754040900 con 0x7fb76410f070
2026-02-20T01:19:11.767 INFO:teuthology.orchestra.run.trial109.stdout:/usr/bin/ceph: stderr
2026-02-20T01:19:11.573+0000 7fb74b7fe640 1 --2- 10.20.193.109:0/1189740168 >> [v2:10.20.193.109:6800/182648606,v1:10.20.193.109:6801/182648606] conn(0x7fb74003dbf0 0x7fb7400400b0 unknown :-1 s=NONE pgs=0 cs=0 l=1 rev1=0 crypto rx=0 tx=0 comp rx=0 tx=0).connect
2026-02-20T01:19:11.767 INFO:teuthology.orchestra.run.trial109.stdout:/usr/bin/ceph: stderr
2026-02-20T01:19:11.573+0000 7fb74b7fe640 1 -- 10.20.193.109:0/1189740168 <== mon.0 v2:10.20.193.109:3300/0 5 ==== osd_map(2..2 src has 1..2) ==== 940+0+0 (secure 0 0 0) 0x7fb754076800 con 0x7fb76410f070
2026-02-20T01:19:11.767 INFO:teuthology.orchestra.run.trial109.stdout:/usr/bin/ceph: stderr
2026-02-20T01:19:11.573+0000 7fb769962640 1 --2- 10.20.193.109:0/1189740168 >> [v2:10.20.193.109:6800/182648606,v1:10.20.193.109:6801/182648606] conn(0x7fb74003dbf0 0x7fb7400400b0 unknown :-1 s=BANNER_CONNECTING pgs=0 cs=0 l=1 rev1=0 crypto rx=0 tx=0 comp rx=0 tx=0)._handle_peer_banner_payload supported=3 required=0
2026-02-20T01:19:11.767 INFO:teuthology.orchestra.run.trial109.stdout:/usr/bin/ceph: stderr
2026-02-20T01:19:11.573+0000 7fb769962640 1 --2- 10.20.193.109:0/1189740168 >> [v2:10.20.193.109:6800/182648606,v1:10.20.193.109:6801/182648606] conn(0x7fb74003dbf0 0x7fb7400400b0 secure :-1 s=READY pgs=13 cs=0 l=1 rev1=1 crypto rx=0x7fb7580099c0 tx=0x7fb758006eb0 comp rx=0 tx=0).ready entity=mgr.14118 client_cookie=0 server_cookie=0 in_seq=0 out_seq=0
2026-02-20T01:19:11.767 INFO:teuthology.orchestra.run.trial109.stdout:/usr/bin/ceph: stderr
2026-02-20T01:19:11.575+0000 7fb74b7fe640 1 -- 10.20.193.109:0/1189740168 <== mon.0 v2:10.20.193.109:3300/0 6 ==== mon_command_ack([{"prefix": "get_command_descriptions"}]=0 v0) ==== 72+0+195034 (secure 0 0 0) 0x7fb75403b170 con 0x7fb76410f070
2026-02-20T01:19:11.768 INFO:teuthology.orchestra.run.trial109.stdout:/usr/bin/ceph: stderr
2026-02-20T01:19:11.653+0000 7fb74b7fe640 1 -- 10.20.193.109:0/1189740168 <== mon.0 v2:10.20.193.109:3300/0 7 ==== config(26 keys) ==== 1076+0+0 (secure 0 0 0) 0x7fb75404dea0 con 0x7fb76410f070
2026-02-20T01:19:11.768 INFO:teuthology.orchestra.run.trial109.stdout:/usr/bin/ceph: stderr
2026-02-20T01:19:11.678+0000 7fb76b165640 1 -- 10.20.193.109:0/1189740168 --> [v2:10.20.193.109:6800/182648606,v1:10.20.193.109:6801/182648606] -- mgr_command(tid 0: {"prefix": "orch apply", "service_type": "mgr", "unmanaged": true, "target": ["mon-mgr", ""]}) -- 0x7fb76407e940 con 0x7fb74003dbf0
2026-02-20T01:19:11.768 INFO:teuthology.orchestra.run.trial109.stdout:/usr/bin/ceph: stderr
2026-02-20T01:19:11.682+0000 7fb74b7fe640 1 -- 10.20.193.109:0/1189740168 <== mgr.14118 v2:10.20.193.109:6800/182648606 1 ==== mgr_command_reply(tid 0: 0 ) ==== 8+0+24 (secure 0 0 0) 0x7fb76407e940 con 0x7fb74003dbf0
2026-02-20T01:19:11.768 INFO:teuthology.orchestra.run.trial109.stdout:/usr/bin/ceph: stderr
2026-02-20T01:19:11.684+0000 7fb76b165640 1 -- 10.20.193.109:0/1189740168 >> [v2:10.20.193.109:6800/182648606,v1:10.20.193.109:6801/182648606] conn(0x7fb74003dbf0 msgr2=0x7fb7400400b0 secure :-1 s=STATE_CONNECTION_ESTABLISHED l=1).mark_down
2026-02-20T01:19:11.768 INFO:teuthology.orchestra.run.trial109.stdout:/usr/bin/ceph: stderr
2026-02-20T01:19:11.684+0000 7fb76b165640 1 --2- 10.20.193.109:0/1189740168 >> [v2:10.20.193.109:6800/182648606,v1:10.20.193.109:6801/182648606] conn(0x7fb74003dbf0 0x7fb7400400b0 secure :-1 s=READY pgs=13 cs=0 l=1 rev1=1 crypto rx=0x7fb7580099c0 tx=0x7fb758006eb0 comp rx=0 tx=0).stop
2026-02-20T01:19:11.768 INFO:teuthology.orchestra.run.trial109.stdout:/usr/bin/ceph: stderr
2026-02-20T01:19:11.684+0000 7fb76b165640 1 -- 10.20.193.109:0/1189740168 >> [v2:10.20.193.109:3300/0,v1:10.20.193.109:6789/0] conn(0x7fb76410f070 msgr2=0x7fb7641acf20 secure :-1 s=STATE_CONNECTION_ESTABLISHED l=1).mark_down
2026-02-20T01:19:11.768 INFO:teuthology.orchestra.run.trial109.stdout:/usr/bin/ceph: stderr
2026-02-20T01:19:11.684+0000 7fb76b165640 1 --2- 10.20.193.109:0/1189740168 >> [v2:10.20.193.109:3300/0,v1:10.20.193.109:6789/0] conn(0x7fb76410f070 0x7fb7641acf20 secure :-1 s=READY pgs=48 cs=0 l=1 rev1=1 crypto rx=0x7fb754009a50 tx=0x7fb754037b90 comp rx=0 tx=0).stop
2026-02-20T01:19:11.768 INFO:teuthology.orchestra.run.trial109.stdout:/usr/bin/ceph: stderr
2026-02-20T01:19:11.684+0000 7fb76b165640 1 -- 10.20.193.109:0/1189740168 shutdown_connections
2026-02-20T01:19:11.768 INFO:teuthology.orchestra.run.trial109.stdout:/usr/bin/ceph: stderr
2026-02-20T01:19:11.684+0000 7fb76b165640 1 --2- 10.20.193.109:0/1189740168 >> [v2:10.20.193.109:6800/182648606,v1:10.20.193.109:6801/182648606] conn(0x7fb74003dbf0 0x7fb7400400b0 unknown :-1 s=CLOSED pgs=13 cs=0 l=1 rev1=1 crypto rx=0 tx=0 comp rx=0 tx=0).stop
2026-02-20T01:19:11.768 INFO:teuthology.orchestra.run.trial109.stdout:/usr/bin/ceph: stderr
2026-02-20T01:19:11.684+0000 7fb76b165640 1 --2- 10.20.193.109:0/1189740168 >> [v2:10.20.193.109:3300/0,v1:10.20.193.109:6789/0] conn(0x7fb76410f070 0x7fb7641acf20 unknown :-1 s=CLOSED pgs=48 cs=0 l=1 rev1=1 crypto rx=0 tx=0 comp rx=0 tx=0).stop
2026-02-20T01:19:11.768 INFO:teuthology.orchestra.run.trial109.stdout:/usr/bin/ceph: stderr
2026-02-20T01:19:11.684+0000 7fb76b165640 1 -- 10.20.193.109:0/1189740168 >> 10.20.193.109:0/1189740168 conn(0x7fb76407d640 msgr2=0x7fb76407e230 unknown :-1 s=STATE_NONE l=0).mark_down
2026-02-20T01:19:11.768 INFO:teuthology.orchestra.run.trial109.stdout:/usr/bin/ceph: stderr
2026-02-20T01:19:11.684+0000 7fb76b165640 1 -- 10.20.193.109:0/1189740168 shutdown_connections
2026-02-20T01:19:11.769 INFO:teuthology.orchestra.run.trial109.stdout:/usr/bin/ceph: stderr
2026-02-20T01:19:11.684+0000 7fb76b165640 1 -- 10.20.193.109:0/1189740168 wait complete.
2026-02-20T01:19:11.934 INFO:journalctl@ceph.mon.a.trial109.stdout:Feb 20 01:19:11 trial109 ceph-mon[37386]: from='mgr.14118 10.20.193.109:0/1545041286' entity='mgr.x'
2026-02-20T01:19:11.934 INFO:journalctl@ceph.mon.a.trial109.stdout:Feb 20 01:19:11 trial109 ceph-mon[37386]: Added host trial109
2026-02-20T01:19:11.934 INFO:journalctl@ceph.mon.a.trial109.stdout:Feb 20 01:19:11 trial109 ceph-mon[37386]: from='mgr.14118 10.20.193.109:0/1545041286' entity='mgr.x' cmd=[{"prefix": "config dump", "format": "json"}]: dispatch
2026-02-20T01:19:11.934 INFO:journalctl@ceph.mon.a.trial109.stdout:Feb 20 01:19:11 trial109 ceph-mon[37386]: from='client.14140 -' entity='client.admin' cmd=[{"prefix": "orch apply", "service_type": "mon", "unmanaged": true, "target": ["mon-mgr", ""]}]: dispatch
2026-02-20T01:19:11.934 INFO:journalctl@ceph.mon.a.trial109.stdout:Feb 20 01:19:11 trial109 ceph-mon[37386]: Saving service mon spec with placement count:5
2026-02-20T01:19:11.934 INFO:journalctl@ceph.mon.a.trial109.stdout:Feb 20 01:19:11 trial109 ceph-mon[37386]: from='mgr.14118 10.20.193.109:0/1545041286' entity='mgr.x'
2026-02-20T01:19:11.934 INFO:journalctl@ceph.mon.a.trial109.stdout:Feb 20 01:19:11 trial109 ceph-mon[37386]: from='mgr.14118 10.20.193.109:0/1545041286' entity='mgr.x'
2026-02-20T01:19:11.934 INFO:journalctl@ceph.mon.a.trial109.stdout:Feb 20 01:19:11 trial109 ceph-mon[37386]: from='mgr.14118 10.20.193.109:0/1545041286' entity='mgr.x'
2026-02-20T01:19:12.116 INFO:teuthology.orchestra.run.trial109.stdout:/usr/bin/ceph: stderr
2026-02-20T01:19:11.932+0000 7f94dffff640 1 Processor -- start
2026-02-20T01:19:12.116 INFO:teuthology.orchestra.run.trial109.stdout:/usr/bin/ceph: stderr
2026-02-20T01:19:11.932+0000 7f94dffff640 1 -- start start
2026-02-20T01:19:12.116 INFO:teuthology.orchestra.run.trial109.stdout:/usr/bin/ceph: stderr
2026-02-20T01:19:11.932+0000 7f94dffff640 1 --2- >> [v2:10.20.193.109:3300/0,v1:10.20.193.109:6789/0] conn(0x7f94e010a180 0x7f94e010a580 unknown :-1 s=NONE pgs=0 cs=0 l=0 rev1=0 crypto rx=0 tx=0 comp rx=0 tx=0).connect
2026-02-20T01:19:12.116 INFO:teuthology.orchestra.run.trial109.stdout:/usr/bin/ceph: stderr
2026-02-20T01:19:11.932+0000 7f94dffff640 1 -- --> [v2:10.20.193.109:3300/0,v1:10.20.193.109:6789/0] -- mon_getmap magic: 0 -- 0x7f94e010ab50 con 0x7f94e010a180
2026-02-20T01:19:12.116 INFO:teuthology.orchestra.run.trial109.stdout:/usr/bin/ceph: stderr
2026-02-20T01:19:11.933+0000 7f94deffd640 1 --2- >> [v2:10.20.193.109:3300/0,v1:10.20.193.109:6789/0] conn(0x7f94e010a180 0x7f94e010a580 unknown :-1 s=BANNER_CONNECTING pgs=0 cs=0 l=0 rev1=0 crypto rx=0 tx=0 comp rx=0 tx=0)._handle_peer_banner_payload supported=3 required=0
2026-02-20T01:19:12.116 INFO:teuthology.orchestra.run.trial109.stdout:/usr/bin/ceph: stderr
2026-02-20T01:19:11.933+0000 7f94deffd640 1 --2- >> [v2:10.20.193.109:3300/0,v1:10.20.193.109:6789/0] conn(0x7f94e010a180 0x7f94e010a580 unknown :-1 s=HELLO_CONNECTING pgs=0 cs=0 l=0 rev1=1 crypto rx=0 tx=0 comp rx=0 tx=0).handle_hello peer v2:10.20.193.109:3300/0 says I am v2:10.20.193.109:55676/0 (socket says 10.20.193.109:55676)
2026-02-20T01:19:12.116 INFO:teuthology.orchestra.run.trial109.stdout:/usr/bin/ceph: stderr
2026-02-20T01:19:11.933+0000 7f94deffd640 1 -- 10.20.193.109:0/3053262793 learned_addr learned my addr 10.20.193.109:0/3053262793 (peer_addr_for_me v2:10.20.193.109:0/0)
2026-02-20T01:19:12.116 INFO:teuthology.orchestra.run.trial109.stdout:/usr/bin/ceph: stderr
2026-02-20T01:19:11.933+0000 7f94deffd640 1 -- 10.20.193.109:0/3053262793 --> [v2:10.20.193.109:3300/0,v1:10.20.193.109:6789/0] -- mon_subscribe({config=0+,monmap=0+}) -- 0x7f94e010b330 con 0x7f94e010a180
2026-02-20T01:19:12.116 INFO:teuthology.orchestra.run.trial109.stdout:/usr/bin/ceph: stderr
2026-02-20T01:19:11.934+0000 7f94deffd640 1 --2- 10.20.193.109:0/3053262793 >> [v2:10.20.193.109:3300/0,v1:10.20.193.109:6789/0] conn(0x7f94e010a180 0x7f94e010a580 secure :-1 s=READY pgs=49 cs=0 l=1 rev1=1 crypto rx=0x7f94d4009920 tx=0x7f94d402ef20 comp rx=0 tx=0).ready entity=mon.0 client_cookie=d039b8833a1dc4f1 server_cookie=0 in_seq=0 out_seq=0
2026-02-20T01:19:12.117 INFO:teuthology.orchestra.run.trial109.stdout:/usr/bin/ceph: stderr
2026-02-20T01:19:11.934+0000 7f94ddffb640 1 -- 10.20.193.109:0/3053262793 <== mon.0 v2:10.20.193.109:3300/0 1 ==== mon_map magic: 0 ==== 205+0+0 (secure 0 0 0) 0x7f94d403c070 con 0x7f94e010a180
2026-02-20T01:19:12.117 INFO:teuthology.orchestra.run.trial109.stdout:/usr/bin/ceph: stderr
2026-02-20T01:19:11.934+0000 7f94ddffb640 1 -- 10.20.193.109:0/3053262793 <== mon.0 v2:10.20.193.109:3300/0 2 ==== config(26 keys) ==== 1076+0+0 (secure 0 0 0) 0x7f94d4037440 con 0x7f94e010a180
2026-02-20T01:19:12.117 INFO:teuthology.orchestra.run.trial109.stdout:/usr/bin/ceph: stderr
2026-02-20T01:19:11.934+0000 7f94ddffb640 1 -- 10.20.193.109:0/3053262793 <== mon.0 v2:10.20.193.109:3300/0 3 ==== mon_map magic: 0 ==== 205+0+0 (secure 0 0 0) 0x7f94d40354d0 con 0x7f94e010a180
2026-02-20T01:19:12.117 INFO:teuthology.orchestra.run.trial109.stdout:/usr/bin/ceph: stderr
2026-02-20T01:19:11.934+0000 7f94dffff640 1 -- 10.20.193.109:0/3053262793 >> [v2:10.20.193.109:3300/0,v1:10.20.193.109:6789/0] conn(0x7f94e010a180 msgr2=0x7f94e010a580 secure :-1 s=STATE_CONNECTION_ESTABLISHED l=1).mark_down
2026-02-20T01:19:12.117 INFO:teuthology.orchestra.run.trial109.stdout:/usr/bin/ceph: stderr
2026-02-20T01:19:11.934+0000 7f94dffff640 1 --2- 10.20.193.109:0/3053262793 >> [v2:10.20.193.109:3300/0,v1:10.20.193.109:6789/0] conn(0x7f94e010a180 0x7f94e010a580 secure :-1 s=READY pgs=49 cs=0 l=1 rev1=1 crypto rx=0x7f94d4009920 tx=0x7f94d402ef20 comp rx=0 tx=0).stop
2026-02-20T01:19:12.117 INFO:teuthology.orchestra.run.trial109.stdout:/usr/bin/ceph: stderr
2026-02-20T01:19:11.934+0000 7f94dffff640 1 -- 10.20.193.109:0/3053262793 shutdown_connections
2026-02-20T01:19:12.117 INFO:teuthology.orchestra.run.trial109.stdout:/usr/bin/ceph: stderr
2026-02-20T01:19:11.934+0000 7f94dffff640 1 --2- 10.20.193.109:0/3053262793 >> [v2:10.20.193.109:3300/0,v1:10.20.193.109:6789/0] conn(0x7f94e010a180 0x7f94e010a580 unknown :-1 s=CLOSED pgs=49 cs=0 l=1 rev1=1 crypto rx=0 tx=0 comp rx=0 tx=0).stop
2026-02-20T01:19:12.117 INFO:teuthology.orchestra.run.trial109.stdout:/usr/bin/ceph: stderr
2026-02-20T01:19:11.934+0000 7f94dffff640 1 -- 10.20.193.109:0/3053262793 >> 10.20.193.109:0/3053262793 conn(0x7f94e007d770 msgr2=0x7f94e007db80 unknown :-1 s=STATE_NONE l=0).mark_down
2026-02-20T01:19:12.117 INFO:teuthology.orchestra.run.trial109.stdout:/usr/bin/ceph: stderr
2026-02-20T01:19:11.935+0000 7f94dffff640 1 -- 10.20.193.109:0/3053262793 shutdown_connections
2026-02-20T01:19:12.117 INFO:teuthology.orchestra.run.trial109.stdout:/usr/bin/ceph: stderr
2026-02-20T01:19:11.935+0000 7f94dffff640 1 -- 10.20.193.109:0/3053262793 wait complete.
2026-02-20T01:19:12.117 INFO:teuthology.orchestra.run.trial109.stdout:/usr/bin/ceph: stderr
2026-02-20T01:19:11.935+0000 7f94dffff640 1 Processor -- start
2026-02-20T01:19:12.117 INFO:teuthology.orchestra.run.trial109.stdout:/usr/bin/ceph: stderr
2026-02-20T01:19:11.935+0000 7f94dffff640 1 -- start start
2026-02-20T01:19:12.117 INFO:teuthology.orchestra.run.trial109.stdout:/usr/bin/ceph: stderr
2026-02-20T01:19:11.936+0000 7f94dffff640 1 --2- >> [v2:10.20.193.109:3300/0,v1:10.20.193.109:6789/0] conn(0x7f94e010a180 0x7f94e01a0030 unknown :-1 s=NONE pgs=0 cs=0 l=1 rev1=0 crypto rx=0 tx=0 comp rx=0 tx=0).connect
2026-02-20T01:19:12.117 INFO:teuthology.orchestra.run.trial109.stdout:/usr/bin/ceph: stderr
2026-02-20T01:19:11.936+0000 7f94dffff640 1 -- --> [v2:10.20.193.109:3300/0,v1:10.20.193.109:6789/0] -- mon_getmap magic: 0 -- 0x7f94e010e6e0 con 0x7f94e010a180
2026-02-20T01:19:12.117 INFO:teuthology.orchestra.run.trial109.stdout:/usr/bin/ceph: stderr
2026-02-20T01:19:11.936+0000 7f94deffd640 1 --2- >> [v2:10.20.193.109:3300/0,v1:10.20.193.109:6789/0] conn(0x7f94e010a180 0x7f94e01a0030 unknown :-1 s=BANNER_CONNECTING pgs=0 cs=0 l=1 rev1=0 crypto rx=0 tx=0 comp rx=0 tx=0)._handle_peer_banner_payload supported=3 required=0
2026-02-20T01:19:12.117 INFO:teuthology.orchestra.run.trial109.stdout:/usr/bin/ceph: stderr
2026-02-20T01:19:11.936+0000 7f94deffd640 1 --2- >> [v2:10.20.193.109:3300/0,v1:10.20.193.109:6789/0] conn(0x7f94e010a180 0x7f94e01a0030 unknown :-1 s=HELLO_CONNECTING pgs=0 cs=0 l=1 rev1=1 crypto rx=0 tx=0 comp rx=0 tx=0).handle_hello peer v2:10.20.193.109:3300/0 says I am v2:10.20.193.109:55688/0 (socket says 10.20.193.109:55688)
2026-02-20T01:19:12.117 INFO:teuthology.orchestra.run.trial109.stdout:/usr/bin/ceph: stderr
2026-02-20T01:19:11.936+0000 7f94deffd640 1 -- 10.20.193.109:0/2923126583 learned_addr learned my addr 10.20.193.109:0/2923126583 (peer_addr_for_me v2:10.20.193.109:0/0)
2026-02-20T01:19:12.117 INFO:teuthology.orchestra.run.trial109.stdout:/usr/bin/ceph: stderr
2026-02-20T01:19:11.936+0000 7f94deffd640 1 -- 10.20.193.109:0/2923126583 --> [v2:10.20.193.109:3300/0,v1:10.20.193.109:6789/0] -- mon_subscribe({config=0+,monmap=0+}) -- 0x7f94e01a0570 con 0x7f94e010a180
2026-02-20T01:19:12.117 INFO:teuthology.orchestra.run.trial109.stdout:/usr/bin/ceph: stderr
2026-02-20T01:19:11.936+0000 7f94deffd640 1 --2- 10.20.193.109:0/2923126583 >> [v2:10.20.193.109:3300/0,v1:10.20.193.109:6789/0] conn(0x7f94e010a180 0x7f94e01a0030 secure :-1 s=READY pgs=50 cs=0 l=1 rev1=1 crypto rx=0x7f94d4039000 tx=0x7f94d4037890 comp rx=0 tx=0).ready entity=mon.0 client_cookie=0 server_cookie=0 in_seq=0 out_seq=0
2026-02-20T01:19:12.117 INFO:teuthology.orchestra.run.trial109.stdout:/usr/bin/ceph: stderr
2026-02-20T01:19:11.937+0000 7f94bffff640 1 -- 10.20.193.109:0/2923126583 <== mon.0 v2:10.20.193.109:3300/0 1 ==== mon_map magic: 0 ==== 205+0+0 (secure 0 0 0) 0x7f94d4047070 con 0x7f94e010a180
2026-02-20T01:19:12.117 INFO:teuthology.orchestra.run.trial109.stdout:/usr/bin/ceph: stderr
2026-02-20T01:19:11.937+0000 7f94bffff640 1 -- 10.20.193.109:0/2923126583 <== mon.0 v2:10.20.193.109:3300/0 2 ==== config(26 keys) ==== 1076+0+0 (secure 0 0 0) 0x7f94d4042440 con 0x7f94e010a180
2026-02-20T01:19:12.117 INFO:teuthology.orchestra.run.trial109.stdout:/usr/bin/ceph: stderr
2026-02-20T01:19:11.937+0000 7f94bffff640 1 -- 10.20.193.109:0/2923126583 <== mon.0 v2:10.20.193.109:3300/0 3 ==== mon_map magic: 0 ==== 205+0+0 (secure 0 0 0) 0x7f94d403c070 con 0x7f94e010a180
2026-02-20T01:19:12.118 INFO:teuthology.orchestra.run.trial109.stdout:/usr/bin/ceph: stderr
