2026-02-20T01:19:18.634+0000 7f4f7e7fc640 1 -- 10.20.193.109:0/967281361 <== mon.0 v2:10.20.193.109:3300/0 6 ==== mon_command_ack([{"prefix": "get_command_descriptions"}]=0 v0) ==== 72+0+195034 (secure 0 0 0) 0x7f4f8004a360 con 0x7f4f9010a300
2026-02-20T01:19:18.857 INFO:teuthology.orchestra.run.trial109.stdout:/usr/bin/ceph: stderr
2026-02-20T01:19:18.729+0000 7f4f97466640 1 -- 10.20.193.109:0/967281361 --> [v2:10.20.193.109:6800/848569479,v1:10.20.193.109:6801/848569479] -- mgr_command(tid 0: {"prefix": "dashboard create-self-signed-cert", "target": ["mon-mgr", ""]}) -- 0x7f4f901084f0 con 0x7f4f6c03db20
2026-02-20T01:19:18.857 INFO:teuthology.orchestra.run.trial109.stdout:/usr/bin/ceph: stderr
2026-02-20T01:19:18.770+0000 7f4f7e7fc640 1 -- 10.20.193.109:0/967281361 <== mgr.14150 v2:10.20.193.109:6800/848569479 1 ==== mgr_command_reply(tid 0: 0 ) ==== 8+0+32 (secure 0 0 0) 0x7f4f901084f0 con 0x7f4f6c03db20
2026-02-20T01:19:18.857 INFO:teuthology.orchestra.run.trial109.stdout:/usr/bin/ceph: stderr
2026-02-20T01:19:18.772+0000 7f4f97466640 1 -- 10.20.193.109:0/967281361 >> [v2:10.20.193.109:6800/848569479,v1:10.20.193.109:6801/848569479] conn(0x7f4f6c03db20 msgr2=0x7f4f6c03ffe0 secure :-1 s=STATE_CONNECTION_ESTABLISHED l=1).mark_down
2026-02-20T01:19:18.857 INFO:teuthology.orchestra.run.trial109.stdout:/usr/bin/ceph: stderr
2026-02-20T01:19:18.772+0000 7f4f97466640 1 --2- 10.20.193.109:0/967281361 >> [v2:10.20.193.109:6800/848569479,v1:10.20.193.109:6801/848569479] conn(0x7f4f6c03db20 0x7f4f6c03ffe0 secure :-1 s=READY pgs=7 cs=0 l=1 rev1=1 crypto rx=0x7f4f840099c0 tx=0x7f4f84006eb0 comp rx=0 tx=0).stop
2026-02-20T01:19:18.857 INFO:teuthology.orchestra.run.trial109.stdout:/usr/bin/ceph: stderr
2026-02-20T01:19:18.772+0000 7f4f97466640 1 -- 10.20.193.109:0/967281361 >> [v2:10.20.193.109:3300/0,v1:10.20.193.109:6789/0] conn(0x7f4f9010a300 msgr2=0x7f4f901a01e0 secure :-1 s=STATE_CONNECTION_ESTABLISHED l=1).mark_down
2026-02-20T01:19:18.857 INFO:teuthology.orchestra.run.trial109.stdout:/usr/bin/ceph: stderr
2026-02-20T01:19:18.772+0000 7f4f97466640 1 --2- 10.20.193.109:0/967281361 >> [v2:10.20.193.109:3300/0,v1:10.20.193.109:6789/0] conn(0x7f4f9010a300 0x7f4f901a01e0 secure :-1 s=READY pgs=69 cs=0 l=1 rev1=1 crypto rx=0x7f4f80039000 tx=0x7f4f80037820 comp rx=0 tx=0).stop
2026-02-20T01:19:18.857 INFO:teuthology.orchestra.run.trial109.stdout:/usr/bin/ceph: stderr
2026-02-20T01:19:18.772+0000 7f4f97466640 1 -- 10.20.193.109:0/967281361 shutdown_connections
2026-02-20T01:19:18.857 INFO:teuthology.orchestra.run.trial109.stdout:/usr/bin/ceph: stderr
2026-02-20T01:19:18.772+0000 7f4f97466640 1 --2- 10.20.193.109:0/967281361 >> [v2:10.20.193.109:6800/848569479,v1:10.20.193.109:6801/848569479] conn(0x7f4f6c03db20 0x7f4f6c03ffe0 unknown :-1 s=CLOSED pgs=7 cs=0 l=1 rev1=1 crypto rx=0 tx=0 comp rx=0 tx=0).stop
2026-02-20T01:19:18.857 INFO:teuthology.orchestra.run.trial109.stdout:/usr/bin/ceph: stderr
2026-02-20T01:19:18.772+0000 7f4f97466640 1 --2- 10.20.193.109:0/967281361 >> [v2:10.20.193.109:3300/0,v1:10.20.193.109:6789/0] conn(0x7f4f9010a300 0x7f4f901a01e0 unknown :-1 s=CLOSED pgs=69 cs=0 l=1 rev1=1 crypto rx=0 tx=0 comp rx=0 tx=0).stop
2026-02-20T01:19:18.858 INFO:teuthology.orchestra.run.trial109.stdout:/usr/bin/ceph: stderr
2026-02-20T01:19:18.772+0000 7f4f97466640 1 -- 10.20.193.109:0/967281361 >> 10.20.193.109:0/967281361 conn(0x7f4f9007d9d0 msgr2=0x7f4f90107de0 unknown :-1 s=STATE_NONE l=0).mark_down
2026-02-20T01:19:18.858 INFO:teuthology.orchestra.run.trial109.stdout:/usr/bin/ceph: stderr
2026-02-20T01:19:18.772+0000 7f4f97466640 1 -- 10.20.193.109:0/967281361 shutdown_connections
2026-02-20T01:19:18.858 INFO:teuthology.orchestra.run.trial109.stdout:/usr/bin/ceph: stderr
2026-02-20T01:19:18.772+0000 7f4f97466640 1 -- 10.20.193.109:0/967281361 wait complete.
2026-02-20T01:19:18.858 INFO:teuthology.orchestra.run.trial109.stdout:Creating initial admin user...
2026-02-20T01:19:19.273 INFO:journalctl@ceph.mon.a.trial109.stdout:Feb 20 01:19:19 trial109 ceph-mon[37386]: [20/Feb/2026:01:19:18] ENGINE Bus STARTING
2026-02-20T01:19:19.273 INFO:journalctl@ceph.mon.a.trial109.stdout:Feb 20 01:19:19 trial109 ceph-mon[37386]: from='mgr.14150 10.20.193.109:0/1744630408' entity='mgr.x'
2026-02-20T01:19:19.273 INFO:journalctl@ceph.mon.a.trial109.stdout:Feb 20 01:19:19 trial109 ceph-mon[37386]: [20/Feb/2026:01:19:18] ENGINE Serving on https://10.20.193.109:7150
2026-02-20T01:19:19.273 INFO:journalctl@ceph.mon.a.trial109.stdout:Feb 20 01:19:19 trial109 ceph-mon[37386]: [20/Feb/2026:01:19:18] ENGINE Client ('10.20.193.109', 35782) lost — peer dropped the TLS connection suddenly, during handshake: (6, 'TLS/SSL connection has been closed (EOF) (_ssl.c:1147)')
2026-02-20T01:19:19.273 INFO:journalctl@ceph.mon.a.trial109.stdout:Feb 20 01:19:19 trial109 ceph-mon[37386]: [20/Feb/2026:01:19:18] ENGINE Serving on http://10.20.193.109:8765
2026-02-20T01:19:19.273 INFO:journalctl@ceph.mon.a.trial109.stdout:Feb 20 01:19:19 trial109 ceph-mon[37386]: [20/Feb/2026:01:19:18] ENGINE Bus STARTED
2026-02-20T01:19:19.273 INFO:journalctl@ceph.mon.a.trial109.stdout:Feb 20 01:19:19 trial109 ceph-mon[37386]: mgrmap e10: x(active, since 1.00589s)
2026-02-20T01:19:19.273 INFO:journalctl@ceph.mon.a.trial109.stdout:Feb 20 01:19:19 trial109 ceph-mon[37386]: from='client.14154 -' entity='client.admin' cmd=[{"prefix": "get_command_descriptions"}]: dispatch
2026-02-20T01:19:19.274 INFO:journalctl@ceph.mon.a.trial109.stdout:Feb 20 01:19:19 trial109 ceph-mon[37386]: from='client.14154 -' entity='client.admin' cmd=[{"prefix": "mgr_status"}]: dispatch
2026-02-20T01:19:19.274 INFO:journalctl@ceph.mon.a.trial109.stdout:Feb 20 01:19:19 trial109 ceph-mon[37386]: from='mgr.14150 10.20.193.109:0/1744630408' entity='mgr.x'
2026-02-20T01:19:19.274 INFO:journalctl@ceph.mon.a.trial109.stdout:Feb 20 01:19:19 trial109 ceph-mon[37386]: from='mgr.14150 10.20.193.109:0/1744630408' entity='mgr.x'
2026-02-20T01:19:19.274 INFO:journalctl@ceph.mon.a.trial109.stdout:Feb 20 01:19:19 trial109 ceph-mon[37386]: from='mgr.14150 10.20.193.109:0/1744630408' entity='mgr.x'
2026-02-20T01:19:19.391 INFO:teuthology.orchestra.run.trial109.stdout:/usr/bin/ceph: stdout {"username": "admin", "password": "$2b$12$tqCUoRL3Nws/9tglkA5XTOsXWEusx2FUriVKcK3L9dazV2x.Vz4ke", "roles": ["administrator"], "name": null, "email": null, "lastUpdate": 1771550359, "enabled": true, "pwdExpirationDate": null, "pwdUpdateRequired": true}
2026-02-20T01:19:19.391 INFO:teuthology.orchestra.run.trial109.stdout:/usr/bin/ceph: stderr
2026-02-20T01:19:19.021+0000 7fe65cbbe640 1 Processor -- start
2026-02-20T01:19:19.391 INFO:teuthology.orchestra.run.trial109.stdout:/usr/bin/ceph: stderr
2026-02-20T01:19:19.021+0000 7fe65cbbe640 1 -- start start
2026-02-20T01:19:19.392 INFO:teuthology.orchestra.run.trial109.stdout:/usr/bin/ceph: stderr
2026-02-20T01:19:19.021+0000 7fe65cbbe640 1 --2- >> [v2:10.20.193.109:3300/0,v1:10.20.193.109:6789/0] conn(0x7fe65810a180 0x7fe65810a580 unknown :-1 s=NONE pgs=0 cs=0 l=0 rev1=0 crypto rx=0 tx=0 comp rx=0 tx=0).connect
2026-02-20T01:19:19.392 INFO:teuthology.orchestra.run.trial109.stdout:/usr/bin/ceph: stderr
2026-02-20T01:19:19.021+0000 7fe65cbbe640 1 -- --> [v2:10.20.193.109:3300/0,v1:10.20.193.109:6789/0] -- mon_getmap magic: 0 -- 0x7fe65810ab50 con 0x7fe65810a180
2026-02-20T01:19:19.392 INFO:teuthology.orchestra.run.trial109.stdout:/usr/bin/ceph: stderr
2026-02-20T01:19:19.022+0000 7fe6577fe640 1 --2- >> [v2:10.20.193.109:3300/0,v1:10.20.193.109:6789/0] conn(0x7fe65810a180 0x7fe65810a580 unknown :-1 s=BANNER_CONNECTING pgs=0 cs=0 l=0 rev1=0 crypto rx=0 tx=0 comp rx=0 tx=0)._handle_peer_banner_payload supported=3 required=0
2026-02-20T01:19:19.392 INFO:teuthology.orchestra.run.trial109.stdout:/usr/bin/ceph: stderr
2026-02-20T01:19:19.022+0000 7fe6577fe640 1 --2- >> [v2:10.20.193.109:3300/0,v1:10.20.193.109:6789/0] conn(0x7fe65810a180 0x7fe65810a580 unknown :-1 s=HELLO_CONNECTING pgs=0 cs=0 l=0 rev1=1 crypto rx=0 tx=0 comp rx=0 tx=0).handle_hello peer v2:10.20.193.109:3300/0 says I am v2:10.20.193.109:41950/0 (socket says 10.20.193.109:41950)
2026-02-20T01:19:19.392 INFO:teuthology.orchestra.run.trial109.stdout:/usr/bin/ceph: stderr
2026-02-20T01:19:19.022+0000 7fe6577fe640 1 -- 10.20.193.109:0/1369605814 learned_addr learned my addr 10.20.193.109:0/1369605814 (peer_addr_for_me v2:10.20.193.109:0/0)
2026-02-20T01:19:19.392 INFO:teuthology.orchestra.run.trial109.stdout:/usr/bin/ceph: stderr
2026-02-20T01:19:19.022+0000 7fe6577fe640 1 -- 10.20.193.109:0/1369605814 --> [v2:10.20.193.109:3300/0,v1:10.20.193.109:6789/0] -- mon_subscribe({config=0+,monmap=0+}) -- 0x7fe65810b330 con 0x7fe65810a180
2026-02-20T01:19:19.392 INFO:teuthology.orchestra.run.trial109.stdout:/usr/bin/ceph: stderr
2026-02-20T01:19:19.023+0000 7fe6577fe640 1 --2- 10.20.193.109:0/1369605814 >> [v2:10.20.193.109:3300/0,v1:10.20.193.109:6789/0] conn(0x7fe65810a180 0x7fe65810a580 secure :-1 s=READY pgs=70 cs=0 l=1 rev1=1 crypto rx=0x7fe644009920 tx=0x7fe64402ef20 comp rx=0 tx=0).ready entity=mon.0 client_cookie=374260e370c5283e server_cookie=0 in_seq=0 out_seq=0
2026-02-20T01:19:19.392 INFO:teuthology.orchestra.run.trial109.stdout:/usr/bin/ceph: stderr
2026-02-20T01:19:19.023+0000 7fe6567fc640 1 -- 10.20.193.109:0/1369605814 <== mon.0 v2:10.20.193.109:3300/0 1 ==== mon_map magic: 0 ==== 205+0+0 (secure 0 0 0) 0x7fe64403c070 con 0x7fe65810a180
2026-02-20T01:19:19.392 INFO:teuthology.orchestra.run.trial109.stdout:/usr/bin/ceph: stderr
2026-02-20T01:19:19.023+0000 7fe6567fc640 1 -- 10.20.193.109:0/1369605814 <== mon.0 v2:10.20.193.109:3300/0 2 ==== config(26 keys) ==== 1076+0+0 (secure 0 0 0) 0x7fe644037440 con 0x7fe65810a180
2026-02-20T01:19:19.392 INFO:teuthology.orchestra.run.trial109.stdout:/usr/bin/ceph: stderr
2026-02-20T01:19:19.023+0000 7fe6567fc640 1 -- 10.20.193.109:0/1369605814 <== mon.0 v2:10.20.193.109:3300/0 3 ==== mon_map magic: 0 ==== 205+0+0 (secure 0 0 0) 0x7fe6440354d0 con 0x7fe65810a180
2026-02-20T01:19:19.392 INFO:teuthology.orchestra.run.trial109.stdout:/usr/bin/ceph: stderr
2026-02-20T01:19:19.023+0000 7fe65cbbe640 1 -- 10.20.193.109:0/1369605814 >> [v2:10.20.193.109:3300/0,v1:10.20.193.109:6789/0] conn(0x7fe65810a180 msgr2=0x7fe65810a580 secure :-1 s=STATE_CONNECTION_ESTABLISHED l=1).mark_down
2026-02-20T01:19:19.393 INFO:teuthology.orchestra.run.trial109.stdout:/usr/bin/ceph: stderr
2026-02-20T01:19:19.023+0000 7fe65cbbe640 1 --2- 10.20.193.109:0/1369605814 >> [v2:10.20.193.109:3300/0,v1:10.20.193.109:6789/0] conn(0x7fe65810a180 0x7fe65810a580 secure :-1 s=READY pgs=70 cs=0 l=1 rev1=1 crypto rx=0x7fe644009920 tx=0x7fe64402ef20 comp rx=0 tx=0).stop
2026-02-20T01:19:19.393 INFO:teuthology.orchestra.run.trial109.stdout:/usr/bin/ceph: stderr
2026-02-20T01:19:19.023+0000 7fe65cbbe640 1 -- 10.20.193.109:0/1369605814 shutdown_connections
2026-02-20T01:19:19.393 INFO:teuthology.orchestra.run.trial109.stdout:/usr/bin/ceph: stderr
2026-02-20T01:19:19.023+0000 7fe65cbbe640 1 --2- 10.20.193.109:0/1369605814 >> [v2:10.20.193.109:3300/0,v1:10.20.193.109:6789/0] conn(0x7fe65810a180 0x7fe65810a580 unknown :-1 s=CLOSED pgs=70 cs=0 l=1 rev1=1 crypto rx=0 tx=0 comp rx=0 tx=0).stop
2026-02-20T01:19:19.393 INFO:teuthology.orchestra.run.trial109.stdout:/usr/bin/ceph: stderr
2026-02-20T01:19:19.023+0000 7fe65cbbe640 1 -- 10.20.193.109:0/1369605814 >> 10.20.193.109:0/1369605814 conn(0x7fe65807d770 msgr2=0x7fe65807db80 unknown :-1 s=STATE_NONE l=0).mark_down
2026-02-20T01:19:19.393 INFO:teuthology.orchestra.run.trial109.stdout:/usr/bin/ceph: stderr
2026-02-20T01:19:19.023+0000 7fe65cbbe640 1 -- 10.20.193.109:0/1369605814 shutdown_connections
2026-02-20T01:19:19.393 INFO:teuthology.orchestra.run.trial109.stdout:/usr/bin/ceph: stderr
2026-02-20T01:19:19.023+0000 7fe65cbbe640 1 -- 10.20.193.109:0/1369605814 wait complete.
2026-02-20T01:19:19.393 INFO:teuthology.orchestra.run.trial109.stdout:/usr/bin/ceph: stderr
2026-02-20T01:19:19.024+0000 7fe65cbbe640 1 Processor -- start
2026-02-20T01:19:19.393 INFO:teuthology.orchestra.run.trial109.stdout:/usr/bin/ceph: stderr
2026-02-20T01:19:19.024+0000 7fe65cbbe640 1 -- start start
2026-02-20T01:19:19.393 INFO:teuthology.orchestra.run.trial109.stdout:/usr/bin/ceph: stderr
2026-02-20T01:19:19.024+0000 7fe65cbbe640 1 --2- >> [v2:10.20.193.109:3300/0,v1:10.20.193.109:6789/0] conn(0x7fe65810a180 0x7fe6581a0030 unknown :-1 s=NONE pgs=0 cs=0 l=1 rev1=0 crypto rx=0 tx=0 comp rx=0 tx=0).connect
2026-02-20T01:19:19.393 INFO:teuthology.orchestra.run.trial109.stdout:/usr/bin/ceph: stderr
2026-02-20T01:19:19.024+0000 7fe65cbbe640 1 -- --> [v2:10.20.193.109:3300/0,v1:10.20.193.109:6789/0] -- mon_getmap magic: 0 -- 0x7fe65810e6e0 con 0x7fe65810a180
2026-02-20T01:19:19.393 INFO:teuthology.orchestra.run.trial109.stdout:/usr/bin/ceph: stderr
2026-02-20T01:19:19.025+0000 7fe6577fe640 1 --2- >> [v2:10.20.193.109:3300/0,v1:10.20.193.109:6789/0] conn(0x7fe65810a180 0x7fe6581a0030 unknown :-1 s=BANNER_CONNECTING pgs=0 cs=0 l=1 rev1=0 crypto rx=0 tx=0 comp rx=0 tx=0)._handle_peer_banner_payload supported=3 required=0
2026-02-20T01:19:19.394 INFO:teuthology.orchestra.run.trial109.stdout:/usr/bin/ceph: stderr
2026-02-20T01:19:19.025+0000 7fe6577fe640 1 --2- >> [v2:10.20.193.109:3300/0,v1:10.20.193.109:6789/0] conn(0x7fe65810a180 0x7fe6581a0030 unknown :-1 s=HELLO_CONNECTING pgs=0 cs=0 l=1 rev1=1 crypto rx=0 tx=0 comp rx=0 tx=0).handle_hello peer v2:10.20.193.109:3300/0 says I am v2:10.20.193.109:41966/0 (socket says 10.20.193.109:41966)
2026-02-20T01:19:19.394 INFO:teuthology.orchestra.run.trial109.stdout:/usr/bin/ceph: stderr
2026-02-20T01:19:19.025+0000 7fe6577fe640 1 -- 10.20.193.109:0/72114479 learned_addr learned my addr 10.20.193.109:0/72114479 (peer_addr_for_me v2:10.20.193.109:0/0)
2026-02-20T01:19:19.394 INFO:teuthology.orchestra.run.trial109.stdout:/usr/bin/ceph: stderr
2026-02-20T01:19:19.025+0000 7fe6577fe640 1 -- 10.20.193.109:0/72114479 --> [v2:10.20.193.109:3300/0,v1:10.20.193.109:6789/0] -- mon_subscribe({config=0+,monmap=0+}) -- 0x7fe6581a0570 con 0x7fe65810a180
2026-02-20T01:19:19.394 INFO:teuthology.orchestra.run.trial109.stdout:/usr/bin/ceph: stderr
2026-02-20T01:19:19.025+0000 7fe6577fe640 1 --2- 10.20.193.109:0/72114479 >> [v2:10.20.193.109:3300/0,v1:10.20.193.109:6789/0] conn(0x7fe65810a180 0x7fe6581a0030 secure :-1 s=READY pgs=71 cs=0 l=1 rev1=1 crypto rx=0x7fe644039000 tx=0x7fe644037820 comp rx=0 tx=0).ready entity=mon.0 client_cookie=0 server_cookie=0 in_seq=0 out_seq=0
2026-02-20T01:19:19.394 INFO:teuthology.orchestra.run.trial109.stdout:/usr/bin/ceph: stderr
2026-02-20T01:19:19.025+0000 7fe654ff9640 1 -- 10.20.193.109:0/72114479 <== mon.0 v2:10.20.193.109:3300/0 1 ==== mon_map magic: 0 ==== 205+0+0 (secure 0 0 0) 0x7fe644047070 con 0x7fe65810a180
2026-02-20T01:19:19.394 INFO:teuthology.orchestra.run.trial109.stdout:/usr/bin/ceph: stderr
2026-02-20T01:19:19.025+0000 7fe654ff9640 1 -- 10.20.193.109:0/72114479 <== mon.0 v2:10.20.193.109:3300/0 2 ==== config(26 keys) ==== 1076+0+0 (secure 0 0 0) 0x7fe644035da0 con 0x7fe65810a180
2026-02-20T01:19:19.394 INFO:teuthology.orchestra.run.trial109.stdout:/usr/bin/ceph: stderr
2026-02-20T01:19:19.025+0000 7fe654ff9640 1 -- 10.20.193.109:0/72114479 <== mon.0 v2:10.20.193.109:3300/0 3 ==== mon_map magic: 0 ==== 205+0+0 (secure 0 0 0) 0x7fe64403c070 con 0x7fe65810a180
2026-02-20T01:19:19.394 INFO:teuthology.orchestra.run.trial109.stdout:/usr/bin/ceph: stderr
2026-02-20T01:19:19.025+0000 7fe65cbbe640 1 -- 10.20.193.109:0/72114479 --> [v2:10.20.193.109:3300/0,v1:10.20.193.109:6789/0] -- mon_subscribe({mgrmap=0+}) -- 0x7fe6581a0800 con 0x7fe65810a180
2026-02-20T01:19:19.394 INFO:teuthology.orchestra.run.trial109.stdout:/usr/bin/ceph: stderr
2026-02-20T01:19:19.025+0000 7fe65cbbe640 1 -- 10.20.193.109:0/72114479 --> [v2:10.20.193.109:3300/0,v1:10.20.193.109:6789/0] -- mon_subscribe({osdmap=0}) -- 0x7fe6581a34f0 con 0x7fe65810a180
2026-02-20T01:19:19.394 INFO:teuthology.orchestra.run.trial109.stdout:/usr/bin/ceph: stderr
2026-02-20T01:19:19.026+0000 7fe65cbbe640 1 -- 10.20.193.109:0/72114479 --> [v2:10.20.193.109:3300/0,v1:10.20.193.109:6789/0] -- mon_command({"prefix": "get_command_descriptions"} v 0) -- 0x7fe65810e860 con 0x7fe65810a180
2026-02-20T01:19:19.394 INFO:teuthology.orchestra.run.trial109.stdout:/usr/bin/ceph: stderr
2026-02-20T01:19:19.026+0000 7fe654ff9640 1 -- 10.20.193.109:0/72114479 <== mon.0 v2:10.20.193.109:3300/0 4 ==== mgrmap(e 10) ==== 50154+0+0 (secure 0 0 0) 0x7fe6440425d0 con 0x7fe65810a180
2026-02-20T01:19:19.394 INFO:teuthology.orchestra.run.trial109.stdout:/usr/bin/ceph: stderr
2026-02-20T01:19:19.027+0000 7fe654ff9640 1 --2- 10.20.193.109:0/72114479 >> [v2:10.20.193.109:6800/848569479,v1:10.20.193.109:6801/848569479] conn(0x7fe62c03db20 0x7fe62c03ffe0 unknown :-1 s=NONE pgs=0 cs=0 l=1 rev1=0 crypto rx=0 tx=0 comp rx=0 tx=0).connect
2026-02-20T01:19:19.395 INFO:teuthology.orchestra.run.trial109.stdout:/usr/bin/ceph: stderr
2026-02-20T01:19:19.027+0000 7fe654ff9640 1 -- 10.20.193.109:0/72114479 <== mon.0 v2:10.20.193.109:3300/0 5 ==== osd_map(3..3 src has 1..3) ==== 1155+0+0 (secure 0 0 0) 0x7fe644076cd0 con 0x7fe65810a180
2026-02-20T01:19:19.395 INFO:teuthology.orchestra.run.trial109.stdout:/usr/bin/ceph: stderr
2026-02-20T01:19:19.027+0000 7fe656ffd640 1 --2- 10.20.193.109:0/72114479 >> [v2:10.20.193.109:6800/848569479,v1:10.20.193.109:6801/848569479] conn(0x7fe62c03db20 0x7fe62c03ffe0 unknown :-1 s=BANNER_CONNECTING pgs=0 cs=0 l=1 rev1=0 crypto rx=0 tx=0 comp rx=0 tx=0)._handle_peer_banner_payload supported=3 required=0
2026-02-20T01:19:19.395 INFO:teuthology.orchestra.run.trial109.stdout:/usr/bin/ceph: stderr
2026-02-20T01:19:19.027+0000 7fe656ffd640 1 --2- 10.20.193.109:0/72114479 >> [v2:10.20.193.109:6800/848569479,v1:10.20.193.109:6801/848569479] conn(0x7fe62c03db20 0x7fe62c03ffe0 secure :-1 s=READY pgs=8 cs=0 l=1 rev1=1 crypto rx=0x7fe6480099c0 tx=0x7fe648006eb0 comp rx=0 tx=0).ready entity=mgr.14150 client_cookie=0 server_cookie=0 in_seq=0 out_seq=0
2026-02-20T01:19:19.395 INFO:teuthology.orchestra.run.trial109.stdout:/usr/bin/ceph: stderr
2026-02-20T01:19:19.029+0000 7fe654ff9640 1 -- 10.20.193.109:0/72114479 <== mon.0 v2:10.20.193.109:3300/0 6 ==== mon_command_ack([{"prefix": "get_command_descriptions"}]=0 v0) ==== 72+0+195034 (secure 0 0 0) 0x7fe64404be00 con 0x7fe65810a180
2026-02-20T01:19:19.395 INFO:teuthology.orchestra.run.trial109.stdout:/usr/bin/ceph: stderr
2026-02-20T01:19:19.129+0000 7fe65cbbe640 1 -- 10.20.193.109:0/72114479 --> [v2:10.20.193.109:6800/848569479,v1:10.20.193.109:6801/848569479] -- mgr_command(tid 0: {"prefix": "dashboard ac-user-create", "username": "admin", "rolename": "administrator", "force_password": true, "pwd_update_required": true, "target": ["mon-mgr", ""]}) -- 0x7fe65810a600 con 0x7fe62c03db20
2026-02-20T01:19:19.395 INFO:teuthology.orchestra.run.trial109.stdout:/usr/bin/ceph: stderr
2026-02-20T01:19:19.271+0000 7fe654ff9640 1 -- 10.20.193.109:0/72114479 <== mgr.14150 v2:10.20.193.109:6800/848569479 1 ==== mgr_command_reply(tid 0: 0 ) ==== 8+0+252 (secure 0 0 0) 0x7fe65810a600 con 0x7fe62c03db20
2026-02-20T01:19:19.395 INFO:teuthology.orchestra.run.trial109.stdout:/usr/bin/ceph: stderr
2026-02-20T01:19:19.273+0000 7fe65cbbe640 1 -- 10.20.193.109:0/72114479 >> [v2:10.20.193.109:6800/848569479,v1:10.20.193.109:6801/848569479] conn(0x7fe62c03db20 msgr2=0x7fe62c03ffe0 secure :-1 s=STATE_CONNECTION_ESTABLISHED l=1).mark_down
2026-02-20T01:19:19.395 INFO:teuthology.orchestra.run.trial109.stdout:/usr/bin/ceph: stderr
2026-02-20T01:19:19.273+0000 7fe65cbbe640 1 --2- 10.20.193.109:0/72114479 >> [v2:10.20.193.109:6800/848569479,v1:10.20.193.109:6801/848569479] conn(0x7fe62c03db20 0x7fe62c03ffe0 secure :-1 s=READY pgs=8 cs=0 l=1 rev1=1 crypto rx=0x7fe6480099c0 tx=0x7fe648006eb0 comp rx=0 tx=0).stop
2026-02-20T01:19:19.395 INFO:teuthology.orchestra.run.trial109.stdout:/usr/bin/ceph: stderr
2026-02-20T01:19:19.273+0000 7fe65cbbe640 1 -- 10.20.193.109:0/72114479 >> [v2:10.20.193.109:3300/0,v1:10.20.193.109:6789/0] conn(0x7fe65810a180 msgr2=0x7fe6581a0030 secure :-1 s=STATE_CONNECTION_ESTABLISHED l=1).mark_down
2026-02-20T01:19:19.395 INFO:teuthology.orchestra.run.trial109.stdout:/usr/bin/ceph: stderr
2026-02-20T01:19:19.273+0000 7fe65cbbe640 1 --2- 10.20.193.109:0/72114479 >> [v2:10.20.193.109:3300/0,v1:10.20.193.109:6789/0] conn(0x7fe65810a180 0x7fe6581a0030 secure :-1 s=READY pgs=71 cs=0 l=1 rev1=1 crypto rx=0x7fe644039000 tx=0x7fe644037820 comp rx=0 tx=0).stop
2026-02-20T01:19:19.395 INFO:teuthology.orchestra.run.trial109.stdout:/usr/bin/ceph: stderr
2026-02-20T01:19:19.274+0000 7fe65cbbe640 1 -- 10.20.193.109:0/72114479 shutdown_connections
2026-02-20T01:19:19.395 INFO:teuthology.orchestra.run.trial109.stdout:/usr/bin/ceph: stderr
2026-02-20T01:19:19.274+0000 7fe65cbbe640 1 --2- 10.20.193.109:0/72114479 >> [v2:10.20.193.109:6800/848569479,v1:10.20.193.109:6801/848569479] conn(0x7fe62c03db20 0x7fe62c03ffe0 unknown :-1 s=CLOSED pgs=8 cs=0 l=1 rev1=1 crypto rx=0 tx=0 comp rx=0 tx=0).stop
2026-02-20T01:19:19.396 INFO:teuthology.orchestra.run.trial109.stdout:/usr/bin/ceph: stderr
2026-02-20T01:19:19.274+0000 7fe65cbbe640 1 --2- 10.20.193.109:0/72114479 >> [v2:10.20.193.109:3300/0,v1:10.20.193.109:6789/0] conn(0x7fe65810a180 0x7fe6581a0030 unknown :-1 s=CLOSED pgs=71 cs=0 l=1 rev1=1 crypto rx=0 tx=0 comp rx=0 tx=0).stop
2026-02-20T01:19:19.396 INFO:teuthology.orchestra.run.trial109.stdout:/usr/bin/ceph: stderr
2026-02-20T01:19:19.274+0000 7fe65cbbe640 1 -- 10.20.193.109:0/72114479 >> 10.20.193.109:0/72114479 conn(0x7fe65807d770 msgr2=0x7fe658107700 unknown :-1 s=STATE_NONE l=0).mark_down
2026-02-20T01:19:19.396 INFO:teuthology.orchestra.run.trial109.stdout:/usr/bin/ceph: stderr
2026-02-20T01:19:19.274+0000 7fe65cbbe640 1 -- 10.20.193.109:0/72114479 shutdown_connections
2026-02-20T01:19:19.396 INFO:teuthology.orchestra.run.trial109.stdout:/usr/bin/ceph: stderr
2026-02-20T01:19:19.274+0000 7fe65cbbe640 1 -- 10.20.193.109:0/72114479 wait complete.
2026-02-20T01:19:19.396 INFO:teuthology.orchestra.run.trial109.stdout:Fetching dashboard port number...
2026-02-20T01:19:19.767 INFO:teuthology.orchestra.run.trial109.stdout:/usr/bin/ceph: stdout 8443
2026-02-20T01:19:19.768 INFO:teuthology.orchestra.run.trial109.stdout:/usr/bin/ceph: stderr
2026-02-20T01:19:19.586+0000 7ff841d3e640 1 Processor -- start
2026-02-20T01:19:19.768 INFO:teuthology.orchestra.run.trial109.stdout:/usr/bin/ceph: stderr
2026-02-20T01:19:19.586+0000 7ff841d3e640 1 -- start start
2026-02-20T01:19:19.768 INFO:teuthology.orchestra.run.trial109.stdout:/usr/bin/ceph: stderr
2026-02-20T01:19:19.586+0000 7ff841d3e640 1 --2- >> [v2:10.20.193.109:3300/0,v1:10.20.193.109:6789/0] conn(0x7ff83c10a180 0x7ff83c10a580 unknown :-1 s=NONE pgs=0 cs=0 l=0 rev1=0 crypto rx=0 tx=0 comp rx=0 tx=0).connect
2026-02-20T01:19:19.768 INFO:teuthology.orchestra.run.trial109.stdout:/usr/bin/ceph: stderr
2026-02-20T01:19:19.586+0000 7ff841d3e640 1 -- --> [v2:10.20.193.109:3300/0,v1:10.20.193.109:6789/0] -- mon_getmap magic: 0 -- 0x7ff83c10ab50 con 0x7ff83c10a180
2026-02-20T01:19:19.768 INFO:teuthology.orchestra.run.trial109.stdout:/usr/bin/ceph: stderr
2026-02-20T01:19:19.587+0000 7ff840d3c640 1 --2- >> [v2:10.20.193.109:3300/0,v1:10.20.193.109:6789/0] conn(0x7ff83c10a180 0x7ff83c10a580 unknown :-1 s=BANNER_CONNECTING pgs=0 cs=0 l=0 rev1=0 crypto rx=0 tx=0 comp rx=0 tx=0)._handle_peer_banner_payload supported=3 required=0
2026-02-20T01:19:19.768 INFO:teuthology.orchestra.run.trial109.stdout:/usr/bin/ceph: stderr
2026-02-20T01:19:19.587+0000 7ff840d3c640 1 --2- >> [v2:10.20.193.109:3300/0,v1:10.20.193.109:6789/0] conn(0x7ff83c10a180 0x7ff83c10a580 unknown :-1 s=HELLO_CONNECTING pgs=0 cs=0 l=0 rev1=1 crypto rx=0 tx=0 comp rx=0 tx=0).handle_hello peer v2:10.20.193.109:3300/0 says I am v2:10.20.193.109:41980/0 (socket says 10.20.193.109:41980)
2026-02-20T01:19:19.768 INFO:teuthology.orchestra.run.trial109.stdout:/usr/bin/ceph: stderr
2026-02-20T01:19:19.587+0000 7ff840d3c640 1 -- 10.20.193.109:0/2334995744 learned_addr learned my addr 10.20.193.109:0/2334995744 (peer_addr_for_me v2:10.20.193.109:0/0)
2026-02-20T01:19:19.769 INFO:teuthology.orchestra.run.trial109.stdout:/usr/bin/ceph: stderr
2026-02-20T01:19:19.587+0000 7ff840d3c640 1 -- 10.20.193.109:0/2334995744 --> [v2:10.20.193.109:3300/0,v1:10.20.193.109:6789/0] -- mon_subscribe({config=0+,monmap=0+}) -- 0x7ff83c10b330 con 0x7ff83c10a180
2026-02-20T01:19:19.769 INFO:teuthology.orchestra.run.trial109.stdout:/usr/bin/ceph: stderr
2026-02-20T01:19:19.588+0000 7ff840d3c640 1 --2- 10.20.193.109:0/2334995744 >> [v2:10.20.193.109:3300/0,v1:10.20.193.109:6789/0] conn(0x7ff83c10a180 0x7ff83c10a580 secure :-1 s=READY pgs=72 cs=0 l=1 rev1=1 crypto rx=0x7ff82c009920 tx=0x7ff82c02ef20 comp rx=0 tx=0).ready entity=mon.0 client_cookie=da5a783fe9b2f2f7 server_cookie=0 in_seq=0 out_seq=0
2026-02-20T01:19:19.769 INFO:teuthology.orchestra.run.trial109.stdout:/usr/bin/ceph: stderr
2026-02-20T01:19:19.588+0000 7ff8337fe640 1 -- 10.20.193.109:0/2334995744 <== mon.0 v2:10.20.193.109:3300/0 1 ==== mon_map magic: 0 ==== 205+0+0 (secure 0 0 0) 0x7ff82c03c070 con 0x7ff83c10a180
2026-02-20T01:19:19.769 INFO:teuthology.orchestra.run.trial109.stdout:/usr/bin/ceph: stderr
2026-02-20T01:19:19.588+0000 7ff8337fe640 1 -- 10.20.193.109:0/2334995744 <== mon.0 v2:10.20.193.109:3300/0 2 ==== config(26 keys) ==== 1076+0+0 (secure 0 0 0) 0x7ff82c037440 con 0x7ff83c10a180
2026-02-20T01:19:19.769 INFO:teuthology.orchestra.run.trial109.stdout:/usr/bin/ceph: stderr
2026-02-20T01:19:19.588+0000 7ff8337fe640 1 -- 10.20.193.109:0/2334995744 <== mon.0 v2:10.20.193.109:3300/0 3 ==== mon_map magic: 0 ==== 205+0+0 (secure 0 0 0) 0x7ff82c0354d0 con 0x7ff83c10a180
2026-02-20T01:19:19.769 INFO:teuthology.orchestra.run.trial109.stdout:/usr/bin/ceph: stderr
2026-02-20T01:19:19.588+0000 7ff841d3e640 1 -- 10.20.193.109:0/2334995744 >> [v2:10.20.193.109:3300/0,v1:10.20.193.109:6789/0] conn(0x7ff83c10a180 msgr2=0x7ff83c10a580 secure :-1 s=STATE_CONNECTION_ESTABLISHED l=1).mark_down
2026-02-20T01:19:19.769 INFO:teuthology.orchestra.run.trial109.stdout:/usr/bin/ceph: stderr
2026-02-20T01:19:19.588+0000 7ff841d3e640 1 --2- 10.20.193.109:0/2334995744 >> [v2:10.20.193.109:3300/0,v1:10.20.193.109:6789/0] conn(0x7ff83c10a180 0x7ff83c10a580 secure :-1 s=READY pgs=72 cs=0 l=1 rev1=1 crypto rx=0x7ff82c009920 tx=0x7ff82c02ef20 comp rx=0 tx=0).stop
2026-02-20T01:19:19.769 INFO:teuthology.orchestra.run.trial109.stdout:/usr/bin/ceph: stderr
2026-02-20T01:19:19.588+0000 7ff841d3e640 1 -- 10.20.193.109:0/2334995744 shutdown_connections
2026-02-20T01:19:19.769 INFO:teuthology.orchestra.run.trial109.stdout:/usr/bin/ceph: stderr
2026-02-20T01:19:19.588+0000 7ff841d3e640 1 --2- 10.20.193.109:0/2334995744 >> [v2:10.20.193.109:3300/0,v1:10.20.193.109:6789/0] conn(0x7ff83c10a180 0x7ff83c10a580 unknown :-1 s=CLOSED pgs=72 cs=0 l=1 rev1=1 crypto rx=0 tx=0 comp rx=0 tx=0).stop
2026-02-20T01:19:19.769 INFO:teuthology.orchestra.run.trial109.stdout:/usr/bin/ceph: stderr
2026-02-20T01:19:19.588+0000 7ff841d3e640 1 -- 10.20.193.109:0/2334995744 >> 10.20.193.109:0/2334995744 conn(0x7ff83c07d770 msgr2=0x7ff83c07db80 unknown :-1 s=STATE_NONE l=0).mark_down
2026-02-20T01:19:19.769 INFO:teuthology.orchestra.run.trial109.stdout:/usr/bin/ceph: stderr
2026-02-20T01:19:19.588+0000 7ff841d3e640 1 -- 10.20.193.109:0/2334995744 shutdown_connections
2026-02-20T01:19:19.770 INFO:teuthology.orchestra.run.trial109.stdout:/usr/bin/ceph: stderr
2026-02-20T01:19:19.588+0000 7ff841d3e640 1 -- 10.20.193.109:0/2334995744 wait complete.
2026-02-20T01:19:19.770 INFO:teuthology.orchestra.run.trial109.stdout:/usr/bin/ceph: stderr
2026-02-20T01:19:19.589+0000 7ff841d3e640 1 Processor -- start
2026-02-20T01:19:19.770 INFO:teuthology.orchestra.run.trial109.stdout:/usr/bin/ceph: stderr
2026-02-20T01:19:19.589+0000 7ff841d3e640 1 -- start start
2026-02-20T01:19:19.770 INFO:teuthology.orchestra.run.trial109.stdout:/usr/bin/ceph: stderr
2026-02-20T01:19:19.589+0000 7ff841d3e640 1 --2- >> [v2:10.20.193.109:3300/0,v1:10.20.193.109:6789/0] conn(0x7ff83c10a180 0x7ff83c1a0030 unknown :-1 s=NONE pgs=0 cs=0 l=1 rev1=0 crypto rx=0 tx=0 comp rx=0 tx=0).connect
2026-02-20T01:19:19.770 INFO:teuthology.orchestra.run.trial109.stdout:/usr/bin/ceph: stderr
2026-02-20T01:19:19.589+0000 7ff841d3e640 1 -- --> [v2:10.20.193.109:3300/0,v1:10.20.193.109:6789/0] -- mon_getmap magic: 0 -- 0x7ff83c10e6e0 con 0x7ff83c10a180
2026-02-20T01:19:19.770 INFO:teuthology.orchestra.run.trial109.stdout:/usr/bin/ceph: stderr
2026-02-20T01:19:19.590+0000 7ff840d3c640 1 --2- >> [v2:10.20.193.109:3300/0,v1:10.20.193.109:6789/0] conn(0x7ff83c10a180 0x7ff83c1a0030 unknown :-1 s=BANNER_CONNECTING pgs=0 cs=0 l=1 rev1=0 crypto rx=0 tx=0 comp rx=0 tx=0)._handle_peer_banner_payload supported=3 required=0
2026-02-20T01:19:19.770 INFO:teuthology.orchestra.run.trial109.stdout:/usr/bin/ceph: stderr
2026-02-20T01:19:19.590+0000 7ff840d3c640 1 --2- >> [v2:10.20.193.109:3300/0,v1:10.20.193.109:6789/0] conn(0x7ff83c10a180 0x7ff83c1a0030 unknown :-1 s=HELLO_CONNECTING pgs=0 cs=0 l=1 rev1=1 crypto rx=0 tx=0 comp rx=0 tx=0).handle_hello peer v2:10.20.193.109:3300/0 says I am v2:10.20.193.109:41990/0 (socket says 10.20.193.109:41990)
2026-02-20T01:19:19.770 INFO:teuthology.orchestra.run.trial109.stdout:/usr/bin/ceph: stderr
2026-02-20T01:19:19.590+0000 7ff840d3c640 1 -- 10.20.193.109:0/2533846169 learned_addr learned my addr 10.20.193.109:0/2533846169 (peer_addr_for_me v2:10.20.193.109:0/0)
2026-02-20T01:19:19.770 INFO:teuthology.orchestra.run.trial109.stdout:/usr/bin/ceph: stderr
2026-02-20T01:19:19.590+0000 7ff840d3c640 1 -- 10.20.193.109:0/2533846169 --> [v2:10.20.193.109:3300/0,v1:10.20.193.109:6789/0] -- mon_subscribe({config=0+,monmap=0+}) -- 0x7ff83c1a0570 con 0x7ff83c10a180
2026-02-20T01:19:19.770 INFO:teuthology.orchestra.run.trial109.stdout:/usr/bin/ceph: stderr
2026-02-20T01:19:19.590+0000 7ff840d3c640 1 --2- 10.20.193.109:0/2533846169 >> [v2:10.20.193.109:3300/0,v1:10.20.193.109:6789/0] conn(0x7ff83c10a180 0x7ff83c1a0030 secure :-1 s=READY pgs=73 cs=0 l=1 rev1=1 crypto rx=0x7ff82c039000 tx=0x7ff82c02fa40 comp rx=0 tx=0).ready entity=mon.0 client_cookie=0 server_cookie=0 in_seq=0 out_seq=0
2026-02-20T01:19:19.770 INFO:teuthology.orchestra.run.trial109.stdout:/usr/bin/ceph: stderr
2026-02-20T01:19:19.590+0000 7ff831ffb640 1 -- 10.20.193.109:0/2533846169 <== mon.0 v2:10.20.193.109:3300/0 1 ==== mon_map magic: 0 ==== 205+0+0 (secure 0 0 0) 0x7ff82c047070 con 0x7ff83c10a180
2026-02-20T01:19:19.770 INFO:teuthology.orchestra.run.trial109.stdout:/usr/bin/ceph: stderr
2026-02-20T01:19:19.590+0000 7ff831ffb640 1 -- 10.20.193.109:0/2533846169 <== mon.0 v2:10.20.193.109:3300/0 2 ==== config(26 keys) ==== 1076+0+0 (secure 0 0 0) 0x7ff82c036d20 con 0x7ff83c10a180
2026-02-20T01:19:19.771 INFO:teuthology.orchestra.run.trial109.stdout:/usr/bin/ceph: stderr
2026-02-20T01:19:19.590+0000 7ff841d3e640 1 -- 10.20.193.109:0/2533846169 --> [v2:10.20.193.109:3300/0,v1:10.20.193.109:6789/0] -- mon_subscribe({mgrmap=0+}) -- 0x7ff83c1a0800 con 0x7ff83c10a180
2026-02-20T01:19:19.771 INFO:teuthology.orchestra.run.trial109.stdout:/usr/bin/ceph: stderr
2026-02-20T01:19:19.590+0000 7ff831ffb640 1 -- 10.20.193.109:0/2533846169 <== mon.0 v2:10.20.193.109:3300/0 3 ==== mon_map magic: 0 ==== 205+0+0 (secure 0 0 0) 0x7ff82c03c070 con 0x7ff83c10a180
2026-02-20T01:19:19.771 INFO:teuthology.orchestra.run.trial109.stdout:/usr/bin/ceph: stderr
2026-02-20T01:19:19.590+0000 7ff841d3e640 1 -- 10.20.193.109:0/2533846169 --> [v2:10.20.193.109:3300/0,v1:10.20.193.109:6789/0] -- mon_subscribe({osdmap=0}) -- 0x7ff83c1a34f0 con 0x7ff83c10a180
2026-02-20T01:19:19.771 INFO:teuthology.orchestra.run.trial109.stdout:/usr/bin/ceph: stderr
2026-02-20T01:19:19.591+0000 7ff831ffb640 1 -- 10.20.193.109:0/2533846169 <== mon.0 v2:10.20.193.109:3300/0 4 ==== mgrmap(e 10) ==== 50154+0+0 (secure 0 0 0) 0x7ff82c036880 con 0x7ff83c10a180
2026-02-20T01:19:19.771 INFO:teuthology.orchestra.run.trial109.stdout:/usr/bin/ceph: stderr
2026-02-20T01:19:19.591+0000 7ff841d3e640 1 -- 10.20.193.109:0/2533846169 --> [v2:10.20.193.109:3300/0,v1:10.20.193.109:6789/0] -- mon_command({"prefix": "get_command_descriptions"} v 0) -- 0x7ff83c10e860 con 0x7ff83c10a180
2026-02-20T01:19:19.771 INFO:teuthology.orchestra.run.trial109.stdout:/usr/bin/ceph: stderr
2026-02-20T01:19:19.591+0000 7ff831ffb640 1 --2- 10.20.193.109:0/2533846169 >> [v2:10.20.193.109:6800/848569479,v1:10.20.193.109:6801/848569479] conn(0x7ff81803db20 0x7ff81803ffe0 unknown :-1 s=NONE pgs=0 cs=0 l=1 rev1=0 crypto rx=0 tx=0 comp rx=0 tx=0).connect
2026-02-20T01:19:19.771 INFO:teuthology.orchestra.run.trial109.stdout:/usr/bin/ceph: stderr
2026-02-20T01:19:19.591+0000 7ff831ffb640 1 -- 10.20.193.109:0/2533846169 <== mon.0 v2:10.20.193.109:3300/0 5 ==== osd_map(3..3 src has 1..3) ==== 1155+0+0 (secure 0 0 0) 0x7ff82c076ad0 con 0x7ff83c10a180
2026-02-20T01:19:19.771 INFO:teuthology.orchestra.run.trial109.stdout:/usr/bin/ceph: stderr
2026-02-20T01:19:19.592+0000 7ff833fff640 1 --2- 10.20.193.109:0/2533846169 >> [v2:10.20.193.109:6800/848569479,v1:10.20.193.109:6801/848569479] conn(0x7ff81803db20 0x7ff81803ffe0 unknown :-1 s=BANNER_CONNECTING pgs=0 cs=0 l=1 rev1=0 crypto rx=0 tx=0 comp rx=0 tx=0)._handle_peer_banner_payload supported=3 required=0
2026-02-20T01:19:19.771 INFO:teuthology.orchestra.run.trial109.stdout:/usr/bin/ceph: stderr
2026-02-20T01:19:19.592+0000 7ff833fff640 1 --2- 10.20.193.109:0/2533846169 >> [v2:10.20.193.109:6800/848569479,v1:10.20.193.109:6801/848569479] conn(0x7ff81803db20 0x7ff81803ffe0 secure :-1 s=READY pgs=9 cs=0 l=1 rev1=1 crypto rx=0x7ff8240099c0 tx=0x7ff824006eb0 comp rx=0 tx=0).ready entity=mgr.14150 client_cookie=0 server_cookie=0 in_seq=0 out_seq=0
2026-02-20T01:19:19.771 INFO:teuthology.orchestra.run.trial109.stdout:/usr/bin/ceph: stderr
2026-02-20T01:19:19.594+0000 7ff831ffb640 1 -- 10.20.193.109:0/2533846169 <== mon.0 v2:10.20.193.109:3300/0 6 ==== mon_command_ack([{"prefix": "get_command_descriptions"}]=0 v0) ==== 72+0+195034 (secure 0 0 0) 0x7ff82c045120 con 0x7ff83c10a180
2026-02-20T01:19:19.771 INFO:teuthology.orchestra.run.trial109.stdout:/usr/bin/ceph: stderr
2026-02-20T01:19:19.686+0000 7ff841d3e640 1 -- 10.20.193.109:0/2533846169 --> [v2:10.20.193.109:3300/0,v1:10.20.193.109:6789/0] -- mon_command({"prefix": "config get", "who": "mgr", "key": "mgr/dashboard/ssl_server_port"} v 0) -- 0x7ff83c10a600 con 0x7ff83c10a180
2026-02-20T01:19:19.772 INFO:teuthology.orchestra.run.trial109.stdout:/usr/bin/ceph: stderr
2026-02-20T01:19:19.686+0000 7ff831ffb640 1 -- 10.20.193.109:0/2533846169 <== mon.0 v2:10.20.193.109:3300/0 7 ==== mon_command_ack([{"prefix": "config get", "who": "mgr", "key": "mgr/dashboard/ssl_server_port"}]=0 v8) ==== 112+0+5 (secure 0 0 0) 0x7ff83c10a600 con 0x7ff83c10a180
2026-02-20T01:19:19.772 INFO:teuthology.orchestra.run.trial109.stdout:/usr/bin/ceph: stderr
2026-02-20T01:19:19.687+0000 7ff841d3e640 1 -- 10.20.193.109:0/2533846169 >> [v2:10.20.193.109:6800/848569479,v1:10.20.193.109:6801/848569479] conn(0x7ff81803db20 msgr2=0x7ff81803ffe0 secure :-1 s=STATE_CONNECTION_ESTABLISHED l=1).mark_down
2026-02-20T01:19:19.772 INFO:teuthology.orchestra.run.trial109.stdout:/usr/bin/ceph: stderr
2026-02-20T01:19:19.687+0000 7ff841d3e640 1 --2- 10.20.193.109:0/2533846169 >> [v2:10.20.193.109:6800/848569479,v1:10.20.193.109:6801/848569479] conn(0x7ff81803db20 0x7ff81803ffe0 secure :-1 s=READY pgs=9 cs=0 l=1 rev1=1 crypto rx=0x7ff8240099c0 tx=0x7ff824006eb0 comp rx=0 tx=0).stop
2026-02-20T01:19:19.772 INFO:teuthology.orchestra.run.trial109.stdout:/usr/bin/ceph: stderr
2026-02-20T01:19:19.687+0000 7ff841d3e640 1 -- 10.20.193.109:0/2533846169 >> [v2:10.20.193.109:3300/0,v1:10.20.193.109:6789/0] conn(0x7ff83c10a180 msgr2=0x7ff83c1a0030 secure :-1 s=STATE_CONNECTION_ESTABLISHED l=1).mark_down
2026-02-20T01:19:19.772 INFO:teuthology.orchestra.run.trial109.stdout:/usr/bin/ceph: stderr
2026-02-20T01:19:19.687+0000 7ff841d3e640 1 --2- 10.20.193.109:0/2533846169 >> [v2:10.20.193.109:3300/0,v1:10.20.193.109:6789/0] conn(0x7ff83c10a180 0x7ff83c1a0030 secure :-1 s=READY pgs=73 cs=0 l=1 rev1=1 crypto rx=0x7ff82c039000 tx=0x7ff82c02fa40 comp rx=0 tx=0).stop
2026-02-20T01:19:19.772 INFO:teuthology.orchestra.run.trial109.stdout:/usr/bin/ceph: stderr
2026-02-20T01:19:19.687+0000 7ff841d3e640 1 -- 10.20.193.109:0/2533846169 shutdown_connections
2026-02-20T01:19:19.772 INFO:teuthology.orchestra.run.trial109.stdout:/usr/bin/ceph: stderr
2026-02-20T01:19:19.687+0000 7ff841d3e640 1 --2- 10.20.193.109:0/2533846169 >> [v2:10.20.193.109:6800/848569479,v1:10.20.193.109:6801/848569479] conn(0x7ff81803db20 0x7ff81803ffe0 unknown :-1 s=CLOSED pgs=9 cs=0 l=1 rev1=1 crypto rx=0 tx=0 comp rx=0 tx=0).stop
2026-02-20T01:19:19.772 INFO:teuthology.orchestra.run.trial109.stdout:/usr/bin/ceph: stderr
2026-02-20T01:19:19.687+0000 7ff841d3e640 1 --2- 10.20.193.109:0/2533846169 >> [v2:10.20.193.109:3300/0,v1:10.20.193.109:6789/0] conn(0x7ff83c10a180 0x7ff83c1a0030 unknown :-1 s=CLOSED pgs=73 cs=0 l=1 rev1=1 crypto rx=0 tx=0 comp rx=0 tx=0).stop
2026-02-20T01:19:19.773 INFO:teuthology.orchestra.run.trial109.stdout:/usr/bin/ceph: stderr
2026-02-20T01:19:19.687+0000 7ff841d3e640 1 -- 10.20.193.109:0/2533846169 >> 10.20.193.109:0/2533846169 conn(0x7ff83c07d770 msgr2=0x7ff83c107680 unknown :-1 s=STATE_NONE l=0).mark_down
2026-02-20T01:19:19.773 INFO:teuthology.orchestra.run.trial109.stdout:/usr/bin/ceph: stderr
2026-02-20T01:19:19.687+0000 7ff841d3e640 1 -- 10.20.193.109:0/2533846169 shutdown_connections
2026-02-20T01:19:19.773 INFO:teuthology.orchestra.run.trial109.stdout:/usr/bin/ceph: stderr
2026-02-20T01:19:19.687+0000 7ff841d3e640 1 -- 10.20.193.109:0/2533846169 wait complete.
2026-02-20T01:19:19.779 INFO:teuthology.orchestra.run.trial109.stdout:Non-zero exit code 1 from systemctl is-enabled firewalld.service
2026-02-20T01:19:19.779 INFO:teuthology.orchestra.run.trial109.stdout:systemctl: stdout disabled
2026-02-20T01:19:19.790 INFO:teuthology.orchestra.run.trial109.stdout:Non-zero exit code 3 from systemctl is-active firewalld.service
2026-02-20T01:19:19.790 INFO:teuthology.orchestra.run.trial109.stdout:systemctl: stdout inactive
2026-02-20T01:19:19.790 INFO:teuthology.orchestra.run.trial109.stdout:firewalld.service is not enabled
2026-02-20T01:19:19.790 INFO:teuthology.orchestra.run.trial109.stdout:Not possible to open ports <[8443]>. firewalld.service is not available
2026-02-20T01:19:19.792 INFO:teuthology.orchestra.run.trial109.stdout:Ceph Dashboard is now available at:
2026-02-20T01:19:19.792 INFO:teuthology.orchestra.run.trial109.stdout:
2026-02-20T01:19:19.792 INFO:teuthology.orchestra.run.trial109.stdout: URL: https://trial109:8443/
2026-02-20T01:19:19.792 INFO:teuthology.orchestra.run.trial109.stdout: User: admin
2026-02-20T01:19:19.792 INFO:teuthology.orchestra.run.trial109.stdout: Password: 7e3bbvqtrb
2026-02-20T01:19:19.792 INFO:teuthology.orchestra.run.trial109.stdout:
2026-02-20T01:19:19.793 INFO:teuthology.orchestra.run.trial109.stdout:Saving cluster configuration to /var/lib/ceph/143bdd19-0dfa-11f1-97f1-d404e6e7d460/config directory
2026-02-20T01:19:20.186 INFO:teuthology.orchestra.run.trial109.stdout:/usr/bin/ceph: stderr
2026-02-20T01:19:19.958+0000 7fe094e0a640 1 Processor -- start
2026-02-20T01:19:20.187 INFO:teuthology.orchestra.run.trial109.stdout:/usr/bin/ceph: stderr
2026-02-20T01:19:19.958+0000 7fe094e0a640 1 -- start start
2026-02-20T01:19:20.187 INFO:teuthology.orchestra.run.trial109.stdout:/usr/bin/ceph: stderr
2026-02-20T01:19:19.958+0000 7fe094e0a640 1 --2- >> [v2:10.20.193.109:3300/0,v1:10.20.193.109:6789/0] conn(0x7fe09010f070 0x7fe090111460 unknown :-1 s=NONE pgs=0 cs=0 l=0 rev1=0 crypto rx=0 tx=0 comp rx=0 tx=0).connect
2026-02-20T01:19:20.187 INFO:teuthology.orchestra.run.trial109.stdout:/usr/bin/ceph: stderr
2026-02-20T01:19:19.958+0000 7fe094e0a640 1 -- --> [v2:10.20.193.109:3300/0,v1:10.20.193.109:6789/0] -- mon_getmap magic: 0 -- 0x7fe0900826a0 con 0x7fe09010f070
2026-02-20T01:19:20.187 INFO:teuthology.orchestra.run.trial109.stdout:/usr/bin/ceph: stderr
2026-02-20T01:19:19.959+0000 7fe08f7fe640 1 --2- >> [v2:10.20.193.109:3300/0,v1:10.20.193.109:6789/0] conn(0x7fe09010f070 0x7fe090111460 unknown :-1 s=BANNER_CONNECTING pgs=0 cs=0 l=0 rev1=0 crypto rx=0 tx=0 comp rx=0 tx=0)._handle_peer_banner_payload supported=3 required=0
2026-02-20T01:19:20.187 INFO:teuthology.orchestra.run.trial109.stdout:/usr/bin/ceph: stderr
2026-02-20T01:19:19.959+0000 7fe08f7fe640 1 --2- >> [v2:10.20.193.109:3300/0,v1:10.20.193.109:6789/0] conn(0x7fe09010f070 0x7fe090111460 unknown :-1 s=HELLO_CONNECTING pgs=0 cs=0 l=0 rev1=1 crypto rx=0 tx=0 comp rx=0 tx=0).handle_hello peer v2:10.20.193.109:3300/0 says I am v2:10.20.193.109:41998/0 (socket says 10.20.193.109:41998)
2026-02-20T01:19:20.187 INFO:teuthology.orchestra.run.trial109.stdout:/usr/bin/ceph: stderr
2026-02-20T01:19:19.959+0000 7fe08f7fe640 1 -- 10.20.193.109:0/3930355527 learned_addr learned my addr 10.20.193.109:0/3930355527 (peer_addr_for_me v2:10.20.193.109:0/0)
2026-02-20T01:19:20.187 INFO:teuthology.orchestra.run.trial109.stdout:/usr/bin/ceph: stderr
2026-02-20T01:19:19.959+0000 7fe08f7fe640 1 -- 10.20.193.109:0/3930355527 --> [v2:10.20.193.109:3300/0,v1:10.20.193.109:6789/0] -- mon_subscribe({config=0+,monmap=0+}) -- 0x7fe0901119a0 con 0x7fe09010f070
2026-02-20T01:19:20.187 INFO:teuthology.orchestra.run.trial109.stdout:/usr/bin/ceph: stderr
2026-02-20T01:19:19.960+0000 7fe08f7fe640 1 --2- 10.20.193.109:0/3930355527 >> [v2:10.20.193.109:3300/0,v1:10.20.193.109:6789/0] conn(0x7fe09010f070 0x7fe090111460 secure :-1 s=READY pgs=74 cs=0 l=1 rev1=1 crypto rx=0x7fe07c009920 tx=0x7fe07c02ef20 comp rx=0 tx=0).ready entity=mon.0 client_cookie=508d201100355123 server_cookie=0 in_seq=0 out_seq=0
2026-02-20T01:19:20.188 INFO:teuthology.orchestra.run.trial109.stdout:/usr/bin/ceph: stderr
2026-02-20T01:19:19.960+0000 7fe08e7fc640 1 -- 10.20.193.109:0/3930355527 <== mon.0 v2:10.20.193.109:3300/0 1 ==== mon_map magic: 0 ==== 205+0+0 (secure 0 0 0) 0x7fe07c03c070 con 0x7fe09010f070
2026-02-20T01:19:20.188 INFO:teuthology.orchestra.run.trial109.stdout:/usr/bin/ceph: stderr
2026-02-20T01:19:19.960+0000 7fe08e7fc640 1 -- 10.20.193.109:0/3930355527 <== mon.0 v2:10.20.193.109:3300/0 2 ==== config(26 keys) ==== 1076+0+0 (secure 0 0 0) 0x7fe07c037440 con 0x7fe09010f070
2026-02-20T01:19:20.188 INFO:teuthology.orchestra.run.trial109.stdout:/usr/bin/ceph: stderr
2026-02-20T01:19:19.960+0000 7fe08e7fc640 1 -- 10.20.193.109:0/3930355527 <== mon.0 v2:10.20.193.109:3300/0 3 ==== mon_map magic: 0 ==== 205+0+0 (secure 0 0 0) 0x7fe07c0354d0 con 0x7fe09010f070
2026-02-20T01:19:20.188 INFO:teuthology.orchestra.run.trial109.stdout:/usr/bin/ceph: stderr
2026-02-20T01:19:19.960+0000 7fe094e0a640 1 -- 10.20.193.109:0/3930355527 >> [v2:10.20.193.109:3300/0,v1:10.20.193.109:6789/0] conn(0x7fe09010f070 msgr2=0x7fe090111460 secure :-1 s=STATE_CONNECTION_ESTABLISHED l=1).mark_down
2026-02-20T01:19:20.188 INFO:teuthology.orchestra.run.trial109.stdout:/usr/bin/ceph: stderr
2026-02-20T01:19:19.960+0000 7fe094e0a640 1 --2- 10.20.193.109:0/3930355527 >> [v2:10.20.193.109:3300/0,v1:10.20.193.109:6789/0] conn(0x7fe09010f070 0x7fe090111460 secure :-1 s=READY pgs=74 cs=0 l=1 rev1=1 crypto rx=0x7fe07c009920 tx=0x7fe07c02ef20 comp rx=0 tx=0).stop
2026-02-20T01:19:20.189 INFO:teuthology.orchestra.run.trial109.stdout:/usr/bin/ceph: stderr
2026-02-20T01:19:19.960+0000 7fe094e0a640 1 -- 10.20.193.109:0/3930355527 shutdown_connections
2026-02-20T01:19:20.189 INFO:teuthology.orchestra.run.trial109.stdout:/usr/bin/ceph: stderr
2026-02-20T01:19:19.960+0000 7fe094e0a640 1 --2- 10.20.193.109:0/3930355527 >> [v2:10.20.193.109:3300/0,v1:10.20.193.109:6789/0] conn(0x7fe09010f070 0x7fe090111460 unknown :-1 s=CLOSED pgs=74 cs=0 l=1 rev1=1 crypto rx=0 tx=0 comp rx=0 tx=0).stop
2026-02-20T01:19:20.189 INFO:teuthology.orchestra.run.trial109.stdout:/usr/bin/ceph: stderr
2026-02-20T01:19:19.960+0000 7fe094e0a640 1 -- 10.20.193.109:0/3930355527 >> 10.20.193.109:0/3930355527 conn(0x7fe09007d640 msgr2=0x7fe09007fa80 unknown :-1 s=STATE_NONE l=0).mark_down
2026-02-20T01:19:20.189 INFO:teuthology.orchestra.run.trial109.stdout:/usr/bin/ceph: stderr
2026-02-20T01:19:19.961+0000 7fe094e0a640 1 -- 10.20.193.109:0/3930355527 shutdown_connections
2026-02-20T01:19:20.189 INFO:teuthology.orchestra.run.trial109.stdout:/usr/bin/ceph: stderr
2026-02-20T01:19:19.961+0000 7fe094e0a640 1 -- 10.20.193.109:0/3930355527 wait complete.
2026-02-20T01:19:20.189 INFO:teuthology.orchestra.run.trial109.stdout:/usr/bin/ceph: stderr
2026-02-20T01:19:19.961+0000 7fe094e0a640 1 Processor -- start
2026-02-20T01:19:20.189 INFO:teuthology.orchestra.run.trial109.stdout:/usr/bin/ceph: stderr
2026-02-20T01:19:19.961+0000 7fe094e0a640 1 -- start start
2026-02-20T01:19:20.189 INFO:teuthology.orchestra.run.trial109.stdout:/usr/bin/ceph: stderr
2026-02-20T01:19:19.962+0000 7fe094e0a640 1 --2- >> [v2:10.20.193.109:3300/0,v1:10.20.193.109:6789/0] conn(0x7fe09010f070 0x7fe0901a44e0 unknown :-1 s=NONE pgs=0 cs=0 l=1 rev1=0 crypto rx=0 tx=0 comp rx=0 tx=0).connect
2026-02-20T01:19:20.189 INFO:teuthology.orchestra.run.trial109.stdout:/usr/bin/ceph: stderr
2026-02-20T01:19:19.962+0000 7fe094e0a640 1 -- --> [v2:10.20.193.109:3300/0,v1:10.20.193.109:6789/0] -- mon_getmap magic: 0 -- 0x7fe090112970 con 0x7fe09010f070
2026-02-20T01:19:20.189 INFO:teuthology.orchestra.run.trial109.stdout:/usr/bin/ceph: stderr
2026-02-20T01:19:19.962+0000 7fe08f7fe640 1 --2- >> [v2:10.20.193.109:3300/0,v1:10.20.193.109:6789/0] conn(0x7fe09010f070 0x7fe0901a44e0 unknown :-1 s=BANNER_CONNECTING pgs=0 cs=0 l=1 rev1=0 crypto rx=0 tx=0 comp rx=0 tx=0)._handle_peer_banner_payload supported=3 required=0
2026-02-20T01:19:20.189 INFO:teuthology.orchestra.run.trial109.stdout:/usr/bin/ceph: stderr
2026-02-20T01:19:19.962+0000 7fe08f7fe640 1 --2- >> [v2:10.20.193.109:3300/0,v1:10.20.193.109:6789/0] conn(0x7fe09010f070 0x7fe0901a44e0 unknown :-1 s=HELLO_CONNECTING pgs=0 cs=0 l=1 rev1=1 crypto rx=0 tx=0 comp rx=0 tx=0).handle_hello peer v2:10.20.193.109:3300/0 says I am v2:10.20.193.109:42002/0 (socket says 10.20.193.109:42002)
2026-02-20T01:19:20.190 INFO:teuthology.orchestra.run.trial109.stdout:/usr/bin/ceph: stderr
2026-02-20T01:19:19.962+0000 7fe08f7fe640 1 -- 10.20.193.109:0/638754696 learned_addr learned my addr 10.20.193.109:0/638754696 (peer_addr_for_me v2:10.20.193.109:0/0)
2026-02-20T01:19:20.190 INFO:teuthology.orchestra.run.trial109.stdout:/usr/bin/ceph: stderr
2026-02-20T01:19:19.962+0000 7fe08f7fe640 1 -- 10.20.193.109:0/638754696 --> [v2:10.20.193.109:3300/0,v1:10.20.193.109:6789/0] -- mon_subscribe({config=0+,monmap=0+}) -- 0x7fe0901a4a20 con 0x7fe09010f070
2026-02-20T01:19:20.190 INFO:teuthology.orchestra.run.trial109.stdout:/usr/bin/ceph: stderr
2026-02-20T01:19:19.962+0000 7fe08f7fe640 1 --2- 10.20.193.109:0/638754696 >> [v2:10.20.193.109:3300/0,v1:10.20.193.109:6789/0] conn(0x7fe09010f070 0x7fe0901a44e0 secure :-1 s=READY pgs=75 cs=0 l=1 rev1=1 crypto rx=0x7fe07c039000 tx=0x7fe07c037890 comp rx=0 tx=0).ready entity=mon.0 client_cookie=0 server_cookie=0 in_seq=0 out_seq=0
2026-02-20T01:19:20.190 INFO:teuthology.orchestra.run.trial109.stdout:/usr/bin/ceph: stderr
2026-02-20T01:19:19.962+0000 7fe08cff9640 1 -- 10.20.193.109:0/638754696 <== mon.0 v2:10.20.193.109:3300/0 1 ==== mon_map magic: 0 ==== 205+0+0 (secure 0 0 0) 0x7fe07c047070 con 0x7fe09010f070
2026-02-20T01:19:20.190 INFO:teuthology.orchestra.run.trial109.stdout:/usr/bin/ceph: stderr
2026-02-20T01:19:19.962+0000 7fe08cff9640 1 -- 10.20.193.109:0/638754696 <== mon.0 v2:10.20.193.109:3300/0 2 ==== config(26 keys) ==== 1076+0+0 (secure 0 0 0) 0x7fe07c042440 con 0x7fe09010f070
2026-02-20T01:19:20.190 INFO:teuthology.orchestra.run.trial109.stdout:/usr/bin/ceph: stderr
2026-02-20T01:19:19.962+0000 7fe08cff9640 1 -- 10.20.193.109:0/638754696 <== mon.0 v2:10.20.193.109:3300/0 3 ==== mon_map magic: 0 ==== 205+0+0 (secure 0 0 0) 0x7fe07c03c070 con 0x7fe09010f070
2026-02-20T01:19:20.190 INFO:teuthology.orchestra.run.trial109.stdout:/usr/bin/ceph: stderr
2026-02-20T01:19:19.962+0000 7fe094e0a640 1 -- 10.20.193.109:0/638754696 --> [v2:10.20.193.109:3300/0,v1:10.20.193.109:6789/0] -- mon_subscribe({mgrmap=0+}) -- 0x7fe0901a4cb0 con 0x7fe09010f070
2026-02-20T01:19:20.190 INFO:teuthology.orchestra.run.trial109.stdout:/usr/bin/ceph: stderr
2026-02-20T01:19:19.962+0000 7fe094e0a640 1 -- 10.20.193.109:0/638754696 --> [v2:10.20.193.109:3300/0,v1:10.20.193.109:6789/0] -- mon_subscribe({osdmap=0}) -- 0x7fe0901a79a0 con 0x7fe09010f070
2026-02-20T01:19:20.190 INFO:teuthology.orchestra.run.trial109.stdout:/usr/bin/ceph: stderr
2026-02-20T01:19:19.963+0000 7fe094e0a640 1 -- 10.20.193.109:0/638754696 --> [v2:10.20.193.109:3300/0,v1:10.20.193.109:6789/0] -- mon_command({"prefix": "get_command_descriptions"} v 0) -- 0x7fe09010f4d0 con 0x7fe09010f070
2026-02-20T01:19:20.190 INFO:teuthology.orchestra.run.trial109.stdout:/usr/bin/ceph: stderr
2026-02-20T01:19:19.963+0000 7fe08cff9640 1 -- 10.20.193.109:0/638754696 <== mon.0 v2:10.20.193.109:3300/0 4 ==== mgrmap(e 10) ==== 50154+0+0 (secure 0 0 0) 0x7fe07c035a30 con 0x7fe09010f070
2026-02-20T01:19:20.190 INFO:teuthology.orchestra.run.trial109.stdout:/usr/bin/ceph: stderr
2026-02-20T01:19:19.964+0000 7fe08cff9640 1 --2- 10.20.193.109:0/638754696 >> [v2:10.20.193.109:6800/848569479,v1:10.20.193.109:6801/848569479] conn(0x7fe06403db20 0x7fe06403ffe0 unknown :-1 s=NONE pgs=0 cs=0 l=1 rev1=0 crypto rx=0 tx=0 comp rx=0 tx=0).connect
2026-02-20T01:19:20.190 INFO:teuthology.orchestra.run.trial109.stdout:/usr/bin/ceph: stderr
2026-02-20T01:19:19.964+0000 7fe08cff9640 1 -- 10.20.193.109:0/638754696 <== mon.0 v2:10.20.193.109:3300/0 5 ==== osd_map(3..3 src has 1..3) ==== 1155+0+0 (secure 0 0 0) 0x7fe07c076a50 con 0x7fe09010f070
2026-02-20T01:19:20.191 INFO:teuthology.orchestra.run.trial109.stdout:/usr/bin/ceph: stderr
