2026-02-20T01:19:26.374 INFO:teuthology.orchestra.run.trial041.stdout:/usr/bin/ceph: stdout ],
2026-02-20T01:19:26.374 INFO:teuthology.orchestra.run.trial041.stdout:/usr/bin/ceph: stdout "quorum_age": 5,
2026-02-20T01:19:26.374 INFO:teuthology.orchestra.run.trial041.stdout:/usr/bin/ceph: stdout "monmap": {
2026-02-20T01:19:26.374 INFO:teuthology.orchestra.run.trial041.stdout:/usr/bin/ceph: stdout "epoch": 1,
2026-02-20T01:19:26.374 INFO:teuthology.orchestra.run.trial041.stdout:/usr/bin/ceph: stdout "min_mon_release_name": "squid",
2026-02-20T01:19:26.374 INFO:teuthology.orchestra.run.trial041.stdout:/usr/bin/ceph: stdout "num_mons": 1
2026-02-20T01:19:26.374 INFO:teuthology.orchestra.run.trial041.stdout:/usr/bin/ceph: stdout },
2026-02-20T01:19:26.375 INFO:teuthology.orchestra.run.trial041.stdout:/usr/bin/ceph: stdout "osdmap": {
2026-02-20T01:19:26.375 INFO:teuthology.orchestra.run.trial041.stdout:/usr/bin/ceph: stdout "epoch": 1,
2026-02-20T01:19:26.375 INFO:teuthology.orchestra.run.trial041.stdout:/usr/bin/ceph: stdout "num_osds": 0,
2026-02-20T01:19:26.375 INFO:teuthology.orchestra.run.trial041.stdout:/usr/bin/ceph: stdout "num_up_osds": 0,
2026-02-20T01:19:26.375 INFO:teuthology.orchestra.run.trial041.stdout:/usr/bin/ceph: stdout "osd_up_since": 0,
2026-02-20T01:19:26.375 INFO:teuthology.orchestra.run.trial041.stdout:/usr/bin/ceph: stdout "num_in_osds": 0,
2026-02-20T01:19:26.375 INFO:teuthology.orchestra.run.trial041.stdout:/usr/bin/ceph: stdout "osd_in_since": 0,
2026-02-20T01:19:26.375 INFO:teuthology.orchestra.run.trial041.stdout:/usr/bin/ceph: stdout "num_remapped_pgs": 0
2026-02-20T01:19:26.375 INFO:teuthology.orchestra.run.trial041.stdout:/usr/bin/ceph: stdout },
2026-02-20T01:19:26.375 INFO:teuthology.orchestra.run.trial041.stdout:/usr/bin/ceph: stdout "pgmap": {
2026-02-20T01:19:26.375 INFO:teuthology.orchestra.run.trial041.stdout:/usr/bin/ceph: stdout "pgs_by_state": [],
2026-02-20T01:19:26.375 INFO:teuthology.orchestra.run.trial041.stdout:/usr/bin/ceph: stdout "num_pgs": 0,
2026-02-20T01:19:26.375 INFO:teuthology.orchestra.run.trial041.stdout:/usr/bin/ceph: stdout "num_pools": 0,
2026-02-20T01:19:26.376 INFO:teuthology.orchestra.run.trial041.stdout:/usr/bin/ceph: stdout "num_objects": 0,
2026-02-20T01:19:26.376 INFO:teuthology.orchestra.run.trial041.stdout:/usr/bin/ceph: stdout "data_bytes": 0,
2026-02-20T01:19:26.376 INFO:teuthology.orchestra.run.trial041.stdout:/usr/bin/ceph: stdout "bytes_used": 0,
2026-02-20T01:19:26.376 INFO:teuthology.orchestra.run.trial041.stdout:/usr/bin/ceph: stdout "bytes_avail": 0,
2026-02-20T01:19:26.376 INFO:teuthology.orchestra.run.trial041.stdout:/usr/bin/ceph: stdout "bytes_total": 0
2026-02-20T01:19:26.376 INFO:teuthology.orchestra.run.trial041.stdout:/usr/bin/ceph: stdout },
2026-02-20T01:19:26.376 INFO:teuthology.orchestra.run.trial041.stdout:/usr/bin/ceph: stdout "fsmap": {
2026-02-20T01:19:26.376 INFO:teuthology.orchestra.run.trial041.stdout:/usr/bin/ceph: stdout "epoch": 1,
2026-02-20T01:19:26.376 INFO:teuthology.orchestra.run.trial041.stdout:/usr/bin/ceph: stdout "btime": "2026-02-20T01:19:20:404315+0000",
2026-02-20T01:19:26.376 INFO:teuthology.orchestra.run.trial041.stdout:/usr/bin/ceph: stdout "by_rank": [],
2026-02-20T01:19:26.376 INFO:teuthology.orchestra.run.trial041.stdout:/usr/bin/ceph: stdout "up:standby": 0
2026-02-20T01:19:26.376 INFO:teuthology.orchestra.run.trial041.stdout:/usr/bin/ceph: stdout },
2026-02-20T01:19:26.377 INFO:teuthology.orchestra.run.trial041.stdout:/usr/bin/ceph: stdout "mgrmap": {
2026-02-20T01:19:26.377 INFO:teuthology.orchestra.run.trial041.stdout:/usr/bin/ceph: stdout "available": true,
2026-02-20T01:19:26.377 INFO:teuthology.orchestra.run.trial041.stdout:/usr/bin/ceph: stdout "num_standbys": 0,
2026-02-20T01:19:26.377 INFO:teuthology.orchestra.run.trial041.stdout:/usr/bin/ceph: stdout "modules": [
2026-02-20T01:19:26.377 INFO:teuthology.orchestra.run.trial041.stdout:/usr/bin/ceph: stdout "iostat",
2026-02-20T01:19:26.377 INFO:teuthology.orchestra.run.trial041.stdout:/usr/bin/ceph: stdout "nfs",
2026-02-20T01:19:26.377 INFO:teuthology.orchestra.run.trial041.stdout:/usr/bin/ceph: stdout "restful"
2026-02-20T01:19:26.377 INFO:teuthology.orchestra.run.trial041.stdout:/usr/bin/ceph: stdout ],
2026-02-20T01:19:26.377 INFO:teuthology.orchestra.run.trial041.stdout:/usr/bin/ceph: stdout "services": {}
2026-02-20T01:19:26.377 INFO:teuthology.orchestra.run.trial041.stdout:/usr/bin/ceph: stdout },
2026-02-20T01:19:26.377 INFO:teuthology.orchestra.run.trial041.stdout:/usr/bin/ceph: stdout "servicemap": {
2026-02-20T01:19:26.377 INFO:teuthology.orchestra.run.trial041.stdout:/usr/bin/ceph: stdout "epoch": 1,
2026-02-20T01:19:26.377 INFO:teuthology.orchestra.run.trial041.stdout:/usr/bin/ceph: stdout "modified": "2026-02-20T01:19:20.404747+0000",
2026-02-20T01:19:26.378 INFO:teuthology.orchestra.run.trial041.stdout:/usr/bin/ceph: stdout "services": {}
2026-02-20T01:19:26.378 INFO:teuthology.orchestra.run.trial041.stdout:/usr/bin/ceph: stdout },
2026-02-20T01:19:26.378 INFO:teuthology.orchestra.run.trial041.stdout:/usr/bin/ceph: stdout "progress_events": {}
2026-02-20T01:19:26.378 INFO:teuthology.orchestra.run.trial041.stdout:/usr/bin/ceph: stdout }
2026-02-20T01:19:26.378 INFO:teuthology.orchestra.run.trial041.stdout:/usr/bin/ceph: stderr
2026-02-20T01:19:26.233+0000 7f5bee697640 1 Processor -- start
2026-02-20T01:19:26.378 INFO:teuthology.orchestra.run.trial041.stdout:/usr/bin/ceph: stderr
2026-02-20T01:19:26.233+0000 7f5bee697640 1 -- start start
2026-02-20T01:19:26.378 INFO:teuthology.orchestra.run.trial041.stdout:/usr/bin/ceph: stderr
2026-02-20T01:19:26.233+0000 7f5bee697640 1 --2- >> [v2:10.20.193.41:3300/0,v1:10.20.193.41:6789/0] conn(0x7f5be810a4b0 0x7f5be810a8b0 unknown :-1 s=NONE pgs=0 cs=0 l=0 rev1=0 crypto rx=0 tx=0 comp rx=0 tx=0).connect
2026-02-20T01:19:26.378 INFO:teuthology.orchestra.run.trial041.stdout:/usr/bin/ceph: stderr
2026-02-20T01:19:26.233+0000 7f5bee697640 1 -- --> [v2:10.20.193.41:3300/0,v1:10.20.193.41:6789/0] -- mon_getmap magic: 0 -- 0x7f5be810ae80 con 0x7f5be810a4b0
2026-02-20T01:19:26.378 INFO:teuthology.orchestra.run.trial041.stdout:/usr/bin/ceph: stderr
2026-02-20T01:19:26.233+0000 7f5be7fff640 1 --2- >> [v2:10.20.193.41:3300/0,v1:10.20.193.41:6789/0] conn(0x7f5be810a4b0 0x7f5be810a8b0 unknown :-1 s=BANNER_CONNECTING pgs=0 cs=0 l=0 rev1=0 crypto rx=0 tx=0 comp rx=0 tx=0)._handle_peer_banner_payload supported=3 required=0
2026-02-20T01:19:26.378 INFO:teuthology.orchestra.run.trial041.stdout:/usr/bin/ceph: stderr
2026-02-20T01:19:26.233+0000 7f5be7fff640 1 --2- >> [v2:10.20.193.41:3300/0,v1:10.20.193.41:6789/0] conn(0x7f5be810a4b0 0x7f5be810a8b0 unknown :-1 s=HELLO_CONNECTING pgs=0 cs=0 l=0 rev1=1 crypto rx=0 tx=0 comp rx=0 tx=0).handle_hello peer v2:10.20.193.41:3300/0 says I am v2:10.20.193.41:43612/0 (socket says 10.20.193.41:43612)
2026-02-20T01:19:26.378 INFO:teuthology.orchestra.run.trial041.stdout:/usr/bin/ceph: stderr
2026-02-20T01:19:26.233+0000 7f5be7fff640 1 -- 10.20.193.41:0/667245015 learned_addr learned my addr 10.20.193.41:0/667245015 (peer_addr_for_me v2:10.20.193.41:0/0)
2026-02-20T01:19:26.379 INFO:teuthology.orchestra.run.trial041.stdout:/usr/bin/ceph: stderr
2026-02-20T01:19:26.234+0000 7f5be7fff640 1 -- 10.20.193.41:0/667245015 --> [v2:10.20.193.41:3300/0,v1:10.20.193.41:6789/0] -- mon_subscribe({config=0+,monmap=0+}) -- 0x7f5be810b660 con 0x7f5be810a4b0
2026-02-20T01:19:26.379 INFO:teuthology.orchestra.run.trial041.stdout:/usr/bin/ceph: stderr
2026-02-20T01:19:26.234+0000 7f5be7fff640 1 --2- 10.20.193.41:0/667245015 >> [v2:10.20.193.41:3300/0,v1:10.20.193.41:6789/0] conn(0x7f5be810a4b0 0x7f5be810a8b0 secure :-1 s=READY pgs=16 cs=0 l=1 rev1=1 crypto rx=0x7f5bd4009920 tx=0x7f5bd402ef20 comp rx=0 tx=0).ready entity=mon.0 client_cookie=a0a812c472326ab server_cookie=0 in_seq=0 out_seq=0
2026-02-20T01:19:26.379 INFO:teuthology.orchestra.run.trial041.stdout:/usr/bin/ceph: stderr
2026-02-20T01:19:26.234+0000 7f5be6ffd640 1 -- 10.20.193.41:0/667245015 <== mon.0 v2:10.20.193.41:3300/0 1 ==== mon_map magic: 0 ==== 205+0+0 (secure 0 0 0) 0x7f5bd403c070 con 0x7f5be810a4b0
2026-02-20T01:19:26.379 INFO:teuthology.orchestra.run.trial041.stdout:/usr/bin/ceph: stderr
2026-02-20T01:19:26.234+0000 7f5be6ffd640 1 -- 10.20.193.41:0/667245015 <== mon.0 v2:10.20.193.41:3300/0 2 ==== config(25 keys) ==== 1007+0+0 (secure 0 0 0) 0x7f5bd4037440 con 0x7f5be810a4b0
2026-02-20T01:19:26.379 INFO:teuthology.orchestra.run.trial041.stdout:/usr/bin/ceph: stderr
2026-02-20T01:19:26.234+0000 7f5be6ffd640 1 -- 10.20.193.41:0/667245015 <== mon.0 v2:10.20.193.41:3300/0 3 ==== mon_map magic: 0 ==== 205+0+0 (secure 0 0 0) 0x7f5bd40354d0 con 0x7f5be810a4b0
2026-02-20T01:19:26.379 INFO:teuthology.orchestra.run.trial041.stdout:/usr/bin/ceph: stderr
2026-02-20T01:19:26.234+0000 7f5bee697640 1 -- 10.20.193.41:0/667245015 >> [v2:10.20.193.41:3300/0,v1:10.20.193.41:6789/0] conn(0x7f5be810a4b0 msgr2=0x7f5be810a8b0 secure :-1 s=STATE_CONNECTION_ESTABLISHED l=1).mark_down
2026-02-20T01:19:26.379 INFO:teuthology.orchestra.run.trial041.stdout:/usr/bin/ceph: stderr
2026-02-20T01:19:26.234+0000 7f5bee697640 1 --2- 10.20.193.41:0/667245015 >> [v2:10.20.193.41:3300/0,v1:10.20.193.41:6789/0] conn(0x7f5be810a4b0 0x7f5be810a8b0 secure :-1 s=READY pgs=16 cs=0 l=1 rev1=1 crypto rx=0x7f5bd4009920 tx=0x7f5bd402ef20 comp rx=0 tx=0).stop
2026-02-20T01:19:26.379 INFO:teuthology.orchestra.run.trial041.stdout:/usr/bin/ceph: stderr
2026-02-20T01:19:26.234+0000 7f5bee697640 1 -- 10.20.193.41:0/667245015 shutdown_connections
2026-02-20T01:19:26.379 INFO:teuthology.orchestra.run.trial041.stdout:/usr/bin/ceph: stderr
2026-02-20T01:19:26.234+0000 7f5bee697640 1 --2- 10.20.193.41:0/667245015 >> [v2:10.20.193.41:3300/0,v1:10.20.193.41:6789/0] conn(0x7f5be810a4b0 0x7f5be810a8b0 unknown :-1 s=CLOSED pgs=16 cs=0 l=1 rev1=1 crypto rx=0 tx=0 comp rx=0 tx=0).stop
2026-02-20T01:19:26.379 INFO:teuthology.orchestra.run.trial041.stdout:/usr/bin/ceph: stderr
2026-02-20T01:19:26.235+0000 7f5bee697640 1 -- 10.20.193.41:0/667245015 >> 10.20.193.41:0/667245015 conn(0x7f5be807dbc0 msgr2=0x7f5be8108690 unknown :-1 s=STATE_NONE l=0).mark_down
2026-02-20T01:19:26.379 INFO:teuthology.orchestra.run.trial041.stdout:/usr/bin/ceph: stderr
2026-02-20T01:19:26.235+0000 7f5bee697640 1 -- 10.20.193.41:0/667245015 shutdown_connections
2026-02-20T01:19:26.379 INFO:teuthology.orchestra.run.trial041.stdout:/usr/bin/ceph: stderr
2026-02-20T01:19:26.235+0000 7f5bee697640 1 -- 10.20.193.41:0/667245015 wait complete.
2026-02-20T01:19:26.380 INFO:teuthology.orchestra.run.trial041.stdout:/usr/bin/ceph: stderr
2026-02-20T01:19:26.235+0000 7f5bee697640 1 Processor -- start
2026-02-20T01:19:26.380 INFO:teuthology.orchestra.run.trial041.stdout:/usr/bin/ceph: stderr
2026-02-20T01:19:26.235+0000 7f5bee697640 1 -- start start
2026-02-20T01:19:26.380 INFO:teuthology.orchestra.run.trial041.stdout:/usr/bin/ceph: stderr
2026-02-20T01:19:26.235+0000 7f5bee697640 1 --2- >> [v2:10.20.193.41:3300/0,v1:10.20.193.41:6789/0] conn(0x7f5be810a4b0 0x7f5be81a0350 unknown :-1 s=NONE pgs=0 cs=0 l=1 rev1=0 crypto rx=0 tx=0 comp rx=0 tx=0).connect
2026-02-20T01:19:26.380 INFO:teuthology.orchestra.run.trial041.stdout:/usr/bin/ceph: stderr
2026-02-20T01:19:26.235+0000 7f5bee697640 1 -- --> [v2:10.20.193.41:3300/0,v1:10.20.193.41:6789/0] -- mon_getmap magic: 0 -- 0x7f5be810e890 con 0x7f5be810a4b0
2026-02-20T01:19:26.380 INFO:teuthology.orchestra.run.trial041.stdout:/usr/bin/ceph: stderr
2026-02-20T01:19:26.235+0000 7f5be7fff640 1 --2- >> [v2:10.20.193.41:3300/0,v1:10.20.193.41:6789/0] conn(0x7f5be810a4b0 0x7f5be81a0350 unknown :-1 s=BANNER_CONNECTING pgs=0 cs=0 l=1 rev1=0 crypto rx=0 tx=0 comp rx=0 tx=0)._handle_peer_banner_payload supported=3 required=0
2026-02-20T01:19:26.380 INFO:teuthology.orchestra.run.trial041.stdout:/usr/bin/ceph: stderr
2026-02-20T01:19:26.235+0000 7f5be7fff640 1 --2- >> [v2:10.20.193.41:3300/0,v1:10.20.193.41:6789/0] conn(0x7f5be810a4b0 0x7f5be81a0350 unknown :-1 s=HELLO_CONNECTING pgs=0 cs=0 l=1 rev1=1 crypto rx=0 tx=0 comp rx=0 tx=0).handle_hello peer v2:10.20.193.41:3300/0 says I am v2:10.20.193.41:43620/0 (socket says 10.20.193.41:43620)
2026-02-20T01:19:26.380 INFO:teuthology.orchestra.run.trial041.stdout:/usr/bin/ceph: stderr
2026-02-20T01:19:26.235+0000 7f5be7fff640 1 -- 10.20.193.41:0/3836478384 learned_addr learned my addr 10.20.193.41:0/3836478384 (peer_addr_for_me v2:10.20.193.41:0/0)
2026-02-20T01:19:26.380 INFO:teuthology.orchestra.run.trial041.stdout:/usr/bin/ceph: stderr
2026-02-20T01:19:26.235+0000 7f5be7fff640 1 -- 10.20.193.41:0/3836478384 --> [v2:10.20.193.41:3300/0,v1:10.20.193.41:6789/0] -- mon_subscribe({config=0+,monmap=0+}) -- 0x7f5be81a0890 con 0x7f5be810a4b0
2026-02-20T01:19:26.380 INFO:teuthology.orchestra.run.trial041.stdout:/usr/bin/ceph: stderr
2026-02-20T01:19:26.235+0000 7f5be7fff640 1 --2- 10.20.193.41:0/3836478384 >> [v2:10.20.193.41:3300/0,v1:10.20.193.41:6789/0] conn(0x7f5be810a4b0 0x7f5be81a0350 secure :-1 s=READY pgs=17 cs=0 l=1 rev1=1 crypto rx=0x7f5bd4037cd0 tx=0x7f5bd4035b10 comp rx=0 tx=0).ready entity=mon.0 client_cookie=0 server_cookie=0 in_seq=0 out_seq=0
2026-02-20T01:19:26.380 INFO:teuthology.orchestra.run.trial041.stdout:/usr/bin/ceph: stderr
2026-02-20T01:19:26.235+0000 7f5be57fa640 1 -- 10.20.193.41:0/3836478384 <== mon.0 v2:10.20.193.41:3300/0 1 ==== mon_map magic: 0 ==== 205+0+0 (secure 0 0 0) 0x7f5bd4045070 con 0x7f5be810a4b0
2026-02-20T01:19:26.380 INFO:teuthology.orchestra.run.trial041.stdout:/usr/bin/ceph: stderr
2026-02-20T01:19:26.235+0000 7f5be57fa640 1 -- 10.20.193.41:0/3836478384 <== mon.0 v2:10.20.193.41:3300/0 2 ==== config(25 keys) ==== 1007+0+0 (secure 0 0 0) 0x7f5bd4040450 con 0x7f5be810a4b0
2026-02-20T01:19:26.380 INFO:teuthology.orchestra.run.trial041.stdout:/usr/bin/ceph: stderr
2026-02-20T01:19:26.235+0000 7f5bee697640 1 -- 10.20.193.41:0/3836478384 --> [v2:10.20.193.41:3300/0,v1:10.20.193.41:6789/0] -- mon_subscribe({mgrmap=0+}) -- 0x7f5be81a0b20 con 0x7f5be810a4b0
2026-02-20T01:19:26.381 INFO:teuthology.orchestra.run.trial041.stdout:/usr/bin/ceph: stderr
2026-02-20T01:19:26.235+0000 7f5be57fa640 1 -- 10.20.193.41:0/3836478384 <== mon.0 v2:10.20.193.41:3300/0 3 ==== mon_map magic: 0 ==== 205+0+0 (secure 0 0 0) 0x7f5bd403c070 con 0x7f5be810a4b0
2026-02-20T01:19:26.381 INFO:teuthology.orchestra.run.trial041.stdout:/usr/bin/ceph: stderr
2026-02-20T01:19:26.235+0000 7f5bee697640 1 -- 10.20.193.41:0/3836478384 --> [v2:10.20.193.41:3300/0,v1:10.20.193.41:6789/0] -- mon_subscribe({osdmap=0}) -- 0x7f5be81a3810 con 0x7f5be810a4b0
2026-02-20T01:19:26.381 INFO:teuthology.orchestra.run.trial041.stdout:/usr/bin/ceph: stderr
2026-02-20T01:19:26.236+0000 7f5bee697640 1 -- 10.20.193.41:0/3836478384 --> [v2:10.20.193.41:3300/0,v1:10.20.193.41:6789/0] -- mon_command({"prefix": "get_command_descriptions"} v 0) -- 0x7f5be810a930 con 0x7f5be810a4b0
2026-02-20T01:19:26.381 INFO:teuthology.orchestra.run.trial041.stdout:/usr/bin/ceph: stderr
2026-02-20T01:19:26.236+0000 7f5be57fa640 1 -- 10.20.193.41:0/3836478384 <== mon.0 v2:10.20.193.41:3300/0 4 ==== mgrmap(e 3) ==== 50130+0+0 (secure 0 0 0) 0x7f5bd403e4e0 con 0x7f5be810a4b0
2026-02-20T01:19:26.381 INFO:teuthology.orchestra.run.trial041.stdout:/usr/bin/ceph: stderr
2026-02-20T01:19:26.236+0000 7f5be57fa640 1 --2- 10.20.193.41:0/3836478384 >> [v2:10.20.193.41:6800/3953024504,v1:10.20.193.41:6801/3953024504] conn(0x7f5bbc03da80 0x7f5bbc03ff40 unknown :-1 s=NONE pgs=0 cs=0 l=1 rev1=0 crypto rx=0 tx=0 comp rx=0 tx=0).connect
2026-02-20T01:19:26.381 INFO:teuthology.orchestra.run.trial041.stdout:/usr/bin/ceph: stderr
2026-02-20T01:19:26.236+0000 7f5be57fa640 1 -- 10.20.193.41:0/3836478384 <== mon.0 v2:10.20.193.41:3300/0 5 ==== osd_map(1..1 src has 1..1) ==== 725+0+0 (secure 0 0 0) 0x7f5bd4076440 con 0x7f5be810a4b0
2026-02-20T01:19:26.381 INFO:teuthology.orchestra.run.trial041.stdout:/usr/bin/ceph: stderr
2026-02-20T01:19:26.236+0000 7f5be77fe640 1 --2- 10.20.193.41:0/3836478384 >> [v2:10.20.193.41:6800/3953024504,v1:10.20.193.41:6801/3953024504] conn(0x7f5bbc03da80 0x7f5bbc03ff40 unknown :-1 s=BANNER_CONNECTING pgs=0 cs=0 l=1 rev1=0 crypto rx=0 tx=0 comp rx=0 tx=0)._handle_peer_banner_payload supported=3 required=0
2026-02-20T01:19:26.381 INFO:teuthology.orchestra.run.trial041.stdout:/usr/bin/ceph: stderr
2026-02-20T01:19:26.237+0000 7f5be77fe640 1 --2- 10.20.193.41:0/3836478384 >> [v2:10.20.193.41:6800/3953024504,v1:10.20.193.41:6801/3953024504] conn(0x7f5bbc03da80 0x7f5bbc03ff40 secure :-1 s=READY pgs=6 cs=0 l=1 rev1=1 crypto rx=0x7f5bd80099c0 tx=0x7f5bd8006eb0 comp rx=0 tx=0).ready entity=mgr.14100 client_cookie=0 server_cookie=0 in_seq=0 out_seq=0
2026-02-20T01:19:26.381 INFO:teuthology.orchestra.run.trial041.stdout:/usr/bin/ceph: stderr
2026-02-20T01:19:26.239+0000 7f5be57fa640 1 -- 10.20.193.41:0/3836478384 <== mon.0 v2:10.20.193.41:3300/0 6 ==== mon_command_ack([{"prefix": "get_command_descriptions"}]=0 v0) ==== 72+0+195034 (secure 0 0 0) 0x7f5bd4048e30 con 0x7f5be810a4b0
2026-02-20T01:19:26.381 INFO:teuthology.orchestra.run.trial041.stdout:/usr/bin/ceph: stderr
2026-02-20T01:19:26.351+0000 7f5bee697640 1 -- 10.20.193.41:0/3836478384 --> [v2:10.20.193.41:3300/0,v1:10.20.193.41:6789/0] -- mon_command({"prefix": "status", "format": "json-pretty"} v 0) -- 0x7f5be81a3d60 con 0x7f5be810a4b0
2026-02-20T01:19:26.381 INFO:teuthology.orchestra.run.trial041.stdout:/usr/bin/ceph: stderr
2026-02-20T01:19:26.352+0000 7f5be57fa640 1 -- 10.20.193.41:0/3836478384 <== mon.0 v2:10.20.193.41:3300/0 7 ==== mon_command_ack([{"prefix": "status", "format": "json-pretty"}]=0 v0) ==== 79+0+1290 (secure 0 0 0) 0x7f5bd403c210 con 0x7f5be810a4b0
2026-02-20T01:19:26.382 INFO:teuthology.orchestra.run.trial041.stdout:/usr/bin/ceph: stderr
2026-02-20T01:19:26.353+0000 7f5bee697640 1 -- 10.20.193.41:0/3836478384 >> [v2:10.20.193.41:6800/3953024504,v1:10.20.193.41:6801/3953024504] conn(0x7f5bbc03da80 msgr2=0x7f5bbc03ff40 secure :-1 s=STATE_CONNECTION_ESTABLISHED l=1).mark_down
2026-02-20T01:19:26.382 INFO:teuthology.orchestra.run.trial041.stdout:/usr/bin/ceph: stderr
2026-02-20T01:19:26.353+0000 7f5bee697640 1 --2- 10.20.193.41:0/3836478384 >> [v2:10.20.193.41:6800/3953024504,v1:10.20.193.41:6801/3953024504] conn(0x7f5bbc03da80 0x7f5bbc03ff40 secure :-1 s=READY pgs=6 cs=0 l=1 rev1=1 crypto rx=0x7f5bd80099c0 tx=0x7f5bd8006eb0 comp rx=0 tx=0).stop
2026-02-20T01:19:26.382 INFO:teuthology.orchestra.run.trial041.stdout:/usr/bin/ceph: stderr
2026-02-20T01:19:26.353+0000 7f5bee697640 1 -- 10.20.193.41:0/3836478384 >> [v2:10.20.193.41:3300/0,v1:10.20.193.41:6789/0] conn(0x7f5be810a4b0 msgr2=0x7f5be81a0350 secure :-1 s=STATE_CONNECTION_ESTABLISHED l=1).mark_down
2026-02-20T01:19:26.382 INFO:teuthology.orchestra.run.trial041.stdout:/usr/bin/ceph: stderr
2026-02-20T01:19:26.353+0000 7f5bee697640 1 --2- 10.20.193.41:0/3836478384 >> [v2:10.20.193.41:3300/0,v1:10.20.193.41:6789/0] conn(0x7f5be810a4b0 0x7f5be81a0350 secure :-1 s=READY pgs=17 cs=0 l=1 rev1=1 crypto rx=0x7f5bd4037cd0 tx=0x7f5bd4035b10 comp rx=0 tx=0).stop
2026-02-20T01:19:26.382 INFO:teuthology.orchestra.run.trial041.stdout:/usr/bin/ceph: stderr
2026-02-20T01:19:26.353+0000 7f5bee697640 1 -- 10.20.193.41:0/3836478384 shutdown_connections
2026-02-20T01:19:26.382 INFO:teuthology.orchestra.run.trial041.stdout:/usr/bin/ceph: stderr
2026-02-20T01:19:26.353+0000 7f5bee697640 1 --2- 10.20.193.41:0/3836478384 >> [v2:10.20.193.41:6800/3953024504,v1:10.20.193.41:6801/3953024504] conn(0x7f5bbc03da80 0x7f5bbc03ff40 unknown :-1 s=CLOSED pgs=6 cs=0 l=1 rev1=1 crypto rx=0 tx=0 comp rx=0 tx=0).stop
2026-02-20T01:19:26.382 INFO:teuthology.orchestra.run.trial041.stdout:/usr/bin/ceph: stderr
2026-02-20T01:19:26.353+0000 7f5bee697640 1 --2- 10.20.193.41:0/3836478384 >> [v2:10.20.193.41:3300/0,v1:10.20.193.41:6789/0] conn(0x7f5be810a4b0 0x7f5be81a0350 unknown :-1 s=CLOSED pgs=17 cs=0 l=1 rev1=1 crypto rx=0 tx=0 comp rx=0 tx=0).stop
2026-02-20T01:19:26.382 INFO:teuthology.orchestra.run.trial041.stdout:/usr/bin/ceph: stderr
2026-02-20T01:19:26.353+0000 7f5bee697640 1 -- 10.20.193.41:0/3836478384 >> 10.20.193.41:0/3836478384 conn(0x7f5be807dbc0 msgr2=0x7f5be8107e70 unknown :-1 s=STATE_NONE l=0).mark_down
2026-02-20T01:19:26.382 INFO:teuthology.orchestra.run.trial041.stdout:/usr/bin/ceph: stderr
2026-02-20T01:19:26.353+0000 7f5bee697640 1 -- 10.20.193.41:0/3836478384 shutdown_connections
2026-02-20T01:19:26.382 INFO:teuthology.orchestra.run.trial041.stdout:/usr/bin/ceph: stderr
2026-02-20T01:19:26.353+0000 7f5bee697640 1 -- 10.20.193.41:0/3836478384 wait complete.
2026-02-20T01:19:26.382 INFO:teuthology.orchestra.run.trial041.stdout:mgr is available
2026-02-20T01:19:26.574 INFO:teuthology.orchestra.run.trial041.stdout:/usr/bin/ceph: stdout
2026-02-20T01:19:26.574 INFO:teuthology.orchestra.run.trial041.stdout:/usr/bin/ceph: stdout [global]
2026-02-20T01:19:26.574 INFO:teuthology.orchestra.run.trial041.stdout:/usr/bin/ceph: stdout fsid = 262c3cbd-0dfa-11f1-aeab-d404e6e7d460
2026-02-20T01:19:26.574 INFO:teuthology.orchestra.run.trial041.stdout:/usr/bin/ceph: stdout mon_cluster_log_file_level = debug
2026-02-20T01:19:26.575 INFO:teuthology.orchestra.run.trial041.stdout:/usr/bin/ceph: stdout mon_host = [v2:10.20.193.41:3300,v1:10.20.193.41:6789]
2026-02-20T01:19:26.575 INFO:teuthology.orchestra.run.trial041.stdout:/usr/bin/ceph: stdout mon_osd_allow_pg_remap = true
2026-02-20T01:19:26.575 INFO:teuthology.orchestra.run.trial041.stdout:/usr/bin/ceph: stdout mon_osd_allow_primary_affinity = true
2026-02-20T01:19:26.575 INFO:teuthology.orchestra.run.trial041.stdout:/usr/bin/ceph: stdout mon_warn_on_no_sortbitwise = false
2026-02-20T01:19:26.575 INFO:teuthology.orchestra.run.trial041.stdout:/usr/bin/ceph: stdout osd_crush_chooseleaf_type = 0
2026-02-20T01:19:26.575 INFO:teuthology.orchestra.run.trial041.stdout:/usr/bin/ceph: stdout
2026-02-20T01:19:26.575 INFO:teuthology.orchestra.run.trial041.stdout:/usr/bin/ceph: stdout [mgr]
2026-02-20T01:19:26.575 INFO:teuthology.orchestra.run.trial041.stdout:/usr/bin/ceph: stdout mgr/telemetry/nag = false
2026-02-20T01:19:26.575 INFO:teuthology.orchestra.run.trial041.stdout:/usr/bin/ceph: stdout
2026-02-20T01:19:26.575 INFO:teuthology.orchestra.run.trial041.stdout:/usr/bin/ceph: stdout [osd]
2026-02-20T01:19:26.575 INFO:teuthology.orchestra.run.trial041.stdout:/usr/bin/ceph: stdout mon_osd_backfillfull_ratio = 0.85
2026-02-20T01:19:26.575 INFO:teuthology.orchestra.run.trial041.stdout:/usr/bin/ceph: stdout mon_osd_full_ratio = 0.9
2026-02-20T01:19:26.576 INFO:teuthology.orchestra.run.trial041.stdout:/usr/bin/ceph: stdout mon_osd_nearfull_ratio = 0.8
2026-02-20T01:19:26.576 INFO:teuthology.orchestra.run.trial041.stdout:/usr/bin/ceph: stdout osd_map_max_advance = 10
2026-02-20T01:19:26.576 INFO:teuthology.orchestra.run.trial041.stdout:/usr/bin/ceph: stdout osd_sloppy_crc = true
2026-02-20T01:19:26.576 INFO:teuthology.orchestra.run.trial041.stdout:/usr/bin/ceph: stderr
2026-02-20T01:19:26.469+0000 7f2c25f02640 1 Processor -- start
2026-02-20T01:19:26.576 INFO:teuthology.orchestra.run.trial041.stdout:/usr/bin/ceph: stderr
2026-02-20T01:19:26.469+0000 7f2c25f02640 1 -- start start
2026-02-20T01:19:26.576 INFO:teuthology.orchestra.run.trial041.stdout:/usr/bin/ceph: stderr
2026-02-20T01:19:26.469+0000 7f2c25f02640 1 --2- >> [v2:10.20.193.41:3300/0,v1:10.20.193.41:6789/0] conn(0x7f2c2010a4d0 0x7f2c2010a8d0 unknown :-1 s=NONE pgs=0 cs=0 l=0 rev1=0 crypto rx=0 tx=0 comp rx=0 tx=0).connect
2026-02-20T01:19:26.576 INFO:teuthology.orchestra.run.trial041.stdout:/usr/bin/ceph: stderr
2026-02-20T01:19:26.469+0000 7f2c25f02640 1 -- --> [v2:10.20.193.41:3300/0,v1:10.20.193.41:6789/0] -- mon_getmap magic: 0 -- 0x7f2c2010aea0 con 0x7f2c2010a4d0
2026-02-20T01:19:26.576 INFO:teuthology.orchestra.run.trial041.stdout:/usr/bin/ceph: stderr
2026-02-20T01:19:26.469+0000 7f2c1f7fe640 1 --2- >> [v2:10.20.193.41:3300/0,v1:10.20.193.41:6789/0] conn(0x7f2c2010a4d0 0x7f2c2010a8d0 unknown :-1 s=BANNER_CONNECTING pgs=0 cs=0 l=0 rev1=0 crypto rx=0 tx=0 comp rx=0 tx=0)._handle_peer_banner_payload supported=3 required=0
2026-02-20T01:19:26.576 INFO:teuthology.orchestra.run.trial041.stdout:/usr/bin/ceph: stderr
2026-02-20T01:19:26.469+0000 7f2c1f7fe640 1 --2- >> [v2:10.20.193.41:3300/0,v1:10.20.193.41:6789/0] conn(0x7f2c2010a4d0 0x7f2c2010a8d0 unknown :-1 s=HELLO_CONNECTING pgs=0 cs=0 l=0 rev1=1 crypto rx=0 tx=0 comp rx=0 tx=0).handle_hello peer v2:10.20.193.41:3300/0 says I am v2:10.20.193.41:43630/0 (socket says 10.20.193.41:43630)
2026-02-20T01:19:26.576 INFO:teuthology.orchestra.run.trial041.stdout:/usr/bin/ceph: stderr
2026-02-20T01:19:26.469+0000 7f2c1f7fe640 1 -- 10.20.193.41:0/3132045606 learned_addr learned my addr 10.20.193.41:0/3132045606 (peer_addr_for_me v2:10.20.193.41:0/0)
2026-02-20T01:19:26.576 INFO:teuthology.orchestra.run.trial041.stdout:/usr/bin/ceph: stderr
2026-02-20T01:19:26.469+0000 7f2c1f7fe640 1 -- 10.20.193.41:0/3132045606 --> [v2:10.20.193.41:3300/0,v1:10.20.193.41:6789/0] -- mon_subscribe({config=0+,monmap=0+}) -- 0x7f2c2010b680 con 0x7f2c2010a4d0
2026-02-20T01:19:26.577 INFO:teuthology.orchestra.run.trial041.stdout:/usr/bin/ceph: stderr
2026-02-20T01:19:26.470+0000 7f2c1f7fe640 1 --2- 10.20.193.41:0/3132045606 >> [v2:10.20.193.41:3300/0,v1:10.20.193.41:6789/0] conn(0x7f2c2010a4d0 0x7f2c2010a8d0 secure :-1 s=READY pgs=18 cs=0 l=1 rev1=1 crypto rx=0x7f2c0c009920 tx=0x7f2c0c02ef20 comp rx=0 tx=0).ready entity=mon.0 client_cookie=f2dc5d60777f2aa5 server_cookie=0 in_seq=0 out_seq=0
2026-02-20T01:19:26.577 INFO:teuthology.orchestra.run.trial041.stdout:/usr/bin/ceph: stderr
2026-02-20T01:19:26.470+0000 7f2c1e7fc640 1 -- 10.20.193.41:0/3132045606 <== mon.0 v2:10.20.193.41:3300/0 1 ==== mon_map magic: 0 ==== 205+0+0 (secure 0 0 0) 0x7f2c0c03c070 con 0x7f2c2010a4d0
2026-02-20T01:19:26.577 INFO:teuthology.orchestra.run.trial041.stdout:/usr/bin/ceph: stderr
2026-02-20T01:19:26.470+0000 7f2c1e7fc640 1 -- 10.20.193.41:0/3132045606 <== mon.0 v2:10.20.193.41:3300/0 2 ==== config(25 keys) ==== 1007+0+0 (secure 0 0 0) 0x7f2c0c037440 con 0x7f2c2010a4d0
2026-02-20T01:19:26.577 INFO:teuthology.orchestra.run.trial041.stdout:/usr/bin/ceph: stderr
2026-02-20T01:19:26.470+0000 7f2c1e7fc640 1 -- 10.20.193.41:0/3132045606 <== mon.0 v2:10.20.193.41:3300/0 3 ==== mon_map magic: 0 ==== 205+0+0 (secure 0 0 0) 0x7f2c0c0354d0 con 0x7f2c2010a4d0
2026-02-20T01:19:26.577 INFO:teuthology.orchestra.run.trial041.stdout:/usr/bin/ceph: stderr
2026-02-20T01:19:26.470+0000 7f2c25f02640 1 -- 10.20.193.41:0/3132045606 >> [v2:10.20.193.41:3300/0,v1:10.20.193.41:6789/0] conn(0x7f2c2010a4d0 msgr2=0x7f2c2010a8d0 secure :-1 s=STATE_CONNECTION_ESTABLISHED l=1).mark_down
2026-02-20T01:19:26.577 INFO:teuthology.orchestra.run.trial041.stdout:/usr/bin/ceph: stderr
2026-02-20T01:19:26.470+0000 7f2c25f02640 1 --2- 10.20.193.41:0/3132045606 >> [v2:10.20.193.41:3300/0,v1:10.20.193.41:6789/0] conn(0x7f2c2010a4d0 0x7f2c2010a8d0 secure :-1 s=READY pgs=18 cs=0 l=1 rev1=1 crypto rx=0x7f2c0c009920 tx=0x7f2c0c02ef20 comp rx=0 tx=0).stop
2026-02-20T01:19:26.577 INFO:teuthology.orchestra.run.trial041.stdout:/usr/bin/ceph: stderr
2026-02-20T01:19:26.470+0000 7f2c25f02640 1 -- 10.20.193.41:0/3132045606 shutdown_connections
2026-02-20T01:19:26.577 INFO:teuthology.orchestra.run.trial041.stdout:/usr/bin/ceph: stderr
2026-02-20T01:19:26.470+0000 7f2c25f02640 1 --2- 10.20.193.41:0/3132045606 >> [v2:10.20.193.41:3300/0,v1:10.20.193.41:6789/0] conn(0x7f2c2010a4d0 0x7f2c2010a8d0 unknown :-1 s=CLOSED pgs=18 cs=0 l=1 rev1=1 crypto rx=0 tx=0 comp rx=0 tx=0).stop
2026-02-20T01:19:26.577 INFO:teuthology.orchestra.run.trial041.stdout:/usr/bin/ceph: stderr
2026-02-20T01:19:26.470+0000 7f2c25f02640 1 -- 10.20.193.41:0/3132045606 >> 10.20.193.41:0/3132045606 conn(0x7f2c2007dbf0 msgr2=0x7f2c20108690 unknown :-1 s=STATE_NONE l=0).mark_down
2026-02-20T01:19:26.577 INFO:teuthology.orchestra.run.trial041.stdout:/usr/bin/ceph: stderr
2026-02-20T01:19:26.470+0000 7f2c25f02640 1 -- 10.20.193.41:0/3132045606 shutdown_connections
2026-02-20T01:19:26.577 INFO:teuthology.orchestra.run.trial041.stdout:/usr/bin/ceph: stderr
2026-02-20T01:19:26.470+0000 7f2c25f02640 1 -- 10.20.193.41:0/3132045606 wait complete.
2026-02-20T01:19:26.577 INFO:teuthology.orchestra.run.trial041.stdout:/usr/bin/ceph: stderr
2026-02-20T01:19:26.471+0000 7f2c25f02640 1 Processor -- start
2026-02-20T01:19:26.578 INFO:teuthology.orchestra.run.trial041.stdout:/usr/bin/ceph: stderr
2026-02-20T01:19:26.471+0000 7f2c25f02640 1 -- start start
2026-02-20T01:19:26.578 INFO:teuthology.orchestra.run.trial041.stdout:/usr/bin/ceph: stderr
2026-02-20T01:19:26.471+0000 7f2c25f02640 1 --2- >> [v2:10.20.193.41:3300/0,v1:10.20.193.41:6789/0] conn(0x7f2c2010a4d0 0x7f2c201a0330 unknown :-1 s=NONE pgs=0 cs=0 l=1 rev1=0 crypto rx=0 tx=0 comp rx=0 tx=0).connect
2026-02-20T01:19:26.578 INFO:teuthology.orchestra.run.trial041.stdout:/usr/bin/ceph: stderr
2026-02-20T01:19:26.471+0000 7f2c25f02640 1 -- --> [v2:10.20.193.41:3300/0,v1:10.20.193.41:6789/0] -- mon_getmap magic: 0 -- 0x7f2c2010e8b0 con 0x7f2c2010a4d0
2026-02-20T01:19:26.578 INFO:teuthology.orchestra.run.trial041.stdout:/usr/bin/ceph: stderr
2026-02-20T01:19:26.471+0000 7f2c1f7fe640 1 --2- >> [v2:10.20.193.41:3300/0,v1:10.20.193.41:6789/0] conn(0x7f2c2010a4d0 0x7f2c201a0330 unknown :-1 s=BANNER_CONNECTING pgs=0 cs=0 l=1 rev1=0 crypto rx=0 tx=0 comp rx=0 tx=0)._handle_peer_banner_payload supported=3 required=0
2026-02-20T01:19:26.578 INFO:teuthology.orchestra.run.trial041.stdout:/usr/bin/ceph: stderr
2026-02-20T01:19:26.471+0000 7f2c1f7fe640 1 --2- >> [v2:10.20.193.41:3300/0,v1:10.20.193.41:6789/0] conn(0x7f2c2010a4d0 0x7f2c201a0330 unknown :-1 s=HELLO_CONNECTING pgs=0 cs=0 l=1 rev1=1 crypto rx=0 tx=0 comp rx=0 tx=0).handle_hello peer v2:10.20.193.41:3300/0 says I am v2:10.20.193.41:43644/0 (socket says 10.20.193.41:43644)
2026-02-20T01:19:26.578 INFO:teuthology.orchestra.run.trial041.stdout:/usr/bin/ceph: stderr
2026-02-20T01:19:26.471+0000 7f2c1f7fe640 1 -- 10.20.193.41:0/4165065045 learned_addr learned my addr 10.20.193.41:0/4165065045 (peer_addr_for_me v2:10.20.193.41:0/0)
2026-02-20T01:19:26.578 INFO:teuthology.orchestra.run.trial041.stdout:/usr/bin/ceph: stderr
2026-02-20T01:19:26.471+0000 7f2c1f7fe640 1 -- 10.20.193.41:0/4165065045 --> [v2:10.20.193.41:3300/0,v1:10.20.193.41:6789/0] -- mon_subscribe({config=0+,monmap=0+}) -- 0x7f2c201a0870 con 0x7f2c2010a4d0
2026-02-20T01:19:26.578 INFO:teuthology.orchestra.run.trial041.stdout:/usr/bin/ceph: stderr
2026-02-20T01:19:26.471+0000 7f2c1f7fe640 1 --2- 10.20.193.41:0/4165065045 >> [v2:10.20.193.41:3300/0,v1:10.20.193.41:6789/0] conn(0x7f2c2010a4d0 0x7f2c201a0330 secure :-1 s=READY pgs=19 cs=0 l=1 rev1=1 crypto rx=0x7f2c0c002410 tx=0x7f2c0c035b20 comp rx=0 tx=0).ready entity=mon.0 client_cookie=0 server_cookie=0 in_seq=0 out_seq=0
2026-02-20T01:19:26.578 INFO:teuthology.orchestra.run.trial041.stdout:/usr/bin/ceph: stderr
2026-02-20T01:19:26.471+0000 7f2c1cff9640 1 -- 10.20.193.41:0/4165065045 <== mon.0 v2:10.20.193.41:3300/0 1 ==== mon_map magic: 0 ==== 205+0+0 (secure 0 0 0) 0x7f2c0c045070 con 0x7f2c2010a4d0
2026-02-20T01:19:26.578 INFO:teuthology.orchestra.run.trial041.stdout:/usr/bin/ceph: stderr
2026-02-20T01:19:26.471+0000 7f2c1cff9640 1 -- 10.20.193.41:0/4165065045 <== mon.0 v2:10.20.193.41:3300/0 2 ==== config(25 keys) ==== 1007+0+0 (secure 0 0 0) 0x7f2c0c02fe00 con 0x7f2c2010a4d0
2026-02-20T01:19:26.578 INFO:teuthology.orchestra.run.trial041.stdout:/usr/bin/ceph: stderr
2026-02-20T01:19:26.471+0000 7f2c1cff9640 1 -- 10.20.193.41:0/4165065045 <== mon.0 v2:10.20.193.41:3300/0 3 ==== mon_map magic: 0 ==== 205+0+0 (secure 0 0 0) 0x7f2c0c03c070 con 0x7f2c2010a4d0
2026-02-20T01:19:26.578 INFO:teuthology.orchestra.run.trial041.stdout:/usr/bin/ceph: stderr
2026-02-20T01:19:26.471+0000 7f2c25f02640 1 -- 10.20.193.41:0/4165065045 --> [v2:10.20.193.41:3300/0,v1:10.20.193.41:6789/0] -- mon_subscribe({mgrmap=0+}) -- 0x7f2c201a0b00 con 0x7f2c2010a4d0
2026-02-20T01:19:26.578 INFO:teuthology.orchestra.run.trial041.stdout:/usr/bin/ceph: stderr
2026-02-20T01:19:26.471+0000 7f2c25f02640 1 -- 10.20.193.41:0/4165065045 --> [v2:10.20.193.41:3300/0,v1:10.20.193.41:6789/0] -- mon_subscribe({osdmap=0}) -- 0x7f2c201a37f0 con 0x7f2c2010a4d0
2026-02-20T01:19:26.579 INFO:teuthology.orchestra.run.trial041.stdout:/usr/bin/ceph: stderr
2026-02-20T01:19:26.472+0000 7f2c25f02640 1 -- 10.20.193.41:0/4165065045 --> [v2:10.20.193.41:3300/0,v1:10.20.193.41:6789/0] -- mon_command({"prefix": "get_command_descriptions"} v 0) -- 0x7f2c2010a950 con 0x7f2c2010a4d0
2026-02-20T01:19:26.579 INFO:teuthology.orchestra.run.trial041.stdout:/usr/bin/ceph: stderr
2026-02-20T01:19:26.472+0000 7f2c1cff9640 1 -- 10.20.193.41:0/4165065045 <== mon.0 v2:10.20.193.41:3300/0 4 ==== mgrmap(e 4) ==== 50236+0+0 (secure 0 0 0) 0x7f2c0c02f9b0 con 0x7f2c2010a4d0
2026-02-20T01:19:26.579 INFO:teuthology.orchestra.run.trial041.stdout:/usr/bin/ceph: stderr
2026-02-20T01:19:26.472+0000 7f2c1cff9640 1 --2- 10.20.193.41:0/4165065045 >> [v2:10.20.193.41:6800/3953024504,v1:10.20.193.41:6801/3953024504] conn(0x7f2bf403db50 0x7f2bf4040010 unknown :-1 s=NONE pgs=0 cs=0 l=1 rev1=0 crypto rx=0 tx=0 comp rx=0 tx=0).connect
2026-02-20T01:19:26.579 INFO:teuthology.orchestra.run.trial041.stdout:/usr/bin/ceph: stderr
2026-02-20T01:19:26.472+0000 7f2c1cff9640 1 -- 10.20.193.41:0/4165065045 <== mon.0 v2:10.20.193.41:3300/0 5 ==== osd_map(1..1 src has 1..1) ==== 725+0+0 (secure 0 0 0) 0x7f2c0c075fb0 con 0x7f2c2010a4d0
2026-02-20T01:19:26.579 INFO:teuthology.orchestra.run.trial041.stdout:/usr/bin/ceph: stderr
2026-02-20T01:19:26.472+0000 7f2c1effd640 1 --2- 10.20.193.41:0/4165065045 >> [v2:10.20.193.41:6800/3953024504,v1:10.20.193.41:6801/3953024504] conn(0x7f2bf403db50 0x7f2bf4040010 unknown :-1 s=BANNER_CONNECTING pgs=0 cs=0 l=1 rev1=0 crypto rx=0 tx=0 comp rx=0 tx=0)._handle_peer_banner_payload supported=3 required=0
2026-02-20T01:19:26.579 INFO:teuthology.orchestra.run.trial041.stdout:/usr/bin/ceph: stderr
2026-02-20T01:19:26.472+0000 7f2c1effd640 1 --2- 10.20.193.41:0/4165065045 >> [v2:10.20.193.41:6800/3953024504,v1:10.20.193.41:6801/3953024504] conn(0x7f2bf403db50 0x7f2bf4040010 secure :-1 s=READY pgs=7 cs=0 l=1 rev1=1 crypto rx=0x7f2c100099c0 tx=0x7f2c10006eb0 comp rx=0 tx=0).ready entity=mgr.14100 client_cookie=0 server_cookie=0 in_seq=0 out_seq=0
2026-02-20T01:19:26.579 INFO:teuthology.orchestra.run.trial041.stdout:/usr/bin/ceph: stderr
2026-02-20T01:19:26.475+0000 7f2c1cff9640 1 -- 10.20.193.41:0/4165065045 <== mon.0 v2:10.20.193.41:3300/0 6 ==== mon_command_ack([{"prefix": "get_command_descriptions"}]=0 v0) ==== 72+0+195034 (secure 0 0 0) 0x7f2c0c048de0 con 0x7f2c2010a4d0
2026-02-20T01:19:26.579 INFO:teuthology.orchestra.run.trial041.stdout:/usr/bin/ceph: stderr
2026-02-20T01:19:26.557+0000 7f2c25f02640 1 -- 10.20.193.41:0/4165065045 --> [v2:10.20.193.41:3300/0,v1:10.20.193.41:6789/0] -- mon_command({"prefix": "config assimilate-conf"} v 0) -- 0x7f2c201a4ec0 con 0x7f2c2010a4d0
2026-02-20T01:19:26.579 INFO:teuthology.orchestra.run.trial041.stdout:/usr/bin/ceph: stderr
2026-02-20T01:19:26.557+0000 7f2c1cff9640 1 -- 10.20.193.41:0/4165065045 <== mon.0 v2:10.20.193.41:3300/0 7 ==== mon_command_ack([{"prefix": "config assimilate-conf"}]=0 v3) ==== 70+0+465 (secure 0 0 0) 0x7f2c0c075d10 con 0x7f2c2010a4d0
2026-02-20T01:19:26.579 INFO:teuthology.orchestra.run.trial041.stdout:/usr/bin/ceph: stderr
2026-02-20T01:19:26.558+0000 7f2c25f02640 1 -- 10.20.193.41:0/4165065045 >> [v2:10.20.193.41:6800/3953024504,v1:10.20.193.41:6801/3953024504] conn(0x7f2bf403db50 msgr2=0x7f2bf4040010 secure :-1 s=STATE_CONNECTION_ESTABLISHED l=1).mark_down
2026-02-20T01:19:26.579 INFO:teuthology.orchestra.run.trial041.stdout:/usr/bin/ceph: stderr
2026-02-20T01:19:26.558+0000 7f2c25f02640 1 --2- 10.20.193.41:0/4165065045 >> [v2:10.20.193.41:6800/3953024504,v1:10.20.193.41:6801/3953024504] conn(0x7f2bf403db50 0x7f2bf4040010 secure :-1 s=READY pgs=7 cs=0 l=1 rev1=1 crypto rx=0x7f2c100099c0 tx=0x7f2c10006eb0 comp rx=0 tx=0).stop
2026-02-20T01:19:26.580 INFO:teuthology.orchestra.run.trial041.stdout:/usr/bin/ceph: stderr
2026-02-20T01:19:26.558+0000 7f2c25f02640 1 -- 10.20.193.41:0/4165065045 >> [v2:10.20.193.41:3300/0,v1:10.20.193.41:6789/0] conn(0x7f2c2010a4d0 msgr2=0x7f2c201a0330 secure :-1 s=STATE_CONNECTION_ESTABLISHED l=1).mark_down
2026-02-20T01:19:26.580 INFO:teuthology.orchestra.run.trial041.stdout:/usr/bin/ceph: stderr
2026-02-20T01:19:26.558+0000 7f2c25f02640 1 --2- 10.20.193.41:0/4165065045 >> [v2:10.20.193.41:3300/0,v1:10.20.193.41:6789/0] conn(0x7f2c2010a4d0 0x7f2c201a0330 secure :-1 s=READY pgs=19 cs=0 l=1 rev1=1 crypto rx=0x7f2c0c002410 tx=0x7f2c0c035b20 comp rx=0 tx=0).stop
2026-02-20T01:19:26.580 INFO:teuthology.orchestra.run.trial041.stdout:/usr/bin/ceph: stderr
2026-02-20T01:19:26.558+0000 7f2c25f02640 1 -- 10.20.193.41:0/4165065045 shutdown_connections
2026-02-20T01:19:26.580 INFO:teuthology.orchestra.run.trial041.stdout:/usr/bin/ceph: stderr
2026-02-20T01:19:26.558+0000 7f2c25f02640 1 --2- 10.20.193.41:0/4165065045 >> [v2:10.20.193.41:6800/3953024504,v1:10.20.193.41:6801/3953024504] conn(0x7f2bf403db50 0x7f2bf4040010 unknown :-1 s=CLOSED pgs=7 cs=0 l=1 rev1=1 crypto rx=0 tx=0 comp rx=0 tx=0).stop
2026-02-20T01:19:26.580 INFO:teuthology.orchestra.run.trial041.stdout:/usr/bin/ceph: stderr
2026-02-20T01:19:26.558+0000 7f2c25f02640 1 --2- 10.20.193.41:0/4165065045 >> [v2:10.20.193.41:3300/0,v1:10.20.193.41:6789/0] conn(0x7f2c2010a4d0 0x7f2c201a0330 unknown :-1 s=CLOSED pgs=19 cs=0 l=1 rev1=1 crypto rx=0 tx=0 comp rx=0 tx=0).stop
2026-02-20T01:19:26.580 INFO:teuthology.orchestra.run.trial041.stdout:/usr/bin/ceph: stderr
2026-02-20T01:19:26.558+0000 7f2c25f02640 1 -- 10.20.193.41:0/4165065045 >> 10.20.193.41:0/4165065045 conn(0x7f2c2007dbf0 msgr2=0x7f2c20107ef0 unknown :-1 s=STATE_NONE l=0).mark_down
2026-02-20T01:19:26.580 INFO:teuthology.orchestra.run.trial041.stdout:/usr/bin/ceph: stderr
2026-02-20T01:19:26.558+0000 7f2c25f02640 1 -- 10.20.193.41:0/4165065045 shutdown_connections
2026-02-20T01:19:26.580 INFO:teuthology.orchestra.run.trial041.stdout:/usr/bin/ceph: stderr
2026-02-20T01:19:26.558+0000 7f2c25f02640 1 -- 10.20.193.41:0/4165065045 wait complete.
2026-02-20T01:19:26.580 INFO:teuthology.orchestra.run.trial041.stdout:Enabling cephadm module...
2026-02-20T01:19:26.667 INFO:journalctl@ceph.mon.a.trial041.stdout:Feb 20 01:19:26 trial041 ceph-mon[39685]: mgrmap e3: x(active, since 1.00392s)
2026-02-20T01:19:26.667 INFO:journalctl@ceph.mon.a.trial041.stdout:Feb 20 01:19:26 trial041 ceph-mon[39685]: from='client.? 10.20.193.41:0/3836478384' entity='client.admin' cmd=[{"prefix": "status", "format": "json-pretty"}]: dispatch
2026-02-20T01:19:27.480 INFO:teuthology.orchestra.run.trial041.stdout:/usr/bin/ceph: stderr
2026-02-20T01:19:26.676+0000 7f9ebdc4d640 1 Processor -- start
2026-02-20T01:19:27.480 INFO:teuthology.orchestra.run.trial041.stdout:/usr/bin/ceph: stderr
2026-02-20T01:19:26.676+0000 7f9ebdc4d640 1 -- start start
2026-02-20T01:19:27.480 INFO:teuthology.orchestra.run.trial041.stdout:/usr/bin/ceph: stderr
2026-02-20T01:19:26.676+0000 7f9ebdc4d640 1 --2- >> [v2:10.20.193.41:3300/0,v1:10.20.193.41:6789/0] conn(0x7f9eb8108240 0x7f9eb8108640 unknown :-1 s=NONE pgs=0 cs=0 l=0 rev1=0 crypto rx=0 tx=0 comp rx=0 tx=0).connect
2026-02-20T01:19:27.480 INFO:teuthology.orchestra.run.trial041.stdout:/usr/bin/ceph: stderr
2026-02-20T01:19:26.676+0000 7f9ebdc4d640 1 -- --> [v2:10.20.193.41:3300/0,v1:10.20.193.41:6789/0] -- mon_getmap magic: 0 -- 0x7f9eb8108c10 con 0x7f9eb8108240
2026-02-20T01:19:27.480 INFO:teuthology.orchestra.run.trial041.stdout:/usr/bin/ceph: stderr
2026-02-20T01:19:26.676+0000 7f9eb77fe640 1 --2- >> [v2:10.20.193.41:3300/0,v1:10.20.193.41:6789/0] conn(0x7f9eb8108240 0x7f9eb8108640 unknown :-1 s=BANNER_CONNECTING pgs=0 cs=0 l=0 rev1=0 crypto rx=0 tx=0 comp rx=0 tx=0)._handle_peer_banner_payload supported=3 required=0
2026-02-20T01:19:27.480 INFO:teuthology.orchestra.run.trial041.stdout:/usr/bin/ceph: stderr
2026-02-20T01:19:26.676+0000 7f9eb77fe640 1 --2- >> [v2:10.20.193.41:3300/0,v1:10.20.193.41:6789/0] conn(0x7f9eb8108240 0x7f9eb8108640 unknown :-1 s=HELLO_CONNECTING pgs=0 cs=0 l=0 rev1=1 crypto rx=0 tx=0 comp rx=0 tx=0).handle_hello peer v2:10.20.193.41:3300/0 says I am v2:10.20.193.41:43646/0 (socket says 10.20.193.41:43646)
2026-02-20T01:19:27.481 INFO:teuthology.orchestra.run.trial041.stdout:/usr/bin/ceph: stderr
2026-02-20T01:19:26.676+0000 7f9eb77fe640 1 -- 10.20.193.41:0/1195974529 learned_addr learned my addr 10.20.193.41:0/1195974529 (peer_addr_for_me v2:10.20.193.41:0/0)
2026-02-20T01:19:27.481 INFO:teuthology.orchestra.run.trial041.stdout:/usr/bin/ceph: stderr
2026-02-20T01:19:26.676+0000 7f9eb77fe640 1 -- 10.20.193.41:0/1195974529 --> [v2:10.20.193.41:3300/0,v1:10.20.193.41:6789/0] -- mon_subscribe({config=0+,monmap=0+}) -- 0x7f9eb81093f0 con 0x7f9eb8108240
2026-02-20T01:19:27.481 INFO:teuthology.orchestra.run.trial041.stdout:/usr/bin/ceph: stderr
2026-02-20T01:19:26.677+0000 7f9eb77fe640 1 --2- 10.20.193.41:0/1195974529 >> [v2:10.20.193.41:3300/0,v1:10.20.193.41:6789/0] conn(0x7f9eb8108240 0x7f9eb8108640 secure :-1 s=READY pgs=20 cs=0 l=1 rev1=1 crypto rx=0x7f9ea4009920 tx=0x7f9ea402ef20 comp rx=0 tx=0).ready entity=mon.0 client_cookie=e78cde8d849e7d0d server_cookie=0 in_seq=0 out_seq=0
2026-02-20T01:19:27.481 INFO:teuthology.orchestra.run.trial041.stdout:/usr/bin/ceph: stderr
2026-02-20T01:19:26.677+0000 7f9eb67fc640 1 -- 10.20.193.41:0/1195974529 <== mon.0 v2:10.20.193.41:3300/0 1 ==== mon_map magic: 0 ==== 205+0+0 (secure 0 0 0) 0x7f9ea403c070 con 0x7f9eb8108240
2026-02-20T01:19:27.481 INFO:teuthology.orchestra.run.trial041.stdout:/usr/bin/ceph: stderr
2026-02-20T01:19:26.677+0000 7f9eb67fc640 1 -- 10.20.193.41:0/1195974529 <== mon.0 v2:10.20.193.41:3300/0 2 ==== config(25 keys) ==== 1007+0+0 (secure 0 0 0) 0x7f9ea4037440 con 0x7f9eb8108240
2026-02-20T01:19:27.481 INFO:teuthology.orchestra.run.trial041.stdout:/usr/bin/ceph: stderr
2026-02-20T01:19:26.677+0000 7f9eb67fc640 1 -- 10.20.193.41:0/1195974529 <== mon.0 v2:10.20.193.41:3300/0 3 ==== mon_map magic: 0 ==== 205+0+0 (secure 0 0 0) 0x7f9ea40354d0 con 0x7f9eb8108240
2026-02-20T01:19:27.481 INFO:teuthology.orchestra.run.trial041.stdout:/usr/bin/ceph: stderr
2026-02-20T01:19:26.677+0000 7f9ebdc4d640 1 -- 10.20.193.41:0/1195974529 >> [v2:10.20.193.41:3300/0,v1:10.20.193.41:6789/0] conn(0x7f9eb8108240 msgr2=0x7f9eb8108640 secure :-1 s=STATE_CONNECTION_ESTABLISHED l=1).mark_down
2026-02-20T01:19:27.482 INFO:teuthology.orchestra.run.trial041.stdout:/usr/bin/ceph: stderr
2026-02-20T01:19:26.677+0000 7f9ebdc4d640 1 --2- 10.20.193.41:0/1195974529 >> [v2:10.20.193.41:3300/0,v1:10.20.193.41:6789/0] conn(0x7f9eb8108240 0x7f9eb8108640 secure :-1 s=READY pgs=20 cs=0 l=1 rev1=1 crypto rx=0x7f9ea4009920 tx=0x7f9ea402ef20 comp rx=0 tx=0).stop
2026-02-20T01:19:27.482 INFO:teuthology.orchestra.run.trial041.stdout:/usr/bin/ceph: stderr
2026-02-20T01:19:26.677+0000 7f9ebdc4d640 1 -- 10.20.193.41:0/1195974529 shutdown_connections
2026-02-20T01:19:27.482 INFO:teuthology.orchestra.run.trial041.stdout:/usr/bin/ceph: stderr
2026-02-20T01:19:26.677+0000 7f9ebdc4d640 1 --2- 10.20.193.41:0/1195974529 >> [v2:10.20.193.41:3300/0,v1:10.20.193.41:6789/0] conn(0x7f9eb8108240 0x7f9eb8108640 unknown :-1 s=CLOSED pgs=20 cs=0 l=1 rev1=1 crypto rx=0 tx=0 comp rx=0 tx=0).stop
2026-02-20T01:19:27.482 INFO:teuthology.orchestra.run.trial041.stdout:/usr/bin/ceph: stderr
2026-02-20T01:19:26.677+0000 7f9ebdc4d640 1 -- 10.20.193.41:0/1195974529 >> 10.20.193.41:0/1195974529 conn(0x7f9eb81039b0 msgr2=0x7f9eb8105e10 unknown :-1 s=STATE_NONE l=0).mark_down
2026-02-20T01:19:27.482 INFO:teuthology.orchestra.run.trial041.stdout:/usr/bin/ceph: stderr
2026-02-20T01:19:26.677+0000 7f9ebdc4d640 1 -- 10.20.193.41:0/1195974529 shutdown_connections
2026-02-20T01:19:27.482 INFO:teuthology.orchestra.run.trial041.stdout:/usr/bin/ceph: stderr
2026-02-20T01:19:26.677+0000 7f9ebdc4d640 1 -- 10.20.193.41:0/1195974529 wait complete.
2026-02-20T01:19:27.482 INFO:teuthology.orchestra.run.trial041.stdout:/usr/bin/ceph: stderr
2026-02-20T01:19:26.678+0000 7f9ebdc4d640 1 Processor -- start
2026-02-20T01:19:27.482 INFO:teuthology.orchestra.run.trial041.stdout:/usr/bin/ceph: stderr
2026-02-20T01:19:26.678+0000 7f9ebdc4d640 1 -- start start
2026-02-20T01:19:27.483 INFO:teuthology.orchestra.run.trial041.stdout:/usr/bin/ceph: stderr
2026-02-20T01:19:26.678+0000 7f9ebdc4d640 1 --2- >> [v2:10.20.193.41:3300/0,v1:10.20.193.41:6789/0] conn(0x7f9eb8108240 0x7f9eb807dbb0 unknown :-1 s=NONE pgs=0 cs=0 l=1 rev1=0 crypto rx=0 tx=0 comp rx=0 tx=0).connect
2026-02-20T01:19:27.483 INFO:teuthology.orchestra.run.trial041.stdout:/usr/bin/ceph: stderr
2026-02-20T01:19:26.678+0000 7f9ebdc4d640 1 -- --> [v2:10.20.193.41:3300/0,v1:10.20.193.41:6789/0] -- mon_getmap magic: 0 -- 0x7f9eb810c620 con 0x7f9eb8108240
2026-02-20T01:19:27.483 INFO:teuthology.orchestra.run.trial041.stdout:/usr/bin/ceph: stderr
2026-02-20T01:19:26.678+0000 7f9eb77fe640 1 --2- >> [v2:10.20.193.41:3300/0,v1:10.20.193.41:6789/0] conn(0x7f9eb8108240 0x7f9eb807dbb0 unknown :-1 s=BANNER_CONNECTING pgs=0 cs=0 l=1 rev1=0 crypto rx=0 tx=0 comp rx=0 tx=0)._handle_peer_banner_payload supported=3 required=0
2026-02-20T01:19:27.483 INFO:teuthology.orchestra.run.trial041.stdout:/usr/bin/ceph: stderr
2026-02-20T01:19:26.678+0000 7f9eb77fe640 1 --2- >> [v2:10.20.193.41:3300/0,v1:10.20.193.41:6789/0] conn(0x7f9eb8108240 0x7f9eb807dbb0 unknown :-1 s=HELLO_CONNECTING pgs=0 cs=0 l=1 rev1=1 crypto rx=0 tx=0 comp rx=0 tx=0).handle_hello peer v2:10.20.193.41:3300/0 says I am v2:10.20.193.41:43662/0 (socket says 10.20.193.41:43662)
2026-02-20T01:19:27.483 INFO:teuthology.orchestra.run.trial041.stdout:/usr/bin/ceph: stderr
2026-02-20T01:19:26.678+0000 7f9eb77fe640 1 -- 10.20.193.41:0/798668365 learned_addr learned my addr 10.20.193.41:0/798668365 (peer_addr_for_me v2:10.20.193.41:0/0)
2026-02-20T01:19:27.483 INFO:teuthology.orchestra.run.trial041.stdout:/usr/bin/ceph: stderr
2026-02-20T01:19:26.678+0000 7f9eb77fe640 1 -- 10.20.193.41:0/798668365 --> [v2:10.20.193.41:3300/0,v1:10.20.193.41:6789/0] -- mon_subscribe({config=0+,monmap=0+}) -- 0x7f9eb807e0f0 con 0x7f9eb8108240
2026-02-20T01:19:27.483 INFO:teuthology.orchestra.run.trial041.stdout:/usr/bin/ceph: stderr
2026-02-20T01:19:26.678+0000 7f9eb77fe640 1 --2- 10.20.193.41:0/798668365 >> [v2:10.20.193.41:3300/0,v1:10.20.193.41:6789/0] conn(0x7f9eb8108240 0x7f9eb807dbb0 secure :-1 s=READY pgs=21 cs=0 l=1 rev1=1 crypto rx=0x7f9ea4002410 tx=0x7f9ea4035b20 comp rx=0 tx=0).ready entity=mon.0 client_cookie=0 server_cookie=0 in_seq=0 out_seq=0
2026-02-20T01:19:27.483 INFO:teuthology.orchestra.run.trial041.stdout:/usr/bin/ceph: stderr
2026-02-20T01:19:26.678+0000 7f9eb4ff9640 1 -- 10.20.193.41:0/798668365 <== mon.0 v2:10.20.193.41:3300/0 1 ==== mon_map magic: 0 ==== 205+0+0 (secure 0 0 0) 0x7f9ea4045070 con 0x7f9eb8108240
2026-02-20T01:19:27.483 INFO:teuthology.orchestra.run.trial041.stdout:/usr/bin/ceph: stderr
2026-02-20T01:19:26.678+0000 7f9ebdc4d640 1 -- 10.20.193.41:0/798668365 --> [v2:10.20.193.41:3300/0,v1:10.20.193.41:6789/0] -- mon_subscribe({mgrmap=0+}) -- 0x7f9eb807c2e0 con 0x7f9eb8108240
2026-02-20T01:19:27.483 INFO:teuthology.orchestra.run.trial041.stdout:/usr/bin/ceph: stderr
2026-02-20T01:19:26.678+0000 7f9eb4ff9640 1 -- 10.20.193.41:0/798668365 <== mon.0 v2:10.20.193.41:3300/0 2 ==== config(25 keys) ==== 1007+0+0 (secure 0 0 0) 0x7f9ea402fe00 con 0x7f9eb8108240
2026-02-20T01:19:27.483 INFO:teuthology.orchestra.run.trial041.stdout:/usr/bin/ceph: stderr
2026-02-20T01:19:26.678+0000 7f9eb4ff9640 1 -- 10.20.193.41:0/798668365 <== mon.0 v2:10.20.193.41:3300/0 3 ==== mon_map magic: 0 ==== 205+0+0 (secure 0 0 0) 0x7f9ea403c070 con 0x7f9eb8108240
2026-02-20T01:19:27.484 INFO:teuthology.orchestra.run.trial041.stdout:/usr/bin/ceph: stderr
2026-02-20T01:19:26.678+0000 7f9ebdc4d640 1 -- 10.20.193.41:0/798668365 --> [v2:10.20.193.41:3300/0,v1:10.20.193.41:6789/0] -- mon_subscribe({osdmap=0}) -- 0x7f9eb807c7c0 con 0x7f9eb8108240
2026-02-20T01:19:27.484 INFO:teuthology.orchestra.run.trial041.stdout:/usr/bin/ceph: stderr
2026-02-20T01:19:26.679+0000 7f9ebdc4d640 1 -- 10.20.193.41:0/798668365 --> [v2:10.20.193.41:3300/0,v1:10.20.193.41:6789/0] -- mon_command({"prefix": "get_command_descriptions"} v 0) -- 0x7f9eb81086c0 con 0x7f9eb8108240
2026-02-20T01:19:27.484 INFO:teuthology.orchestra.run.trial041.stdout:/usr/bin/ceph: stderr
2026-02-20T01:19:26.679+0000 7f9eb4ff9640 1 -- 10.20.193.41:0/798668365 <== mon.0 v2:10.20.193.41:3300/0 4 ==== mgrmap(e 4) ==== 50236+0+0 (secure 0 0 0) 0x7f9ea4040690 con 0x7f9eb8108240
2026-02-20T01:19:27.484 INFO:teuthology.orchestra.run.trial041.stdout:/usr/bin/ceph: stderr
2026-02-20T01:19:26.679+0000 7f9eb4ff9640 1 --2- 10.20.193.41:0/798668365 >> [v2:10.20.193.41:6800/3953024504,v1:10.20.193.41:6801/3953024504] conn(0x7f9e8c03dba0 0x7f9e8c040060 unknown :-1 s=NONE pgs=0 cs=0 l=1 rev1=0 crypto rx=0 tx=0 comp rx=0 tx=0).connect
2026-02-20T01:19:27.484 INFO:teuthology.orchestra.run.trial041.stdout:/usr/bin/ceph: stderr
2026-02-20T01:19:26.679+0000 7f9eb4ff9640 1 -- 10.20.193.41:0/798668365 <== mon.0 v2:10.20.193.41:3300/0 5 ==== osd_map(1..1 src has 1..1) ==== 725+0+0 (secure 0 0 0) 0x7f9ea4075fe0 con 0x7f9eb8108240
2026-02-20T01:19:27.484 INFO:teuthology.orchestra.run.trial041.stdout:/usr/bin/ceph: stderr
2026-02-20T01:19:26.679+0000 7f9eb6ffd640 1 --2- 10.20.193.41:0/798668365 >> [v2:10.20.193.41:6800/3953024504,v1:10.20.193.41:6801/3953024504] conn(0x7f9e8c03dba0 0x7f9e8c040060 unknown :-1 s=BANNER_CONNECTING pgs=0 cs=0 l=1 rev1=0 crypto rx=0 tx=0 comp rx=0 tx=0)._handle_peer_banner_payload supported=3 required=0
2026-02-20T01:19:27.484 INFO:teuthology.orchestra.run.trial041.stdout:/usr/bin/ceph: stderr
