2026-02-20T01:30:22.650+0000 7fed96575640 1 --2- 10.20.193.20:0/3314800606 >> [v2:10.20.193.20:6800/2095063658,v1:10.20.193.20:6801/2095063658] conn(0x7fed6c03dbf0 0x7fed6c0400b0 secure :-1 s=READY pgs=11 cs=0 l=1 rev1=1 crypto rx=0x7fed800099c0 tx=0x7fed80006eb0 comp rx=0 tx=0).ready entity=mgr.14118 client_cookie=0 server_cookie=0 in_seq=0 out_seq=0
2026-02-20T01:30:24.766 INFO:teuthology.orchestra.run.trial020.stdout:/usr/bin/ceph: stderr
2026-02-20T01:30:22.653+0000 7fed77fff640 1 -- 10.20.193.20:0/3314800606 <== mon.0 v2:10.20.193.20:3300/0 6 ==== mon_command_ack([{"prefix": "get_command_descriptions"}]=0 v0) ==== 72+0+195034 (secure 0 0 0) 0x7fed8c033200 con 0x7fed9810b9c0
2026-02-20T01:30:24.766 INFO:teuthology.orchestra.run.trial020.stdout:/usr/bin/ceph: stderr
2026-02-20T01:30:22.746+0000 7fed9ca40640 1 -- 10.20.193.20:0/3314800606 --> [v2:10.20.193.20:6800/2095063658,v1:10.20.193.20:6801/2095063658] -- mgr_command(tid 0: {"prefix": "orch host add", "hostname": "trial020", "addr": "10.20.193.20", "target": ["mon-mgr", ""]}) -- 0x7fed98108e30 con 0x7fed6c03dbf0
2026-02-20T01:30:24.766 INFO:teuthology.orchestra.run.trial020.stdout:/usr/bin/ceph: stderr
2026-02-20T01:30:24.641+0000 7fed77fff640 1 -- 10.20.193.20:0/3314800606 <== mgr.14118 v2:10.20.193.20:6800/2095063658 1 ==== mgr_command_reply(tid 0: 0 ) ==== 8+0+47 (secure 0 0 0) 0x7fed98108e30 con 0x7fed6c03dbf0
2026-02-20T01:30:24.766 INFO:teuthology.orchestra.run.trial020.stdout:/usr/bin/ceph: stderr
2026-02-20T01:30:24.643+0000 7fed9ca40640 1 -- 10.20.193.20:0/3314800606 >> [v2:10.20.193.20:6800/2095063658,v1:10.20.193.20:6801/2095063658] conn(0x7fed6c03dbf0 msgr2=0x7fed6c0400b0 secure :-1 s=STATE_CONNECTION_ESTABLISHED l=1).mark_down
2026-02-20T01:30:24.766 INFO:teuthology.orchestra.run.trial020.stdout:/usr/bin/ceph: stderr
2026-02-20T01:30:24.643+0000 7fed9ca40640 1 --2- 10.20.193.20:0/3314800606 >> [v2:10.20.193.20:6800/2095063658,v1:10.20.193.20:6801/2095063658] conn(0x7fed6c03dbf0 0x7fed6c0400b0 secure :-1 s=READY pgs=11 cs=0 l=1 rev1=1 crypto rx=0x7fed800099c0 tx=0x7fed80006eb0 comp rx=0 tx=0).stop
2026-02-20T01:30:24.766 INFO:teuthology.orchestra.run.trial020.stdout:/usr/bin/ceph: stderr
2026-02-20T01:30:24.643+0000 7fed9ca40640 1 -- 10.20.193.20:0/3314800606 >> [v2:10.20.193.20:3300/0,v1:10.20.193.20:6789/0] conn(0x7fed9810b9c0 msgr2=0x7fed981a0210 secure :-1 s=STATE_CONNECTION_ESTABLISHED l=1).mark_down
2026-02-20T01:30:24.766 INFO:teuthology.orchestra.run.trial020.stdout:/usr/bin/ceph: stderr
2026-02-20T01:30:24.643+0000 7fed9ca40640 1 --2- 10.20.193.20:0/3314800606 >> [v2:10.20.193.20:3300/0,v1:10.20.193.20:6789/0] conn(0x7fed9810b9c0 0x7fed981a0210 secure :-1 s=READY pgs=44 cs=0 l=1 rev1=1 crypto rx=0x7fed8c006fd0 tx=0x7fed8c037bb0 comp rx=0 tx=0).stop
2026-02-20T01:30:24.766 INFO:teuthology.orchestra.run.trial020.stdout:/usr/bin/ceph: stderr
2026-02-20T01:30:24.643+0000 7fed9ca40640 1 -- 10.20.193.20:0/3314800606 shutdown_connections
2026-02-20T01:30:24.766 INFO:teuthology.orchestra.run.trial020.stdout:/usr/bin/ceph: stderr
2026-02-20T01:30:24.643+0000 7fed9ca40640 1 --2- 10.20.193.20:0/3314800606 >> [v2:10.20.193.20:6800/2095063658,v1:10.20.193.20:6801/2095063658] conn(0x7fed6c03dbf0 0x7fed6c0400b0 unknown :-1 s=CLOSED pgs=11 cs=0 l=1 rev1=1 crypto rx=0 tx=0 comp rx=0 tx=0).stop
2026-02-20T01:30:24.766 INFO:teuthology.orchestra.run.trial020.stdout:/usr/bin/ceph: stderr
2026-02-20T01:30:24.643+0000 7fed9ca40640 1 --2- 10.20.193.20:0/3314800606 >> [v2:10.20.193.20:3300/0,v1:10.20.193.20:6789/0] conn(0x7fed9810b9c0 0x7fed981a0210 unknown :-1 s=CLOSED pgs=44 cs=0 l=1 rev1=1 crypto rx=0 tx=0 comp rx=0 tx=0).stop
2026-02-20T01:30:24.766 INFO:teuthology.orchestra.run.trial020.stdout:/usr/bin/ceph: stderr
2026-02-20T01:30:24.643+0000 7fed9ca40640 1 -- 10.20.193.20:0/3314800606 >> 10.20.193.20:0/3314800606 conn(0x7fed9807dac0 msgr2=0x7fed98108720 unknown :-1 s=STATE_NONE l=0).mark_down
2026-02-20T01:30:24.766 INFO:teuthology.orchestra.run.trial020.stdout:/usr/bin/ceph: stderr
2026-02-20T01:30:24.644+0000 7fed9ca40640 1 -- 10.20.193.20:0/3314800606 shutdown_connections
2026-02-20T01:30:24.766 INFO:teuthology.orchestra.run.trial020.stdout:/usr/bin/ceph: stderr
2026-02-20T01:30:24.644+0000 7fed9ca40640 1 -- 10.20.193.20:0/3314800606 wait complete.
2026-02-20T01:30:24.766 INFO:teuthology.orchestra.run.trial020.stdout:Deploying unmanaged mon service...
2026-02-20T01:30:25.173 INFO:teuthology.orchestra.run.trial020.stdout:/usr/bin/ceph: stdout Scheduled mon update...
2026-02-20T01:30:25.173 INFO:teuthology.orchestra.run.trial020.stdout:/usr/bin/ceph: stderr
2026-02-20T01:30:24.943+0000 7fb121f77640 1 Processor -- start
2026-02-20T01:30:25.173 INFO:teuthology.orchestra.run.trial020.stdout:/usr/bin/ceph: stderr
2026-02-20T01:30:24.943+0000 7fb121f77640 1 -- start start
2026-02-20T01:30:25.173 INFO:teuthology.orchestra.run.trial020.stdout:/usr/bin/ceph: stderr
2026-02-20T01:30:24.943+0000 7fb121f77640 1 --2- >> [v2:10.20.193.20:3300/0,v1:10.20.193.20:6789/0] conn(0x7fb11c112d20 0x7fb11c113120 unknown :-1 s=NONE pgs=0 cs=0 l=0 rev1=0 crypto rx=0 tx=0 comp rx=0 tx=0).connect
2026-02-20T01:30:25.173 INFO:teuthology.orchestra.run.trial020.stdout:/usr/bin/ceph: stderr
2026-02-20T01:30:24.943+0000 7fb121f77640 1 -- --> [v2:10.20.193.20:3300/0,v1:10.20.193.20:6789/0] -- mon_getmap magic: 0 -- 0x7fb11c1136f0 con 0x7fb11c112d20
2026-02-20T01:30:25.173 INFO:teuthology.orchestra.run.trial020.stdout:/usr/bin/ceph: stderr
2026-02-20T01:30:24.943+0000 7fb120f75640 1 --2- >> [v2:10.20.193.20:3300/0,v1:10.20.193.20:6789/0] conn(0x7fb11c112d20 0x7fb11c113120 unknown :-1 s=BANNER_CONNECTING pgs=0 cs=0 l=0 rev1=0 crypto rx=0 tx=0 comp rx=0 tx=0)._handle_peer_banner_payload supported=3 required=0
2026-02-20T01:30:25.173 INFO:teuthology.orchestra.run.trial020.stdout:/usr/bin/ceph: stderr
2026-02-20T01:30:24.943+0000 7fb120f75640 1 --2- >> [v2:10.20.193.20:3300/0,v1:10.20.193.20:6789/0] conn(0x7fb11c112d20 0x7fb11c113120 unknown :-1 s=HELLO_CONNECTING pgs=0 cs=0 l=0 rev1=1 crypto rx=0 tx=0 comp rx=0 tx=0).handle_hello peer v2:10.20.193.20:3300/0 says I am v2:10.20.193.20:34872/0 (socket says 10.20.193.20:34872)
2026-02-20T01:30:25.174 INFO:teuthology.orchestra.run.trial020.stdout:/usr/bin/ceph: stderr
2026-02-20T01:30:24.943+0000 7fb120f75640 1 -- 10.20.193.20:0/4069363449 learned_addr learned my addr 10.20.193.20:0/4069363449 (peer_addr_for_me v2:10.20.193.20:0/0)
2026-02-20T01:30:25.174 INFO:teuthology.orchestra.run.trial020.stdout:/usr/bin/ceph: stderr
2026-02-20T01:30:24.944+0000 7fb120f75640 1 -- 10.20.193.20:0/4069363449 --> [v2:10.20.193.20:3300/0,v1:10.20.193.20:6789/0] -- mon_subscribe({config=0+,monmap=0+}) -- 0x7fb11c113f20 con 0x7fb11c112d20
2026-02-20T01:30:25.174 INFO:teuthology.orchestra.run.trial020.stdout:/usr/bin/ceph: stderr
2026-02-20T01:30:24.944+0000 7fb120f75640 1 --2- 10.20.193.20:0/4069363449 >> [v2:10.20.193.20:3300/0,v1:10.20.193.20:6789/0] conn(0x7fb11c112d20 0x7fb11c113120 secure :-1 s=READY pgs=45 cs=0 l=1 rev1=1 crypto rx=0x7fb10c009920 tx=0x7fb10c02ef20 comp rx=0 tx=0).ready entity=mon.0 client_cookie=355cf685ff068ec5 server_cookie=0 in_seq=0 out_seq=0
2026-02-20T01:30:25.174 INFO:teuthology.orchestra.run.trial020.stdout:/usr/bin/ceph: stderr
2026-02-20T01:30:24.945+0000 7fb1137fe640 1 -- 10.20.193.20:0/4069363449 <== mon.0 v2:10.20.193.20:3300/0 1 ==== mon_map magic: 0 ==== 205+0+0 (secure 0 0 0) 0x7fb10c03c070 con 0x7fb11c112d20
2026-02-20T01:30:25.174 INFO:teuthology.orchestra.run.trial020.stdout:/usr/bin/ceph: stderr
2026-02-20T01:30:24.945+0000 7fb1137fe640 1 -- 10.20.193.20:0/4069363449 <== mon.0 v2:10.20.193.20:3300/0 2 ==== config(26 keys) ==== 1045+0+0 (secure 0 0 0) 0x7fb10c037440 con 0x7fb11c112d20
2026-02-20T01:30:25.174 INFO:teuthology.orchestra.run.trial020.stdout:/usr/bin/ceph: stderr
2026-02-20T01:30:24.945+0000 7fb1137fe640 1 -- 10.20.193.20:0/4069363449 <== mon.0 v2:10.20.193.20:3300/0 3 ==== mon_map magic: 0 ==== 205+0+0 (secure 0 0 0) 0x7fb10c0354b0 con 0x7fb11c112d20
2026-02-20T01:30:25.174 INFO:teuthology.orchestra.run.trial020.stdout:/usr/bin/ceph: stderr
2026-02-20T01:30:24.945+0000 7fb121f77640 1 -- 10.20.193.20:0/4069363449 >> [v2:10.20.193.20:3300/0,v1:10.20.193.20:6789/0] conn(0x7fb11c112d20 msgr2=0x7fb11c113120 secure :-1 s=STATE_CONNECTION_ESTABLISHED l=1).mark_down
2026-02-20T01:30:25.174 INFO:teuthology.orchestra.run.trial020.stdout:/usr/bin/ceph: stderr
2026-02-20T01:30:24.945+0000 7fb121f77640 1 --2- 10.20.193.20:0/4069363449 >> [v2:10.20.193.20:3300/0,v1:10.20.193.20:6789/0] conn(0x7fb11c112d20 0x7fb11c113120 secure :-1 s=READY pgs=45 cs=0 l=1 rev1=1 crypto rx=0x7fb10c009920 tx=0x7fb10c02ef20 comp rx=0 tx=0).stop
2026-02-20T01:30:25.174 INFO:teuthology.orchestra.run.trial020.stdout:/usr/bin/ceph: stderr
2026-02-20T01:30:24.945+0000 7fb121f77640 1 -- 10.20.193.20:0/4069363449 shutdown_connections
2026-02-20T01:30:25.174 INFO:teuthology.orchestra.run.trial020.stdout:/usr/bin/ceph: stderr
2026-02-20T01:30:24.945+0000 7fb121f77640 1 --2- 10.20.193.20:0/4069363449 >> [v2:10.20.193.20:3300/0,v1:10.20.193.20:6789/0] conn(0x7fb11c112d20 0x7fb11c113120 unknown :-1 s=CLOSED pgs=45 cs=0 l=1 rev1=1 crypto rx=0 tx=0 comp rx=0 tx=0).stop
2026-02-20T01:30:25.174 INFO:teuthology.orchestra.run.trial020.stdout:/usr/bin/ceph: stderr
2026-02-20T01:30:24.945+0000 7fb121f77640 1 -- 10.20.193.20:0/4069363449 >> 10.20.193.20:0/4069363449 conn(0x7fb11c06d020 msgr2=0x7fb11c06f440 unknown :-1 s=STATE_NONE l=0).mark_down
2026-02-20T01:30:25.174 INFO:teuthology.orchestra.run.trial020.stdout:/usr/bin/ceph: stderr
2026-02-20T01:30:24.945+0000 7fb121f77640 1 -- 10.20.193.20:0/4069363449 shutdown_connections
2026-02-20T01:30:25.175 INFO:teuthology.orchestra.run.trial020.stdout:/usr/bin/ceph: stderr
2026-02-20T01:30:24.945+0000 7fb121f77640 1 -- 10.20.193.20:0/4069363449 wait complete.
2026-02-20T01:30:25.175 INFO:teuthology.orchestra.run.trial020.stdout:/usr/bin/ceph: stderr
2026-02-20T01:30:24.946+0000 7fb121f77640 1 Processor -- start
2026-02-20T01:30:25.175 INFO:teuthology.orchestra.run.trial020.stdout:/usr/bin/ceph: stderr
2026-02-20T01:30:24.946+0000 7fb121f77640 1 -- start start
2026-02-20T01:30:25.175 INFO:teuthology.orchestra.run.trial020.stdout:/usr/bin/ceph: stderr
2026-02-20T01:30:24.946+0000 7fb121f77640 1 --2- >> [v2:10.20.193.20:3300/0,v1:10.20.193.20:6789/0] conn(0x7fb11c112d20 0x7fb11c1a8c10 unknown :-1 s=NONE pgs=0 cs=0 l=1 rev1=0 crypto rx=0 tx=0 comp rx=0 tx=0).connect
2026-02-20T01:30:25.175 INFO:teuthology.orchestra.run.trial020.stdout:/usr/bin/ceph: stderr
2026-02-20T01:30:24.946+0000 7fb121f77640 1 -- --> [v2:10.20.193.20:3300/0,v1:10.20.193.20:6789/0] -- mon_getmap magic: 0 -- 0x7fb11c117150 con 0x7fb11c112d20
2026-02-20T01:30:25.175 INFO:teuthology.orchestra.run.trial020.stdout:/usr/bin/ceph: stderr
2026-02-20T01:30:24.946+0000 7fb120f75640 1 --2- >> [v2:10.20.193.20:3300/0,v1:10.20.193.20:6789/0] conn(0x7fb11c112d20 0x7fb11c1a8c10 unknown :-1 s=BANNER_CONNECTING pgs=0 cs=0 l=1 rev1=0 crypto rx=0 tx=0 comp rx=0 tx=0)._handle_peer_banner_payload supported=3 required=0
2026-02-20T01:30:25.175 INFO:teuthology.orchestra.run.trial020.stdout:/usr/bin/ceph: stderr
2026-02-20T01:30:24.946+0000 7fb120f75640 1 --2- >> [v2:10.20.193.20:3300/0,v1:10.20.193.20:6789/0] conn(0x7fb11c112d20 0x7fb11c1a8c10 unknown :-1 s=HELLO_CONNECTING pgs=0 cs=0 l=1 rev1=1 crypto rx=0 tx=0 comp rx=0 tx=0).handle_hello peer v2:10.20.193.20:3300/0 says I am v2:10.20.193.20:34876/0 (socket says 10.20.193.20:34876)
2026-02-20T01:30:25.175 INFO:teuthology.orchestra.run.trial020.stdout:/usr/bin/ceph: stderr
2026-02-20T01:30:24.946+0000 7fb120f75640 1 -- 10.20.193.20:0/3744182193 learned_addr learned my addr 10.20.193.20:0/3744182193 (peer_addr_for_me v2:10.20.193.20:0/0)
2026-02-20T01:30:25.175 INFO:teuthology.orchestra.run.trial020.stdout:/usr/bin/ceph: stderr
2026-02-20T01:30:24.947+0000 7fb120f75640 1 -- 10.20.193.20:0/3744182193 --> [v2:10.20.193.20:3300/0,v1:10.20.193.20:6789/0] -- mon_subscribe({config=0+,monmap=0+}) -- 0x7fb11c1a9150 con 0x7fb11c112d20
2026-02-20T01:30:25.175 INFO:teuthology.orchestra.run.trial020.stdout:/usr/bin/ceph: stderr
2026-02-20T01:30:24.947+0000 7fb120f75640 1 --2- 10.20.193.20:0/3744182193 >> [v2:10.20.193.20:3300/0,v1:10.20.193.20:6789/0] conn(0x7fb11c112d20 0x7fb11c1a8c10 secure :-1 s=READY pgs=46 cs=0 l=1 rev1=1 crypto rx=0x7fb10c006fd0 tx=0x7fb10c037bb0 comp rx=0 tx=0).ready entity=mon.0 client_cookie=0 server_cookie=0 in_seq=0 out_seq=0
2026-02-20T01:30:25.175 INFO:teuthology.orchestra.run.trial020.stdout:/usr/bin/ceph: stderr
2026-02-20T01:30:24.947+0000 7fb111ffb640 1 -- 10.20.193.20:0/3744182193 <== mon.0 v2:10.20.193.20:3300/0 1 ==== mon_map magic: 0 ==== 205+0+0 (secure 0 0 0) 0x7fb10c045070 con 0x7fb11c112d20
2026-02-20T01:30:25.175 INFO:teuthology.orchestra.run.trial020.stdout:/usr/bin/ceph: stderr
2026-02-20T01:30:24.947+0000 7fb111ffb640 1 -- 10.20.193.20:0/3744182193 <== mon.0 v2:10.20.193.20:3300/0 2 ==== config(26 keys) ==== 1045+0+0 (secure 0 0 0) 0x7fb10c040450 con 0x7fb11c112d20
2026-02-20T01:30:25.176 INFO:teuthology.orchestra.run.trial020.stdout:/usr/bin/ceph: stderr
2026-02-20T01:30:24.947+0000 7fb111ffb640 1 -- 10.20.193.20:0/3744182193 <== mon.0 v2:10.20.193.20:3300/0 3 ==== mon_map magic: 0 ==== 205+0+0 (secure 0 0 0) 0x7fb10c03c070 con 0x7fb11c112d20
2026-02-20T01:30:25.176 INFO:teuthology.orchestra.run.trial020.stdout:/usr/bin/ceph: stderr
2026-02-20T01:30:24.947+0000 7fb121f77640 1 -- 10.20.193.20:0/3744182193 --> [v2:10.20.193.20:3300/0,v1:10.20.193.20:6789/0] -- mon_subscribe({mgrmap=0+}) -- 0x7fb11c1a93e0 con 0x7fb11c112d20
2026-02-20T01:30:25.176 INFO:teuthology.orchestra.run.trial020.stdout:/usr/bin/ceph: stderr
2026-02-20T01:30:24.947+0000 7fb121f77640 1 -- 10.20.193.20:0/3744182193 --> [v2:10.20.193.20:3300/0,v1:10.20.193.20:6789/0] -- mon_subscribe({osdmap=0}) -- 0x7fb11c1ac0d0 con 0x7fb11c112d20
2026-02-20T01:30:25.176 INFO:teuthology.orchestra.run.trial020.stdout:/usr/bin/ceph: stderr
2026-02-20T01:30:24.948+0000 7fb111ffb640 1 -- 10.20.193.20:0/3744182193 <== mon.0 v2:10.20.193.20:3300/0 4 ==== mgrmap(e 7) ==== 50247+0+0 (secure 0 0 0) 0x7fb10c040900 con 0x7fb11c112d20
2026-02-20T01:30:25.176 INFO:teuthology.orchestra.run.trial020.stdout:/usr/bin/ceph: stderr
2026-02-20T01:30:24.948+0000 7fb121f77640 1 -- 10.20.193.20:0/3744182193 --> [v2:10.20.193.20:3300/0,v1:10.20.193.20:6789/0] -- mon_command({"prefix": "get_command_descriptions"} v 0) -- 0x7fb11c1131a0 con 0x7fb11c112d20
2026-02-20T01:30:25.176 INFO:teuthology.orchestra.run.trial020.stdout:/usr/bin/ceph: stderr
2026-02-20T01:30:24.948+0000 7fb111ffb640 1 --2- 10.20.193.20:0/3744182193 >> [v2:10.20.193.20:6800/2095063658,v1:10.20.193.20:6801/2095063658] conn(0x7fb0f803dc40 0x7fb0f8040100 unknown :-1 s=NONE pgs=0 cs=0 l=1 rev1=0 crypto rx=0 tx=0 comp rx=0 tx=0).connect
2026-02-20T01:30:25.176 INFO:teuthology.orchestra.run.trial020.stdout:/usr/bin/ceph: stderr
2026-02-20T01:30:24.948+0000 7fb111ffb640 1 -- 10.20.193.20:0/3744182193 <== mon.0 v2:10.20.193.20:3300/0 5 ==== osd_map(2..2 src has 1..2) ==== 940+0+0 (secure 0 0 0) 0x7fb10c0766f0 con 0x7fb11c112d20
2026-02-20T01:30:25.176 INFO:teuthology.orchestra.run.trial020.stdout:/usr/bin/ceph: stderr
2026-02-20T01:30:24.949+0000 7fb113fff640 1 --2- 10.20.193.20:0/3744182193 >> [v2:10.20.193.20:6800/2095063658,v1:10.20.193.20:6801/2095063658] conn(0x7fb0f803dc40 0x7fb0f8040100 unknown :-1 s=BANNER_CONNECTING pgs=0 cs=0 l=1 rev1=0 crypto rx=0 tx=0 comp rx=0 tx=0)._handle_peer_banner_payload supported=3 required=0
2026-02-20T01:30:25.176 INFO:teuthology.orchestra.run.trial020.stdout:/usr/bin/ceph: stderr
2026-02-20T01:30:24.949+0000 7fb113fff640 1 --2- 10.20.193.20:0/3744182193 >> [v2:10.20.193.20:6800/2095063658,v1:10.20.193.20:6801/2095063658] conn(0x7fb0f803dc40 0x7fb0f8040100 secure :-1 s=READY pgs=12 cs=0 l=1 rev1=1 crypto rx=0x7fb1040099c0 tx=0x7fb104006eb0 comp rx=0 tx=0).ready entity=mgr.14118 client_cookie=0 server_cookie=0 in_seq=0 out_seq=0
2026-02-20T01:30:25.176 INFO:teuthology.orchestra.run.trial020.stdout:/usr/bin/ceph: stderr
2026-02-20T01:30:24.952+0000 7fb111ffb640 1 -- 10.20.193.20:0/3744182193 <== mon.0 v2:10.20.193.20:3300/0 6 ==== mon_command_ack([{"prefix": "get_command_descriptions"}]=0 v0) ==== 72+0+195034 (secure 0 0 0) 0x7fb10c0406b0 con 0x7fb11c112d20
2026-02-20T01:30:25.176 INFO:teuthology.orchestra.run.trial020.stdout:/usr/bin/ceph: stderr
2026-02-20T01:30:25.048+0000 7fb121f77640 1 -- 10.20.193.20:0/3744182193 --> [v2:10.20.193.20:6800/2095063658,v1:10.20.193.20:6801/2095063658] -- mgr_command(tid 0: {"prefix": "orch apply", "service_type": "mon", "unmanaged": true, "target": ["mon-mgr", ""]}) -- 0x7fb11c06e2e0 con 0x7fb0f803dc40
2026-02-20T01:30:25.176 INFO:teuthology.orchestra.run.trial020.stdout:/usr/bin/ceph: stderr
2026-02-20T01:30:25.052+0000 7fb111ffb640 1 -- 10.20.193.20:0/3744182193 <== mgr.14118 v2:10.20.193.20:6800/2095063658 1 ==== mgr_command_reply(tid 0: 0 ) ==== 8+0+24 (secure 0 0 0) 0x7fb11c06e2e0 con 0x7fb0f803dc40
2026-02-20T01:30:25.177 INFO:teuthology.orchestra.run.trial020.stdout:/usr/bin/ceph: stderr
2026-02-20T01:30:25.054+0000 7fb121f77640 1 -- 10.20.193.20:0/3744182193 >> [v2:10.20.193.20:6800/2095063658,v1:10.20.193.20:6801/2095063658] conn(0x7fb0f803dc40 msgr2=0x7fb0f8040100 secure :-1 s=STATE_CONNECTION_ESTABLISHED l=1).mark_down
2026-02-20T01:30:25.177 INFO:teuthology.orchestra.run.trial020.stdout:/usr/bin/ceph: stderr
2026-02-20T01:30:25.054+0000 7fb121f77640 1 --2- 10.20.193.20:0/3744182193 >> [v2:10.20.193.20:6800/2095063658,v1:10.20.193.20:6801/2095063658] conn(0x7fb0f803dc40 0x7fb0f8040100 secure :-1 s=READY pgs=12 cs=0 l=1 rev1=1 crypto rx=0x7fb1040099c0 tx=0x7fb104006eb0 comp rx=0 tx=0).stop
2026-02-20T01:30:25.177 INFO:teuthology.orchestra.run.trial020.stdout:/usr/bin/ceph: stderr
2026-02-20T01:30:25.054+0000 7fb121f77640 1 -- 10.20.193.20:0/3744182193 >> [v2:10.20.193.20:3300/0,v1:10.20.193.20:6789/0] conn(0x7fb11c112d20 msgr2=0x7fb11c1a8c10 secure :-1 s=STATE_CONNECTION_ESTABLISHED l=1).mark_down
2026-02-20T01:30:25.177 INFO:teuthology.orchestra.run.trial020.stdout:/usr/bin/ceph: stderr
2026-02-20T01:30:25.054+0000 7fb121f77640 1 --2- 10.20.193.20:0/3744182193 >> [v2:10.20.193.20:3300/0,v1:10.20.193.20:6789/0] conn(0x7fb11c112d20 0x7fb11c1a8c10 secure :-1 s=READY pgs=46 cs=0 l=1 rev1=1 crypto rx=0x7fb10c006fd0 tx=0x7fb10c037bb0 comp rx=0 tx=0).stop
2026-02-20T01:30:25.177 INFO:teuthology.orchestra.run.trial020.stdout:/usr/bin/ceph: stderr
2026-02-20T01:30:25.054+0000 7fb121f77640 1 -- 10.20.193.20:0/3744182193 shutdown_connections
2026-02-20T01:30:25.177 INFO:teuthology.orchestra.run.trial020.stdout:/usr/bin/ceph: stderr
2026-02-20T01:30:25.054+0000 7fb121f77640 1 --2- 10.20.193.20:0/3744182193 >> [v2:10.20.193.20:6800/2095063658,v1:10.20.193.20:6801/2095063658] conn(0x7fb0f803dc40 0x7fb0f8040100 unknown :-1 s=CLOSED pgs=12 cs=0 l=1 rev1=1 crypto rx=0 tx=0 comp rx=0 tx=0).stop
2026-02-20T01:30:25.177 INFO:teuthology.orchestra.run.trial020.stdout:/usr/bin/ceph: stderr
2026-02-20T01:30:25.054+0000 7fb121f77640 1 --2- 10.20.193.20:0/3744182193 >> [v2:10.20.193.20:3300/0,v1:10.20.193.20:6789/0] conn(0x7fb11c112d20 0x7fb11c1a8c10 unknown :-1 s=CLOSED pgs=46 cs=0 l=1 rev1=1 crypto rx=0 tx=0 comp rx=0 tx=0).stop
2026-02-20T01:30:25.177 INFO:teuthology.orchestra.run.trial020.stdout:/usr/bin/ceph: stderr
2026-02-20T01:30:25.054+0000 7fb121f77640 1 -- 10.20.193.20:0/3744182193 >> 10.20.193.20:0/3744182193 conn(0x7fb11c06d020 msgr2=0x7fb11c06dbd0 unknown :-1 s=STATE_NONE l=0).mark_down
2026-02-20T01:30:25.177 INFO:teuthology.orchestra.run.trial020.stdout:/usr/bin/ceph: stderr
2026-02-20T01:30:25.054+0000 7fb121f77640 1 -- 10.20.193.20:0/3744182193 shutdown_connections
2026-02-20T01:30:25.177 INFO:teuthology.orchestra.run.trial020.stdout:/usr/bin/ceph: stderr
2026-02-20T01:30:25.054+0000 7fb121f77640 1 -- 10.20.193.20:0/3744182193 wait complete.
2026-02-20T01:30:25.177 INFO:teuthology.orchestra.run.trial020.stdout:Deploying unmanaged mgr service...
2026-02-20T01:30:25.539 INFO:teuthology.orchestra.run.trial020.stdout:/usr/bin/ceph: stdout Scheduled mgr update...
2026-02-20T01:30:25.539 INFO:teuthology.orchestra.run.trial020.stdout:/usr/bin/ceph: stderr
2026-02-20T01:30:25.343+0000 7f4f21a41640 1 Processor -- start
2026-02-20T01:30:25.540 INFO:teuthology.orchestra.run.trial020.stdout:/usr/bin/ceph: stderr
2026-02-20T01:30:25.343+0000 7f4f21a41640 1 -- start start
2026-02-20T01:30:25.540 INFO:teuthology.orchestra.run.trial020.stdout:/usr/bin/ceph: stderr
2026-02-20T01:30:25.343+0000 7f4f21a41640 1 --2- >> [v2:10.20.193.20:3300/0,v1:10.20.193.20:6789/0] conn(0x7f4f1c07ee50 0x7f4f1c07d2b0 unknown :-1 s=NONE pgs=0 cs=0 l=0 rev1=0 crypto rx=0 tx=0 comp rx=0 tx=0).connect
2026-02-20T01:30:25.540 INFO:teuthology.orchestra.run.trial020.stdout:/usr/bin/ceph: stderr
2026-02-20T01:30:25.343+0000 7f4f21a41640 1 -- --> [v2:10.20.193.20:3300/0,v1:10.20.193.20:6789/0] -- mon_getmap magic: 0 -- 0x7f4f1c07d7f0 con 0x7f4f1c07ee50
2026-02-20T01:30:25.540 INFO:teuthology.orchestra.run.trial020.stdout:/usr/bin/ceph: stderr
2026-02-20T01:30:25.343+0000 7f4f20a3f640 1 --2- >> [v2:10.20.193.20:3300/0,v1:10.20.193.20:6789/0] conn(0x7f4f1c07ee50 0x7f4f1c07d2b0 unknown :-1 s=BANNER_CONNECTING pgs=0 cs=0 l=0 rev1=0 crypto rx=0 tx=0 comp rx=0 tx=0)._handle_peer_banner_payload supported=3 required=0
2026-02-20T01:30:25.540 INFO:teuthology.orchestra.run.trial020.stdout:/usr/bin/ceph: stderr
2026-02-20T01:30:25.343+0000 7f4f20a3f640 1 --2- >> [v2:10.20.193.20:3300/0,v1:10.20.193.20:6789/0] conn(0x7f4f1c07ee50 0x7f4f1c07d2b0 unknown :-1 s=HELLO_CONNECTING pgs=0 cs=0 l=0 rev1=1 crypto rx=0 tx=0 comp rx=0 tx=0).handle_hello peer v2:10.20.193.20:3300/0 says I am v2:10.20.193.20:34878/0 (socket says 10.20.193.20:34878)
2026-02-20T01:30:25.540 INFO:teuthology.orchestra.run.trial020.stdout:/usr/bin/ceph: stderr
2026-02-20T01:30:25.343+0000 7f4f20a3f640 1 -- 10.20.193.20:0/3097199409 learned_addr learned my addr 10.20.193.20:0/3097199409 (peer_addr_for_me v2:10.20.193.20:0/0)
2026-02-20T01:30:25.540 INFO:teuthology.orchestra.run.trial020.stdout:/usr/bin/ceph: stderr
2026-02-20T01:30:25.344+0000 7f4f20a3f640 1 -- 10.20.193.20:0/3097199409 --> [v2:10.20.193.20:3300/0,v1:10.20.193.20:6789/0] -- mon_subscribe({config=0+,monmap=0+}) -- 0x7f4f1c07d970 con 0x7f4f1c07ee50
2026-02-20T01:30:25.540 INFO:teuthology.orchestra.run.trial020.stdout:/usr/bin/ceph: stderr
2026-02-20T01:30:25.344+0000 7f4f20a3f640 1 --2- 10.20.193.20:0/3097199409 >> [v2:10.20.193.20:3300/0,v1:10.20.193.20:6789/0] conn(0x7f4f1c07ee50 0x7f4f1c07d2b0 secure :-1 s=READY pgs=47 cs=0 l=1 rev1=1 crypto rx=0x7f4f0c009920 tx=0x7f4f0c02ef20 comp rx=0 tx=0).ready entity=mon.0 client_cookie=47eae09afad58e2c server_cookie=0 in_seq=0 out_seq=0
2026-02-20T01:30:25.540 INFO:teuthology.orchestra.run.trial020.stdout:/usr/bin/ceph: stderr
2026-02-20T01:30:25.345+0000 7f4f137fe640 1 -- 10.20.193.20:0/3097199409 <== mon.0 v2:10.20.193.20:3300/0 1 ==== mon_map magic: 0 ==== 205+0+0 (secure 0 0 0) 0x7f4f0c03c070 con 0x7f4f1c07ee50
2026-02-20T01:30:25.540 INFO:teuthology.orchestra.run.trial020.stdout:/usr/bin/ceph: stderr
2026-02-20T01:30:25.345+0000 7f4f137fe640 1 -- 10.20.193.20:0/3097199409 <== mon.0 v2:10.20.193.20:3300/0 2 ==== config(26 keys) ==== 1045+0+0 (secure 0 0 0) 0x7f4f0c037440 con 0x7f4f1c07ee50
2026-02-20T01:30:25.540 INFO:teuthology.orchestra.run.trial020.stdout:/usr/bin/ceph: stderr
2026-02-20T01:30:25.345+0000 7f4f137fe640 1 -- 10.20.193.20:0/3097199409 <== mon.0 v2:10.20.193.20:3300/0 3 ==== mon_map magic: 0 ==== 205+0+0 (secure 0 0 0) 0x7f4f0c0354b0 con 0x7f4f1c07ee50
2026-02-20T01:30:25.540 INFO:teuthology.orchestra.run.trial020.stdout:/usr/bin/ceph: stderr
2026-02-20T01:30:25.345+0000 7f4f21a41640 1 -- 10.20.193.20:0/3097199409 >> [v2:10.20.193.20:3300/0,v1:10.20.193.20:6789/0] conn(0x7f4f1c07ee50 msgr2=0x7f4f1c07d2b0 secure :-1 s=STATE_CONNECTION_ESTABLISHED l=1).mark_down
2026-02-20T01:30:25.540 INFO:teuthology.orchestra.run.trial020.stdout:/usr/bin/ceph: stderr
2026-02-20T01:30:25.345+0000 7f4f21a41640 1 --2- 10.20.193.20:0/3097199409 >> [v2:10.20.193.20:3300/0,v1:10.20.193.20:6789/0] conn(0x7f4f1c07ee50 0x7f4f1c07d2b0 secure :-1 s=READY pgs=47 cs=0 l=1 rev1=1 crypto rx=0x7f4f0c009920 tx=0x7f4f0c02ef20 comp rx=0 tx=0).stop
2026-02-20T01:30:25.540 INFO:teuthology.orchestra.run.trial020.stdout:/usr/bin/ceph: stderr
2026-02-20T01:30:25.345+0000 7f4f21a41640 1 -- 10.20.193.20:0/3097199409 shutdown_connections
2026-02-20T01:30:25.540 INFO:teuthology.orchestra.run.trial020.stdout:/usr/bin/ceph: stderr
2026-02-20T01:30:25.345+0000 7f4f21a41640 1 --2- 10.20.193.20:0/3097199409 >> [v2:10.20.193.20:3300/0,v1:10.20.193.20:6789/0] conn(0x7f4f1c07ee50 0x7f4f1c07d2b0 unknown :-1 s=CLOSED pgs=47 cs=0 l=1 rev1=1 crypto rx=0 tx=0 comp rx=0 tx=0).stop
2026-02-20T01:30:25.540 INFO:teuthology.orchestra.run.trial020.stdout:/usr/bin/ceph: stderr
2026-02-20T01:30:25.345+0000 7f4f21a41640 1 -- 10.20.193.20:0/3097199409 >> 10.20.193.20:0/3097199409 conn(0x7f4f1c1037f0 msgr2=0x7f4f1c105c50 unknown :-1 s=STATE_NONE l=0).mark_down
2026-02-20T01:30:25.540 INFO:teuthology.orchestra.run.trial020.stdout:/usr/bin/ceph: stderr
2026-02-20T01:30:25.345+0000 7f4f21a41640 1 -- 10.20.193.20:0/3097199409 shutdown_connections
2026-02-20T01:30:25.540 INFO:teuthology.orchestra.run.trial020.stdout:/usr/bin/ceph: stderr
2026-02-20T01:30:25.345+0000 7f4f21a41640 1 -- 10.20.193.20:0/3097199409 wait complete.
2026-02-20T01:30:25.540 INFO:teuthology.orchestra.run.trial020.stdout:/usr/bin/ceph: stderr
2026-02-20T01:30:25.346+0000 7f4f21a41640 1 Processor -- start
2026-02-20T01:30:25.540 INFO:teuthology.orchestra.run.trial020.stdout:/usr/bin/ceph: stderr
2026-02-20T01:30:25.346+0000 7f4f21a41640 1 -- start start
2026-02-20T01:30:25.540 INFO:teuthology.orchestra.run.trial020.stdout:/usr/bin/ceph: stderr
2026-02-20T01:30:25.346+0000 7f4f21a41640 1 --2- >> [v2:10.20.193.20:3300/0,v1:10.20.193.20:6789/0] conn(0x7f4f1c07ee50 0x7f4f1c1a01e0 unknown :-1 s=NONE pgs=0 cs=0 l=1 rev1=0 crypto rx=0 tx=0 comp rx=0 tx=0).connect
2026-02-20T01:30:25.540 INFO:teuthology.orchestra.run.trial020.stdout:/usr/bin/ceph: stderr
2026-02-20T01:30:25.346+0000 7f4f21a41640 1 -- --> [v2:10.20.193.20:3300/0,v1:10.20.193.20:6789/0] -- mon_getmap magic: 0 -- 0x7f4f1c10e5b0 con 0x7f4f1c07ee50
2026-02-20T01:30:25.540 INFO:teuthology.orchestra.run.trial020.stdout:/usr/bin/ceph: stderr
2026-02-20T01:30:25.346+0000 7f4f20a3f640 1 --2- >> [v2:10.20.193.20:3300/0,v1:10.20.193.20:6789/0] conn(0x7f4f1c07ee50 0x7f4f1c1a01e0 unknown :-1 s=BANNER_CONNECTING pgs=0 cs=0 l=1 rev1=0 crypto rx=0 tx=0 comp rx=0 tx=0)._handle_peer_banner_payload supported=3 required=0
2026-02-20T01:30:25.540 INFO:teuthology.orchestra.run.trial020.stdout:/usr/bin/ceph: stderr
2026-02-20T01:30:25.347+0000 7f4f20a3f640 1 --2- >> [v2:10.20.193.20:3300/0,v1:10.20.193.20:6789/0] conn(0x7f4f1c07ee50 0x7f4f1c1a01e0 unknown :-1 s=HELLO_CONNECTING pgs=0 cs=0 l=1 rev1=1 crypto rx=0 tx=0 comp rx=0 tx=0).handle_hello peer v2:10.20.193.20:3300/0 says I am v2:10.20.193.20:34890/0 (socket says 10.20.193.20:34890)
2026-02-20T01:30:25.540 INFO:teuthology.orchestra.run.trial020.stdout:/usr/bin/ceph: stderr
2026-02-20T01:30:25.347+0000 7f4f20a3f640 1 -- 10.20.193.20:0/585076826 learned_addr learned my addr 10.20.193.20:0/585076826 (peer_addr_for_me v2:10.20.193.20:0/0)
2026-02-20T01:30:25.540 INFO:teuthology.orchestra.run.trial020.stdout:/usr/bin/ceph: stderr
2026-02-20T01:30:25.347+0000 7f4f20a3f640 1 -- 10.20.193.20:0/585076826 --> [v2:10.20.193.20:3300/0,v1:10.20.193.20:6789/0] -- mon_subscribe({config=0+,monmap=0+}) -- 0x7f4f1c1a0720 con 0x7f4f1c07ee50
2026-02-20T01:30:25.541 INFO:teuthology.orchestra.run.trial020.stdout:/usr/bin/ceph: stderr
2026-02-20T01:30:25.347+0000 7f4f20a3f640 1 --2- 10.20.193.20:0/585076826 >> [v2:10.20.193.20:3300/0,v1:10.20.193.20:6789/0] conn(0x7f4f1c07ee50 0x7f4f1c1a01e0 secure :-1 s=READY pgs=48 cs=0 l=1 rev1=1 crypto rx=0x7f4f0c009a50 tx=0x7f4f0c037b90 comp rx=0 tx=0).ready entity=mon.0 client_cookie=0 server_cookie=0 in_seq=0 out_seq=0
2026-02-20T01:30:25.541 INFO:teuthology.orchestra.run.trial020.stdout:/usr/bin/ceph: stderr
2026-02-20T01:30:25.347+0000 7f4f11ffb640 1 -- 10.20.193.20:0/585076826 <== mon.0 v2:10.20.193.20:3300/0 1 ==== mon_map magic: 0 ==== 205+0+0 (secure 0 0 0) 0x7f4f0c045070 con 0x7f4f1c07ee50
2026-02-20T01:30:25.541 INFO:teuthology.orchestra.run.trial020.stdout:/usr/bin/ceph: stderr
2026-02-20T01:30:25.347+0000 7f4f11ffb640 1 -- 10.20.193.20:0/585076826 <== mon.0 v2:10.20.193.20:3300/0 2 ==== config(26 keys) ==== 1045+0+0 (secure 0 0 0) 0x7f4f0c040450 con 0x7f4f1c07ee50
2026-02-20T01:30:25.541 INFO:teuthology.orchestra.run.trial020.stdout:/usr/bin/ceph: stderr
2026-02-20T01:30:25.347+0000 7f4f11ffb640 1 -- 10.20.193.20:0/585076826 <== mon.0 v2:10.20.193.20:3300/0 3 ==== mon_map magic: 0 ==== 205+0+0 (secure 0 0 0) 0x7f4f0c03c070 con 0x7f4f1c07ee50
2026-02-20T01:30:25.541 INFO:teuthology.orchestra.run.trial020.stdout:/usr/bin/ceph: stderr
2026-02-20T01:30:25.347+0000 7f4f21a41640 1 -- 10.20.193.20:0/585076826 --> [v2:10.20.193.20:3300/0,v1:10.20.193.20:6789/0] -- mon_subscribe({mgrmap=0+}) -- 0x7f4f1c1a09b0 con 0x7f4f1c07ee50
2026-02-20T01:30:25.541 INFO:teuthology.orchestra.run.trial020.stdout:/usr/bin/ceph: stderr
2026-02-20T01:30:25.347+0000 7f4f21a41640 1 -- 10.20.193.20:0/585076826 --> [v2:10.20.193.20:3300/0,v1:10.20.193.20:6789/0] -- mon_subscribe({osdmap=0}) -- 0x7f4f1c1a36a0 con 0x7f4f1c07ee50
2026-02-20T01:30:25.541 INFO:teuthology.orchestra.run.trial020.stdout:/usr/bin/ceph: stderr
2026-02-20T01:30:25.348+0000 7f4f21a41640 1 -- 10.20.193.20:0/585076826 --> [v2:10.20.193.20:3300/0,v1:10.20.193.20:6789/0] -- mon_command({"prefix": "get_command_descriptions"} v 0) -- 0x7f4f1c07d330 con 0x7f4f1c07ee50
2026-02-20T01:30:25.541 INFO:teuthology.orchestra.run.trial020.stdout:/usr/bin/ceph: stderr
2026-02-20T01:30:25.348+0000 7f4f11ffb640 1 -- 10.20.193.20:0/585076826 <== mon.0 v2:10.20.193.20:3300/0 4 ==== mgrmap(e 7) ==== 50247+0+0 (secure 0 0 0) 0x7f4f0c040900 con 0x7f4f1c07ee50
2026-02-20T01:30:25.541 INFO:teuthology.orchestra.run.trial020.stdout:/usr/bin/ceph: stderr
2026-02-20T01:30:25.349+0000 7f4f11ffb640 1 --2- 10.20.193.20:0/585076826 >> [v2:10.20.193.20:6800/2095063658,v1:10.20.193.20:6801/2095063658] conn(0x7f4ef803dbf0 0x7f4ef80400b0 unknown :-1 s=NONE pgs=0 cs=0 l=1 rev1=0 crypto rx=0 tx=0 comp rx=0 tx=0).connect
2026-02-20T01:30:25.541 INFO:teuthology.orchestra.run.trial020.stdout:/usr/bin/ceph: stderr
2026-02-20T01:30:25.349+0000 7f4f11ffb640 1 -- 10.20.193.20:0/585076826 <== mon.0 v2:10.20.193.20:3300/0 5 ==== osd_map(2..2 src has 1..2) ==== 940+0+0 (secure 0 0 0) 0x7f4f0c0767d0 con 0x7f4f1c07ee50
2026-02-20T01:30:25.541 INFO:teuthology.orchestra.run.trial020.stdout:/usr/bin/ceph: stderr
2026-02-20T01:30:25.349+0000 7f4f13fff640 1 --2- 10.20.193.20:0/585076826 >> [v2:10.20.193.20:6800/2095063658,v1:10.20.193.20:6801/2095063658] conn(0x7f4ef803dbf0 0x7f4ef80400b0 unknown :-1 s=BANNER_CONNECTING pgs=0 cs=0 l=1 rev1=0 crypto rx=0 tx=0 comp rx=0 tx=0)._handle_peer_banner_payload supported=3 required=0
2026-02-20T01:30:25.541 INFO:teuthology.orchestra.run.trial020.stdout:/usr/bin/ceph: stderr
2026-02-20T01:30:25.350+0000 7f4f13fff640 1 --2- 10.20.193.20:0/585076826 >> [v2:10.20.193.20:6800/2095063658,v1:10.20.193.20:6801/2095063658] conn(0x7f4ef803dbf0 0x7f4ef80400b0 secure :-1 s=READY pgs=13 cs=0 l=1 rev1=1 crypto rx=0x7f4f040099c0 tx=0x7f4f04006eb0 comp rx=0 tx=0).ready entity=mgr.14118 client_cookie=0 server_cookie=0 in_seq=0 out_seq=0
2026-02-20T01:30:25.541 INFO:teuthology.orchestra.run.trial020.stdout:/usr/bin/ceph: stderr
2026-02-20T01:30:25.351+0000 7f4f11ffb640 1 -- 10.20.193.20:0/585076826 <== mon.0 v2:10.20.193.20:3300/0 6 ==== mon_command_ack([{"prefix": "get_command_descriptions"}]=0 v0) ==== 72+0+195034 (secure 0 0 0) 0x7f4f0c03b170 con 0x7f4f1c07ee50
2026-02-20T01:30:25.541 INFO:teuthology.orchestra.run.trial020.stdout:/usr/bin/ceph: stderr
2026-02-20T01:30:25.444+0000 7f4f11ffb640 1 -- 10.20.193.20:0/585076826 <== mon.0 v2:10.20.193.20:3300/0 7 ==== config(26 keys) ==== 1076+0+0 (secure 0 0 0) 0x7f4f0c04dea0 con 0x7f4f1c07ee50
2026-02-20T01:30:25.541 INFO:teuthology.orchestra.run.trial020.stdout:/usr/bin/ceph: stderr
2026-02-20T01:30:25.448+0000 7f4f21a41640 1 -- 10.20.193.20:0/585076826 --> [v2:10.20.193.20:6800/2095063658,v1:10.20.193.20:6801/2095063658] -- mgr_command(tid 0: {"prefix": "orch apply", "service_type": "mgr", "unmanaged": true, "target": ["mon-mgr", ""]}) -- 0x7f4f1c104b00 con 0x7f4ef803dbf0
2026-02-20T01:30:25.541 INFO:teuthology.orchestra.run.trial020.stdout:/usr/bin/ceph: stderr
2026-02-20T01:30:25.453+0000 7f4f11ffb640 1 -- 10.20.193.20:0/585076826 <== mgr.14118 v2:10.20.193.20:6800/2095063658 1 ==== mgr_command_reply(tid 0: 0 ) ==== 8+0+24 (secure 0 0 0) 0x7f4f1c104b00 con 0x7f4ef803dbf0
2026-02-20T01:30:25.541 INFO:teuthology.orchestra.run.trial020.stdout:/usr/bin/ceph: stderr
2026-02-20T01:30:25.454+0000 7f4f21a41640 1 -- 10.20.193.20:0/585076826 >> [v2:10.20.193.20:6800/2095063658,v1:10.20.193.20:6801/2095063658] conn(0x7f4ef803dbf0 msgr2=0x7f4ef80400b0 secure :-1 s=STATE_CONNECTION_ESTABLISHED l=1).mark_down
2026-02-20T01:30:25.541 INFO:teuthology.orchestra.run.trial020.stdout:/usr/bin/ceph: stderr
2026-02-20T01:30:25.454+0000 7f4f21a41640 1 --2- 10.20.193.20:0/585076826 >> [v2:10.20.193.20:6800/2095063658,v1:10.20.193.20:6801/2095063658] conn(0x7f4ef803dbf0 0x7f4ef80400b0 secure :-1 s=READY pgs=13 cs=0 l=1 rev1=1 crypto rx=0x7f4f040099c0 tx=0x7f4f04006eb0 comp rx=0 tx=0).stop
2026-02-20T01:30:25.541 INFO:teuthology.orchestra.run.trial020.stdout:/usr/bin/ceph: stderr
2026-02-20T01:30:25.454+0000 7f4f21a41640 1 -- 10.20.193.20:0/585076826 >> [v2:10.20.193.20:3300/0,v1:10.20.193.20:6789/0] conn(0x7f4f1c07ee50 msgr2=0x7f4f1c1a01e0 secure :-1 s=STATE_CONNECTION_ESTABLISHED l=1).mark_down
2026-02-20T01:30:25.541 INFO:teuthology.orchestra.run.trial020.stdout:/usr/bin/ceph: stderr
2026-02-20T01:30:25.454+0000 7f4f21a41640 1 --2- 10.20.193.20:0/585076826 >> [v2:10.20.193.20:3300/0,v1:10.20.193.20:6789/0] conn(0x7f4f1c07ee50 0x7f4f1c1a01e0 secure :-1 s=READY pgs=48 cs=0 l=1 rev1=1 crypto rx=0x7f4f0c009a50 tx=0x7f4f0c037b90 comp rx=0 tx=0).stop
2026-02-20T01:30:25.541 INFO:teuthology.orchestra.run.trial020.stdout:/usr/bin/ceph: stderr
2026-02-20T01:30:25.455+0000 7f4f21a41640 1 -- 10.20.193.20:0/585076826 shutdown_connections
2026-02-20T01:30:25.541 INFO:teuthology.orchestra.run.trial020.stdout:/usr/bin/ceph: stderr
2026-02-20T01:30:25.455+0000 7f4f21a41640 1 --2- 10.20.193.20:0/585076826 >> [v2:10.20.193.20:6800/2095063658,v1:10.20.193.20:6801/2095063658] conn(0x7f4ef803dbf0 0x7f4ef80400b0 unknown :-1 s=CLOSED pgs=13 cs=0 l=1 rev1=1 crypto rx=0 tx=0 comp rx=0 tx=0).stop
2026-02-20T01:30:25.541 INFO:teuthology.orchestra.run.trial020.stdout:/usr/bin/ceph: stderr
2026-02-20T01:30:25.455+0000 7f4f21a41640 1 --2- 10.20.193.20:0/585076826 >> [v2:10.20.193.20:3300/0,v1:10.20.193.20:6789/0] conn(0x7f4f1c07ee50 0x7f4f1c1a01e0 unknown :-1 s=CLOSED pgs=48 cs=0 l=1 rev1=1 crypto rx=0 tx=0 comp rx=0 tx=0).stop
2026-02-20T01:30:25.541 INFO:teuthology.orchestra.run.trial020.stdout:/usr/bin/ceph: stderr
2026-02-20T01:30:25.455+0000 7f4f21a41640 1 -- 10.20.193.20:0/585076826 >> 10.20.193.20:0/585076826 conn(0x7f4f1c1037f0 msgr2=0x7f4f1c1043f0 unknown :-1 s=STATE_NONE l=0).mark_down
2026-02-20T01:30:25.541 INFO:teuthology.orchestra.run.trial020.stdout:/usr/bin/ceph: stderr
2026-02-20T01:30:25.455+0000 7f4f21a41640 1 -- 10.20.193.20:0/585076826 shutdown_connections
2026-02-20T01:30:25.541 INFO:teuthology.orchestra.run.trial020.stdout:/usr/bin/ceph: stderr
2026-02-20T01:30:25.455+0000 7f4f21a41640 1 -- 10.20.193.20:0/585076826 wait complete.
2026-02-20T01:30:25.707 INFO:journalctl@ceph.mon.a.trial020.stdout:Feb 20 01:30:25 trial020 ceph-mon[37397]: from='mgr.14118 10.20.193.20:0/3081988383' entity='mgr.x'
2026-02-20T01:30:25.707 INFO:journalctl@ceph.mon.a.trial020.stdout:Feb 20 01:30:25 trial020 ceph-mon[37397]: Added host trial020
2026-02-20T01:30:25.707 INFO:journalctl@ceph.mon.a.trial020.stdout:Feb 20 01:30:25 trial020 ceph-mon[37397]: from='mgr.14118 10.20.193.20:0/3081988383' entity='mgr.x' cmd=[{"prefix": "config dump", "format": "json"}]: dispatch
2026-02-20T01:30:25.707 INFO:journalctl@ceph.mon.a.trial020.stdout:Feb 20 01:30:25 trial020 ceph-mon[37397]: from='client.14140 -' entity='client.admin' cmd=[{"prefix": "orch apply", "service_type": "mon", "unmanaged": true, "target": ["mon-mgr", ""]}]: dispatch
2026-02-20T01:30:25.707 INFO:journalctl@ceph.mon.a.trial020.stdout:Feb 20 01:30:25 trial020 ceph-mon[37397]: Saving service mon spec with placement count:5
2026-02-20T01:30:25.707 INFO:journalctl@ceph.mon.a.trial020.stdout:Feb 20 01:30:25 trial020 ceph-mon[37397]: from='mgr.14118 10.20.193.20:0/3081988383' entity='mgr.x'
2026-02-20T01:30:25.707 INFO:journalctl@ceph.mon.a.trial020.stdout:Feb 20 01:30:25 trial020 ceph-mon[37397]: from='mgr.14118 10.20.193.20:0/3081988383' entity='mgr.x'
2026-02-20T01:30:25.707 INFO:journalctl@ceph.mon.a.trial020.stdout:Feb 20 01:30:25 trial020 ceph-mon[37397]: from='mgr.14118 10.20.193.20:0/3081988383' entity='mgr.x'
2026-02-20T01:30:25.898 INFO:teuthology.orchestra.run.trial020.stdout:/usr/bin/ceph: stderr
2026-02-20T01:30:25.703+0000 7ffa97577640 1 Processor -- start
2026-02-20T01:30:25.898 INFO:teuthology.orchestra.run.trial020.stdout:/usr/bin/ceph: stderr
2026-02-20T01:30:25.703+0000 7ffa97577640 1 -- start start
2026-02-20T01:30:25.898 INFO:teuthology.orchestra.run.trial020.stdout:/usr/bin/ceph: stderr
2026-02-20T01:30:25.704+0000 7ffa97577640 1 --2- >> [v2:10.20.193.20:3300/0,v1:10.20.193.20:6789/0] conn(0x7ffa9810b9c0 0x7ffa9810bdc0 unknown :-1 s=NONE pgs=0 cs=0 l=0 rev1=0 crypto rx=0 tx=0 comp rx=0 tx=0).connect
2026-02-20T01:30:25.898 INFO:teuthology.orchestra.run.trial020.stdout:/usr/bin/ceph: stderr
2026-02-20T01:30:25.704+0000 7ffa97577640 1 -- --> [v2:10.20.193.20:3300/0,v1:10.20.193.20:6789/0] -- mon_getmap magic: 0 -- 0x7ffa9810c390 con 0x7ffa9810b9c0
2026-02-20T01:30:25.898 INFO:teuthology.orchestra.run.trial020.stdout:/usr/bin/ceph: stderr
2026-02-20T01:30:25.704+0000 7ffa96575640 1 --2- >> [v2:10.20.193.20:3300/0,v1:10.20.193.20:6789/0] conn(0x7ffa9810b9c0 0x7ffa9810bdc0 unknown :-1 s=BANNER_CONNECTING pgs=0 cs=0 l=0 rev1=0 crypto rx=0 tx=0 comp rx=0 tx=0)._handle_peer_banner_payload supported=3 required=0
2026-02-20T01:30:25.899 INFO:teuthology.orchestra.run.trial020.stdout:/usr/bin/ceph: stderr
2026-02-20T01:30:25.704+0000 7ffa96575640 1 --2- >> [v2:10.20.193.20:3300/0,v1:10.20.193.20:6789/0] conn(0x7ffa9810b9c0 0x7ffa9810bdc0 unknown :-1 s=HELLO_CONNECTING pgs=0 cs=0 l=0 rev1=1 crypto rx=0 tx=0 comp rx=0 tx=0).handle_hello peer v2:10.20.193.20:3300/0 says I am v2:10.20.193.20:34898/0 (socket says 10.20.193.20:34898)
2026-02-20T01:30:25.899 INFO:teuthology.orchestra.run.trial020.stdout:/usr/bin/ceph: stderr
2026-02-20T01:30:25.704+0000 7ffa96575640 1 -- 10.20.193.20:0/395426578 learned_addr learned my addr 10.20.193.20:0/395426578 (peer_addr_for_me v2:10.20.193.20:0/0)
2026-02-20T01:30:25.899 INFO:teuthology.orchestra.run.trial020.stdout:/usr/bin/ceph: stderr
2026-02-20T01:30:25.704+0000 7ffa96575640 1 -- 10.20.193.20:0/395426578 --> [v2:10.20.193.20:3300/0,v1:10.20.193.20:6789/0] -- mon_subscribe({config=0+,monmap=0+}) -- 0x7ffa9810a630 con 0x7ffa9810b9c0
2026-02-20T01:30:25.899 INFO:teuthology.orchestra.run.trial020.stdout:/usr/bin/ceph: stderr
2026-02-20T01:30:25.706+0000 7ffa96575640 1 --2- 10.20.193.20:0/395426578 >> [v2:10.20.193.20:3300/0,v1:10.20.193.20:6789/0] conn(0x7ffa9810b9c0 0x7ffa9810bdc0 secure :-1 s=READY pgs=49 cs=0 l=1 rev1=1 crypto rx=0x7ffa8c009920 tx=0x7ffa8c02ef20 comp rx=0 tx=0).ready entity=mon.0 client_cookie=5f7a3d0da6953895 server_cookie=0 in_seq=0 out_seq=0
2026-02-20T01:30:25.899 INFO:teuthology.orchestra.run.trial020.stdout:/usr/bin/ceph: stderr
2026-02-20T01:30:25.706+0000 7ffa95573640 1 -- 10.20.193.20:0/395426578 <== mon.0 v2:10.20.193.20:3300/0 1 ==== mon_map magic: 0 ==== 205+0+0 (secure 0 0 0) 0x7ffa8c03c070 con 0x7ffa9810b9c0
2026-02-20T01:30:25.899 INFO:teuthology.orchestra.run.trial020.stdout:/usr/bin/ceph: stderr
2026-02-20T01:30:25.706+0000 7ffa95573640 1 -- 10.20.193.20:0/395426578 <== mon.0 v2:10.20.193.20:3300/0 2 ==== config(26 keys) ==== 1076+0+0 (secure 0 0 0) 0x7ffa8c037440 con 0x7ffa9810b9c0
2026-02-20T01:30:25.899 INFO:teuthology.orchestra.run.trial020.stdout:/usr/bin/ceph: stderr
2026-02-20T01:30:25.706+0000 7ffa95573640 1 -- 10.20.193.20:0/395426578 <== mon.0 v2:10.20.193.20:3300/0 3 ==== mon_map magic: 0 ==== 205+0+0 (secure 0 0 0) 0x7ffa8c0354d0 con 0x7ffa9810b9c0
2026-02-20T01:30:25.899 INFO:teuthology.orchestra.run.trial020.stdout:/usr/bin/ceph: stderr
2026-02-20T01:30:25.706+0000 7ffa97577640 1 -- 10.20.193.20:0/395426578 >> [v2:10.20.193.20:3300/0,v1:10.20.193.20:6789/0] conn(0x7ffa9810b9c0 msgr2=0x7ffa9810bdc0 secure :-1 s=STATE_CONNECTION_ESTABLISHED l=1).mark_down
2026-02-20T01:30:25.899 INFO:teuthology.orchestra.run.trial020.stdout:/usr/bin/ceph: stderr
2026-02-20T01:30:25.706+0000 7ffa97577640 1 --2- 10.20.193.20:0/395426578 >> [v2:10.20.193.20:3300/0,v1:10.20.193.20:6789/0] conn(0x7ffa9810b9c0 0x7ffa9810bdc0 secure :-1 s=READY pgs=49 cs=0 l=1 rev1=1 crypto rx=0x7ffa8c009920 tx=0x7ffa8c02ef20 comp rx=0 tx=0).stop
2026-02-20T01:30:25.899 INFO:teuthology.orchestra.run.trial020.stdout:/usr/bin/ceph: stderr
2026-02-20T01:30:25.706+0000 7ffa97577640 1 -- 10.20.193.20:0/395426578 shutdown_connections
2026-02-20T01:30:25.899 INFO:teuthology.orchestra.run.trial020.stdout:/usr/bin/ceph: stderr
2026-02-20T01:30:25.706+0000 7ffa97577640 1 --2- 10.20.193.20:0/395426578 >> [v2:10.20.193.20:3300/0,v1:10.20.193.20:6789/0] conn(0x7ffa9810b9c0 0x7ffa9810bdc0 unknown :-1 s=CLOSED pgs=49 cs=0 l=1 rev1=1 crypto rx=0 tx=0 comp rx=0 tx=0).stop
2026-02-20T01:30:25.900 INFO:teuthology.orchestra.run.trial020.stdout:/usr/bin/ceph: stderr
2026-02-20T01:30:25.706+0000 7ffa97577640 1 -- 10.20.193.20:0/395426578 >> 10.20.193.20:0/395426578 conn(0x7ffa9807dac0 msgr2=0x7ffa9807def0 unknown :-1 s=STATE_NONE l=0).mark_down
2026-02-20T01:30:25.900 INFO:teuthology.orchestra.run.trial020.stdout:/usr/bin/ceph: stderr
2026-02-20T01:30:25.706+0000 7ffa97577640 1 -- 10.20.193.20:0/395426578 shutdown_connections
2026-02-20T01:30:25.900 INFO:teuthology.orchestra.run.trial020.stdout:/usr/bin/ceph: stderr
2026-02-20T01:30:25.706+0000 7ffa97577640 1 -- 10.20.193.20:0/395426578 wait complete.
2026-02-20T01:30:25.900 INFO:teuthology.orchestra.run.trial020.stdout:/usr/bin/ceph: stderr
2026-02-20T01:30:25.707+0000 7ffa97577640 1 Processor -- start
2026-02-20T01:30:25.900 INFO:teuthology.orchestra.run.trial020.stdout:/usr/bin/ceph: stderr
2026-02-20T01:30:25.707+0000 7ffa97577640 1 -- start start
2026-02-20T01:30:25.900 INFO:teuthology.orchestra.run.trial020.stdout:/usr/bin/ceph: stderr
2026-02-20T01:30:25.707+0000 7ffa97577640 1 --2- >> [v2:10.20.193.20:3300/0,v1:10.20.193.20:6789/0] conn(0x7ffa9810b9c0 0x7ffa981a01e0 unknown :-1 s=NONE pgs=0 cs=0 l=1 rev1=0 crypto rx=0 tx=0 comp rx=0 tx=0).connect
2026-02-20T01:30:25.900 INFO:teuthology.orchestra.run.trial020.stdout:/usr/bin/ceph: stderr
2026-02-20T01:30:25.707+0000 7ffa97577640 1 -- --> [v2:10.20.193.20:3300/0,v1:10.20.193.20:6789/0] -- mon_getmap magic: 0 -- 0x7ffa9810e870 con 0x7ffa9810b9c0
2026-02-20T01:30:25.900 INFO:teuthology.orchestra.run.trial020.stdout:/usr/bin/ceph: stderr
2026-02-20T01:30:25.708+0000 7ffa96575640 1 --2- >> [v2:10.20.193.20:3300/0,v1:10.20.193.20:6789/0] conn(0x7ffa9810b9c0 0x7ffa981a01e0 unknown :-1 s=BANNER_CONNECTING pgs=0 cs=0 l=1 rev1=0 crypto rx=0 tx=0 comp rx=0 tx=0)._handle_peer_banner_payload supported=3 required=0
2026-02-20T01:30:25.900 INFO:teuthology.orchestra.run.trial020.stdout:/usr/bin/ceph: stderr
2026-02-20T01:30:25.708+0000 7ffa96575640 1 --2- >> [v2:10.20.193.20:3300/0,v1:10.20.193.20:6789/0] conn(0x7ffa9810b9c0 0x7ffa981a01e0 unknown :-1 s=HELLO_CONNECTING pgs=0 cs=0 l=1 rev1=1 crypto rx=0 tx=0 comp rx=0 tx=0).handle_hello peer v2:10.20.193.20:3300/0 says I am v2:10.20.193.20:34900/0 (socket says 10.20.193.20:34900)
2026-02-20T01:30:25.900 INFO:teuthology.orchestra.run.trial020.stdout:/usr/bin/ceph: stderr
2026-02-20T01:30:25.708+0000 7ffa96575640 1 -- 10.20.193.20:0/2257650107 learned_addr learned my addr 10.20.193.20:0/2257650107 (peer_addr_for_me v2:10.20.193.20:0/0)
2026-02-20T01:30:25.900 INFO:teuthology.orchestra.run.trial020.stdout:/usr/bin/ceph: stderr
2026-02-20T01:30:25.708+0000 7ffa96575640 1 -- 10.20.193.20:0/2257650107 --> [v2:10.20.193.20:3300/0,v1:10.20.193.20:6789/0] -- mon_subscribe({config=0+,monmap=0+}) -- 0x7ffa981a0720 con 0x7ffa9810b9c0
2026-02-20T01:30:25.900 INFO:teuthology.orchestra.run.trial020.stdout:/usr/bin/ceph: stderr
2026-02-20T01:30:25.708+0000 7ffa96575640 1 --2- 10.20.193.20:0/2257650107 >> [v2:10.20.193.20:3300/0,v1:10.20.193.20:6789/0] conn(0x7ffa9810b9c0 0x7ffa981a01e0 secure :-1 s=READY pgs=50 cs=0 l=1 rev1=1 crypto rx=0x7ffa8c039000 tx=0x7ffa8c037890 comp rx=0 tx=0).ready entity=mon.0 client_cookie=0 server_cookie=0 in_seq=0 out_seq=0
2026-02-20T01:30:25.901 INFO:teuthology.orchestra.run.trial020.stdout:/usr/bin/ceph: stderr
2026-02-20T01:30:25.709+0000 7ffa7f7fe640 1 -- 10.20.193.20:0/2257650107 <== mon.0 v2:10.20.193.20:3300/0 1 ==== mon_map magic: 0 ==== 205+0+0 (secure 0 0 0) 0x7ffa8c047070 con 0x7ffa9810b9c0
2026-02-20T01:30:25.901 INFO:teuthology.orchestra.run.trial020.stdout:/usr/bin/ceph: stderr
2026-02-20T01:30:25.709+0000 7ffa7f7fe640 1 -- 10.20.193.20:0/2257650107 <== mon.0 v2:10.20.193.20:3300/0 2 ==== config(26 keys) ==== 1076+0+0 (secure 0 0 0) 0x7ffa8c042440 con 0x7ffa9810b9c0
2026-02-20T01:30:25.901 INFO:teuthology.orchestra.run.trial020.stdout:/usr/bin/ceph: stderr
2026-02-20T01:30:25.709+0000 7ffa7f7fe640 1 -- 10.20.193.20:0/2257650107 <== mon.0 v2:10.20.193.20:3300/0 3 ==== mon_map magic: 0 ==== 205+0+0 (secure 0 0 0) 0x7ffa8c03c070 con 0x7ffa9810b9c0
2026-02-20T01:30:25.901 INFO:teuthology.orchestra.run.trial020.stdout:/usr/bin/ceph: stderr
2026-02-20T01:30:25.709+0000 7ffa97577640 1 -- 10.20.193.20:0/2257650107 --> [v2:10.20.193.20:3300/0,v1:10.20.193.20:6789/0] -- mon_subscribe({mgrmap=0+}) -- 0x7ffa981a09b0 con 0x7ffa9810b9c0
2026-02-20T01:30:25.901 INFO:teuthology.orchestra.run.trial020.stdout:/usr/bin/ceph: stderr
2026-02-20T01:30:25.709+0000 7ffa97577640 1 -- 10.20.193.20:0/2257650107 --> [v2:10.20.193.20:3300/0,v1:10.20.193.20:6789/0] -- mon_subscribe({osdmap=0}) -- 0x7ffa981a36a0 con 0x7ffa9810b9c0
2026-02-20T01:30:25.901 INFO:teuthology.orchestra.run.trial020.stdout:/usr/bin/ceph: stderr
2026-02-20T01:30:25.709+0000 7ffa97577640 1 -- 10.20.193.20:0/2257650107 --> [v2:10.20.193.20:3300/0,v1:10.20.193.20:6789/0] -- mon_command({"prefix": "get_command_descriptions"} v 0) -- 0x7ffa9810be40 con 0x7ffa9810b9c0
2026-02-20T01:30:25.901 INFO:teuthology.orchestra.run.trial020.stdout:/usr/bin/ceph: stderr
2026-02-20T01:30:25.710+0000 7ffa7f7fe640 1 -- 10.20.193.20:0/2257650107 <== mon.0 v2:10.20.193.20:3300/0 4 ==== mgrmap(e 7) ==== 50247+0+0 (secure 0 0 0) 0x7ffa8c0425f0 con 0x7ffa9810b9c0
2026-02-20T01:30:25.901 INFO:teuthology.orchestra.run.trial020.stdout:/usr/bin/ceph: stderr
2026-02-20T01:30:25.710+0000 7ffa7f7fe640 1 --2- 10.20.193.20:0/2257650107 >> [v2:10.20.193.20:6800/2095063658,v1:10.20.193.20:6801/2095063658] conn(0x7ffa7003dbf0 0x7ffa700400b0 unknown :-1 s=NONE pgs=0 cs=0 l=1 rev1=0 crypto rx=0 tx=0 comp rx=0 tx=0).connect
2026-02-20T01:30:25.901 INFO:teuthology.orchestra.run.trial020.stdout:/usr/bin/ceph: stderr
2026-02-20T01:30:25.710+0000 7ffa7f7fe640 1 -- 10.20.193.20:0/2257650107 <== mon.0 v2:10.20.193.20:3300/0 5 ==== osd_map(2..2 src has 1..2) ==== 940+0+0 (secure 0 0 0) 0x7ffa8c076710 con 0x7ffa9810b9c0
2026-02-20T01:30:25.901 INFO:teuthology.orchestra.run.trial020.stdout:/usr/bin/ceph: stderr
2026-02-20T01:30:25.710+0000 7ffa95d74640 1 --2- 10.20.193.20:0/2257650107 >> [v2:10.20.193.20:6800/2095063658,v1:10.20.193.20:6801/2095063658] conn(0x7ffa7003dbf0 0x7ffa700400b0 unknown :-1 s=BANNER_CONNECTING pgs=0 cs=0 l=1 rev1=0 crypto rx=0 tx=0 comp rx=0 tx=0)._handle_peer_banner_payload supported=3 required=0
2026-02-20T01:30:25.901 INFO:teuthology.orchestra.run.trial020.stdout:/usr/bin/ceph: stderr
2026-02-20T01:30:25.711+0000 7ffa95d74640 1 --2- 10.20.193.20:0/2257650107 >> [v2:10.20.193.20:6800/2095063658,v1:10.20.193.20:6801/2095063658] conn(0x7ffa7003dbf0 0x7ffa700400b0 secure :-1 s=READY pgs=14 cs=0 l=1 rev1=1 crypto rx=0x7ffa800099c0 tx=0x7ffa80006eb0 comp rx=0 tx=0).ready entity=mgr.14118 client_cookie=0 server_cookie=0 in_seq=0 out_seq=0
2026-02-20T01:30:25.901 INFO:teuthology.orchestra.run.trial020.stdout:/usr/bin/ceph: stderr
2026-02-20T01:30:25.713+0000 7ffa7f7fe640 1 -- 10.20.193.20:0/2257650107 <== mon.0 v2:10.20.193.20:3300/0 6 ==== mon_command_ack([{"prefix": "get_command_descriptions"}]=0 v0) ==== 72+0+195034 (secure 0 0 0) 0x7ffa8c03d270 con 0x7ffa9810b9c0
2026-02-20T01:30:25.902 INFO:teuthology.orchestra.run.trial020.stdout:/usr/bin/ceph: stderr
2026-02-20T01:30:25.805+0000 7ffa97577640 1 -- 10.20.193.20:0/2257650107 --> [v2:10.20.193.20:3300/0,v1:10.20.193.20:6789/0] -- mon_command([{prefix=config set, name=mgr/cephadm/container_init}] v 0) -- 0x7ffa981a3d20 con 0x7ffa9810b9c0
2026-02-20T01:30:25.902 INFO:teuthology.orchestra.run.trial020.stdout:/usr/bin/ceph: stderr
2026-02-20T01:30:25.807+0000 7ffa7f7fe640 1 -- 10.20.193.20:0/2257650107 <== mon.0 v2:10.20.193.20:3300/0 7 ==== mon_command_ack([{prefix=config set, name=mgr/cephadm/container_init}]=0 v7)=0 v7) ==== 142+0+0 (secure 0 0 0) 0x7ffa8c076470 con 0x7ffa9810b9c0
2026-02-20T01:30:25.902 INFO:teuthology.orchestra.run.trial020.stdout:/usr/bin/ceph: stderr
