2026-02-20T01:31:14.904+0000 7fb63cff9640 1 -- 10.20.193.71:0/1706741053 <== mon.0 v2:10.20.193.71:3300/0 5 ==== osd_map(3..3 src has 1..3) ==== 1155+0+0 (secure 0 0 0) 0x7fb62c076c40 con 0x7fb64010ba60
2026-02-20T01:31:15.169 INFO:teuthology.orchestra.run.trial071.stdout:/usr/bin/ceph: stderr
2026-02-20T01:31:14.905+0000 7fb63effd640 1 --2- 10.20.193.71:0/1706741053 >> [v2:10.20.193.71:6800/4001640572,v1:10.20.193.71:6801/4001640572] conn(0x7fb61403db20 0x7fb61403ffe0 unknown :-1 s=BANNER_CONNECTING pgs=0 cs=0 l=1 rev1=0 crypto rx=0 tx=0 comp rx=0 tx=0)._handle_peer_banner_payload supported=3 required=0
2026-02-20T01:31:15.169 INFO:teuthology.orchestra.run.trial071.stdout:/usr/bin/ceph: stderr
2026-02-20T01:31:14.905+0000 7fb63effd640 1 --2- 10.20.193.71:0/1706741053 >> [v2:10.20.193.71:6800/4001640572,v1:10.20.193.71:6801/4001640572] conn(0x7fb61403db20 0x7fb61403ffe0 secure :-1 s=READY pgs=8 cs=0 l=1 rev1=1 crypto rx=0x7fb6300099c0 tx=0x7fb630006eb0 comp rx=0 tx=0).ready entity=mgr.14150 client_cookie=0 server_cookie=0 in_seq=0 out_seq=0
2026-02-20T01:31:15.169 INFO:teuthology.orchestra.run.trial071.stdout:/usr/bin/ceph: stderr
2026-02-20T01:31:14.907+0000 7fb63cff9640 1 -- 10.20.193.71:0/1706741053 <== mon.0 v2:10.20.193.71:3300/0 6 ==== mon_command_ack([{"prefix": "get_command_descriptions"}]=0 v0) ==== 72+0+195034 (secure 0 0 0) 0x7fb62c04a360 con 0x7fb64010ba60
2026-02-20T01:31:15.169 INFO:teuthology.orchestra.run.trial071.stdout:/usr/bin/ceph: stderr
2026-02-20T01:31:14.997+0000 7fb645e9b640 1 -- 10.20.193.71:0/1706741053 --> [v2:10.20.193.71:6800/4001640572,v1:10.20.193.71:6801/4001640572] -- mgr_command(tid 0: {"prefix": "dashboard ac-user-create", "username": "admin", "rolename": "administrator", "force_password": true, "pwd_update_required": true, "target": ["mon-mgr", ""]}) -- 0x7fb64007f9d0 con 0x7fb61403db20
2026-02-20T01:31:15.169 INFO:teuthology.orchestra.run.trial071.stdout:/usr/bin/ceph: stderr
2026-02-20T01:31:15.138+0000 7fb63cff9640 1 -- 10.20.193.71:0/1706741053 <== mgr.14150 v2:10.20.193.71:6800/4001640572 1 ==== mgr_command_reply(tid 0: 0 ) ==== 8+0+252 (secure 0 0 0) 0x7fb64007f9d0 con 0x7fb61403db20
2026-02-20T01:31:15.169 INFO:teuthology.orchestra.run.trial071.stdout:/usr/bin/ceph: stderr
2026-02-20T01:31:15.139+0000 7fb645e9b640 1 -- 10.20.193.71:0/1706741053 >> [v2:10.20.193.71:6800/4001640572,v1:10.20.193.71:6801/4001640572] conn(0x7fb61403db20 msgr2=0x7fb61403ffe0 secure :-1 s=STATE_CONNECTION_ESTABLISHED l=1).mark_down
2026-02-20T01:31:15.170 INFO:teuthology.orchestra.run.trial071.stdout:/usr/bin/ceph: stderr
2026-02-20T01:31:15.139+0000 7fb645e9b640 1 --2- 10.20.193.71:0/1706741053 >> [v2:10.20.193.71:6800/4001640572,v1:10.20.193.71:6801/4001640572] conn(0x7fb61403db20 0x7fb61403ffe0 secure :-1 s=READY pgs=8 cs=0 l=1 rev1=1 crypto rx=0x7fb6300099c0 tx=0x7fb630006eb0 comp rx=0 tx=0).stop
2026-02-20T01:31:15.170 INFO:teuthology.orchestra.run.trial071.stdout:/usr/bin/ceph: stderr
2026-02-20T01:31:15.139+0000 7fb645e9b640 1 -- 10.20.193.71:0/1706741053 >> [v2:10.20.193.71:3300/0,v1:10.20.193.71:6789/0] conn(0x7fb64010ba60 msgr2=0x7fb640082c60 secure :-1 s=STATE_CONNECTION_ESTABLISHED l=1).mark_down
2026-02-20T01:31:15.170 INFO:teuthology.orchestra.run.trial071.stdout:/usr/bin/ceph: stderr
2026-02-20T01:31:15.139+0000 7fb645e9b640 1 --2- 10.20.193.71:0/1706741053 >> [v2:10.20.193.71:3300/0,v1:10.20.193.71:6789/0] conn(0x7fb64010ba60 0x7fb640082c60 secure :-1 s=READY pgs=71 cs=0 l=1 rev1=1 crypto rx=0x7fb62c037820 tx=0x7fb62c037850 comp rx=0 tx=0).stop
2026-02-20T01:31:15.170 INFO:teuthology.orchestra.run.trial071.stdout:/usr/bin/ceph: stderr
2026-02-20T01:31:15.139+0000 7fb645e9b640 1 -- 10.20.193.71:0/1706741053 shutdown_connections
2026-02-20T01:31:15.170 INFO:teuthology.orchestra.run.trial071.stdout:/usr/bin/ceph: stderr
2026-02-20T01:31:15.139+0000 7fb645e9b640 1 --2- 10.20.193.71:0/1706741053 >> [v2:10.20.193.71:6800/4001640572,v1:10.20.193.71:6801/4001640572] conn(0x7fb61403db20 0x7fb61403ffe0 unknown :-1 s=CLOSED pgs=8 cs=0 l=1 rev1=1 crypto rx=0 tx=0 comp rx=0 tx=0).stop
2026-02-20T01:31:15.170 INFO:teuthology.orchestra.run.trial071.stdout:/usr/bin/ceph: stderr
2026-02-20T01:31:15.139+0000 7fb645e9b640 1 --2- 10.20.193.71:0/1706741053 >> [v2:10.20.193.71:3300/0,v1:10.20.193.71:6789/0] conn(0x7fb64010ba60 0x7fb640082c60 unknown :-1 s=CLOSED pgs=71 cs=0 l=1 rev1=1 crypto rx=0 tx=0 comp rx=0 tx=0).stop
2026-02-20T01:31:15.170 INFO:teuthology.orchestra.run.trial071.stdout:/usr/bin/ceph: stderr
2026-02-20T01:31:15.139+0000 7fb645e9b640 1 -- 10.20.193.71:0/1706741053 >> 10.20.193.71:0/1706741053 conn(0x7fb64007db50 msgr2=0x7fb640108750 unknown :-1 s=STATE_NONE l=0).mark_down
2026-02-20T01:31:15.170 INFO:teuthology.orchestra.run.trial071.stdout:/usr/bin/ceph: stderr
2026-02-20T01:31:15.139+0000 7fb645e9b640 1 -- 10.20.193.71:0/1706741053 shutdown_connections
2026-02-20T01:31:15.170 INFO:teuthology.orchestra.run.trial071.stdout:/usr/bin/ceph: stderr
2026-02-20T01:31:15.139+0000 7fb645e9b640 1 -- 10.20.193.71:0/1706741053 wait complete.
2026-02-20T01:31:15.170 INFO:teuthology.orchestra.run.trial071.stdout:Fetching dashboard port number...
2026-02-20T01:31:15.371 INFO:teuthology.orchestra.run.trial071.stdout:/usr/bin/ceph: stdout 8443
2026-02-20T01:31:15.372 INFO:teuthology.orchestra.run.trial071.stdout:/usr/bin/ceph: stderr
2026-02-20T01:31:15.260+0000 7fbff62e1640 1 Processor -- start
2026-02-20T01:31:15.372 INFO:teuthology.orchestra.run.trial071.stdout:/usr/bin/ceph: stderr
2026-02-20T01:31:15.260+0000 7fbff62e1640 1 -- start start
2026-02-20T01:31:15.372 INFO:teuthology.orchestra.run.trial071.stdout:/usr/bin/ceph: stderr
2026-02-20T01:31:15.260+0000 7fbff62e1640 1 --2- >> [v2:10.20.193.71:3300/0,v1:10.20.193.71:6789/0] conn(0x7fbff010ba60 0x7fbff010be60 unknown :-1 s=NONE pgs=0 cs=0 l=0 rev1=0 crypto rx=0 tx=0 comp rx=0 tx=0).connect
2026-02-20T01:31:15.372 INFO:teuthology.orchestra.run.trial071.stdout:/usr/bin/ceph: stderr
2026-02-20T01:31:15.260+0000 7fbff62e1640 1 -- --> [v2:10.20.193.71:3300/0,v1:10.20.193.71:6789/0] -- mon_getmap magic: 0 -- 0x7fbff010c430 con 0x7fbff010ba60
2026-02-20T01:31:15.372 INFO:teuthology.orchestra.run.trial071.stdout:/usr/bin/ceph: stderr
2026-02-20T01:31:15.260+0000 7fbfeffff640 1 --2- >> [v2:10.20.193.71:3300/0,v1:10.20.193.71:6789/0] conn(0x7fbff010ba60 0x7fbff010be60 unknown :-1 s=BANNER_CONNECTING pgs=0 cs=0 l=0 rev1=0 crypto rx=0 tx=0 comp rx=0 tx=0)._handle_peer_banner_payload supported=3 required=0
2026-02-20T01:31:15.372 INFO:teuthology.orchestra.run.trial071.stdout:/usr/bin/ceph: stderr
2026-02-20T01:31:15.260+0000 7fbfeffff640 1 --2- >> [v2:10.20.193.71:3300/0,v1:10.20.193.71:6789/0] conn(0x7fbff010ba60 0x7fbff010be60 unknown :-1 s=HELLO_CONNECTING pgs=0 cs=0 l=0 rev1=1 crypto rx=0 tx=0 comp rx=0 tx=0).handle_hello peer v2:10.20.193.71:3300/0 says I am v2:10.20.193.71:53602/0 (socket says 10.20.193.71:53602)
2026-02-20T01:31:15.372 INFO:teuthology.orchestra.run.trial071.stdout:/usr/bin/ceph: stderr
2026-02-20T01:31:15.260+0000 7fbfeffff640 1 -- 10.20.193.71:0/3259482672 learned_addr learned my addr 10.20.193.71:0/3259482672 (peer_addr_for_me v2:10.20.193.71:0/0)
2026-02-20T01:31:15.372 INFO:teuthology.orchestra.run.trial071.stdout:/usr/bin/ceph: stderr
2026-02-20T01:31:15.260+0000 7fbfeffff640 1 -- 10.20.193.71:0/3259482672 --> [v2:10.20.193.71:3300/0,v1:10.20.193.71:6789/0] -- mon_subscribe({config=0+,monmap=0+}) -- 0x7fbff010a6c0 con 0x7fbff010ba60
2026-02-20T01:31:15.372 INFO:teuthology.orchestra.run.trial071.stdout:/usr/bin/ceph: stderr
2026-02-20T01:31:15.261+0000 7fbfeffff640 1 --2- 10.20.193.71:0/3259482672 >> [v2:10.20.193.71:3300/0,v1:10.20.193.71:6789/0] conn(0x7fbff010ba60 0x7fbff010be60 secure :-1 s=READY pgs=72 cs=0 l=1 rev1=1 crypto rx=0x7fbfdc009920 tx=0x7fbfdc02ef20 comp rx=0 tx=0).ready entity=mon.0 client_cookie=7c39bd7874a73600 server_cookie=0 in_seq=0 out_seq=0
2026-02-20T01:31:15.372 INFO:teuthology.orchestra.run.trial071.stdout:/usr/bin/ceph: stderr
2026-02-20T01:31:15.261+0000 7fbfeeffd640 1 -- 10.20.193.71:0/3259482672 <== mon.0 v2:10.20.193.71:3300/0 1 ==== mon_map magic: 0 ==== 205+0+0 (secure 0 0 0) 0x7fbfdc03c070 con 0x7fbff010ba60
2026-02-20T01:31:15.372 INFO:teuthology.orchestra.run.trial071.stdout:/usr/bin/ceph: stderr
2026-02-20T01:31:15.261+0000 7fbfeeffd640 1 -- 10.20.193.71:0/3259482672 <== mon.0 v2:10.20.193.71:3300/0 2 ==== config(25 keys) ==== 1038+0+0 (secure 0 0 0) 0x7fbfdc037440 con 0x7fbff010ba60
2026-02-20T01:31:15.372 INFO:teuthology.orchestra.run.trial071.stdout:/usr/bin/ceph: stderr
2026-02-20T01:31:15.261+0000 7fbfeeffd640 1 -- 10.20.193.71:0/3259482672 <== mon.0 v2:10.20.193.71:3300/0 3 ==== mon_map magic: 0 ==== 205+0+0 (secure 0 0 0) 0x7fbfdc0354d0 con 0x7fbff010ba60
2026-02-20T01:31:15.372 INFO:teuthology.orchestra.run.trial071.stdout:/usr/bin/ceph: stderr
2026-02-20T01:31:15.261+0000 7fbff62e1640 1 -- 10.20.193.71:0/3259482672 >> [v2:10.20.193.71:3300/0,v1:10.20.193.71:6789/0] conn(0x7fbff010ba60 msgr2=0x7fbff010be60 secure :-1 s=STATE_CONNECTION_ESTABLISHED l=1).mark_down
2026-02-20T01:31:15.372 INFO:teuthology.orchestra.run.trial071.stdout:/usr/bin/ceph: stderr
2026-02-20T01:31:15.261+0000 7fbff62e1640 1 --2- 10.20.193.71:0/3259482672 >> [v2:10.20.193.71:3300/0,v1:10.20.193.71:6789/0] conn(0x7fbff010ba60 0x7fbff010be60 secure :-1 s=READY pgs=72 cs=0 l=1 rev1=1 crypto rx=0x7fbfdc009920 tx=0x7fbfdc02ef20 comp rx=0 tx=0).stop
2026-02-20T01:31:15.372 INFO:teuthology.orchestra.run.trial071.stdout:/usr/bin/ceph: stderr
2026-02-20T01:31:15.261+0000 7fbff62e1640 1 -- 10.20.193.71:0/3259482672 shutdown_connections
2026-02-20T01:31:15.372 INFO:teuthology.orchestra.run.trial071.stdout:/usr/bin/ceph: stderr
2026-02-20T01:31:15.261+0000 7fbff62e1640 1 --2- 10.20.193.71:0/3259482672 >> [v2:10.20.193.71:3300/0,v1:10.20.193.71:6789/0] conn(0x7fbff010ba60 0x7fbff010be60 unknown :-1 s=CLOSED pgs=72 cs=0 l=1 rev1=1 crypto rx=0 tx=0 comp rx=0 tx=0).stop
2026-02-20T01:31:15.372 INFO:teuthology.orchestra.run.trial071.stdout:/usr/bin/ceph: stderr
2026-02-20T01:31:15.261+0000 7fbff62e1640 1 -- 10.20.193.71:0/3259482672 >> 10.20.193.71:0/3259482672 conn(0x7fbff007db50 msgr2=0x7fbff007df60 unknown :-1 s=STATE_NONE l=0).mark_down
2026-02-20T01:31:15.372 INFO:teuthology.orchestra.run.trial071.stdout:/usr/bin/ceph: stderr
2026-02-20T01:31:15.261+0000 7fbff62e1640 1 -- 10.20.193.71:0/3259482672 shutdown_connections
2026-02-20T01:31:15.372 INFO:teuthology.orchestra.run.trial071.stdout:/usr/bin/ceph: stderr
2026-02-20T01:31:15.261+0000 7fbff62e1640 1 -- 10.20.193.71:0/3259482672 wait complete.
2026-02-20T01:31:15.372 INFO:teuthology.orchestra.run.trial071.stdout:/usr/bin/ceph: stderr
2026-02-20T01:31:15.261+0000 7fbff62e1640 1 Processor -- start
2026-02-20T01:31:15.372 INFO:teuthology.orchestra.run.trial071.stdout:/usr/bin/ceph: stderr
2026-02-20T01:31:15.262+0000 7fbff62e1640 1 -- start start
2026-02-20T01:31:15.372 INFO:teuthology.orchestra.run.trial071.stdout:/usr/bin/ceph: stderr
2026-02-20T01:31:15.262+0000 7fbff62e1640 1 --2- >> [v2:10.20.193.71:3300/0,v1:10.20.193.71:6789/0] conn(0x7fbff010ba60 0x7fbff01a0320 unknown :-1 s=NONE pgs=0 cs=0 l=1 rev1=0 crypto rx=0 tx=0 comp rx=0 tx=0).connect
2026-02-20T01:31:15.372 INFO:teuthology.orchestra.run.trial071.stdout:/usr/bin/ceph: stderr
2026-02-20T01:31:15.262+0000 7fbff62e1640 1 -- --> [v2:10.20.193.71:3300/0,v1:10.20.193.71:6789/0] -- mon_getmap magic: 0 -- 0x7fbff010e900 con 0x7fbff010ba60
2026-02-20T01:31:15.372 INFO:teuthology.orchestra.run.trial071.stdout:/usr/bin/ceph: stderr
2026-02-20T01:31:15.262+0000 7fbfeffff640 1 --2- >> [v2:10.20.193.71:3300/0,v1:10.20.193.71:6789/0] conn(0x7fbff010ba60 0x7fbff01a0320 unknown :-1 s=BANNER_CONNECTING pgs=0 cs=0 l=1 rev1=0 crypto rx=0 tx=0 comp rx=0 tx=0)._handle_peer_banner_payload supported=3 required=0
2026-02-20T01:31:15.372 INFO:teuthology.orchestra.run.trial071.stdout:/usr/bin/ceph: stderr
2026-02-20T01:31:15.262+0000 7fbfeffff640 1 --2- >> [v2:10.20.193.71:3300/0,v1:10.20.193.71:6789/0] conn(0x7fbff010ba60 0x7fbff01a0320 unknown :-1 s=HELLO_CONNECTING pgs=0 cs=0 l=1 rev1=1 crypto rx=0 tx=0 comp rx=0 tx=0).handle_hello peer v2:10.20.193.71:3300/0 says I am v2:10.20.193.71:53606/0 (socket says 10.20.193.71:53606)
2026-02-20T01:31:15.372 INFO:teuthology.orchestra.run.trial071.stdout:/usr/bin/ceph: stderr
2026-02-20T01:31:15.262+0000 7fbfeffff640 1 -- 10.20.193.71:0/497374346 learned_addr learned my addr 10.20.193.71:0/497374346 (peer_addr_for_me v2:10.20.193.71:0/0)
2026-02-20T01:31:15.372 INFO:teuthology.orchestra.run.trial071.stdout:/usr/bin/ceph: stderr
2026-02-20T01:31:15.262+0000 7fbfeffff640 1 -- 10.20.193.71:0/497374346 --> [v2:10.20.193.71:3300/0,v1:10.20.193.71:6789/0] -- mon_subscribe({config=0+,monmap=0+}) -- 0x7fbff01a0860 con 0x7fbff010ba60
2026-02-20T01:31:15.372 INFO:teuthology.orchestra.run.trial071.stdout:/usr/bin/ceph: stderr
2026-02-20T01:31:15.262+0000 7fbfeffff640 1 --2- 10.20.193.71:0/497374346 >> [v2:10.20.193.71:3300/0,v1:10.20.193.71:6789/0] conn(0x7fbff010ba60 0x7fbff01a0320 secure :-1 s=READY pgs=73 cs=0 l=1 rev1=1 crypto rx=0x7fbfdc037820 tx=0x7fbfdc037850 comp rx=0 tx=0).ready entity=mon.0 client_cookie=0 server_cookie=0 in_seq=0 out_seq=0
2026-02-20T01:31:15.372 INFO:teuthology.orchestra.run.trial071.stdout:/usr/bin/ceph: stderr
2026-02-20T01:31:15.262+0000 7fbfed7fa640 1 -- 10.20.193.71:0/497374346 <== mon.0 v2:10.20.193.71:3300/0 1 ==== mon_map magic: 0 ==== 205+0+0 (secure 0 0 0) 0x7fbfdc047070 con 0x7fbff010ba60
2026-02-20T01:31:15.372 INFO:teuthology.orchestra.run.trial071.stdout:/usr/bin/ceph: stderr
2026-02-20T01:31:15.262+0000 7fbff62e1640 1 -- 10.20.193.71:0/497374346 --> [v2:10.20.193.71:3300/0,v1:10.20.193.71:6789/0] -- mon_subscribe({mgrmap=0+}) -- 0x7fbff01a0af0 con 0x7fbff010ba60
2026-02-20T01:31:15.372 INFO:teuthology.orchestra.run.trial071.stdout:/usr/bin/ceph: stderr
2026-02-20T01:31:15.262+0000 7fbfed7fa640 1 -- 10.20.193.71:0/497374346 <== mon.0 v2:10.20.193.71:3300/0 2 ==== config(25 keys) ==== 1038+0+0 (secure 0 0 0) 0x7fbfdc035d70 con 0x7fbff010ba60
2026-02-20T01:31:15.372 INFO:teuthology.orchestra.run.trial071.stdout:/usr/bin/ceph: stderr
2026-02-20T01:31:15.262+0000 7fbfed7fa640 1 -- 10.20.193.71:0/497374346 <== mon.0 v2:10.20.193.71:3300/0 3 ==== mon_map magic: 0 ==== 205+0+0 (secure 0 0 0) 0x7fbfdc03c070 con 0x7fbff010ba60
2026-02-20T01:31:15.372 INFO:teuthology.orchestra.run.trial071.stdout:/usr/bin/ceph: stderr
2026-02-20T01:31:15.262+0000 7fbff62e1640 1 -- 10.20.193.71:0/497374346 --> [v2:10.20.193.71:3300/0,v1:10.20.193.71:6789/0] -- mon_subscribe({osdmap=0}) -- 0x7fbff01a37e0 con 0x7fbff010ba60
2026-02-20T01:31:15.372 INFO:teuthology.orchestra.run.trial071.stdout:/usr/bin/ceph: stderr
2026-02-20T01:31:15.263+0000 7fbff62e1640 1 -- 10.20.193.71:0/497374346 --> [v2:10.20.193.71:3300/0,v1:10.20.193.71:6789/0] -- mon_command({"prefix": "get_command_descriptions"} v 0) -- 0x7fbff010bee0 con 0x7fbff010ba60
2026-02-20T01:31:15.372 INFO:teuthology.orchestra.run.trial071.stdout:/usr/bin/ceph: stderr
2026-02-20T01:31:15.263+0000 7fbfed7fa640 1 -- 10.20.193.71:0/497374346 <== mon.0 v2:10.20.193.71:3300/0 4 ==== mgrmap(e 11) ==== 50154+0+0 (secure 0 0 0) 0x7fbfdc035900 con 0x7fbff010ba60
2026-02-20T01:31:15.373 INFO:teuthology.orchestra.run.trial071.stdout:/usr/bin/ceph: stderr
2026-02-20T01:31:15.263+0000 7fbfed7fa640 1 --2- 10.20.193.71:0/497374346 >> [v2:10.20.193.71:6800/4001640572,v1:10.20.193.71:6801/4001640572] conn(0x7fbfc403dad0 0x7fbfc403ff90 unknown :-1 s=NONE pgs=0 cs=0 l=1 rev1=0 crypto rx=0 tx=0 comp rx=0 tx=0).connect
2026-02-20T01:31:15.373 INFO:teuthology.orchestra.run.trial071.stdout:/usr/bin/ceph: stderr
2026-02-20T01:31:15.263+0000 7fbfed7fa640 1 -- 10.20.193.71:0/497374346 <== mon.0 v2:10.20.193.71:3300/0 5 ==== osd_map(3..3 src has 1..3) ==== 1155+0+0 (secure 0 0 0) 0x7fbfdc076b20 con 0x7fbff010ba60
2026-02-20T01:31:15.373 INFO:teuthology.orchestra.run.trial071.stdout:/usr/bin/ceph: stderr
2026-02-20T01:31:15.263+0000 7fbfef7fe640 1 --2- 10.20.193.71:0/497374346 >> [v2:10.20.193.71:6800/4001640572,v1:10.20.193.71:6801/4001640572] conn(0x7fbfc403dad0 0x7fbfc403ff90 unknown :-1 s=BANNER_CONNECTING pgs=0 cs=0 l=1 rev1=0 crypto rx=0 tx=0 comp rx=0 tx=0)._handle_peer_banner_payload supported=3 required=0
2026-02-20T01:31:15.373 INFO:teuthology.orchestra.run.trial071.stdout:/usr/bin/ceph: stderr
2026-02-20T01:31:15.263+0000 7fbfef7fe640 1 --2- 10.20.193.71:0/497374346 >> [v2:10.20.193.71:6800/4001640572,v1:10.20.193.71:6801/4001640572] conn(0x7fbfc403dad0 0x7fbfc403ff90 secure :-1 s=READY pgs=9 cs=0 l=1 rev1=1 crypto rx=0x7fbfe00099c0 tx=0x7fbfe0006eb0 comp rx=0 tx=0).ready entity=mgr.14150 client_cookie=0 server_cookie=0 in_seq=0 out_seq=0
2026-02-20T01:31:15.373 INFO:teuthology.orchestra.run.trial071.stdout:/usr/bin/ceph: stderr
2026-02-20T01:31:15.266+0000 7fbfed7fa640 1 -- 10.20.193.71:0/497374346 <== mon.0 v2:10.20.193.71:3300/0 6 ==== mon_command_ack([{"prefix": "get_command_descriptions"}]=0 v0) ==== 72+0+195034 (secure 0 0 0) 0x7fbfdc04a360 con 0x7fbff010ba60
2026-02-20T01:31:15.373 INFO:teuthology.orchestra.run.trial071.stdout:/usr/bin/ceph: stderr
2026-02-20T01:31:15.349+0000 7fbff62e1640 1 -- 10.20.193.71:0/497374346 --> [v2:10.20.193.71:3300/0,v1:10.20.193.71:6789/0] -- mon_command({"prefix": "config get", "who": "mgr", "key": "mgr/dashboard/ssl_server_port"} v 0) -- 0x7fbff01a3dd0 con 0x7fbff010ba60
2026-02-20T01:31:15.373 INFO:teuthology.orchestra.run.trial071.stdout:/usr/bin/ceph: stderr
2026-02-20T01:31:15.349+0000 7fbfed7fa640 1 -- 10.20.193.71:0/497374346 <== mon.0 v2:10.20.193.71:3300/0 7 ==== mon_command_ack([{"prefix": "config get", "who": "mgr", "key": "mgr/dashboard/ssl_server_port"}]=0 v8) ==== 112+0+5 (secure 0 0 0) 0x7fbfdc045120 con 0x7fbff010ba60
2026-02-20T01:31:15.373 INFO:teuthology.orchestra.run.trial071.stdout:/usr/bin/ceph: stderr
2026-02-20T01:31:15.350+0000 7fbff62e1640 1 -- 10.20.193.71:0/497374346 >> [v2:10.20.193.71:6800/4001640572,v1:10.20.193.71:6801/4001640572] conn(0x7fbfc403dad0 msgr2=0x7fbfc403ff90 secure :-1 s=STATE_CONNECTION_ESTABLISHED l=1).mark_down
2026-02-20T01:31:15.373 INFO:teuthology.orchestra.run.trial071.stdout:/usr/bin/ceph: stderr
2026-02-20T01:31:15.350+0000 7fbff62e1640 1 --2- 10.20.193.71:0/497374346 >> [v2:10.20.193.71:6800/4001640572,v1:10.20.193.71:6801/4001640572] conn(0x7fbfc403dad0 0x7fbfc403ff90 secure :-1 s=READY pgs=9 cs=0 l=1 rev1=1 crypto rx=0x7fbfe00099c0 tx=0x7fbfe0006eb0 comp rx=0 tx=0).stop
2026-02-20T01:31:15.373 INFO:teuthology.orchestra.run.trial071.stdout:/usr/bin/ceph: stderr
2026-02-20T01:31:15.350+0000 7fbff62e1640 1 -- 10.20.193.71:0/497374346 >> [v2:10.20.193.71:3300/0,v1:10.20.193.71:6789/0] conn(0x7fbff010ba60 msgr2=0x7fbff01a0320 secure :-1 s=STATE_CONNECTION_ESTABLISHED l=1).mark_down
2026-02-20T01:31:15.373 INFO:teuthology.orchestra.run.trial071.stdout:/usr/bin/ceph: stderr
2026-02-20T01:31:15.350+0000 7fbff62e1640 1 --2- 10.20.193.71:0/497374346 >> [v2:10.20.193.71:3300/0,v1:10.20.193.71:6789/0] conn(0x7fbff010ba60 0x7fbff01a0320 secure :-1 s=READY pgs=73 cs=0 l=1 rev1=1 crypto rx=0x7fbfdc037820 tx=0x7fbfdc037850 comp rx=0 tx=0).stop
2026-02-20T01:31:15.373 INFO:teuthology.orchestra.run.trial071.stdout:/usr/bin/ceph: stderr
2026-02-20T01:31:15.350+0000 7fbff62e1640 1 -- 10.20.193.71:0/497374346 shutdown_connections
2026-02-20T01:31:15.373 INFO:teuthology.orchestra.run.trial071.stdout:/usr/bin/ceph: stderr
2026-02-20T01:31:15.350+0000 7fbff62e1640 1 --2- 10.20.193.71:0/497374346 >> [v2:10.20.193.71:6800/4001640572,v1:10.20.193.71:6801/4001640572] conn(0x7fbfc403dad0 0x7fbfc403ff90 unknown :-1 s=CLOSED pgs=9 cs=0 l=1 rev1=1 crypto rx=0 tx=0 comp rx=0 tx=0).stop
2026-02-20T01:31:15.373 INFO:teuthology.orchestra.run.trial071.stdout:/usr/bin/ceph: stderr
2026-02-20T01:31:15.350+0000 7fbff62e1640 1 --2- 10.20.193.71:0/497374346 >> [v2:10.20.193.71:3300/0,v1:10.20.193.71:6789/0] conn(0x7fbff010ba60 0x7fbff01a0320 unknown :-1 s=CLOSED pgs=73 cs=0 l=1 rev1=1 crypto rx=0 tx=0 comp rx=0 tx=0).stop
2026-02-20T01:31:15.373 INFO:teuthology.orchestra.run.trial071.stdout:/usr/bin/ceph: stderr
2026-02-20T01:31:15.350+0000 7fbff62e1640 1 -- 10.20.193.71:0/497374346 >> 10.20.193.71:0/497374346 conn(0x7fbff007db50 msgr2=0x7fbff0108750 unknown :-1 s=STATE_NONE l=0).mark_down
2026-02-20T01:31:15.373 INFO:teuthology.orchestra.run.trial071.stdout:/usr/bin/ceph: stderr
2026-02-20T01:31:15.350+0000 7fbff62e1640 1 -- 10.20.193.71:0/497374346 shutdown_connections
2026-02-20T01:31:15.373 INFO:teuthology.orchestra.run.trial071.stdout:/usr/bin/ceph: stderr
2026-02-20T01:31:15.350+0000 7fbff62e1640 1 -- 10.20.193.71:0/497374346 wait complete.
2026-02-20T01:31:15.378 INFO:teuthology.orchestra.run.trial071.stdout:Non-zero exit code 1 from systemctl is-enabled firewalld.service
2026-02-20T01:31:15.378 INFO:teuthology.orchestra.run.trial071.stdout:systemctl: stdout disabled
2026-02-20T01:31:15.384 INFO:teuthology.orchestra.run.trial071.stdout:Non-zero exit code 3 from systemctl is-active firewalld.service
2026-02-20T01:31:15.384 INFO:teuthology.orchestra.run.trial071.stdout:systemctl: stdout inactive
2026-02-20T01:31:15.384 INFO:teuthology.orchestra.run.trial071.stdout:firewalld.service is not enabled
2026-02-20T01:31:15.384 INFO:teuthology.orchestra.run.trial071.stdout:Not possible to open ports <[8443]>. firewalld.service is not available
2026-02-20T01:31:15.385 INFO:teuthology.orchestra.run.trial071.stdout:Ceph Dashboard is now available at:
2026-02-20T01:31:15.386 INFO:teuthology.orchestra.run.trial071.stdout:
2026-02-20T01:31:15.386 INFO:teuthology.orchestra.run.trial071.stdout: URL: https://trial071:8443/
2026-02-20T01:31:15.386 INFO:teuthology.orchestra.run.trial071.stdout: User: admin
2026-02-20T01:31:15.386 INFO:teuthology.orchestra.run.trial071.stdout: Password: xoidbwyzuu
2026-02-20T01:31:15.386 INFO:teuthology.orchestra.run.trial071.stdout:
2026-02-20T01:31:15.386 INFO:teuthology.orchestra.run.trial071.stdout:Saving cluster configuration to /var/lib/ceph/c335d3a7-0dfb-11f1-832c-d404e6e7d460/config directory
2026-02-20T01:31:15.615 INFO:journalctl@ceph.mon.a.trial071.stdout:Feb 20 01:31:15 trial071 ceph-mon[39702]: [20/Feb/2026:01:31:14] ENGINE Bus STARTING
2026-02-20T01:31:15.615 INFO:journalctl@ceph.mon.a.trial071.stdout:Feb 20 01:31:15 trial071 ceph-mon[39702]: [20/Feb/2026:01:31:14] ENGINE Serving on http://10.20.193.71:8765
2026-02-20T01:31:15.615 INFO:journalctl@ceph.mon.a.trial071.stdout:Feb 20 01:31:15 trial071 ceph-mon[39702]: from='mgr.14150 10.20.193.71:0/889930460' entity='mgr.x'
2026-02-20T01:31:15.615 INFO:journalctl@ceph.mon.a.trial071.stdout:Feb 20 01:31:15 trial071 ceph-mon[39702]: [20/Feb/2026:01:31:14] ENGINE Serving on https://10.20.193.71:7150
2026-02-20T01:31:15.615 INFO:journalctl@ceph.mon.a.trial071.stdout:Feb 20 01:31:15 trial071 ceph-mon[39702]: [20/Feb/2026:01:31:14] ENGINE Bus STARTED
2026-02-20T01:31:15.615 INFO:journalctl@ceph.mon.a.trial071.stdout:Feb 20 01:31:15 trial071 ceph-mon[39702]: [20/Feb/2026:01:31:14] ENGINE Client ('10.20.193.71', 38846) lost — peer dropped the TLS connection suddenly, during handshake: (6, 'TLS/SSL connection has been closed (EOF) (_ssl.c:1147)')
2026-02-20T01:31:15.615 INFO:journalctl@ceph.mon.a.trial071.stdout:Feb 20 01:31:15 trial071 ceph-mon[39702]: from='client.14154 -' entity='client.admin' cmd=[{"prefix": "get_command_descriptions"}]: dispatch
2026-02-20T01:31:15.616 INFO:journalctl@ceph.mon.a.trial071.stdout:Feb 20 01:31:15 trial071 ceph-mon[39702]: mgrmap e11: x(active, since 1.00454s)
2026-02-20T01:31:15.616 INFO:journalctl@ceph.mon.a.trial071.stdout:Feb 20 01:31:15 trial071 ceph-mon[39702]: from='client.14154 -' entity='client.admin' cmd=[{"prefix": "mgr_status"}]: dispatch
2026-02-20T01:31:15.616 INFO:journalctl@ceph.mon.a.trial071.stdout:Feb 20 01:31:15 trial071 ceph-mon[39702]: from='mgr.14150 10.20.193.71:0/889930460' entity='mgr.x'
2026-02-20T01:31:15.616 INFO:journalctl@ceph.mon.a.trial071.stdout:Feb 20 01:31:15 trial071 ceph-mon[39702]: from='client.14162 -' entity='client.admin' cmd=[{"prefix": "dashboard create-self-signed-cert", "target": ["mon-mgr", ""]}]: dispatch
2026-02-20T01:31:15.616 INFO:journalctl@ceph.mon.a.trial071.stdout:Feb 20 01:31:15 trial071 ceph-mon[39702]: from='mgr.14150 10.20.193.71:0/889930460' entity='mgr.x'
2026-02-20T01:31:15.616 INFO:journalctl@ceph.mon.a.trial071.stdout:Feb 20 01:31:15 trial071 ceph-mon[39702]: from='mgr.14150 10.20.193.71:0/889930460' entity='mgr.x'
2026-02-20T01:31:15.616 INFO:journalctl@ceph.mon.a.trial071.stdout:Feb 20 01:31:15 trial071 ceph-mon[39702]: from='mgr.14150 10.20.193.71:0/889930460' entity='mgr.x'
2026-02-20T01:31:15.644 INFO:teuthology.orchestra.run.trial071.stdout:/usr/bin/ceph: stderr
2026-02-20T01:31:15.484+0000 7f68e4870640 1 Processor -- start
2026-02-20T01:31:15.644 INFO:teuthology.orchestra.run.trial071.stdout:/usr/bin/ceph: stderr
2026-02-20T01:31:15.484+0000 7f68e4870640 1 -- start start
2026-02-20T01:31:15.644 INFO:teuthology.orchestra.run.trial071.stdout:/usr/bin/ceph: stderr
2026-02-20T01:31:15.484+0000 7f68e4870640 1 --2- >> [v2:10.20.193.71:3300/0,v1:10.20.193.71:6789/0] conn(0x7f68dc10ba60 0x7f68dc10be60 unknown :-1 s=NONE pgs=0 cs=0 l=0 rev1=0 crypto rx=0 tx=0 comp rx=0 tx=0).connect
2026-02-20T01:31:15.644 INFO:teuthology.orchestra.run.trial071.stdout:/usr/bin/ceph: stderr
2026-02-20T01:31:15.484+0000 7f68e4870640 1 -- --> [v2:10.20.193.71:3300/0,v1:10.20.193.71:6789/0] -- mon_getmap magic: 0 -- 0x7f68dc10c430 con 0x7f68dc10ba60
2026-02-20T01:31:15.644 INFO:teuthology.orchestra.run.trial071.stdout:/usr/bin/ceph: stderr
2026-02-20T01:31:15.484+0000 7f68e25e5640 1 --2- >> [v2:10.20.193.71:3300/0,v1:10.20.193.71:6789/0] conn(0x7f68dc10ba60 0x7f68dc10be60 unknown :-1 s=BANNER_CONNECTING pgs=0 cs=0 l=0 rev1=0 crypto rx=0 tx=0 comp rx=0 tx=0)._handle_peer_banner_payload supported=3 required=0
2026-02-20T01:31:15.644 INFO:teuthology.orchestra.run.trial071.stdout:/usr/bin/ceph: stderr
2026-02-20T01:31:15.484+0000 7f68e25e5640 1 --2- >> [v2:10.20.193.71:3300/0,v1:10.20.193.71:6789/0] conn(0x7f68dc10ba60 0x7f68dc10be60 unknown :-1 s=HELLO_CONNECTING pgs=0 cs=0 l=0 rev1=1 crypto rx=0 tx=0 comp rx=0 tx=0).handle_hello peer v2:10.20.193.71:3300/0 says I am v2:10.20.193.71:53614/0 (socket says 10.20.193.71:53614)
2026-02-20T01:31:15.644 INFO:teuthology.orchestra.run.trial071.stdout:/usr/bin/ceph: stderr
2026-02-20T01:31:15.485+0000 7f68e25e5640 1 -- 10.20.193.71:0/1905253663 learned_addr learned my addr 10.20.193.71:0/1905253663 (peer_addr_for_me v2:10.20.193.71:0/0)
2026-02-20T01:31:15.644 INFO:teuthology.orchestra.run.trial071.stdout:/usr/bin/ceph: stderr
2026-02-20T01:31:15.485+0000 7f68e25e5640 1 -- 10.20.193.71:0/1905253663 --> [v2:10.20.193.71:3300/0,v1:10.20.193.71:6789/0] -- mon_subscribe({config=0+,monmap=0+}) -- 0x7f68dc10a6c0 con 0x7f68dc10ba60
2026-02-20T01:31:15.644 INFO:teuthology.orchestra.run.trial071.stdout:/usr/bin/ceph: stderr
2026-02-20T01:31:15.485+0000 7f68e25e5640 1 --2- 10.20.193.71:0/1905253663 >> [v2:10.20.193.71:3300/0,v1:10.20.193.71:6789/0] conn(0x7f68dc10ba60 0x7f68dc10be60 secure :-1 s=READY pgs=74 cs=0 l=1 rev1=1 crypto rx=0x7f68d4009920 tx=0x7f68d402ef20 comp rx=0 tx=0).ready entity=mon.0 client_cookie=5325ebb5f095a07f server_cookie=0 in_seq=0 out_seq=0
2026-02-20T01:31:15.645 INFO:teuthology.orchestra.run.trial071.stdout:/usr/bin/ceph: stderr
2026-02-20T01:31:15.485+0000 7f68e15e3640 1 -- 10.20.193.71:0/1905253663 <== mon.0 v2:10.20.193.71:3300/0 1 ==== mon_map magic: 0 ==== 205+0+0 (secure 0 0 0) 0x7f68d403c070 con 0x7f68dc10ba60
2026-02-20T01:31:15.645 INFO:teuthology.orchestra.run.trial071.stdout:/usr/bin/ceph: stderr
2026-02-20T01:31:15.485+0000 7f68e15e3640 1 -- 10.20.193.71:0/1905253663 <== mon.0 v2:10.20.193.71:3300/0 2 ==== config(25 keys) ==== 1038+0+0 (secure 0 0 0) 0x7f68d4037440 con 0x7f68dc10ba60
2026-02-20T01:31:15.645 INFO:teuthology.orchestra.run.trial071.stdout:/usr/bin/ceph: stderr
2026-02-20T01:31:15.485+0000 7f68e15e3640 1 -- 10.20.193.71:0/1905253663 <== mon.0 v2:10.20.193.71:3300/0 3 ==== mon_map magic: 0 ==== 205+0+0 (secure 0 0 0) 0x7f68d40354d0 con 0x7f68dc10ba60
2026-02-20T01:31:15.645 INFO:teuthology.orchestra.run.trial071.stdout:/usr/bin/ceph: stderr
2026-02-20T01:31:15.486+0000 7f68e4870640 1 -- 10.20.193.71:0/1905253663 >> [v2:10.20.193.71:3300/0,v1:10.20.193.71:6789/0] conn(0x7f68dc10ba60 msgr2=0x7f68dc10be60 secure :-1 s=STATE_CONNECTION_ESTABLISHED l=1).mark_down
2026-02-20T01:31:15.645 INFO:teuthology.orchestra.run.trial071.stdout:/usr/bin/ceph: stderr
2026-02-20T01:31:15.486+0000 7f68e4870640 1 --2- 10.20.193.71:0/1905253663 >> [v2:10.20.193.71:3300/0,v1:10.20.193.71:6789/0] conn(0x7f68dc10ba60 0x7f68dc10be60 secure :-1 s=READY pgs=74 cs=0 l=1 rev1=1 crypto rx=0x7f68d4009920 tx=0x7f68d402ef20 comp rx=0 tx=0).stop
2026-02-20T01:31:15.645 INFO:teuthology.orchestra.run.trial071.stdout:/usr/bin/ceph: stderr
2026-02-20T01:31:15.486+0000 7f68e4870640 1 -- 10.20.193.71:0/1905253663 shutdown_connections
2026-02-20T01:31:15.645 INFO:teuthology.orchestra.run.trial071.stdout:/usr/bin/ceph: stderr
2026-02-20T01:31:15.486+0000 7f68e4870640 1 --2- 10.20.193.71:0/1905253663 >> [v2:10.20.193.71:3300/0,v1:10.20.193.71:6789/0] conn(0x7f68dc10ba60 0x7f68dc10be60 unknown :-1 s=CLOSED pgs=74 cs=0 l=1 rev1=1 crypto rx=0 tx=0 comp rx=0 tx=0).stop
2026-02-20T01:31:15.645 INFO:teuthology.orchestra.run.trial071.stdout:/usr/bin/ceph: stderr
2026-02-20T01:31:15.486+0000 7f68e4870640 1 -- 10.20.193.71:0/1905253663 >> 10.20.193.71:0/1905253663 conn(0x7f68dc07db00 msgr2=0x7f68dc07df30 unknown :-1 s=STATE_NONE l=0).mark_down
2026-02-20T01:31:15.645 INFO:teuthology.orchestra.run.trial071.stdout:/usr/bin/ceph: stderr
2026-02-20T01:31:15.486+0000 7f68e4870640 1 -- 10.20.193.71:0/1905253663 shutdown_connections
2026-02-20T01:31:15.645 INFO:teuthology.orchestra.run.trial071.stdout:/usr/bin/ceph: stderr
2026-02-20T01:31:15.486+0000 7f68e4870640 1 -- 10.20.193.71:0/1905253663 wait complete.
2026-02-20T01:31:15.645 INFO:teuthology.orchestra.run.trial071.stdout:/usr/bin/ceph: stderr
2026-02-20T01:31:15.486+0000 7f68e4870640 1 Processor -- start
2026-02-20T01:31:15.645 INFO:teuthology.orchestra.run.trial071.stdout:/usr/bin/ceph: stderr
2026-02-20T01:31:15.486+0000 7f68e4870640 1 -- start start
2026-02-20T01:31:15.646 INFO:teuthology.orchestra.run.trial071.stdout:/usr/bin/ceph: stderr
2026-02-20T01:31:15.486+0000 7f68e4870640 1 --2- >> [v2:10.20.193.71:3300/0,v1:10.20.193.71:6789/0] conn(0x7f68dc10ba60 0x7f68dc1a0250 unknown :-1 s=NONE pgs=0 cs=0 l=1 rev1=0 crypto rx=0 tx=0 comp rx=0 tx=0).connect
2026-02-20T01:31:15.646 INFO:teuthology.orchestra.run.trial071.stdout:/usr/bin/ceph: stderr
2026-02-20T01:31:15.486+0000 7f68e4870640 1 -- --> [v2:10.20.193.71:3300/0,v1:10.20.193.71:6789/0] -- mon_getmap magic: 0 -- 0x7f68dc10e900 con 0x7f68dc10ba60
2026-02-20T01:31:15.646 INFO:teuthology.orchestra.run.trial071.stdout:/usr/bin/ceph: stderr
2026-02-20T01:31:15.486+0000 7f68e25e5640 1 --2- >> [v2:10.20.193.71:3300/0,v1:10.20.193.71:6789/0] conn(0x7f68dc10ba60 0x7f68dc1a0250 unknown :-1 s=BANNER_CONNECTING pgs=0 cs=0 l=1 rev1=0 crypto rx=0 tx=0 comp rx=0 tx=0)._handle_peer_banner_payload supported=3 required=0
2026-02-20T01:31:15.646 INFO:teuthology.orchestra.run.trial071.stdout:/usr/bin/ceph: stderr
2026-02-20T01:31:15.486+0000 7f68e25e5640 1 --2- >> [v2:10.20.193.71:3300/0,v1:10.20.193.71:6789/0] conn(0x7f68dc10ba60 0x7f68dc1a0250 unknown :-1 s=HELLO_CONNECTING pgs=0 cs=0 l=1 rev1=1 crypto rx=0 tx=0 comp rx=0 tx=0).handle_hello peer v2:10.20.193.71:3300/0 says I am v2:10.20.193.71:53616/0 (socket says 10.20.193.71:53616)
2026-02-20T01:31:15.646 INFO:teuthology.orchestra.run.trial071.stdout:/usr/bin/ceph: stderr
2026-02-20T01:31:15.486+0000 7f68e25e5640 1 -- 10.20.193.71:0/1299539004 learned_addr learned my addr 10.20.193.71:0/1299539004 (peer_addr_for_me v2:10.20.193.71:0/0)
2026-02-20T01:31:15.646 INFO:teuthology.orchestra.run.trial071.stdout:/usr/bin/ceph: stderr
2026-02-20T01:31:15.486+0000 7f68e25e5640 1 -- 10.20.193.71:0/1299539004 --> [v2:10.20.193.71:3300/0,v1:10.20.193.71:6789/0] -- mon_subscribe({config=0+,monmap=0+}) -- 0x7f68dc1a0790 con 0x7f68dc10ba60
2026-02-20T01:31:15.646 INFO:teuthology.orchestra.run.trial071.stdout:/usr/bin/ceph: stderr
2026-02-20T01:31:15.486+0000 7f68e25e5640 1 --2- 10.20.193.71:0/1299539004 >> [v2:10.20.193.71:3300/0,v1:10.20.193.71:6789/0] conn(0x7f68dc10ba60 0x7f68dc1a0250 secure :-1 s=READY pgs=75 cs=0 l=1 rev1=1 crypto rx=0x7f68d4037850 tx=0x7f68d4037880 comp rx=0 tx=0).ready entity=mon.0 client_cookie=0 server_cookie=0 in_seq=0 out_seq=0
2026-02-20T01:31:15.646 INFO:teuthology.orchestra.run.trial071.stdout:/usr/bin/ceph: stderr
2026-02-20T01:31:15.487+0000 7f68c77fe640 1 -- 10.20.193.71:0/1299539004 <== mon.0 v2:10.20.193.71:3300/0 1 ==== mon_map magic: 0 ==== 205+0+0 (secure 0 0 0) 0x7f68d403c070 con 0x7f68dc10ba60
2026-02-20T01:31:15.646 INFO:teuthology.orchestra.run.trial071.stdout:/usr/bin/ceph: stderr
2026-02-20T01:31:15.487+0000 7f68c77fe640 1 -- 10.20.193.71:0/1299539004 <== mon.0 v2:10.20.193.71:3300/0 2 ==== config(25 keys) ==== 1038+0+0 (secure 0 0 0) 0x7f68d4035d70 con 0x7f68dc10ba60
2026-02-20T01:31:15.646 INFO:teuthology.orchestra.run.trial071.stdout:/usr/bin/ceph: stderr
2026-02-20T01:31:15.487+0000 7f68e4870640 1 -- 10.20.193.71:0/1299539004 --> [v2:10.20.193.71:3300/0,v1:10.20.193.71:6789/0] -- mon_subscribe({mgrmap=0+}) -- 0x7f68dc1a0a20 con 0x7f68dc10ba60
2026-02-20T01:31:15.646 INFO:teuthology.orchestra.run.trial071.stdout:/usr/bin/ceph: stderr
2026-02-20T01:31:15.487+0000 7f68c77fe640 1 -- 10.20.193.71:0/1299539004 <== mon.0 v2:10.20.193.71:3300/0 3 ==== mon_map magic: 0 ==== 205+0+0 (secure 0 0 0) 0x7f68d4042d90 con 0x7f68dc10ba60
2026-02-20T01:31:15.646 INFO:teuthology.orchestra.run.trial071.stdout:/usr/bin/ceph: stderr
2026-02-20T01:31:15.487+0000 7f68e4870640 1 -- 10.20.193.71:0/1299539004 --> [v2:10.20.193.71:3300/0,v1:10.20.193.71:6789/0] -- mon_subscribe({osdmap=0}) -- 0x7f68dc1a3710 con 0x7f68dc10ba60
2026-02-20T01:31:15.647 INFO:teuthology.orchestra.run.trial071.stdout:/usr/bin/ceph: stderr
2026-02-20T01:31:15.487+0000 7f68e4870640 1 -- 10.20.193.71:0/1299539004 --> [v2:10.20.193.71:3300/0,v1:10.20.193.71:6789/0] -- mon_command({"prefix": "get_command_descriptions"} v 0) -- 0x7f68dc10be60 con 0x7f68dc10ba60
2026-02-20T01:31:15.647 INFO:teuthology.orchestra.run.trial071.stdout:/usr/bin/ceph: stderr
2026-02-20T01:31:15.487+0000 7f68c77fe640 1 -- 10.20.193.71:0/1299539004 <== mon.0 v2:10.20.193.71:3300/0 4 ==== mgrmap(e 11) ==== 50154+0+0 (secure 0 0 0) 0x7f68d40425b0 con 0x7f68dc10ba60
2026-02-20T01:31:15.647 INFO:teuthology.orchestra.run.trial071.stdout:/usr/bin/ceph: stderr
2026-02-20T01:31:15.487+0000 7f68c77fe640 1 --2- 10.20.193.71:0/1299539004 >> [v2:10.20.193.71:6800/4001640572,v1:10.20.193.71:6801/4001640572] conn(0x7f68b803dad0 0x7f68b803ff90 unknown :-1 s=NONE pgs=0 cs=0 l=1 rev1=0 crypto rx=0 tx=0 comp rx=0 tx=0).connect
2026-02-20T01:31:15.647 INFO:teuthology.orchestra.run.trial071.stdout:/usr/bin/ceph: stderr
2026-02-20T01:31:15.487+0000 7f68c77fe640 1 -- 10.20.193.71:0/1299539004 <== mon.0 v2:10.20.193.71:3300/0 5 ==== osd_map(3..3 src has 1..3) ==== 1155+0+0 (secure 0 0 0) 0x7f68d4076bf0 con 0x7f68dc10ba60
2026-02-20T01:31:15.647 INFO:teuthology.orchestra.run.trial071.stdout:/usr/bin/ceph: stderr
2026-02-20T01:31:15.488+0000 7f68e1de4640 1 --2- 10.20.193.71:0/1299539004 >> [v2:10.20.193.71:6800/4001640572,v1:10.20.193.71:6801/4001640572] conn(0x7f68b803dad0 0x7f68b803ff90 unknown :-1 s=BANNER_CONNECTING pgs=0 cs=0 l=1 rev1=0 crypto rx=0 tx=0 comp rx=0 tx=0)._handle_peer_banner_payload supported=3 required=0
2026-02-20T01:31:15.647 INFO:teuthology.orchestra.run.trial071.stdout:/usr/bin/ceph: stderr
2026-02-20T01:31:15.488+0000 7f68e1de4640 1 --2- 10.20.193.71:0/1299539004 >> [v2:10.20.193.71:6800/4001640572,v1:10.20.193.71:6801/4001640572] conn(0x7f68b803dad0 0x7f68b803ff90 secure :-1 s=READY pgs=10 cs=0 l=1 rev1=1 crypto rx=0x7f68c80099c0 tx=0x7f68c8006eb0 comp rx=0 tx=0).ready entity=mgr.14150 client_cookie=0 server_cookie=0 in_seq=0 out_seq=0
2026-02-20T01:31:15.647 INFO:teuthology.orchestra.run.trial071.stdout:/usr/bin/ceph: stderr
2026-02-20T01:31:15.490+0000 7f68c77fe640 1 -- 10.20.193.71:0/1299539004 <== mon.0 v2:10.20.193.71:3300/0 6 ==== mon_command_ack([{"prefix": "get_command_descriptions"}]=0 v0) ==== 72+0+195034 (secure 0 0 0) 0x7f68d403d270 con 0x7f68dc10ba60
2026-02-20T01:31:15.647 INFO:teuthology.orchestra.run.trial071.stdout:/usr/bin/ceph: stderr
2026-02-20T01:31:15.614+0000 7f68e4870640 1 -- 10.20.193.71:0/1299539004 --> [v2:10.20.193.71:3300/0,v1:10.20.193.71:6789/0] -- mon_command([{prefix=config-key set, key=mgr/dashboard/cluster/status}] v 0) -- 0x7f68dc1a3db0 con 0x7f68dc10ba60
2026-02-20T01:31:15.647 INFO:teuthology.orchestra.run.trial071.stdout:/usr/bin/ceph: stderr
2026-02-20T01:31:15.616+0000 7f68c77fe640 1 -- 10.20.193.71:0/1299539004 <== mon.0 v2:10.20.193.71:3300/0 7 ==== mon_command_ack([{prefix=config-key set, key=mgr/dashboard/cluster/status}]=0 set mgr/dashboard/cluster/status v28)=0 set mgr/dashboard/cluster/status v28) ==== 153+0+0 (secure 0 0 0) 0x7f68d4041660 con 0x7f68dc10ba60
2026-02-20T01:31:15.647 INFO:teuthology.orchestra.run.trial071.stdout:/usr/bin/ceph: stderr set mgr/dashboard/cluster/status
2026-02-20T01:31:15.647 INFO:teuthology.orchestra.run.trial071.stdout:/usr/bin/ceph: stderr
2026-02-20T01:31:15.617+0000 7f68e4870640 1 -- 10.20.193.71:0/1299539004 >> [v2:10.20.193.71:6800/4001640572,v1:10.20.193.71:6801/4001640572] conn(0x7f68b803dad0 msgr2=0x7f68b803ff90 secure :-1 s=STATE_CONNECTION_ESTABLISHED l=1).mark_down
2026-02-20T01:31:15.647 INFO:teuthology.orchestra.run.trial071.stdout:/usr/bin/ceph: stderr
2026-02-20T01:31:15.617+0000 7f68e4870640 1 --2- 10.20.193.71:0/1299539004 >> [v2:10.20.193.71:6800/4001640572,v1:10.20.193.71:6801/4001640572] conn(0x7f68b803dad0 0x7f68b803ff90 secure :-1 s=READY pgs=10 cs=0 l=1 rev1=1 crypto rx=0x7f68c80099c0 tx=0x7f68c8006eb0 comp rx=0 tx=0).stop
2026-02-20T01:31:15.648 INFO:teuthology.orchestra.run.trial071.stdout:/usr/bin/ceph: stderr
2026-02-20T01:31:15.617+0000 7f68e4870640 1 -- 10.20.193.71:0/1299539004 >> [v2:10.20.193.71:3300/0,v1:10.20.193.71:6789/0] conn(0x7f68dc10ba60 msgr2=0x7f68dc1a0250 secure :-1 s=STATE_CONNECTION_ESTABLISHED l=1).mark_down
2026-02-20T01:31:15.648 INFO:teuthology.orchestra.run.trial071.stdout:/usr/bin/ceph: stderr
2026-02-20T01:31:15.617+0000 7f68e4870640 1 --2- 10.20.193.71:0/1299539004 >> [v2:10.20.193.71:3300/0,v1:10.20.193.71:6789/0] conn(0x7f68dc10ba60 0x7f68dc1a0250 secure :-1 s=READY pgs=75 cs=0 l=1 rev1=1 crypto rx=0x7f68d4037850 tx=0x7f68d4037880 comp rx=0 tx=0).stop
2026-02-20T01:31:15.648 INFO:teuthology.orchestra.run.trial071.stdout:/usr/bin/ceph: stderr
2026-02-20T01:31:15.617+0000 7f68e4870640 1 -- 10.20.193.71:0/1299539004 shutdown_connections
2026-02-20T01:31:15.648 INFO:teuthology.orchestra.run.trial071.stdout:/usr/bin/ceph: stderr
2026-02-20T01:31:15.617+0000 7f68e4870640 1 --2- 10.20.193.71:0/1299539004 >> [v2:10.20.193.71:6800/4001640572,v1:10.20.193.71:6801/4001640572] conn(0x7f68b803dad0 0x7f68b803ff90 unknown :-1 s=CLOSED pgs=10 cs=0 l=1 rev1=1 crypto rx=0 tx=0 comp rx=0 tx=0).stop
2026-02-20T01:31:15.648 INFO:teuthology.orchestra.run.trial071.stdout:/usr/bin/ceph: stderr
2026-02-20T01:31:15.617+0000 7f68e4870640 1 --2- 10.20.193.71:0/1299539004 >> [v2:10.20.193.71:3300/0,v1:10.20.193.71:6789/0] conn(0x7f68dc10ba60 0x7f68dc1a0250 unknown :-1 s=CLOSED pgs=75 cs=0 l=1 rev1=1 crypto rx=0 tx=0 comp rx=0 tx=0).stop
2026-02-20T01:31:15.648 INFO:teuthology.orchestra.run.trial071.stdout:/usr/bin/ceph: stderr
2026-02-20T01:31:15.617+0000 7f68e4870640 1 -- 10.20.193.71:0/1299539004 >> 10.20.193.71:0/1299539004 conn(0x7f68dc07db00 msgr2=0x7f68dc108690 unknown :-1 s=STATE_NONE l=0).mark_down
2026-02-20T01:31:15.648 INFO:teuthology.orchestra.run.trial071.stdout:/usr/bin/ceph: stderr
2026-02-20T01:31:15.617+0000 7f68e4870640 1 -- 10.20.193.71:0/1299539004 shutdown_connections
2026-02-20T01:31:15.648 INFO:teuthology.orchestra.run.trial071.stdout:/usr/bin/ceph: stderr
2026-02-20T01:31:15.617+0000 7f68e4870640 1 -- 10.20.193.71:0/1299539004 wait complete.
2026-02-20T01:31:15.648 INFO:teuthology.orchestra.run.trial071.stdout:You can access the Ceph CLI as following in case of multi-cluster or non-default config:
2026-02-20T01:31:15.648 INFO:teuthology.orchestra.run.trial071.stdout:
2026-02-20T01:31:15.648 INFO:teuthology.orchestra.run.trial071.stdout: sudo /home/ubuntu/cephtest/cephadm shell --fsid c335d3a7-0dfb-11f1-832c-d404e6e7d460 -c /etc/ceph/ceph.conf -k /etc/ceph/ceph.client.admin.keyring
2026-02-20T01:31:15.648 INFO:teuthology.orchestra.run.trial071.stdout:
2026-02-20T01:31:15.649 INFO:teuthology.orchestra.run.trial071.stdout:Or, if you are only running a single cluster on this host:
2026-02-20T01:31:15.649 INFO:teuthology.orchestra.run.trial071.stdout:
2026-02-20T01:31:15.649 INFO:teuthology.orchestra.run.trial071.stdout: sudo /home/ubuntu/cephtest/cephadm shell
2026-02-20T01:31:15.649 INFO:teuthology.orchestra.run.trial071.stdout:
2026-02-20T01:31:15.649 INFO:teuthology.orchestra.run.trial071.stdout:Please consider enabling telemetry to help improve Ceph:
2026-02-20T01:31:15.649 INFO:teuthology.orchestra.run.trial071.stdout:
2026-02-20T01:31:15.649 INFO:teuthology.orchestra.run.trial071.stdout: ceph telemetry on
2026-02-20T01:31:15.649 INFO:teuthology.orchestra.run.trial071.stdout:
2026-02-20T01:31:15.649 INFO:teuthology.orchestra.run.trial071.stdout:For more information see:
2026-02-20T01:31:15.649 INFO:teuthology.orchestra.run.trial071.stdout:
2026-02-20T01:31:15.654 INFO:teuthology.orchestra.run.trial071.stdout: https://docs.ceph.com/en/latest/mgr/telemetry/
2026-02-20T01:31:15.655 INFO:teuthology.orchestra.run.trial071.stdout:
2026-02-20T01:31:15.655 INFO:teuthology.orchestra.run.trial071.stdout:Bootstrap complete.
2026-02-20T01:31:15.673 INFO:tasks.cephadm:Fetching config...
2026-02-20T01:31:15.674 DEBUG:teuthology.orchestra.run.trial071:> set -ex
2026-02-20T01:31:15.674 DEBUG:teuthology.orchestra.run.trial071:> dd if=/etc/ceph/ceph.conf of=/dev/stdout
2026-02-20T01:31:15.691 INFO:tasks.cephadm:Fetching client.admin keyring...
2026-02-20T01:31:15.692 DEBUG:teuthology.orchestra.run.trial071:> set -ex
2026-02-20T01:31:15.692 DEBUG:teuthology.orchestra.run.trial071:> dd if=/etc/ceph/ceph.client.admin.keyring of=/dev/stdout
2026-02-20T01:31:15.748 INFO:tasks.cephadm:Fetching mon keyring...
2026-02-20T01:31:15.749 DEBUG:teuthology.orchestra.run.trial071:> set -ex
2026-02-20T01:31:15.749 DEBUG:teuthology.orchestra.run.trial071:> sudo dd if=/var/lib/ceph/c335d3a7-0dfb-11f1-832c-d404e6e7d460/mon.a/keyring of=/dev/stdout
2026-02-20T01:31:15.813 INFO:tasks.cephadm:Fetching pub ssh key...
2026-02-20T01:31:15.813 DEBUG:teuthology.orchestra.run.trial071:> set -ex
2026-02-20T01:31:15.813 DEBUG:teuthology.orchestra.run.trial071:> dd if=/home/ubuntu/cephtest/ceph.pub of=/dev/stdout
2026-02-20T01:31:15.870 INFO:tasks.cephadm:Installing pub ssh key for root users...
2026-02-20T01:31:15.870 DEBUG:teuthology.orchestra.run.trial071:> sudo install -d -m 0700 /root/.ssh && echo 'ssh-ed25519 AAAAC3NzaC1lZDI1NTE5AAAAIKwrkjnahf00xfHfLwYkINvgEmqxMtmJbR8CJjsC2/4u ceph-c335d3a7-0dfb-11f1-832c-d404e6e7d460' | sudo tee -a /root/.ssh/authorized_keys && sudo chmod 0600 /root/.ssh/authorized_keys
2026-02-20T01:31:15.944 INFO:teuthology.orchestra.run.trial071.stdout:ssh-ed25519 AAAAC3NzaC1lZDI1NTE5AAAAIKwrkjnahf00xfHfLwYkINvgEmqxMtmJbR8CJjsC2/4u ceph-c335d3a7-0dfb-11f1-832c-d404e6e7d460
2026-02-20T01:31:15.954 DEBUG:teuthology.orchestra.run.trial133:> sudo install -d -m 0700 /root/.ssh && echo 'ssh-ed25519 AAAAC3NzaC1lZDI1NTE5AAAAIKwrkjnahf00xfHfLwYkINvgEmqxMtmJbR8CJjsC2/4u ceph-c335d3a7-0dfb-11f1-832c-d404e6e7d460' | sudo tee -a /root/.ssh/authorized_keys && sudo chmod 0600 /root/.ssh/authorized_keys
2026-02-20T01:31:15.990 INFO:teuthology.orchestra.run.trial133.stdout:ssh-ed25519 AAAAC3NzaC1lZDI1NTE5AAAAIKwrkjnahf00xfHfLwYkINvgEmqxMtmJbR8CJjsC2/4u ceph-c335d3a7-0dfb-11f1-832c-d404e6e7d460
2026-02-20T01:31:16.000 DEBUG:teuthology.orchestra.run.trial198:> sudo install -d -m 0700 /root/.ssh && echo 'ssh-ed25519 AAAAC3NzaC1lZDI1NTE5AAAAIKwrkjnahf00xfHfLwYkINvgEmqxMtmJbR8CJjsC2/4u ceph-c335d3a7-0dfb-11f1-832c-d404e6e7d460' | sudo tee -a /root/.ssh/authorized_keys && sudo chmod 0600 /root/.ssh/authorized_keys
2026-02-20T01:31:16.036 INFO:teuthology.orchestra.run.trial198.stdout:ssh-ed25519 AAAAC3NzaC1lZDI1NTE5AAAAIKwrkjnahf00xfHfLwYkINvgEmqxMtmJbR8CJjsC2/4u ceph-c335d3a7-0dfb-11f1-832c-d404e6e7d460
2026-02-20T01:31:16.047 DEBUG:teuthology.orchestra.run.trial071:> sudo /home/ubuntu/cephtest/cephadm --image quay.ceph.io/ceph-ci/ceph:e11fdbfb401ce2a5699463f4fc8fd4a2b16cec40 shell -c /etc/ceph/ceph.conf -k /etc/ceph/ceph.client.admin.keyring --fsid c335d3a7-0dfb-11f1-832c-d404e6e7d460 -- ceph config set mgr mgr/cephadm/allow_ptrace true
2026-02-20T01:31:16.199 INFO:teuthology.orchestra.run.trial071.stderr:Inferring config /var/lib/ceph/c335d3a7-0dfb-11f1-832c-d404e6e7d460/mon.a/config
2026-02-20T01:31:16.315 INFO:teuthology.orchestra.run.trial071.stderr:2026-02-20T01:31:16.311+0000 7f166237d640 1 -- 10.20.193.71:0/540811807 >> [v2:10.20.193.71:3300/0,v1:10.20.193.71:6789/0] conn(0x7f165c102330 msgr2=0x7f165c102730 secure :-1 s=STATE_CONNECTION_ESTABLISHED l=1).mark_down
2026-02-20T01:31:16.315 INFO:teuthology.orchestra.run.trial071.stderr:2026-02-20T01:31:16.311+0000 7f166237d640 1 --2- 10.20.193.71:0/540811807 >> [v2:10.20.193.71:3300/0,v1:10.20.193.71:6789/0] conn(0x7f165c102330 0x7f165c102730 secure :-1 s=READY pgs=76 cs=0 l=1 rev1=1 crypto rx=0x7f16480099b0 tx=0x7f164802f2b0 comp rx=0 tx=0).stop
2026-02-20T01:31:16.315 INFO:teuthology.orchestra.run.trial071.stderr:2026-02-20T01:31:16.311+0000 7f166237d640 1 -- 10.20.193.71:0/540811807 shutdown_connections
2026-02-20T01:31:16.315 INFO:teuthology.orchestra.run.trial071.stderr:2026-02-20T01:31:16.311+0000 7f166237d640 1 --2- 10.20.193.71:0/540811807 >> [v2:10.20.193.71:3300/0,v1:10.20.193.71:6789/0] conn(0x7f165c102330 0x7f165c102730 unknown :-1 s=CLOSED pgs=76 cs=0 l=1 rev1=1 crypto rx=0 tx=0 comp rx=0 tx=0).stop
2026-02-20T01:31:16.315 INFO:teuthology.orchestra.run.trial071.stderr:2026-02-20T01:31:16.311+0000 7f166237d640 1 -- 10.20.193.71:0/540811807 >> 10.20.193.71:0/540811807 conn(0x7f165c0fdae0 msgr2=0x7f165c0fff00 unknown :-1 s=STATE_NONE l=0).mark_down
2026-02-20T01:31:16.315 INFO:teuthology.orchestra.run.trial071.stderr:2026-02-20T01:31:16.311+0000 7f166237d640 1 -- 10.20.193.71:0/540811807 shutdown_connections
2026-02-20T01:31:16.315 INFO:teuthology.orchestra.run.trial071.stderr:2026-02-20T01:31:16.311+0000 7f166237d640 1 -- 10.20.193.71:0/540811807 wait complete.
2026-02-20T01:31:16.315 INFO:teuthology.orchestra.run.trial071.stderr:2026-02-20T01:31:16.312+0000 7f166237d640 1 Processor -- start
2026-02-20T01:31:16.316 INFO:teuthology.orchestra.run.trial071.stderr:2026-02-20T01:31:16.312+0000 7f166237d640 1 -- start start
2026-02-20T01:31:16.316 INFO:teuthology.orchestra.run.trial071.stderr:2026-02-20T01:31:16.312+0000 7f166237d640 1 --2- >> [v2:10.20.193.71:3300/0,v1:10.20.193.71:6789/0] conn(0x7f165c102330 0x7f165c1997f0 unknown :-1 s=NONE pgs=0 cs=0 l=1 rev1=0 crypto rx=0 tx=0 comp rx=0 tx=0).connect
2026-02-20T01:31:16.316 INFO:teuthology.orchestra.run.trial071.stderr:2026-02-20T01:31:16.312+0000 7f166237d640 1 -- --> [v2:10.20.193.71:3300/0,v1:10.20.193.71:6789/0] -- mon_getmap magic: 0 -- 0x7f165c108170 con 0x7f165c102330
2026-02-20T01:31:16.316 INFO:teuthology.orchestra.run.trial071.stderr:2026-02-20T01:31:16.312+0000 7f165bfff640 1 --2- >> [v2:10.20.193.71:3300/0,v1:10.20.193.71:6789/0] conn(0x7f165c102330 0x7f165c1997f0 unknown :-1 s=BANNER_CONNECTING pgs=0 cs=0 l=1 rev1=0 crypto rx=0 tx=0 comp rx=0 tx=0)._handle_peer_banner_payload supported=3 required=0
2026-02-20T01:31:16.316 INFO:teuthology.orchestra.run.trial071.stderr:2026-02-20T01:31:16.312+0000 7f165bfff640 1 --2- >> [v2:10.20.193.71:3300/0,v1:10.20.193.71:6789/0] conn(0x7f165c102330 0x7f165c1997f0 unknown :-1 s=HELLO_CONNECTING pgs=0 cs=0 l=1 rev1=1 crypto rx=0 tx=0 comp rx=0 tx=0).handle_hello peer v2:10.20.193.71:3300/0 says I am v2:10.20.193.71:42120/0 (socket says 10.20.193.71:42120)
2026-02-20T01:31:16.316 INFO:teuthology.orchestra.run.trial071.stderr:2026-02-20T01:31:16.312+0000 7f165bfff640 1 -- 10.20.193.71:0/4073962276 learned_addr learned my addr 10.20.193.71:0/4073962276 (peer_addr_for_me v2:10.20.193.71:0/0)
2026-02-20T01:31:16.316 INFO:teuthology.orchestra.run.trial071.stderr:2026-02-20T01:31:16.312+0000 7f165bfff640 1 -- 10.20.193.71:0/4073962276 --> [v2:10.20.193.71:3300/0,v1:10.20.193.71:6789/0] -- mon_subscribe({config=0+,monmap=0+}) -- 0x7f165c199d30 con 0x7f165c102330
2026-02-20T01:31:16.316 INFO:teuthology.orchestra.run.trial071.stderr:2026-02-20T01:31:16.312+0000 7f165bfff640 1 --2- 10.20.193.71:0/4073962276 >> [v2:10.20.193.71:3300/0,v1:10.20.193.71:6789/0] conn(0x7f165c102330 0x7f165c1997f0 secure :-1 s=READY pgs=77 cs=0 l=1 rev1=1 crypto rx=0x7f1648002fd0 tx=0x7f1648004290 comp rx=0 tx=0).ready entity=mon.0 client_cookie=0 server_cookie=0 in_seq=0 out_seq=0
2026-02-20T01:31:16.316 INFO:teuthology.orchestra.run.trial071.stderr:2026-02-20T01:31:16.312+0000 7f16597fa640 1 -- 10.20.193.71:0/4073962276 <== mon.0 v2:10.20.193.71:3300/0 1 ==== mon_map magic: 0 ==== 205+0+0 (secure 0 0 0) 0x7f1648047070 con 0x7f165c102330
2026-02-20T01:31:16.316 INFO:teuthology.orchestra.run.trial071.stderr:2026-02-20T01:31:16.312+0000 7f166237d640 1 -- 10.20.193.71:0/4073962276 --> [v2:10.20.193.71:3300/0,v1:10.20.193.71:6789/0] -- mon_subscribe({mgrmap=0+}) -- 0x7f165c199fc0 con 0x7f165c102330
