2026-02-20T01:41:44.579+0000 7f14518a6640 1 -- 10.20.193.31:0/1301157275 learned_addr learned my addr 10.20.193.31:0/1301157275 (peer_addr_for_me v2:10.20.193.31:0/0)
2026-02-20T01:41:44.717 INFO:teuthology.orchestra.run.trial031.stdout:/usr/bin/ceph: stderr
2026-02-20T01:41:44.580+0000 7f14518a6640 1 -- 10.20.193.31:0/1301157275 --> [v2:10.20.193.31:3300/0,v1:10.20.193.31:6789/0] -- mon_subscribe({config=0+,monmap=0+}) -- 0x7f144c1a0880 con 0x7f144c10a470
2026-02-20T01:41:44.717 INFO:teuthology.orchestra.run.trial031.stdout:/usr/bin/ceph: stderr
2026-02-20T01:41:44.580+0000 7f14518a6640 1 --2- 10.20.193.31:0/1301157275 >> [v2:10.20.193.31:3300/0,v1:10.20.193.31:6789/0] conn(0x7f144c10a470 0x7f144c1a0340 secure :-1 s=READY pgs=25 cs=0 l=1 rev1=1 crypto rx=0x7f143c009a50 tx=0x7f143c037b90 comp rx=0 tx=0).ready entity=mon.0 client_cookie=0 server_cookie=0 in_seq=0 out_seq=0
2026-02-20T01:41:44.717 INFO:teuthology.orchestra.run.trial031.stdout:/usr/bin/ceph: stderr
2026-02-20T01:41:44.580+0000 7f143affd640 1 -- 10.20.193.31:0/1301157275 <== mon.0 v2:10.20.193.31:3300/0 1 ==== mon_map magic: 0 ==== 205+0+0 (secure 0 0 0) 0x7f143c045070 con 0x7f144c10a470
2026-02-20T01:41:44.717 INFO:teuthology.orchestra.run.trial031.stdout:/usr/bin/ceph: stderr
2026-02-20T01:41:44.580+0000 7f143affd640 1 -- 10.20.193.31:0/1301157275 <== mon.0 v2:10.20.193.31:3300/0 2 ==== config(26 keys) ==== 1045+0+0 (secure 0 0 0) 0x7f143c040450 con 0x7f144c10a470
2026-02-20T01:41:44.717 INFO:teuthology.orchestra.run.trial031.stdout:/usr/bin/ceph: stderr
2026-02-20T01:41:44.580+0000 7f1453b31640 1 -- 10.20.193.31:0/1301157275 --> [v2:10.20.193.31:3300/0,v1:10.20.193.31:6789/0] -- mon_subscribe({mgrmap=0+}) -- 0x7f144c1a0b10 con 0x7f144c10a470
2026-02-20T01:41:44.717 INFO:teuthology.orchestra.run.trial031.stdout:/usr/bin/ceph: stderr
2026-02-20T01:41:44.580+0000 7f143affd640 1 -- 10.20.193.31:0/1301157275 <== mon.0 v2:10.20.193.31:3300/0 3 ==== mon_map magic: 0 ==== 205+0+0 (secure 0 0 0) 0x7f143c03c070 con 0x7f144c10a470
2026-02-20T01:41:44.717 INFO:teuthology.orchestra.run.trial031.stdout:/usr/bin/ceph: stderr
2026-02-20T01:41:44.580+0000 7f1453b31640 1 -- 10.20.193.31:0/1301157275 --> [v2:10.20.193.31:3300/0,v1:10.20.193.31:6789/0] -- mon_subscribe({osdmap=0}) -- 0x7f144c1a3800 con 0x7f144c10a470
2026-02-20T01:41:44.717 INFO:teuthology.orchestra.run.trial031.stdout:/usr/bin/ceph: stderr
2026-02-20T01:41:44.580+0000 7f1453b31640 1 -- 10.20.193.31:0/1301157275 --> [v2:10.20.193.31:3300/0,v1:10.20.193.31:6789/0] -- mon_command({"prefix": "get_command_descriptions"} v 0) -- 0x7f144c10a8f0 con 0x7f144c10a470
2026-02-20T01:41:44.717 INFO:teuthology.orchestra.run.trial031.stdout:/usr/bin/ceph: stderr
2026-02-20T01:41:44.580+0000 7f143affd640 1 -- 10.20.193.31:0/1301157275 <== mon.0 v2:10.20.193.31:3300/0 4 ==== mgrmap(e 5) ==== 50247+0+0 (secure 0 0 0) 0x7f143c040900 con 0x7f144c10a470
2026-02-20T01:41:44.717 INFO:teuthology.orchestra.run.trial031.stdout:/usr/bin/ceph: stderr
2026-02-20T01:41:44.581+0000 7f143affd640 1 --2- 10.20.193.31:0/1301157275 >> [v2:10.20.193.31:6800/1876118517,v1:10.20.193.31:6801/1876118517] conn(0x7f142803dbf0 0x7f14280400b0 unknown :-1 s=NONE pgs=0 cs=0 l=1 rev1=0 crypto rx=0 tx=0 comp rx=0 tx=0).connect
2026-02-20T01:41:44.717 INFO:teuthology.orchestra.run.trial031.stdout:/usr/bin/ceph: stderr
2026-02-20T01:41:44.581+0000 7f14510a5640 1 -- 10.20.193.31:0/1301157275 >> [v2:10.20.193.31:6800/1876118517,v1:10.20.193.31:6801/1876118517] conn(0x7f142803dbf0 msgr2=0x7f14280400b0 unknown :-1 s=STATE_CONNECTING_RE l=1).process reconnect failed to v2:10.20.193.31:6800/1876118517
2026-02-20T01:41:44.717 INFO:teuthology.orchestra.run.trial031.stdout:/usr/bin/ceph: stderr
2026-02-20T01:41:44.581+0000 7f143affd640 1 -- 10.20.193.31:0/1301157275 <== mon.0 v2:10.20.193.31:3300/0 5 ==== osd_map(1..1 src has 1..1) ==== 725+0+0 (secure 0 0 0) 0x7f143c0766c0 con 0x7f144c10a470
2026-02-20T01:41:44.718 INFO:teuthology.orchestra.run.trial031.stdout:/usr/bin/ceph: stderr
2026-02-20T01:41:44.581+0000 7f14510a5640 1 --2- 10.20.193.31:0/1301157275 >> [v2:10.20.193.31:6800/1876118517,v1:10.20.193.31:6801/1876118517] conn(0x7f142803dbf0 0x7f14280400b0 unknown :-1 s=START_CONNECT pgs=0 cs=0 l=1 rev1=0 crypto rx=0 tx=0 comp rx=0 tx=0)._fault waiting 0.200000
2026-02-20T01:41:44.718 INFO:teuthology.orchestra.run.trial031.stdout:/usr/bin/ceph: stderr
2026-02-20T01:41:44.583+0000 7f143affd640 1 -- 10.20.193.31:0/1301157275 <== mon.0 v2:10.20.193.31:3300/0 6 ==== mon_command_ack([{"prefix": "get_command_descriptions"}]=0 v0) ==== 72+0+195034 (secure 0 0 0) 0x7f143c03fe40 con 0x7f144c10a470
2026-02-20T01:41:44.718 INFO:teuthology.orchestra.run.trial031.stdout:/usr/bin/ceph: stderr
2026-02-20T01:41:44.687+0000 7f1453b31640 1 -- 10.20.193.31:0/1301157275 --> [v2:10.20.193.31:3300/0,v1:10.20.193.31:6789/0] -- mon_command({"prefix": "mgr stat"} v 0) -- 0x7f144c1a3ea0 con 0x7f144c10a470
2026-02-20T01:41:44.718 INFO:teuthology.orchestra.run.trial031.stdout:/usr/bin/ceph: stderr
2026-02-20T01:41:44.688+0000 7f143affd640 1 -- 10.20.193.31:0/1301157275 <== mon.0 v2:10.20.193.31:3300/0 7 ==== mon_command_ack([{"prefix": "mgr stat"}]=0 v5) ==== 56+0+88 (secure 0 0 0) 0x7f143c0406b0 con 0x7f144c10a470
2026-02-20T01:41:44.718 INFO:teuthology.orchestra.run.trial031.stdout:/usr/bin/ceph: stderr
2026-02-20T01:41:44.689+0000 7f1453b31640 1 -- 10.20.193.31:0/1301157275 >> [v2:10.20.193.31:6800/1876118517,v1:10.20.193.31:6801/1876118517] conn(0x7f142803dbf0 msgr2=0x7f14280400b0 unknown :-1 s=STATE_CONNECTING l=1).mark_down
2026-02-20T01:41:44.718 INFO:teuthology.orchestra.run.trial031.stdout:/usr/bin/ceph: stderr
2026-02-20T01:41:44.689+0000 7f1453b31640 1 --2- 10.20.193.31:0/1301157275 >> [v2:10.20.193.31:6800/1876118517,v1:10.20.193.31:6801/1876118517] conn(0x7f142803dbf0 0x7f14280400b0 unknown :-1 s=START_CONNECT pgs=0 cs=0 l=1 rev1=0 crypto rx=0 tx=0 comp rx=0 tx=0).stop
2026-02-20T01:41:44.718 INFO:teuthology.orchestra.run.trial031.stdout:/usr/bin/ceph: stderr
2026-02-20T01:41:44.689+0000 7f1453b31640 1 -- 10.20.193.31:0/1301157275 >> [v2:10.20.193.31:3300/0,v1:10.20.193.31:6789/0] conn(0x7f144c10a470 msgr2=0x7f144c1a0340 secure :-1 s=STATE_CONNECTION_ESTABLISHED l=1).mark_down
2026-02-20T01:41:44.718 INFO:teuthology.orchestra.run.trial031.stdout:/usr/bin/ceph: stderr
2026-02-20T01:41:44.689+0000 7f1453b31640 1 --2- 10.20.193.31:0/1301157275 >> [v2:10.20.193.31:3300/0,v1:10.20.193.31:6789/0] conn(0x7f144c10a470 0x7f144c1a0340 secure :-1 s=READY pgs=25 cs=0 l=1 rev1=1 crypto rx=0x7f143c009a50 tx=0x7f143c037b90 comp rx=0 tx=0).stop
2026-02-20T01:41:44.718 INFO:teuthology.orchestra.run.trial031.stdout:/usr/bin/ceph: stderr
2026-02-20T01:41:44.689+0000 7f1453b31640 1 -- 10.20.193.31:0/1301157275 shutdown_connections
2026-02-20T01:41:44.718 INFO:teuthology.orchestra.run.trial031.stdout:/usr/bin/ceph: stderr
2026-02-20T01:41:44.689+0000 7f1453b31640 1 --2- 10.20.193.31:0/1301157275 >> [v2:10.20.193.31:6800/1876118517,v1:10.20.193.31:6801/1876118517] conn(0x7f142803dbf0 0x7f14280400b0 unknown :-1 s=CLOSED pgs=0 cs=0 l=1 rev1=0 crypto rx=0 tx=0 comp rx=0 tx=0).stop
2026-02-20T01:41:44.718 INFO:teuthology.orchestra.run.trial031.stdout:/usr/bin/ceph: stderr
2026-02-20T01:41:44.689+0000 7f1453b31640 1 --2- 10.20.193.31:0/1301157275 >> [v2:10.20.193.31:3300/0,v1:10.20.193.31:6789/0] conn(0x7f144c10a470 0x7f144c1a0340 unknown :-1 s=CLOSED pgs=25 cs=0 l=1 rev1=1 crypto rx=0 tx=0 comp rx=0 tx=0).stop
2026-02-20T01:41:44.718 INFO:teuthology.orchestra.run.trial031.stdout:/usr/bin/ceph: stderr
2026-02-20T01:41:44.689+0000 7f1453b31640 1 -- 10.20.193.31:0/1301157275 >> 10.20.193.31:0/1301157275 conn(0x7f144c07dbf0 msgr2=0x7f144c107eb0 unknown :-1 s=STATE_NONE l=0).mark_down
2026-02-20T01:41:44.718 INFO:teuthology.orchestra.run.trial031.stdout:/usr/bin/ceph: stderr
2026-02-20T01:41:44.689+0000 7f1453b31640 1 -- 10.20.193.31:0/1301157275 shutdown_connections
2026-02-20T01:41:44.718 INFO:teuthology.orchestra.run.trial031.stdout:/usr/bin/ceph: stderr
2026-02-20T01:41:44.689+0000 7f1453b31640 1 -- 10.20.193.31:0/1301157275 wait complete.
2026-02-20T01:41:44.718 INFO:teuthology.orchestra.run.trial031.stdout:Waiting for the mgr to restart...
2026-02-20T01:41:44.719 INFO:teuthology.orchestra.run.trial031.stdout:Waiting for mgr epoch 5...
2026-02-20T01:41:45.285 INFO:journalctl@ceph.mgr.x.trial031.stdout:Feb 20 01:41:45 trial031 ceph-41d91d27-0dfd-11f1-a546-d404e6e7d460-mgr-x[39959]:
2026-02-20T01:41:45.007+0000 7fc1bc460140 -1 mgr[py] Module prometheus has missing NOTIFY_TYPES member
2026-02-20T01:41:45.285 INFO:journalctl@ceph.mgr.x.trial031.stdout:Feb 20 01:41:45 trial031 ceph-41d91d27-0dfd-11f1-a546-d404e6e7d460-mgr-x[39959]:
2026-02-20T01:41:45.042+0000 7fc1bc460140 -1 mgr[py] Module balancer has missing NOTIFY_TYPES member
2026-02-20T01:41:45.285 INFO:journalctl@ceph.mgr.x.trial031.stdout:Feb 20 01:41:45 trial031 ceph-41d91d27-0dfd-11f1-a546-d404e6e7d460-mgr-x[39959]:
2026-02-20T01:41:45.083+0000 7fc1bc460140 -1 mgr[py] Module rbd_support has missing NOTIFY_TYPES member
2026-02-20T01:41:45.286 INFO:journalctl@ceph.mgr.x.trial031.stdout:Feb 20 01:41:45 trial031 ceph-41d91d27-0dfd-11f1-a546-d404e6e7d460-mgr-x[39959]:
2026-02-20T01:41:45.115+0000 7fc1bc460140 -1 mgr[py] Module devicehealth has missing NOTIFY_TYPES member
2026-02-20T01:41:45.286 INFO:journalctl@ceph.mgr.x.trial031.stdout:Feb 20 01:41:45 trial031 ceph-41d91d27-0dfd-11f1-a546-d404e6e7d460-mgr-x[39959]:
2026-02-20T01:41:45.149+0000 7fc1bc460140 -1 mgr[py] Module alerts has missing NOTIFY_TYPES member
2026-02-20T01:41:45.286 INFO:journalctl@ceph.mgr.x.trial031.stdout:Feb 20 01:41:45 trial031 ceph-41d91d27-0dfd-11f1-a546-d404e6e7d460-mgr-x[39959]:
2026-02-20T01:41:45.214+0000 7fc1bc460140 -1 mgr[py] Module telemetry has missing NOTIFY_TYPES member
2026-02-20T01:41:45.286 INFO:journalctl@ceph.mgr.x.trial031.stdout:Feb 20 01:41:45 trial031 ceph-41d91d27-0dfd-11f1-a546-d404e6e7d460-mgr-x[39959]: /lib64/python3.9/site-packages/scipy/__init__.py:73: UserWarning: NumPy was imported from a Python sub-interpreter but NumPy does not properly support sub-interpreters. This will likely work for most users but might cause hard to track down issues or subtle bugs. A common user of the rare sub-interpreter feature is wsgi which also allows single-interpreter mode.
2026-02-20T01:41:45.286 INFO:journalctl@ceph.mgr.x.trial031.stdout:Feb 20 01:41:45 trial031 ceph-41d91d27-0dfd-11f1-a546-d404e6e7d460-mgr-x[39959]: Improvements in the case of bugs are welcome, but is not on the NumPy roadmap, and full support may require significant effort to achieve.
2026-02-20T01:41:45.286 INFO:journalctl@ceph.mgr.x.trial031.stdout:Feb 20 01:41:45 trial031 ceph-41d91d27-0dfd-11f1-a546-d404e6e7d460-mgr-x[39959]: from numpy import show_config as show_numpy_config
2026-02-20T01:41:45.544 INFO:journalctl@ceph.mon.a.trial031.stdout:Feb 20 01:41:45 trial031 ceph-mon[39682]: from='client.? 10.20.193.31:0/2949661550' entity='client.admin' cmd='[{"prefix": "mgr module enable", "module": "cephadm"}]': finished
2026-02-20T01:41:45.544 INFO:journalctl@ceph.mon.a.trial031.stdout:Feb 20 01:41:45 trial031 ceph-mon[39682]: mgrmap e5: x(active, since 3s)
2026-02-20T01:41:45.544 INFO:journalctl@ceph.mon.a.trial031.stdout:Feb 20 01:41:45 trial031 ceph-mon[39682]: from='client.? 10.20.193.31:0/1301157275' entity='client.admin' cmd=[{"prefix": "mgr stat"}]: dispatch
2026-02-20T01:41:45.544 INFO:journalctl@ceph.mgr.x.trial031.stdout:Feb 20 01:41:45 trial031 ceph-41d91d27-0dfd-11f1-a546-d404e6e7d460-mgr-x[39959]:
2026-02-20T01:41:45.286+0000 7fc1bc460140 -1 mgr[py] Module diskprediction_local has missing NOTIFY_TYPES member
2026-02-20T01:41:45.544 INFO:journalctl@ceph.mgr.x.trial031.stdout:Feb 20 01:41:45 trial031 ceph-41d91d27-0dfd-11f1-a546-d404e6e7d460-mgr-x[39959]:
2026-02-20T01:41:45.320+0000 7fc1bc460140 -1 mgr[py] Module status has missing NOTIFY_TYPES member
2026-02-20T01:41:45.544 INFO:journalctl@ceph.mgr.x.trial031.stdout:Feb 20 01:41:45 trial031 ceph-41d91d27-0dfd-11f1-a546-d404e6e7d460-mgr-x[39959]:
2026-02-20T01:41:45.415+0000 7fc1bc460140 -1 mgr[py] Module rgw has missing NOTIFY_TYPES member
2026-02-20T01:41:45.545 INFO:journalctl@ceph.mgr.x.trial031.stdout:Feb 20 01:41:45 trial031 ceph-41d91d27-0dfd-11f1-a546-d404e6e7d460-mgr-x[39959]:
2026-02-20T01:41:45.475+0000 7fc1bc460140 -1 mgr[py] Module iostat has missing NOTIFY_TYPES member
2026-02-20T01:41:45.545 INFO:journalctl@ceph.mgr.x.trial031.stdout:Feb 20 01:41:45 trial031 ceph-41d91d27-0dfd-11f1-a546-d404e6e7d460-mgr-x[39959]:
2026-02-20T01:41:45.509+0000 7fc1bc460140 -1 mgr[py] Module pg_autoscaler has missing NOTIFY_TYPES member
2026-02-20T01:41:45.545 INFO:journalctl@ceph.mgr.x.trial031.stdout:Feb 20 01:41:45 trial031 ceph-41d91d27-0dfd-11f1-a546-d404e6e7d460-mgr-x[39959]:
2026-02-20T01:41:45.541+0000 7fc1bc460140 -1 mgr[py] Module osd_perf_query has missing NOTIFY_TYPES member
2026-02-20T01:41:45.840 INFO:journalctl@ceph.mgr.x.trial031.stdout:Feb 20 01:41:45 trial031 ceph-41d91d27-0dfd-11f1-a546-d404e6e7d460-mgr-x[39959]:
2026-02-20T01:41:45.576+0000 7fc1bc460140 -1 mgr[py] Module crash has missing NOTIFY_TYPES member
2026-02-20T01:41:45.840 INFO:journalctl@ceph.mgr.x.trial031.stdout:Feb 20 01:41:45 trial031 ceph-41d91d27-0dfd-11f1-a546-d404e6e7d460-mgr-x[39959]:
2026-02-20T01:41:45.606+0000 7fc1bc460140 -1 mgr[py] Module progress has missing NOTIFY_TYPES member
2026-02-20T01:41:45.840 INFO:journalctl@ceph.mgr.x.trial031.stdout:Feb 20 01:41:45 trial031 ceph-41d91d27-0dfd-11f1-a546-d404e6e7d460-mgr-x[39959]:
2026-02-20T01:41:45.838+0000 7fc1bc460140 -1 mgr[py] Module rook has missing NOTIFY_TYPES member
2026-02-20T01:41:46.094 INFO:journalctl@ceph.mgr.x.trial031.stdout:Feb 20 01:41:45 trial031 ceph-41d91d27-0dfd-11f1-a546-d404e6e7d460-mgr-x[39959]:
2026-02-20T01:41:45.937+0000 7fc1bc460140 -1 mgr[py] Module nfs has missing NOTIFY_TYPES member
2026-02-20T01:41:46.094 INFO:journalctl@ceph.mgr.x.trial031.stdout:Feb 20 01:41:45 trial031 ceph-41d91d27-0dfd-11f1-a546-d404e6e7d460-mgr-x[39959]:
2026-02-20T01:41:45.968+0000 7fc1bc460140 -1 mgr[py] Module telegraf has missing NOTIFY_TYPES member
2026-02-20T01:41:46.094 INFO:journalctl@ceph.mgr.x.trial031.stdout:Feb 20 01:41:45 trial031 ceph-41d91d27-0dfd-11f1-a546-d404e6e7d460-mgr-x[39959]:
2026-02-20T01:41:45.999+0000 7fc1bc460140 -1 mgr[py] Module selftest has missing NOTIFY_TYPES member
2026-02-20T01:41:46.094 INFO:journalctl@ceph.mgr.x.trial031.stdout:Feb 20 01:41:46 trial031 ceph-41d91d27-0dfd-11f1-a546-d404e6e7d460-mgr-x[39959]:
2026-02-20T01:41:46.092+0000 7fc1bc460140 -1 mgr[py] Module test_orchestrator has missing NOTIFY_TYPES member
2026-02-20T01:41:46.384 INFO:journalctl@ceph.mgr.x.trial031.stdout:Feb 20 01:41:46 trial031 ceph-41d91d27-0dfd-11f1-a546-d404e6e7d460-mgr-x[39959]:
2026-02-20T01:41:46.120+0000 7fc1bc460140 -1 mgr[py] Module osd_support has missing NOTIFY_TYPES member
2026-02-20T01:41:46.384 INFO:journalctl@ceph.mgr.x.trial031.stdout:Feb 20 01:41:46 trial031 ceph-41d91d27-0dfd-11f1-a546-d404e6e7d460-mgr-x[39959]:
2026-02-20T01:41:46.212+0000 7fc1bc460140 -1 mgr[py] Module orchestrator has missing NOTIFY_TYPES member
2026-02-20T01:41:47.096 INFO:journalctl@ceph.mgr.x.trial031.stdout:Feb 20 01:41:46 trial031 ceph-41d91d27-0dfd-11f1-a546-d404e6e7d460-mgr-x[39959]:
2026-02-20T01:41:46.670+0000 7fc1bc460140 -1 mgr[py] Module volumes has missing NOTIFY_TYPES member
2026-02-20T01:41:47.096 INFO:journalctl@ceph.mgr.x.trial031.stdout:Feb 20 01:41:46 trial031 ceph-41d91d27-0dfd-11f1-a546-d404e6e7d460-mgr-x[39959]:
2026-02-20T01:41:46.700+0000 7fc1bc460140 -1 mgr[py] Module zabbix has missing NOTIFY_TYPES member
2026-02-20T01:41:47.384 INFO:journalctl@ceph.mgr.x.trial031.stdout:Feb 20 01:41:47 trial031 ceph-41d91d27-0dfd-11f1-a546-d404e6e7d460-mgr-x[39959]:
2026-02-20T01:41:47.094+0000 7fc1bc460140 -1 mgr[py] Module influx has missing NOTIFY_TYPES member
2026-02-20T01:41:47.385 INFO:journalctl@ceph.mon.a.trial031.stdout:Feb 20 01:41:47 trial031 ceph-mon[39682]: Active manager daemon x restarted
2026-02-20T01:41:47.385 INFO:journalctl@ceph.mon.a.trial031.stdout:Feb 20 01:41:47 trial031 ceph-mon[39682]: Activating manager daemon x
2026-02-20T01:41:47.385 INFO:journalctl@ceph.mon.a.trial031.stdout:Feb 20 01:41:47 trial031 ceph-mon[39682]: osdmap e2: 0 total, 0 up, 0 in
2026-02-20T01:41:47.385 INFO:journalctl@ceph.mon.a.trial031.stdout:Feb 20 01:41:47 trial031 ceph-mon[39682]: mgrmap e6: x(active, starting, since 0.00264834s)
2026-02-20T01:41:47.385 INFO:journalctl@ceph.mon.a.trial031.stdout:Feb 20 01:41:47 trial031 ceph-mon[39682]: from='mgr.14118 10.20.193.31:0/3043407169' entity='mgr.x' cmd=[{"prefix": "mon metadata", "id": "a"}]: dispatch
2026-02-20T01:41:47.385 INFO:journalctl@ceph.mon.a.trial031.stdout:Feb 20 01:41:47 trial031 ceph-mon[39682]: from='mgr.14118 10.20.193.31:0/3043407169' entity='mgr.x' cmd=[{"prefix": "mgr metadata", "who": "x", "id": "x"}]: dispatch
2026-02-20T01:41:47.386 INFO:journalctl@ceph.mon.a.trial031.stdout:Feb 20 01:41:47 trial031 ceph-mon[39682]: from='mgr.14118 10.20.193.31:0/3043407169' entity='mgr.x' cmd=[{"prefix": "mds metadata"}]: dispatch
2026-02-20T01:41:47.386 INFO:journalctl@ceph.mon.a.trial031.stdout:Feb 20 01:41:47 trial031 ceph-mon[39682]: from='mgr.14118 10.20.193.31:0/3043407169' entity='mgr.x' cmd=[{"prefix": "osd metadata"}]: dispatch
2026-02-20T01:41:47.386 INFO:journalctl@ceph.mon.a.trial031.stdout:Feb 20 01:41:47 trial031 ceph-mon[39682]: from='mgr.14118 10.20.193.31:0/3043407169' entity='mgr.x' cmd=[{"prefix": "mon metadata"}]: dispatch
2026-02-20T01:41:47.386 INFO:journalctl@ceph.mon.a.trial031.stdout:Feb 20 01:41:47 trial031 ceph-mon[39682]: Manager daemon x is now available
2026-02-20T01:41:47.386 INFO:journalctl@ceph.mon.a.trial031.stdout:Feb 20 01:41:47 trial031 ceph-mon[39682]: from='mgr.14118 10.20.193.31:0/3043407169' entity='mgr.x'
2026-02-20T01:41:47.386 INFO:journalctl@ceph.mon.a.trial031.stdout:Feb 20 01:41:47 trial031 ceph-mon[39682]: from='mgr.14118 10.20.193.31:0/3043407169' entity='mgr.x'
2026-02-20T01:41:47.386 INFO:journalctl@ceph.mon.a.trial031.stdout:Feb 20 01:41:47 trial031 ceph-mon[39682]: from='mgr.14118 10.20.193.31:0/3043407169' entity='mgr.x' cmd=[{"prefix": "config dump", "format": "json"}]: dispatch
2026-02-20T01:41:47.386 INFO:journalctl@ceph.mon.a.trial031.stdout:Feb 20 01:41:47 trial031 ceph-mon[39682]: from='mgr.14118 10.20.193.31:0/3043407169' entity='mgr.x' cmd=[{"prefix": "config dump", "format": "json"}]: dispatch
2026-02-20T01:41:47.386 INFO:journalctl@ceph.mon.a.trial031.stdout:Feb 20 01:41:47 trial031 ceph-mon[39682]: from='mgr.14118 10.20.193.31:0/3043407169' entity='mgr.x' cmd=[{"prefix":"config rm","who":"mgr","name":"mgr/rbd_support/x/mirror_snapshot_schedule"}]: dispatch
2026-02-20T01:41:47.386 INFO:journalctl@ceph.mon.a.trial031.stdout:Feb 20 01:41:47 trial031 ceph-mon[39682]: from='mgr.14118 10.20.193.31:0/3043407169' entity='mgr.x' cmd=[{"prefix":"config rm","who":"mgr","name":"mgr/rbd_support/x/trash_purge_schedule"}]: dispatch
2026-02-20T01:41:48.125 INFO:teuthology.orchestra.run.trial031.stdout:/usr/bin/ceph: stdout {
2026-02-20T01:41:48.125 INFO:teuthology.orchestra.run.trial031.stdout:/usr/bin/ceph: stdout "mgrmap_epoch": 7,
2026-02-20T01:41:48.125 INFO:teuthology.orchestra.run.trial031.stdout:/usr/bin/ceph: stdout "initialized": true
2026-02-20T01:41:48.125 INFO:teuthology.orchestra.run.trial031.stdout:/usr/bin/ceph: stdout }
2026-02-20T01:41:48.125 INFO:teuthology.orchestra.run.trial031.stdout:/usr/bin/ceph: stderr
2026-02-20T01:41:44.823+0000 7f4d2cb04640 1 Processor -- start
2026-02-20T01:41:48.126 INFO:teuthology.orchestra.run.trial031.stdout:/usr/bin/ceph: stderr
2026-02-20T01:41:44.824+0000 7f4d2cb04640 1 -- start start
2026-02-20T01:41:48.126 INFO:teuthology.orchestra.run.trial031.stdout:/usr/bin/ceph: stderr
2026-02-20T01:41:44.824+0000 7f4d2cb04640 1 --2- >> [v2:10.20.193.31:3300/0,v1:10.20.193.31:6789/0] conn(0x7f4d2810a2a0 0x7f4d2810a6a0 unknown :-1 s=NONE pgs=0 cs=0 l=0 rev1=0 crypto rx=0 tx=0 comp rx=0 tx=0).connect
2026-02-20T01:41:48.126 INFO:teuthology.orchestra.run.trial031.stdout:/usr/bin/ceph: stderr
2026-02-20T01:41:44.824+0000 7f4d2cb04640 1 -- --> [v2:10.20.193.31:3300/0,v1:10.20.193.31:6789/0] -- mon_getmap magic: 0 -- 0x7f4d2810ac70 con 0x7f4d2810a2a0
2026-02-20T01:41:48.126 INFO:teuthology.orchestra.run.trial031.stdout:/usr/bin/ceph: stderr
2026-02-20T01:41:44.824+0000 7f4d277fe640 1 --2- >> [v2:10.20.193.31:3300/0,v1:10.20.193.31:6789/0] conn(0x7f4d2810a2a0 0x7f4d2810a6a0 unknown :-1 s=BANNER_CONNECTING pgs=0 cs=0 l=0 rev1=0 crypto rx=0 tx=0 comp rx=0 tx=0)._handle_peer_banner_payload supported=3 required=0
2026-02-20T01:41:48.126 INFO:teuthology.orchestra.run.trial031.stdout:/usr/bin/ceph: stderr
2026-02-20T01:41:44.824+0000 7f4d277fe640 1 --2- >> [v2:10.20.193.31:3300/0,v1:10.20.193.31:6789/0] conn(0x7f4d2810a2a0 0x7f4d2810a6a0 unknown :-1 s=HELLO_CONNECTING pgs=0 cs=0 l=0 rev1=1 crypto rx=0 tx=0 comp rx=0 tx=0).handle_hello peer v2:10.20.193.31:3300/0 says I am v2:10.20.193.31:55978/0 (socket says 10.20.193.31:55978)
2026-02-20T01:41:48.126 INFO:teuthology.orchestra.run.trial031.stdout:/usr/bin/ceph: stderr
2026-02-20T01:41:44.824+0000 7f4d277fe640 1 -- 10.20.193.31:0/281010678 learned_addr learned my addr 10.20.193.31:0/281010678 (peer_addr_for_me v2:10.20.193.31:0/0)
2026-02-20T01:41:48.126 INFO:teuthology.orchestra.run.trial031.stdout:/usr/bin/ceph: stderr
2026-02-20T01:41:44.824+0000 7f4d277fe640 1 -- 10.20.193.31:0/281010678 --> [v2:10.20.193.31:3300/0,v1:10.20.193.31:6789/0] -- mon_subscribe({config=0+,monmap=0+}) -- 0x7f4d2810b450 con 0x7f4d2810a2a0
2026-02-20T01:41:48.126 INFO:teuthology.orchestra.run.trial031.stdout:/usr/bin/ceph: stderr
2026-02-20T01:41:44.825+0000 7f4d277fe640 1 --2- 10.20.193.31:0/281010678 >> [v2:10.20.193.31:3300/0,v1:10.20.193.31:6789/0] conn(0x7f4d2810a2a0 0x7f4d2810a6a0 secure :-1 s=READY pgs=26 cs=0 l=1 rev1=1 crypto rx=0x7f4d14009920 tx=0x7f4d1402ef20 comp rx=0 tx=0).ready entity=mon.0 client_cookie=8c39f8a0b2fe5b46 server_cookie=0 in_seq=0 out_seq=0
2026-02-20T01:41:48.126 INFO:teuthology.orchestra.run.trial031.stdout:/usr/bin/ceph: stderr
2026-02-20T01:41:44.825+0000 7f4d267fc640 1 -- 10.20.193.31:0/281010678 <== mon.0 v2:10.20.193.31:3300/0 1 ==== mon_map magic: 0 ==== 205+0+0 (secure 0 0 0) 0x7f4d1403c070 con 0x7f4d2810a2a0
2026-02-20T01:41:48.126 INFO:teuthology.orchestra.run.trial031.stdout:/usr/bin/ceph: stderr
2026-02-20T01:41:44.825+0000 7f4d267fc640 1 -- 10.20.193.31:0/281010678 <== mon.0 v2:10.20.193.31:3300/0 2 ==== config(26 keys) ==== 1045+0+0 (secure 0 0 0) 0x7f4d14037440 con 0x7f4d2810a2a0
2026-02-20T01:41:48.126 INFO:teuthology.orchestra.run.trial031.stdout:/usr/bin/ceph: stderr
2026-02-20T01:41:44.825+0000 7f4d267fc640 1 -- 10.20.193.31:0/281010678 <== mon.0 v2:10.20.193.31:3300/0 3 ==== mon_map magic: 0 ==== 205+0+0 (secure 0 0 0) 0x7f4d140354b0 con 0x7f4d2810a2a0
2026-02-20T01:41:48.126 INFO:teuthology.orchestra.run.trial031.stdout:/usr/bin/ceph: stderr
2026-02-20T01:41:44.825+0000 7f4d2cb04640 1 -- 10.20.193.31:0/281010678 >> [v2:10.20.193.31:3300/0,v1:10.20.193.31:6789/0] conn(0x7f4d2810a2a0 msgr2=0x7f4d2810a6a0 secure :-1 s=STATE_CONNECTION_ESTABLISHED l=1).mark_down
2026-02-20T01:41:48.126 INFO:teuthology.orchestra.run.trial031.stdout:/usr/bin/ceph: stderr
2026-02-20T01:41:44.825+0000 7f4d2cb04640 1 --2- 10.20.193.31:0/281010678 >> [v2:10.20.193.31:3300/0,v1:10.20.193.31:6789/0] conn(0x7f4d2810a2a0 0x7f4d2810a6a0 secure :-1 s=READY pgs=26 cs=0 l=1 rev1=1 crypto rx=0x7f4d14009920 tx=0x7f4d1402ef20 comp rx=0 tx=0).stop
2026-02-20T01:41:48.126 INFO:teuthology.orchestra.run.trial031.stdout:/usr/bin/ceph: stderr
2026-02-20T01:41:44.825+0000 7f4d2cb04640 1 -- 10.20.193.31:0/281010678 shutdown_connections
2026-02-20T01:41:48.126 INFO:teuthology.orchestra.run.trial031.stdout:/usr/bin/ceph: stderr
2026-02-20T01:41:44.825+0000 7f4d2cb04640 1 --2- 10.20.193.31:0/281010678 >> [v2:10.20.193.31:3300/0,v1:10.20.193.31:6789/0] conn(0x7f4d2810a2a0 0x7f4d2810a6a0 unknown :-1 s=CLOSED pgs=26 cs=0 l=1 rev1=1 crypto rx=0 tx=0 comp rx=0 tx=0).stop
2026-02-20T01:41:48.126 INFO:teuthology.orchestra.run.trial031.stdout:/usr/bin/ceph: stderr
2026-02-20T01:41:44.825+0000 7f4d2cb04640 1 -- 10.20.193.31:0/281010678 >> 10.20.193.31:0/281010678 conn(0x7f4d2807d9d0 msgr2=0x7f4d28108670 unknown :-1 s=STATE_NONE l=0).mark_down
2026-02-20T01:41:48.126 INFO:teuthology.orchestra.run.trial031.stdout:/usr/bin/ceph: stderr
2026-02-20T01:41:44.825+0000 7f4d2cb04640 1 -- 10.20.193.31:0/281010678 shutdown_connections
2026-02-20T01:41:48.126 INFO:teuthology.orchestra.run.trial031.stdout:/usr/bin/ceph: stderr
2026-02-20T01:41:44.825+0000 7f4d2cb04640 1 -- 10.20.193.31:0/281010678 wait complete.
2026-02-20T01:41:48.126 INFO:teuthology.orchestra.run.trial031.stdout:/usr/bin/ceph: stderr
2026-02-20T01:41:44.825+0000 7f4d2cb04640 1 Processor -- start
2026-02-20T01:41:48.126 INFO:teuthology.orchestra.run.trial031.stdout:/usr/bin/ceph: stderr
2026-02-20T01:41:44.825+0000 7f4d2cb04640 1 -- start start
2026-02-20T01:41:48.126 INFO:teuthology.orchestra.run.trial031.stdout:/usr/bin/ceph: stderr
2026-02-20T01:41:44.825+0000 7f4d2cb04640 1 --2- >> [v2:10.20.193.31:3300/0,v1:10.20.193.31:6789/0] conn(0x7f4d2810a2a0 0x7f4d281a01c0 unknown :-1 s=NONE pgs=0 cs=0 l=1 rev1=0 crypto rx=0 tx=0 comp rx=0 tx=0).connect
2026-02-20T01:41:48.126 INFO:teuthology.orchestra.run.trial031.stdout:/usr/bin/ceph: stderr
2026-02-20T01:41:44.825+0000 7f4d2cb04640 1 -- --> [v2:10.20.193.31:3300/0,v1:10.20.193.31:6789/0] -- mon_getmap magic: 0 -- 0x7f4d2810e680 con 0x7f4d2810a2a0
2026-02-20T01:41:48.126 INFO:teuthology.orchestra.run.trial031.stdout:/usr/bin/ceph: stderr
2026-02-20T01:41:44.826+0000 7f4d277fe640 1 --2- >> [v2:10.20.193.31:3300/0,v1:10.20.193.31:6789/0] conn(0x7f4d2810a2a0 0x7f4d281a01c0 unknown :-1 s=BANNER_CONNECTING pgs=0 cs=0 l=1 rev1=0 crypto rx=0 tx=0 comp rx=0 tx=0)._handle_peer_banner_payload supported=3 required=0
2026-02-20T01:41:48.126 INFO:teuthology.orchestra.run.trial031.stdout:/usr/bin/ceph: stderr
2026-02-20T01:41:44.826+0000 7f4d277fe640 1 --2- >> [v2:10.20.193.31:3300/0,v1:10.20.193.31:6789/0] conn(0x7f4d2810a2a0 0x7f4d281a01c0 unknown :-1 s=HELLO_CONNECTING pgs=0 cs=0 l=1 rev1=1 crypto rx=0 tx=0 comp rx=0 tx=0).handle_hello peer v2:10.20.193.31:3300/0 says I am v2:10.20.193.31:55986/0 (socket says 10.20.193.31:55986)
2026-02-20T01:41:48.126 INFO:teuthology.orchestra.run.trial031.stdout:/usr/bin/ceph: stderr
2026-02-20T01:41:44.826+0000 7f4d277fe640 1 -- 10.20.193.31:0/1339211114 learned_addr learned my addr 10.20.193.31:0/1339211114 (peer_addr_for_me v2:10.20.193.31:0/0)
2026-02-20T01:41:48.126 INFO:teuthology.orchestra.run.trial031.stdout:/usr/bin/ceph: stderr
2026-02-20T01:41:44.826+0000 7f4d277fe640 1 -- 10.20.193.31:0/1339211114 --> [v2:10.20.193.31:3300/0,v1:10.20.193.31:6789/0] -- mon_subscribe({config=0+,monmap=0+}) -- 0x7f4d281a0700 con 0x7f4d2810a2a0
2026-02-20T01:41:48.126 INFO:teuthology.orchestra.run.trial031.stdout:/usr/bin/ceph: stderr
2026-02-20T01:41:44.826+0000 7f4d277fe640 1 --2- 10.20.193.31:0/1339211114 >> [v2:10.20.193.31:3300/0,v1:10.20.193.31:6789/0] conn(0x7f4d2810a2a0 0x7f4d281a01c0 secure :-1 s=READY pgs=27 cs=0 l=1 rev1=1 crypto rx=0x7f4d14006fd0 tx=0x7f4d14037bb0 comp rx=0 tx=0).ready entity=mon.0 client_cookie=0 server_cookie=0 in_seq=0 out_seq=0
2026-02-20T01:41:48.126 INFO:teuthology.orchestra.run.trial031.stdout:/usr/bin/ceph: stderr
2026-02-20T01:41:44.826+0000 7f4d24ff9640 1 -- 10.20.193.31:0/1339211114 <== mon.0 v2:10.20.193.31:3300/0 1 ==== mon_map magic: 0 ==== 205+0+0 (secure 0 0 0) 0x7f4d14045070 con 0x7f4d2810a2a0
2026-02-20T01:41:48.126 INFO:teuthology.orchestra.run.trial031.stdout:/usr/bin/ceph: stderr
2026-02-20T01:41:44.826+0000 7f4d24ff9640 1 -- 10.20.193.31:0/1339211114 <== mon.0 v2:10.20.193.31:3300/0 2 ==== config(26 keys) ==== 1045+0+0 (secure 0 0 0) 0x7f4d14040450 con 0x7f4d2810a2a0
2026-02-20T01:41:48.126 INFO:teuthology.orchestra.run.trial031.stdout:/usr/bin/ceph: stderr
2026-02-20T01:41:44.826+0000 7f4d2cb04640 1 -- 10.20.193.31:0/1339211114 --> [v2:10.20.193.31:3300/0,v1:10.20.193.31:6789/0] -- mon_subscribe({mgrmap=0+}) -- 0x7f4d281a0990 con 0x7f4d2810a2a0
2026-02-20T01:41:48.126 INFO:teuthology.orchestra.run.trial031.stdout:/usr/bin/ceph: stderr
2026-02-20T01:41:44.826+0000 7f4d24ff9640 1 -- 10.20.193.31:0/1339211114 <== mon.0 v2:10.20.193.31:3300/0 3 ==== mon_map magic: 0 ==== 205+0+0 (secure 0 0 0) 0x7f4d1403c070 con 0x7f4d2810a2a0
2026-02-20T01:41:48.126 INFO:teuthology.orchestra.run.trial031.stdout:/usr/bin/ceph: stderr
2026-02-20T01:41:44.826+0000 7f4d2cb04640 1 -- 10.20.193.31:0/1339211114 --> [v2:10.20.193.31:3300/0,v1:10.20.193.31:6789/0] -- mon_subscribe({osdmap=0}) -- 0x7f4d281a3680 con 0x7f4d2810a2a0
2026-02-20T01:41:48.126 INFO:teuthology.orchestra.run.trial031.stdout:/usr/bin/ceph: stderr
2026-02-20T01:41:44.826+0000 7f4d24ff9640 1 -- 10.20.193.31:0/1339211114 <== mon.0 v2:10.20.193.31:3300/0 4 ==== mgrmap(e 5) ==== 50247+0+0 (secure 0 0 0) 0x7f4d14035af0 con 0x7f4d2810a2a0
2026-02-20T01:41:48.126 INFO:teuthology.orchestra.run.trial031.stdout:/usr/bin/ceph: stderr
2026-02-20T01:41:44.827+0000 7f4d24ff9640 1 --2- 10.20.193.31:0/1339211114 >> [v2:10.20.193.31:6800/1876118517,v1:10.20.193.31:6801/1876118517] conn(0x7f4cfc03dba0 0x7f4cfc040060 unknown :-1 s=NONE pgs=0 cs=0 l=1 rev1=0 crypto rx=0 tx=0 comp rx=0 tx=0).connect
2026-02-20T01:41:48.126 INFO:teuthology.orchestra.run.trial031.stdout:/usr/bin/ceph: stderr
2026-02-20T01:41:44.827+0000 7f4d24ff9640 1 -- 10.20.193.31:0/1339211114 --> [v2:10.20.193.31:6800/1876118517,v1:10.20.193.31:6801/1876118517] -- command(tid 0: {"prefix": "get_command_descriptions"}) -- 0x7f4cfc040770 con 0x7f4cfc03dba0
2026-02-20T01:41:48.127 INFO:teuthology.orchestra.run.trial031.stdout:/usr/bin/ceph: stderr
2026-02-20T01:41:44.827+0000 7f4d26ffd640 1 -- 10.20.193.31:0/1339211114 >> [v2:10.20.193.31:6800/1876118517,v1:10.20.193.31:6801/1876118517] conn(0x7f4cfc03dba0 msgr2=0x7f4cfc040060 unknown :-1 s=STATE_CONNECTING_RE l=1).process reconnect failed to v2:10.20.193.31:6800/1876118517
2026-02-20T01:41:48.127 INFO:teuthology.orchestra.run.trial031.stdout:/usr/bin/ceph: stderr
2026-02-20T01:41:44.827+0000 7f4d24ff9640 1 -- 10.20.193.31:0/1339211114 <== mon.0 v2:10.20.193.31:3300/0 5 ==== osd_map(1..1 src has 1..1) ==== 725+0+0 (secure 0 0 0) 0x7f4d14076710 con 0x7f4d2810a2a0
2026-02-20T01:41:48.127 INFO:teuthology.orchestra.run.trial031.stdout:/usr/bin/ceph: stderr
2026-02-20T01:41:44.827+0000 7f4d26ffd640 1 --2- 10.20.193.31:0/1339211114 >> [v2:10.20.193.31:6800/1876118517,v1:10.20.193.31:6801/1876118517] conn(0x7f4cfc03dba0 0x7f4cfc040060 unknown :-1 s=START_CONNECT pgs=0 cs=0 l=1 rev1=0 crypto rx=0 tx=0 comp rx=0 tx=0)._fault waiting 0.200000
2026-02-20T01:41:48.127 INFO:teuthology.orchestra.run.trial031.stdout:/usr/bin/ceph: stderr
2026-02-20T01:41:45.028+0000 7f4d26ffd640 1 -- 10.20.193.31:0/1339211114 >> [v2:10.20.193.31:6800/1876118517,v1:10.20.193.31:6801/1876118517] conn(0x7f4cfc03dba0 msgr2=0x7f4cfc040060 unknown :-1 s=STATE_CONNECTING_RE l=1).process reconnect failed to v2:10.20.193.31:6800/1876118517
2026-02-20T01:41:48.127 INFO:teuthology.orchestra.run.trial031.stdout:/usr/bin/ceph: stderr
2026-02-20T01:41:45.028+0000 7f4d26ffd640 1 --2- 10.20.193.31:0/1339211114 >> [v2:10.20.193.31:6800/1876118517,v1:10.20.193.31:6801/1876118517] conn(0x7f4cfc03dba0 0x7f4cfc040060 unknown :-1 s=START_CONNECT pgs=0 cs=0 l=1 rev1=0 crypto rx=0 tx=0 comp rx=0 tx=0)._fault waiting 0.400000
2026-02-20T01:41:48.127 INFO:teuthology.orchestra.run.trial031.stdout:/usr/bin/ceph: stderr
2026-02-20T01:41:45.429+0000 7f4d26ffd640 1 -- 10.20.193.31:0/1339211114 >> [v2:10.20.193.31:6800/1876118517,v1:10.20.193.31:6801/1876118517] conn(0x7f4cfc03dba0 msgr2=0x7f4cfc040060 unknown :-1 s=STATE_CONNECTING_RE l=1).process reconnect failed to v2:10.20.193.31:6800/1876118517
2026-02-20T01:41:48.127 INFO:teuthology.orchestra.run.trial031.stdout:/usr/bin/ceph: stderr
2026-02-20T01:41:45.429+0000 7f4d26ffd640 1 --2- 10.20.193.31:0/1339211114 >> [v2:10.20.193.31:6800/1876118517,v1:10.20.193.31:6801/1876118517] conn(0x7f4cfc03dba0 0x7f4cfc040060 unknown :-1 s=START_CONNECT pgs=0 cs=0 l=1 rev1=0 crypto rx=0 tx=0 comp rx=0 tx=0)._fault waiting 0.800000
2026-02-20T01:41:48.127 INFO:teuthology.orchestra.run.trial031.stdout:/usr/bin/ceph: stderr
2026-02-20T01:41:46.230+0000 7f4d26ffd640 1 -- 10.20.193.31:0/1339211114 >> [v2:10.20.193.31:6800/1876118517,v1:10.20.193.31:6801/1876118517] conn(0x7f4cfc03dba0 msgr2=0x7f4cfc040060 unknown :-1 s=STATE_CONNECTING_RE l=1).process reconnect failed to v2:10.20.193.31:6800/1876118517
2026-02-20T01:41:48.127 INFO:teuthology.orchestra.run.trial031.stdout:/usr/bin/ceph: stderr
2026-02-20T01:41:46.230+0000 7f4d26ffd640 1 --2- 10.20.193.31:0/1339211114 >> [v2:10.20.193.31:6800/1876118517,v1:10.20.193.31:6801/1876118517] conn(0x7f4cfc03dba0 0x7f4cfc040060 unknown :-1 s=START_CONNECT pgs=0 cs=0 l=1 rev1=0 crypto rx=0 tx=0 comp rx=0 tx=0)._fault waiting 1.600000
2026-02-20T01:41:48.127 INFO:teuthology.orchestra.run.trial031.stdout:/usr/bin/ceph: stderr
2026-02-20T01:41:47.097+0000 7f4d24ff9640 1 -- 10.20.193.31:0/1339211114 <== mon.0 v2:10.20.193.31:3300/0 6 ==== mgrmap(e 6) ==== 50014+0+0 (secure 0 0 0) 0x7f4d14075150 con 0x7f4d2810a2a0
2026-02-20T01:41:48.127 INFO:teuthology.orchestra.run.trial031.stdout:/usr/bin/ceph: stderr
2026-02-20T01:41:47.097+0000 7f4d24ff9640 1 -- 10.20.193.31:0/1339211114 >> [v2:10.20.193.31:6800/1876118517,v1:10.20.193.31:6801/1876118517] conn(0x7f4cfc03dba0 msgr2=0x7f4cfc040060 unknown :-1 s=STATE_CONNECTING l=1).mark_down
2026-02-20T01:41:48.127 INFO:teuthology.orchestra.run.trial031.stdout:/usr/bin/ceph: stderr
2026-02-20T01:41:47.097+0000 7f4d24ff9640 1 --2- 10.20.193.31:0/1339211114 >> [v2:10.20.193.31:6800/1876118517,v1:10.20.193.31:6801/1876118517] conn(0x7f4cfc03dba0 0x7f4cfc040060 unknown :-1 s=START_CONNECT pgs=0 cs=0 l=1 rev1=0 crypto rx=0 tx=0 comp rx=0 tx=0).stop
2026-02-20T01:41:48.127 INFO:teuthology.orchestra.run.trial031.stdout:/usr/bin/ceph: stderr
2026-02-20T01:41:48.097+0000 7f4d24ff9640 1 -- 10.20.193.31:0/1339211114 <== mon.0 v2:10.20.193.31:3300/0 7 ==== mgrmap(e 7) ==== 50141+0+0 (secure 0 0 0) 0x7f4d14075850 con 0x7f4d2810a2a0
2026-02-20T01:41:48.127 INFO:teuthology.orchestra.run.trial031.stdout:/usr/bin/ceph: stderr
2026-02-20T01:41:48.097+0000 7f4d24ff9640 1 --2- 10.20.193.31:0/1339211114 >> [v2:10.20.193.31:6800/1498657218,v1:10.20.193.31:6801/1498657218] conn(0x7f4cfc0414f0 0x7f4cfc0438e0 unknown :-1 s=NONE pgs=0 cs=0 l=1 rev1=0 crypto rx=0 tx=0 comp rx=0 tx=0).connect
2026-02-20T01:41:48.127 INFO:teuthology.orchestra.run.trial031.stdout:/usr/bin/ceph: stderr
2026-02-20T01:41:48.097+0000 7f4d24ff9640 1 -- 10.20.193.31:0/1339211114 --> [v2:10.20.193.31:6800/1498657218,v1:10.20.193.31:6801/1498657218] -- command(tid 0: {"prefix": "get_command_descriptions"}) -- 0x7f4d14039ec0 con 0x7f4cfc0414f0
2026-02-20T01:41:48.127 INFO:teuthology.orchestra.run.trial031.stdout:/usr/bin/ceph: stderr
2026-02-20T01:41:48.097+0000 7f4d26ffd640 1 --2- 10.20.193.31:0/1339211114 >> [v2:10.20.193.31:6800/1498657218,v1:10.20.193.31:6801/1498657218] conn(0x7f4cfc0414f0 0x7f4cfc0438e0 unknown :-1 s=BANNER_CONNECTING pgs=0 cs=0 l=1 rev1=0 crypto rx=0 tx=0 comp rx=0 tx=0)._handle_peer_banner_payload supported=3 required=0
2026-02-20T01:41:48.127 INFO:teuthology.orchestra.run.trial031.stdout:/usr/bin/ceph: stderr
2026-02-20T01:41:48.098+0000 7f4d26ffd640 1 --2- 10.20.193.31:0/1339211114 >> [v2:10.20.193.31:6800/1498657218,v1:10.20.193.31:6801/1498657218] conn(0x7f4cfc0414f0 0x7f4cfc0438e0 secure :-1 s=READY pgs=1 cs=0 l=1 rev1=1 crypto rx=0x7f4d18003a80 tx=0x7f4d18009290 comp rx=0 tx=0).ready entity=mgr.14118 client_cookie=0 server_cookie=0 in_seq=0 out_seq=0
2026-02-20T01:41:48.127 INFO:teuthology.orchestra.run.trial031.stdout:/usr/bin/ceph: stderr
2026-02-20T01:41:48.098+0000 7f4d24ff9640 1 -- 10.20.193.31:0/1339211114 <== mgr.14118 v2:10.20.193.31:6800/1498657218 1 ==== command_reply(tid 0: 0 ) ==== 8+0+8901 (secure 0 0 0) 0x7f4d14039ec0 con 0x7f4cfc0414f0
2026-02-20T01:41:48.127 INFO:teuthology.orchestra.run.trial031.stdout:/usr/bin/ceph: stderr
2026-02-20T01:41:48.102+0000 7f4d2cb04640 1 -- 10.20.193.31:0/1339211114 --> [v2:10.20.193.31:6800/1498657218,v1:10.20.193.31:6801/1498657218] -- command(tid 1: {"prefix": "mgr_status"}) -- 0x7f4d2810a720 con 0x7f4cfc0414f0
2026-02-20T01:41:48.127 INFO:teuthology.orchestra.run.trial031.stdout:/usr/bin/ceph: stderr
2026-02-20T01:41:48.102+0000 7f4d24ff9640 1 -- 10.20.193.31:0/1339211114 <== mgr.14118 v2:10.20.193.31:6800/1498657218 2 ==== command_reply(tid 1: 0 ) ==== 8+0+51 (secure 0 0 0) 0x7f4d2810a720 con 0x7f4cfc0414f0
2026-02-20T01:41:48.127 INFO:teuthology.orchestra.run.trial031.stdout:/usr/bin/ceph: stderr
2026-02-20T01:41:48.102+0000 7f4d2cb04640 1 -- 10.20.193.31:0/1339211114 >> [v2:10.20.193.31:6800/1498657218,v1:10.20.193.31:6801/1498657218] conn(0x7f4cfc0414f0 msgr2=0x7f4cfc0438e0 secure :-1 s=STATE_CONNECTION_ESTABLISHED l=1).mark_down
2026-02-20T01:41:48.127 INFO:teuthology.orchestra.run.trial031.stdout:/usr/bin/ceph: stderr
2026-02-20T01:41:48.102+0000 7f4d2cb04640 1 --2- 10.20.193.31:0/1339211114 >> [v2:10.20.193.31:6800/1498657218,v1:10.20.193.31:6801/1498657218] conn(0x7f4cfc0414f0 0x7f4cfc0438e0 secure :-1 s=READY pgs=1 cs=0 l=1 rev1=1 crypto rx=0x7f4d18003a80 tx=0x7f4d18009290 comp rx=0 tx=0).stop
2026-02-20T01:41:48.127 INFO:teuthology.orchestra.run.trial031.stdout:/usr/bin/ceph: stderr
2026-02-20T01:41:48.102+0000 7f4d2cb04640 1 -- 10.20.193.31:0/1339211114 >> [v2:10.20.193.31:3300/0,v1:10.20.193.31:6789/0] conn(0x7f4d2810a2a0 msgr2=0x7f4d281a01c0 secure :-1 s=STATE_CONNECTION_ESTABLISHED l=1).mark_down
2026-02-20T01:41:48.127 INFO:teuthology.orchestra.run.trial031.stdout:/usr/bin/ceph: stderr
2026-02-20T01:41:48.102+0000 7f4d2cb04640 1 --2- 10.20.193.31:0/1339211114 >> [v2:10.20.193.31:3300/0,v1:10.20.193.31:6789/0] conn(0x7f4d2810a2a0 0x7f4d281a01c0 secure :-1 s=READY pgs=27 cs=0 l=1 rev1=1 crypto rx=0x7f4d14006fd0 tx=0x7f4d14037bb0 comp rx=0 tx=0).stop
2026-02-20T01:41:48.127 INFO:teuthology.orchestra.run.trial031.stdout:/usr/bin/ceph: stderr
2026-02-20T01:41:48.102+0000 7f4d2cb04640 1 -- 10.20.193.31:0/1339211114 shutdown_connections
2026-02-20T01:41:48.127 INFO:teuthology.orchestra.run.trial031.stdout:/usr/bin/ceph: stderr
2026-02-20T01:41:48.102+0000 7f4d2cb04640 1 --2- 10.20.193.31:0/1339211114 >> [v2:10.20.193.31:6800/1498657218,v1:10.20.193.31:6801/1498657218] conn(0x7f4cfc0414f0 0x7f4cfc0438e0 unknown :-1 s=CLOSED pgs=1 cs=0 l=1 rev1=1 crypto rx=0 tx=0 comp rx=0 tx=0).stop
2026-02-20T01:41:48.127 INFO:teuthology.orchestra.run.trial031.stdout:/usr/bin/ceph: stderr
2026-02-20T01:41:48.102+0000 7f4d2cb04640 1 --2- 10.20.193.31:0/1339211114 >> [v2:10.20.193.31:6800/1876118517,v1:10.20.193.31:6801/1876118517] conn(0x7f4cfc03dba0 0x7f4cfc040060 unknown :-1 s=CLOSED pgs=0 cs=0 l=1 rev1=0 crypto rx=0 tx=0 comp rx=0 tx=0).stop
2026-02-20T01:41:48.127 INFO:teuthology.orchestra.run.trial031.stdout:/usr/bin/ceph: stderr
2026-02-20T01:41:48.102+0000 7f4d2cb04640 1 --2- 10.20.193.31:0/1339211114 >> [v2:10.20.193.31:3300/0,v1:10.20.193.31:6789/0] conn(0x7f4d2810a2a0 0x7f4d281a01c0 unknown :-1 s=CLOSED pgs=27 cs=0 l=1 rev1=1 crypto rx=0 tx=0 comp rx=0 tx=0).stop
2026-02-20T01:41:48.127 INFO:teuthology.orchestra.run.trial031.stdout:/usr/bin/ceph: stderr
2026-02-20T01:41:48.102+0000 7f4d2cb04640 1 -- 10.20.193.31:0/1339211114 >> 10.20.193.31:0/1339211114 conn(0x7f4d2807d9d0 msgr2=0x7f4d28107ed0 unknown :-1 s=STATE_NONE l=0).mark_down
2026-02-20T01:41:48.127 INFO:teuthology.orchestra.run.trial031.stdout:/usr/bin/ceph: stderr
2026-02-20T01:41:48.102+0000 7f4d2cb04640 1 -- 10.20.193.31:0/1339211114 shutdown_connections
2026-02-20T01:41:48.127 INFO:teuthology.orchestra.run.trial031.stdout:/usr/bin/ceph: stderr
2026-02-20T01:41:48.102+0000 7f4d2cb04640 1 -- 10.20.193.31:0/1339211114 wait complete.
2026-02-20T01:41:48.127 INFO:teuthology.orchestra.run.trial031.stdout:mgr epoch 5 is available
2026-02-20T01:41:48.127 INFO:teuthology.orchestra.run.trial031.stdout:Setting orchestrator backend to cephadm...
2026-02-20T01:41:48.353 INFO:teuthology.orchestra.run.trial031.stdout:/usr/bin/ceph: stderr
2026-02-20T01:41:48.226+0000 7fd35cde6640 1 Processor -- start
2026-02-20T01:41:48.353 INFO:teuthology.orchestra.run.trial031.stdout:/usr/bin/ceph: stderr
2026-02-20T01:41:48.226+0000 7fd35cde6640 1 -- start start
2026-02-20T01:41:48.353 INFO:teuthology.orchestra.run.trial031.stdout:/usr/bin/ceph: stderr
2026-02-20T01:41:48.226+0000 7fd35cde6640 1 --2- >> [v2:10.20.193.31:3300/0,v1:10.20.193.31:6789/0] conn(0x7fd358108230 0x7fd358108630 unknown :-1 s=NONE pgs=0 cs=0 l=0 rev1=0 crypto rx=0 tx=0 comp rx=0 tx=0).connect
2026-02-20T01:41:48.353 INFO:teuthology.orchestra.run.trial031.stdout:/usr/bin/ceph: stderr
2026-02-20T01:41:48.226+0000 7fd35cde6640 1 -- --> [v2:10.20.193.31:3300/0,v1:10.20.193.31:6789/0] -- mon_getmap magic: 0 -- 0x7fd358108c00 con 0x7fd358108230
2026-02-20T01:41:48.353 INFO:teuthology.orchestra.run.trial031.stdout:/usr/bin/ceph: stderr
2026-02-20T01:41:48.226+0000 7fd356575640 1 --2- >> [v2:10.20.193.31:3300/0,v1:10.20.193.31:6789/0] conn(0x7fd358108230 0x7fd358108630 unknown :-1 s=BANNER_CONNECTING pgs=0 cs=0 l=0 rev1=0 crypto rx=0 tx=0 comp rx=0 tx=0)._handle_peer_banner_payload supported=3 required=0
2026-02-20T01:41:48.353 INFO:teuthology.orchestra.run.trial031.stdout:/usr/bin/ceph: stderr
2026-02-20T01:41:48.226+0000 7fd356575640 1 --2- >> [v2:10.20.193.31:3300/0,v1:10.20.193.31:6789/0] conn(0x7fd358108230 0x7fd358108630 unknown :-1 s=HELLO_CONNECTING pgs=0 cs=0 l=0 rev1=1 crypto rx=0 tx=0 comp rx=0 tx=0).handle_hello peer v2:10.20.193.31:3300/0 says I am v2:10.20.193.31:49464/0 (socket says 10.20.193.31:49464)
2026-02-20T01:41:48.354 INFO:teuthology.orchestra.run.trial031.stdout:/usr/bin/ceph: stderr
2026-02-20T01:41:48.226+0000 7fd356575640 1 -- 10.20.193.31:0/3761856979 learned_addr learned my addr 10.20.193.31:0/3761856979 (peer_addr_for_me v2:10.20.193.31:0/0)
2026-02-20T01:41:48.354 INFO:teuthology.orchestra.run.trial031.stdout:/usr/bin/ceph: stderr
2026-02-20T01:41:48.226+0000 7fd356575640 1 -- 10.20.193.31:0/3761856979 --> [v2:10.20.193.31:3300/0,v1:10.20.193.31:6789/0] -- mon_subscribe({config=0+,monmap=0+}) -- 0x7fd3581093e0 con 0x7fd358108230
2026-02-20T01:41:48.354 INFO:teuthology.orchestra.run.trial031.stdout:/usr/bin/ceph: stderr
2026-02-20T01:41:48.227+0000 7fd356575640 1 --2- 10.20.193.31:0/3761856979 >> [v2:10.20.193.31:3300/0,v1:10.20.193.31:6789/0] conn(0x7fd358108230 0x7fd358108630 secure :-1 s=READY pgs=35 cs=0 l=1 rev1=1 crypto rx=0x7fd34c009920 tx=0x7fd34c02ef20 comp rx=0 tx=0).ready entity=mon.0 client_cookie=f92d7d194e2e079a server_cookie=0 in_seq=0 out_seq=0
2026-02-20T01:41:48.354 INFO:teuthology.orchestra.run.trial031.stdout:/usr/bin/ceph: stderr
2026-02-20T01:41:48.227+0000 7fd355573640 1 -- 10.20.193.31:0/3761856979 <== mon.0 v2:10.20.193.31:3300/0 1 ==== mon_map magic: 0 ==== 205+0+0 (secure 0 0 0) 0x7fd34c03c070 con 0x7fd358108230
2026-02-20T01:41:48.354 INFO:teuthology.orchestra.run.trial031.stdout:/usr/bin/ceph: stderr
2026-02-20T01:41:48.227+0000 7fd355573640 1 -- 10.20.193.31:0/3761856979 <== mon.0 v2:10.20.193.31:3300/0 2 ==== config(26 keys) ==== 1045+0+0 (secure 0 0 0) 0x7fd34c037440 con 0x7fd358108230
2026-02-20T01:41:48.354 INFO:teuthology.orchestra.run.trial031.stdout:/usr/bin/ceph: stderr
2026-02-20T01:41:48.227+0000 7fd355573640 1 -- 10.20.193.31:0/3761856979 <== mon.0 v2:10.20.193.31:3300/0 3 ==== mon_map magic: 0 ==== 205+0+0 (secure 0 0 0) 0x7fd34c0354b0 con 0x7fd358108230
2026-02-20T01:41:48.354 INFO:teuthology.orchestra.run.trial031.stdout:/usr/bin/ceph: stderr
2026-02-20T01:41:48.227+0000 7fd35cde6640 1 -- 10.20.193.31:0/3761856979 >> [v2:10.20.193.31:3300/0,v1:10.20.193.31:6789/0] conn(0x7fd358108230 msgr2=0x7fd358108630 secure :-1 s=STATE_CONNECTION_ESTABLISHED l=1).mark_down
2026-02-20T01:41:48.354 INFO:teuthology.orchestra.run.trial031.stdout:/usr/bin/ceph: stderr
2026-02-20T01:41:48.227+0000 7fd35cde6640 1 --2- 10.20.193.31:0/3761856979 >> [v2:10.20.193.31:3300/0,v1:10.20.193.31:6789/0] conn(0x7fd358108230 0x7fd358108630 secure :-1 s=READY pgs=35 cs=0 l=1 rev1=1 crypto rx=0x7fd34c009920 tx=0x7fd34c02ef20 comp rx=0 tx=0).stop
2026-02-20T01:41:48.354 INFO:teuthology.orchestra.run.trial031.stdout:/usr/bin/ceph: stderr
2026-02-20T01:41:48.227+0000 7fd35cde6640 1 -- 10.20.193.31:0/3761856979 shutdown_connections
2026-02-20T01:41:48.354 INFO:teuthology.orchestra.run.trial031.stdout:/usr/bin/ceph: stderr
2026-02-20T01:41:48.227+0000 7fd35cde6640 1 --2- 10.20.193.31:0/3761856979 >> [v2:10.20.193.31:3300/0,v1:10.20.193.31:6789/0] conn(0x7fd358108230 0x7fd358108630 unknown :-1 s=CLOSED pgs=35 cs=0 l=1 rev1=1 crypto rx=0 tx=0 comp rx=0 tx=0).stop
2026-02-20T01:41:48.354 INFO:teuthology.orchestra.run.trial031.stdout:/usr/bin/ceph: stderr
2026-02-20T01:41:48.227+0000 7fd35cde6640 1 -- 10.20.193.31:0/3761856979 >> 10.20.193.31:0/3761856979 conn(0x7fd358103a20 msgr2=0x7fd358105e40 unknown :-1 s=STATE_NONE l=0).mark_down
2026-02-20T01:41:48.355 INFO:teuthology.orchestra.run.trial031.stdout:/usr/bin/ceph: stderr
2026-02-20T01:41:48.227+0000 7fd35cde6640 1 -- 10.20.193.31:0/3761856979 shutdown_connections
2026-02-20T01:41:48.355 INFO:teuthology.orchestra.run.trial031.stdout:/usr/bin/ceph: stderr
2026-02-20T01:41:48.227+0000 7fd35cde6640 1 -- 10.20.193.31:0/3761856979 wait complete.
2026-02-20T01:41:48.355 INFO:teuthology.orchestra.run.trial031.stdout:/usr/bin/ceph: stderr
2026-02-20T01:41:48.227+0000 7fd35cde6640 1 Processor -- start
2026-02-20T01:41:48.355 INFO:teuthology.orchestra.run.trial031.stdout:/usr/bin/ceph: stderr
2026-02-20T01:41:48.227+0000 7fd35cde6640 1 -- start start
2026-02-20T01:41:48.355 INFO:teuthology.orchestra.run.trial031.stdout:/usr/bin/ceph: stderr
2026-02-20T01:41:48.228+0000 7fd35cde6640 1 --2- >> [v2:10.20.193.31:3300/0,v1:10.20.193.31:6789/0] conn(0x7fd358108230 0x7fd3581a03d0 unknown :-1 s=NONE pgs=0 cs=0 l=1 rev1=0 crypto rx=0 tx=0 comp rx=0 tx=0).connect
2026-02-20T01:41:48.355 INFO:teuthology.orchestra.run.trial031.stdout:/usr/bin/ceph: stderr
2026-02-20T01:41:48.228+0000 7fd35cde6640 1 -- --> [v2:10.20.193.31:3300/0,v1:10.20.193.31:6789/0] -- mon_getmap magic: 0 -- 0x7fd35810c610 con 0x7fd358108230
2026-02-20T01:41:48.355 INFO:teuthology.orchestra.run.trial031.stdout:/usr/bin/ceph: stderr
2026-02-20T01:41:48.228+0000 7fd356575640 1 --2- >> [v2:10.20.193.31:3300/0,v1:10.20.193.31:6789/0] conn(0x7fd358108230 0x7fd3581a03d0 unknown :-1 s=BANNER_CONNECTING pgs=0 cs=0 l=1 rev1=0 crypto rx=0 tx=0 comp rx=0 tx=0)._handle_peer_banner_payload supported=3 required=0
2026-02-20T01:41:48.355 INFO:teuthology.orchestra.run.trial031.stdout:/usr/bin/ceph: stderr
2026-02-20T01:41:48.228+0000 7fd356575640 1 --2- >> [v2:10.20.193.31:3300/0,v1:10.20.193.31:6789/0] conn(0x7fd358108230 0x7fd3581a03d0 unknown :-1 s=HELLO_CONNECTING pgs=0 cs=0 l=1 rev1=1 crypto rx=0 tx=0 comp rx=0 tx=0).handle_hello peer v2:10.20.193.31:3300/0 says I am v2:10.20.193.31:49480/0 (socket says 10.20.193.31:49480)
2026-02-20T01:41:48.355 INFO:teuthology.orchestra.run.trial031.stdout:/usr/bin/ceph: stderr
2026-02-20T01:41:48.228+0000 7fd356575640 1 -- 10.20.193.31:0/719083853 learned_addr learned my addr 10.20.193.31:0/719083853 (peer_addr_for_me v2:10.20.193.31:0/0)
2026-02-20T01:41:48.355 INFO:teuthology.orchestra.run.trial031.stdout:/usr/bin/ceph: stderr
2026-02-20T01:41:48.228+0000 7fd356575640 1 -- 10.20.193.31:0/719083853 --> [v2:10.20.193.31:3300/0,v1:10.20.193.31:6789/0] -- mon_subscribe({config=0+,monmap=0+}) -- 0x7fd3581a0910 con 0x7fd358108230
2026-02-20T01:41:48.356 INFO:teuthology.orchestra.run.trial031.stdout:/usr/bin/ceph: stderr
2026-02-20T01:41:48.228+0000 7fd356575640 1 --2- 10.20.193.31:0/719083853 >> [v2:10.20.193.31:3300/0,v1:10.20.193.31:6789/0] conn(0x7fd358108230 0x7fd3581a03d0 secure :-1 s=READY pgs=36 cs=0 l=1 rev1=1 crypto rx=0x7fd34c006fd0 tx=0x7fd34c037bb0 comp rx=0 tx=0).ready entity=mon.0 client_cookie=0 server_cookie=0 in_seq=0 out_seq=0
2026-02-20T01:41:48.356 INFO:teuthology.orchestra.run.trial031.stdout:/usr/bin/ceph: stderr
2026-02-20T01:41:48.228+0000 7fd33f7fe640 1 -- 10.20.193.31:0/719083853 <== mon.0 v2:10.20.193.31:3300/0 1 ==== mon_map magic: 0 ==== 205+0+0 (secure 0 0 0) 0x7fd34c045070 con 0x7fd358108230
2026-02-20T01:41:48.356 INFO:teuthology.orchestra.run.trial031.stdout:/usr/bin/ceph: stderr
2026-02-20T01:41:48.228+0000 7fd33f7fe640 1 -- 10.20.193.31:0/719083853 <== mon.0 v2:10.20.193.31:3300/0 2 ==== config(26 keys) ==== 1045+0+0 (secure 0 0 0) 0x7fd34c040450 con 0x7fd358108230
2026-02-20T01:41:48.356 INFO:teuthology.orchestra.run.trial031.stdout:/usr/bin/ceph: stderr
2026-02-20T01:41:48.228+0000 7fd35cde6640 1 -- 10.20.193.31:0/719083853 --> [v2:10.20.193.31:3300/0,v1:10.20.193.31:6789/0] -- mon_subscribe({mgrmap=0+}) -- 0x7fd3581a0ba0 con 0x7fd358108230
2026-02-20T01:41:48.356 INFO:teuthology.orchestra.run.trial031.stdout:/usr/bin/ceph: stderr
2026-02-20T01:41:48.228+0000 7fd33f7fe640 1 -- 10.20.193.31:0/719083853 <== mon.0 v2:10.20.193.31:3300/0 3 ==== mon_map magic: 0 ==== 205+0+0 (secure 0 0 0) 0x7fd34c03c070 con 0x7fd358108230
2026-02-20T01:41:48.356 INFO:teuthology.orchestra.run.trial031.stdout:/usr/bin/ceph: stderr
2026-02-20T01:41:48.228+0000 7fd35cde6640 1 -- 10.20.193.31:0/719083853 --> [v2:10.20.193.31:3300/0,v1:10.20.193.31:6789/0] -- mon_subscribe({osdmap=0}) -- 0x7fd3581a3890 con 0x7fd358108230
2026-02-20T01:41:48.356 INFO:teuthology.orchestra.run.trial031.stdout:/usr/bin/ceph: stderr
2026-02-20T01:41:48.229+0000 7fd35cde6640 1 -- 10.20.193.31:0/719083853 --> [v2:10.20.193.31:3300/0,v1:10.20.193.31:6789/0] -- mon_command({"prefix": "get_command_descriptions"} v 0) -- 0x7fd3581086b0 con 0x7fd358108230
