2026-02-20T01:48:24.584+0000 7ff9ddffb640 1 -- 10.20.193.9:0/4167912662 <== mon.0 v2:10.20.193.9:3300/0 2 ==== config(28 keys) ==== 1114+0+0 (secure 0 0 0) 0x7ff9d4037440 con 0x7ff9e010aaa0
2026-02-20T01:48:25.401 INFO:teuthology.orchestra.run.trial009.stdout:/usr/bin/ceph: stderr
2026-02-20T01:48:24.584+0000 7ff9ddffb640 1 -- 10.20.193.9:0/4167912662 <== mon.0 v2:10.20.193.9:3300/0 3 ==== mon_map magic: 0 ==== 205+0+0 (secure 0 0 0) 0x7ff9d40355e0 con 0x7ff9e010aaa0
2026-02-20T01:48:25.401 INFO:teuthology.orchestra.run.trial009.stdout:/usr/bin/ceph: stderr
2026-02-20T01:48:24.584+0000 7ff9e52fd640 1 -- 10.20.193.9:0/4167912662 >> [v2:10.20.193.9:3300/0,v1:10.20.193.9:6789/0] conn(0x7ff9e010aaa0 msgr2=0x7ff9e010aea0 secure :-1 s=STATE_CONNECTION_ESTABLISHED l=1).mark_down
2026-02-20T01:48:25.401 INFO:teuthology.orchestra.run.trial009.stdout:/usr/bin/ceph: stderr
2026-02-20T01:48:24.584+0000 7ff9e52fd640 1 --2- 10.20.193.9:0/4167912662 >> [v2:10.20.193.9:3300/0,v1:10.20.193.9:6789/0] conn(0x7ff9e010aaa0 0x7ff9e010aea0 secure :-1 s=READY pgs=20 cs=0 l=1 rev1=1 crypto rx=0x7ff9d4009920 tx=0x7ff9d402ef20 comp rx=0 tx=0).stop
2026-02-20T01:48:25.401 INFO:teuthology.orchestra.run.trial009.stdout:/usr/bin/ceph: stderr
2026-02-20T01:48:24.584+0000 7ff9e52fd640 1 -- 10.20.193.9:0/4167912662 shutdown_connections
2026-02-20T01:48:25.401 INFO:teuthology.orchestra.run.trial009.stdout:/usr/bin/ceph: stderr
2026-02-20T01:48:24.584+0000 7ff9e52fd640 1 --2- 10.20.193.9:0/4167912662 >> [v2:10.20.193.9:3300/0,v1:10.20.193.9:6789/0] conn(0x7ff9e010aaa0 0x7ff9e010aea0 unknown :-1 s=CLOSED pgs=20 cs=0 l=1 rev1=1 crypto rx=0 tx=0 comp rx=0 tx=0).stop
2026-02-20T01:48:25.401 INFO:teuthology.orchestra.run.trial009.stdout:/usr/bin/ceph: stderr
2026-02-20T01:48:24.584+0000 7ff9e52fd640 1 -- 10.20.193.9:0/4167912662 >> 10.20.193.9:0/4167912662 conn(0x7ff9e007dbe0 msgr2=0x7ff9e007e030 unknown :-1 s=STATE_NONE l=0).mark_down
2026-02-20T01:48:25.402 INFO:teuthology.orchestra.run.trial009.stdout:/usr/bin/ceph: stderr
2026-02-20T01:48:24.584+0000 7ff9e52fd640 1 -- 10.20.193.9:0/4167912662 shutdown_connections
2026-02-20T01:48:25.402 INFO:teuthology.orchestra.run.trial009.stdout:/usr/bin/ceph: stderr
2026-02-20T01:48:24.584+0000 7ff9e52fd640 1 -- 10.20.193.9:0/4167912662 wait complete.
2026-02-20T01:48:25.402 INFO:teuthology.orchestra.run.trial009.stdout:/usr/bin/ceph: stderr
2026-02-20T01:48:24.584+0000 7ff9e52fd640 1 Processor -- start
2026-02-20T01:48:25.402 INFO:teuthology.orchestra.run.trial009.stdout:/usr/bin/ceph: stderr
2026-02-20T01:48:24.584+0000 7ff9e52fd640 1 -- start start
2026-02-20T01:48:25.402 INFO:teuthology.orchestra.run.trial009.stdout:/usr/bin/ceph: stderr
2026-02-20T01:48:24.584+0000 7ff9e52fd640 1 --2- >> [v2:10.20.193.9:3300/0,v1:10.20.193.9:6789/0] conn(0x7ff9e010aaa0 0x7ff9e01a09a0 unknown :-1 s=NONE pgs=0 cs=0 l=1 rev1=0 crypto rx=0 tx=0 comp rx=0 tx=0).connect
2026-02-20T01:48:25.402 INFO:teuthology.orchestra.run.trial009.stdout:/usr/bin/ceph: stderr
2026-02-20T01:48:24.584+0000 7ff9e52fd640 1 -- --> [v2:10.20.193.9:3300/0,v1:10.20.193.9:6789/0] -- mon_getmap magic: 0 -- 0x7ff9e010ecf0 con 0x7ff9e010aaa0
2026-02-20T01:48:25.402 INFO:teuthology.orchestra.run.trial009.stdout:/usr/bin/ceph: stderr
2026-02-20T01:48:24.584+0000 7ff9deffd640 1 --2- >> [v2:10.20.193.9:3300/0,v1:10.20.193.9:6789/0] conn(0x7ff9e010aaa0 0x7ff9e01a09a0 unknown :-1 s=BANNER_CONNECTING pgs=0 cs=0 l=1 rev1=0 crypto rx=0 tx=0 comp rx=0 tx=0)._handle_peer_banner_payload supported=3 required=0
2026-02-20T01:48:25.402 INFO:teuthology.orchestra.run.trial009.stdout:/usr/bin/ceph: stderr
2026-02-20T01:48:24.584+0000 7ff9deffd640 1 --2- >> [v2:10.20.193.9:3300/0,v1:10.20.193.9:6789/0] conn(0x7ff9e010aaa0 0x7ff9e01a09a0 unknown :-1 s=HELLO_CONNECTING pgs=0 cs=0 l=1 rev1=1 crypto rx=0 tx=0 comp rx=0 tx=0).handle_hello peer v2:10.20.193.9:3300/0 says I am v2:10.20.193.9:51454/0 (socket says 10.20.193.9:51454)
2026-02-20T01:48:25.402 INFO:teuthology.orchestra.run.trial009.stdout:/usr/bin/ceph: stderr
2026-02-20T01:48:24.584+0000 7ff9deffd640 1 -- 10.20.193.9:0/2825515882 learned_addr learned my addr 10.20.193.9:0/2825515882 (peer_addr_for_me v2:10.20.193.9:0/0)
2026-02-20T01:48:25.402 INFO:teuthology.orchestra.run.trial009.stdout:/usr/bin/ceph: stderr
2026-02-20T01:48:24.585+0000 7ff9deffd640 1 -- 10.20.193.9:0/2825515882 --> [v2:10.20.193.9:3300/0,v1:10.20.193.9:6789/0] -- mon_subscribe({config=0+,monmap=0+}) -- 0x7ff9e01a0ee0 con 0x7ff9e010aaa0
2026-02-20T01:48:25.402 INFO:teuthology.orchestra.run.trial009.stdout:/usr/bin/ceph: stderr
2026-02-20T01:48:24.585+0000 7ff9deffd640 1 --2- 10.20.193.9:0/2825515882 >> [v2:10.20.193.9:3300/0,v1:10.20.193.9:6789/0] conn(0x7ff9e010aaa0 0x7ff9e01a09a0 secure :-1 s=READY pgs=21 cs=0 l=1 rev1=1 crypto rx=0x7ff9d4037fb0 tx=0x7ff9d4037820 comp rx=0 tx=0).ready entity=mon.0 client_cookie=0 server_cookie=0 in_seq=0 out_seq=0
2026-02-20T01:48:25.403 INFO:teuthology.orchestra.run.trial009.stdout:/usr/bin/ceph: stderr
2026-02-20T01:48:24.585+0000 7ff9bffff640 1 -- 10.20.193.9:0/2825515882 <== mon.0 v2:10.20.193.9:3300/0 1 ==== mon_map magic: 0 ==== 205+0+0 (secure 0 0 0) 0x7ff9d4045070 con 0x7ff9e010aaa0
2026-02-20T01:48:25.403 INFO:teuthology.orchestra.run.trial009.stdout:/usr/bin/ceph: stderr
2026-02-20T01:48:24.585+0000 7ff9bffff640 1 -- 10.20.193.9:0/2825515882 <== mon.0 v2:10.20.193.9:3300/0 2 ==== config(28 keys) ==== 1114+0+0 (secure 0 0 0) 0x7ff9d4037b40 con 0x7ff9e010aaa0
2026-02-20T01:48:25.403 INFO:teuthology.orchestra.run.trial009.stdout:/usr/bin/ceph: stderr
2026-02-20T01:48:24.585+0000 7ff9e52fd640 1 -- 10.20.193.9:0/2825515882 --> [v2:10.20.193.9:3300/0,v1:10.20.193.9:6789/0] -- mon_subscribe({mgrmap=0+}) -- 0x7ff9e01a1170 con 0x7ff9e010aaa0
2026-02-20T01:48:25.403 INFO:teuthology.orchestra.run.trial009.stdout:/usr/bin/ceph: stderr
2026-02-20T01:48:24.585+0000 7ff9bffff640 1 -- 10.20.193.9:0/2825515882 <== mon.0 v2:10.20.193.9:3300/0 3 ==== mon_map magic: 0 ==== 205+0+0 (secure 0 0 0) 0x7ff9d403c070 con 0x7ff9e010aaa0
2026-02-20T01:48:25.403 INFO:teuthology.orchestra.run.trial009.stdout:/usr/bin/ceph: stderr
2026-02-20T01:48:24.585+0000 7ff9e52fd640 1 -- 10.20.193.9:0/2825515882 --> [v2:10.20.193.9:3300/0,v1:10.20.193.9:6789/0] -- mon_subscribe({osdmap=0}) -- 0x7ff9e01a3e60 con 0x7ff9e010aaa0
2026-02-20T01:48:25.403 INFO:teuthology.orchestra.run.trial009.stdout:/usr/bin/ceph: stderr
2026-02-20T01:48:24.585+0000 7ff9e52fd640 1 -- 10.20.193.9:0/2825515882 --> [v2:10.20.193.9:3300/0,v1:10.20.193.9:6789/0] -- mon_command({"prefix": "get_command_descriptions"} v 0) -- 0x7ff9e010af20 con 0x7ff9e010aaa0
2026-02-20T01:48:25.403 INFO:teuthology.orchestra.run.trial009.stdout:/usr/bin/ceph: stderr
2026-02-20T01:48:24.585+0000 7ff9bffff640 1 -- 10.20.193.9:0/2825515882 <== mon.0 v2:10.20.193.9:3300/0 4 ==== mgrmap(e 4) ==== 50236+0+0 (secure 0 0 0) 0x7ff9d4040690 con 0x7ff9e010aaa0
2026-02-20T01:48:25.403 INFO:teuthology.orchestra.run.trial009.stdout:/usr/bin/ceph: stderr
2026-02-20T01:48:24.586+0000 7ff9bffff640 1 --2- 10.20.193.9:0/2825515882 >> [v2:10.20.193.9:6800/3108491617,v1:10.20.193.9:6801/3108491617] conn(0x7ff9b403db50 0x7ff9b4040010 unknown :-1 s=NONE pgs=0 cs=0 l=1 rev1=0 crypto rx=0 tx=0 comp rx=0 tx=0).connect
2026-02-20T01:48:25.403 INFO:teuthology.orchestra.run.trial009.stdout:/usr/bin/ceph: stderr
2026-02-20T01:48:24.586+0000 7ff9bffff640 1 -- 10.20.193.9:0/2825515882 <== mon.0 v2:10.20.193.9:3300/0 5 ==== osd_map(1..1 src has 1..1) ==== 725+0+0 (secure 0 0 0) 0x7ff9d4076570 con 0x7ff9e010aaa0
2026-02-20T01:48:25.403 INFO:teuthology.orchestra.run.trial009.stdout:/usr/bin/ceph: stderr
2026-02-20T01:48:24.586+0000 7ff9de7fc640 1 --2- 10.20.193.9:0/2825515882 >> [v2:10.20.193.9:6800/3108491617,v1:10.20.193.9:6801/3108491617] conn(0x7ff9b403db50 0x7ff9b4040010 unknown :-1 s=BANNER_CONNECTING pgs=0 cs=0 l=1 rev1=0 crypto rx=0 tx=0 comp rx=0 tx=0)._handle_peer_banner_payload supported=3 required=0
2026-02-20T01:48:25.403 INFO:teuthology.orchestra.run.trial009.stdout:/usr/bin/ceph: stderr
2026-02-20T01:48:24.586+0000 7ff9de7fc640 1 --2- 10.20.193.9:0/2825515882 >> [v2:10.20.193.9:6800/3108491617,v1:10.20.193.9:6801/3108491617] conn(0x7ff9b403db50 0x7ff9b4040010 secure :-1 s=READY pgs=8 cs=0 l=1 rev1=1 crypto rx=0x7ff9c80099c0 tx=0x7ff9c8006eb0 comp rx=0 tx=0).ready entity=mgr.14100 client_cookie=0 server_cookie=0 in_seq=0 out_seq=0
2026-02-20T01:48:25.403 INFO:teuthology.orchestra.run.trial009.stdout:/usr/bin/ceph: stderr
2026-02-20T01:48:24.588+0000 7ff9bffff640 1 -- 10.20.193.9:0/2825515882 <== mon.0 v2:10.20.193.9:3300/0 6 ==== mon_command_ack([{"prefix": "get_command_descriptions"}]=0 v0) ==== 72+0+195341 (secure 0 0 0) 0x7ff9d4033200 con 0x7ff9e010aaa0
2026-02-20T01:48:25.404 INFO:teuthology.orchestra.run.trial009.stdout:/usr/bin/ceph: stderr
2026-02-20T01:48:24.697+0000 7ff9e52fd640 1 -- 10.20.193.9:0/2825515882 --> [v2:10.20.193.9:3300/0,v1:10.20.193.9:6789/0] -- mon_command({"prefix": "mgr module enable", "module": "cephadm"} v 0) -- 0x7ff9e019a270 con 0x7ff9e010aaa0
2026-02-20T01:48:25.404 INFO:teuthology.orchestra.run.trial009.stdout:/usr/bin/ceph: stderr
2026-02-20T01:48:25.369+0000 7ff9bffff640 1 -- 10.20.193.9:0/2825515882 <== mon.0 v2:10.20.193.9:3300/0 7 ==== mon_command_ack([{"prefix": "mgr module enable", "module": "cephadm"}]=0 v5) ==== 86+0+0 (secure 0 0 0) 0x7ff9d4040450 con 0x7ff9e010aaa0
2026-02-20T01:48:25.404 INFO:teuthology.orchestra.run.trial009.stdout:/usr/bin/ceph: stderr
2026-02-20T01:48:25.371+0000 7ff9e52fd640 1 -- 10.20.193.9:0/2825515882 >> [v2:10.20.193.9:6800/3108491617,v1:10.20.193.9:6801/3108491617] conn(0x7ff9b403db50 msgr2=0x7ff9b4040010 secure :-1 s=STATE_CONNECTION_ESTABLISHED l=1).mark_down
2026-02-20T01:48:25.404 INFO:teuthology.orchestra.run.trial009.stdout:/usr/bin/ceph: stderr
2026-02-20T01:48:25.371+0000 7ff9e52fd640 1 --2- 10.20.193.9:0/2825515882 >> [v2:10.20.193.9:6800/3108491617,v1:10.20.193.9:6801/3108491617] conn(0x7ff9b403db50 0x7ff9b4040010 secure :-1 s=READY pgs=8 cs=0 l=1 rev1=1 crypto rx=0x7ff9c80099c0 tx=0x7ff9c8006eb0 comp rx=0 tx=0).stop
2026-02-20T01:48:25.404 INFO:teuthology.orchestra.run.trial009.stdout:/usr/bin/ceph: stderr
2026-02-20T01:48:25.371+0000 7ff9e52fd640 1 -- 10.20.193.9:0/2825515882 >> [v2:10.20.193.9:3300/0,v1:10.20.193.9:6789/0] conn(0x7ff9e010aaa0 msgr2=0x7ff9e01a09a0 secure :-1 s=STATE_CONNECTION_ESTABLISHED l=1).mark_down
2026-02-20T01:48:25.404 INFO:teuthology.orchestra.run.trial009.stdout:/usr/bin/ceph: stderr
2026-02-20T01:48:25.371+0000 7ff9e52fd640 1 --2- 10.20.193.9:0/2825515882 >> [v2:10.20.193.9:3300/0,v1:10.20.193.9:6789/0] conn(0x7ff9e010aaa0 0x7ff9e01a09a0 secure :-1 s=READY pgs=21 cs=0 l=1 rev1=1 crypto rx=0x7ff9d4037fb0 tx=0x7ff9d4037820 comp rx=0 tx=0).stop
2026-02-20T01:48:25.404 INFO:teuthology.orchestra.run.trial009.stdout:/usr/bin/ceph: stderr
2026-02-20T01:48:25.372+0000 7ff9e52fd640 1 -- 10.20.193.9:0/2825515882 shutdown_connections
2026-02-20T01:48:25.404 INFO:teuthology.orchestra.run.trial009.stdout:/usr/bin/ceph: stderr
2026-02-20T01:48:25.372+0000 7ff9e52fd640 1 --2- 10.20.193.9:0/2825515882 >> [v2:10.20.193.9:6800/3108491617,v1:10.20.193.9:6801/3108491617] conn(0x7ff9b403db50 0x7ff9b4040010 unknown :-1 s=CLOSED pgs=8 cs=0 l=1 rev1=1 crypto rx=0 tx=0 comp rx=0 tx=0).stop
2026-02-20T01:48:25.404 INFO:teuthology.orchestra.run.trial009.stdout:/usr/bin/ceph: stderr
2026-02-20T01:48:25.372+0000 7ff9e52fd640 1 --2- 10.20.193.9:0/2825515882 >> [v2:10.20.193.9:3300/0,v1:10.20.193.9:6789/0] conn(0x7ff9e010aaa0 0x7ff9e01a09a0 unknown :-1 s=CLOSED pgs=21 cs=0 l=1 rev1=1 crypto rx=0 tx=0 comp rx=0 tx=0).stop
2026-02-20T01:48:25.404 INFO:teuthology.orchestra.run.trial009.stdout:/usr/bin/ceph: stderr
2026-02-20T01:48:25.372+0000 7ff9e52fd640 1 -- 10.20.193.9:0/2825515882 >> 10.20.193.9:0/2825515882 conn(0x7ff9e007dbe0 msgr2=0x7ff9e01087b0 unknown :-1 s=STATE_NONE l=0).mark_down
2026-02-20T01:48:25.404 INFO:teuthology.orchestra.run.trial009.stdout:/usr/bin/ceph: stderr
2026-02-20T01:48:25.372+0000 7ff9e52fd640 1 -- 10.20.193.9:0/2825515882 shutdown_connections
2026-02-20T01:48:25.404 INFO:teuthology.orchestra.run.trial009.stdout:/usr/bin/ceph: stderr
2026-02-20T01:48:25.372+0000 7ff9e52fd640 1 -- 10.20.193.9:0/2825515882 wait complete.
2026-02-20T01:48:25.621 INFO:journalctl@ceph.mgr.x.trial009.stdout:Feb 20 01:48:25 trial009 ceph-2e97c257-0dfe-11f1-b6a6-d404e6e7d460-mgr-x[41122]: ignoring --setuser ceph since I am not root
2026-02-20T01:48:25.622 INFO:journalctl@ceph.mgr.x.trial009.stdout:Feb 20 01:48:25 trial009 ceph-2e97c257-0dfe-11f1-b6a6-d404e6e7d460-mgr-x[41122]: ignoring --setgroup ceph since I am not root
2026-02-20T01:48:25.622 INFO:journalctl@ceph.mon.a.trial009.stdout:Feb 20 01:48:25 trial009 ceph-mon[40853]: mgrmap e4: x(active, since 2s)
2026-02-20T01:48:25.622 INFO:journalctl@ceph.mon.a.trial009.stdout:Feb 20 01:48:25 trial009 ceph-mon[40853]: from='client.? 10.20.193.9:0/4093889947' entity='client.admin' cmd=[{"prefix": "config assimilate-conf"}]: dispatch
2026-02-20T01:48:25.622 INFO:journalctl@ceph.mon.a.trial009.stdout:Feb 20 01:48:25 trial009 ceph-mon[40853]: from='client.? 10.20.193.9:0/2825515882' entity='client.admin' cmd=[{"prefix": "mgr module enable", "module": "cephadm"}]: dispatch
2026-02-20T01:48:25.639 INFO:teuthology.orchestra.run.trial009.stdout:/usr/bin/ceph: stdout {
2026-02-20T01:48:25.639 INFO:teuthology.orchestra.run.trial009.stdout:/usr/bin/ceph: stdout "epoch": 5,
2026-02-20T01:48:25.639 INFO:teuthology.orchestra.run.trial009.stdout:/usr/bin/ceph: stdout "available": true,
2026-02-20T01:48:25.640 INFO:teuthology.orchestra.run.trial009.stdout:/usr/bin/ceph: stdout "active_name": "x",
2026-02-20T01:48:25.640 INFO:teuthology.orchestra.run.trial009.stdout:/usr/bin/ceph: stdout "num_standby": 0
2026-02-20T01:48:25.640 INFO:teuthology.orchestra.run.trial009.stdout:/usr/bin/ceph: stdout }
2026-02-20T01:48:25.640 INFO:teuthology.orchestra.run.trial009.stdout:/usr/bin/ceph: stderr
2026-02-20T01:48:25.497+0000 7f37b68de640 1 Processor -- start
2026-02-20T01:48:25.640 INFO:teuthology.orchestra.run.trial009.stdout:/usr/bin/ceph: stderr
2026-02-20T01:48:25.497+0000 7f37b68de640 1 -- start start
2026-02-20T01:48:25.640 INFO:teuthology.orchestra.run.trial009.stdout:/usr/bin/ceph: stderr
2026-02-20T01:48:25.497+0000 7f37b68de640 1 --2- >> [v2:10.20.193.9:3300/0,v1:10.20.193.9:6789/0] conn(0x7f37b0110280 0x7f37b0110680 unknown :-1 s=NONE pgs=0 cs=0 l=0 rev1=0 crypto rx=0 tx=0 comp rx=0 tx=0).connect
2026-02-20T01:48:25.640 INFO:teuthology.orchestra.run.trial009.stdout:/usr/bin/ceph: stderr
2026-02-20T01:48:25.497+0000 7f37b68de640 1 -- --> [v2:10.20.193.9:3300/0,v1:10.20.193.9:6789/0] -- mon_getmap magic: 0 -- 0x7f37b0110c50 con 0x7f37b0110280
2026-02-20T01:48:25.640 INFO:teuthology.orchestra.run.trial009.stdout:/usr/bin/ceph: stderr
2026-02-20T01:48:25.498+0000 7f37affff640 1 --2- >> [v2:10.20.193.9:3300/0,v1:10.20.193.9:6789/0] conn(0x7f37b0110280 0x7f37b0110680 unknown :-1 s=BANNER_CONNECTING pgs=0 cs=0 l=0 rev1=0 crypto rx=0 tx=0 comp rx=0 tx=0)._handle_peer_banner_payload supported=3 required=0
2026-02-20T01:48:25.640 INFO:teuthology.orchestra.run.trial009.stdout:/usr/bin/ceph: stderr
2026-02-20T01:48:25.498+0000 7f37affff640 1 --2- >> [v2:10.20.193.9:3300/0,v1:10.20.193.9:6789/0] conn(0x7f37b0110280 0x7f37b0110680 unknown :-1 s=HELLO_CONNECTING pgs=0 cs=0 l=0 rev1=1 crypto rx=0 tx=0 comp rx=0 tx=0).handle_hello peer v2:10.20.193.9:3300/0 says I am v2:10.20.193.9:51494/0 (socket says 10.20.193.9:51494)
2026-02-20T01:48:25.640 INFO:teuthology.orchestra.run.trial009.stdout:/usr/bin/ceph: stderr
2026-02-20T01:48:25.498+0000 7f37affff640 1 -- 10.20.193.9:0/2332843774 learned_addr learned my addr 10.20.193.9:0/2332843774 (peer_addr_for_me v2:10.20.193.9:0/0)
2026-02-20T01:48:25.640 INFO:teuthology.orchestra.run.trial009.stdout:/usr/bin/ceph: stderr
2026-02-20T01:48:25.498+0000 7f37affff640 1 -- 10.20.193.9:0/2332843774 --> [v2:10.20.193.9:3300/0,v1:10.20.193.9:6789/0] -- mon_subscribe({config=0+,monmap=0+}) -- 0x7f37b0110dd0 con 0x7f37b0110280
2026-02-20T01:48:25.640 INFO:teuthology.orchestra.run.trial009.stdout:/usr/bin/ceph: stderr
2026-02-20T01:48:25.498+0000 7f37affff640 1 --2- 10.20.193.9:0/2332843774 >> [v2:10.20.193.9:3300/0,v1:10.20.193.9:6789/0] conn(0x7f37b0110280 0x7f37b0110680 secure :-1 s=READY pgs=24 cs=0 l=1 rev1=1 crypto rx=0x7f379c009920 tx=0x7f379c02ef20 comp rx=0 tx=0).ready entity=mon.0 client_cookie=3d859a9f26bf1303 server_cookie=0 in_seq=0 out_seq=0
2026-02-20T01:48:25.641 INFO:teuthology.orchestra.run.trial009.stdout:/usr/bin/ceph: stderr
2026-02-20T01:48:25.498+0000 7f37aeffd640 1 -- 10.20.193.9:0/2332843774 <== mon.0 v2:10.20.193.9:3300/0 1 ==== mon_map magic: 0 ==== 205+0+0 (secure 0 0 0) 0x7f379c03c070 con 0x7f37b0110280
2026-02-20T01:48:25.641 INFO:teuthology.orchestra.run.trial009.stdout:/usr/bin/ceph: stderr
2026-02-20T01:48:25.498+0000 7f37aeffd640 1 -- 10.20.193.9:0/2332843774 <== mon.0 v2:10.20.193.9:3300/0 2 ==== config(28 keys) ==== 1114+0+0 (secure 0 0 0) 0x7f379c037440 con 0x7f37b0110280
2026-02-20T01:48:25.641 INFO:teuthology.orchestra.run.trial009.stdout:/usr/bin/ceph: stderr
2026-02-20T01:48:25.498+0000 7f37aeffd640 1 -- 10.20.193.9:0/2332843774 <== mon.0 v2:10.20.193.9:3300/0 3 ==== mon_map magic: 0 ==== 205+0+0 (secure 0 0 0) 0x7f379c0355e0 con 0x7f37b0110280
2026-02-20T01:48:25.641 INFO:teuthology.orchestra.run.trial009.stdout:/usr/bin/ceph: stderr
2026-02-20T01:48:25.499+0000 7f37b68de640 1 -- 10.20.193.9:0/2332843774 >> [v2:10.20.193.9:3300/0,v1:10.20.193.9:6789/0] conn(0x7f37b0110280 msgr2=0x7f37b0110680 secure :-1 s=STATE_CONNECTION_ESTABLISHED l=1).mark_down
2026-02-20T01:48:25.641 INFO:teuthology.orchestra.run.trial009.stdout:/usr/bin/ceph: stderr
2026-02-20T01:48:25.499+0000 7f37b68de640 1 --2- 10.20.193.9:0/2332843774 >> [v2:10.20.193.9:3300/0,v1:10.20.193.9:6789/0] conn(0x7f37b0110280 0x7f37b0110680 secure :-1 s=READY pgs=24 cs=0 l=1 rev1=1 crypto rx=0x7f379c009920 tx=0x7f379c02ef20 comp rx=0 tx=0).stop
2026-02-20T01:48:25.641 INFO:teuthology.orchestra.run.trial009.stdout:/usr/bin/ceph: stderr
2026-02-20T01:48:25.499+0000 7f37b68de640 1 -- 10.20.193.9:0/2332843774 shutdown_connections
2026-02-20T01:48:25.641 INFO:teuthology.orchestra.run.trial009.stdout:/usr/bin/ceph: stderr
2026-02-20T01:48:25.499+0000 7f37b68de640 1 --2- 10.20.193.9:0/2332843774 >> [v2:10.20.193.9:3300/0,v1:10.20.193.9:6789/0] conn(0x7f37b0110280 0x7f37b0110680 unknown :-1 s=CLOSED pgs=24 cs=0 l=1 rev1=1 crypto rx=0 tx=0 comp rx=0 tx=0).stop
2026-02-20T01:48:25.641 INFO:teuthology.orchestra.run.trial009.stdout:/usr/bin/ceph: stderr
2026-02-20T01:48:25.499+0000 7f37b68de640 1 -- 10.20.193.9:0/2332843774 >> 10.20.193.9:0/2332843774 conn(0x7f37b007dbe0 msgr2=0x7f37b0080040 unknown :-1 s=STATE_NONE l=0).mark_down
2026-02-20T01:48:25.641 INFO:teuthology.orchestra.run.trial009.stdout:/usr/bin/ceph: stderr
2026-02-20T01:48:25.499+0000 7f37b68de640 1 -- 10.20.193.9:0/2332843774 shutdown_connections
2026-02-20T01:48:25.641 INFO:teuthology.orchestra.run.trial009.stdout:/usr/bin/ceph: stderr
2026-02-20T01:48:25.499+0000 7f37b68de640 1 -- 10.20.193.9:0/2332843774 wait complete.
2026-02-20T01:48:25.641 INFO:teuthology.orchestra.run.trial009.stdout:/usr/bin/ceph: stderr
2026-02-20T01:48:25.499+0000 7f37b68de640 1 Processor -- start
2026-02-20T01:48:25.642 INFO:teuthology.orchestra.run.trial009.stdout:/usr/bin/ceph: stderr
2026-02-20T01:48:25.499+0000 7f37b68de640 1 -- start start
2026-02-20T01:48:25.642 INFO:teuthology.orchestra.run.trial009.stdout:/usr/bin/ceph: stderr
2026-02-20T01:48:25.499+0000 7f37b68de640 1 --2- >> [v2:10.20.193.9:3300/0,v1:10.20.193.9:6789/0] conn(0x7f37b0110280 0x7f37b01a4ec0 unknown :-1 s=NONE pgs=0 cs=0 l=1 rev1=0 crypto rx=0 tx=0 comp rx=0 tx=0).connect
2026-02-20T01:48:25.642 INFO:teuthology.orchestra.run.trial009.stdout:/usr/bin/ceph: stderr
2026-02-20T01:48:25.499+0000 7f37b68de640 1 -- --> [v2:10.20.193.9:3300/0,v1:10.20.193.9:6789/0] -- mon_getmap magic: 0 -- 0x7f37b0082e60 con 0x7f37b0110280
2026-02-20T01:48:25.642 INFO:teuthology.orchestra.run.trial009.stdout:/usr/bin/ceph: stderr
2026-02-20T01:48:25.499+0000 7f37affff640 1 --2- >> [v2:10.20.193.9:3300/0,v1:10.20.193.9:6789/0] conn(0x7f37b0110280 0x7f37b01a4ec0 unknown :-1 s=BANNER_CONNECTING pgs=0 cs=0 l=1 rev1=0 crypto rx=0 tx=0 comp rx=0 tx=0)._handle_peer_banner_payload supported=3 required=0
2026-02-20T01:48:25.642 INFO:teuthology.orchestra.run.trial009.stdout:/usr/bin/ceph: stderr
2026-02-20T01:48:25.499+0000 7f37affff640 1 --2- >> [v2:10.20.193.9:3300/0,v1:10.20.193.9:6789/0] conn(0x7f37b0110280 0x7f37b01a4ec0 unknown :-1 s=HELLO_CONNECTING pgs=0 cs=0 l=1 rev1=1 crypto rx=0 tx=0 comp rx=0 tx=0).handle_hello peer v2:10.20.193.9:3300/0 says I am v2:10.20.193.9:51508/0 (socket says 10.20.193.9:51508)
2026-02-20T01:48:25.642 INFO:teuthology.orchestra.run.trial009.stdout:/usr/bin/ceph: stderr
2026-02-20T01:48:25.499+0000 7f37affff640 1 -- 10.20.193.9:0/369987248 learned_addr learned my addr 10.20.193.9:0/369987248 (peer_addr_for_me v2:10.20.193.9:0/0)
2026-02-20T01:48:25.642 INFO:teuthology.orchestra.run.trial009.stdout:/usr/bin/ceph: stderr
2026-02-20T01:48:25.499+0000 7f37affff640 1 -- 10.20.193.9:0/369987248 --> [v2:10.20.193.9:3300/0,v1:10.20.193.9:6789/0] -- mon_subscribe({config=0+,monmap=0+}) -- 0x7f37b01a5400 con 0x7f37b0110280
2026-02-20T01:48:25.642 INFO:teuthology.orchestra.run.trial009.stdout:/usr/bin/ceph: stderr
2026-02-20T01:48:25.499+0000 7f37affff640 1 --2- 10.20.193.9:0/369987248 >> [v2:10.20.193.9:3300/0,v1:10.20.193.9:6789/0] conn(0x7f37b0110280 0x7f37b01a4ec0 secure :-1 s=READY pgs=25 cs=0 l=1 rev1=1 crypto rx=0x7f379c009a50 tx=0x7f379c037820 comp rx=0 tx=0).ready entity=mon.0 client_cookie=0 server_cookie=0 in_seq=0 out_seq=0
2026-02-20T01:48:25.642 INFO:teuthology.orchestra.run.trial009.stdout:/usr/bin/ceph: stderr
2026-02-20T01:48:25.500+0000 7f37ad7fa640 1 -- 10.20.193.9:0/369987248 <== mon.0 v2:10.20.193.9:3300/0 1 ==== mon_map magic: 0 ==== 205+0+0 (secure 0 0 0) 0x7f379c045070 con 0x7f37b0110280
2026-02-20T01:48:25.642 INFO:teuthology.orchestra.run.trial009.stdout:/usr/bin/ceph: stderr
2026-02-20T01:48:25.500+0000 7f37b68de640 1 -- 10.20.193.9:0/369987248 --> [v2:10.20.193.9:3300/0,v1:10.20.193.9:6789/0] -- mon_subscribe({mgrmap=0+}) -- 0x7f37b01a5690 con 0x7f37b0110280
2026-02-20T01:48:25.642 INFO:teuthology.orchestra.run.trial009.stdout:/usr/bin/ceph: stderr
2026-02-20T01:48:25.500+0000 7f37ad7fa640 1 -- 10.20.193.9:0/369987248 <== mon.0 v2:10.20.193.9:3300/0 2 ==== config(28 keys) ==== 1114+0+0 (secure 0 0 0) 0x7f379c037bc0 con 0x7f37b0110280
2026-02-20T01:48:25.642 INFO:teuthology.orchestra.run.trial009.stdout:/usr/bin/ceph: stderr
2026-02-20T01:48:25.500+0000 7f37ad7fa640 1 -- 10.20.193.9:0/369987248 <== mon.0 v2:10.20.193.9:3300/0 3 ==== mon_map magic: 0 ==== 205+0+0 (secure 0 0 0) 0x7f379c03c070 con 0x7f37b0110280
2026-02-20T01:48:25.643 INFO:teuthology.orchestra.run.trial009.stdout:/usr/bin/ceph: stderr
2026-02-20T01:48:25.500+0000 7f37b68de640 1 -- 10.20.193.9:0/369987248 --> [v2:10.20.193.9:3300/0,v1:10.20.193.9:6789/0] -- mon_subscribe({osdmap=0}) -- 0x7f37b01a8330 con 0x7f37b0110280
2026-02-20T01:48:25.643 INFO:teuthology.orchestra.run.trial009.stdout:/usr/bin/ceph: stderr
2026-02-20T01:48:25.500+0000 7f37b68de640 1 -- 10.20.193.9:0/369987248 --> [v2:10.20.193.9:3300/0,v1:10.20.193.9:6789/0] -- mon_command({"prefix": "get_command_descriptions"} v 0) -- 0x7f37b0110700 con 0x7f37b0110280
2026-02-20T01:48:25.643 INFO:teuthology.orchestra.run.trial009.stdout:/usr/bin/ceph: stderr
2026-02-20T01:48:25.500+0000 7f37ad7fa640 1 -- 10.20.193.9:0/369987248 <== mon.0 v2:10.20.193.9:3300/0 4 ==== mgrmap(e 5) ==== 50247+0+0 (secure 0 0 0) 0x7f379c040700 con 0x7f37b0110280
2026-02-20T01:48:25.643 INFO:teuthology.orchestra.run.trial009.stdout:/usr/bin/ceph: stderr
2026-02-20T01:48:25.500+0000 7f37ad7fa640 1 --2- 10.20.193.9:0/369987248 >> [v2:10.20.193.9:6800/3108491617,v1:10.20.193.9:6801/3108491617] conn(0x7f378403dbf0 0x7f37840400b0 unknown :-1 s=NONE pgs=0 cs=0 l=1 rev1=0 crypto rx=0 tx=0 comp rx=0 tx=0).connect
2026-02-20T01:48:25.643 INFO:teuthology.orchestra.run.trial009.stdout:/usr/bin/ceph: stderr
2026-02-20T01:48:25.500+0000 7f37af7fe640 1 -- 10.20.193.9:0/369987248 >> [v2:10.20.193.9:6800/3108491617,v1:10.20.193.9:6801/3108491617] conn(0x7f378403dbf0 msgr2=0x7f37840400b0 unknown :-1 s=STATE_CONNECTING_RE l=1).process reconnect failed to v2:10.20.193.9:6800/3108491617
2026-02-20T01:48:25.643 INFO:teuthology.orchestra.run.trial009.stdout:/usr/bin/ceph: stderr
2026-02-20T01:48:25.500+0000 7f37ad7fa640 1 -- 10.20.193.9:0/369987248 <== mon.0 v2:10.20.193.9:3300/0 5 ==== osd_map(1..1 src has 1..1) ==== 725+0+0 (secure 0 0 0) 0x7f379c076510 con 0x7f37b0110280
2026-02-20T01:48:25.643 INFO:teuthology.orchestra.run.trial009.stdout:/usr/bin/ceph: stderr
2026-02-20T01:48:25.501+0000 7f37af7fe640 1 --2- 10.20.193.9:0/369987248 >> [v2:10.20.193.9:6800/3108491617,v1:10.20.193.9:6801/3108491617] conn(0x7f378403dbf0 0x7f37840400b0 unknown :-1 s=START_CONNECT pgs=0 cs=0 l=1 rev1=0 crypto rx=0 tx=0 comp rx=0 tx=0)._fault waiting 0.200000
2026-02-20T01:48:25.643 INFO:teuthology.orchestra.run.trial009.stdout:/usr/bin/ceph: stderr
2026-02-20T01:48:25.503+0000 7f37ad7fa640 1 -- 10.20.193.9:0/369987248 <== mon.0 v2:10.20.193.9:3300/0 6 ==== mon_command_ack([{"prefix": "get_command_descriptions"}]=0 v0) ==== 72+0+195341 (secure 0 0 0) 0x7f379c033200 con 0x7f37b0110280
2026-02-20T01:48:25.643 INFO:teuthology.orchestra.run.trial009.stdout:/usr/bin/ceph: stderr
2026-02-20T01:48:25.609+0000 7f37b68de640 1 -- 10.20.193.9:0/369987248 --> [v2:10.20.193.9:3300/0,v1:10.20.193.9:6789/0] -- mon_command({"prefix": "mgr stat"} v 0) -- 0x7f37b019e6a0 con 0x7f37b0110280
2026-02-20T01:48:25.643 INFO:teuthology.orchestra.run.trial009.stdout:/usr/bin/ceph: stderr
2026-02-20T01:48:25.610+0000 7f37ad7fa640 1 -- 10.20.193.9:0/369987248 <== mon.0 v2:10.20.193.9:3300/0 7 ==== mon_command_ack([{"prefix": "mgr stat"}]=0 v5) ==== 56+0+88 (secure 0 0 0) 0x7f379c075f30 con 0x7f37b0110280
2026-02-20T01:48:25.643 INFO:teuthology.orchestra.run.trial009.stdout:/usr/bin/ceph: stderr
2026-02-20T01:48:25.611+0000 7f37b68de640 1 -- 10.20.193.9:0/369987248 >> [v2:10.20.193.9:6800/3108491617,v1:10.20.193.9:6801/3108491617] conn(0x7f378403dbf0 msgr2=0x7f37840400b0 unknown :-1 s=STATE_CONNECTING l=1).mark_down
2026-02-20T01:48:25.643 INFO:teuthology.orchestra.run.trial009.stdout:/usr/bin/ceph: stderr
2026-02-20T01:48:25.611+0000 7f37b68de640 1 --2- 10.20.193.9:0/369987248 >> [v2:10.20.193.9:6800/3108491617,v1:10.20.193.9:6801/3108491617] conn(0x7f378403dbf0 0x7f37840400b0 unknown :-1 s=START_CONNECT pgs=0 cs=0 l=1 rev1=0 crypto rx=0 tx=0 comp rx=0 tx=0).stop
2026-02-20T01:48:25.644 INFO:teuthology.orchestra.run.trial009.stdout:/usr/bin/ceph: stderr
2026-02-20T01:48:25.611+0000 7f37b68de640 1 -- 10.20.193.9:0/369987248 >> [v2:10.20.193.9:3300/0,v1:10.20.193.9:6789/0] conn(0x7f37b0110280 msgr2=0x7f37b01a4ec0 secure :-1 s=STATE_CONNECTION_ESTABLISHED l=1).mark_down
2026-02-20T01:48:25.644 INFO:teuthology.orchestra.run.trial009.stdout:/usr/bin/ceph: stderr
2026-02-20T01:48:25.611+0000 7f37b68de640 1 --2- 10.20.193.9:0/369987248 >> [v2:10.20.193.9:3300/0,v1:10.20.193.9:6789/0] conn(0x7f37b0110280 0x7f37b01a4ec0 secure :-1 s=READY pgs=25 cs=0 l=1 rev1=1 crypto rx=0x7f379c009a50 tx=0x7f379c037820 comp rx=0 tx=0).stop
2026-02-20T01:48:25.644 INFO:teuthology.orchestra.run.trial009.stdout:/usr/bin/ceph: stderr
2026-02-20T01:48:25.611+0000 7f37b68de640 1 -- 10.20.193.9:0/369987248 shutdown_connections
2026-02-20T01:48:25.644 INFO:teuthology.orchestra.run.trial009.stdout:/usr/bin/ceph: stderr
2026-02-20T01:48:25.611+0000 7f37b68de640 1 --2- 10.20.193.9:0/369987248 >> [v2:10.20.193.9:6800/3108491617,v1:10.20.193.9:6801/3108491617] conn(0x7f378403dbf0 0x7f37840400b0 unknown :-1 s=CLOSED pgs=0 cs=0 l=1 rev1=0 crypto rx=0 tx=0 comp rx=0 tx=0).stop
2026-02-20T01:48:25.644 INFO:teuthology.orchestra.run.trial009.stdout:/usr/bin/ceph: stderr
2026-02-20T01:48:25.611+0000 7f37b68de640 1 --2- 10.20.193.9:0/369987248 >> [v2:10.20.193.9:3300/0,v1:10.20.193.9:6789/0] conn(0x7f37b0110280 0x7f37b01a4ec0 unknown :-1 s=CLOSED pgs=25 cs=0 l=1 rev1=1 crypto rx=0 tx=0 comp rx=0 tx=0).stop
2026-02-20T01:48:25.644 INFO:teuthology.orchestra.run.trial009.stdout:/usr/bin/ceph: stderr
2026-02-20T01:48:25.611+0000 7f37b68de640 1 -- 10.20.193.9:0/369987248 >> 10.20.193.9:0/369987248 conn(0x7f37b007dbe0 msgr2=0x7f37b007e8c0 unknown :-1 s=STATE_NONE l=0).mark_down
2026-02-20T01:48:25.644 INFO:teuthology.orchestra.run.trial009.stdout:/usr/bin/ceph: stderr
2026-02-20T01:48:25.611+0000 7f37b68de640 1 -- 10.20.193.9:0/369987248 shutdown_connections
2026-02-20T01:48:25.644 INFO:teuthology.orchestra.run.trial009.stdout:/usr/bin/ceph: stderr
2026-02-20T01:48:25.611+0000 7f37b68de640 1 -- 10.20.193.9:0/369987248 wait complete.
2026-02-20T01:48:25.644 INFO:teuthology.orchestra.run.trial009.stdout:Waiting for the mgr to restart...
2026-02-20T01:48:25.644 INFO:teuthology.orchestra.run.trial009.stdout:Waiting for mgr epoch 5...
2026-02-20T01:48:25.933 INFO:journalctl@ceph.mgr.x.trial009.stdout:Feb 20 01:48:25 trial009 ceph-2e97c257-0dfe-11f1-b6a6-d404e6e7d460-mgr-x[41122]:
2026-02-20T01:48:25.785+0000 7f256cb52140 -1 mgr[py] Module snap_schedule has missing NOTIFY_TYPES member
2026-02-20T01:48:25.933 INFO:journalctl@ceph.mgr.x.trial009.stdout:Feb 20 01:48:25 trial009 ceph-2e97c257-0dfe-11f1-b6a6-d404e6e7d460-mgr-x[41122]:
2026-02-20T01:48:25.930+0000 7f256cb52140 -1 mgr[py] Module prometheus has missing NOTIFY_TYPES member
2026-02-20T01:48:26.209 INFO:journalctl@ceph.mgr.x.trial009.stdout:Feb 20 01:48:25 trial009 ceph-2e97c257-0dfe-11f1-b6a6-d404e6e7d460-mgr-x[41122]:
2026-02-20T01:48:25.964+0000 7f256cb52140 -1 mgr[py] Module balancer has missing NOTIFY_TYPES member
2026-02-20T01:48:26.209 INFO:journalctl@ceph.mgr.x.trial009.stdout:Feb 20 01:48:26 trial009 ceph-2e97c257-0dfe-11f1-b6a6-d404e6e7d460-mgr-x[41122]:
2026-02-20T01:48:26.005+0000 7f256cb52140 -1 mgr[py] Module rbd_support has missing NOTIFY_TYPES member
2026-02-20T01:48:26.209 INFO:journalctl@ceph.mgr.x.trial009.stdout:Feb 20 01:48:26 trial009 ceph-2e97c257-0dfe-11f1-b6a6-d404e6e7d460-mgr-x[41122]:
2026-02-20T01:48:26.036+0000 7f256cb52140 -1 mgr[py] Module devicehealth has missing NOTIFY_TYPES member
2026-02-20T01:48:26.209 INFO:journalctl@ceph.mgr.x.trial009.stdout:Feb 20 01:48:26 trial009 ceph-2e97c257-0dfe-11f1-b6a6-d404e6e7d460-mgr-x[41122]:
2026-02-20T01:48:26.071+0000 7f256cb52140 -1 mgr[py] Module alerts has missing NOTIFY_TYPES member
2026-02-20T01:48:26.209 INFO:journalctl@ceph.mgr.x.trial009.stdout:Feb 20 01:48:26 trial009 ceph-2e97c257-0dfe-11f1-b6a6-d404e6e7d460-mgr-x[41122]:
2026-02-20T01:48:26.137+0000 7f256cb52140 -1 mgr[py] Module telemetry has missing NOTIFY_TYPES member
2026-02-20T01:48:26.210 INFO:journalctl@ceph.mgr.x.trial009.stdout:Feb 20 01:48:26 trial009 ceph-2e97c257-0dfe-11f1-b6a6-d404e6e7d460-mgr-x[41122]: /lib64/python3.9/site-packages/scipy/__init__.py:73: UserWarning: NumPy was imported from a Python sub-interpreter but NumPy does not properly support sub-interpreters. This will likely work for most users but might cause hard to track down issues or subtle bugs. A common user of the rare sub-interpreter feature is wsgi which also allows single-interpreter mode.
2026-02-20T01:48:26.210 INFO:journalctl@ceph.mgr.x.trial009.stdout:Feb 20 01:48:26 trial009 ceph-2e97c257-0dfe-11f1-b6a6-d404e6e7d460-mgr-x[41122]: Improvements in the case of bugs are welcome, but is not on the NumPy roadmap, and full support may require significant effort to achieve.
2026-02-20T01:48:26.210 INFO:journalctl@ceph.mgr.x.trial009.stdout:Feb 20 01:48:26 trial009 ceph-2e97c257-0dfe-11f1-b6a6-d404e6e7d460-mgr-x[41122]: from numpy import show_config as show_numpy_config
2026-02-20T01:48:26.468 INFO:journalctl@ceph.mon.a.trial009.stdout:Feb 20 01:48:26 trial009 ceph-mon[40853]: from='client.? 10.20.193.9:0/2825515882' entity='client.admin' cmd='[{"prefix": "mgr module enable", "module": "cephadm"}]': finished
2026-02-20T01:48:26.468 INFO:journalctl@ceph.mon.a.trial009.stdout:Feb 20 01:48:26 trial009 ceph-mon[40853]: mgrmap e5: x(active, since 3s)
2026-02-20T01:48:26.468 INFO:journalctl@ceph.mon.a.trial009.stdout:Feb 20 01:48:26 trial009 ceph-mon[40853]: from='client.? 10.20.193.9:0/369987248' entity='client.admin' cmd=[{"prefix": "mgr stat"}]: dispatch
2026-02-20T01:48:26.469 INFO:journalctl@ceph.mgr.x.trial009.stdout:Feb 20 01:48:26 trial009 ceph-2e97c257-0dfe-11f1-b6a6-d404e6e7d460-mgr-x[41122]:
2026-02-20T01:48:26.209+0000 7f256cb52140 -1 mgr[py] Module diskprediction_local has missing NOTIFY_TYPES member
2026-02-20T01:48:26.469 INFO:journalctl@ceph.mgr.x.trial009.stdout:Feb 20 01:48:26 trial009 ceph-2e97c257-0dfe-11f1-b6a6-d404e6e7d460-mgr-x[41122]:
2026-02-20T01:48:26.243+0000 7f256cb52140 -1 mgr[py] Module status has missing NOTIFY_TYPES member
2026-02-20T01:48:26.469 INFO:journalctl@ceph.mgr.x.trial009.stdout:Feb 20 01:48:26 trial009 ceph-2e97c257-0dfe-11f1-b6a6-d404e6e7d460-mgr-x[41122]:
2026-02-20T01:48:26.339+0000 7f256cb52140 -1 mgr[py] Module rgw has missing NOTIFY_TYPES member
2026-02-20T01:48:26.469 INFO:journalctl@ceph.mgr.x.trial009.stdout:Feb 20 01:48:26 trial009 ceph-2e97c257-0dfe-11f1-b6a6-d404e6e7d460-mgr-x[41122]:
2026-02-20T01:48:26.398+0000 7f256cb52140 -1 mgr[py] Module iostat has missing NOTIFY_TYPES member
2026-02-20T01:48:26.469 INFO:journalctl@ceph.mgr.x.trial009.stdout:Feb 20 01:48:26 trial009 ceph-2e97c257-0dfe-11f1-b6a6-d404e6e7d460-mgr-x[41122]:
2026-02-20T01:48:26.432+0000 7f256cb52140 -1 mgr[py] Module pg_autoscaler has missing NOTIFY_TYPES member
2026-02-20T01:48:26.469 INFO:journalctl@ceph.mgr.x.trial009.stdout:Feb 20 01:48:26 trial009 ceph-2e97c257-0dfe-11f1-b6a6-d404e6e7d460-mgr-x[41122]:
2026-02-20T01:48:26.465+0000 7f256cb52140 -1 mgr[py] Module osd_perf_query has missing NOTIFY_TYPES member
2026-02-20T01:48:26.755 INFO:journalctl@ceph.mgr.x.trial009.stdout:Feb 20 01:48:26 trial009 ceph-2e97c257-0dfe-11f1-b6a6-d404e6e7d460-mgr-x[41122]:
2026-02-20T01:48:26.499+0000 7f256cb52140 -1 mgr[py] Module crash has missing NOTIFY_TYPES member
2026-02-20T01:48:26.755 INFO:journalctl@ceph.mgr.x.trial009.stdout:Feb 20 01:48:26 trial009 ceph-2e97c257-0dfe-11f1-b6a6-d404e6e7d460-mgr-x[41122]:
2026-02-20T01:48:26.529+0000 7f256cb52140 -1 mgr[py] Module progress has missing NOTIFY_TYPES member
2026-02-20T01:48:27.023 INFO:journalctl@ceph.mgr.x.trial009.stdout:Feb 20 01:48:26 trial009 ceph-2e97c257-0dfe-11f1-b6a6-d404e6e7d460-mgr-x[41122]:
2026-02-20T01:48:26.764+0000 7f256cb52140 -1 mgr[py] Module rook has missing NOTIFY_TYPES member
2026-02-20T01:48:27.023 INFO:journalctl@ceph.mgr.x.trial009.stdout:Feb 20 01:48:26 trial009 ceph-2e97c257-0dfe-11f1-b6a6-d404e6e7d460-mgr-x[41122]:
2026-02-20T01:48:26.864+0000 7f256cb52140 -1 mgr[py] Module nfs has missing NOTIFY_TYPES member
2026-02-20T01:48:27.023 INFO:journalctl@ceph.mgr.x.trial009.stdout:Feb 20 01:48:26 trial009 ceph-2e97c257-0dfe-11f1-b6a6-d404e6e7d460-mgr-x[41122]:
2026-02-20T01:48:26.895+0000 7f256cb52140 -1 mgr[py] Module telegraf has missing NOTIFY_TYPES member
2026-02-20T01:48:27.023 INFO:journalctl@ceph.mgr.x.trial009.stdout:Feb 20 01:48:26 trial009 ceph-2e97c257-0dfe-11f1-b6a6-d404e6e7d460-mgr-x[41122]:
2026-02-20T01:48:26.926+0000 7f256cb52140 -1 mgr[py] Module selftest has missing NOTIFY_TYPES member
2026-02-20T01:48:27.023 INFO:journalctl@ceph.mgr.x.trial009.stdout:Feb 20 01:48:27 trial009 ceph-2e97c257-0dfe-11f1-b6a6-d404e6e7d460-mgr-x[41122]:
2026-02-20T01:48:27.020+0000 7f256cb52140 -1 mgr[py] Module test_orchestrator has missing NOTIFY_TYPES member
2026-02-20T01:48:27.505 INFO:journalctl@ceph.mgr.x.trial009.stdout:Feb 20 01:48:27 trial009 ceph-2e97c257-0dfe-11f1-b6a6-d404e6e7d460-mgr-x[41122]:
2026-02-20T01:48:27.049+0000 7f256cb52140 -1 mgr[py] Module osd_support has missing NOTIFY_TYPES member
2026-02-20T01:48:27.505 INFO:journalctl@ceph.mgr.x.trial009.stdout:Feb 20 01:48:27 trial009 ceph-2e97c257-0dfe-11f1-b6a6-d404e6e7d460-mgr-x[41122]:
2026-02-20T01:48:27.142+0000 7f256cb52140 -1 mgr[py] Module orchestrator has missing NOTIFY_TYPES member
2026-02-20T01:48:28.005 INFO:journalctl@ceph.mgr.x.trial009.stdout:Feb 20 01:48:27 trial009 ceph-2e97c257-0dfe-11f1-b6a6-d404e6e7d460-mgr-x[41122]:
2026-02-20T01:48:27.606+0000 7f256cb52140 -1 mgr[py] Module volumes has missing NOTIFY_TYPES member
2026-02-20T01:48:28.005 INFO:journalctl@ceph.mgr.x.trial009.stdout:Feb 20 01:48:27 trial009 ceph-2e97c257-0dfe-11f1-b6a6-d404e6e7d460-mgr-x[41122]:
2026-02-20T01:48:27.636+0000 7f256cb52140 -1 mgr[py] Module zabbix has missing NOTIFY_TYPES member
2026-02-20T01:48:28.505 INFO:journalctl@ceph.mgr.x.trial009.stdout:Feb 20 01:48:28 trial009 ceph-2e97c257-0dfe-11f1-b6a6-d404e6e7d460-mgr-x[41122]:
2026-02-20T01:48:28.035+0000 7f256cb52140 -1 mgr[py] Module influx has missing NOTIFY_TYPES member
2026-02-20T01:48:28.506 INFO:journalctl@ceph.mon.a.trial009.stdout:Feb 20 01:48:28 trial009 ceph-mon[40853]: Active manager daemon x restarted
2026-02-20T01:48:28.506 INFO:journalctl@ceph.mon.a.trial009.stdout:Feb 20 01:48:28 trial009 ceph-mon[40853]: Activating manager daemon x
2026-02-20T01:48:28.506 INFO:journalctl@ceph.mon.a.trial009.stdout:Feb 20 01:48:28 trial009 ceph-mon[40853]: osdmap e2: 0 total, 0 up, 0 in
2026-02-20T01:48:28.506 INFO:journalctl@ceph.mon.a.trial009.stdout:Feb 20 01:48:28 trial009 ceph-mon[40853]: mgrmap e6: x(active, starting, since 0.00322508s)
2026-02-20T01:48:28.506 INFO:journalctl@ceph.mon.a.trial009.stdout:Feb 20 01:48:28 trial009 ceph-mon[40853]: from='mgr.14118 10.20.193.9:0/635114736' entity='mgr.x' cmd=[{"prefix": "mon metadata", "id": "a"}]: dispatch
2026-02-20T01:48:28.506 INFO:journalctl@ceph.mon.a.trial009.stdout:Feb 20 01:48:28 trial009 ceph-mon[40853]: from='mgr.14118 10.20.193.9:0/635114736' entity='mgr.x' cmd=[{"prefix": "mgr metadata", "who": "x", "id": "x"}]: dispatch
2026-02-20T01:48:28.506 INFO:journalctl@ceph.mon.a.trial009.stdout:Feb 20 01:48:28 trial009 ceph-mon[40853]: from='mgr.14118 10.20.193.9:0/635114736' entity='mgr.x' cmd=[{"prefix": "mds metadata"}]: dispatch
2026-02-20T01:48:28.507 INFO:journalctl@ceph.mon.a.trial009.stdout:Feb 20 01:48:28 trial009 ceph-mon[40853]: from='mgr.14118 10.20.193.9:0/635114736' entity='mgr.x' cmd=[{"prefix": "osd metadata"}]: dispatch
2026-02-20T01:48:28.507 INFO:journalctl@ceph.mon.a.trial009.stdout:Feb 20 01:48:28 trial009 ceph-mon[40853]: from='mgr.14118 10.20.193.9:0/635114736' entity='mgr.x' cmd=[{"prefix": "mon metadata"}]: dispatch
2026-02-20T01:48:28.507 INFO:journalctl@ceph.mon.a.trial009.stdout:Feb 20 01:48:28 trial009 ceph-mon[40853]: Manager daemon x is now available
2026-02-20T01:48:28.507 INFO:journalctl@ceph.mon.a.trial009.stdout:Feb 20 01:48:28 trial009 ceph-mon[40853]: from='mgr.14118 10.20.193.9:0/635114736' entity='mgr.x'
2026-02-20T01:48:28.507 INFO:journalctl@ceph.mon.a.trial009.stdout:Feb 20 01:48:28 trial009 ceph-mon[40853]: from='mgr.14118 10.20.193.9:0/635114736' entity='mgr.x'
2026-02-20T01:48:28.507 INFO:journalctl@ceph.mon.a.trial009.stdout:Feb 20 01:48:28 trial009 ceph-mon[40853]: from='mgr.14118 10.20.193.9:0/635114736' entity='mgr.x' cmd=[{"prefix": "config dump", "format": "json"}]: dispatch
2026-02-20T01:48:28.507 INFO:journalctl@ceph.mon.a.trial009.stdout:Feb 20 01:48:28 trial009 ceph-mon[40853]: from='mgr.14118 10.20.193.9:0/635114736' entity='mgr.x' cmd=[{"prefix": "config dump", "format": "json"}]: dispatch
2026-02-20T01:48:28.507 INFO:journalctl@ceph.mon.a.trial009.stdout:Feb 20 01:48:28 trial009 ceph-mon[40853]: from='mgr.14118 10.20.193.9:0/635114736' entity='mgr.x' cmd=[{"prefix":"config rm","who":"mgr","name":"mgr/rbd_support/x/mirror_snapshot_schedule"}]: dispatch
2026-02-20T01:48:28.507 INFO:journalctl@ceph.mon.a.trial009.stdout:Feb 20 01:48:28 trial009 ceph-mon[40853]: from='mgr.14118 10.20.193.9:0/635114736' entity='mgr.x' cmd=[{"prefix":"config rm","who":"mgr","name":"mgr/rbd_support/x/trash_purge_schedule"}]: dispatch
2026-02-20T01:48:29.076 INFO:teuthology.orchestra.run.trial009.stdout:/usr/bin/ceph: stdout {
2026-02-20T01:48:29.076 INFO:teuthology.orchestra.run.trial009.stdout:/usr/bin/ceph: stdout "mgrmap_epoch": 7,
2026-02-20T01:48:29.076 INFO:teuthology.orchestra.run.trial009.stdout:/usr/bin/ceph: stdout "initialized": true
2026-02-20T01:48:29.076 INFO:teuthology.orchestra.run.trial009.stdout:/usr/bin/ceph: stdout }
2026-02-20T01:48:29.077 INFO:teuthology.orchestra.run.trial009.stdout:/usr/bin/ceph: stderr
2026-02-20T01:48:25.735+0000 7f7f28278640 1 Processor -- start
2026-02-20T01:48:29.077 INFO:teuthology.orchestra.run.trial009.stdout:/usr/bin/ceph: stderr
2026-02-20T01:48:25.735+0000 7f7f28278640 1 -- start start
2026-02-20T01:48:29.077 INFO:teuthology.orchestra.run.trial009.stdout:/usr/bin/ceph: stderr
2026-02-20T01:48:25.735+0000 7f7f28278640 1 --2- >> [v2:10.20.193.9:3300/0,v1:10.20.193.9:6789/0] conn(0x7f7f201084a0 0x7f7f201088a0 unknown :-1 s=NONE pgs=0 cs=0 l=0 rev1=0 crypto rx=0 tx=0 comp rx=0 tx=0).connect
2026-02-20T01:48:29.077 INFO:teuthology.orchestra.run.trial009.stdout:/usr/bin/ceph: stderr
2026-02-20T01:48:25.735+0000 7f7f28278640 1 -- --> [v2:10.20.193.9:3300/0,v1:10.20.193.9:6789/0] -- mon_getmap magic: 0 -- 0x7f7f20108e70 con 0x7f7f201084a0
2026-02-20T01:48:29.077 INFO:teuthology.orchestra.run.trial009.stdout:/usr/bin/ceph: stderr
2026-02-20T01:48:25.735+0000 7f7f25fed640 1 --2- >> [v2:10.20.193.9:3300/0,v1:10.20.193.9:6789/0] conn(0x7f7f201084a0 0x7f7f201088a0 unknown :-1 s=BANNER_CONNECTING pgs=0 cs=0 l=0 rev1=0 crypto rx=0 tx=0 comp rx=0 tx=0)._handle_peer_banner_payload supported=3 required=0
2026-02-20T01:48:29.077 INFO:teuthology.orchestra.run.trial009.stdout:/usr/bin/ceph: stderr
2026-02-20T01:48:25.735+0000 7f7f25fed640 1 --2- >> [v2:10.20.193.9:3300/0,v1:10.20.193.9:6789/0] conn(0x7f7f201084a0 0x7f7f201088a0 unknown :-1 s=HELLO_CONNECTING pgs=0 cs=0 l=0 rev1=1 crypto rx=0 tx=0 comp rx=0 tx=0).handle_hello peer v2:10.20.193.9:3300/0 says I am v2:10.20.193.9:51520/0 (socket says 10.20.193.9:51520)
2026-02-20T01:48:29.077 INFO:teuthology.orchestra.run.trial009.stdout:/usr/bin/ceph: stderr
2026-02-20T01:48:25.735+0000 7f7f25fed640 1 -- 10.20.193.9:0/3092921451 learned_addr learned my addr 10.20.193.9:0/3092921451 (peer_addr_for_me v2:10.20.193.9:0/0)
2026-02-20T01:48:29.077 INFO:teuthology.orchestra.run.trial009.stdout:/usr/bin/ceph: stderr
2026-02-20T01:48:25.736+0000 7f7f25fed640 1 -- 10.20.193.9:0/3092921451 --> [v2:10.20.193.9:3300/0,v1:10.20.193.9:6789/0] -- mon_subscribe({config=0+,monmap=0+}) -- 0x7f7f201096a0 con 0x7f7f201084a0
2026-02-20T01:48:29.077 INFO:teuthology.orchestra.run.trial009.stdout:/usr/bin/ceph: stderr
2026-02-20T01:48:25.736+0000 7f7f25fed640 1 --2- 10.20.193.9:0/3092921451 >> [v2:10.20.193.9:3300/0,v1:10.20.193.9:6789/0] conn(0x7f7f201084a0 0x7f7f201088a0 secure :-1 s=READY pgs=26 cs=0 l=1 rev1=1 crypto rx=0x7f7f10009920 tx=0x7f7f1002ef20 comp rx=0 tx=0).ready entity=mon.0 client_cookie=6c7b79d98b0d3ce4 server_cookie=0 in_seq=0 out_seq=0
2026-02-20T01:48:29.077 INFO:teuthology.orchestra.run.trial009.stdout:/usr/bin/ceph: stderr
2026-02-20T01:48:25.736+0000 7f7f24feb640 1 -- 10.20.193.9:0/3092921451 <== mon.0 v2:10.20.193.9:3300/0 1 ==== mon_map magic: 0 ==== 205+0+0 (secure 0 0 0) 0x7f7f1003c070 con 0x7f7f201084a0
2026-02-20T01:48:29.077 INFO:teuthology.orchestra.run.trial009.stdout:/usr/bin/ceph: stderr
2026-02-20T01:48:25.736+0000 7f7f24feb640 1 -- 10.20.193.9:0/3092921451 <== mon.0 v2:10.20.193.9:3300/0 2 ==== config(28 keys) ==== 1114+0+0 (secure 0 0 0) 0x7f7f10037440 con 0x7f7f201084a0
2026-02-20T01:48:29.077 INFO:teuthology.orchestra.run.trial009.stdout:/usr/bin/ceph: stderr
2026-02-20T01:48:25.736+0000 7f7f24feb640 1 -- 10.20.193.9:0/3092921451 <== mon.0 v2:10.20.193.9:3300/0 3 ==== mon_map magic: 0 ==== 205+0+0 (secure 0 0 0) 0x7f7f100355e0 con 0x7f7f201084a0
2026-02-20T01:48:29.078 INFO:teuthology.orchestra.run.trial009.stdout:/usr/bin/ceph: stderr
2026-02-20T01:48:25.736+0000 7f7f28278640 1 -- 10.20.193.9:0/3092921451 >> [v2:10.20.193.9:3300/0,v1:10.20.193.9:6789/0] conn(0x7f7f201084a0 msgr2=0x7f7f201088a0 secure :-1 s=STATE_CONNECTION_ESTABLISHED l=1).mark_down
2026-02-20T01:48:29.078 INFO:teuthology.orchestra.run.trial009.stdout:/usr/bin/ceph: stderr
2026-02-20T01:48:25.736+0000 7f7f28278640 1 --2- 10.20.193.9:0/3092921451 >> [v2:10.20.193.9:3300/0,v1:10.20.193.9:6789/0] conn(0x7f7f201084a0 0x7f7f201088a0 secure :-1 s=READY pgs=26 cs=0 l=1 rev1=1 crypto rx=0x7f7f10009920 tx=0x7f7f1002ef20 comp rx=0 tx=0).stop
2026-02-20T01:48:29.078 INFO:teuthology.orchestra.run.trial009.stdout:/usr/bin/ceph: stderr
2026-02-20T01:48:25.736+0000 7f7f28278640 1 -- 10.20.193.9:0/3092921451 shutdown_connections
2026-02-20T01:48:29.078 INFO:teuthology.orchestra.run.trial009.stdout:/usr/bin/ceph: stderr
2026-02-20T01:48:25.736+0000 7f7f28278640 1 --2- 10.20.193.9:0/3092921451 >> [v2:10.20.193.9:3300/0,v1:10.20.193.9:6789/0] conn(0x7f7f201084a0 0x7f7f201088a0 unknown :-1 s=CLOSED pgs=26 cs=0 l=1 rev1=1 crypto rx=0 tx=0 comp rx=0 tx=0).stop
2026-02-20T01:48:29.078 INFO:teuthology.orchestra.run.trial009.stdout:/usr/bin/ceph: stderr
2026-02-20T01:48:25.736+0000 7f7f28278640 1 -- 10.20.193.9:0/3092921451 >> 10.20.193.9:0/3092921451 conn(0x7f7f20103c10 msgr2=0x7f7f20106070 unknown :-1 s=STATE_NONE l=0).mark_down
2026-02-20T01:48:29.078 INFO:teuthology.orchestra.run.trial009.stdout:/usr/bin/ceph: stderr
2026-02-20T01:48:25.736+0000 7f7f28278640 1 -- 10.20.193.9:0/3092921451 shutdown_connections
2026-02-20T01:48:29.078 INFO:teuthology.orchestra.run.trial009.stdout:/usr/bin/ceph: stderr
2026-02-20T01:48:25.736+0000 7f7f28278640 1 -- 10.20.193.9:0/3092921451 wait complete.
2026-02-20T01:48:29.078 INFO:teuthology.orchestra.run.trial009.stdout:/usr/bin/ceph: stderr
2026-02-20T01:48:25.737+0000 7f7f28278640 1 Processor -- start
2026-02-20T01:48:29.078 INFO:teuthology.orchestra.run.trial009.stdout:/usr/bin/ceph: stderr
2026-02-20T01:48:25.737+0000 7f7f28278640 1 -- start start
2026-02-20T01:48:29.078 INFO:teuthology.orchestra.run.trial009.stdout:/usr/bin/ceph: stderr
2026-02-20T01:48:25.737+0000 7f7f28278640 1 --2- >> [v2:10.20.193.9:3300/0,v1:10.20.193.9:6789/0] conn(0x7f7f201084a0 0x7f7f201a0980 unknown :-1 s=NONE pgs=0 cs=0 l=1 rev1=0 crypto rx=0 tx=0 comp rx=0 tx=0).connect
2026-02-20T01:48:29.078 INFO:teuthology.orchestra.run.trial009.stdout:/usr/bin/ceph: stderr
2026-02-20T01:48:25.737+0000 7f7f28278640 1 -- --> [v2:10.20.193.9:3300/0,v1:10.20.193.9:6789/0] -- mon_getmap magic: 0 -- 0x7f7f2007d230 con 0x7f7f201084a0
2026-02-20T01:48:29.078 INFO:teuthology.orchestra.run.trial009.stdout:/usr/bin/ceph: stderr
2026-02-20T01:48:25.737+0000 7f7f25fed640 1 --2- >> [v2:10.20.193.9:3300/0,v1:10.20.193.9:6789/0] conn(0x7f7f201084a0 0x7f7f201a0980 unknown :-1 s=BANNER_CONNECTING pgs=0 cs=0 l=1 rev1=0 crypto rx=0 tx=0 comp rx=0 tx=0)._handle_peer_banner_payload supported=3 required=0
2026-02-20T01:48:29.079 INFO:teuthology.orchestra.run.trial009.stdout:/usr/bin/ceph: stderr
2026-02-20T01:48:25.737+0000 7f7f25fed640 1 --2- >> [v2:10.20.193.9:3300/0,v1:10.20.193.9:6789/0] conn(0x7f7f201084a0 0x7f7f201a0980 unknown :-1 s=HELLO_CONNECTING pgs=0 cs=0 l=1 rev1=1 crypto rx=0 tx=0 comp rx=0 tx=0).handle_hello peer v2:10.20.193.9:3300/0 says I am v2:10.20.193.9:51522/0 (socket says 10.20.193.9:51522)
2026-02-20T01:48:29.079 INFO:teuthology.orchestra.run.trial009.stdout:/usr/bin/ceph: stderr
2026-02-20T01:48:25.737+0000 7f7f25fed640 1 -- 10.20.193.9:0/515328877 learned_addr learned my addr 10.20.193.9:0/515328877 (peer_addr_for_me v2:10.20.193.9:0/0)
2026-02-20T01:48:29.079 INFO:teuthology.orchestra.run.trial009.stdout:/usr/bin/ceph: stderr
2026-02-20T01:48:25.737+0000 7f7f25fed640 1 -- 10.20.193.9:0/515328877 --> [v2:10.20.193.9:3300/0,v1:10.20.193.9:6789/0] -- mon_subscribe({config=0+,monmap=0+}) -- 0x7f7f201a0ec0 con 0x7f7f201084a0
2026-02-20T01:48:29.079 INFO:teuthology.orchestra.run.trial009.stdout:/usr/bin/ceph: stderr
2026-02-20T01:48:25.737+0000 7f7f25fed640 1 --2- 10.20.193.9:0/515328877 >> [v2:10.20.193.9:3300/0,v1:10.20.193.9:6789/0] conn(0x7f7f201084a0 0x7f7f201a0980 secure :-1 s=READY pgs=27 cs=0 l=1 rev1=1 crypto rx=0x7f7f10037fb0 tx=0x7f7f10037820 comp rx=0 tx=0).ready entity=mon.0 client_cookie=0 server_cookie=0 in_seq=0 out_seq=0
2026-02-20T01:48:29.079 INFO:teuthology.orchestra.run.trial009.stdout:/usr/bin/ceph: stderr
2026-02-20T01:48:25.737+0000 7f7f0effd640 1 -- 10.20.193.9:0/515328877 <== mon.0 v2:10.20.193.9:3300/0 1 ==== mon_map magic: 0 ==== 205+0+0 (secure 0 0 0) 0x7f7f10045070 con 0x7f7f201084a0
2026-02-20T01:48:29.079 INFO:teuthology.orchestra.run.trial009.stdout:/usr/bin/ceph: stderr
2026-02-20T01:48:25.737+0000 7f7f0effd640 1 -- 10.20.193.9:0/515328877 <== mon.0 v2:10.20.193.9:3300/0 2 ==== config(28 keys) ==== 1114+0+0 (secure 0 0 0) 0x7f7f10040450 con 0x7f7f201084a0
2026-02-20T01:48:29.079 INFO:teuthology.orchestra.run.trial009.stdout:/usr/bin/ceph: stderr
2026-02-20T01:48:25.737+0000 7f7f0effd640 1 -- 10.20.193.9:0/515328877 <== mon.0 v2:10.20.193.9:3300/0 3 ==== mon_map magic: 0 ==== 205+0+0 (secure 0 0 0) 0x7f7f1003c070 con 0x7f7f201084a0
2026-02-20T01:48:29.079 INFO:teuthology.orchestra.run.trial009.stdout:/usr/bin/ceph: stderr
2026-02-20T01:48:25.737+0000 7f7f28278640 1 -- 10.20.193.9:0/515328877 --> [v2:10.20.193.9:3300/0,v1:10.20.193.9:6789/0] -- mon_subscribe({mgrmap=0+}) -- 0x7f7f201a1150 con 0x7f7f201084a0
2026-02-20T01:48:29.079 INFO:teuthology.orchestra.run.trial009.stdout:/usr/bin/ceph: stderr
2026-02-20T01:48:25.737+0000 7f7f28278640 1 -- 10.20.193.9:0/515328877 --> [v2:10.20.193.9:3300/0,v1:10.20.193.9:6789/0] -- mon_subscribe({osdmap=0}) -- 0x7f7f201a3e40 con 0x7f7f201084a0
2026-02-20T01:48:29.079 INFO:teuthology.orchestra.run.trial009.stdout:/usr/bin/ceph: stderr
