2026-02-20T01:48:25.738+0000 7f7f0effd640 1 -- 10.20.193.9:0/515328877 <== mon.0 v2:10.20.193.9:3300/0 4 ==== mgrmap(e 5) ==== 50247+0+0 (secure 0 0 0) 0x7f7f10040600 con 0x7f7f201084a0
2026-02-20T01:48:29.079 INFO:teuthology.orchestra.run.trial009.stdout:/usr/bin/ceph: stderr
2026-02-20T01:48:25.738+0000 7f7f0effd640 1 --2- 10.20.193.9:0/515328877 >> [v2:10.20.193.9:6800/3108491617,v1:10.20.193.9:6801/3108491617] conn(0x7f7efc03dba0 0x7f7efc040060 unknown :-1 s=NONE pgs=0 cs=0 l=1 rev1=0 crypto rx=0 tx=0 comp rx=0 tx=0).connect
2026-02-20T01:48:29.079 INFO:teuthology.orchestra.run.trial009.stdout:/usr/bin/ceph: stderr
2026-02-20T01:48:25.738+0000 7f7f0effd640 1 -- 10.20.193.9:0/515328877 --> [v2:10.20.193.9:6800/3108491617,v1:10.20.193.9:6801/3108491617] -- command(tid 0: {"prefix": "get_command_descriptions"}) -- 0x7f7efc040770 con 0x7f7efc03dba0
2026-02-20T01:48:29.080 INFO:teuthology.orchestra.run.trial009.stdout:/usr/bin/ceph: stderr
2026-02-20T01:48:25.738+0000 7f7f257ec640 1 -- 10.20.193.9:0/515328877 >> [v2:10.20.193.9:6800/3108491617,v1:10.20.193.9:6801/3108491617] conn(0x7f7efc03dba0 msgr2=0x7f7efc040060 unknown :-1 s=STATE_CONNECTING_RE l=1).process reconnect failed to v2:10.20.193.9:6800/3108491617
2026-02-20T01:48:29.080 INFO:teuthology.orchestra.run.trial009.stdout:/usr/bin/ceph: stderr
2026-02-20T01:48:25.738+0000 7f7f0effd640 1 -- 10.20.193.9:0/515328877 <== mon.0 v2:10.20.193.9:3300/0 5 ==== osd_map(1..1 src has 1..1) ==== 725+0+0 (secure 0 0 0) 0x7f7f10076700 con 0x7f7f201084a0
2026-02-20T01:48:29.080 INFO:teuthology.orchestra.run.trial009.stdout:/usr/bin/ceph: stderr
2026-02-20T01:48:25.738+0000 7f7f257ec640 1 --2- 10.20.193.9:0/515328877 >> [v2:10.20.193.9:6800/3108491617,v1:10.20.193.9:6801/3108491617] conn(0x7f7efc03dba0 0x7f7efc040060 unknown :-1 s=START_CONNECT pgs=0 cs=0 l=1 rev1=0 crypto rx=0 tx=0 comp rx=0 tx=0)._fault waiting 0.200000
2026-02-20T01:48:29.080 INFO:teuthology.orchestra.run.trial009.stdout:/usr/bin/ceph: stderr
2026-02-20T01:48:25.939+0000 7f7f257ec640 1 -- 10.20.193.9:0/515328877 >> [v2:10.20.193.9:6800/3108491617,v1:10.20.193.9:6801/3108491617] conn(0x7f7efc03dba0 msgr2=0x7f7efc040060 unknown :-1 s=STATE_CONNECTING_RE l=1).process reconnect failed to v2:10.20.193.9:6800/3108491617
2026-02-20T01:48:29.080 INFO:teuthology.orchestra.run.trial009.stdout:/usr/bin/ceph: stderr
2026-02-20T01:48:25.939+0000 7f7f257ec640 1 --2- 10.20.193.9:0/515328877 >> [v2:10.20.193.9:6800/3108491617,v1:10.20.193.9:6801/3108491617] conn(0x7f7efc03dba0 0x7f7efc040060 unknown :-1 s=START_CONNECT pgs=0 cs=0 l=1 rev1=0 crypto rx=0 tx=0 comp rx=0 tx=0)._fault waiting 0.400000
2026-02-20T01:48:29.080 INFO:teuthology.orchestra.run.trial009.stdout:/usr/bin/ceph: stderr
2026-02-20T01:48:26.340+0000 7f7f257ec640 1 -- 10.20.193.9:0/515328877 >> [v2:10.20.193.9:6800/3108491617,v1:10.20.193.9:6801/3108491617] conn(0x7f7efc03dba0 msgr2=0x7f7efc040060 unknown :-1 s=STATE_CONNECTING_RE l=1).process reconnect failed to v2:10.20.193.9:6800/3108491617
2026-02-20T01:48:29.080 INFO:teuthology.orchestra.run.trial009.stdout:/usr/bin/ceph: stderr
2026-02-20T01:48:26.340+0000 7f7f257ec640 1 --2- 10.20.193.9:0/515328877 >> [v2:10.20.193.9:6800/3108491617,v1:10.20.193.9:6801/3108491617] conn(0x7f7efc03dba0 0x7f7efc040060 unknown :-1 s=START_CONNECT pgs=0 cs=0 l=1 rev1=0 crypto rx=0 tx=0 comp rx=0 tx=0)._fault waiting 0.800000
2026-02-20T01:48:29.080 INFO:teuthology.orchestra.run.trial009.stdout:/usr/bin/ceph: stderr
2026-02-20T01:48:27.141+0000 7f7f257ec640 1 -- 10.20.193.9:0/515328877 >> [v2:10.20.193.9:6800/3108491617,v1:10.20.193.9:6801/3108491617] conn(0x7f7efc03dba0 msgr2=0x7f7efc040060 unknown :-1 s=STATE_CONNECTING_RE l=1).process reconnect failed to v2:10.20.193.9:6800/3108491617
2026-02-20T01:48:29.080 INFO:teuthology.orchestra.run.trial009.stdout:/usr/bin/ceph: stderr
2026-02-20T01:48:27.141+0000 7f7f257ec640 1 --2- 10.20.193.9:0/515328877 >> [v2:10.20.193.9:6800/3108491617,v1:10.20.193.9:6801/3108491617] conn(0x7f7efc03dba0 0x7f7efc040060 unknown :-1 s=START_CONNECT pgs=0 cs=0 l=1 rev1=0 crypto rx=0 tx=0 comp rx=0 tx=0)._fault waiting 1.600000
2026-02-20T01:48:29.080 INFO:teuthology.orchestra.run.trial009.stdout:/usr/bin/ceph: stderr
2026-02-20T01:48:28.039+0000 7f7f0effd640 1 -- 10.20.193.9:0/515328877 <== mon.0 v2:10.20.193.9:3300/0 6 ==== mgrmap(e 6) ==== 50014+0+0 (secure 0 0 0) 0x7f7f100751c0 con 0x7f7f201084a0
2026-02-20T01:48:29.080 INFO:teuthology.orchestra.run.trial009.stdout:/usr/bin/ceph: stderr
2026-02-20T01:48:28.039+0000 7f7f0effd640 1 -- 10.20.193.9:0/515328877 >> [v2:10.20.193.9:6800/3108491617,v1:10.20.193.9:6801/3108491617] conn(0x7f7efc03dba0 msgr2=0x7f7efc040060 unknown :-1 s=STATE_CONNECTING l=1).mark_down
2026-02-20T01:48:29.080 INFO:teuthology.orchestra.run.trial009.stdout:/usr/bin/ceph: stderr
2026-02-20T01:48:28.039+0000 7f7f0effd640 1 --2- 10.20.193.9:0/515328877 >> [v2:10.20.193.9:6800/3108491617,v1:10.20.193.9:6801/3108491617] conn(0x7f7efc03dba0 0x7f7efc040060 unknown :-1 s=START_CONNECT pgs=0 cs=0 l=1 rev1=0 crypto rx=0 tx=0 comp rx=0 tx=0).stop
2026-02-20T01:48:29.081 INFO:teuthology.orchestra.run.trial009.stdout:/usr/bin/ceph: stderr
2026-02-20T01:48:29.040+0000 7f7f0effd640 1 -- 10.20.193.9:0/515328877 <== mon.0 v2:10.20.193.9:3300/0 7 ==== mgrmap(e 7) ==== 50141+0+0 (secure 0 0 0) 0x7f7f100758c0 con 0x7f7f201084a0
2026-02-20T01:48:29.081 INFO:teuthology.orchestra.run.trial009.stdout:/usr/bin/ceph: stderr
2026-02-20T01:48:29.040+0000 7f7f0effd640 1 --2- 10.20.193.9:0/515328877 >> [v2:10.20.193.9:6800/1829655706,v1:10.20.193.9:6801/1829655706] conn(0x7f7efc0414f0 0x7f7efc0438e0 unknown :-1 s=NONE pgs=0 cs=0 l=1 rev1=0 crypto rx=0 tx=0 comp rx=0 tx=0).connect
2026-02-20T01:48:29.081 INFO:teuthology.orchestra.run.trial009.stdout:/usr/bin/ceph: stderr
2026-02-20T01:48:29.040+0000 7f7f0effd640 1 -- 10.20.193.9:0/515328877 --> [v2:10.20.193.9:6800/1829655706,v1:10.20.193.9:6801/1829655706] -- command(tid 0: {"prefix": "get_command_descriptions"}) -- 0x7f7f10048a50 con 0x7f7efc0414f0
2026-02-20T01:48:29.081 INFO:teuthology.orchestra.run.trial009.stdout:/usr/bin/ceph: stderr
2026-02-20T01:48:29.041+0000 7f7f257ec640 1 --2- 10.20.193.9:0/515328877 >> [v2:10.20.193.9:6800/1829655706,v1:10.20.193.9:6801/1829655706] conn(0x7f7efc0414f0 0x7f7efc0438e0 unknown :-1 s=BANNER_CONNECTING pgs=0 cs=0 l=1 rev1=0 crypto rx=0 tx=0 comp rx=0 tx=0)._handle_peer_banner_payload supported=3 required=0
2026-02-20T01:48:29.081 INFO:teuthology.orchestra.run.trial009.stdout:/usr/bin/ceph: stderr
2026-02-20T01:48:29.041+0000 7f7f257ec640 1 --2- 10.20.193.9:0/515328877 >> [v2:10.20.193.9:6800/1829655706,v1:10.20.193.9:6801/1829655706] conn(0x7f7efc0414f0 0x7f7efc0438e0 secure :-1 s=READY pgs=2 cs=0 l=1 rev1=1 crypto rx=0x7f7f14003a80 tx=0x7f7f14009290 comp rx=0 tx=0).ready entity=mgr.14118 client_cookie=0 server_cookie=0 in_seq=0 out_seq=0
2026-02-20T01:48:29.081 INFO:teuthology.orchestra.run.trial009.stdout:/usr/bin/ceph: stderr
2026-02-20T01:48:29.041+0000 7f7f0effd640 1 -- 10.20.193.9:0/515328877 <== mgr.14118 v2:10.20.193.9:6800/1829655706 1 ==== command_reply(tid 0: 0 ) ==== 8+0+8901 (secure 0 0 0) 0x7f7f10048a50 con 0x7f7efc0414f0
2026-02-20T01:48:29.081 INFO:teuthology.orchestra.run.trial009.stdout:/usr/bin/ceph: stderr
2026-02-20T01:48:29.045+0000 7f7f28278640 1 -- 10.20.193.9:0/515328877 --> [v2:10.20.193.9:6800/1829655706,v1:10.20.193.9:6801/1829655706] -- command(tid 1: {"prefix": "mgr_status"}) -- 0x7f7f201088a0 con 0x7f7efc0414f0
2026-02-20T01:48:29.081 INFO:teuthology.orchestra.run.trial009.stdout:/usr/bin/ceph: stderr
2026-02-20T01:48:29.045+0000 7f7f0effd640 1 -- 10.20.193.9:0/515328877 <== mgr.14118 v2:10.20.193.9:6800/1829655706 2 ==== command_reply(tid 1: 0 ) ==== 8+0+51 (secure 0 0 0) 0x7f7f201088a0 con 0x7f7efc0414f0
2026-02-20T01:48:29.081 INFO:teuthology.orchestra.run.trial009.stdout:/usr/bin/ceph: stderr
2026-02-20T01:48:29.045+0000 7f7f28278640 1 -- 10.20.193.9:0/515328877 >> [v2:10.20.193.9:6800/1829655706,v1:10.20.193.9:6801/1829655706] conn(0x7f7efc0414f0 msgr2=0x7f7efc0438e0 secure :-1 s=STATE_CONNECTION_ESTABLISHED l=1).mark_down
2026-02-20T01:48:29.081 INFO:teuthology.orchestra.run.trial009.stdout:/usr/bin/ceph: stderr
2026-02-20T01:48:29.045+0000 7f7f28278640 1 --2- 10.20.193.9:0/515328877 >> [v2:10.20.193.9:6800/1829655706,v1:10.20.193.9:6801/1829655706] conn(0x7f7efc0414f0 0x7f7efc0438e0 secure :-1 s=READY pgs=2 cs=0 l=1 rev1=1 crypto rx=0x7f7f14003a80 tx=0x7f7f14009290 comp rx=0 tx=0).stop
2026-02-20T01:48:29.081 INFO:teuthology.orchestra.run.trial009.stdout:/usr/bin/ceph: stderr
2026-02-20T01:48:29.045+0000 7f7f28278640 1 -- 10.20.193.9:0/515328877 >> [v2:10.20.193.9:3300/0,v1:10.20.193.9:6789/0] conn(0x7f7f201084a0 msgr2=0x7f7f201a0980 secure :-1 s=STATE_CONNECTION_ESTABLISHED l=1).mark_down
2026-02-20T01:48:29.081 INFO:teuthology.orchestra.run.trial009.stdout:/usr/bin/ceph: stderr
2026-02-20T01:48:29.045+0000 7f7f28278640 1 --2- 10.20.193.9:0/515328877 >> [v2:10.20.193.9:3300/0,v1:10.20.193.9:6789/0] conn(0x7f7f201084a0 0x7f7f201a0980 secure :-1 s=READY pgs=27 cs=0 l=1 rev1=1 crypto rx=0x7f7f10037fb0 tx=0x7f7f10037820 comp rx=0 tx=0).stop
2026-02-20T01:48:29.082 INFO:teuthology.orchestra.run.trial009.stdout:/usr/bin/ceph: stderr
2026-02-20T01:48:29.045+0000 7f7f28278640 1 -- 10.20.193.9:0/515328877 shutdown_connections
2026-02-20T01:48:29.082 INFO:teuthology.orchestra.run.trial009.stdout:/usr/bin/ceph: stderr
2026-02-20T01:48:29.045+0000 7f7f28278640 1 --2- 10.20.193.9:0/515328877 >> [v2:10.20.193.9:6800/1829655706,v1:10.20.193.9:6801/1829655706] conn(0x7f7efc0414f0 0x7f7efc0438e0 unknown :-1 s=CLOSED pgs=2 cs=0 l=1 rev1=1 crypto rx=0 tx=0 comp rx=0 tx=0).stop
2026-02-20T01:48:29.082 INFO:teuthology.orchestra.run.trial009.stdout:/usr/bin/ceph: stderr
2026-02-20T01:48:29.045+0000 7f7f28278640 1 --2- 10.20.193.9:0/515328877 >> [v2:10.20.193.9:6800/3108491617,v1:10.20.193.9:6801/3108491617] conn(0x7f7efc03dba0 0x7f7efc040060 unknown :-1 s=CLOSED pgs=0 cs=0 l=1 rev1=0 crypto rx=0 tx=0 comp rx=0 tx=0).stop
2026-02-20T01:48:29.082 INFO:teuthology.orchestra.run.trial009.stdout:/usr/bin/ceph: stderr
2026-02-20T01:48:29.045+0000 7f7f28278640 1 --2- 10.20.193.9:0/515328877 >> [v2:10.20.193.9:3300/0,v1:10.20.193.9:6789/0] conn(0x7f7f201084a0 0x7f7f201a0980 unknown :-1 s=CLOSED pgs=27 cs=0 l=1 rev1=1 crypto rx=0 tx=0 comp rx=0 tx=0).stop
2026-02-20T01:48:29.082 INFO:teuthology.orchestra.run.trial009.stdout:/usr/bin/ceph: stderr
2026-02-20T01:48:29.045+0000 7f7f28278640 1 -- 10.20.193.9:0/515328877 >> 10.20.193.9:0/515328877 conn(0x7f7f20103c10 msgr2=0x7f7f20197a30 unknown :-1 s=STATE_NONE l=0).mark_down
2026-02-20T01:48:29.082 INFO:teuthology.orchestra.run.trial009.stdout:/usr/bin/ceph: stderr
2026-02-20T01:48:29.045+0000 7f7f28278640 1 -- 10.20.193.9:0/515328877 shutdown_connections
2026-02-20T01:48:29.082 INFO:teuthology.orchestra.run.trial009.stdout:/usr/bin/ceph: stderr
2026-02-20T01:48:29.045+0000 7f7f28278640 1 -- 10.20.193.9:0/515328877 wait complete.
2026-02-20T01:48:29.082 INFO:teuthology.orchestra.run.trial009.stdout:mgr epoch 5 is available
2026-02-20T01:48:29.082 INFO:teuthology.orchestra.run.trial009.stdout:Setting orchestrator backend to cephadm...
2026-02-20T01:48:29.284 INFO:teuthology.orchestra.run.trial009.stdout:/usr/bin/ceph: stderr
2026-02-20T01:48:29.157+0000 7f54ad4ef640 1 Processor -- start
2026-02-20T01:48:29.285 INFO:teuthology.orchestra.run.trial009.stdout:/usr/bin/ceph: stderr
2026-02-20T01:48:29.157+0000 7f54ad4ef640 1 -- start start
2026-02-20T01:48:29.285 INFO:teuthology.orchestra.run.trial009.stdout:/usr/bin/ceph: stderr
2026-02-20T01:48:29.157+0000 7f54ad4ef640 1 --2- >> [v2:10.20.193.9:3300/0,v1:10.20.193.9:6789/0] conn(0x7f54a81084d0 0x7f54a81088d0 unknown :-1 s=NONE pgs=0 cs=0 l=0 rev1=0 crypto rx=0 tx=0 comp rx=0 tx=0).connect
2026-02-20T01:48:29.285 INFO:teuthology.orchestra.run.trial009.stdout:/usr/bin/ceph: stderr
2026-02-20T01:48:29.157+0000 7f54ad4ef640 1 -- --> [v2:10.20.193.9:3300/0,v1:10.20.193.9:6789/0] -- mon_getmap magic: 0 -- 0x7f54a8108ea0 con 0x7f54a81084d0
2026-02-20T01:48:29.285 INFO:teuthology.orchestra.run.trial009.stdout:/usr/bin/ceph: stderr
2026-02-20T01:48:29.158+0000 7f54a6ffd640 1 --2- >> [v2:10.20.193.9:3300/0,v1:10.20.193.9:6789/0] conn(0x7f54a81084d0 0x7f54a81088d0 unknown :-1 s=BANNER_CONNECTING pgs=0 cs=0 l=0 rev1=0 crypto rx=0 tx=0 comp rx=0 tx=0)._handle_peer_banner_payload supported=3 required=0
2026-02-20T01:48:29.285 INFO:teuthology.orchestra.run.trial009.stdout:/usr/bin/ceph: stderr
2026-02-20T01:48:29.158+0000 7f54a6ffd640 1 --2- >> [v2:10.20.193.9:3300/0,v1:10.20.193.9:6789/0] conn(0x7f54a81084d0 0x7f54a81088d0 unknown :-1 s=HELLO_CONNECTING pgs=0 cs=0 l=0 rev1=1 crypto rx=0 tx=0 comp rx=0 tx=0).handle_hello peer v2:10.20.193.9:3300/0 says I am v2:10.20.193.9:51600/0 (socket says 10.20.193.9:51600)
2026-02-20T01:48:29.285 INFO:teuthology.orchestra.run.trial009.stdout:/usr/bin/ceph: stderr
2026-02-20T01:48:29.158+0000 7f54a6ffd640 1 -- 10.20.193.9:0/2996358767 learned_addr learned my addr 10.20.193.9:0/2996358767 (peer_addr_for_me v2:10.20.193.9:0/0)
2026-02-20T01:48:29.285 INFO:teuthology.orchestra.run.trial009.stdout:/usr/bin/ceph: stderr
2026-02-20T01:48:29.158+0000 7f54a6ffd640 1 -- 10.20.193.9:0/2996358767 --> [v2:10.20.193.9:3300/0,v1:10.20.193.9:6789/0] -- mon_subscribe({config=0+,monmap=0+}) -- 0x7f54a8109680 con 0x7f54a81084d0
2026-02-20T01:48:29.285 INFO:teuthology.orchestra.run.trial009.stdout:/usr/bin/ceph: stderr
2026-02-20T01:48:29.158+0000 7f54a6ffd640 1 --2- 10.20.193.9:0/2996358767 >> [v2:10.20.193.9:3300/0,v1:10.20.193.9:6789/0] conn(0x7f54a81084d0 0x7f54a81088d0 secure :-1 s=READY pgs=35 cs=0 l=1 rev1=1 crypto rx=0x7f549c009920 tx=0x7f549c02ef20 comp rx=0 tx=0).ready entity=mon.0 client_cookie=db7a74051ac7cbb6 server_cookie=0 in_seq=0 out_seq=0
2026-02-20T01:48:29.286 INFO:teuthology.orchestra.run.trial009.stdout:/usr/bin/ceph: stderr
2026-02-20T01:48:29.158+0000 7f54a5ffb640 1 -- 10.20.193.9:0/2996358767 <== mon.0 v2:10.20.193.9:3300/0 1 ==== mon_map magic: 0 ==== 205+0+0 (secure 0 0 0) 0x7f549c03c070 con 0x7f54a81084d0
2026-02-20T01:48:29.286 INFO:teuthology.orchestra.run.trial009.stdout:/usr/bin/ceph: stderr
2026-02-20T01:48:29.159+0000 7f54a5ffb640 1 -- 10.20.193.9:0/2996358767 <== mon.0 v2:10.20.193.9:3300/0 2 ==== config(28 keys) ==== 1114+0+0 (secure 0 0 0) 0x7f549c037440 con 0x7f54a81084d0
2026-02-20T01:48:29.286 INFO:teuthology.orchestra.run.trial009.stdout:/usr/bin/ceph: stderr
2026-02-20T01:48:29.159+0000 7f54a5ffb640 1 -- 10.20.193.9:0/2996358767 <== mon.0 v2:10.20.193.9:3300/0 3 ==== mon_map magic: 0 ==== 205+0+0 (secure 0 0 0) 0x7f549c0355e0 con 0x7f54a81084d0
2026-02-20T01:48:29.286 INFO:teuthology.orchestra.run.trial009.stdout:/usr/bin/ceph: stderr
2026-02-20T01:48:29.159+0000 7f54ad4ef640 1 -- 10.20.193.9:0/2996358767 >> [v2:10.20.193.9:3300/0,v1:10.20.193.9:6789/0] conn(0x7f54a81084d0 msgr2=0x7f54a81088d0 secure :-1 s=STATE_CONNECTION_ESTABLISHED l=1).mark_down
2026-02-20T01:48:29.286 INFO:teuthology.orchestra.run.trial009.stdout:/usr/bin/ceph: stderr
2026-02-20T01:48:29.159+0000 7f54ad4ef640 1 --2- 10.20.193.9:0/2996358767 >> [v2:10.20.193.9:3300/0,v1:10.20.193.9:6789/0] conn(0x7f54a81084d0 0x7f54a81088d0 secure :-1 s=READY pgs=35 cs=0 l=1 rev1=1 crypto rx=0x7f549c009920 tx=0x7f549c02ef20 comp rx=0 tx=0).stop
2026-02-20T01:48:29.286 INFO:teuthology.orchestra.run.trial009.stdout:/usr/bin/ceph: stderr
2026-02-20T01:48:29.159+0000 7f54ad4ef640 1 -- 10.20.193.9:0/2996358767 shutdown_connections
2026-02-20T01:48:29.286 INFO:teuthology.orchestra.run.trial009.stdout:/usr/bin/ceph: stderr
2026-02-20T01:48:29.159+0000 7f54ad4ef640 1 --2- 10.20.193.9:0/2996358767 >> [v2:10.20.193.9:3300/0,v1:10.20.193.9:6789/0] conn(0x7f54a81084d0 0x7f54a81088d0 unknown :-1 s=CLOSED pgs=35 cs=0 l=1 rev1=1 crypto rx=0 tx=0 comp rx=0 tx=0).stop
2026-02-20T01:48:29.286 INFO:teuthology.orchestra.run.trial009.stdout:/usr/bin/ceph: stderr
2026-02-20T01:48:29.159+0000 7f54ad4ef640 1 -- 10.20.193.9:0/2996358767 >> 10.20.193.9:0/2996358767 conn(0x7f54a8103c20 msgr2=0x7f54a81060a0 unknown :-1 s=STATE_NONE l=0).mark_down
2026-02-20T01:48:29.286 INFO:teuthology.orchestra.run.trial009.stdout:/usr/bin/ceph: stderr
2026-02-20T01:48:29.159+0000 7f54ad4ef640 1 -- 10.20.193.9:0/2996358767 shutdown_connections
2026-02-20T01:48:29.286 INFO:teuthology.orchestra.run.trial009.stdout:/usr/bin/ceph: stderr
2026-02-20T01:48:29.159+0000 7f54ad4ef640 1 -- 10.20.193.9:0/2996358767 wait complete.
2026-02-20T01:48:29.286 INFO:teuthology.orchestra.run.trial009.stdout:/usr/bin/ceph: stderr
2026-02-20T01:48:29.159+0000 7f54ad4ef640 1 Processor -- start
2026-02-20T01:48:29.286 INFO:teuthology.orchestra.run.trial009.stdout:/usr/bin/ceph: stderr
2026-02-20T01:48:29.159+0000 7f54ad4ef640 1 -- start start
2026-02-20T01:48:29.287 INFO:teuthology.orchestra.run.trial009.stdout:/usr/bin/ceph: stderr
2026-02-20T01:48:29.160+0000 7f54ad4ef640 1 --2- >> [v2:10.20.193.9:3300/0,v1:10.20.193.9:6789/0] conn(0x7f54a81084d0 0x7f54a807eb40 unknown :-1 s=NONE pgs=0 cs=0 l=1 rev1=0 crypto rx=0 tx=0 comp rx=0 tx=0).connect
2026-02-20T01:48:29.287 INFO:teuthology.orchestra.run.trial009.stdout:/usr/bin/ceph: stderr
2026-02-20T01:48:29.160+0000 7f54ad4ef640 1 -- --> [v2:10.20.193.9:3300/0,v1:10.20.193.9:6789/0] -- mon_getmap magic: 0 -- 0x7f54a810ca30 con 0x7f54a81084d0
2026-02-20T01:48:29.287 INFO:teuthology.orchestra.run.trial009.stdout:/usr/bin/ceph: stderr
2026-02-20T01:48:29.160+0000 7f54a6ffd640 1 --2- >> [v2:10.20.193.9:3300/0,v1:10.20.193.9:6789/0] conn(0x7f54a81084d0 0x7f54a807eb40 unknown :-1 s=BANNER_CONNECTING pgs=0 cs=0 l=1 rev1=0 crypto rx=0 tx=0 comp rx=0 tx=0)._handle_peer_banner_payload supported=3 required=0
2026-02-20T01:48:29.287 INFO:teuthology.orchestra.run.trial009.stdout:/usr/bin/ceph: stderr
2026-02-20T01:48:29.160+0000 7f54a6ffd640 1 --2- >> [v2:10.20.193.9:3300/0,v1:10.20.193.9:6789/0] conn(0x7f54a81084d0 0x7f54a807eb40 unknown :-1 s=HELLO_CONNECTING pgs=0 cs=0 l=1 rev1=1 crypto rx=0 tx=0 comp rx=0 tx=0).handle_hello peer v2:10.20.193.9:3300/0 says I am v2:10.20.193.9:51614/0 (socket says 10.20.193.9:51614)
2026-02-20T01:48:29.287 INFO:teuthology.orchestra.run.trial009.stdout:/usr/bin/ceph: stderr
2026-02-20T01:48:29.160+0000 7f54a6ffd640 1 -- 10.20.193.9:0/1567414019 learned_addr learned my addr 10.20.193.9:0/1567414019 (peer_addr_for_me v2:10.20.193.9:0/0)
2026-02-20T01:48:29.287 INFO:teuthology.orchestra.run.trial009.stdout:/usr/bin/ceph: stderr
2026-02-20T01:48:29.160+0000 7f54a6ffd640 1 -- 10.20.193.9:0/1567414019 --> [v2:10.20.193.9:3300/0,v1:10.20.193.9:6789/0] -- mon_subscribe({config=0+,monmap=0+}) -- 0x7f54a807f080 con 0x7f54a81084d0
2026-02-20T01:48:29.287 INFO:teuthology.orchestra.run.trial009.stdout:/usr/bin/ceph: stderr
2026-02-20T01:48:29.160+0000 7f54a6ffd640 1 --2- 10.20.193.9:0/1567414019 >> [v2:10.20.193.9:3300/0,v1:10.20.193.9:6789/0] conn(0x7f54a81084d0 0x7f54a807eb40 secure :-1 s=READY pgs=36 cs=0 l=1 rev1=1 crypto rx=0x7f549c009a50 tx=0x7f549c037820 comp rx=0 tx=0).ready entity=mon.0 client_cookie=0 server_cookie=0 in_seq=0 out_seq=0
2026-02-20T01:48:29.287 INFO:teuthology.orchestra.run.trial009.stdout:/usr/bin/ceph: stderr
2026-02-20T01:48:29.160+0000 7f5487fff640 1 -- 10.20.193.9:0/1567414019 <== mon.0 v2:10.20.193.9:3300/0 1 ==== mon_map magic: 0 ==== 205+0+0 (secure 0 0 0) 0x7f549c045070 con 0x7f54a81084d0
2026-02-20T01:48:29.287 INFO:teuthology.orchestra.run.trial009.stdout:/usr/bin/ceph: stderr
2026-02-20T01:48:29.160+0000 7f5487fff640 1 -- 10.20.193.9:0/1567414019 <== mon.0 v2:10.20.193.9:3300/0 2 ==== config(28 keys) ==== 1114+0+0 (secure 0 0 0) 0x7f549c037bc0 con 0x7f54a81084d0
2026-02-20T01:48:29.287 INFO:teuthology.orchestra.run.trial009.stdout:/usr/bin/ceph: stderr
2026-02-20T01:48:29.160+0000 7f54ad4ef640 1 -- 10.20.193.9:0/1567414019 --> [v2:10.20.193.9:3300/0,v1:10.20.193.9:6789/0] -- mon_subscribe({mgrmap=0+}) -- 0x7f54a807d270 con 0x7f54a81084d0
2026-02-20T01:48:29.287 INFO:teuthology.orchestra.run.trial009.stdout:/usr/bin/ceph: stderr
2026-02-20T01:48:29.160+0000 7f5487fff640 1 -- 10.20.193.9:0/1567414019 <== mon.0 v2:10.20.193.9:3300/0 3 ==== mon_map magic: 0 ==== 205+0+0 (secure 0 0 0) 0x7f549c03c070 con 0x7f54a81084d0
2026-02-20T01:48:29.287 INFO:teuthology.orchestra.run.trial009.stdout:/usr/bin/ceph: stderr
2026-02-20T01:48:29.160+0000 7f54ad4ef640 1 -- 10.20.193.9:0/1567414019 --> [v2:10.20.193.9:3300/0,v1:10.20.193.9:6789/0] -- mon_subscribe({osdmap=0}) -- 0x7f54a807d750 con 0x7f54a81084d0
2026-02-20T01:48:29.287 INFO:teuthology.orchestra.run.trial009.stdout:/usr/bin/ceph: stderr
2026-02-20T01:48:29.160+0000 7f54ad4ef640 1 -- 10.20.193.9:0/1567414019 --> [v2:10.20.193.9:3300/0,v1:10.20.193.9:6789/0] -- mon_command({"prefix": "get_command_descriptions"} v 0) -- 0x7f54a8108950 con 0x7f54a81084d0
2026-02-20T01:48:29.288 INFO:teuthology.orchestra.run.trial009.stdout:/usr/bin/ceph: stderr
2026-02-20T01:48:29.161+0000 7f5487fff640 1 -- 10.20.193.9:0/1567414019 <== mon.0 v2:10.20.193.9:3300/0 4 ==== mgrmap(e 7) ==== 50141+0+0 (secure 0 0 0) 0x7f549c040700 con 0x7f54a81084d0
2026-02-20T01:48:29.288 INFO:teuthology.orchestra.run.trial009.stdout:/usr/bin/ceph: stderr
2026-02-20T01:48:29.161+0000 7f5487fff640 1 --2- 10.20.193.9:0/1567414019 >> [v2:10.20.193.9:6800/1829655706,v1:10.20.193.9:6801/1829655706] conn(0x7f547c03dad0 0x7f547c03ff90 unknown :-1 s=NONE pgs=0 cs=0 l=1 rev1=0 crypto rx=0 tx=0 comp rx=0 tx=0).connect
2026-02-20T01:48:29.288 INFO:teuthology.orchestra.run.trial009.stdout:/usr/bin/ceph: stderr
2026-02-20T01:48:29.161+0000 7f5487fff640 1 -- 10.20.193.9:0/1567414019 <== mon.0 v2:10.20.193.9:3300/0 5 ==== osd_map(2..2 src has 1..2) ==== 940+0+0 (secure 0 0 0) 0x7f549c076350 con 0x7f54a81084d0
2026-02-20T01:48:29.288 INFO:teuthology.orchestra.run.trial009.stdout:/usr/bin/ceph: stderr
2026-02-20T01:48:29.161+0000 7f54a67fc640 1 --2- 10.20.193.9:0/1567414019 >> [v2:10.20.193.9:6800/1829655706,v1:10.20.193.9:6801/1829655706] conn(0x7f547c03dad0 0x7f547c03ff90 unknown :-1 s=BANNER_CONNECTING pgs=0 cs=0 l=1 rev1=0 crypto rx=0 tx=0 comp rx=0 tx=0)._handle_peer_banner_payload supported=3 required=0
2026-02-20T01:48:29.288 INFO:teuthology.orchestra.run.trial009.stdout:/usr/bin/ceph: stderr
2026-02-20T01:48:29.161+0000 7f54a67fc640 1 --2- 10.20.193.9:0/1567414019 >> [v2:10.20.193.9:6800/1829655706,v1:10.20.193.9:6801/1829655706] conn(0x7f547c03dad0 0x7f547c03ff90 secure :-1 s=READY pgs=7 cs=0 l=1 rev1=1 crypto rx=0x7f54900099c0 tx=0x7f5490006eb0 comp rx=0 tx=0).ready entity=mgr.14118 client_cookie=0 server_cookie=0 in_seq=0 out_seq=0
2026-02-20T01:48:29.288 INFO:teuthology.orchestra.run.trial009.stdout:/usr/bin/ceph: stderr
2026-02-20T01:48:29.164+0000 7f5487fff640 1 -- 10.20.193.9:0/1567414019 <== mon.0 v2:10.20.193.9:3300/0 6 ==== mon_command_ack([{"prefix": "get_command_descriptions"}]=0 v0) ==== 72+0+195341 (secure 0 0 0) 0x7f549c033200 con 0x7f54a81084d0
2026-02-20T01:48:29.288 INFO:teuthology.orchestra.run.trial009.stdout:/usr/bin/ceph: stderr
2026-02-20T01:48:29.253+0000 7f54ad4ef640 1 -- 10.20.193.9:0/1567414019 --> [v2:10.20.193.9:6800/1829655706,v1:10.20.193.9:6801/1829655706] -- mgr_command(tid 0: {"prefix": "orch set backend", "module_name": "cephadm", "target": ["mon-mgr", ""]}) -- 0x7f54a8197f20 con 0x7f547c03dad0
2026-02-20T01:48:29.288 INFO:teuthology.orchestra.run.trial009.stdout:/usr/bin/ceph: stderr
2026-02-20T01:48:29.257+0000 7f5487fff640 1 -- 10.20.193.9:0/1567414019 <== mgr.14118 v2:10.20.193.9:6800/1829655706 1 ==== mgr_command_reply(tid 0: 0 ) ==== 8+0+0 (secure 0 0 0) 0x7f54a8197f20 con 0x7f547c03dad0
2026-02-20T01:48:29.288 INFO:teuthology.orchestra.run.trial009.stdout:/usr/bin/ceph: stderr
2026-02-20T01:48:29.257+0000 7f54ad4ef640 1 -- 10.20.193.9:0/1567414019 >> [v2:10.20.193.9:6800/1829655706,v1:10.20.193.9:6801/1829655706] conn(0x7f547c03dad0 msgr2=0x7f547c03ff90 secure :-1 s=STATE_CONNECTION_ESTABLISHED l=1).mark_down
2026-02-20T01:48:29.288 INFO:teuthology.orchestra.run.trial009.stdout:/usr/bin/ceph: stderr
2026-02-20T01:48:29.257+0000 7f54ad4ef640 1 --2- 10.20.193.9:0/1567414019 >> [v2:10.20.193.9:6800/1829655706,v1:10.20.193.9:6801/1829655706] conn(0x7f547c03dad0 0x7f547c03ff90 secure :-1 s=READY pgs=7 cs=0 l=1 rev1=1 crypto rx=0x7f54900099c0 tx=0x7f5490006eb0 comp rx=0 tx=0).stop
2026-02-20T01:48:29.288 INFO:teuthology.orchestra.run.trial009.stdout:/usr/bin/ceph: stderr
2026-02-20T01:48:29.257+0000 7f54ad4ef640 1 -- 10.20.193.9:0/1567414019 >> [v2:10.20.193.9:3300/0,v1:10.20.193.9:6789/0] conn(0x7f54a81084d0 msgr2=0x7f54a807eb40 secure :-1 s=STATE_CONNECTION_ESTABLISHED l=1).mark_down
2026-02-20T01:48:29.289 INFO:teuthology.orchestra.run.trial009.stdout:/usr/bin/ceph: stderr
2026-02-20T01:48:29.257+0000 7f54ad4ef640 1 --2- 10.20.193.9:0/1567414019 >> [v2:10.20.193.9:3300/0,v1:10.20.193.9:6789/0] conn(0x7f54a81084d0 0x7f54a807eb40 secure :-1 s=READY pgs=36 cs=0 l=1 rev1=1 crypto rx=0x7f549c009a50 tx=0x7f549c037820 comp rx=0 tx=0).stop
2026-02-20T01:48:29.289 INFO:teuthology.orchestra.run.trial009.stdout:/usr/bin/ceph: stderr
2026-02-20T01:48:29.257+0000 7f54ad4ef640 1 -- 10.20.193.9:0/1567414019 shutdown_connections
2026-02-20T01:48:29.289 INFO:teuthology.orchestra.run.trial009.stdout:/usr/bin/ceph: stderr
2026-02-20T01:48:29.257+0000 7f54ad4ef640 1 --2- 10.20.193.9:0/1567414019 >> [v2:10.20.193.9:6800/1829655706,v1:10.20.193.9:6801/1829655706] conn(0x7f547c03dad0 0x7f547c03ff90 unknown :-1 s=CLOSED pgs=7 cs=0 l=1 rev1=1 crypto rx=0 tx=0 comp rx=0 tx=0).stop
2026-02-20T01:48:29.289 INFO:teuthology.orchestra.run.trial009.stdout:/usr/bin/ceph: stderr
2026-02-20T01:48:29.257+0000 7f54ad4ef640 1 --2- 10.20.193.9:0/1567414019 >> [v2:10.20.193.9:3300/0,v1:10.20.193.9:6789/0] conn(0x7f54a81084d0 0x7f54a807eb40 unknown :-1 s=CLOSED pgs=36 cs=0 l=1 rev1=1 crypto rx=0 tx=0 comp rx=0 tx=0).stop
2026-02-20T01:48:29.289 INFO:teuthology.orchestra.run.trial009.stdout:/usr/bin/ceph: stderr
2026-02-20T01:48:29.257+0000 7f54ad4ef640 1 -- 10.20.193.9:0/1567414019 >> 10.20.193.9:0/1567414019 conn(0x7f54a8103c20 msgr2=0x7f54a8104910 unknown :-1 s=STATE_NONE l=0).mark_down
2026-02-20T01:48:29.289 INFO:teuthology.orchestra.run.trial009.stdout:/usr/bin/ceph: stderr
2026-02-20T01:48:29.258+0000 7f54ad4ef640 1 -- 10.20.193.9:0/1567414019 shutdown_connections
2026-02-20T01:48:29.289 INFO:teuthology.orchestra.run.trial009.stdout:/usr/bin/ceph: stderr
2026-02-20T01:48:29.258+0000 7f54ad4ef640 1 -- 10.20.193.9:0/1567414019 wait complete.
2026-02-20T01:48:29.493 INFO:teuthology.orchestra.run.trial009.stdout:/usr/bin/ceph: stdout value unchanged
2026-02-20T01:48:29.493 INFO:teuthology.orchestra.run.trial009.stdout:/usr/bin/ceph: stderr
2026-02-20T01:48:29.377+0000 7f6a4db8f640 1 Processor -- start
2026-02-20T01:48:29.493 INFO:teuthology.orchestra.run.trial009.stdout:/usr/bin/ceph: stderr
2026-02-20T01:48:29.377+0000 7f6a4db8f640 1 -- start start
2026-02-20T01:48:29.493 INFO:teuthology.orchestra.run.trial009.stdout:/usr/bin/ceph: stderr
2026-02-20T01:48:29.377+0000 7f6a4db8f640 1 --2- >> [v2:10.20.193.9:3300/0,v1:10.20.193.9:6789/0] conn(0x7f6a4810a9c0 0x7f6a4810adc0 unknown :-1 s=NONE pgs=0 cs=0 l=0 rev1=0 crypto rx=0 tx=0 comp rx=0 tx=0).connect
2026-02-20T01:48:29.493 INFO:teuthology.orchestra.run.trial009.stdout:/usr/bin/ceph: stderr
2026-02-20T01:48:29.377+0000 7f6a4db8f640 1 -- --> [v2:10.20.193.9:3300/0,v1:10.20.193.9:6789/0] -- mon_getmap magic: 0 -- 0x7f6a4810b390 con 0x7f6a4810a9c0
2026-02-20T01:48:29.493 INFO:teuthology.orchestra.run.trial009.stdout:/usr/bin/ceph: stderr
2026-02-20T01:48:29.377+0000 7f6a477fe640 1 --2- >> [v2:10.20.193.9:3300/0,v1:10.20.193.9:6789/0] conn(0x7f6a4810a9c0 0x7f6a4810adc0 unknown :-1 s=BANNER_CONNECTING pgs=0 cs=0 l=0 rev1=0 crypto rx=0 tx=0 comp rx=0 tx=0)._handle_peer_banner_payload supported=3 required=0
2026-02-20T01:48:29.493 INFO:teuthology.orchestra.run.trial009.stdout:/usr/bin/ceph: stderr
2026-02-20T01:48:29.377+0000 7f6a477fe640 1 --2- >> [v2:10.20.193.9:3300/0,v1:10.20.193.9:6789/0] conn(0x7f6a4810a9c0 0x7f6a4810adc0 unknown :-1 s=HELLO_CONNECTING pgs=0 cs=0 l=0 rev1=1 crypto rx=0 tx=0 comp rx=0 tx=0).handle_hello peer v2:10.20.193.9:3300/0 says I am v2:10.20.193.9:51622/0 (socket says 10.20.193.9:51622)
2026-02-20T01:48:29.494 INFO:teuthology.orchestra.run.trial009.stdout:/usr/bin/ceph: stderr
2026-02-20T01:48:29.377+0000 7f6a477fe640 1 -- 10.20.193.9:0/1869163882 learned_addr learned my addr 10.20.193.9:0/1869163882 (peer_addr_for_me v2:10.20.193.9:0/0)
2026-02-20T01:48:29.494 INFO:teuthology.orchestra.run.trial009.stdout:/usr/bin/ceph: stderr
2026-02-20T01:48:29.377+0000 7f6a477fe640 1 -- 10.20.193.9:0/1869163882 --> [v2:10.20.193.9:3300/0,v1:10.20.193.9:6789/0] -- mon_subscribe({config=0+,monmap=0+}) -- 0x7f6a4810b8e0 con 0x7f6a4810a9c0
2026-02-20T01:48:29.494 INFO:teuthology.orchestra.run.trial009.stdout:/usr/bin/ceph: stderr
2026-02-20T01:48:29.378+0000 7f6a477fe640 1 --2- 10.20.193.9:0/1869163882 >> [v2:10.20.193.9:3300/0,v1:10.20.193.9:6789/0] conn(0x7f6a4810a9c0 0x7f6a4810adc0 secure :-1 s=READY pgs=37 cs=0 l=1 rev1=1 crypto rx=0x7f6a34009920 tx=0x7f6a3402ef20 comp rx=0 tx=0).ready entity=mon.0 client_cookie=98ec21e3099b5d05 server_cookie=0 in_seq=0 out_seq=0
2026-02-20T01:48:29.494 INFO:teuthology.orchestra.run.trial009.stdout:/usr/bin/ceph: stderr
2026-02-20T01:48:29.378+0000 7f6a467fc640 1 -- 10.20.193.9:0/1869163882 <== mon.0 v2:10.20.193.9:3300/0 1 ==== mon_map magic: 0 ==== 205+0+0 (secure 0 0 0) 0x7f6a3403c070 con 0x7f6a4810a9c0
2026-02-20T01:48:29.494 INFO:teuthology.orchestra.run.trial009.stdout:/usr/bin/ceph: stderr
2026-02-20T01:48:29.378+0000 7f6a467fc640 1 -- 10.20.193.9:0/1869163882 <== mon.0 v2:10.20.193.9:3300/0 2 ==== config(28 keys) ==== 1114+0+0 (secure 0 0 0) 0x7f6a34037440 con 0x7f6a4810a9c0
2026-02-20T01:48:29.494 INFO:teuthology.orchestra.run.trial009.stdout:/usr/bin/ceph: stderr
2026-02-20T01:48:29.378+0000 7f6a467fc640 1 -- 10.20.193.9:0/1869163882 <== mon.0 v2:10.20.193.9:3300/0 3 ==== mon_map magic: 0 ==== 205+0+0 (secure 0 0 0) 0x7f6a340355e0 con 0x7f6a4810a9c0
2026-02-20T01:48:29.494 INFO:teuthology.orchestra.run.trial009.stdout:/usr/bin/ceph: stderr
2026-02-20T01:48:29.378+0000 7f6a4db8f640 1 -- 10.20.193.9:0/1869163882 >> [v2:10.20.193.9:3300/0,v1:10.20.193.9:6789/0] conn(0x7f6a4810a9c0 msgr2=0x7f6a4810adc0 secure :-1 s=STATE_CONNECTION_ESTABLISHED l=1).mark_down
2026-02-20T01:48:29.494 INFO:teuthology.orchestra.run.trial009.stdout:/usr/bin/ceph: stderr
2026-02-20T01:48:29.378+0000 7f6a4db8f640 1 --2- 10.20.193.9:0/1869163882 >> [v2:10.20.193.9:3300/0,v1:10.20.193.9:6789/0] conn(0x7f6a4810a9c0 0x7f6a4810adc0 secure :-1 s=READY pgs=37 cs=0 l=1 rev1=1 crypto rx=0x7f6a34009920 tx=0x7f6a3402ef20 comp rx=0 tx=0).stop
2026-02-20T01:48:29.494 INFO:teuthology.orchestra.run.trial009.stdout:/usr/bin/ceph: stderr
2026-02-20T01:48:29.378+0000 7f6a4db8f640 1 -- 10.20.193.9:0/1869163882 shutdown_connections
2026-02-20T01:48:29.494 INFO:teuthology.orchestra.run.trial009.stdout:/usr/bin/ceph: stderr
2026-02-20T01:48:29.378+0000 7f6a4db8f640 1 --2- 10.20.193.9:0/1869163882 >> [v2:10.20.193.9:3300/0,v1:10.20.193.9:6789/0] conn(0x7f6a4810a9c0 0x7f6a4810adc0 unknown :-1 s=CLOSED pgs=37 cs=0 l=1 rev1=1 crypto rx=0 tx=0 comp rx=0 tx=0).stop
2026-02-20T01:48:29.494 INFO:teuthology.orchestra.run.trial009.stdout:/usr/bin/ceph: stderr
2026-02-20T01:48:29.378+0000 7f6a4db8f640 1 -- 10.20.193.9:0/1869163882 >> 10.20.193.9:0/1869163882 conn(0x7f6a4807dbb0 msgr2=0x7f6a4807e020 unknown :-1 s=STATE_NONE l=0).mark_down
2026-02-20T01:48:29.495 INFO:teuthology.orchestra.run.trial009.stdout:/usr/bin/ceph: stderr
2026-02-20T01:48:29.378+0000 7f6a4db8f640 1 -- 10.20.193.9:0/1869163882 shutdown_connections
2026-02-20T01:48:29.495 INFO:teuthology.orchestra.run.trial009.stdout:/usr/bin/ceph: stderr
2026-02-20T01:48:29.378+0000 7f6a4db8f640 1 -- 10.20.193.9:0/1869163882 wait complete.
2026-02-20T01:48:29.495 INFO:teuthology.orchestra.run.trial009.stdout:/usr/bin/ceph: stderr
2026-02-20T01:48:29.379+0000 7f6a4db8f640 1 Processor -- start
2026-02-20T01:48:29.495 INFO:teuthology.orchestra.run.trial009.stdout:/usr/bin/ceph: stderr
2026-02-20T01:48:29.379+0000 7f6a4db8f640 1 -- start start
2026-02-20T01:48:29.495 INFO:teuthology.orchestra.run.trial009.stdout:/usr/bin/ceph: stderr
2026-02-20T01:48:29.379+0000 7f6a4db8f640 1 --2- >> [v2:10.20.193.9:3300/0,v1:10.20.193.9:6789/0] conn(0x7f6a4810a9c0 0x7f6a481a0990 unknown :-1 s=NONE pgs=0 cs=0 l=1 rev1=0 crypto rx=0 tx=0 comp rx=0 tx=0).connect
2026-02-20T01:48:29.495 INFO:teuthology.orchestra.run.trial009.stdout:/usr/bin/ceph: stderr
2026-02-20T01:48:29.379+0000 7f6a4db8f640 1 -- --> [v2:10.20.193.9:3300/0,v1:10.20.193.9:6789/0] -- mon_getmap magic: 0 -- 0x7f6a4810c770 con 0x7f6a4810a9c0
2026-02-20T01:48:29.495 INFO:teuthology.orchestra.run.trial009.stdout:/usr/bin/ceph: stderr
2026-02-20T01:48:29.379+0000 7f6a477fe640 1 --2- >> [v2:10.20.193.9:3300/0,v1:10.20.193.9:6789/0] conn(0x7f6a4810a9c0 0x7f6a481a0990 unknown :-1 s=BANNER_CONNECTING pgs=0 cs=0 l=1 rev1=0 crypto rx=0 tx=0 comp rx=0 tx=0)._handle_peer_banner_payload supported=3 required=0
2026-02-20T01:48:29.495 INFO:teuthology.orchestra.run.trial009.stdout:/usr/bin/ceph: stderr
2026-02-20T01:48:29.379+0000 7f6a477fe640 1 --2- >> [v2:10.20.193.9:3300/0,v1:10.20.193.9:6789/0] conn(0x7f6a4810a9c0 0x7f6a481a0990 unknown :-1 s=HELLO_CONNECTING pgs=0 cs=0 l=1 rev1=1 crypto rx=0 tx=0 comp rx=0 tx=0).handle_hello peer v2:10.20.193.9:3300/0 says I am v2:10.20.193.9:51638/0 (socket says 10.20.193.9:51638)
2026-02-20T01:48:29.495 INFO:teuthology.orchestra.run.trial009.stdout:/usr/bin/ceph: stderr
2026-02-20T01:48:29.379+0000 7f6a477fe640 1 -- 10.20.193.9:0/1680875030 learned_addr learned my addr 10.20.193.9:0/1680875030 (peer_addr_for_me v2:10.20.193.9:0/0)
2026-02-20T01:48:29.495 INFO:teuthology.orchestra.run.trial009.stdout:/usr/bin/ceph: stderr
2026-02-20T01:48:29.379+0000 7f6a477fe640 1 -- 10.20.193.9:0/1680875030 --> [v2:10.20.193.9:3300/0,v1:10.20.193.9:6789/0] -- mon_subscribe({config=0+,monmap=0+}) -- 0x7f6a481a0ed0 con 0x7f6a4810a9c0
2026-02-20T01:48:29.495 INFO:teuthology.orchestra.run.trial009.stdout:/usr/bin/ceph: stderr
2026-02-20T01:48:29.379+0000 7f6a477fe640 1 --2- 10.20.193.9:0/1680875030 >> [v2:10.20.193.9:3300/0,v1:10.20.193.9:6789/0] conn(0x7f6a4810a9c0 0x7f6a481a0990 secure :-1 s=READY pgs=38 cs=0 l=1 rev1=1 crypto rx=0x7f6a34006fd0 tx=0x7f6a34037820 comp rx=0 tx=0).ready entity=mon.0 client_cookie=0 server_cookie=0 in_seq=0 out_seq=0
2026-02-20T01:48:29.495 INFO:teuthology.orchestra.run.trial009.stdout:/usr/bin/ceph: stderr
2026-02-20T01:48:29.379+0000 7f6a44ff9640 1 -- 10.20.193.9:0/1680875030 <== mon.0 v2:10.20.193.9:3300/0 1 ==== mon_map magic: 0 ==== 205+0+0 (secure 0 0 0) 0x7f6a34045070 con 0x7f6a4810a9c0
2026-02-20T01:48:29.496 INFO:teuthology.orchestra.run.trial009.stdout:/usr/bin/ceph: stderr
2026-02-20T01:48:29.379+0000 7f6a44ff9640 1 -- 10.20.193.9:0/1680875030 <== mon.0 v2:10.20.193.9:3300/0 2 ==== config(28 keys) ==== 1114+0+0 (secure 0 0 0) 0x7f6a34040450 con 0x7f6a4810a9c0
2026-02-20T01:48:29.496 INFO:teuthology.orchestra.run.trial009.stdout:/usr/bin/ceph: stderr
2026-02-20T01:48:29.379+0000 7f6a4db8f640 1 -- 10.20.193.9:0/1680875030 --> [v2:10.20.193.9:3300/0,v1:10.20.193.9:6789/0] -- mon_subscribe({mgrmap=0+}) -- 0x7f6a481a1160 con 0x7f6a4810a9c0
2026-02-20T01:48:29.496 INFO:teuthology.orchestra.run.trial009.stdout:/usr/bin/ceph: stderr
2026-02-20T01:48:29.379+0000 7f6a44ff9640 1 -- 10.20.193.9:0/1680875030 <== mon.0 v2:10.20.193.9:3300/0 3 ==== mon_map magic: 0 ==== 205+0+0 (secure 0 0 0) 0x7f6a3403c070 con 0x7f6a4810a9c0
2026-02-20T01:48:29.496 INFO:teuthology.orchestra.run.trial009.stdout:/usr/bin/ceph: stderr
2026-02-20T01:48:29.379+0000 7f6a4db8f640 1 -- 10.20.193.9:0/1680875030 --> [v2:10.20.193.9:3300/0,v1:10.20.193.9:6789/0] -- mon_subscribe({osdmap=0}) -- 0x7f6a481a3e50 con 0x7f6a4810a9c0
2026-02-20T01:48:29.496 INFO:teuthology.orchestra.run.trial009.stdout:/usr/bin/ceph: stderr
2026-02-20T01:48:29.380+0000 7f6a4db8f640 1 -- 10.20.193.9:0/1680875030 --> [v2:10.20.193.9:3300/0,v1:10.20.193.9:6789/0] -- mon_command({"prefix": "get_command_descriptions"} v 0) -- 0x7f6a4810ae40 con 0x7f6a4810a9c0
2026-02-20T01:48:29.496 INFO:teuthology.orchestra.run.trial009.stdout:/usr/bin/ceph: stderr
2026-02-20T01:48:29.380+0000 7f6a44ff9640 1 -- 10.20.193.9:0/1680875030 <== mon.0 v2:10.20.193.9:3300/0 4 ==== mgrmap(e 7) ==== 50141+0+0 (secure 0 0 0) 0x7f6a34040600 con 0x7f6a4810a9c0
2026-02-20T01:48:29.496 INFO:teuthology.orchestra.run.trial009.stdout:/usr/bin/ceph: stderr
2026-02-20T01:48:29.380+0000 7f6a44ff9640 1 --2- 10.20.193.9:0/1680875030 >> [v2:10.20.193.9:6800/1829655706,v1:10.20.193.9:6801/1829655706] conn(0x7f6a1c03da80 0x7f6a1c03ff40 unknown :-1 s=NONE pgs=0 cs=0 l=1 rev1=0 crypto rx=0 tx=0 comp rx=0 tx=0).connect
2026-02-20T01:48:29.496 INFO:teuthology.orchestra.run.trial009.stdout:/usr/bin/ceph: stderr
2026-02-20T01:48:29.380+0000 7f6a44ff9640 1 -- 10.20.193.9:0/1680875030 <== mon.0 v2:10.20.193.9:3300/0 5 ==== osd_map(2..2 src has 1..2) ==== 940+0+0 (secure 0 0 0) 0x7f6a34076520 con 0x7f6a4810a9c0
2026-02-20T01:48:29.496 INFO:teuthology.orchestra.run.trial009.stdout:/usr/bin/ceph: stderr
2026-02-20T01:48:29.380+0000 7f6a46ffd640 1 --2- 10.20.193.9:0/1680875030 >> [v2:10.20.193.9:6800/1829655706,v1:10.20.193.9:6801/1829655706] conn(0x7f6a1c03da80 0x7f6a1c03ff40 unknown :-1 s=BANNER_CONNECTING pgs=0 cs=0 l=1 rev1=0 crypto rx=0 tx=0 comp rx=0 tx=0)._handle_peer_banner_payload supported=3 required=0
2026-02-20T01:48:29.496 INFO:teuthology.orchestra.run.trial009.stdout:/usr/bin/ceph: stderr
2026-02-20T01:48:29.380+0000 7f6a46ffd640 1 --2- 10.20.193.9:0/1680875030 >> [v2:10.20.193.9:6800/1829655706,v1:10.20.193.9:6801/1829655706] conn(0x7f6a1c03da80 0x7f6a1c03ff40 secure :-1 s=READY pgs=8 cs=0 l=1 rev1=1 crypto rx=0x7f6a380099c0 tx=0x7f6a38006eb0 comp rx=0 tx=0).ready entity=mgr.14118 client_cookie=0 server_cookie=0 in_seq=0 out_seq=0
2026-02-20T01:48:29.496 INFO:teuthology.orchestra.run.trial009.stdout:/usr/bin/ceph: stderr
2026-02-20T01:48:29.383+0000 7f6a44ff9640 1 -- 10.20.193.9:0/1680875030 <== mon.0 v2:10.20.193.9:3300/0 6 ==== mon_command_ack([{"prefix": "get_command_descriptions"}]=0 v0) ==== 72+0+195341 (secure 0 0 0) 0x7f6a3404d120 con 0x7f6a4810a9c0
2026-02-20T01:48:29.496 INFO:teuthology.orchestra.run.trial009.stdout:/usr/bin/ceph: stderr
2026-02-20T01:48:29.465+0000 7f6a4db8f640 1 -- 10.20.193.9:0/1680875030 --> [v2:10.20.193.9:6800/1829655706,v1:10.20.193.9:6801/1829655706] -- mgr_command(tid 0: {"prefix": "cephadm set-user", "user": "root", "target": ["mon-mgr", ""]}) -- 0x7f6a4819a160 con 0x7f6a1c03da80
2026-02-20T01:48:29.497 INFO:teuthology.orchestra.run.trial009.stdout:/usr/bin/ceph: stderr
2026-02-20T01:48:29.466+0000 7f6a44ff9640 1 -- 10.20.193.9:0/1680875030 <== mgr.14118 v2:10.20.193.9:6800/1829655706 1 ==== mgr_command_reply(tid 0: 0 ) ==== 8+0+16 (secure 0 0 0) 0x7f6a4819a160 con 0x7f6a1c03da80
2026-02-20T01:48:29.497 INFO:teuthology.orchestra.run.trial009.stdout:/usr/bin/ceph: stderr
2026-02-20T01:48:29.466+0000 7f6a4db8f640 1 -- 10.20.193.9:0/1680875030 >> [v2:10.20.193.9:6800/1829655706,v1:10.20.193.9:6801/1829655706] conn(0x7f6a1c03da80 msgr2=0x7f6a1c03ff40 secure :-1 s=STATE_CONNECTION_ESTABLISHED l=1).mark_down
2026-02-20T01:48:29.497 INFO:teuthology.orchestra.run.trial009.stdout:/usr/bin/ceph: stderr
2026-02-20T01:48:29.466+0000 7f6a4db8f640 1 --2- 10.20.193.9:0/1680875030 >> [v2:10.20.193.9:6800/1829655706,v1:10.20.193.9:6801/1829655706] conn(0x7f6a1c03da80 0x7f6a1c03ff40 secure :-1 s=READY pgs=8 cs=0 l=1 rev1=1 crypto rx=0x7f6a380099c0 tx=0x7f6a38006eb0 comp rx=0 tx=0).stop
2026-02-20T01:48:29.497 INFO:teuthology.orchestra.run.trial009.stdout:/usr/bin/ceph: stderr
2026-02-20T01:48:29.466+0000 7f6a4db8f640 1 -- 10.20.193.9:0/1680875030 >> [v2:10.20.193.9:3300/0,v1:10.20.193.9:6789/0] conn(0x7f6a4810a9c0 msgr2=0x7f6a481a0990 secure :-1 s=STATE_CONNECTION_ESTABLISHED l=1).mark_down
2026-02-20T01:48:29.497 INFO:teuthology.orchestra.run.trial009.stdout:/usr/bin/ceph: stderr
2026-02-20T01:48:29.466+0000 7f6a4db8f640 1 --2- 10.20.193.9:0/1680875030 >> [v2:10.20.193.9:3300/0,v1:10.20.193.9:6789/0] conn(0x7f6a4810a9c0 0x7f6a481a0990 secure :-1 s=READY pgs=38 cs=0 l=1 rev1=1 crypto rx=0x7f6a34006fd0 tx=0x7f6a34037820 comp rx=0 tx=0).stop
2026-02-20T01:48:29.497 INFO:teuthology.orchestra.run.trial009.stdout:/usr/bin/ceph: stderr
2026-02-20T01:48:29.466+0000 7f6a4db8f640 1 -- 10.20.193.9:0/1680875030 shutdown_connections
2026-02-20T01:48:29.497 INFO:teuthology.orchestra.run.trial009.stdout:/usr/bin/ceph: stderr
2026-02-20T01:48:29.466+0000 7f6a4db8f640 1 --2- 10.20.193.9:0/1680875030 >> [v2:10.20.193.9:6800/1829655706,v1:10.20.193.9:6801/1829655706] conn(0x7f6a1c03da80 0x7f6a1c03ff40 unknown :-1 s=CLOSED pgs=8 cs=0 l=1 rev1=1 crypto rx=0 tx=0 comp rx=0 tx=0).stop
2026-02-20T01:48:29.497 INFO:teuthology.orchestra.run.trial009.stdout:/usr/bin/ceph: stderr
2026-02-20T01:48:29.466+0000 7f6a4db8f640 1 --2- 10.20.193.9:0/1680875030 >> [v2:10.20.193.9:3300/0,v1:10.20.193.9:6789/0] conn(0x7f6a4810a9c0 0x7f6a481a0990 unknown :-1 s=CLOSED pgs=38 cs=0 l=1 rev1=1 crypto rx=0 tx=0 comp rx=0 tx=0).stop
2026-02-20T01:48:29.497 INFO:teuthology.orchestra.run.trial009.stdout:/usr/bin/ceph: stderr
2026-02-20T01:48:29.466+0000 7f6a4db8f640 1 -- 10.20.193.9:0/1680875030 >> 10.20.193.9:0/1680875030 conn(0x7f6a4807dbb0 msgr2=0x7f6a481087c0 unknown :-1 s=STATE_NONE l=0).mark_down
2026-02-20T01:48:29.497 INFO:teuthology.orchestra.run.trial009.stdout:/usr/bin/ceph: stderr
2026-02-20T01:48:29.466+0000 7f6a4db8f640 1 -- 10.20.193.9:0/1680875030 shutdown_connections
2026-02-20T01:48:29.497 INFO:teuthology.orchestra.run.trial009.stdout:/usr/bin/ceph: stderr
2026-02-20T01:48:29.466+0000 7f6a4db8f640 1 -- 10.20.193.9:0/1680875030 wait complete.
2026-02-20T01:48:29.497 INFO:teuthology.orchestra.run.trial009.stdout:Generating ssh key...
2026-02-20T01:48:29.581 INFO:journalctl@ceph.mon.a.trial009.stdout:Feb 20 01:48:29 trial009 ceph-mon[40853]: Found migration_current of "None". Setting to last migration.
2026-02-20T01:48:29.581 INFO:journalctl@ceph.mon.a.trial009.stdout:Feb 20 01:48:29 trial009 ceph-mon[40853]: from='mgr.14118 10.20.193.9:0/635114736' entity='mgr.x'
2026-02-20T01:48:29.581 INFO:journalctl@ceph.mon.a.trial009.stdout:Feb 20 01:48:29 trial009 ceph-mon[40853]: from='mgr.14118 10.20.193.9:0/635114736' entity='mgr.x'
2026-02-20T01:48:29.581 INFO:journalctl@ceph.mon.a.trial009.stdout:Feb 20 01:48:29 trial009 ceph-mon[40853]: mgrmap e7: x(active, since 1.00507s)
2026-02-20T01:48:29.582 INFO:journalctl@ceph.mon.a.trial009.stdout:Feb 20 01:48:29 trial009 ceph-mon[40853]: from='mgr.14118 10.20.193.9:0/635114736' entity='mgr.x' cmd=[{"prefix": "config dump", "format": "json"}]: dispatch
2026-02-20T01:48:29.582 INFO:journalctl@ceph.mon.a.trial009.stdout:Feb 20 01:48:29 trial009 ceph-mon[40853]: from='mgr.14118 10.20.193.9:0/635114736' entity='mgr.x'
2026-02-20T01:48:29.582 INFO:journalctl@ceph.mon.a.trial009.stdout:Feb 20 01:48:29 trial009 ceph-mon[40853]: from='mgr.14118 10.20.193.9:0/635114736' entity='mgr.x' cmd=[{"prefix": "config dump", "format": "json"}]: dispatch
2026-02-20T01:48:29.716 INFO:teuthology.orchestra.run.trial009.stdout:/usr/bin/ceph: stderr
2026-02-20T01:48:29.578+0000 7f3fd0ff3640 1 Processor -- start
2026-02-20T01:48:29.716 INFO:teuthology.orchestra.run.trial009.stdout:/usr/bin/ceph: stderr
2026-02-20T01:48:29.578+0000 7f3fd0ff3640 1 -- start start
2026-02-20T01:48:29.716 INFO:teuthology.orchestra.run.trial009.stdout:/usr/bin/ceph: stderr
2026-02-20T01:48:29.578+0000 7f3fd0ff3640 1 --2- >> [v2:10.20.193.9:3300/0,v1:10.20.193.9:6789/0] conn(0x7f3fcc10aaa0 0x7f3fcc10aea0 unknown :-1 s=NONE pgs=0 cs=0 l=0 rev1=0 crypto rx=0 tx=0 comp rx=0 tx=0).connect
2026-02-20T01:48:29.716 INFO:teuthology.orchestra.run.trial009.stdout:/usr/bin/ceph: stderr
2026-02-20T01:48:29.578+0000 7f3fd0ff3640 1 -- --> [v2:10.20.193.9:3300/0,v1:10.20.193.9:6789/0] -- mon_getmap magic: 0 -- 0x7f3fcc10b470 con 0x7f3fcc10aaa0
2026-02-20T01:48:29.717 INFO:teuthology.orchestra.run.trial009.stdout:/usr/bin/ceph: stderr
2026-02-20T01:48:29.578+0000 7f3fca575640 1 --2- >> [v2:10.20.193.9:3300/0,v1:10.20.193.9:6789/0] conn(0x7f3fcc10aaa0 0x7f3fcc10aea0 unknown :-1 s=BANNER_CONNECTING pgs=0 cs=0 l=0 rev1=0 crypto rx=0 tx=0 comp rx=0 tx=0)._handle_peer_banner_payload supported=3 required=0
2026-02-20T01:48:29.717 INFO:teuthology.orchestra.run.trial009.stdout:/usr/bin/ceph: stderr
2026-02-20T01:48:29.578+0000 7f3fca575640 1 --2- >> [v2:10.20.193.9:3300/0,v1:10.20.193.9:6789/0] conn(0x7f3fcc10aaa0 0x7f3fcc10aea0 unknown :-1 s=HELLO_CONNECTING pgs=0 cs=0 l=0 rev1=1 crypto rx=0 tx=0 comp rx=0 tx=0).handle_hello peer v2:10.20.193.9:3300/0 says I am v2:10.20.193.9:51644/0 (socket says 10.20.193.9:51644)
2026-02-20T01:48:29.717 INFO:teuthology.orchestra.run.trial009.stdout:/usr/bin/ceph: stderr
2026-02-20T01:48:29.578+0000 7f3fca575640 1 -- 10.20.193.9:0/2971262265 learned_addr learned my addr 10.20.193.9:0/2971262265 (peer_addr_for_me v2:10.20.193.9:0/0)
2026-02-20T01:48:29.717 INFO:teuthology.orchestra.run.trial009.stdout:/usr/bin/ceph: stderr
2026-02-20T01:48:29.578+0000 7f3fca575640 1 -- 10.20.193.9:0/2971262265 --> [v2:10.20.193.9:3300/0,v1:10.20.193.9:6789/0] -- mon_subscribe({config=0+,monmap=0+}) -- 0x7f3fcc10b940 con 0x7f3fcc10aaa0
2026-02-20T01:48:29.717 INFO:teuthology.orchestra.run.trial009.stdout:/usr/bin/ceph: stderr
2026-02-20T01:48:29.579+0000 7f3fca575640 1 --2- 10.20.193.9:0/2971262265 >> [v2:10.20.193.9:3300/0,v1:10.20.193.9:6789/0] conn(0x7f3fcc10aaa0 0x7f3fcc10aea0 secure :-1 s=READY pgs=39 cs=0 l=1 rev1=1 crypto rx=0x7f3fc0009920 tx=0x7f3fc002ef20 comp rx=0 tx=0).ready entity=mon.0 client_cookie=b9263c9f1615ae11 server_cookie=0 in_seq=0 out_seq=0
2026-02-20T01:48:29.717 INFO:teuthology.orchestra.run.trial009.stdout:/usr/bin/ceph: stderr
2026-02-20T01:48:29.579+0000 7f3fc9573640 1 -- 10.20.193.9:0/2971262265 <== mon.0 v2:10.20.193.9:3300/0 1 ==== mon_map magic: 0 ==== 205+0+0 (secure 0 0 0) 0x7f3fc003c070 con 0x7f3fcc10aaa0
2026-02-20T01:48:29.717 INFO:teuthology.orchestra.run.trial009.stdout:/usr/bin/ceph: stderr
2026-02-20T01:48:29.579+0000 7f3fc9573640 1 -- 10.20.193.9:0/2971262265 <== mon.0 v2:10.20.193.9:3300/0 2 ==== config(28 keys) ==== 1114+0+0 (secure 0 0 0) 0x7f3fc0037440 con 0x7f3fcc10aaa0
2026-02-20T01:48:29.717 INFO:teuthology.orchestra.run.trial009.stdout:/usr/bin/ceph: stderr
2026-02-20T01:48:29.579+0000 7f3fc9573640 1 -- 10.20.193.9:0/2971262265 <== mon.0 v2:10.20.193.9:3300/0 3 ==== mon_map magic: 0 ==== 205+0+0 (secure 0 0 0) 0x7f3fc00355e0 con 0x7f3fcc10aaa0
2026-02-20T01:48:29.717 INFO:teuthology.orchestra.run.trial009.stdout:/usr/bin/ceph: stderr
2026-02-20T01:48:29.579+0000 7f3fd0ff3640 1 -- 10.20.193.9:0/2971262265 >> [v2:10.20.193.9:3300/0,v1:10.20.193.9:6789/0] conn(0x7f3fcc10aaa0 msgr2=0x7f3fcc10aea0 secure :-1 s=STATE_CONNECTION_ESTABLISHED l=1).mark_down
2026-02-20T01:48:29.717 INFO:teuthology.orchestra.run.trial009.stdout:/usr/bin/ceph: stderr
2026-02-20T01:48:29.579+0000 7f3fd0ff3640 1 --2- 10.20.193.9:0/2971262265 >> [v2:10.20.193.9:3300/0,v1:10.20.193.9:6789/0] conn(0x7f3fcc10aaa0 0x7f3fcc10aea0 secure :-1 s=READY pgs=39 cs=0 l=1 rev1=1 crypto rx=0x7f3fc0009920 tx=0x7f3fc002ef20 comp rx=0 tx=0).stop
2026-02-20T01:48:29.717 INFO:teuthology.orchestra.run.trial009.stdout:/usr/bin/ceph: stderr
2026-02-20T01:48:29.579+0000 7f3fd0ff3640 1 -- 10.20.193.9:0/2971262265 shutdown_connections
2026-02-20T01:48:29.718 INFO:teuthology.orchestra.run.trial009.stdout:/usr/bin/ceph: stderr
2026-02-20T01:48:29.579+0000 7f3fd0ff3640 1 --2- 10.20.193.9:0/2971262265 >> [v2:10.20.193.9:3300/0,v1:10.20.193.9:6789/0] conn(0x7f3fcc10aaa0 0x7f3fcc10aea0 unknown :-1 s=CLOSED pgs=39 cs=0 l=1 rev1=1 crypto rx=0 tx=0 comp rx=0 tx=0).stop
2026-02-20T01:48:29.718 INFO:teuthology.orchestra.run.trial009.stdout:/usr/bin/ceph: stderr
2026-02-20T01:48:29.579+0000 7f3fd0ff3640 1 -- 10.20.193.9:0/2971262265 >> 10.20.193.9:0/2971262265 conn(0x7f3fcc07dbe0 msgr2=0x7f3fcc07e030 unknown :-1 s=STATE_NONE l=0).mark_down
2026-02-20T01:48:29.718 INFO:teuthology.orchestra.run.trial009.stdout:/usr/bin/ceph: stderr
2026-02-20T01:48:29.579+0000 7f3fd0ff3640 1 -- 10.20.193.9:0/2971262265 shutdown_connections
2026-02-20T01:48:29.718 INFO:teuthology.orchestra.run.trial009.stdout:/usr/bin/ceph: stderr
2026-02-20T01:48:29.579+0000 7f3fd0ff3640 1 -- 10.20.193.9:0/2971262265 wait complete.
2026-02-20T01:48:29.718 INFO:teuthology.orchestra.run.trial009.stdout:/usr/bin/ceph: stderr
2026-02-20T01:48:29.579+0000 7f3fd0ff3640 1 Processor -- start
2026-02-20T01:48:29.718 INFO:teuthology.orchestra.run.trial009.stdout:/usr/bin/ceph: stderr
2026-02-20T01:48:29.579+0000 7f3fd0ff3640 1 -- start start
2026-02-20T01:48:29.718 INFO:teuthology.orchestra.run.trial009.stdout:/usr/bin/ceph: stderr
2026-02-20T01:48:29.580+0000 7f3fd0ff3640 1 --2- >> [v2:10.20.193.9:3300/0,v1:10.20.193.9:6789/0] conn(0x7f3fcc10aaa0 0x7f3fcc1a0990 unknown :-1 s=NONE pgs=0 cs=0 l=1 rev1=0 crypto rx=0 tx=0 comp rx=0 tx=0).connect
2026-02-20T01:48:29.718 INFO:teuthology.orchestra.run.trial009.stdout:/usr/bin/ceph: stderr
2026-02-20T01:48:29.580+0000 7f3fd0ff3640 1 -- --> [v2:10.20.193.9:3300/0,v1:10.20.193.9:6789/0] -- mon_getmap magic: 0 -- 0x7f3fcc10ecf0 con 0x7f3fcc10aaa0
2026-02-20T01:48:29.718 INFO:teuthology.orchestra.run.trial009.stdout:/usr/bin/ceph: stderr
2026-02-20T01:48:29.580+0000 7f3fca575640 1 --2- >> [v2:10.20.193.9:3300/0,v1:10.20.193.9:6789/0] conn(0x7f3fcc10aaa0 0x7f3fcc1a0990 unknown :-1 s=BANNER_CONNECTING pgs=0 cs=0 l=1 rev1=0 crypto rx=0 tx=0 comp rx=0 tx=0)._handle_peer_banner_payload supported=3 required=0
2026-02-20T01:48:29.718 INFO:teuthology.orchestra.run.trial009.stdout:/usr/bin/ceph: stderr
