2026-02-20T02:02:04.286 INFO:journalctl@ceph.mgr.x.trial076.stdout:Feb 20 02:02:04 trial076 ceph-137031dd-0e00-11f1-b09f-d404e6e7d460-mgr-x[41121]:
2026-02-20T02:02:04.283+0000 7fa9540d1140 -1 mgr[py] Module osd_perf_query has missing NOTIFY_TYPES member
2026-02-20T02:02:04.585 INFO:journalctl@ceph.mgr.x.trial076.stdout:Feb 20 02:02:04 trial076 ceph-137031dd-0e00-11f1-b09f-d404e6e7d460-mgr-x[41121]:
2026-02-20T02:02:04.318+0000 7fa9540d1140 -1 mgr[py] Module crash has missing NOTIFY_TYPES member
2026-02-20T02:02:04.585 INFO:journalctl@ceph.mgr.x.trial076.stdout:Feb 20 02:02:04 trial076 ceph-137031dd-0e00-11f1-b09f-d404e6e7d460-mgr-x[41121]:
2026-02-20T02:02:04.348+0000 7fa9540d1140 -1 mgr[py] Module progress has missing NOTIFY_TYPES member
2026-02-20T02:02:04.841 INFO:journalctl@ceph.mgr.x.trial076.stdout:Feb 20 02:02:04 trial076 ceph-137031dd-0e00-11f1-b09f-d404e6e7d460-mgr-x[41121]:
2026-02-20T02:02:04.583+0000 7fa9540d1140 -1 mgr[py] Module rook has missing NOTIFY_TYPES member
2026-02-20T02:02:04.841 INFO:journalctl@ceph.mgr.x.trial076.stdout:Feb 20 02:02:04 trial076 ceph-137031dd-0e00-11f1-b09f-d404e6e7d460-mgr-x[41121]:
2026-02-20T02:02:04.683+0000 7fa9540d1140 -1 mgr[py] Module nfs has missing NOTIFY_TYPES member
2026-02-20T02:02:04.841 INFO:journalctl@ceph.mgr.x.trial076.stdout:Feb 20 02:02:04 trial076 ceph-137031dd-0e00-11f1-b09f-d404e6e7d460-mgr-x[41121]:
2026-02-20T02:02:04.714+0000 7fa9540d1140 -1 mgr[py] Module telegraf has missing NOTIFY_TYPES member
2026-02-20T02:02:04.841 INFO:journalctl@ceph.mgr.x.trial076.stdout:Feb 20 02:02:04 trial076 ceph-137031dd-0e00-11f1-b09f-d404e6e7d460-mgr-x[41121]:
2026-02-20T02:02:04.745+0000 7fa9540d1140 -1 mgr[py] Module selftest has missing NOTIFY_TYPES member
2026-02-20T02:02:04.841 INFO:journalctl@ceph.mgr.x.trial076.stdout:Feb 20 02:02:04 trial076 ceph-137031dd-0e00-11f1-b09f-d404e6e7d460-mgr-x[41121]:
2026-02-20T02:02:04.839+0000 7fa9540d1140 -1 mgr[py] Module test_orchestrator has missing NOTIFY_TYPES member
2026-02-20T02:02:05.116 INFO:journalctl@ceph.mgr.x.trial076.stdout:Feb 20 02:02:04 trial076 ceph-137031dd-0e00-11f1-b09f-d404e6e7d460-mgr-x[41121]:
2026-02-20T02:02:04.868+0000 7fa9540d1140 -1 mgr[py] Module osd_support has missing NOTIFY_TYPES member
2026-02-20T02:02:05.116 INFO:journalctl@ceph.mgr.x.trial076.stdout:Feb 20 02:02:04 trial076 ceph-137031dd-0e00-11f1-b09f-d404e6e7d460-mgr-x[41121]:
2026-02-20T02:02:04.961+0000 7fa9540d1140 -1 mgr[py] Module orchestrator has missing NOTIFY_TYPES member
2026-02-20T02:02:05.860 INFO:journalctl@ceph.mgr.x.trial076.stdout:Feb 20 02:02:05 trial076 ceph-137031dd-0e00-11f1-b09f-d404e6e7d460-mgr-x[41121]:
2026-02-20T02:02:05.426+0000 7fa9540d1140 -1 mgr[py] Module volumes has missing NOTIFY_TYPES member
2026-02-20T02:02:05.860 INFO:journalctl@ceph.mgr.x.trial076.stdout:Feb 20 02:02:05 trial076 ceph-137031dd-0e00-11f1-b09f-d404e6e7d460-mgr-x[41121]:
2026-02-20T02:02:05.457+0000 7fa9540d1140 -1 mgr[py] Module zabbix has missing NOTIFY_TYPES member
2026-02-20T02:02:06.116 INFO:journalctl@ceph.mgr.x.trial076.stdout:Feb 20 02:02:05 trial076 ceph-137031dd-0e00-11f1-b09f-d404e6e7d460-mgr-x[41121]:
2026-02-20T02:02:05.859+0000 7fa9540d1140 -1 mgr[py] Module influx has missing NOTIFY_TYPES member
2026-02-20T02:02:06.117 INFO:journalctl@ceph.mon.a.trial076.stdout:Feb 20 02:02:05 trial076 ceph-mon[40849]: Active manager daemon x restarted
2026-02-20T02:02:06.117 INFO:journalctl@ceph.mon.a.trial076.stdout:Feb 20 02:02:05 trial076 ceph-mon[40849]: Activating manager daemon x
2026-02-20T02:02:06.117 INFO:journalctl@ceph.mon.a.trial076.stdout:Feb 20 02:02:05 trial076 ceph-mon[40849]: osdmap e3: 0 total, 0 up, 0 in
2026-02-20T02:02:06.117 INFO:journalctl@ceph.mon.a.trial076.stdout:Feb 20 02:02:05 trial076 ceph-mon[40849]: mgrmap e10: x(active, starting, since 0.00259507s)
2026-02-20T02:02:06.117 INFO:journalctl@ceph.mon.a.trial076.stdout:Feb 20 02:02:05 trial076 ceph-mon[40849]: from='mgr.14150 10.20.193.76:0/3003794990' entity='mgr.x' cmd=[{"prefix": "mon metadata", "id": "a"}]: dispatch
2026-02-20T02:02:06.117 INFO:journalctl@ceph.mon.a.trial076.stdout:Feb 20 02:02:05 trial076 ceph-mon[40849]: from='mgr.14150 10.20.193.76:0/3003794990' entity='mgr.x' cmd=[{"prefix": "mgr metadata", "who": "x", "id": "x"}]: dispatch
2026-02-20T02:02:06.117 INFO:journalctl@ceph.mon.a.trial076.stdout:Feb 20 02:02:05 trial076 ceph-mon[40849]: from='mgr.14150 10.20.193.76:0/3003794990' entity='mgr.x' cmd=[{"prefix": "mds metadata"}]: dispatch
2026-02-20T02:02:06.117 INFO:journalctl@ceph.mon.a.trial076.stdout:Feb 20 02:02:05 trial076 ceph-mon[40849]: from='mgr.14150 10.20.193.76:0/3003794990' entity='mgr.x' cmd=[{"prefix": "osd metadata"}]: dispatch
2026-02-20T02:02:06.117 INFO:journalctl@ceph.mon.a.trial076.stdout:Feb 20 02:02:05 trial076 ceph-mon[40849]: from='mgr.14150 10.20.193.76:0/3003794990' entity='mgr.x' cmd=[{"prefix": "mon metadata"}]: dispatch
2026-02-20T02:02:06.117 INFO:journalctl@ceph.mon.a.trial076.stdout:Feb 20 02:02:05 trial076 ceph-mon[40849]: Manager daemon x is now available
2026-02-20T02:02:06.117 INFO:journalctl@ceph.mon.a.trial076.stdout:Feb 20 02:02:05 trial076 ceph-mon[40849]: from='mgr.14150 10.20.193.76:0/3003794990' entity='mgr.x' cmd=[{"prefix": "config dump", "format": "json"}]: dispatch
2026-02-20T02:02:06.117 INFO:journalctl@ceph.mon.a.trial076.stdout:Feb 20 02:02:05 trial076 ceph-mon[40849]: from='mgr.14150 10.20.193.76:0/3003794990' entity='mgr.x' cmd=[{"prefix":"config rm","who":"mgr","name":"mgr/rbd_support/x/mirror_snapshot_schedule"}]: dispatch
2026-02-20T02:02:06.117 INFO:journalctl@ceph.mon.a.trial076.stdout:Feb 20 02:02:05 trial076 ceph-mon[40849]: from='mgr.14150 10.20.193.76:0/3003794990' entity='mgr.x' cmd=[{"prefix":"config rm","who":"mgr","name":"mgr/rbd_support/x/trash_purge_schedule"}]: dispatch
2026-02-20T02:02:06.914 INFO:teuthology.orchestra.run.trial076.stdout:/usr/bin/ceph: stdout {
2026-02-20T02:02:06.914 INFO:teuthology.orchestra.run.trial076.stdout:/usr/bin/ceph: stdout "mgrmap_epoch": 11,
2026-02-20T02:02:06.914 INFO:teuthology.orchestra.run.trial076.stdout:/usr/bin/ceph: stdout "initialized": true
2026-02-20T02:02:06.914 INFO:teuthology.orchestra.run.trial076.stdout:/usr/bin/ceph: stdout }
2026-02-20T02:02:06.914 INFO:teuthology.orchestra.run.trial076.stdout:/usr/bin/ceph: stderr
2026-02-20T02:02:03.564+0000 7fed75b42640 1 Processor -- start
2026-02-20T02:02:06.914 INFO:teuthology.orchestra.run.trial076.stdout:/usr/bin/ceph: stderr
2026-02-20T02:02:03.564+0000 7fed75b42640 1 -- start start
2026-02-20T02:02:06.914 INFO:teuthology.orchestra.run.trial076.stdout:/usr/bin/ceph: stderr
2026-02-20T02:02:03.564+0000 7fed75b42640 1 --2- >> [v2:10.20.193.76:3300/0,v1:10.20.193.76:6789/0] conn(0x7fed7010a4c0 0x7fed7010a8c0 unknown :-1 s=NONE pgs=0 cs=0 l=0 rev1=0 crypto rx=0 tx=0 comp rx=0 tx=0).connect
2026-02-20T02:02:06.914 INFO:teuthology.orchestra.run.trial076.stdout:/usr/bin/ceph: stderr
2026-02-20T02:02:03.564+0000 7fed75b42640 1 -- --> [v2:10.20.193.76:3300/0,v1:10.20.193.76:6789/0] -- mon_getmap magic: 0 -- 0x7fed7010ae90 con 0x7fed7010a4c0
2026-02-20T02:02:06.914 INFO:teuthology.orchestra.run.trial076.stdout:/usr/bin/ceph: stderr
2026-02-20T02:02:03.565+0000 7fed6f7fe640 1 --2- >> [v2:10.20.193.76:3300/0,v1:10.20.193.76:6789/0] conn(0x7fed7010a4c0 0x7fed7010a8c0 unknown :-1 s=BANNER_CONNECTING pgs=0 cs=0 l=0 rev1=0 crypto rx=0 tx=0 comp rx=0 tx=0)._handle_peer_banner_payload supported=3 required=0
2026-02-20T02:02:06.914 INFO:teuthology.orchestra.run.trial076.stdout:/usr/bin/ceph: stderr
2026-02-20T02:02:03.565+0000 7fed6f7fe640 1 --2- >> [v2:10.20.193.76:3300/0,v1:10.20.193.76:6789/0] conn(0x7fed7010a4c0 0x7fed7010a8c0 unknown :-1 s=HELLO_CONNECTING pgs=0 cs=0 l=0 rev1=1 crypto rx=0 tx=0 comp rx=0 tx=0).handle_hello peer v2:10.20.193.76:3300/0 says I am v2:10.20.193.76:58948/0 (socket says 10.20.193.76:58948)
2026-02-20T02:02:06.914 INFO:teuthology.orchestra.run.trial076.stdout:/usr/bin/ceph: stderr
2026-02-20T02:02:03.565+0000 7fed6f7fe640 1 -- 10.20.193.76:0/4146559616 learned_addr learned my addr 10.20.193.76:0/4146559616 (peer_addr_for_me v2:10.20.193.76:0/0)
2026-02-20T02:02:06.914 INFO:teuthology.orchestra.run.trial076.stdout:/usr/bin/ceph: stderr
2026-02-20T02:02:03.565+0000 7fed6f7fe640 1 -- 10.20.193.76:0/4146559616 --> [v2:10.20.193.76:3300/0,v1:10.20.193.76:6789/0] -- mon_subscribe({config=0+,monmap=0+}) -- 0x7fed7010b660 con 0x7fed7010a4c0
2026-02-20T02:02:06.914 INFO:teuthology.orchestra.run.trial076.stdout:/usr/bin/ceph: stderr
2026-02-20T02:02:03.565+0000 7fed6f7fe640 1 --2- 10.20.193.76:0/4146559616 >> [v2:10.20.193.76:3300/0,v1:10.20.193.76:6789/0] conn(0x7fed7010a4c0 0x7fed7010a8c0 secure :-1 s=READY pgs=59 cs=0 l=1 rev1=1 crypto rx=0x7fed5c009920 tx=0x7fed5c02ef20 comp rx=0 tx=0).ready entity=mon.0 client_cookie=3a14e5e7fbb0ebf0 server_cookie=0 in_seq=0 out_seq=0
2026-02-20T02:02:06.914 INFO:teuthology.orchestra.run.trial076.stdout:/usr/bin/ceph: stderr
2026-02-20T02:02:03.565+0000 7fed6e7fc640 1 -- 10.20.193.76:0/4146559616 <== mon.0 v2:10.20.193.76:3300/0 1 ==== mon_map magic: 0 ==== 205+0+0 (secure 0 0 0) 0x7fed5c03c070 con 0x7fed7010a4c0
2026-02-20T02:02:06.914 INFO:teuthology.orchestra.run.trial076.stdout:/usr/bin/ceph: stderr
2026-02-20T02:02:03.565+0000 7fed6e7fc640 1 -- 10.20.193.76:0/4146559616 <== mon.0 v2:10.20.193.76:3300/0 2 ==== config(26 keys) ==== 1076+0+0 (secure 0 0 0) 0x7fed5c037440 con 0x7fed7010a4c0
2026-02-20T02:02:06.914 INFO:teuthology.orchestra.run.trial076.stdout:/usr/bin/ceph: stderr
2026-02-20T02:02:03.565+0000 7fed6e7fc640 1 -- 10.20.193.76:0/4146559616 <== mon.0 v2:10.20.193.76:3300/0 3 ==== mon_map magic: 0 ==== 205+0+0 (secure 0 0 0) 0x7fed5c0354d0 con 0x7fed7010a4c0
2026-02-20T02:02:06.914 INFO:teuthology.orchestra.run.trial076.stdout:/usr/bin/ceph: stderr
2026-02-20T02:02:03.566+0000 7fed75b42640 1 -- 10.20.193.76:0/4146559616 >> [v2:10.20.193.76:3300/0,v1:10.20.193.76:6789/0] conn(0x7fed7010a4c0 msgr2=0x7fed7010a8c0 secure :-1 s=STATE_CONNECTION_ESTABLISHED l=1).mark_down
2026-02-20T02:02:06.914 INFO:teuthology.orchestra.run.trial076.stdout:/usr/bin/ceph: stderr
2026-02-20T02:02:03.566+0000 7fed75b42640 1 --2- 10.20.193.76:0/4146559616 >> [v2:10.20.193.76:3300/0,v1:10.20.193.76:6789/0] conn(0x7fed7010a4c0 0x7fed7010a8c0 secure :-1 s=READY pgs=59 cs=0 l=1 rev1=1 crypto rx=0x7fed5c009920 tx=0x7fed5c02ef20 comp rx=0 tx=0).stop
2026-02-20T02:02:06.914 INFO:teuthology.orchestra.run.trial076.stdout:/usr/bin/ceph: stderr
2026-02-20T02:02:03.566+0000 7fed75b42640 1 -- 10.20.193.76:0/4146559616 shutdown_connections
2026-02-20T02:02:06.914 INFO:teuthology.orchestra.run.trial076.stdout:/usr/bin/ceph: stderr
2026-02-20T02:02:03.566+0000 7fed75b42640 1 --2- 10.20.193.76:0/4146559616 >> [v2:10.20.193.76:3300/0,v1:10.20.193.76:6789/0] conn(0x7fed7010a4c0 0x7fed7010a8c0 unknown :-1 s=CLOSED pgs=59 cs=0 l=1 rev1=1 crypto rx=0 tx=0 comp rx=0 tx=0).stop
2026-02-20T02:02:06.914 INFO:teuthology.orchestra.run.trial076.stdout:/usr/bin/ceph: stderr
2026-02-20T02:02:03.566+0000 7fed75b42640 1 -- 10.20.193.76:0/4146559616 >> 10.20.193.76:0/4146559616 conn(0x7fed7007dde0 msgr2=0x7fed701086a0 unknown :-1 s=STATE_NONE l=0).mark_down
2026-02-20T02:02:06.914 INFO:teuthology.orchestra.run.trial076.stdout:/usr/bin/ceph: stderr
2026-02-20T02:02:03.566+0000 7fed75b42640 1 -- 10.20.193.76:0/4146559616 shutdown_connections
2026-02-20T02:02:06.914 INFO:teuthology.orchestra.run.trial076.stdout:/usr/bin/ceph: stderr
2026-02-20T02:02:03.566+0000 7fed75b42640 1 -- 10.20.193.76:0/4146559616 wait complete.
2026-02-20T02:02:06.914 INFO:teuthology.orchestra.run.trial076.stdout:/usr/bin/ceph: stderr
2026-02-20T02:02:03.566+0000 7fed75b42640 1 Processor -- start
2026-02-20T02:02:06.914 INFO:teuthology.orchestra.run.trial076.stdout:/usr/bin/ceph: stderr
2026-02-20T02:02:03.566+0000 7fed75b42640 1 -- start start
2026-02-20T02:02:06.914 INFO:teuthology.orchestra.run.trial076.stdout:/usr/bin/ceph: stderr
2026-02-20T02:02:03.566+0000 7fed75b42640 1 --2- >> [v2:10.20.193.76:3300/0,v1:10.20.193.76:6789/0] conn(0x7fed7010a4c0 0x7fed701a0220 unknown :-1 s=NONE pgs=0 cs=0 l=1 rev1=0 crypto rx=0 tx=0 comp rx=0 tx=0).connect
2026-02-20T02:02:06.914 INFO:teuthology.orchestra.run.trial076.stdout:/usr/bin/ceph: stderr
2026-02-20T02:02:03.566+0000 7fed75b42640 1 -- --> [v2:10.20.193.76:3300/0,v1:10.20.193.76:6789/0] -- mon_getmap magic: 0 -- 0x7fed7010e890 con 0x7fed7010a4c0
2026-02-20T02:02:06.914 INFO:teuthology.orchestra.run.trial076.stdout:/usr/bin/ceph: stderr
2026-02-20T02:02:03.566+0000 7fed6f7fe640 1 --2- >> [v2:10.20.193.76:3300/0,v1:10.20.193.76:6789/0] conn(0x7fed7010a4c0 0x7fed701a0220 unknown :-1 s=BANNER_CONNECTING pgs=0 cs=0 l=1 rev1=0 crypto rx=0 tx=0 comp rx=0 tx=0)._handle_peer_banner_payload supported=3 required=0
2026-02-20T02:02:06.914 INFO:teuthology.orchestra.run.trial076.stdout:/usr/bin/ceph: stderr
2026-02-20T02:02:03.566+0000 7fed6f7fe640 1 --2- >> [v2:10.20.193.76:3300/0,v1:10.20.193.76:6789/0] conn(0x7fed7010a4c0 0x7fed701a0220 unknown :-1 s=HELLO_CONNECTING pgs=0 cs=0 l=1 rev1=1 crypto rx=0 tx=0 comp rx=0 tx=0).handle_hello peer v2:10.20.193.76:3300/0 says I am v2:10.20.193.76:58958/0 (socket says 10.20.193.76:58958)
2026-02-20T02:02:06.914 INFO:teuthology.orchestra.run.trial076.stdout:/usr/bin/ceph: stderr
2026-02-20T02:02:03.566+0000 7fed6f7fe640 1 -- 10.20.193.76:0/3395879015 learned_addr learned my addr 10.20.193.76:0/3395879015 (peer_addr_for_me v2:10.20.193.76:0/0)
2026-02-20T02:02:06.914 INFO:teuthology.orchestra.run.trial076.stdout:/usr/bin/ceph: stderr
2026-02-20T02:02:03.566+0000 7fed6f7fe640 1 -- 10.20.193.76:0/3395879015 --> [v2:10.20.193.76:3300/0,v1:10.20.193.76:6789/0] -- mon_subscribe({config=0+,monmap=0+}) -- 0x7fed701a0760 con 0x7fed7010a4c0
2026-02-20T02:02:06.915 INFO:teuthology.orchestra.run.trial076.stdout:/usr/bin/ceph: stderr
2026-02-20T02:02:03.566+0000 7fed6f7fe640 1 --2- 10.20.193.76:0/3395879015 >> [v2:10.20.193.76:3300/0,v1:10.20.193.76:6789/0] conn(0x7fed7010a4c0 0x7fed701a0220 secure :-1 s=READY pgs=60 cs=0 l=1 rev1=1 crypto rx=0x7fed5c039000 tx=0x7fed5c037820 comp rx=0 tx=0).ready entity=mon.0 client_cookie=0 server_cookie=0 in_seq=0 out_seq=0
2026-02-20T02:02:06.915 INFO:teuthology.orchestra.run.trial076.stdout:/usr/bin/ceph: stderr
2026-02-20T02:02:03.567+0000 7fed6cff9640 1 -- 10.20.193.76:0/3395879015 <== mon.0 v2:10.20.193.76:3300/0 1 ==== mon_map magic: 0 ==== 205+0+0 (secure 0 0 0) 0x7fed5c047070 con 0x7fed7010a4c0
2026-02-20T02:02:06.915 INFO:teuthology.orchestra.run.trial076.stdout:/usr/bin/ceph: stderr
2026-02-20T02:02:03.567+0000 7fed6cff9640 1 -- 10.20.193.76:0/3395879015 <== mon.0 v2:10.20.193.76:3300/0 2 ==== config(26 keys) ==== 1076+0+0 (secure 0 0 0) 0x7fed5c035df0 con 0x7fed7010a4c0
2026-02-20T02:02:06.915 INFO:teuthology.orchestra.run.trial076.stdout:/usr/bin/ceph: stderr
2026-02-20T02:02:03.567+0000 7fed75b42640 1 -- 10.20.193.76:0/3395879015 --> [v2:10.20.193.76:3300/0,v1:10.20.193.76:6789/0] -- mon_subscribe({mgrmap=0+}) -- 0x7fed701a09f0 con 0x7fed7010a4c0
2026-02-20T02:02:06.915 INFO:teuthology.orchestra.run.trial076.stdout:/usr/bin/ceph: stderr
2026-02-20T02:02:03.567+0000 7fed6cff9640 1 -- 10.20.193.76:0/3395879015 <== mon.0 v2:10.20.193.76:3300/0 3 ==== mon_map magic: 0 ==== 205+0+0 (secure 0 0 0) 0x7fed5c03c070 con 0x7fed7010a4c0
2026-02-20T02:02:06.915 INFO:teuthology.orchestra.run.trial076.stdout:/usr/bin/ceph: stderr
2026-02-20T02:02:03.567+0000 7fed75b42640 1 -- 10.20.193.76:0/3395879015 --> [v2:10.20.193.76:3300/0,v1:10.20.193.76:6789/0] -- mon_subscribe({osdmap=0}) -- 0x7fed701a36e0 con 0x7fed7010a4c0
2026-02-20T02:02:06.915 INFO:teuthology.orchestra.run.trial076.stdout:/usr/bin/ceph: stderr
2026-02-20T02:02:03.567+0000 7fed6cff9640 1 -- 10.20.193.76:0/3395879015 <== mon.0 v2:10.20.193.76:3300/0 4 ==== mgrmap(e 9) ==== 50260+0+0 (secure 0 0 0) 0x7fed5c042640 con 0x7fed7010a4c0
2026-02-20T02:02:06.915 INFO:teuthology.orchestra.run.trial076.stdout:/usr/bin/ceph: stderr
2026-02-20T02:02:03.567+0000 7fed6cff9640 1 --2- 10.20.193.76:0/3395879015 >> [v2:10.20.193.76:6800/162067432,v1:10.20.193.76:6801/162067432] conn(0x7fed4403dbf0 0x7fed440400b0 unknown :-1 s=NONE pgs=0 cs=0 l=1 rev1=0 crypto rx=0 tx=0 comp rx=0 tx=0).connect
2026-02-20T02:02:06.915 INFO:teuthology.orchestra.run.trial076.stdout:/usr/bin/ceph: stderr
2026-02-20T02:02:03.567+0000 7fed6cff9640 1 -- 10.20.193.76:0/3395879015 --> [v2:10.20.193.76:6800/162067432,v1:10.20.193.76:6801/162067432] -- command(tid 0: {"prefix": "get_command_descriptions"}) -- 0x7fed440407c0 con 0x7fed4403dbf0
2026-02-20T02:02:06.915 INFO:teuthology.orchestra.run.trial076.stdout:/usr/bin/ceph: stderr
2026-02-20T02:02:03.567+0000 7fed6cff9640 1 -- 10.20.193.76:0/3395879015 <== mon.0 v2:10.20.193.76:3300/0 5 ==== osd_map(2..2 src has 1..2) ==== 940+0+0 (secure 0 0 0) 0x7fed5c076810 con 0x7fed7010a4c0
2026-02-20T02:02:06.915 INFO:teuthology.orchestra.run.trial076.stdout:/usr/bin/ceph: stderr
2026-02-20T02:02:03.567+0000 7fed6effd640 1 -- 10.20.193.76:0/3395879015 >> [v2:10.20.193.76:6800/162067432,v1:10.20.193.76:6801/162067432] conn(0x7fed4403dbf0 msgr2=0x7fed440400b0 unknown :-1 s=STATE_CONNECTING_RE l=1).process reconnect failed to v2:10.20.193.76:6800/162067432
2026-02-20T02:02:06.915 INFO:teuthology.orchestra.run.trial076.stdout:/usr/bin/ceph: stderr
2026-02-20T02:02:03.567+0000 7fed6effd640 1 --2- 10.20.193.76:0/3395879015 >> [v2:10.20.193.76:6800/162067432,v1:10.20.193.76:6801/162067432] conn(0x7fed4403dbf0 0x7fed440400b0 unknown :-1 s=START_CONNECT pgs=0 cs=0 l=1 rev1=0 crypto rx=0 tx=0 comp rx=0 tx=0)._fault waiting 0.200000
2026-02-20T02:02:06.915 INFO:teuthology.orchestra.run.trial076.stdout:/usr/bin/ceph: stderr
2026-02-20T02:02:03.768+0000 7fed6effd640 1 -- 10.20.193.76:0/3395879015 >> [v2:10.20.193.76:6800/162067432,v1:10.20.193.76:6801/162067432] conn(0x7fed4403dbf0 msgr2=0x7fed440400b0 unknown :-1 s=STATE_CONNECTING_RE l=1).process reconnect failed to v2:10.20.193.76:6800/162067432
2026-02-20T02:02:06.915 INFO:teuthology.orchestra.run.trial076.stdout:/usr/bin/ceph: stderr
2026-02-20T02:02:03.768+0000 7fed6effd640 1 --2- 10.20.193.76:0/3395879015 >> [v2:10.20.193.76:6800/162067432,v1:10.20.193.76:6801/162067432] conn(0x7fed4403dbf0 0x7fed440400b0 unknown :-1 s=START_CONNECT pgs=0 cs=0 l=1 rev1=0 crypto rx=0 tx=0 comp rx=0 tx=0)._fault waiting 0.400000
2026-02-20T02:02:06.915 INFO:teuthology.orchestra.run.trial076.stdout:/usr/bin/ceph: stderr
2026-02-20T02:02:04.169+0000 7fed6effd640 1 -- 10.20.193.76:0/3395879015 >> [v2:10.20.193.76:6800/162067432,v1:10.20.193.76:6801/162067432] conn(0x7fed4403dbf0 msgr2=0x7fed440400b0 unknown :-1 s=STATE_CONNECTING_RE l=1).process reconnect failed to v2:10.20.193.76:6800/162067432
2026-02-20T02:02:06.915 INFO:teuthology.orchestra.run.trial076.stdout:/usr/bin/ceph: stderr
2026-02-20T02:02:04.169+0000 7fed6effd640 1 --2- 10.20.193.76:0/3395879015 >> [v2:10.20.193.76:6800/162067432,v1:10.20.193.76:6801/162067432] conn(0x7fed4403dbf0 0x7fed440400b0 unknown :-1 s=START_CONNECT pgs=0 cs=0 l=1 rev1=0 crypto rx=0 tx=0 comp rx=0 tx=0)._fault waiting 0.800000
2026-02-20T02:02:06.915 INFO:teuthology.orchestra.run.trial076.stdout:/usr/bin/ceph: stderr
2026-02-20T02:02:04.970+0000 7fed6effd640 1 -- 10.20.193.76:0/3395879015 >> [v2:10.20.193.76:6800/162067432,v1:10.20.193.76:6801/162067432] conn(0x7fed4403dbf0 msgr2=0x7fed440400b0 unknown :-1 s=STATE_CONNECTING_RE l=1).process reconnect failed to v2:10.20.193.76:6800/162067432
2026-02-20T02:02:06.915 INFO:teuthology.orchestra.run.trial076.stdout:/usr/bin/ceph: stderr
2026-02-20T02:02:04.970+0000 7fed6effd640 1 --2- 10.20.193.76:0/3395879015 >> [v2:10.20.193.76:6800/162067432,v1:10.20.193.76:6801/162067432] conn(0x7fed4403dbf0 0x7fed440400b0 unknown :-1 s=START_CONNECT pgs=0 cs=0 l=1 rev1=0 crypto rx=0 tx=0 comp rx=0 tx=0)._fault waiting 1.600000
2026-02-20T02:02:06.915 INFO:teuthology.orchestra.run.trial076.stdout:/usr/bin/ceph: stderr
2026-02-20T02:02:05.862+0000 7fed6cff9640 1 -- 10.20.193.76:0/3395879015 <== mon.0 v2:10.20.193.76:3300/0 6 ==== mgrmap(e 10) ==== 50027+0+0 (secure 0 0 0) 0x7fed5c075610 con 0x7fed7010a4c0
2026-02-20T02:02:06.915 INFO:teuthology.orchestra.run.trial076.stdout:/usr/bin/ceph: stderr
2026-02-20T02:02:05.862+0000 7fed6cff9640 1 -- 10.20.193.76:0/3395879015 >> [v2:10.20.193.76:6800/162067432,v1:10.20.193.76:6801/162067432] conn(0x7fed4403dbf0 msgr2=0x7fed440400b0 unknown :-1 s=STATE_CONNECTING l=1).mark_down
2026-02-20T02:02:06.915 INFO:teuthology.orchestra.run.trial076.stdout:/usr/bin/ceph: stderr
2026-02-20T02:02:05.862+0000 7fed6cff9640 1 --2- 10.20.193.76:0/3395879015 >> [v2:10.20.193.76:6800/162067432,v1:10.20.193.76:6801/162067432] conn(0x7fed4403dbf0 0x7fed440400b0 unknown :-1 s=START_CONNECT pgs=0 cs=0 l=1 rev1=0 crypto rx=0 tx=0 comp rx=0 tx=0).stop
2026-02-20T02:02:06.915 INFO:teuthology.orchestra.run.trial076.stdout:/usr/bin/ceph: stderr
2026-02-20T02:02:06.863+0000 7fed6cff9640 1 -- 10.20.193.76:0/3395879015 <== mon.0 v2:10.20.193.76:3300/0 7 ==== mgrmap(e 11) ==== 50154+0+0 (secure 0 0 0) 0x7fed5c033900 con 0x7fed7010a4c0
2026-02-20T02:02:06.915 INFO:teuthology.orchestra.run.trial076.stdout:/usr/bin/ceph: stderr
2026-02-20T02:02:06.863+0000 7fed6cff9640 1 --2- 10.20.193.76:0/3395879015 >> [v2:10.20.193.76:6800/2300546895,v1:10.20.193.76:6801/2300546895] conn(0x7fed440416d0 0x7fed44043ac0 unknown :-1 s=NONE pgs=0 cs=0 l=1 rev1=0 crypto rx=0 tx=0 comp rx=0 tx=0).connect
2026-02-20T02:02:06.915 INFO:teuthology.orchestra.run.trial076.stdout:/usr/bin/ceph: stderr
2026-02-20T02:02:06.863+0000 7fed6cff9640 1 -- 10.20.193.76:0/3395879015 --> [v2:10.20.193.76:6800/2300546895,v1:10.20.193.76:6801/2300546895] -- command(tid 0: {"prefix": "get_command_descriptions"}) -- 0x7fed5c007e50 con 0x7fed440416d0
2026-02-20T02:02:06.915 INFO:teuthology.orchestra.run.trial076.stdout:/usr/bin/ceph: stderr
2026-02-20T02:02:06.863+0000 7fed6effd640 1 --2- 10.20.193.76:0/3395879015 >> [v2:10.20.193.76:6800/2300546895,v1:10.20.193.76:6801/2300546895] conn(0x7fed440416d0 0x7fed44043ac0 unknown :-1 s=BANNER_CONNECTING pgs=0 cs=0 l=1 rev1=0 crypto rx=0 tx=0 comp rx=0 tx=0)._handle_peer_banner_payload supported=3 required=0
2026-02-20T02:02:06.915 INFO:teuthology.orchestra.run.trial076.stdout:/usr/bin/ceph: stderr
2026-02-20T02:02:06.864+0000 7fed6effd640 1 --2- 10.20.193.76:0/3395879015 >> [v2:10.20.193.76:6800/2300546895,v1:10.20.193.76:6801/2300546895] conn(0x7fed440416d0 0x7fed44043ac0 secure :-1 s=READY pgs=2 cs=0 l=1 rev1=1 crypto rx=0x7fed60003a80 tx=0x7fed60009290 comp rx=0 tx=0).ready entity=mgr.14150 client_cookie=0 server_cookie=0 in_seq=0 out_seq=0
2026-02-20T02:02:06.915 INFO:teuthology.orchestra.run.trial076.stdout:/usr/bin/ceph: stderr
2026-02-20T02:02:06.864+0000 7fed6cff9640 1 -- 10.20.193.76:0/3395879015 <== mgr.14150 v2:10.20.193.76:6800/2300546895 1 ==== command_reply(tid 0: 0 ) ==== 8+0+8901 (secure 0 0 0) 0x7fed5c007e50 con 0x7fed440416d0
2026-02-20T02:02:06.915 INFO:teuthology.orchestra.run.trial076.stdout:/usr/bin/ceph: stderr
2026-02-20T02:02:06.867+0000 7fed75b42640 1 -- 10.20.193.76:0/3395879015 --> [v2:10.20.193.76:6800/2300546895,v1:10.20.193.76:6801/2300546895] -- command(tid 1: {"prefix": "mgr_status"}) -- 0x7fed7010a940 con 0x7fed440416d0
2026-02-20T02:02:06.915 INFO:teuthology.orchestra.run.trial076.stdout:/usr/bin/ceph: stderr
2026-02-20T02:02:06.867+0000 7fed6cff9640 1 -- 10.20.193.76:0/3395879015 <== mgr.14150 v2:10.20.193.76:6800/2300546895 2 ==== command_reply(tid 1: 0 ) ==== 8+0+52 (secure 0 0 0) 0x7fed7010a940 con 0x7fed440416d0
2026-02-20T02:02:06.915 INFO:teuthology.orchestra.run.trial076.stdout:/usr/bin/ceph: stderr
2026-02-20T02:02:06.868+0000 7fed75b42640 1 -- 10.20.193.76:0/3395879015 >> [v2:10.20.193.76:6800/2300546895,v1:10.20.193.76:6801/2300546895] conn(0x7fed440416d0 msgr2=0x7fed44043ac0 secure :-1 s=STATE_CONNECTION_ESTABLISHED l=1).mark_down
2026-02-20T02:02:06.915 INFO:teuthology.orchestra.run.trial076.stdout:/usr/bin/ceph: stderr
2026-02-20T02:02:06.868+0000 7fed75b42640 1 --2- 10.20.193.76:0/3395879015 >> [v2:10.20.193.76:6800/2300546895,v1:10.20.193.76:6801/2300546895] conn(0x7fed440416d0 0x7fed44043ac0 secure :-1 s=READY pgs=2 cs=0 l=1 rev1=1 crypto rx=0x7fed60003a80 tx=0x7fed60009290 comp rx=0 tx=0).stop
2026-02-20T02:02:06.915 INFO:teuthology.orchestra.run.trial076.stdout:/usr/bin/ceph: stderr
2026-02-20T02:02:06.868+0000 7fed75b42640 1 -- 10.20.193.76:0/3395879015 >> [v2:10.20.193.76:3300/0,v1:10.20.193.76:6789/0] conn(0x7fed7010a4c0 msgr2=0x7fed701a0220 secure :-1 s=STATE_CONNECTION_ESTABLISHED l=1).mark_down
2026-02-20T02:02:06.915 INFO:teuthology.orchestra.run.trial076.stdout:/usr/bin/ceph: stderr
2026-02-20T02:02:06.868+0000 7fed75b42640 1 --2- 10.20.193.76:0/3395879015 >> [v2:10.20.193.76:3300/0,v1:10.20.193.76:6789/0] conn(0x7fed7010a4c0 0x7fed701a0220 secure :-1 s=READY pgs=60 cs=0 l=1 rev1=1 crypto rx=0x7fed5c039000 tx=0x7fed5c037820 comp rx=0 tx=0).stop
2026-02-20T02:02:06.915 INFO:teuthology.orchestra.run.trial076.stdout:/usr/bin/ceph: stderr
2026-02-20T02:02:06.868+0000 7fed75b42640 1 -- 10.20.193.76:0/3395879015 shutdown_connections
2026-02-20T02:02:06.915 INFO:teuthology.orchestra.run.trial076.stdout:/usr/bin/ceph: stderr
2026-02-20T02:02:06.868+0000 7fed75b42640 1 --2- 10.20.193.76:0/3395879015 >> [v2:10.20.193.76:6800/2300546895,v1:10.20.193.76:6801/2300546895] conn(0x7fed440416d0 0x7fed44043ac0 unknown :-1 s=CLOSED pgs=2 cs=0 l=1 rev1=1 crypto rx=0 tx=0 comp rx=0 tx=0).stop
2026-02-20T02:02:06.915 INFO:teuthology.orchestra.run.trial076.stdout:/usr/bin/ceph: stderr
2026-02-20T02:02:06.868+0000 7fed75b42640 1 --2- 10.20.193.76:0/3395879015 >> [v2:10.20.193.76:6800/162067432,v1:10.20.193.76:6801/162067432] conn(0x7fed4403dbf0 0x7fed440400b0 unknown :-1 s=CLOSED pgs=0 cs=0 l=1 rev1=0 crypto rx=0 tx=0 comp rx=0 tx=0).stop
2026-02-20T02:02:06.915 INFO:teuthology.orchestra.run.trial076.stdout:/usr/bin/ceph: stderr
2026-02-20T02:02:06.868+0000 7fed75b42640 1 --2- 10.20.193.76:0/3395879015 >> [v2:10.20.193.76:3300/0,v1:10.20.193.76:6789/0] conn(0x7fed7010a4c0 0x7fed701a0220 unknown :-1 s=CLOSED pgs=60 cs=0 l=1 rev1=1 crypto rx=0 tx=0 comp rx=0 tx=0).stop
2026-02-20T02:02:06.915 INFO:teuthology.orchestra.run.trial076.stdout:/usr/bin/ceph: stderr
2026-02-20T02:02:06.868+0000 7fed75b42640 1 -- 10.20.193.76:0/3395879015 >> 10.20.193.76:0/3395879015 conn(0x7fed7007dde0 msgr2=0x7fed70107da0 unknown :-1 s=STATE_NONE l=0).mark_down
2026-02-20T02:02:06.915 INFO:teuthology.orchestra.run.trial076.stdout:/usr/bin/ceph: stderr
2026-02-20T02:02:06.868+0000 7fed75b42640 1 -- 10.20.193.76:0/3395879015 shutdown_connections
2026-02-20T02:02:06.915 INFO:teuthology.orchestra.run.trial076.stdout:/usr/bin/ceph: stderr
2026-02-20T02:02:06.868+0000 7fed75b42640 1 -- 10.20.193.76:0/3395879015 wait complete.
2026-02-20T02:02:06.915 INFO:teuthology.orchestra.run.trial076.stdout:mgr epoch 9 is available
2026-02-20T02:02:06.915 INFO:teuthology.orchestra.run.trial076.stdout:Generating a dashboard self-signed certificate...
2026-02-20T02:02:07.185 INFO:teuthology.orchestra.run.trial076.stdout:/usr/bin/ceph: stdout Self-signed certificate created
2026-02-20T02:02:07.185 INFO:teuthology.orchestra.run.trial076.stdout:/usr/bin/ceph: stderr
2026-02-20T02:02:07.019+0000 7f7ff3b89640 1 Processor -- start
2026-02-20T02:02:07.185 INFO:teuthology.orchestra.run.trial076.stdout:/usr/bin/ceph: stderr
2026-02-20T02:02:07.019+0000 7f7ff3b89640 1 -- start start
2026-02-20T02:02:07.185 INFO:teuthology.orchestra.run.trial076.stdout:/usr/bin/ceph: stderr
2026-02-20T02:02:07.019+0000 7f7ff3b89640 1 --2- >> [v2:10.20.193.76:3300/0,v1:10.20.193.76:6789/0] conn(0x7f7fec108210 0x7f7fec108610 unknown :-1 s=NONE pgs=0 cs=0 l=0 rev1=0 crypto rx=0 tx=0 comp rx=0 tx=0).connect
2026-02-20T02:02:07.186 INFO:teuthology.orchestra.run.trial076.stdout:/usr/bin/ceph: stderr
2026-02-20T02:02:07.019+0000 7f7ff3b89640 1 -- --> [v2:10.20.193.76:3300/0,v1:10.20.193.76:6789/0] -- mon_getmap magic: 0 -- 0x7f7fec108be0 con 0x7f7fec108210
2026-02-20T02:02:07.186 INFO:teuthology.orchestra.run.trial076.stdout:/usr/bin/ceph: stderr
2026-02-20T02:02:07.019+0000 7f7ff18fe640 1 --2- >> [v2:10.20.193.76:3300/0,v1:10.20.193.76:6789/0] conn(0x7f7fec108210 0x7f7fec108610 unknown :-1 s=BANNER_CONNECTING pgs=0 cs=0 l=0 rev1=0 crypto rx=0 tx=0 comp rx=0 tx=0)._handle_peer_banner_payload supported=3 required=0
2026-02-20T02:02:07.186 INFO:teuthology.orchestra.run.trial076.stdout:/usr/bin/ceph: stderr
2026-02-20T02:02:07.019+0000 7f7ff18fe640 1 --2- >> [v2:10.20.193.76:3300/0,v1:10.20.193.76:6789/0] conn(0x7f7fec108210 0x7f7fec108610 unknown :-1 s=HELLO_CONNECTING pgs=0 cs=0 l=0 rev1=1 crypto rx=0 tx=0 comp rx=0 tx=0).handle_hello peer v2:10.20.193.76:3300/0 says I am v2:10.20.193.76:59042/0 (socket says 10.20.193.76:59042)
2026-02-20T02:02:07.186 INFO:teuthology.orchestra.run.trial076.stdout:/usr/bin/ceph: stderr
2026-02-20T02:02:07.019+0000 7f7ff18fe640 1 -- 10.20.193.76:0/2611331748 learned_addr learned my addr 10.20.193.76:0/2611331748 (peer_addr_for_me v2:10.20.193.76:0/0)
2026-02-20T02:02:07.186 INFO:teuthology.orchestra.run.trial076.stdout:/usr/bin/ceph: stderr
2026-02-20T02:02:07.019+0000 7f7ff18fe640 1 -- 10.20.193.76:0/2611331748 --> [v2:10.20.193.76:3300/0,v1:10.20.193.76:6789/0] -- mon_subscribe({config=0+,monmap=0+}) -- 0x7f7fec1093c0 con 0x7f7fec108210
2026-02-20T02:02:07.186 INFO:teuthology.orchestra.run.trial076.stdout:/usr/bin/ceph: stderr
2026-02-20T02:02:07.020+0000 7f7ff18fe640 1 --2- 10.20.193.76:0/2611331748 >> [v2:10.20.193.76:3300/0,v1:10.20.193.76:6789/0] conn(0x7f7fec108210 0x7f7fec108610 secure :-1 s=READY pgs=68 cs=0 l=1 rev1=1 crypto rx=0x7f7fdc009920 tx=0x7f7fdc02ef20 comp rx=0 tx=0).ready entity=mon.0 client_cookie=225634120990e9b9 server_cookie=0 in_seq=0 out_seq=0
2026-02-20T02:02:07.186 INFO:teuthology.orchestra.run.trial076.stdout:/usr/bin/ceph: stderr
2026-02-20T02:02:07.020+0000 7f7ff08fc640 1 -- 10.20.193.76:0/2611331748 <== mon.0 v2:10.20.193.76:3300/0 1 ==== mon_map magic: 0 ==== 205+0+0 (secure 0 0 0) 0x7f7fdc03c070 con 0x7f7fec108210
2026-02-20T02:02:07.186 INFO:teuthology.orchestra.run.trial076.stdout:/usr/bin/ceph: stderr
2026-02-20T02:02:07.020+0000 7f7ff08fc640 1 -- 10.20.193.76:0/2611331748 <== mon.0 v2:10.20.193.76:3300/0 2 ==== config(26 keys) ==== 1076+0+0 (secure 0 0 0) 0x7f7fdc037440 con 0x7f7fec108210
2026-02-20T02:02:07.186 INFO:teuthology.orchestra.run.trial076.stdout:/usr/bin/ceph: stderr
2026-02-20T02:02:07.020+0000 7f7ff08fc640 1 -- 10.20.193.76:0/2611331748 <== mon.0 v2:10.20.193.76:3300/0 3 ==== mon_map magic: 0 ==== 205+0+0 (secure 0 0 0) 0x7f7fdc0354d0 con 0x7f7fec108210
2026-02-20T02:02:07.186 INFO:teuthology.orchestra.run.trial076.stdout:/usr/bin/ceph: stderr
2026-02-20T02:02:07.020+0000 7f7ff3b89640 1 -- 10.20.193.76:0/2611331748 >> [v2:10.20.193.76:3300/0,v1:10.20.193.76:6789/0] conn(0x7f7fec108210 msgr2=0x7f7fec108610 secure :-1 s=STATE_CONNECTION_ESTABLISHED l=1).mark_down
2026-02-20T02:02:07.186 INFO:teuthology.orchestra.run.trial076.stdout:/usr/bin/ceph: stderr
2026-02-20T02:02:07.020+0000 7f7ff3b89640 1 --2- 10.20.193.76:0/2611331748 >> [v2:10.20.193.76:3300/0,v1:10.20.193.76:6789/0] conn(0x7f7fec108210 0x7f7fec108610 secure :-1 s=READY pgs=68 cs=0 l=1 rev1=1 crypto rx=0x7f7fdc009920 tx=0x7f7fdc02ef20 comp rx=0 tx=0).stop
2026-02-20T02:02:07.186 INFO:teuthology.orchestra.run.trial076.stdout:/usr/bin/ceph: stderr
2026-02-20T02:02:07.020+0000 7f7ff3b89640 1 -- 10.20.193.76:0/2611331748 shutdown_connections
2026-02-20T02:02:07.187 INFO:teuthology.orchestra.run.trial076.stdout:/usr/bin/ceph: stderr
2026-02-20T02:02:07.020+0000 7f7ff3b89640 1 --2- 10.20.193.76:0/2611331748 >> [v2:10.20.193.76:3300/0,v1:10.20.193.76:6789/0] conn(0x7f7fec108210 0x7f7fec108610 unknown :-1 s=CLOSED pgs=68 cs=0 l=1 rev1=1 crypto rx=0 tx=0 comp rx=0 tx=0).stop
2026-02-20T02:02:07.187 INFO:teuthology.orchestra.run.trial076.stdout:/usr/bin/ceph: stderr
2026-02-20T02:02:07.020+0000 7f7ff3b89640 1 -- 10.20.193.76:0/2611331748 >> 10.20.193.76:0/2611331748 conn(0x7f7fec1039c0 msgr2=0x7f7fec105de0 unknown :-1 s=STATE_NONE l=0).mark_down
2026-02-20T02:02:07.187 INFO:teuthology.orchestra.run.trial076.stdout:/usr/bin/ceph: stderr
2026-02-20T02:02:07.020+0000 7f7ff3b89640 1 -- 10.20.193.76:0/2611331748 shutdown_connections
2026-02-20T02:02:07.187 INFO:teuthology.orchestra.run.trial076.stdout:/usr/bin/ceph: stderr
2026-02-20T02:02:07.020+0000 7f7ff3b89640 1 -- 10.20.193.76:0/2611331748 wait complete.
2026-02-20T02:02:07.187 INFO:teuthology.orchestra.run.trial076.stdout:/usr/bin/ceph: stderr
2026-02-20T02:02:07.020+0000 7f7ff3b89640 1 Processor -- start
2026-02-20T02:02:07.187 INFO:teuthology.orchestra.run.trial076.stdout:/usr/bin/ceph: stderr
2026-02-20T02:02:07.020+0000 7f7ff3b89640 1 -- start start
2026-02-20T02:02:07.187 INFO:teuthology.orchestra.run.trial076.stdout:/usr/bin/ceph: stderr
2026-02-20T02:02:07.021+0000 7f7ff3b89640 1 --2- >> [v2:10.20.193.76:3300/0,v1:10.20.193.76:6789/0] conn(0x7f7fec108210 0x7f7fec07dbc0 unknown :-1 s=NONE pgs=0 cs=0 l=1 rev1=0 crypto rx=0 tx=0 comp rx=0 tx=0).connect
2026-02-20T02:02:07.187 INFO:teuthology.orchestra.run.trial076.stdout:/usr/bin/ceph: stderr
2026-02-20T02:02:07.021+0000 7f7ff3b89640 1 -- --> [v2:10.20.193.76:3300/0,v1:10.20.193.76:6789/0] -- mon_getmap magic: 0 -- 0x7f7fec10c5f0 con 0x7f7fec108210
2026-02-20T02:02:07.187 INFO:teuthology.orchestra.run.trial076.stdout:/usr/bin/ceph: stderr
2026-02-20T02:02:07.021+0000 7f7ff18fe640 1 --2- >> [v2:10.20.193.76:3300/0,v1:10.20.193.76:6789/0] conn(0x7f7fec108210 0x7f7fec07dbc0 unknown :-1 s=BANNER_CONNECTING pgs=0 cs=0 l=1 rev1=0 crypto rx=0 tx=0 comp rx=0 tx=0)._handle_peer_banner_payload supported=3 required=0
2026-02-20T02:02:07.187 INFO:teuthology.orchestra.run.trial076.stdout:/usr/bin/ceph: stderr
2026-02-20T02:02:07.021+0000 7f7ff18fe640 1 --2- >> [v2:10.20.193.76:3300/0,v1:10.20.193.76:6789/0] conn(0x7f7fec108210 0x7f7fec07dbc0 unknown :-1 s=HELLO_CONNECTING pgs=0 cs=0 l=1 rev1=1 crypto rx=0 tx=0 comp rx=0 tx=0).handle_hello peer v2:10.20.193.76:3300/0 says I am v2:10.20.193.76:59044/0 (socket says 10.20.193.76:59044)
2026-02-20T02:02:07.187 INFO:teuthology.orchestra.run.trial076.stdout:/usr/bin/ceph: stderr
2026-02-20T02:02:07.021+0000 7f7ff18fe640 1 -- 10.20.193.76:0/584174362 learned_addr learned my addr 10.20.193.76:0/584174362 (peer_addr_for_me v2:10.20.193.76:0/0)
2026-02-20T02:02:07.187 INFO:teuthology.orchestra.run.trial076.stdout:/usr/bin/ceph: stderr
2026-02-20T02:02:07.021+0000 7f7ff18fe640 1 -- 10.20.193.76:0/584174362 --> [v2:10.20.193.76:3300/0,v1:10.20.193.76:6789/0] -- mon_subscribe({config=0+,monmap=0+}) -- 0x7f7fec07e100 con 0x7f7fec108210
2026-02-20T02:02:07.187 INFO:teuthology.orchestra.run.trial076.stdout:/usr/bin/ceph: stderr
2026-02-20T02:02:07.021+0000 7f7ff18fe640 1 --2- 10.20.193.76:0/584174362 >> [v2:10.20.193.76:3300/0,v1:10.20.193.76:6789/0] conn(0x7f7fec108210 0x7f7fec07dbc0 secure :-1 s=READY pgs=69 cs=0 l=1 rev1=1 crypto rx=0x7f7fdc039000 tx=0x7f7fdc037820 comp rx=0 tx=0).ready entity=mon.0 client_cookie=0 server_cookie=0 in_seq=0 out_seq=0
2026-02-20T02:02:07.187 INFO:teuthology.orchestra.run.trial076.stdout:/usr/bin/ceph: stderr
2026-02-20T02:02:07.021+0000 7f7fdaffd640 1 -- 10.20.193.76:0/584174362 <== mon.0 v2:10.20.193.76:3300/0 1 ==== mon_map magic: 0 ==== 205+0+0 (secure 0 0 0) 0x7f7fdc047070 con 0x7f7fec108210
2026-02-20T02:02:07.188 INFO:teuthology.orchestra.run.trial076.stdout:/usr/bin/ceph: stderr
2026-02-20T02:02:07.021+0000 7f7fdaffd640 1 -- 10.20.193.76:0/584174362 <== mon.0 v2:10.20.193.76:3300/0 2 ==== config(26 keys) ==== 1076+0+0 (secure 0 0 0) 0x7f7fdc035df0 con 0x7f7fec108210
2026-02-20T02:02:07.188 INFO:teuthology.orchestra.run.trial076.stdout:/usr/bin/ceph: stderr
2026-02-20T02:02:07.021+0000 7f7ff3b89640 1 -- 10.20.193.76:0/584174362 --> [v2:10.20.193.76:3300/0,v1:10.20.193.76:6789/0] -- mon_subscribe({mgrmap=0+}) -- 0x7f7fec07c2f0 con 0x7f7fec108210
2026-02-20T02:02:07.188 INFO:teuthology.orchestra.run.trial076.stdout:/usr/bin/ceph: stderr
2026-02-20T02:02:07.021+0000 7f7fdaffd640 1 -- 10.20.193.76:0/584174362 <== mon.0 v2:10.20.193.76:3300/0 3 ==== mon_map magic: 0 ==== 205+0+0 (secure 0 0 0) 0x7f7fdc03c070 con 0x7f7fec108210
2026-02-20T02:02:07.188 INFO:teuthology.orchestra.run.trial076.stdout:/usr/bin/ceph: stderr
2026-02-20T02:02:07.021+0000 7f7ff3b89640 1 -- 10.20.193.76:0/584174362 --> [v2:10.20.193.76:3300/0,v1:10.20.193.76:6789/0] -- mon_subscribe({osdmap=0}) -- 0x7f7fec07c7d0 con 0x7f7fec108210
2026-02-20T02:02:07.188 INFO:teuthology.orchestra.run.trial076.stdout:/usr/bin/ceph: stderr
2026-02-20T02:02:07.021+0000 7f7ff3b89640 1 -- 10.20.193.76:0/584174362 --> [v2:10.20.193.76:3300/0,v1:10.20.193.76:6789/0] -- mon_command({"prefix": "get_command_descriptions"} v 0) -- 0x7f7fec108690 con 0x7f7fec108210
2026-02-20T02:02:07.188 INFO:teuthology.orchestra.run.trial076.stdout:/usr/bin/ceph: stderr
2026-02-20T02:02:07.022+0000 7f7fdaffd640 1 -- 10.20.193.76:0/584174362 <== mon.0 v2:10.20.193.76:3300/0 4 ==== mgrmap(e 11) ==== 50154+0+0 (secure 0 0 0) 0x7f7fdc042640 con 0x7f7fec108210
2026-02-20T02:02:07.188 INFO:teuthology.orchestra.run.trial076.stdout:/usr/bin/ceph: stderr
2026-02-20T02:02:07.022+0000 7f7fdaffd640 1 --2- 10.20.193.76:0/584174362 >> [v2:10.20.193.76:6800/2300546895,v1:10.20.193.76:6801/2300546895] conn(0x7f7fc803dad0 0x7f7fc803ff90 unknown :-1 s=NONE pgs=0 cs=0 l=1 rev1=0 crypto rx=0 tx=0 comp rx=0 tx=0).connect
2026-02-20T02:02:07.188 INFO:teuthology.orchestra.run.trial076.stdout:/usr/bin/ceph: stderr
2026-02-20T02:02:07.022+0000 7f7fdaffd640 1 -- 10.20.193.76:0/584174362 <== mon.0 v2:10.20.193.76:3300/0 5 ==== osd_map(3..3 src has 1..3) ==== 1155+0+0 (secure 0 0 0) 0x7f7fdc076a70 con 0x7f7fec108210
2026-02-20T02:02:07.188 INFO:teuthology.orchestra.run.trial076.stdout:/usr/bin/ceph: stderr
2026-02-20T02:02:07.022+0000 7f7ff10fd640 1 --2- 10.20.193.76:0/584174362 >> [v2:10.20.193.76:6800/2300546895,v1:10.20.193.76:6801/2300546895] conn(0x7f7fc803dad0 0x7f7fc803ff90 unknown :-1 s=BANNER_CONNECTING pgs=0 cs=0 l=1 rev1=0 crypto rx=0 tx=0 comp rx=0 tx=0)._handle_peer_banner_payload supported=3 required=0
2026-02-20T02:02:07.188 INFO:teuthology.orchestra.run.trial076.stdout:/usr/bin/ceph: stderr
2026-02-20T02:02:07.022+0000 7f7ff10fd640 1 --2- 10.20.193.76:0/584174362 >> [v2:10.20.193.76:6800/2300546895,v1:10.20.193.76:6801/2300546895] conn(0x7f7fc803dad0 0x7f7fc803ff90 secure :-1 s=READY pgs=7 cs=0 l=1 rev1=1 crypto rx=0x7f7fe00099c0 tx=0x7f7fe0006eb0 comp rx=0 tx=0).ready entity=mgr.14150 client_cookie=0 server_cookie=0 in_seq=0 out_seq=0
2026-02-20T02:02:07.188 INFO:teuthology.orchestra.run.trial076.stdout:/usr/bin/ceph: stderr
2026-02-20T02:02:07.024+0000 7f7fdaffd640 1 -- 10.20.193.76:0/584174362 <== mon.0 v2:10.20.193.76:3300/0 6 ==== mon_command_ack([{"prefix": "get_command_descriptions"}]=0 v0) ==== 72+0+195341 (secure 0 0 0) 0x7f7fdc033c90 con 0x7f7fec108210
2026-02-20T02:02:07.188 INFO:teuthology.orchestra.run.trial076.stdout:/usr/bin/ceph: stderr
2026-02-20T02:02:07.110+0000 7f7ff3b89640 1 -- 10.20.193.76:0/584174362 --> [v2:10.20.193.76:6800/2300546895,v1:10.20.193.76:6801/2300546895] -- mgr_command(tid 0: {"prefix": "dashboard create-self-signed-cert", "target": ["mon-mgr", ""]}) -- 0x7f7fec07d030 con 0x7f7fc803dad0
2026-02-20T02:02:07.188 INFO:teuthology.orchestra.run.trial076.stdout:/usr/bin/ceph: stderr
2026-02-20T02:02:07.159+0000 7f7fdaffd640 1 -- 10.20.193.76:0/584174362 <== mgr.14150 v2:10.20.193.76:6800/2300546895 1 ==== mgr_command_reply(tid 0: 0 ) ==== 8+0+32 (secure 0 0 0) 0x7f7fec07d030 con 0x7f7fc803dad0
2026-02-20T02:02:07.189 INFO:teuthology.orchestra.run.trial076.stdout:/usr/bin/ceph: stderr
2026-02-20T02:02:07.160+0000 7f7ff3b89640 1 -- 10.20.193.76:0/584174362 >> [v2:10.20.193.76:6800/2300546895,v1:10.20.193.76:6801/2300546895] conn(0x7f7fc803dad0 msgr2=0x7f7fc803ff90 secure :-1 s=STATE_CONNECTION_ESTABLISHED l=1).mark_down
2026-02-20T02:02:07.189 INFO:teuthology.orchestra.run.trial076.stdout:/usr/bin/ceph: stderr
2026-02-20T02:02:07.160+0000 7f7ff3b89640 1 --2- 10.20.193.76:0/584174362 >> [v2:10.20.193.76:6800/2300546895,v1:10.20.193.76:6801/2300546895] conn(0x7f7fc803dad0 0x7f7fc803ff90 secure :-1 s=READY pgs=7 cs=0 l=1 rev1=1 crypto rx=0x7f7fe00099c0 tx=0x7f7fe0006eb0 comp rx=0 tx=0).stop
2026-02-20T02:02:07.189 INFO:teuthology.orchestra.run.trial076.stdout:/usr/bin/ceph: stderr
2026-02-20T02:02:07.160+0000 7f7ff3b89640 1 -- 10.20.193.76:0/584174362 >> [v2:10.20.193.76:3300/0,v1:10.20.193.76:6789/0] conn(0x7f7fec108210 msgr2=0x7f7fec07dbc0 secure :-1 s=STATE_CONNECTION_ESTABLISHED l=1).mark_down
2026-02-20T02:02:07.189 INFO:teuthology.orchestra.run.trial076.stdout:/usr/bin/ceph: stderr
2026-02-20T02:02:07.160+0000 7f7ff3b89640 1 --2- 10.20.193.76:0/584174362 >> [v2:10.20.193.76:3300/0,v1:10.20.193.76:6789/0] conn(0x7f7fec108210 0x7f7fec07dbc0 secure :-1 s=READY pgs=69 cs=0 l=1 rev1=1 crypto rx=0x7f7fdc039000 tx=0x7f7fdc037820 comp rx=0 tx=0).stop
2026-02-20T02:02:07.189 INFO:teuthology.orchestra.run.trial076.stdout:/usr/bin/ceph: stderr
2026-02-20T02:02:07.160+0000 7f7ff3b89640 1 -- 10.20.193.76:0/584174362 shutdown_connections
2026-02-20T02:02:07.189 INFO:teuthology.orchestra.run.trial076.stdout:/usr/bin/ceph: stderr
2026-02-20T02:02:07.160+0000 7f7ff3b89640 1 --2- 10.20.193.76:0/584174362 >> [v2:10.20.193.76:6800/2300546895,v1:10.20.193.76:6801/2300546895] conn(0x7f7fc803dad0 0x7f7fc803ff90 unknown :-1 s=CLOSED pgs=7 cs=0 l=1 rev1=1 crypto rx=0 tx=0 comp rx=0 tx=0).stop
2026-02-20T02:02:07.189 INFO:teuthology.orchestra.run.trial076.stdout:/usr/bin/ceph: stderr
2026-02-20T02:02:07.160+0000 7f7ff3b89640 1 --2- 10.20.193.76:0/584174362 >> [v2:10.20.193.76:3300/0,v1:10.20.193.76:6789/0] conn(0x7f7fec108210 0x7f7fec07dbc0 unknown :-1 s=CLOSED pgs=69 cs=0 l=1 rev1=1 crypto rx=0 tx=0 comp rx=0 tx=0).stop
2026-02-20T02:02:07.189 INFO:teuthology.orchestra.run.trial076.stdout:/usr/bin/ceph: stderr
2026-02-20T02:02:07.160+0000 7f7ff3b89640 1 -- 10.20.193.76:0/584174362 >> 10.20.193.76:0/584174362 conn(0x7f7fec1039c0 msgr2=0x7f7fec1044e0 unknown :-1 s=STATE_NONE l=0).mark_down
2026-02-20T02:02:07.189 INFO:teuthology.orchestra.run.trial076.stdout:/usr/bin/ceph: stderr
2026-02-20T02:02:07.160+0000 7f7ff3b89640 1 -- 10.20.193.76:0/584174362 shutdown_connections
2026-02-20T02:02:07.189 INFO:teuthology.orchestra.run.trial076.stdout:/usr/bin/ceph: stderr
2026-02-20T02:02:07.160+0000 7f7ff3b89640 1 -- 10.20.193.76:0/584174362 wait complete.
2026-02-20T02:02:07.189 INFO:teuthology.orchestra.run.trial076.stdout:Creating initial admin user...
2026-02-20T02:02:07.510 INFO:journalctl@ceph.mon.a.trial076.stdout:Feb 20 02:02:07 trial076 ceph-mon[40849]: from='mgr.14150 10.20.193.76:0/3003794990' entity='mgr.x'
2026-02-20T02:02:07.511 INFO:journalctl@ceph.mon.a.trial076.stdout:Feb 20 02:02:07 trial076 ceph-mon[40849]: from='mgr.14150 10.20.193.76:0/3003794990' entity='mgr.x'
2026-02-20T02:02:07.511 INFO:journalctl@ceph.mon.a.trial076.stdout:Feb 20 02:02:07 trial076 ceph-mon[40849]: mgrmap e11: x(active, since 1.00476s)
2026-02-20T02:02:07.511 INFO:journalctl@ceph.mon.a.trial076.stdout:Feb 20 02:02:07 trial076 ceph-mon[40849]: [20/Feb/2026:02:02:06] ENGINE Bus STARTING
2026-02-20T02:02:07.511 INFO:journalctl@ceph.mon.a.trial076.stdout:Feb 20 02:02:07 trial076 ceph-mon[40849]: [20/Feb/2026:02:02:07] ENGINE Serving on http://10.20.193.76:8765
2026-02-20T02:02:07.511 INFO:journalctl@ceph.mon.a.trial076.stdout:Feb 20 02:02:07 trial076 ceph-mon[40849]: from='client.14162 -' entity='client.admin' cmd=[{"prefix": "dashboard create-self-signed-cert", "target": ["mon-mgr", ""]}]: dispatch
2026-02-20T02:02:07.511 INFO:journalctl@ceph.mon.a.trial076.stdout:Feb 20 02:02:07 trial076 ceph-mon[40849]: from='mgr.14150 10.20.193.76:0/3003794990' entity='mgr.x'
2026-02-20T02:02:07.511 INFO:journalctl@ceph.mon.a.trial076.stdout:Feb 20 02:02:07 trial076 ceph-mon[40849]: from='mgr.14150 10.20.193.76:0/3003794990' entity='mgr.x'
2026-02-20T02:02:07.511 INFO:journalctl@ceph.mon.a.trial076.stdout:Feb 20 02:02:07 trial076 ceph-mon[40849]: [20/Feb/2026:02:02:07] ENGINE Serving on https://10.20.193.76:7150
2026-02-20T02:02:07.512 INFO:journalctl@ceph.mon.a.trial076.stdout:Feb 20 02:02:07 trial076 ceph-mon[40849]: [20/Feb/2026:02:02:07] ENGINE Bus STARTED
2026-02-20T02:02:07.512 INFO:journalctl@ceph.mon.a.trial076.stdout:Feb 20 02:02:07 trial076 ceph-mon[40849]: [20/Feb/2026:02:02:07] ENGINE Client ('10.20.193.76', 43260) lost — peer dropped the TLS connection suddenly, during handshake: (6, 'TLS/SSL connection has been closed (EOF) (_ssl.c:1147)')
2026-02-20T02:02:07.533 INFO:teuthology.orchestra.run.trial076.stdout:/usr/bin/ceph: stdout {"username": "admin", "password": "$2b$12$8KS.EwMiVGJJVR.5qmnOAeyuTr1kAga7pr9gRafFh/n/Z.Mt1OjF.", "roles": ["administrator"], "name": null, "email": null, "lastUpdate": 1771552927, "enabled": true, "pwdExpirationDate": null, "pwdUpdateRequired": true}
2026-02-20T02:02:07.533 INFO:teuthology.orchestra.run.trial076.stdout:/usr/bin/ceph: stderr
2026-02-20T02:02:07.275+0000 7f8938420640 1 Processor -- start
2026-02-20T02:02:07.533 INFO:teuthology.orchestra.run.trial076.stdout:/usr/bin/ceph: stderr
2026-02-20T02:02:07.275+0000 7f8938420640 1 -- start start
2026-02-20T02:02:07.533 INFO:teuthology.orchestra.run.trial076.stdout:/usr/bin/ceph: stderr
2026-02-20T02:02:07.275+0000 7f8938420640 1 --2- >> [v2:10.20.193.76:3300/0,v1:10.20.193.76:6789/0] conn(0x7f893007de60 0x7f893007c310 unknown :-1 s=NONE pgs=0 cs=0 l=0 rev1=0 crypto rx=0 tx=0 comp rx=0 tx=0).connect
2026-02-20T02:02:07.533 INFO:teuthology.orchestra.run.trial076.stdout:/usr/bin/ceph: stderr
2026-02-20T02:02:07.275+0000 7f8938420640 1 -- --> [v2:10.20.193.76:3300/0,v1:10.20.193.76:6789/0] -- mon_getmap magic: 0 -- 0x7f893007c850 con 0x7f893007de60
2026-02-20T02:02:07.533 INFO:teuthology.orchestra.run.trial076.stdout:/usr/bin/ceph: stderr
2026-02-20T02:02:07.275+0000 7f8936195640 1 --2- >> [v2:10.20.193.76:3300/0,v1:10.20.193.76:6789/0] conn(0x7f893007de60 0x7f893007c310 unknown :-1 s=BANNER_CONNECTING pgs=0 cs=0 l=0 rev1=0 crypto rx=0 tx=0 comp rx=0 tx=0)._handle_peer_banner_payload supported=3 required=0
2026-02-20T02:02:07.534 INFO:teuthology.orchestra.run.trial076.stdout:/usr/bin/ceph: stderr
2026-02-20T02:02:07.275+0000 7f8936195640 1 --2- >> [v2:10.20.193.76:3300/0,v1:10.20.193.76:6789/0] conn(0x7f893007de60 0x7f893007c310 unknown :-1 s=HELLO_CONNECTING pgs=0 cs=0 l=0 rev1=1 crypto rx=0 tx=0 comp rx=0 tx=0).handle_hello peer v2:10.20.193.76:3300/0 says I am v2:10.20.193.76:59058/0 (socket says 10.20.193.76:59058)
2026-02-20T02:02:07.534 INFO:teuthology.orchestra.run.trial076.stdout:/usr/bin/ceph: stderr
2026-02-20T02:02:07.275+0000 7f8936195640 1 -- 10.20.193.76:0/4118396772 learned_addr learned my addr 10.20.193.76:0/4118396772 (peer_addr_for_me v2:10.20.193.76:0/0)
2026-02-20T02:02:07.534 INFO:teuthology.orchestra.run.trial076.stdout:/usr/bin/ceph: stderr
2026-02-20T02:02:07.275+0000 7f8936195640 1 -- 10.20.193.76:0/4118396772 --> [v2:10.20.193.76:3300/0,v1:10.20.193.76:6789/0] -- mon_subscribe({config=0+,monmap=0+}) -- 0x7f893007c9d0 con 0x7f893007de60
2026-02-20T02:02:07.534 INFO:teuthology.orchestra.run.trial076.stdout:/usr/bin/ceph: stderr
2026-02-20T02:02:07.276+0000 7f8936195640 1 --2- 10.20.193.76:0/4118396772 >> [v2:10.20.193.76:3300/0,v1:10.20.193.76:6789/0] conn(0x7f893007de60 0x7f893007c310 secure :-1 s=READY pgs=70 cs=0 l=1 rev1=1 crypto rx=0x7f8920009920 tx=0x7f892002ef20 comp rx=0 tx=0).ready entity=mon.0 client_cookie=4758db3f17e5842 server_cookie=0 in_seq=0 out_seq=0
2026-02-20T02:02:07.534 INFO:teuthology.orchestra.run.trial076.stdout:/usr/bin/ceph: stderr
2026-02-20T02:02:07.276+0000 7f8935193640 1 -- 10.20.193.76:0/4118396772 <== mon.0 v2:10.20.193.76:3300/0 1 ==== mon_map magic: 0 ==== 205+0+0 (secure 0 0 0) 0x7f892003c070 con 0x7f893007de60
2026-02-20T02:02:07.534 INFO:teuthology.orchestra.run.trial076.stdout:/usr/bin/ceph: stderr
2026-02-20T02:02:07.276+0000 7f8935193640 1 -- 10.20.193.76:0/4118396772 <== mon.0 v2:10.20.193.76:3300/0 2 ==== config(26 keys) ==== 1076+0+0 (secure 0 0 0) 0x7f8920037440 con 0x7f893007de60
2026-02-20T02:02:07.534 INFO:teuthology.orchestra.run.trial076.stdout:/usr/bin/ceph: stderr
2026-02-20T02:02:07.276+0000 7f8935193640 1 -- 10.20.193.76:0/4118396772 <== mon.0 v2:10.20.193.76:3300/0 3 ==== mon_map magic: 0 ==== 205+0+0 (secure 0 0 0) 0x7f89200354d0 con 0x7f893007de60
2026-02-20T02:02:07.534 INFO:teuthology.orchestra.run.trial076.stdout:/usr/bin/ceph: stderr
2026-02-20T02:02:07.276+0000 7f8938420640 1 -- 10.20.193.76:0/4118396772 >> [v2:10.20.193.76:3300/0,v1:10.20.193.76:6789/0] conn(0x7f893007de60 msgr2=0x7f893007c310 secure :-1 s=STATE_CONNECTION_ESTABLISHED l=1).mark_down
2026-02-20T02:02:07.534 INFO:teuthology.orchestra.run.trial076.stdout:/usr/bin/ceph: stderr
2026-02-20T02:02:07.276+0000 7f8938420640 1 --2- 10.20.193.76:0/4118396772 >> [v2:10.20.193.76:3300/0,v1:10.20.193.76:6789/0] conn(0x7f893007de60 0x7f893007c310 secure :-1 s=READY pgs=70 cs=0 l=1 rev1=1 crypto rx=0x7f8920009920 tx=0x7f892002ef20 comp rx=0 tx=0).stop
2026-02-20T02:02:07.534 INFO:teuthology.orchestra.run.trial076.stdout:/usr/bin/ceph: stderr
2026-02-20T02:02:07.276+0000 7f8938420640 1 -- 10.20.193.76:0/4118396772 shutdown_connections
2026-02-20T02:02:07.534 INFO:teuthology.orchestra.run.trial076.stdout:/usr/bin/ceph: stderr
2026-02-20T02:02:07.276+0000 7f8938420640 1 --2- 10.20.193.76:0/4118396772 >> [v2:10.20.193.76:3300/0,v1:10.20.193.76:6789/0] conn(0x7f893007de60 0x7f893007c310 unknown :-1 s=CLOSED pgs=70 cs=0 l=1 rev1=1 crypto rx=0 tx=0 comp rx=0 tx=0).stop
2026-02-20T02:02:07.534 INFO:teuthology.orchestra.run.trial076.stdout:/usr/bin/ceph: stderr
2026-02-20T02:02:07.276+0000 7f8938420640 1 -- 10.20.193.76:0/4118396772 >> 10.20.193.76:0/4118396772 conn(0x7f8930103a00 msgr2=0x7f8930105e20 unknown :-1 s=STATE_NONE l=0).mark_down
2026-02-20T02:02:07.534 INFO:teuthology.orchestra.run.trial076.stdout:/usr/bin/ceph: stderr
