2026-02-20T02:12:45.426+0000 7f7c65a2b640 1 --2- 10.20.193.99:0/3694747795 >> [v2:10.20.193.99:6800/1017515005,v1:10.20.193.99:6801/1017515005] conn(0x7f7c3c03dad0 0x7f7c3c03ff90 secure :-1 s=READY pgs=9 cs=0 l=1 rev1=1 crypto rx=0x7f7c540099c0 tx=0x7f7c54006eb0 comp rx=0 tx=0).ready entity=mgr.14118 client_cookie=0 server_cookie=0 in_seq=0 out_seq=0
2026-02-20T02:12:45.559 INFO:teuthology.orchestra.run.trial099.stdout:/usr/bin/ceph: stderr
2026-02-20T02:12:45.428+0000 7f7c477fe640 1 -- 10.20.193.99:0/3694747795 <== mon.0 v2:10.20.193.99:3300/0 6 ==== mon_command_ack([{"prefix": "get_command_descriptions"}]=0 v0) ==== 72+0+195341 (secure 0 0 0) 0x7f7c5003c210 con 0x7f7c6010a4c0
2026-02-20T02:12:45.559 INFO:teuthology.orchestra.run.trial099.stdout:/usr/bin/ceph: stderr
2026-02-20T02:12:45.511+0000 7f7c684b7640 1 -- 10.20.193.99:0/3694747795 --> [v2:10.20.193.99:6800/1017515005,v1:10.20.193.99:6801/1017515005] -- mgr_command(tid 0: {"prefix": "cephadm generate-key", "target": ["mon-mgr", ""]}) -- 0x7f7c60108620 con 0x7f7c3c03dad0
2026-02-20T02:12:45.559 INFO:teuthology.orchestra.run.trial099.stdout:/usr/bin/ceph: stderr
2026-02-20T02:12:45.530+0000 7f7c477fe640 1 -- 10.20.193.99:0/3694747795 <== mgr.14118 v2:10.20.193.99:6800/1017515005 1 ==== mgr_command_reply(tid 0: 0 ) ==== 8+0+0 (secure 0 0 0) 0x7f7c60108620 con 0x7f7c3c03dad0
2026-02-20T02:12:45.560 INFO:teuthology.orchestra.run.trial099.stdout:/usr/bin/ceph: stderr
2026-02-20T02:12:45.531+0000 7f7c684b7640 1 -- 10.20.193.99:0/3694747795 >> [v2:10.20.193.99:6800/1017515005,v1:10.20.193.99:6801/1017515005] conn(0x7f7c3c03dad0 msgr2=0x7f7c3c03ff90 secure :-1 s=STATE_CONNECTION_ESTABLISHED l=1).mark_down
2026-02-20T02:12:45.560 INFO:teuthology.orchestra.run.trial099.stdout:/usr/bin/ceph: stderr
2026-02-20T02:12:45.531+0000 7f7c684b7640 1 --2- 10.20.193.99:0/3694747795 >> [v2:10.20.193.99:6800/1017515005,v1:10.20.193.99:6801/1017515005] conn(0x7f7c3c03dad0 0x7f7c3c03ff90 secure :-1 s=READY pgs=9 cs=0 l=1 rev1=1 crypto rx=0x7f7c540099c0 tx=0x7f7c54006eb0 comp rx=0 tx=0).stop
2026-02-20T02:12:45.560 INFO:teuthology.orchestra.run.trial099.stdout:/usr/bin/ceph: stderr
2026-02-20T02:12:45.531+0000 7f7c684b7640 1 -- 10.20.193.99:0/3694747795 >> [v2:10.20.193.99:3300/0,v1:10.20.193.99:6789/0] conn(0x7f7c6010a4c0 msgr2=0x7f7c601a0560 secure :-1 s=STATE_CONNECTION_ESTABLISHED l=1).mark_down
2026-02-20T02:12:45.560 INFO:teuthology.orchestra.run.trial099.stdout:/usr/bin/ceph: stderr
2026-02-20T02:12:45.531+0000 7f7c684b7640 1 --2- 10.20.193.99:0/3694747795 >> [v2:10.20.193.99:3300/0,v1:10.20.193.99:6789/0] conn(0x7f7c6010a4c0 0x7f7c601a0560 secure :-1 s=READY pgs=40 cs=0 l=1 rev1=1 crypto rx=0x7f7c50037f10 tx=0x7f7c50035aa0 comp rx=0 tx=0).stop
2026-02-20T02:12:45.560 INFO:teuthology.orchestra.run.trial099.stdout:/usr/bin/ceph: stderr
2026-02-20T02:12:45.531+0000 7f7c684b7640 1 -- 10.20.193.99:0/3694747795 shutdown_connections
2026-02-20T02:12:45.560 INFO:teuthology.orchestra.run.trial099.stdout:/usr/bin/ceph: stderr
2026-02-20T02:12:45.531+0000 7f7c684b7640 1 --2- 10.20.193.99:0/3694747795 >> [v2:10.20.193.99:6800/1017515005,v1:10.20.193.99:6801/1017515005] conn(0x7f7c3c03dad0 0x7f7c3c03ff90 unknown :-1 s=CLOSED pgs=9 cs=0 l=1 rev1=1 crypto rx=0 tx=0 comp rx=0 tx=0).stop
2026-02-20T02:12:45.560 INFO:teuthology.orchestra.run.trial099.stdout:/usr/bin/ceph: stderr
2026-02-20T02:12:45.531+0000 7f7c684b7640 1 --2- 10.20.193.99:0/3694747795 >> [v2:10.20.193.99:3300/0,v1:10.20.193.99:6789/0] conn(0x7f7c6010a4c0 0x7f7c601a0560 unknown :-1 s=CLOSED pgs=40 cs=0 l=1 rev1=1 crypto rx=0 tx=0 comp rx=0 tx=0).stop
2026-02-20T02:12:45.560 INFO:teuthology.orchestra.run.trial099.stdout:/usr/bin/ceph: stderr
2026-02-20T02:12:45.531+0000 7f7c684b7640 1 -- 10.20.193.99:0/3694747795 >> 10.20.193.99:0/3694747795 conn(0x7f7c6007d9a0 msgr2=0x7f7c60107f10 unknown :-1 s=STATE_NONE l=0).mark_down
2026-02-20T02:12:45.560 INFO:teuthology.orchestra.run.trial099.stdout:/usr/bin/ceph: stderr
2026-02-20T02:12:45.531+0000 7f7c684b7640 1 -- 10.20.193.99:0/3694747795 shutdown_connections
2026-02-20T02:12:45.560 INFO:teuthology.orchestra.run.trial099.stdout:/usr/bin/ceph: stderr
2026-02-20T02:12:45.531+0000 7f7c684b7640 1 -- 10.20.193.99:0/3694747795 wait complete.
2026-02-20T02:12:45.714 INFO:journalctl@ceph.mgr.x.trial099.stdout:Feb 20 02:12:45 trial099 ceph-92d194e6-0e01-11f1-861d-d404e6e7d460-mgr-x[41166]: Generating public/private ed25519 key pair.
2026-02-20T02:12:45.715 INFO:journalctl@ceph.mgr.x.trial099.stdout:Feb 20 02:12:45 trial099 ceph-92d194e6-0e01-11f1-861d-d404e6e7d460-mgr-x[41166]: Your identification has been saved in /tmp/tmppu_fn54g/key
2026-02-20T02:12:45.715 INFO:journalctl@ceph.mgr.x.trial099.stdout:Feb 20 02:12:45 trial099 ceph-92d194e6-0e01-11f1-861d-d404e6e7d460-mgr-x[41166]: Your public key has been saved in /tmp/tmppu_fn54g/key.pub
2026-02-20T02:12:45.715 INFO:journalctl@ceph.mgr.x.trial099.stdout:Feb 20 02:12:45 trial099 ceph-92d194e6-0e01-11f1-861d-d404e6e7d460-mgr-x[41166]: The key fingerprint is:
2026-02-20T02:12:45.715 INFO:journalctl@ceph.mgr.x.trial099.stdout:Feb 20 02:12:45 trial099 ceph-92d194e6-0e01-11f1-861d-d404e6e7d460-mgr-x[41166]: SHA256:D2q6TzSNLae2E8Shj4nfmCz8rq3TTCobz20XE6/+kZo ceph-92d194e6-0e01-11f1-861d-d404e6e7d460
2026-02-20T02:12:45.715 INFO:journalctl@ceph.mgr.x.trial099.stdout:Feb 20 02:12:45 trial099 ceph-92d194e6-0e01-11f1-861d-d404e6e7d460-mgr-x[41166]: The key's randomart image is:
2026-02-20T02:12:45.715 INFO:journalctl@ceph.mgr.x.trial099.stdout:Feb 20 02:12:45 trial099 ceph-92d194e6-0e01-11f1-861d-d404e6e7d460-mgr-x[41166]: +--[ED25519 256]--+
2026-02-20T02:12:45.715 INFO:journalctl@ceph.mgr.x.trial099.stdout:Feb 20 02:12:45 trial099 ceph-92d194e6-0e01-11f1-861d-d404e6e7d460-mgr-x[41166]: | |
2026-02-20T02:12:45.715 INFO:journalctl@ceph.mgr.x.trial099.stdout:Feb 20 02:12:45 trial099 ceph-92d194e6-0e01-11f1-861d-d404e6e7d460-mgr-x[41166]: | . |
2026-02-20T02:12:45.715 INFO:journalctl@ceph.mgr.x.trial099.stdout:Feb 20 02:12:45 trial099 ceph-92d194e6-0e01-11f1-861d-d404e6e7d460-mgr-x[41166]: | o . |
2026-02-20T02:12:45.715 INFO:journalctl@ceph.mgr.x.trial099.stdout:Feb 20 02:12:45 trial099 ceph-92d194e6-0e01-11f1-861d-d404e6e7d460-mgr-x[41166]: | . ++ |
2026-02-20T02:12:45.715 INFO:journalctl@ceph.mgr.x.trial099.stdout:Feb 20 02:12:45 trial099 ceph-92d194e6-0e01-11f1-861d-d404e6e7d460-mgr-x[41166]: | . ==oS |
2026-02-20T02:12:45.715 INFO:journalctl@ceph.mgr.x.trial099.stdout:Feb 20 02:12:45 trial099 ceph-92d194e6-0e01-11f1-861d-d404e6e7d460-mgr-x[41166]: | . +.=*.+ |
2026-02-20T02:12:45.715 INFO:journalctl@ceph.mgr.x.trial099.stdout:Feb 20 02:12:45 trial099 ceph-92d194e6-0e01-11f1-861d-d404e6e7d460-mgr-x[41166]: |.. B +*=o . |
2026-02-20T02:12:45.715 INFO:journalctl@ceph.mgr.x.trial099.stdout:Feb 20 02:12:45 trial099 ceph-92d194e6-0e01-11f1-861d-d404e6e7d460-mgr-x[41166]: |.+=oO==+ . |
2026-02-20T02:12:45.715 INFO:journalctl@ceph.mgr.x.trial099.stdout:Feb 20 02:12:45 trial099 ceph-92d194e6-0e01-11f1-861d-d404e6e7d460-mgr-x[41166]: |.o=OB=Eo. |
2026-02-20T02:12:45.715 INFO:journalctl@ceph.mgr.x.trial099.stdout:Feb 20 02:12:45 trial099 ceph-92d194e6-0e01-11f1-861d-d404e6e7d460-mgr-x[41166]: +----[SHA256]-----+
2026-02-20T02:12:45.763 INFO:teuthology.orchestra.run.trial099.stdout:/usr/bin/ceph: stdout ssh-ed25519 AAAAC3NzaC1lZDI1NTE5AAAAIFFUhNGz0PjPLRRaAJnODGF14iqmcMB0z3A7NSzEVi6M ceph-92d194e6-0e01-11f1-861d-d404e6e7d460
2026-02-20T02:12:45.763 INFO:teuthology.orchestra.run.trial099.stdout:/usr/bin/ceph: stderr
2026-02-20T02:12:45.645+0000 7f3b747f1640 1 Processor -- start
2026-02-20T02:12:45.763 INFO:teuthology.orchestra.run.trial099.stdout:/usr/bin/ceph: stderr
2026-02-20T02:12:45.645+0000 7f3b747f1640 1 -- start start
2026-02-20T02:12:45.764 INFO:teuthology.orchestra.run.trial099.stdout:/usr/bin/ceph: stderr
2026-02-20T02:12:45.645+0000 7f3b747f1640 1 --2- >> [v2:10.20.193.99:3300/0,v1:10.20.193.99:6789/0] conn(0x7f3b6c108250 0x7f3b6c108650 unknown :-1 s=NONE pgs=0 cs=0 l=0 rev1=0 crypto rx=0 tx=0 comp rx=0 tx=0).connect
2026-02-20T02:12:45.764 INFO:teuthology.orchestra.run.trial099.stdout:/usr/bin/ceph: stderr
2026-02-20T02:12:45.645+0000 7f3b747f1640 1 -- --> [v2:10.20.193.99:3300/0,v1:10.20.193.99:6789/0] -- mon_getmap magic: 0 -- 0x7f3b6c108c20 con 0x7f3b6c108250
2026-02-20T02:12:45.764 INFO:teuthology.orchestra.run.trial099.stdout:/usr/bin/ceph: stderr
2026-02-20T02:12:45.645+0000 7f3b72566640 1 --2- >> [v2:10.20.193.99:3300/0,v1:10.20.193.99:6789/0] conn(0x7f3b6c108250 0x7f3b6c108650 unknown :-1 s=BANNER_CONNECTING pgs=0 cs=0 l=0 rev1=0 crypto rx=0 tx=0 comp rx=0 tx=0)._handle_peer_banner_payload supported=3 required=0
2026-02-20T02:12:45.764 INFO:teuthology.orchestra.run.trial099.stdout:/usr/bin/ceph: stderr
2026-02-20T02:12:45.645+0000 7f3b72566640 1 --2- >> [v2:10.20.193.99:3300/0,v1:10.20.193.99:6789/0] conn(0x7f3b6c108250 0x7f3b6c108650 unknown :-1 s=HELLO_CONNECTING pgs=0 cs=0 l=0 rev1=1 crypto rx=0 tx=0 comp rx=0 tx=0).handle_hello peer v2:10.20.193.99:3300/0 says I am v2:10.20.193.99:38548/0 (socket says 10.20.193.99:38548)
2026-02-20T02:12:45.764 INFO:teuthology.orchestra.run.trial099.stdout:/usr/bin/ceph: stderr
2026-02-20T02:12:45.645+0000 7f3b72566640 1 -- 10.20.193.99:0/1864417600 learned_addr learned my addr 10.20.193.99:0/1864417600 (peer_addr_for_me v2:10.20.193.99:0/0)
2026-02-20T02:12:45.764 INFO:teuthology.orchestra.run.trial099.stdout:/usr/bin/ceph: stderr
2026-02-20T02:12:45.645+0000 7f3b72566640 1 -- 10.20.193.99:0/1864417600 --> [v2:10.20.193.99:3300/0,v1:10.20.193.99:6789/0] -- mon_subscribe({config=0+,monmap=0+}) -- 0x7f3b6c109400 con 0x7f3b6c108250
2026-02-20T02:12:45.764 INFO:teuthology.orchestra.run.trial099.stdout:/usr/bin/ceph: stderr
2026-02-20T02:12:45.646+0000 7f3b72566640 1 --2- 10.20.193.99:0/1864417600 >> [v2:10.20.193.99:3300/0,v1:10.20.193.99:6789/0] conn(0x7f3b6c108250 0x7f3b6c108650 secure :-1 s=READY pgs=41 cs=0 l=1 rev1=1 crypto rx=0x7f3b5c009920 tx=0x7f3b5c02ef20 comp rx=0 tx=0).ready entity=mon.0 client_cookie=dbebf069ce3d2eb7 server_cookie=0 in_seq=0 out_seq=0
2026-02-20T02:12:45.764 INFO:teuthology.orchestra.run.trial099.stdout:/usr/bin/ceph: stderr
2026-02-20T02:12:45.646+0000 7f3b71564640 1 -- 10.20.193.99:0/1864417600 <== mon.0 v2:10.20.193.99:3300/0 1 ==== mon_map magic: 0 ==== 205+0+0 (secure 0 0 0) 0x7f3b5c03c070 con 0x7f3b6c108250
2026-02-20T02:12:45.764 INFO:teuthology.orchestra.run.trial099.stdout:/usr/bin/ceph: stderr
2026-02-20T02:12:45.646+0000 7f3b71564640 1 -- 10.20.193.99:0/1864417600 <== mon.0 v2:10.20.193.99:3300/0 2 ==== config(27 keys) ==== 1079+0+0 (secure 0 0 0) 0x7f3b5c037440 con 0x7f3b6c108250
2026-02-20T02:12:45.765 INFO:teuthology.orchestra.run.trial099.stdout:/usr/bin/ceph: stderr
2026-02-20T02:12:45.646+0000 7f3b71564640 1 -- 10.20.193.99:0/1864417600 <== mon.0 v2:10.20.193.99:3300/0 3 ==== mon_map magic: 0 ==== 205+0+0 (secure 0 0 0) 0x7f3b5c0354d0 con 0x7f3b6c108250
2026-02-20T02:12:45.765 INFO:teuthology.orchestra.run.trial099.stdout:/usr/bin/ceph: stderr
2026-02-20T02:12:45.646+0000 7f3b747f1640 1 -- 10.20.193.99:0/1864417600 >> [v2:10.20.193.99:3300/0,v1:10.20.193.99:6789/0] conn(0x7f3b6c108250 msgr2=0x7f3b6c108650 secure :-1 s=STATE_CONNECTION_ESTABLISHED l=1).mark_down
2026-02-20T02:12:45.765 INFO:teuthology.orchestra.run.trial099.stdout:/usr/bin/ceph: stderr
2026-02-20T02:12:45.646+0000 7f3b747f1640 1 --2- 10.20.193.99:0/1864417600 >> [v2:10.20.193.99:3300/0,v1:10.20.193.99:6789/0] conn(0x7f3b6c108250 0x7f3b6c108650 secure :-1 s=READY pgs=41 cs=0 l=1 rev1=1 crypto rx=0x7f3b5c009920 tx=0x7f3b5c02ef20 comp rx=0 tx=0).stop
2026-02-20T02:12:45.765 INFO:teuthology.orchestra.run.trial099.stdout:/usr/bin/ceph: stderr
2026-02-20T02:12:45.646+0000 7f3b747f1640 1 -- 10.20.193.99:0/1864417600 shutdown_connections
2026-02-20T02:12:45.765 INFO:teuthology.orchestra.run.trial099.stdout:/usr/bin/ceph: stderr
2026-02-20T02:12:45.646+0000 7f3b747f1640 1 --2- 10.20.193.99:0/1864417600 >> [v2:10.20.193.99:3300/0,v1:10.20.193.99:6789/0] conn(0x7f3b6c108250 0x7f3b6c108650 unknown :-1 s=CLOSED pgs=41 cs=0 l=1 rev1=1 crypto rx=0 tx=0 comp rx=0 tx=0).stop
2026-02-20T02:12:45.765 INFO:teuthology.orchestra.run.trial099.stdout:/usr/bin/ceph: stderr
2026-02-20T02:12:45.646+0000 7f3b747f1640 1 -- 10.20.193.99:0/1864417600 >> 10.20.193.99:0/1864417600 conn(0x7f3b6c1039e0 msgr2=0x7f3b6c105e20 unknown :-1 s=STATE_NONE l=0).mark_down
2026-02-20T02:12:45.765 INFO:teuthology.orchestra.run.trial099.stdout:/usr/bin/ceph: stderr
2026-02-20T02:12:45.646+0000 7f3b747f1640 1 -- 10.20.193.99:0/1864417600 shutdown_connections
2026-02-20T02:12:45.765 INFO:teuthology.orchestra.run.trial099.stdout:/usr/bin/ceph: stderr
2026-02-20T02:12:45.646+0000 7f3b747f1640 1 -- 10.20.193.99:0/1864417600 wait complete.
2026-02-20T02:12:45.765 INFO:teuthology.orchestra.run.trial099.stdout:/usr/bin/ceph: stderr
2026-02-20T02:12:45.647+0000 7f3b747f1640 1 Processor -- start
2026-02-20T02:12:45.765 INFO:teuthology.orchestra.run.trial099.stdout:/usr/bin/ceph: stderr
2026-02-20T02:12:45.647+0000 7f3b747f1640 1 -- start start
2026-02-20T02:12:45.765 INFO:teuthology.orchestra.run.trial099.stdout:/usr/bin/ceph: stderr
2026-02-20T02:12:45.647+0000 7f3b747f1640 1 --2- >> [v2:10.20.193.99:3300/0,v1:10.20.193.99:6789/0] conn(0x7f3b6c108250 0x7f3b6c1a05c0 unknown :-1 s=NONE pgs=0 cs=0 l=1 rev1=0 crypto rx=0 tx=0 comp rx=0 tx=0).connect
2026-02-20T02:12:45.766 INFO:teuthology.orchestra.run.trial099.stdout:/usr/bin/ceph: stderr
2026-02-20T02:12:45.647+0000 7f3b747f1640 1 -- --> [v2:10.20.193.99:3300/0,v1:10.20.193.99:6789/0] -- mon_getmap magic: 0 -- 0x7f3b6c10c630 con 0x7f3b6c108250
2026-02-20T02:12:45.766 INFO:teuthology.orchestra.run.trial099.stdout:/usr/bin/ceph: stderr
2026-02-20T02:12:45.647+0000 7f3b72566640 1 --2- >> [v2:10.20.193.99:3300/0,v1:10.20.193.99:6789/0] conn(0x7f3b6c108250 0x7f3b6c1a05c0 unknown :-1 s=BANNER_CONNECTING pgs=0 cs=0 l=1 rev1=0 crypto rx=0 tx=0 comp rx=0 tx=0)._handle_peer_banner_payload supported=3 required=0
2026-02-20T02:12:45.766 INFO:teuthology.orchestra.run.trial099.stdout:/usr/bin/ceph: stderr
2026-02-20T02:12:45.647+0000 7f3b72566640 1 --2- >> [v2:10.20.193.99:3300/0,v1:10.20.193.99:6789/0] conn(0x7f3b6c108250 0x7f3b6c1a05c0 unknown :-1 s=HELLO_CONNECTING pgs=0 cs=0 l=1 rev1=1 crypto rx=0 tx=0 comp rx=0 tx=0).handle_hello peer v2:10.20.193.99:3300/0 says I am v2:10.20.193.99:38552/0 (socket says 10.20.193.99:38552)
2026-02-20T02:12:45.766 INFO:teuthology.orchestra.run.trial099.stdout:/usr/bin/ceph: stderr
2026-02-20T02:12:45.647+0000 7f3b72566640 1 -- 10.20.193.99:0/2190456404 learned_addr learned my addr 10.20.193.99:0/2190456404 (peer_addr_for_me v2:10.20.193.99:0/0)
2026-02-20T02:12:45.766 INFO:teuthology.orchestra.run.trial099.stdout:/usr/bin/ceph: stderr
2026-02-20T02:12:45.647+0000 7f3b72566640 1 -- 10.20.193.99:0/2190456404 --> [v2:10.20.193.99:3300/0,v1:10.20.193.99:6789/0] -- mon_subscribe({config=0+,monmap=0+}) -- 0x7f3b6c1a0b00 con 0x7f3b6c108250
2026-02-20T02:12:45.766 INFO:teuthology.orchestra.run.trial099.stdout:/usr/bin/ceph: stderr
2026-02-20T02:12:45.647+0000 7f3b72566640 1 --2- 10.20.193.99:0/2190456404 >> [v2:10.20.193.99:3300/0,v1:10.20.193.99:6789/0] conn(0x7f3b6c108250 0x7f3b6c1a05c0 secure :-1 s=READY pgs=42 cs=0 l=1 rev1=1 crypto rx=0x7f3b5c037f10 tx=0x7f3b5c035ac0 comp rx=0 tx=0).ready entity=mon.0 client_cookie=0 server_cookie=0 in_seq=0 out_seq=0
2026-02-20T02:12:45.766 INFO:teuthology.orchestra.run.trial099.stdout:/usr/bin/ceph: stderr
2026-02-20T02:12:45.647+0000 7f3b537fe640 1 -- 10.20.193.99:0/2190456404 <== mon.0 v2:10.20.193.99:3300/0 1 ==== mon_map magic: 0 ==== 205+0+0 (secure 0 0 0) 0x7f3b5c045070 con 0x7f3b6c108250
2026-02-20T02:12:45.766 INFO:teuthology.orchestra.run.trial099.stdout:/usr/bin/ceph: stderr
2026-02-20T02:12:45.647+0000 7f3b537fe640 1 -- 10.20.193.99:0/2190456404 <== mon.0 v2:10.20.193.99:3300/0 2 ==== config(27 keys) ==== 1079+0+0 (secure 0 0 0) 0x7f3b5c02fe50 con 0x7f3b6c108250
2026-02-20T02:12:45.766 INFO:teuthology.orchestra.run.trial099.stdout:/usr/bin/ceph: stderr
2026-02-20T02:12:45.647+0000 7f3b747f1640 1 -- 10.20.193.99:0/2190456404 --> [v2:10.20.193.99:3300/0,v1:10.20.193.99:6789/0] -- mon_subscribe({mgrmap=0+}) -- 0x7f3b6c1a0d90 con 0x7f3b6c108250
2026-02-20T02:12:45.766 INFO:teuthology.orchestra.run.trial099.stdout:/usr/bin/ceph: stderr
2026-02-20T02:12:45.647+0000 7f3b537fe640 1 -- 10.20.193.99:0/2190456404 <== mon.0 v2:10.20.193.99:3300/0 3 ==== mon_map magic: 0 ==== 205+0+0 (secure 0 0 0) 0x7f3b5c03c070 con 0x7f3b6c108250
2026-02-20T02:12:45.766 INFO:teuthology.orchestra.run.trial099.stdout:/usr/bin/ceph: stderr
2026-02-20T02:12:45.647+0000 7f3b747f1640 1 -- 10.20.193.99:0/2190456404 --> [v2:10.20.193.99:3300/0,v1:10.20.193.99:6789/0] -- mon_subscribe({osdmap=0}) -- 0x7f3b6c1a3a80 con 0x7f3b6c108250
2026-02-20T02:12:45.767 INFO:teuthology.orchestra.run.trial099.stdout:/usr/bin/ceph: stderr
2026-02-20T02:12:45.648+0000 7f3b747f1640 1 -- 10.20.193.99:0/2190456404 --> [v2:10.20.193.99:3300/0,v1:10.20.193.99:6789/0] -- mon_command({"prefix": "get_command_descriptions"} v 0) -- 0x7f3b6c1086d0 con 0x7f3b6c108250
2026-02-20T02:12:45.767 INFO:teuthology.orchestra.run.trial099.stdout:/usr/bin/ceph: stderr
2026-02-20T02:12:45.648+0000 7f3b537fe640 1 -- 10.20.193.99:0/2190456404 <== mon.0 v2:10.20.193.99:3300/0 4 ==== mgrmap(e 7) ==== 50141+0+0 (secure 0 0 0) 0x7f3b5c040690 con 0x7f3b6c108250
2026-02-20T02:12:45.767 INFO:teuthology.orchestra.run.trial099.stdout:/usr/bin/ceph: stderr
2026-02-20T02:12:45.648+0000 7f3b537fe640 1 --2- 10.20.193.99:0/2190456404 >> [v2:10.20.193.99:6800/1017515005,v1:10.20.193.99:6801/1017515005] conn(0x7f3b4803dad0 0x7f3b4803ff90 unknown :-1 s=NONE pgs=0 cs=0 l=1 rev1=0 crypto rx=0 tx=0 comp rx=0 tx=0).connect
2026-02-20T02:12:45.767 INFO:teuthology.orchestra.run.trial099.stdout:/usr/bin/ceph: stderr
2026-02-20T02:12:45.648+0000 7f3b537fe640 1 -- 10.20.193.99:0/2190456404 <== mon.0 v2:10.20.193.99:3300/0 5 ==== osd_map(2..2 src has 1..2) ==== 940+0+0 (secure 0 0 0) 0x7f3b5c076600 con 0x7f3b6c108250
2026-02-20T02:12:45.767 INFO:teuthology.orchestra.run.trial099.stdout:/usr/bin/ceph: stderr
2026-02-20T02:12:45.648+0000 7f3b71d65640 1 --2- 10.20.193.99:0/2190456404 >> [v2:10.20.193.99:6800/1017515005,v1:10.20.193.99:6801/1017515005] conn(0x7f3b4803dad0 0x7f3b4803ff90 unknown :-1 s=BANNER_CONNECTING pgs=0 cs=0 l=1 rev1=0 crypto rx=0 tx=0 comp rx=0 tx=0)._handle_peer_banner_payload supported=3 required=0
2026-02-20T02:12:45.767 INFO:teuthology.orchestra.run.trial099.stdout:/usr/bin/ceph: stderr
2026-02-20T02:12:45.649+0000 7f3b71d65640 1 --2- 10.20.193.99:0/2190456404 >> [v2:10.20.193.99:6800/1017515005,v1:10.20.193.99:6801/1017515005] conn(0x7f3b4803dad0 0x7f3b4803ff90 secure :-1 s=READY pgs=10 cs=0 l=1 rev1=1 crypto rx=0x7f3b600099c0 tx=0x7f3b60006eb0 comp rx=0 tx=0).ready entity=mgr.14118 client_cookie=0 server_cookie=0 in_seq=0 out_seq=0
2026-02-20T02:12:45.767 INFO:teuthology.orchestra.run.trial099.stdout:/usr/bin/ceph: stderr
2026-02-20T02:12:45.651+0000 7f3b537fe640 1 -- 10.20.193.99:0/2190456404 <== mon.0 v2:10.20.193.99:3300/0 6 ==== mon_command_ack([{"prefix": "get_command_descriptions"}]=0 v0) ==== 72+0+195341 (secure 0 0 0) 0x7f3b5c03c210 con 0x7f3b6c108250
2026-02-20T02:12:45.767 INFO:teuthology.orchestra.run.trial099.stdout:/usr/bin/ceph: stderr
2026-02-20T02:12:45.735+0000 7f3b747f1640 1 -- 10.20.193.99:0/2190456404 --> [v2:10.20.193.99:6800/1017515005,v1:10.20.193.99:6801/1017515005] -- mgr_command(tid 0: {"prefix": "cephadm get-pub-key", "target": ["mon-mgr", ""]}) -- 0x7f3b6c104c70 con 0x7f3b4803dad0
2026-02-20T02:12:45.767 INFO:teuthology.orchestra.run.trial099.stdout:/usr/bin/ceph: stderr
2026-02-20T02:12:45.736+0000 7f3b537fe640 1 -- 10.20.193.99:0/2190456404 <== mgr.14118 v2:10.20.193.99:6800/1017515005 1 ==== mgr_command_reply(tid 0: 0 ) ==== 8+0+123 (secure 0 0 0) 0x7f3b6c104c70 con 0x7f3b4803dad0
2026-02-20T02:12:45.767 INFO:teuthology.orchestra.run.trial099.stdout:/usr/bin/ceph: stderr
2026-02-20T02:12:45.737+0000 7f3b747f1640 1 -- 10.20.193.99:0/2190456404 >> [v2:10.20.193.99:6800/1017515005,v1:10.20.193.99:6801/1017515005] conn(0x7f3b4803dad0 msgr2=0x7f3b4803ff90 secure :-1 s=STATE_CONNECTION_ESTABLISHED l=1).mark_down
2026-02-20T02:12:45.767 INFO:teuthology.orchestra.run.trial099.stdout:/usr/bin/ceph: stderr
2026-02-20T02:12:45.737+0000 7f3b747f1640 1 --2- 10.20.193.99:0/2190456404 >> [v2:10.20.193.99:6800/1017515005,v1:10.20.193.99:6801/1017515005] conn(0x7f3b4803dad0 0x7f3b4803ff90 secure :-1 s=READY pgs=10 cs=0 l=1 rev1=1 crypto rx=0x7f3b600099c0 tx=0x7f3b60006eb0 comp rx=0 tx=0).stop
2026-02-20T02:12:45.768 INFO:teuthology.orchestra.run.trial099.stdout:/usr/bin/ceph: stderr
2026-02-20T02:12:45.737+0000 7f3b747f1640 1 -- 10.20.193.99:0/2190456404 >> [v2:10.20.193.99:3300/0,v1:10.20.193.99:6789/0] conn(0x7f3b6c108250 msgr2=0x7f3b6c1a05c0 secure :-1 s=STATE_CONNECTION_ESTABLISHED l=1).mark_down
2026-02-20T02:12:45.768 INFO:teuthology.orchestra.run.trial099.stdout:/usr/bin/ceph: stderr
2026-02-20T02:12:45.737+0000 7f3b747f1640 1 --2- 10.20.193.99:0/2190456404 >> [v2:10.20.193.99:3300/0,v1:10.20.193.99:6789/0] conn(0x7f3b6c108250 0x7f3b6c1a05c0 secure :-1 s=READY pgs=42 cs=0 l=1 rev1=1 crypto rx=0x7f3b5c037f10 tx=0x7f3b5c035ac0 comp rx=0 tx=0).stop
2026-02-20T02:12:45.768 INFO:teuthology.orchestra.run.trial099.stdout:/usr/bin/ceph: stderr
2026-02-20T02:12:45.737+0000 7f3b747f1640 1 -- 10.20.193.99:0/2190456404 shutdown_connections
2026-02-20T02:12:45.768 INFO:teuthology.orchestra.run.trial099.stdout:/usr/bin/ceph: stderr
2026-02-20T02:12:45.737+0000 7f3b747f1640 1 --2- 10.20.193.99:0/2190456404 >> [v2:10.20.193.99:6800/1017515005,v1:10.20.193.99:6801/1017515005] conn(0x7f3b4803dad0 0x7f3b4803ff90 unknown :-1 s=CLOSED pgs=10 cs=0 l=1 rev1=1 crypto rx=0 tx=0 comp rx=0 tx=0).stop
2026-02-20T02:12:45.768 INFO:teuthology.orchestra.run.trial099.stdout:/usr/bin/ceph: stderr
2026-02-20T02:12:45.737+0000 7f3b747f1640 1 --2- 10.20.193.99:0/2190456404 >> [v2:10.20.193.99:3300/0,v1:10.20.193.99:6789/0] conn(0x7f3b6c108250 0x7f3b6c1a05c0 unknown :-1 s=CLOSED pgs=42 cs=0 l=1 rev1=1 crypto rx=0 tx=0 comp rx=0 tx=0).stop
2026-02-20T02:12:45.768 INFO:teuthology.orchestra.run.trial099.stdout:/usr/bin/ceph: stderr
2026-02-20T02:12:45.737+0000 7f3b747f1640 1 -- 10.20.193.99:0/2190456404 >> 10.20.193.99:0/2190456404 conn(0x7f3b6c1039e0 msgr2=0x7f3b6c104560 unknown :-1 s=STATE_NONE l=0).mark_down
2026-02-20T02:12:45.768 INFO:teuthology.orchestra.run.trial099.stdout:/usr/bin/ceph: stderr
2026-02-20T02:12:45.737+0000 7f3b747f1640 1 -- 10.20.193.99:0/2190456404 shutdown_connections
2026-02-20T02:12:45.768 INFO:teuthology.orchestra.run.trial099.stdout:/usr/bin/ceph: stderr
2026-02-20T02:12:45.737+0000 7f3b747f1640 1 -- 10.20.193.99:0/2190456404 wait complete.
2026-02-20T02:12:45.768 INFO:teuthology.orchestra.run.trial099.stdout:Wrote public SSH key to /home/ubuntu/cephtest/ceph.pub
2026-02-20T02:12:45.768 INFO:teuthology.orchestra.run.trial099.stdout:Adding key to root@localhost authorized_keys...
2026-02-20T02:12:45.769 INFO:teuthology.orchestra.run.trial099.stdout:Adding host trial099...
2026-02-20T02:12:46.251 INFO:journalctl@ceph.mon.a.trial099.stdout:Feb 20 02:12:46 trial099 ceph-mon[40890]: [20/Feb/2026:02:12:44] ENGINE Bus STARTING
2026-02-20T02:12:46.252 INFO:journalctl@ceph.mon.a.trial099.stdout:Feb 20 02:12:46 trial099 ceph-mon[40890]: [20/Feb/2026:02:12:44] ENGINE Serving on https://10.20.193.99:7150
2026-02-20T02:12:46.252 INFO:journalctl@ceph.mon.a.trial099.stdout:Feb 20 02:12:46 trial099 ceph-mon[40890]: [20/Feb/2026:02:12:44] ENGINE Client ('10.20.193.99', 38184) lost — peer dropped the TLS connection suddenly, during handshake: (6, 'TLS/SSL connection has been closed (EOF) (_ssl.c:1147)')
2026-02-20T02:12:46.252 INFO:journalctl@ceph.mon.a.trial099.stdout:Feb 20 02:12:46 trial099 ceph-mon[40890]: [20/Feb/2026:02:12:44] ENGINE Serving on http://10.20.193.99:8765
2026-02-20T02:12:46.252 INFO:journalctl@ceph.mon.a.trial099.stdout:Feb 20 02:12:46 trial099 ceph-mon[40890]: [20/Feb/2026:02:12:44] ENGINE Bus STARTED
2026-02-20T02:12:46.252 INFO:journalctl@ceph.mon.a.trial099.stdout:Feb 20 02:12:46 trial099 ceph-mon[40890]: from='client.14122 -' entity='client.admin' cmd=[{"prefix": "get_command_descriptions"}]: dispatch
2026-02-20T02:12:46.252 INFO:journalctl@ceph.mon.a.trial099.stdout:Feb 20 02:12:46 trial099 ceph-mon[40890]: from='client.14122 -' entity='client.admin' cmd=[{"prefix": "mgr_status"}]: dispatch
2026-02-20T02:12:46.252 INFO:journalctl@ceph.mon.a.trial099.stdout:Feb 20 02:12:46 trial099 ceph-mon[40890]: from='client.14130 -' entity='client.admin' cmd=[{"prefix": "orch set backend", "module_name": "cephadm", "target": ["mon-mgr", ""]}]: dispatch
2026-02-20T02:12:46.252 INFO:journalctl@ceph.mon.a.trial099.stdout:Feb 20 02:12:46 trial099 ceph-mon[40890]: from='mgr.14118 10.20.193.99:0/1678751409' entity='mgr.x'
2026-02-20T02:12:46.252 INFO:journalctl@ceph.mon.a.trial099.stdout:Feb 20 02:12:46 trial099 ceph-mon[40890]: from='mgr.14118 10.20.193.99:0/1678751409' entity='mgr.x'
2026-02-20T02:12:47.376 INFO:journalctl@ceph.mon.a.trial099.stdout:Feb 20 02:12:47 trial099 ceph-mon[40890]: from='client.14132 -' entity='client.admin' cmd=[{"prefix": "cephadm set-user", "user": "root", "target": ["mon-mgr", ""]}]: dispatch
2026-02-20T02:12:47.376 INFO:journalctl@ceph.mon.a.trial099.stdout:Feb 20 02:12:47 trial099 ceph-mon[40890]: from='client.14134 -' entity='client.admin' cmd=[{"prefix": "cephadm generate-key", "target": ["mon-mgr", ""]}]: dispatch
2026-02-20T02:12:47.376 INFO:journalctl@ceph.mon.a.trial099.stdout:Feb 20 02:12:47 trial099 ceph-mon[40890]: Generating ssh key...
2026-02-20T02:12:47.376 INFO:journalctl@ceph.mon.a.trial099.stdout:Feb 20 02:12:47 trial099 ceph-mon[40890]: from='client.14136 -' entity='client.admin' cmd=[{"prefix": "cephadm get-pub-key", "target": ["mon-mgr", ""]}]: dispatch
2026-02-20T02:12:47.376 INFO:journalctl@ceph.mon.a.trial099.stdout:Feb 20 02:12:47 trial099 ceph-mon[40890]: from='client.14138 -' entity='client.admin' cmd=[{"prefix": "orch host add", "hostname": "trial099", "addr": "10.20.193.99", "target": ["mon-mgr", ""]}]: dispatch
2026-02-20T02:12:47.376 INFO:journalctl@ceph.mon.a.trial099.stdout:Feb 20 02:12:47 trial099 ceph-mon[40890]: mgrmap e8: x(active, since 2s)
2026-02-20T02:12:47.426 INFO:teuthology.orchestra.run.trial099.stdout:/usr/bin/ceph: stdout Added host 'trial099' with addr '10.20.193.99'
2026-02-20T02:12:47.426 INFO:teuthology.orchestra.run.trial099.stdout:/usr/bin/ceph: stderr
2026-02-20T02:12:45.859+0000 7f86bc7da640 1 Processor -- start
2026-02-20T02:12:47.427 INFO:teuthology.orchestra.run.trial099.stdout:/usr/bin/ceph: stderr
2026-02-20T02:12:45.859+0000 7f86bc7da640 1 -- start start
2026-02-20T02:12:47.427 INFO:teuthology.orchestra.run.trial099.stdout:/usr/bin/ceph: stderr
2026-02-20T02:12:45.859+0000 7f86bc7da640 1 --2- >> [v2:10.20.193.99:3300/0,v1:10.20.193.99:6789/0] conn(0x7f86b410a4c0 0x7f86b410a8c0 unknown :-1 s=NONE pgs=0 cs=0 l=0 rev1=0 crypto rx=0 tx=0 comp rx=0 tx=0).connect
2026-02-20T02:12:47.427 INFO:teuthology.orchestra.run.trial099.stdout:/usr/bin/ceph: stderr
2026-02-20T02:12:45.859+0000 7f86bc7da640 1 -- --> [v2:10.20.193.99:3300/0,v1:10.20.193.99:6789/0] -- mon_getmap magic: 0 -- 0x7f86b410ae90 con 0x7f86b410a4c0
2026-02-20T02:12:47.427 INFO:teuthology.orchestra.run.trial099.stdout:/usr/bin/ceph: stderr
2026-02-20T02:12:45.859+0000 7f86ba54f640 1 --2- >> [v2:10.20.193.99:3300/0,v1:10.20.193.99:6789/0] conn(0x7f86b410a4c0 0x7f86b410a8c0 unknown :-1 s=BANNER_CONNECTING pgs=0 cs=0 l=0 rev1=0 crypto rx=0 tx=0 comp rx=0 tx=0)._handle_peer_banner_payload supported=3 required=0
2026-02-20T02:12:47.427 INFO:teuthology.orchestra.run.trial099.stdout:/usr/bin/ceph: stderr
2026-02-20T02:12:45.859+0000 7f86ba54f640 1 --2- >> [v2:10.20.193.99:3300/0,v1:10.20.193.99:6789/0] conn(0x7f86b410a4c0 0x7f86b410a8c0 unknown :-1 s=HELLO_CONNECTING pgs=0 cs=0 l=0 rev1=1 crypto rx=0 tx=0 comp rx=0 tx=0).handle_hello peer v2:10.20.193.99:3300/0 says I am v2:10.20.193.99:38554/0 (socket says 10.20.193.99:38554)
2026-02-20T02:12:47.427 INFO:teuthology.orchestra.run.trial099.stdout:/usr/bin/ceph: stderr
2026-02-20T02:12:45.859+0000 7f86ba54f640 1 -- 10.20.193.99:0/2853407276 learned_addr learned my addr 10.20.193.99:0/2853407276 (peer_addr_for_me v2:10.20.193.99:0/0)
2026-02-20T02:12:47.427 INFO:teuthology.orchestra.run.trial099.stdout:/usr/bin/ceph: stderr
2026-02-20T02:12:45.859+0000 7f86ba54f640 1 -- 10.20.193.99:0/2853407276 --> [v2:10.20.193.99:3300/0,v1:10.20.193.99:6789/0] -- mon_subscribe({config=0+,monmap=0+}) -- 0x7f86b410b6c0 con 0x7f86b410a4c0
2026-02-20T02:12:47.427 INFO:teuthology.orchestra.run.trial099.stdout:/usr/bin/ceph: stderr
2026-02-20T02:12:45.860+0000 7f86ba54f640 1 --2- 10.20.193.99:0/2853407276 >> [v2:10.20.193.99:3300/0,v1:10.20.193.99:6789/0] conn(0x7f86b410a4c0 0x7f86b410a8c0 secure :-1 s=READY pgs=43 cs=0 l=1 rev1=1 crypto rx=0x7f86a4009920 tx=0x7f86a402ef20 comp rx=0 tx=0).ready entity=mon.0 client_cookie=50f4a84f18da6d79 server_cookie=0 in_seq=0 out_seq=0
2026-02-20T02:12:47.427 INFO:teuthology.orchestra.run.trial099.stdout:/usr/bin/ceph: stderr
2026-02-20T02:12:45.860+0000 7f86b954d640 1 -- 10.20.193.99:0/2853407276 <== mon.0 v2:10.20.193.99:3300/0 1 ==== mon_map magic: 0 ==== 205+0+0 (secure 0 0 0) 0x7f86a403c070 con 0x7f86b410a4c0
2026-02-20T02:12:47.428 INFO:teuthology.orchestra.run.trial099.stdout:/usr/bin/ceph: stderr
2026-02-20T02:12:45.860+0000 7f86b954d640 1 -- 10.20.193.99:0/2853407276 <== mon.0 v2:10.20.193.99:3300/0 2 ==== config(27 keys) ==== 1079+0+0 (secure 0 0 0) 0x7f86a4037440 con 0x7f86b410a4c0
2026-02-20T02:12:47.428 INFO:teuthology.orchestra.run.trial099.stdout:/usr/bin/ceph: stderr
2026-02-20T02:12:45.860+0000 7f86b954d640 1 -- 10.20.193.99:0/2853407276 <== mon.0 v2:10.20.193.99:3300/0 3 ==== mon_map magic: 0 ==== 205+0+0 (secure 0 0 0) 0x7f86a40354d0 con 0x7f86b410a4c0
2026-02-20T02:12:47.428 INFO:teuthology.orchestra.run.trial099.stdout:/usr/bin/ceph: stderr
2026-02-20T02:12:45.860+0000 7f86bc7da640 1 -- 10.20.193.99:0/2853407276 >> [v2:10.20.193.99:3300/0,v1:10.20.193.99:6789/0] conn(0x7f86b410a4c0 msgr2=0x7f86b410a8c0 secure :-1 s=STATE_CONNECTION_ESTABLISHED l=1).mark_down
2026-02-20T02:12:47.428 INFO:teuthology.orchestra.run.trial099.stdout:/usr/bin/ceph: stderr
2026-02-20T02:12:45.860+0000 7f86bc7da640 1 --2- 10.20.193.99:0/2853407276 >> [v2:10.20.193.99:3300/0,v1:10.20.193.99:6789/0] conn(0x7f86b410a4c0 0x7f86b410a8c0 secure :-1 s=READY pgs=43 cs=0 l=1 rev1=1 crypto rx=0x7f86a4009920 tx=0x7f86a402ef20 comp rx=0 tx=0).stop
2026-02-20T02:12:47.428 INFO:teuthology.orchestra.run.trial099.stdout:/usr/bin/ceph: stderr
2026-02-20T02:12:45.860+0000 7f86bc7da640 1 -- 10.20.193.99:0/2853407276 shutdown_connections
2026-02-20T02:12:47.428 INFO:teuthology.orchestra.run.trial099.stdout:/usr/bin/ceph: stderr
2026-02-20T02:12:45.860+0000 7f86bc7da640 1 --2- 10.20.193.99:0/2853407276 >> [v2:10.20.193.99:3300/0,v1:10.20.193.99:6789/0] conn(0x7f86b410a4c0 0x7f86b410a8c0 unknown :-1 s=CLOSED pgs=43 cs=0 l=1 rev1=1 crypto rx=0 tx=0 comp rx=0 tx=0).stop
2026-02-20T02:12:47.428 INFO:teuthology.orchestra.run.trial099.stdout:/usr/bin/ceph: stderr
2026-02-20T02:12:45.860+0000 7f86bc7da640 1 -- 10.20.193.99:0/2853407276 >> 10.20.193.99:0/2853407276 conn(0x7f86b407d9a0 msgr2=0x7f86b4108680 unknown :-1 s=STATE_NONE l=0).mark_down
2026-02-20T02:12:47.428 INFO:teuthology.orchestra.run.trial099.stdout:/usr/bin/ceph: stderr
2026-02-20T02:12:45.860+0000 7f86bc7da640 1 -- 10.20.193.99:0/2853407276 shutdown_connections
2026-02-20T02:12:47.428 INFO:teuthology.orchestra.run.trial099.stdout:/usr/bin/ceph: stderr
2026-02-20T02:12:45.860+0000 7f86bc7da640 1 -- 10.20.193.99:0/2853407276 wait complete.
2026-02-20T02:12:47.428 INFO:teuthology.orchestra.run.trial099.stdout:/usr/bin/ceph: stderr
2026-02-20T02:12:45.861+0000 7f86bc7da640 1 Processor -- start
2026-02-20T02:12:47.429 INFO:teuthology.orchestra.run.trial099.stdout:/usr/bin/ceph: stderr
2026-02-20T02:12:45.861+0000 7f86bc7da640 1 -- start start
2026-02-20T02:12:47.429 INFO:teuthology.orchestra.run.trial099.stdout:/usr/bin/ceph: stderr
2026-02-20T02:12:45.861+0000 7f86bc7da640 1 --2- >> [v2:10.20.193.99:3300/0,v1:10.20.193.99:6789/0] conn(0x7f86b410a4c0 0x7f86b41a0560 unknown :-1 s=NONE pgs=0 cs=0 l=1 rev1=0 crypto rx=0 tx=0 comp rx=0 tx=0).connect
2026-02-20T02:12:47.429 INFO:teuthology.orchestra.run.trial099.stdout:/usr/bin/ceph: stderr
2026-02-20T02:12:45.861+0000 7f86bc7da640 1 -- --> [v2:10.20.193.99:3300/0,v1:10.20.193.99:6789/0] -- mon_getmap magic: 0 -- 0x7f86b410e8f0 con 0x7f86b410a4c0
2026-02-20T02:12:47.429 INFO:teuthology.orchestra.run.trial099.stdout:/usr/bin/ceph: stderr
2026-02-20T02:12:45.861+0000 7f86ba54f640 1 --2- >> [v2:10.20.193.99:3300/0,v1:10.20.193.99:6789/0] conn(0x7f86b410a4c0 0x7f86b41a0560 unknown :-1 s=BANNER_CONNECTING pgs=0 cs=0 l=1 rev1=0 crypto rx=0 tx=0 comp rx=0 tx=0)._handle_peer_banner_payload supported=3 required=0
2026-02-20T02:12:47.429 INFO:teuthology.orchestra.run.trial099.stdout:/usr/bin/ceph: stderr
2026-02-20T02:12:45.861+0000 7f86ba54f640 1 --2- >> [v2:10.20.193.99:3300/0,v1:10.20.193.99:6789/0] conn(0x7f86b410a4c0 0x7f86b41a0560 unknown :-1 s=HELLO_CONNECTING pgs=0 cs=0 l=1 rev1=1 crypto rx=0 tx=0 comp rx=0 tx=0).handle_hello peer v2:10.20.193.99:3300/0 says I am v2:10.20.193.99:38570/0 (socket says 10.20.193.99:38570)
2026-02-20T02:12:47.429 INFO:teuthology.orchestra.run.trial099.stdout:/usr/bin/ceph: stderr
2026-02-20T02:12:45.861+0000 7f86ba54f640 1 -- 10.20.193.99:0/3835112566 learned_addr learned my addr 10.20.193.99:0/3835112566 (peer_addr_for_me v2:10.20.193.99:0/0)
2026-02-20T02:12:47.429 INFO:teuthology.orchestra.run.trial099.stdout:/usr/bin/ceph: stderr
2026-02-20T02:12:45.861+0000 7f86ba54f640 1 -- 10.20.193.99:0/3835112566 --> [v2:10.20.193.99:3300/0,v1:10.20.193.99:6789/0] -- mon_subscribe({config=0+,monmap=0+}) -- 0x7f86b41a0aa0 con 0x7f86b410a4c0
2026-02-20T02:12:47.429 INFO:teuthology.orchestra.run.trial099.stdout:/usr/bin/ceph: stderr
2026-02-20T02:12:45.861+0000 7f86ba54f640 1 --2- 10.20.193.99:0/3835112566 >> [v2:10.20.193.99:3300/0,v1:10.20.193.99:6789/0] conn(0x7f86b410a4c0 0x7f86b41a0560 secure :-1 s=READY pgs=44 cs=0 l=1 rev1=1 crypto rx=0x7f86a4009a50 tx=0x7f86a4035ac0 comp rx=0 tx=0).ready entity=mon.0 client_cookie=0 server_cookie=0 in_seq=0 out_seq=0
2026-02-20T02:12:47.429 INFO:teuthology.orchestra.run.trial099.stdout:/usr/bin/ceph: stderr
2026-02-20T02:12:45.861+0000 7f869b7fe640 1 -- 10.20.193.99:0/3835112566 <== mon.0 v2:10.20.193.99:3300/0 1 ==== mon_map magic: 0 ==== 205+0+0 (secure 0 0 0) 0x7f86a4045070 con 0x7f86b410a4c0
2026-02-20T02:12:47.429 INFO:teuthology.orchestra.run.trial099.stdout:/usr/bin/ceph: stderr
2026-02-20T02:12:45.861+0000 7f86bc7da640 1 -- 10.20.193.99:0/3835112566 --> [v2:10.20.193.99:3300/0,v1:10.20.193.99:6789/0] -- mon_subscribe({mgrmap=0+}) -- 0x7f86b41a0d30 con 0x7f86b410a4c0
2026-02-20T02:12:47.430 INFO:teuthology.orchestra.run.trial099.stdout:/usr/bin/ceph: stderr
2026-02-20T02:12:45.861+0000 7f869b7fe640 1 -- 10.20.193.99:0/3835112566 <== mon.0 v2:10.20.193.99:3300/0 2 ==== config(27 keys) ==== 1079+0+0 (secure 0 0 0) 0x7f86a402fe50 con 0x7f86b410a4c0
2026-02-20T02:12:47.430 INFO:teuthology.orchestra.run.trial099.stdout:/usr/bin/ceph: stderr
2026-02-20T02:12:45.861+0000 7f869b7fe640 1 -- 10.20.193.99:0/3835112566 <== mon.0 v2:10.20.193.99:3300/0 3 ==== mon_map magic: 0 ==== 205+0+0 (secure 0 0 0) 0x7f86a403c070 con 0x7f86b410a4c0
2026-02-20T02:12:47.430 INFO:teuthology.orchestra.run.trial099.stdout:/usr/bin/ceph: stderr
2026-02-20T02:12:45.861+0000 7f86bc7da640 1 -- 10.20.193.99:0/3835112566 --> [v2:10.20.193.99:3300/0,v1:10.20.193.99:6789/0] -- mon_subscribe({osdmap=0}) -- 0x7f86b41a3a20 con 0x7f86b410a4c0
2026-02-20T02:12:47.430 INFO:teuthology.orchestra.run.trial099.stdout:/usr/bin/ceph: stderr
2026-02-20T02:12:45.862+0000 7f86bc7da640 1 -- 10.20.193.99:0/3835112566 --> [v2:10.20.193.99:3300/0,v1:10.20.193.99:6789/0] -- mon_command({"prefix": "get_command_descriptions"} v 0) -- 0x7f86b410a940 con 0x7f86b410a4c0
2026-02-20T02:12:47.430 INFO:teuthology.orchestra.run.trial099.stdout:/usr/bin/ceph: stderr
2026-02-20T02:12:45.862+0000 7f869b7fe640 1 -- 10.20.193.99:0/3835112566 <== mon.0 v2:10.20.193.99:3300/0 4 ==== mgrmap(e 7) ==== 50141+0+0 (secure 0 0 0) 0x7f86a40493b0 con 0x7f86b410a4c0
2026-02-20T02:12:47.430 INFO:teuthology.orchestra.run.trial099.stdout:/usr/bin/ceph: stderr
2026-02-20T02:12:45.862+0000 7f869b7fe640 1 --2- 10.20.193.99:0/3835112566 >> [v2:10.20.193.99:6800/1017515005,v1:10.20.193.99:6801/1017515005] conn(0x7f869003da80 0x7f869003ff40 unknown :-1 s=NONE pgs=0 cs=0 l=1 rev1=0 crypto rx=0 tx=0 comp rx=0 tx=0).connect
2026-02-20T02:12:47.430 INFO:teuthology.orchestra.run.trial099.stdout:/usr/bin/ceph: stderr
2026-02-20T02:12:45.862+0000 7f869b7fe640 1 -- 10.20.193.99:0/3835112566 <== mon.0 v2:10.20.193.99:3300/0 5 ==== osd_map(2..2 src has 1..2) ==== 940+0+0 (secure 0 0 0) 0x7f86a4076410 con 0x7f86b410a4c0
2026-02-20T02:12:47.430 INFO:teuthology.orchestra.run.trial099.stdout:/usr/bin/ceph: stderr
2026-02-20T02:12:45.862+0000 7f86b9d4e640 1 --2- 10.20.193.99:0/3835112566 >> [v2:10.20.193.99:6800/1017515005,v1:10.20.193.99:6801/1017515005] conn(0x7f869003da80 0x7f869003ff40 unknown :-1 s=BANNER_CONNECTING pgs=0 cs=0 l=1 rev1=0 crypto rx=0 tx=0 comp rx=0 tx=0)._handle_peer_banner_payload supported=3 required=0
2026-02-20T02:12:47.430 INFO:teuthology.orchestra.run.trial099.stdout:/usr/bin/ceph: stderr
2026-02-20T02:12:45.862+0000 7f86b9d4e640 1 --2- 10.20.193.99:0/3835112566 >> [v2:10.20.193.99:6800/1017515005,v1:10.20.193.99:6801/1017515005] conn(0x7f869003da80 0x7f869003ff40 secure :-1 s=READY pgs=11 cs=0 l=1 rev1=1 crypto rx=0x7f86a80099c0 tx=0x7f86a8006eb0 comp rx=0 tx=0).ready entity=mgr.14118 client_cookie=0 server_cookie=0 in_seq=0 out_seq=0
2026-02-20T02:12:47.431 INFO:teuthology.orchestra.run.trial099.stdout:/usr/bin/ceph: stderr
2026-02-20T02:12:45.864+0000 7f869b7fe640 1 -- 10.20.193.99:0/3835112566 <== mon.0 v2:10.20.193.99:3300/0 6 ==== mon_command_ack([{"prefix": "get_command_descriptions"}]=0 v0) ==== 72+0+195341 (secure 0 0 0) 0x7f86a40405e0 con 0x7f86b410a4c0
2026-02-20T02:12:47.431 INFO:teuthology.orchestra.run.trial099.stdout:/usr/bin/ceph: stderr
2026-02-20T02:12:45.949+0000 7f86bc7da640 1 -- 10.20.193.99:0/3835112566 --> [v2:10.20.193.99:6800/1017515005,v1:10.20.193.99:6801/1017515005] -- mgr_command(tid 0: {"prefix": "orch host add", "hostname": "trial099", "addr": "10.20.193.99", "target": ["mon-mgr", ""]}) -- 0x7f86b4108620 con 0x7f869003da80
2026-02-20T02:12:47.431 INFO:teuthology.orchestra.run.trial099.stdout:/usr/bin/ceph: stderr
2026-02-20T02:12:46.532+0000 7f869b7fe640 1 -- 10.20.193.99:0/3835112566 <== mon.0 v2:10.20.193.99:3300/0 7 ==== mgrmap(e 8) ==== 50247+0+0 (secure 0 0 0) 0x7f86a404d120 con 0x7f86b410a4c0
2026-02-20T02:12:47.431 INFO:teuthology.orchestra.run.trial099.stdout:/usr/bin/ceph: stderr
2026-02-20T02:12:47.374+0000 7f869b7fe640 1 -- 10.20.193.99:0/3835112566 <== mgr.14118 v2:10.20.193.99:6800/1017515005 1 ==== mgr_command_reply(tid 0: 0 ) ==== 8+0+47 (secure 0 0 0) 0x7f86b4108620 con 0x7f869003da80
2026-02-20T02:12:47.431 INFO:teuthology.orchestra.run.trial099.stdout:/usr/bin/ceph: stderr
2026-02-20T02:12:47.376+0000 7f86bc7da640 1 -- 10.20.193.99:0/3835112566 >> [v2:10.20.193.99:6800/1017515005,v1:10.20.193.99:6801/1017515005] conn(0x7f869003da80 msgr2=0x7f869003ff40 secure :-1 s=STATE_CONNECTION_ESTABLISHED l=1).mark_down
2026-02-20T02:12:47.431 INFO:teuthology.orchestra.run.trial099.stdout:/usr/bin/ceph: stderr
2026-02-20T02:12:47.376+0000 7f86bc7da640 1 --2- 10.20.193.99:0/3835112566 >> [v2:10.20.193.99:6800/1017515005,v1:10.20.193.99:6801/1017515005] conn(0x7f869003da80 0x7f869003ff40 secure :-1 s=READY pgs=11 cs=0 l=1 rev1=1 crypto rx=0x7f86a80099c0 tx=0x7f86a8006eb0 comp rx=0 tx=0).stop
2026-02-20T02:12:47.431 INFO:teuthology.orchestra.run.trial099.stdout:/usr/bin/ceph: stderr
2026-02-20T02:12:47.377+0000 7f86bc7da640 1 -- 10.20.193.99:0/3835112566 >> [v2:10.20.193.99:3300/0,v1:10.20.193.99:6789/0] conn(0x7f86b410a4c0 msgr2=0x7f86b41a0560 secure :-1 s=STATE_CONNECTION_ESTABLISHED l=1).mark_down
2026-02-20T02:12:47.431 INFO:teuthology.orchestra.run.trial099.stdout:/usr/bin/ceph: stderr
2026-02-20T02:12:47.377+0000 7f86bc7da640 1 --2- 10.20.193.99:0/3835112566 >> [v2:10.20.193.99:3300/0,v1:10.20.193.99:6789/0] conn(0x7f86b410a4c0 0x7f86b41a0560 secure :-1 s=READY pgs=44 cs=0 l=1 rev1=1 crypto rx=0x7f86a4009a50 tx=0x7f86a4035ac0 comp rx=0 tx=0).stop
2026-02-20T02:12:47.431 INFO:teuthology.orchestra.run.trial099.stdout:/usr/bin/ceph: stderr
2026-02-20T02:12:47.377+0000 7f86bc7da640 1 -- 10.20.193.99:0/3835112566 shutdown_connections
2026-02-20T02:12:47.431 INFO:teuthology.orchestra.run.trial099.stdout:/usr/bin/ceph: stderr
2026-02-20T02:12:47.377+0000 7f86bc7da640 1 --2- 10.20.193.99:0/3835112566 >> [v2:10.20.193.99:6800/1017515005,v1:10.20.193.99:6801/1017515005] conn(0x7f869003da80 0x7f869003ff40 unknown :-1 s=CLOSED pgs=11 cs=0 l=1 rev1=1 crypto rx=0 tx=0 comp rx=0 tx=0).stop
2026-02-20T02:12:47.432 INFO:teuthology.orchestra.run.trial099.stdout:/usr/bin/ceph: stderr
2026-02-20T02:12:47.377+0000 7f86bc7da640 1 --2- 10.20.193.99:0/3835112566 >> [v2:10.20.193.99:3300/0,v1:10.20.193.99:6789/0] conn(0x7f86b410a4c0 0x7f86b41a0560 unknown :-1 s=CLOSED pgs=44 cs=0 l=1 rev1=1 crypto rx=0 tx=0 comp rx=0 tx=0).stop
2026-02-20T02:12:47.432 INFO:teuthology.orchestra.run.trial099.stdout:/usr/bin/ceph: stderr
2026-02-20T02:12:47.377+0000 7f86bc7da640 1 -- 10.20.193.99:0/3835112566 >> 10.20.193.99:0/3835112566 conn(0x7f86b407d9a0 msgr2=0x7f86b4107f10 unknown :-1 s=STATE_NONE l=0).mark_down
2026-02-20T02:12:47.432 INFO:teuthology.orchestra.run.trial099.stdout:/usr/bin/ceph: stderr
2026-02-20T02:12:47.377+0000 7f86bc7da640 1 -- 10.20.193.99:0/3835112566 shutdown_connections
2026-02-20T02:12:47.432 INFO:teuthology.orchestra.run.trial099.stdout:/usr/bin/ceph: stderr
2026-02-20T02:12:47.377+0000 7f86bc7da640 1 -- 10.20.193.99:0/3835112566 wait complete.
2026-02-20T02:12:47.432 INFO:teuthology.orchestra.run.trial099.stdout:Deploying unmanaged mon service...
2026-02-20T02:12:47.658 INFO:teuthology.orchestra.run.trial099.stdout:/usr/bin/ceph: stdout Scheduled mon update...
2026-02-20T02:12:47.658 INFO:teuthology.orchestra.run.trial099.stdout:/usr/bin/ceph: stderr
2026-02-20T02:12:47.530+0000 7fcca183e640 1 Processor -- start
2026-02-20T02:12:47.658 INFO:teuthology.orchestra.run.trial099.stdout:/usr/bin/ceph: stderr
2026-02-20T02:12:47.530+0000 7fcca183e640 1 -- start start
2026-02-20T02:12:47.658 INFO:teuthology.orchestra.run.trial099.stdout:/usr/bin/ceph: stderr
2026-02-20T02:12:47.531+0000 7fcca183e640 1 --2- >> [v2:10.20.193.99:3300/0,v1:10.20.193.99:6789/0] conn(0x7fcc9c10a4c0 0x7fcc9c10a8c0 unknown :-1 s=NONE pgs=0 cs=0 l=0 rev1=0 crypto rx=0 tx=0 comp rx=0 tx=0).connect
2026-02-20T02:12:47.658 INFO:teuthology.orchestra.run.trial099.stdout:/usr/bin/ceph: stderr
2026-02-20T02:12:47.531+0000 7fcca183e640 1 -- --> [v2:10.20.193.99:3300/0,v1:10.20.193.99:6789/0] -- mon_getmap magic: 0 -- 0x7fcc9c10ae90 con 0x7fcc9c10a4c0
2026-02-20T02:12:47.658 INFO:teuthology.orchestra.run.trial099.stdout:/usr/bin/ceph: stderr
2026-02-20T02:12:47.531+0000 7fcc9affd640 1 --2- >> [v2:10.20.193.99:3300/0,v1:10.20.193.99:6789/0] conn(0x7fcc9c10a4c0 0x7fcc9c10a8c0 unknown :-1 s=BANNER_CONNECTING pgs=0 cs=0 l=0 rev1=0 crypto rx=0 tx=0 comp rx=0 tx=0)._handle_peer_banner_payload supported=3 required=0
2026-02-20T02:12:47.658 INFO:teuthology.orchestra.run.trial099.stdout:/usr/bin/ceph: stderr
2026-02-20T02:12:47.531+0000 7fcc9affd640 1 --2- >> [v2:10.20.193.99:3300/0,v1:10.20.193.99:6789/0] conn(0x7fcc9c10a4c0 0x7fcc9c10a8c0 unknown :-1 s=HELLO_CONNECTING pgs=0 cs=0 l=0 rev1=1 crypto rx=0 tx=0 comp rx=0 tx=0).handle_hello peer v2:10.20.193.99:3300/0 says I am v2:10.20.193.99:38582/0 (socket says 10.20.193.99:38582)
2026-02-20T02:12:47.659 INFO:teuthology.orchestra.run.trial099.stdout:/usr/bin/ceph: stderr
2026-02-20T02:12:47.531+0000 7fcc9affd640 1 -- 10.20.193.99:0/1845444623 learned_addr learned my addr 10.20.193.99:0/1845444623 (peer_addr_for_me v2:10.20.193.99:0/0)
2026-02-20T02:12:47.659 INFO:teuthology.orchestra.run.trial099.stdout:/usr/bin/ceph: stderr
2026-02-20T02:12:47.531+0000 7fcc9affd640 1 -- 10.20.193.99:0/1845444623 --> [v2:10.20.193.99:3300/0,v1:10.20.193.99:6789/0] -- mon_subscribe({config=0+,monmap=0+}) -- 0x7fcc9c10b6c0 con 0x7fcc9c10a4c0
2026-02-20T02:12:47.659 INFO:teuthology.orchestra.run.trial099.stdout:/usr/bin/ceph: stderr
2026-02-20T02:12:47.531+0000 7fcc9affd640 1 --2- 10.20.193.99:0/1845444623 >> [v2:10.20.193.99:3300/0,v1:10.20.193.99:6789/0] conn(0x7fcc9c10a4c0 0x7fcc9c10a8c0 secure :-1 s=READY pgs=45 cs=0 l=1 rev1=1 crypto rx=0x7fcc90009920 tx=0x7fcc9002ef20 comp rx=0 tx=0).ready entity=mon.0 client_cookie=f827ea56a87812d5 server_cookie=0 in_seq=0 out_seq=0
2026-02-20T02:12:47.659 INFO:teuthology.orchestra.run.trial099.stdout:/usr/bin/ceph: stderr
2026-02-20T02:12:47.531+0000 7fcc99ffb640 1 -- 10.20.193.99:0/1845444623 <== mon.0 v2:10.20.193.99:3300/0 1 ==== mon_map magic: 0 ==== 205+0+0 (secure 0 0 0) 0x7fcc9003c070 con 0x7fcc9c10a4c0
2026-02-20T02:12:47.659 INFO:teuthology.orchestra.run.trial099.stdout:/usr/bin/ceph: stderr
2026-02-20T02:12:47.531+0000 7fcc99ffb640 1 -- 10.20.193.99:0/1845444623 <== mon.0 v2:10.20.193.99:3300/0 2 ==== config(27 keys) ==== 1079+0+0 (secure 0 0 0) 0x7fcc90037440 con 0x7fcc9c10a4c0
2026-02-20T02:12:47.659 INFO:teuthology.orchestra.run.trial099.stdout:/usr/bin/ceph: stderr
2026-02-20T02:12:47.532+0000 7fcc99ffb640 1 -- 10.20.193.99:0/1845444623 <== mon.0 v2:10.20.193.99:3300/0 3 ==== mon_map magic: 0 ==== 205+0+0 (secure 0 0 0) 0x7fcc900354d0 con 0x7fcc9c10a4c0
2026-02-20T02:12:47.659 INFO:teuthology.orchestra.run.trial099.stdout:/usr/bin/ceph: stderr
2026-02-20T02:12:47.532+0000 7fcca183e640 1 -- 10.20.193.99:0/1845444623 >> [v2:10.20.193.99:3300/0,v1:10.20.193.99:6789/0] conn(0x7fcc9c10a4c0 msgr2=0x7fcc9c10a8c0 secure :-1 s=STATE_CONNECTION_ESTABLISHED l=1).mark_down
2026-02-20T02:12:47.659 INFO:teuthology.orchestra.run.trial099.stdout:/usr/bin/ceph: stderr
2026-02-20T02:12:47.532+0000 7fcca183e640 1 --2- 10.20.193.99:0/1845444623 >> [v2:10.20.193.99:3300/0,v1:10.20.193.99:6789/0] conn(0x7fcc9c10a4c0 0x7fcc9c10a8c0 secure :-1 s=READY pgs=45 cs=0 l=1 rev1=1 crypto rx=0x7fcc90009920 tx=0x7fcc9002ef20 comp rx=0 tx=0).stop
2026-02-20T02:12:47.659 INFO:teuthology.orchestra.run.trial099.stdout:/usr/bin/ceph: stderr
2026-02-20T02:12:47.532+0000 7fcca183e640 1 -- 10.20.193.99:0/1845444623 shutdown_connections
2026-02-20T02:12:47.659 INFO:teuthology.orchestra.run.trial099.stdout:/usr/bin/ceph: stderr
2026-02-20T02:12:47.532+0000 7fcca183e640 1 --2- 10.20.193.99:0/1845444623 >> [v2:10.20.193.99:3300/0,v1:10.20.193.99:6789/0] conn(0x7fcc9c10a4c0 0x7fcc9c10a8c0 unknown :-1 s=CLOSED pgs=45 cs=0 l=1 rev1=1 crypto rx=0 tx=0 comp rx=0 tx=0).stop
2026-02-20T02:12:47.659 INFO:teuthology.orchestra.run.trial099.stdout:/usr/bin/ceph: stderr
2026-02-20T02:12:47.532+0000 7fcca183e640 1 -- 10.20.193.99:0/1845444623 >> 10.20.193.99:0/1845444623 conn(0x7fcc9c07d9a0 msgr2=0x7fcc9c108680 unknown :-1 s=STATE_NONE l=0).mark_down
2026-02-20T02:12:47.660 INFO:teuthology.orchestra.run.trial099.stdout:/usr/bin/ceph: stderr
2026-02-20T02:12:47.532+0000 7fcca183e640 1 -- 10.20.193.99:0/1845444623 shutdown_connections
2026-02-20T02:12:47.660 INFO:teuthology.orchestra.run.trial099.stdout:/usr/bin/ceph: stderr
2026-02-20T02:12:47.532+0000 7fcca183e640 1 -- 10.20.193.99:0/1845444623 wait complete.
2026-02-20T02:12:47.660 INFO:teuthology.orchestra.run.trial099.stdout:/usr/bin/ceph: stderr
2026-02-20T02:12:47.532+0000 7fcca183e640 1 Processor -- start
2026-02-20T02:12:47.660 INFO:teuthology.orchestra.run.trial099.stdout:/usr/bin/ceph: stderr
2026-02-20T02:12:47.532+0000 7fcca183e640 1 -- start start
2026-02-20T02:12:47.660 INFO:teuthology.orchestra.run.trial099.stdout:/usr/bin/ceph: stderr
2026-02-20T02:12:47.532+0000 7fcca183e640 1 --2- >> [v2:10.20.193.99:3300/0,v1:10.20.193.99:6789/0] conn(0x7fcc9c10a4c0 0x7fcc9c1a0590 unknown :-1 s=NONE pgs=0 cs=0 l=1 rev1=0 crypto rx=0 tx=0 comp rx=0 tx=0).connect
2026-02-20T02:12:47.660 INFO:teuthology.orchestra.run.trial099.stdout:/usr/bin/ceph: stderr
2026-02-20T02:12:47.532+0000 7fcca183e640 1 -- --> [v2:10.20.193.99:3300/0,v1:10.20.193.99:6789/0] -- mon_getmap magic: 0 -- 0x7fcc9c10e8f0 con 0x7fcc9c10a4c0
2026-02-20T02:12:47.660 INFO:teuthology.orchestra.run.trial099.stdout:/usr/bin/ceph: stderr
2026-02-20T02:12:47.533+0000 7fcc9affd640 1 --2- >> [v2:10.20.193.99:3300/0,v1:10.20.193.99:6789/0] conn(0x7fcc9c10a4c0 0x7fcc9c1a0590 unknown :-1 s=BANNER_CONNECTING pgs=0 cs=0 l=1 rev1=0 crypto rx=0 tx=0 comp rx=0 tx=0)._handle_peer_banner_payload supported=3 required=0
2026-02-20T02:12:47.660 INFO:teuthology.orchestra.run.trial099.stdout:/usr/bin/ceph: stderr
2026-02-20T02:12:47.533+0000 7fcc9affd640 1 --2- >> [v2:10.20.193.99:3300/0,v1:10.20.193.99:6789/0] conn(0x7fcc9c10a4c0 0x7fcc9c1a0590 unknown :-1 s=HELLO_CONNECTING pgs=0 cs=0 l=1 rev1=1 crypto rx=0 tx=0 comp rx=0 tx=0).handle_hello peer v2:10.20.193.99:3300/0 says I am v2:10.20.193.99:38594/0 (socket says 10.20.193.99:38594)
2026-02-20T02:12:47.660 INFO:teuthology.orchestra.run.trial099.stdout:/usr/bin/ceph: stderr
2026-02-20T02:12:47.533+0000 7fcc9affd640 1 -- 10.20.193.99:0/3100528272 learned_addr learned my addr 10.20.193.99:0/3100528272 (peer_addr_for_me v2:10.20.193.99:0/0)
2026-02-20T02:12:47.660 INFO:teuthology.orchestra.run.trial099.stdout:/usr/bin/ceph: stderr
2026-02-20T02:12:47.533+0000 7fcc9affd640 1 -- 10.20.193.99:0/3100528272 --> [v2:10.20.193.99:3300/0,v1:10.20.193.99:6789/0] -- mon_subscribe({config=0+,monmap=0+}) -- 0x7fcc9c1a0ad0 con 0x7fcc9c10a4c0
2026-02-20T02:12:47.660 INFO:teuthology.orchestra.run.trial099.stdout:/usr/bin/ceph: stderr
