2026-02-20T02:12:48.187+0000 7fe1fdffb640 1 -- 10.20.193.99:0/1378355009 <== mon.0 v2:10.20.193.99:3300/0 4 ==== mgrmap(e 8) ==== 50247+0+0 (secure 0 0 0) 0x7fe1f8041550 con 0x7fe20807ded0
2026-02-20T02:12:48.537 INFO:teuthology.orchestra.run.trial099.stdout:/usr/bin/ceph: stderr
2026-02-20T02:12:48.187+0000 7fe1fdffb640 1 --2- 10.20.193.99:0/1378355009 >> [v2:10.20.193.99:6800/1017515005,v1:10.20.193.99:6801/1017515005] conn(0x7fe1e403dbf0 0x7fe1e40400b0 unknown :-1 s=NONE pgs=0 cs=0 l=1 rev1=0 crypto rx=0 tx=0 comp rx=0 tx=0).connect
2026-02-20T02:12:48.537 INFO:teuthology.orchestra.run.trial099.stdout:/usr/bin/ceph: stderr
2026-02-20T02:12:48.187+0000 7fe1fdffb640 1 -- 10.20.193.99:0/1378355009 <== mon.0 v2:10.20.193.99:3300/0 5 ==== osd_map(2..2 src has 1..2) ==== 940+0+0 (secure 0 0 0) 0x7fe1f80768c0 con 0x7fe20807ded0
2026-02-20T02:12:48.537 INFO:teuthology.orchestra.run.trial099.stdout:/usr/bin/ceph: stderr
2026-02-20T02:12:48.187+0000 7fe1fffff640 1 --2- 10.20.193.99:0/1378355009 >> [v2:10.20.193.99:6800/1017515005,v1:10.20.193.99:6801/1017515005] conn(0x7fe1e403dbf0 0x7fe1e40400b0 unknown :-1 s=BANNER_CONNECTING pgs=0 cs=0 l=1 rev1=0 crypto rx=0 tx=0 comp rx=0 tx=0)._handle_peer_banner_payload supported=3 required=0
2026-02-20T02:12:48.537 INFO:teuthology.orchestra.run.trial099.stdout:/usr/bin/ceph: stderr
2026-02-20T02:12:48.187+0000 7fe1fffff640 1 --2- 10.20.193.99:0/1378355009 >> [v2:10.20.193.99:6800/1017515005,v1:10.20.193.99:6801/1017515005] conn(0x7fe1e403dbf0 0x7fe1e40400b0 secure :-1 s=READY pgs=15 cs=0 l=1 rev1=1 crypto rx=0x7fe1f00099c0 tx=0x7fe1f0006eb0 comp rx=0 tx=0).ready entity=mgr.14118 client_cookie=0 server_cookie=0 in_seq=0 out_seq=0
2026-02-20T02:12:48.537 INFO:teuthology.orchestra.run.trial099.stdout:/usr/bin/ceph: stderr
2026-02-20T02:12:48.190+0000 7fe1fdffb640 1 -- 10.20.193.99:0/1378355009 <== mon.0 v2:10.20.193.99:3300/0 6 ==== mon_command_ack([{"prefix": "get_command_descriptions"}]=0 v0) ==== 72+0+195341 (secure 0 0 0) 0x7fe1f8041de0 con 0x7fe20807ded0
2026-02-20T02:12:48.537 INFO:teuthology.orchestra.run.trial099.stdout:/usr/bin/ceph: stderr
2026-02-20T02:12:48.277+0000 7fe20f095640 1 -- 10.20.193.99:0/1378355009 --> [v2:10.20.193.99:3300/0,v1:10.20.193.99:6789/0] -- mon_command([{prefix=config set, name=mgr/dashboard/ssl_server_port}] v 0) -- 0x7fe2081a3fd0 con 0x7fe20807ded0
2026-02-20T02:12:48.537 INFO:teuthology.orchestra.run.trial099.stdout:/usr/bin/ceph: stderr
2026-02-20T02:12:48.279+0000 7fe1fdffb640 1 -- 10.20.193.99:0/1378355009 <== mon.0 v2:10.20.193.99:3300/0 7 ==== mon_command_ack([{prefix=config set, name=mgr/dashboard/ssl_server_port}]=0 v8)=0 v8) ==== 130+0+0 (secure 0 0 0) 0x7fe1f8076620 con 0x7fe20807ded0
2026-02-20T02:12:48.537 INFO:teuthology.orchestra.run.trial099.stdout:/usr/bin/ceph: stderr
2026-02-20T02:12:48.281+0000 7fe20f095640 1 -- 10.20.193.99:0/1378355009 >> [v2:10.20.193.99:6800/1017515005,v1:10.20.193.99:6801/1017515005] conn(0x7fe1e403dbf0 msgr2=0x7fe1e40400b0 secure :-1 s=STATE_CONNECTION_ESTABLISHED l=1).mark_down
2026-02-20T02:12:48.537 INFO:teuthology.orchestra.run.trial099.stdout:/usr/bin/ceph: stderr
2026-02-20T02:12:48.281+0000 7fe20f095640 1 --2- 10.20.193.99:0/1378355009 >> [v2:10.20.193.99:6800/1017515005,v1:10.20.193.99:6801/1017515005] conn(0x7fe1e403dbf0 0x7fe1e40400b0 secure :-1 s=READY pgs=15 cs=0 l=1 rev1=1 crypto rx=0x7fe1f00099c0 tx=0x7fe1f0006eb0 comp rx=0 tx=0).stop
2026-02-20T02:12:48.537 INFO:teuthology.orchestra.run.trial099.stdout:/usr/bin/ceph: stderr
2026-02-20T02:12:48.281+0000 7fe20f095640 1 -- 10.20.193.99:0/1378355009 >> [v2:10.20.193.99:3300/0,v1:10.20.193.99:6789/0] conn(0x7fe20807ded0 msgr2=0x7fe2081a0400 secure :-1 s=STATE_CONNECTION_ESTABLISHED l=1).mark_down
2026-02-20T02:12:48.537 INFO:teuthology.orchestra.run.trial099.stdout:/usr/bin/ceph: stderr
2026-02-20T02:12:48.281+0000 7fe20f095640 1 --2- 10.20.193.99:0/1378355009 >> [v2:10.20.193.99:3300/0,v1:10.20.193.99:6789/0] conn(0x7fe20807ded0 0x7fe2081a0400 secure :-1 s=READY pgs=52 cs=0 l=1 rev1=1 crypto rx=0x7fe1f8039000 tx=0x7fe1f8035b60 comp rx=0 tx=0).stop
2026-02-20T02:12:48.537 INFO:teuthology.orchestra.run.trial099.stdout:/usr/bin/ceph: stderr
2026-02-20T02:12:48.281+0000 7fe20f095640 1 -- 10.20.193.99:0/1378355009 shutdown_connections
2026-02-20T02:12:48.537 INFO:teuthology.orchestra.run.trial099.stdout:/usr/bin/ceph: stderr
2026-02-20T02:12:48.281+0000 7fe20f095640 1 --2- 10.20.193.99:0/1378355009 >> [v2:10.20.193.99:6800/1017515005,v1:10.20.193.99:6801/1017515005] conn(0x7fe1e403dbf0 0x7fe1e40400b0 unknown :-1 s=CLOSED pgs=15 cs=0 l=1 rev1=1 crypto rx=0 tx=0 comp rx=0 tx=0).stop
2026-02-20T02:12:48.537 INFO:teuthology.orchestra.run.trial099.stdout:/usr/bin/ceph: stderr
2026-02-20T02:12:48.281+0000 7fe20f095640 1 --2- 10.20.193.99:0/1378355009 >> [v2:10.20.193.99:3300/0,v1:10.20.193.99:6789/0] conn(0x7fe20807ded0 0x7fe2081a0400 unknown :-1 s=CLOSED pgs=52 cs=0 l=1 rev1=1 crypto rx=0 tx=0 comp rx=0 tx=0).stop
2026-02-20T02:12:48.537 INFO:teuthology.orchestra.run.trial099.stdout:/usr/bin/ceph: stderr
2026-02-20T02:12:48.281+0000 7fe20f095640 1 -- 10.20.193.99:0/1378355009 >> 10.20.193.99:0/1378355009 conn(0x7fe208103a00 msgr2=0x7fe2081045f0 unknown :-1 s=STATE_NONE l=0).mark_down
2026-02-20T02:12:48.537 INFO:teuthology.orchestra.run.trial099.stdout:/usr/bin/ceph: stderr
2026-02-20T02:12:48.281+0000 7fe20f095640 1 -- 10.20.193.99:0/1378355009 shutdown_connections
2026-02-20T02:12:48.537 INFO:teuthology.orchestra.run.trial099.stdout:/usr/bin/ceph: stderr
2026-02-20T02:12:48.281+0000 7fe20f095640 1 -- 10.20.193.99:0/1378355009 wait complete.
2026-02-20T02:12:48.538 INFO:teuthology.orchestra.run.trial099.stdout:Enabling the dashboard module...
2026-02-20T02:12:49.532 INFO:journalctl@ceph.mon.a.trial099.stdout:Feb 20 02:12:49 trial099 ceph-mon[40890]: Added host trial099
2026-02-20T02:12:49.532 INFO:journalctl@ceph.mon.a.trial099.stdout:Feb 20 02:12:49 trial099 ceph-mon[40890]: from='client.14140 -' entity='client.admin' cmd=[{"prefix": "orch apply", "service_type": "mon", "unmanaged": true, "target": ["mon-mgr", ""]}]: dispatch
2026-02-20T02:12:49.532 INFO:journalctl@ceph.mon.a.trial099.stdout:Feb 20 02:12:49 trial099 ceph-mon[40890]: Saving service mon spec with placement count:5
2026-02-20T02:12:49.532 INFO:journalctl@ceph.mon.a.trial099.stdout:Feb 20 02:12:49 trial099 ceph-mon[40890]: from='client.14142 -' entity='client.admin' cmd=[{"prefix": "orch apply", "service_type": "mgr", "unmanaged": true, "target": ["mon-mgr", ""]}]: dispatch
2026-02-20T02:12:49.532 INFO:journalctl@ceph.mon.a.trial099.stdout:Feb 20 02:12:49 trial099 ceph-mon[40890]: Saving service mgr spec with placement count:2
2026-02-20T02:12:49.532 INFO:journalctl@ceph.mon.a.trial099.stdout:Feb 20 02:12:49 trial099 ceph-mon[40890]: from='client.? 10.20.193.99:0/1378355009' entity='client.admin'
2026-02-20T02:12:49.532 INFO:journalctl@ceph.mon.a.trial099.stdout:Feb 20 02:12:49 trial099 ceph-mon[40890]: from='mgr.14118 10.20.193.99:0/1678751409' entity='mgr.x'
2026-02-20T02:12:49.533 INFO:journalctl@ceph.mon.a.trial099.stdout:Feb 20 02:12:49 trial099 ceph-mon[40890]: from='client.? 10.20.193.99:0/1565833065' entity='client.admin' cmd=[{"prefix": "mgr module enable", "module": "dashboard"}]: dispatch
2026-02-20T02:12:49.929 INFO:teuthology.orchestra.run.trial099.stdout:/usr/bin/ceph: stderr
2026-02-20T02:12:49.063+0000 7f1b1bfff640 1 Processor -- start
2026-02-20T02:12:49.929 INFO:teuthology.orchestra.run.trial099.stdout:/usr/bin/ceph: stderr
2026-02-20T02:12:49.063+0000 7f1b1bfff640 1 -- start start
2026-02-20T02:12:49.930 INFO:teuthology.orchestra.run.trial099.stdout:/usr/bin/ceph: stderr
2026-02-20T02:12:49.063+0000 7f1b1bfff640 1 --2- >> [v2:10.20.193.99:3300/0,v1:10.20.193.99:6789/0] conn(0x7f1b1c07de60 0x7f1b1c07c310 unknown :-1 s=NONE pgs=0 cs=0 l=0 rev1=0 crypto rx=0 tx=0 comp rx=0 tx=0).connect
2026-02-20T02:12:49.930 INFO:teuthology.orchestra.run.trial099.stdout:/usr/bin/ceph: stderr
2026-02-20T02:12:49.063+0000 7f1b1bfff640 1 -- --> [v2:10.20.193.99:3300/0,v1:10.20.193.99:6789/0] -- mon_getmap magic: 0 -- 0x7f1b1c07c850 con 0x7f1b1c07de60
2026-02-20T02:12:49.930 INFO:teuthology.orchestra.run.trial099.stdout:/usr/bin/ceph: stderr
2026-02-20T02:12:49.063+0000 7f1b1affd640 1 --2- >> [v2:10.20.193.99:3300/0,v1:10.20.193.99:6789/0] conn(0x7f1b1c07de60 0x7f1b1c07c310 unknown :-1 s=BANNER_CONNECTING pgs=0 cs=0 l=0 rev1=0 crypto rx=0 tx=0 comp rx=0 tx=0)._handle_peer_banner_payload supported=3 required=0
2026-02-20T02:12:49.930 INFO:teuthology.orchestra.run.trial099.stdout:/usr/bin/ceph: stderr
2026-02-20T02:12:49.063+0000 7f1b1affd640 1 --2- >> [v2:10.20.193.99:3300/0,v1:10.20.193.99:6789/0] conn(0x7f1b1c07de60 0x7f1b1c07c310 unknown :-1 s=HELLO_CONNECTING pgs=0 cs=0 l=0 rev1=1 crypto rx=0 tx=0 comp rx=0 tx=0).handle_hello peer v2:10.20.193.99:3300/0 says I am v2:10.20.193.99:38672/0 (socket says 10.20.193.99:38672)
2026-02-20T02:12:49.930 INFO:teuthology.orchestra.run.trial099.stdout:/usr/bin/ceph: stderr
2026-02-20T02:12:49.063+0000 7f1b1affd640 1 -- 10.20.193.99:0/2890483698 learned_addr learned my addr 10.20.193.99:0/2890483698 (peer_addr_for_me v2:10.20.193.99:0/0)
2026-02-20T02:12:49.930 INFO:teuthology.orchestra.run.trial099.stdout:/usr/bin/ceph: stderr
2026-02-20T02:12:49.063+0000 7f1b1affd640 1 -- 10.20.193.99:0/2890483698 --> [v2:10.20.193.99:3300/0,v1:10.20.193.99:6789/0] -- mon_subscribe({config=0+,monmap=0+}) -- 0x7f1b1c07c9d0 con 0x7f1b1c07de60
2026-02-20T02:12:49.930 INFO:teuthology.orchestra.run.trial099.stdout:/usr/bin/ceph: stderr
2026-02-20T02:12:49.064+0000 7f1b1affd640 1 --2- 10.20.193.99:0/2890483698 >> [v2:10.20.193.99:3300/0,v1:10.20.193.99:6789/0] conn(0x7f1b1c07de60 0x7f1b1c07c310 secure :-1 s=READY pgs=53 cs=0 l=1 rev1=1 crypto rx=0x7f1b10009920 tx=0x7f1b1002ef20 comp rx=0 tx=0).ready entity=mon.0 client_cookie=3a53c6e13afda0d0 server_cookie=0 in_seq=0 out_seq=0
2026-02-20T02:12:49.930 INFO:teuthology.orchestra.run.trial099.stdout:/usr/bin/ceph: stderr
2026-02-20T02:12:49.064+0000 7f1b19ffb640 1 -- 10.20.193.99:0/2890483698 <== mon.0 v2:10.20.193.99:3300/0 1 ==== mon_map magic: 0 ==== 205+0+0 (secure 0 0 0) 0x7f1b1003c070 con 0x7f1b1c07de60
2026-02-20T02:12:49.931 INFO:teuthology.orchestra.run.trial099.stdout:/usr/bin/ceph: stderr
2026-02-20T02:12:49.064+0000 7f1b19ffb640 1 -- 10.20.193.99:0/2890483698 <== mon.0 v2:10.20.193.99:3300/0 2 ==== config(27 keys) ==== 1110+0+0 (secure 0 0 0) 0x7f1b10037440 con 0x7f1b1c07de60
2026-02-20T02:12:49.931 INFO:teuthology.orchestra.run.trial099.stdout:/usr/bin/ceph: stderr
2026-02-20T02:12:49.064+0000 7f1b19ffb640 1 -- 10.20.193.99:0/2890483698 <== mon.0 v2:10.20.193.99:3300/0 3 ==== mon_map magic: 0 ==== 205+0+0 (secure 0 0 0) 0x7f1b100355e0 con 0x7f1b1c07de60
2026-02-20T02:12:49.931 INFO:teuthology.orchestra.run.trial099.stdout:/usr/bin/ceph: stderr
2026-02-20T02:12:49.064+0000 7f1b1bfff640 1 -- 10.20.193.99:0/2890483698 >> [v2:10.20.193.99:3300/0,v1:10.20.193.99:6789/0] conn(0x7f1b1c07de60 msgr2=0x7f1b1c07c310 secure :-1 s=STATE_CONNECTION_ESTABLISHED l=1).mark_down
2026-02-20T02:12:49.931 INFO:teuthology.orchestra.run.trial099.stdout:/usr/bin/ceph: stderr
2026-02-20T02:12:49.064+0000 7f1b1bfff640 1 --2- 10.20.193.99:0/2890483698 >> [v2:10.20.193.99:3300/0,v1:10.20.193.99:6789/0] conn(0x7f1b1c07de60 0x7f1b1c07c310 secure :-1 s=READY pgs=53 cs=0 l=1 rev1=1 crypto rx=0x7f1b10009920 tx=0x7f1b1002ef20 comp rx=0 tx=0).stop
2026-02-20T02:12:49.931 INFO:teuthology.orchestra.run.trial099.stdout:/usr/bin/ceph: stderr
2026-02-20T02:12:49.064+0000 7f1b1bfff640 1 -- 10.20.193.99:0/2890483698 shutdown_connections
2026-02-20T02:12:49.931 INFO:teuthology.orchestra.run.trial099.stdout:/usr/bin/ceph: stderr
2026-02-20T02:12:49.064+0000 7f1b1bfff640 1 --2- 10.20.193.99:0/2890483698 >> [v2:10.20.193.99:3300/0,v1:10.20.193.99:6789/0] conn(0x7f1b1c07de60 0x7f1b1c07c310 unknown :-1 s=CLOSED pgs=53 cs=0 l=1 rev1=1 crypto rx=0 tx=0 comp rx=0 tx=0).stop
2026-02-20T02:12:49.931 INFO:teuthology.orchestra.run.trial099.stdout:/usr/bin/ceph: stderr
2026-02-20T02:12:49.064+0000 7f1b1bfff640 1 -- 10.20.193.99:0/2890483698 >> 10.20.193.99:0/2890483698 conn(0x7f1b1c103860 msgr2=0x7f1b1c105ca0 unknown :-1 s=STATE_NONE l=0).mark_down
2026-02-20T02:12:49.931 INFO:teuthology.orchestra.run.trial099.stdout:/usr/bin/ceph: stderr
2026-02-20T02:12:49.064+0000 7f1b1bfff640 1 -- 10.20.193.99:0/2890483698 shutdown_connections
2026-02-20T02:12:49.931 INFO:teuthology.orchestra.run.trial099.stdout:/usr/bin/ceph: stderr
2026-02-20T02:12:49.064+0000 7f1b1bfff640 1 -- 10.20.193.99:0/2890483698 wait complete.
2026-02-20T02:12:49.931 INFO:teuthology.orchestra.run.trial099.stdout:/usr/bin/ceph: stderr
2026-02-20T02:12:49.065+0000 7f1b1bfff640 1 Processor -- start
2026-02-20T02:12:49.932 INFO:teuthology.orchestra.run.trial099.stdout:/usr/bin/ceph: stderr
2026-02-20T02:12:49.065+0000 7f1b1bfff640 1 -- start start
2026-02-20T02:12:49.932 INFO:teuthology.orchestra.run.trial099.stdout:/usr/bin/ceph: stderr
2026-02-20T02:12:49.065+0000 7f1b1bfff640 1 --2- >> [v2:10.20.193.99:3300/0,v1:10.20.193.99:6789/0] conn(0x7f1b1c07de60 0x7f1b1c1a0230 unknown :-1 s=NONE pgs=0 cs=0 l=1 rev1=0 crypto rx=0 tx=0 comp rx=0 tx=0).connect
2026-02-20T02:12:49.932 INFO:teuthology.orchestra.run.trial099.stdout:/usr/bin/ceph: stderr
2026-02-20T02:12:49.065+0000 7f1b1bfff640 1 -- --> [v2:10.20.193.99:3300/0,v1:10.20.193.99:6789/0] -- mon_getmap magic: 0 -- 0x7f1b1c10e730 con 0x7f1b1c07de60
2026-02-20T02:12:49.932 INFO:teuthology.orchestra.run.trial099.stdout:/usr/bin/ceph: stderr
2026-02-20T02:12:49.065+0000 7f1b1affd640 1 --2- >> [v2:10.20.193.99:3300/0,v1:10.20.193.99:6789/0] conn(0x7f1b1c07de60 0x7f1b1c1a0230 unknown :-1 s=BANNER_CONNECTING pgs=0 cs=0 l=1 rev1=0 crypto rx=0 tx=0 comp rx=0 tx=0)._handle_peer_banner_payload supported=3 required=0
2026-02-20T02:12:49.932 INFO:teuthology.orchestra.run.trial099.stdout:/usr/bin/ceph: stderr
2026-02-20T02:12:49.065+0000 7f1b1affd640 1 --2- >> [v2:10.20.193.99:3300/0,v1:10.20.193.99:6789/0] conn(0x7f1b1c07de60 0x7f1b1c1a0230 unknown :-1 s=HELLO_CONNECTING pgs=0 cs=0 l=1 rev1=1 crypto rx=0 tx=0 comp rx=0 tx=0).handle_hello peer v2:10.20.193.99:3300/0 says I am v2:10.20.193.99:38678/0 (socket says 10.20.193.99:38678)
2026-02-20T02:12:49.932 INFO:teuthology.orchestra.run.trial099.stdout:/usr/bin/ceph: stderr
2026-02-20T02:12:49.065+0000 7f1b1affd640 1 -- 10.20.193.99:0/1565833065 learned_addr learned my addr 10.20.193.99:0/1565833065 (peer_addr_for_me v2:10.20.193.99:0/0)
2026-02-20T02:12:49.932 INFO:teuthology.orchestra.run.trial099.stdout:/usr/bin/ceph: stderr
2026-02-20T02:12:49.065+0000 7f1b1affd640 1 -- 10.20.193.99:0/1565833065 --> [v2:10.20.193.99:3300/0,v1:10.20.193.99:6789/0] -- mon_subscribe({config=0+,monmap=0+}) -- 0x7f1b1c1a0770 con 0x7f1b1c07de60
2026-02-20T02:12:49.932 INFO:teuthology.orchestra.run.trial099.stdout:/usr/bin/ceph: stderr
2026-02-20T02:12:49.065+0000 7f1b1affd640 1 --2- 10.20.193.99:0/1565833065 >> [v2:10.20.193.99:3300/0,v1:10.20.193.99:6789/0] conn(0x7f1b1c07de60 0x7f1b1c1a0230 secure :-1 s=READY pgs=54 cs=0 l=1 rev1=1 crypto rx=0x7f1b10002410 tx=0x7f1b10035b10 comp rx=0 tx=0).ready entity=mon.0 client_cookie=0 server_cookie=0 in_seq=0 out_seq=0
2026-02-20T02:12:49.932 INFO:teuthology.orchestra.run.trial099.stdout:/usr/bin/ceph: stderr
2026-02-20T02:12:49.065+0000 7f1afbfff640 1 -- 10.20.193.99:0/1565833065 <== mon.0 v2:10.20.193.99:3300/0 1 ==== mon_map magic: 0 ==== 205+0+0 (secure 0 0 0) 0x7f1b10047070 con 0x7f1b1c07de60
2026-02-20T02:12:49.932 INFO:teuthology.orchestra.run.trial099.stdout:/usr/bin/ceph: stderr
2026-02-20T02:12:49.065+0000 7f1afbfff640 1 -- 10.20.193.99:0/1565833065 <== mon.0 v2:10.20.193.99:3300/0 2 ==== config(27 keys) ==== 1110+0+0 (secure 0 0 0) 0x7f1b10042440 con 0x7f1b1c07de60
2026-02-20T02:12:49.933 INFO:teuthology.orchestra.run.trial099.stdout:/usr/bin/ceph: stderr
2026-02-20T02:12:49.065+0000 7f1b1bfff640 1 -- 10.20.193.99:0/1565833065 --> [v2:10.20.193.99:3300/0,v1:10.20.193.99:6789/0] -- mon_subscribe({mgrmap=0+}) -- 0x7f1b1c1a0a00 con 0x7f1b1c07de60
2026-02-20T02:12:49.933 INFO:teuthology.orchestra.run.trial099.stdout:/usr/bin/ceph: stderr
2026-02-20T02:12:49.065+0000 7f1afbfff640 1 -- 10.20.193.99:0/1565833065 <== mon.0 v2:10.20.193.99:3300/0 3 ==== mon_map magic: 0 ==== 205+0+0 (secure 0 0 0) 0x7f1b1003c070 con 0x7f1b1c07de60
2026-02-20T02:12:49.933 INFO:teuthology.orchestra.run.trial099.stdout:/usr/bin/ceph: stderr
2026-02-20T02:12:49.065+0000 7f1b1bfff640 1 -- 10.20.193.99:0/1565833065 --> [v2:10.20.193.99:3300/0,v1:10.20.193.99:6789/0] -- mon_subscribe({osdmap=0}) -- 0x7f1b1c1a36f0 con 0x7f1b1c07de60
2026-02-20T02:12:49.933 INFO:teuthology.orchestra.run.trial099.stdout:/usr/bin/ceph: stderr
2026-02-20T02:12:49.066+0000 7f1b1bfff640 1 -- 10.20.193.99:0/1565833065 --> [v2:10.20.193.99:3300/0,v1:10.20.193.99:6789/0] -- mon_command({"prefix": "get_command_descriptions"} v 0) -- 0x7f1b1c07c390 con 0x7f1b1c07de60
2026-02-20T02:12:49.933 INFO:teuthology.orchestra.run.trial099.stdout:/usr/bin/ceph: stderr
2026-02-20T02:12:49.066+0000 7f1afbfff640 1 -- 10.20.193.99:0/1565833065 <== mon.0 v2:10.20.193.99:3300/0 4 ==== mgrmap(e 8) ==== 50247+0+0 (secure 0 0 0) 0x7f1b100425f0 con 0x7f1b1c07de60
2026-02-20T02:12:49.933 INFO:teuthology.orchestra.run.trial099.stdout:/usr/bin/ceph: stderr
2026-02-20T02:12:49.066+0000 7f1afbfff640 1 --2- 10.20.193.99:0/1565833065 >> [v2:10.20.193.99:6800/1017515005,v1:10.20.193.99:6801/1017515005] conn(0x7f1af003dba0 0x7f1af0040060 unknown :-1 s=NONE pgs=0 cs=0 l=1 rev1=0 crypto rx=0 tx=0 comp rx=0 tx=0).connect
2026-02-20T02:12:49.933 INFO:teuthology.orchestra.run.trial099.stdout:/usr/bin/ceph: stderr
2026-02-20T02:12:49.066+0000 7f1afbfff640 1 -- 10.20.193.99:0/1565833065 <== mon.0 v2:10.20.193.99:3300/0 5 ==== osd_map(2..2 src has 1..2) ==== 940+0+0 (secure 0 0 0) 0x7f1b100766f0 con 0x7f1b1c07de60
2026-02-20T02:12:49.933 INFO:teuthology.orchestra.run.trial099.stdout:/usr/bin/ceph: stderr
2026-02-20T02:12:49.066+0000 7f1b1a7fc640 1 --2- 10.20.193.99:0/1565833065 >> [v2:10.20.193.99:6800/1017515005,v1:10.20.193.99:6801/1017515005] conn(0x7f1af003dba0 0x7f1af0040060 unknown :-1 s=BANNER_CONNECTING pgs=0 cs=0 l=1 rev1=0 crypto rx=0 tx=0 comp rx=0 tx=0)._handle_peer_banner_payload supported=3 required=0
2026-02-20T02:12:49.933 INFO:teuthology.orchestra.run.trial099.stdout:/usr/bin/ceph: stderr
2026-02-20T02:12:49.067+0000 7f1b1a7fc640 1 --2- 10.20.193.99:0/1565833065 >> [v2:10.20.193.99:6800/1017515005,v1:10.20.193.99:6801/1017515005] conn(0x7f1af003dba0 0x7f1af0040060 secure :-1 s=READY pgs=16 cs=0 l=1 rev1=1 crypto rx=0x7f1b040099c0 tx=0x7f1b04006eb0 comp rx=0 tx=0).ready entity=mgr.14118 client_cookie=0 server_cookie=0 in_seq=0 out_seq=0
2026-02-20T02:12:49.933 INFO:teuthology.orchestra.run.trial099.stdout:/usr/bin/ceph: stderr
2026-02-20T02:12:49.069+0000 7f1afbfff640 1 -- 10.20.193.99:0/1565833065 <== mon.0 v2:10.20.193.99:3300/0 6 ==== mon_command_ack([{"prefix": "get_command_descriptions"}]=0 v0) ==== 72+0+195341 (secure 0 0 0) 0x7f1b10076450 con 0x7f1b1c07de60
2026-02-20T02:12:49.934 INFO:teuthology.orchestra.run.trial099.stdout:/usr/bin/ceph: stderr
2026-02-20T02:12:49.176+0000 7f1b1bfff640 1 -- 10.20.193.99:0/1565833065 --> [v2:10.20.193.99:3300/0,v1:10.20.193.99:6789/0] -- mon_command({"prefix": "mgr module enable", "module": "dashboard"} v 0) -- 0x7f1b1c1a3d90 con 0x7f1b1c07de60
2026-02-20T02:12:49.934 INFO:teuthology.orchestra.run.trial099.stdout:/usr/bin/ceph: stderr
2026-02-20T02:12:49.898+0000 7f1afbfff640 1 -- 10.20.193.99:0/1565833065 <== mon.0 v2:10.20.193.99:3300/0 7 ==== mon_command_ack([{"prefix": "mgr module enable", "module": "dashboard"}]=0 v9) ==== 88+0+0 (secure 0 0 0) 0x7f1b1003ed70 con 0x7f1b1c07de60
2026-02-20T02:12:49.934 INFO:teuthology.orchestra.run.trial099.stdout:/usr/bin/ceph: stderr
2026-02-20T02:12:49.899+0000 7f1afbfff640 1 -- 10.20.193.99:0/1565833065 <== mon.0 v2:10.20.193.99:3300/0 8 ==== mgrmap(e 9) ==== 50260+0+0 (secure 0 0 0) 0x7f1b10034d00 con 0x7f1b1c07de60
2026-02-20T02:12:49.934 INFO:teuthology.orchestra.run.trial099.stdout:/usr/bin/ceph: stderr
2026-02-20T02:12:49.901+0000 7f1b1bfff640 1 -- 10.20.193.99:0/1565833065 >> [v2:10.20.193.99:6800/1017515005,v1:10.20.193.99:6801/1017515005] conn(0x7f1af003dba0 msgr2=0x7f1af0040060 secure :-1 s=STATE_CONNECTION_ESTABLISHED l=1).mark_down
2026-02-20T02:12:49.934 INFO:teuthology.orchestra.run.trial099.stdout:/usr/bin/ceph: stderr
2026-02-20T02:12:49.901+0000 7f1b1bfff640 1 --2- 10.20.193.99:0/1565833065 >> [v2:10.20.193.99:6800/1017515005,v1:10.20.193.99:6801/1017515005] conn(0x7f1af003dba0 0x7f1af0040060 secure :-1 s=READY pgs=16 cs=0 l=1 rev1=1 crypto rx=0x7f1b040099c0 tx=0x7f1b04006eb0 comp rx=0 tx=0).stop
2026-02-20T02:12:49.934 INFO:teuthology.orchestra.run.trial099.stdout:/usr/bin/ceph: stderr
2026-02-20T02:12:49.901+0000 7f1b1bfff640 1 -- 10.20.193.99:0/1565833065 >> [v2:10.20.193.99:3300/0,v1:10.20.193.99:6789/0] conn(0x7f1b1c07de60 msgr2=0x7f1b1c1a0230 secure :-1 s=STATE_CONNECTION_ESTABLISHED l=1).mark_down
2026-02-20T02:12:49.934 INFO:teuthology.orchestra.run.trial099.stdout:/usr/bin/ceph: stderr
2026-02-20T02:12:49.901+0000 7f1b1bfff640 1 --2- 10.20.193.99:0/1565833065 >> [v2:10.20.193.99:3300/0,v1:10.20.193.99:6789/0] conn(0x7f1b1c07de60 0x7f1b1c1a0230 secure :-1 s=READY pgs=54 cs=0 l=1 rev1=1 crypto rx=0x7f1b10002410 tx=0x7f1b10035b10 comp rx=0 tx=0).stop
2026-02-20T02:12:49.934 INFO:teuthology.orchestra.run.trial099.stdout:/usr/bin/ceph: stderr
2026-02-20T02:12:49.901+0000 7f1b1bfff640 1 -- 10.20.193.99:0/1565833065 shutdown_connections
2026-02-20T02:12:49.934 INFO:teuthology.orchestra.run.trial099.stdout:/usr/bin/ceph: stderr
2026-02-20T02:12:49.901+0000 7f1b1bfff640 1 --2- 10.20.193.99:0/1565833065 >> [v2:10.20.193.99:6800/1017515005,v1:10.20.193.99:6801/1017515005] conn(0x7f1af003dba0 0x7f1af0040060 unknown :-1 s=CLOSED pgs=16 cs=0 l=1 rev1=1 crypto rx=0 tx=0 comp rx=0 tx=0).stop
2026-02-20T02:12:49.934 INFO:teuthology.orchestra.run.trial099.stdout:/usr/bin/ceph: stderr
2026-02-20T02:12:49.901+0000 7f1b1bfff640 1 --2- 10.20.193.99:0/1565833065 >> [v2:10.20.193.99:3300/0,v1:10.20.193.99:6789/0] conn(0x7f1b1c07de60 0x7f1b1c1a0230 unknown :-1 s=CLOSED pgs=54 cs=0 l=1 rev1=1 crypto rx=0 tx=0 comp rx=0 tx=0).stop
2026-02-20T02:12:49.934 INFO:teuthology.orchestra.run.trial099.stdout:/usr/bin/ceph: stderr
2026-02-20T02:12:49.901+0000 7f1b1bfff640 1 -- 10.20.193.99:0/1565833065 >> 10.20.193.99:0/1565833065 conn(0x7f1b1c103860 msgr2=0x7f1b1c104440 unknown :-1 s=STATE_NONE l=0).mark_down
2026-02-20T02:12:49.935 INFO:teuthology.orchestra.run.trial099.stdout:/usr/bin/ceph: stderr
2026-02-20T02:12:49.901+0000 7f1b1bfff640 1 -- 10.20.193.99:0/1565833065 shutdown_connections
2026-02-20T02:12:49.935 INFO:teuthology.orchestra.run.trial099.stdout:/usr/bin/ceph: stderr
2026-02-20T02:12:49.901+0000 7f1b1bfff640 1 -- 10.20.193.99:0/1565833065 wait complete.
2026-02-20T02:12:50.156 INFO:journalctl@ceph.mgr.x.trial099.stdout:Feb 20 02:12:49 trial099 ceph-92d194e6-0e01-11f1-861d-d404e6e7d460-mgr-x[41166]: ignoring --setuser ceph since I am not root
2026-02-20T02:12:50.156 INFO:journalctl@ceph.mgr.x.trial099.stdout:Feb 20 02:12:49 trial099 ceph-92d194e6-0e01-11f1-861d-d404e6e7d460-mgr-x[41166]: ignoring --setgroup ceph since I am not root
2026-02-20T02:12:50.166 INFO:teuthology.orchestra.run.trial099.stdout:/usr/bin/ceph: stdout {
2026-02-20T02:12:50.166 INFO:teuthology.orchestra.run.trial099.stdout:/usr/bin/ceph: stdout "epoch": 9,
2026-02-20T02:12:50.166 INFO:teuthology.orchestra.run.trial099.stdout:/usr/bin/ceph: stdout "available": true,
2026-02-20T02:12:50.166 INFO:teuthology.orchestra.run.trial099.stdout:/usr/bin/ceph: stdout "active_name": "x",
2026-02-20T02:12:50.166 INFO:teuthology.orchestra.run.trial099.stdout:/usr/bin/ceph: stdout "num_standby": 0
2026-02-20T02:12:50.166 INFO:teuthology.orchestra.run.trial099.stdout:/usr/bin/ceph: stdout }
2026-02-20T02:12:50.167 INFO:teuthology.orchestra.run.trial099.stdout:/usr/bin/ceph: stderr
2026-02-20T02:12:50.025+0000 7f4aaba8d640 1 Processor -- start
2026-02-20T02:12:50.167 INFO:teuthology.orchestra.run.trial099.stdout:/usr/bin/ceph: stderr
2026-02-20T02:12:50.025+0000 7f4aaba8d640 1 -- start start
2026-02-20T02:12:50.167 INFO:teuthology.orchestra.run.trial099.stdout:/usr/bin/ceph: stderr
2026-02-20T02:12:50.025+0000 7f4aaba8d640 1 --2- >> [v2:10.20.193.99:3300/0,v1:10.20.193.99:6789/0] conn(0x7f4aa410a4c0 0x7f4aa410a8c0 unknown :-1 s=NONE pgs=0 cs=0 l=0 rev1=0 crypto rx=0 tx=0 comp rx=0 tx=0).connect
2026-02-20T02:12:50.167 INFO:teuthology.orchestra.run.trial099.stdout:/usr/bin/ceph: stderr
2026-02-20T02:12:50.025+0000 7f4aaba8d640 1 -- --> [v2:10.20.193.99:3300/0,v1:10.20.193.99:6789/0] -- mon_getmap magic: 0 -- 0x7f4aa410ae90 con 0x7f4aa410a4c0
2026-02-20T02:12:50.167 INFO:teuthology.orchestra.run.trial099.stdout:/usr/bin/ceph: stderr
2026-02-20T02:12:50.026+0000 7f4aa9802640 1 --2- >> [v2:10.20.193.99:3300/0,v1:10.20.193.99:6789/0] conn(0x7f4aa410a4c0 0x7f4aa410a8c0 unknown :-1 s=BANNER_CONNECTING pgs=0 cs=0 l=0 rev1=0 crypto rx=0 tx=0 comp rx=0 tx=0)._handle_peer_banner_payload supported=3 required=0
2026-02-20T02:12:50.167 INFO:teuthology.orchestra.run.trial099.stdout:/usr/bin/ceph: stderr
2026-02-20T02:12:50.026+0000 7f4aa9802640 1 --2- >> [v2:10.20.193.99:3300/0,v1:10.20.193.99:6789/0] conn(0x7f4aa410a4c0 0x7f4aa410a8c0 unknown :-1 s=HELLO_CONNECTING pgs=0 cs=0 l=0 rev1=1 crypto rx=0 tx=0 comp rx=0 tx=0).handle_hello peer v2:10.20.193.99:3300/0 says I am v2:10.20.193.99:40208/0 (socket says 10.20.193.99:40208)
2026-02-20T02:12:50.167 INFO:teuthology.orchestra.run.trial099.stdout:/usr/bin/ceph: stderr
2026-02-20T02:12:50.026+0000 7f4aa9802640 1 -- 10.20.193.99:0/185542424 learned_addr learned my addr 10.20.193.99:0/185542424 (peer_addr_for_me v2:10.20.193.99:0/0)
2026-02-20T02:12:50.167 INFO:teuthology.orchestra.run.trial099.stdout:/usr/bin/ceph: stderr
2026-02-20T02:12:50.026+0000 7f4aa9802640 1 -- 10.20.193.99:0/185542424 --> [v2:10.20.193.99:3300/0,v1:10.20.193.99:6789/0] -- mon_subscribe({config=0+,monmap=0+}) -- 0x7f4aa410b6c0 con 0x7f4aa410a4c0
2026-02-20T02:12:50.167 INFO:teuthology.orchestra.run.trial099.stdout:/usr/bin/ceph: stderr
2026-02-20T02:12:50.026+0000 7f4aa9802640 1 --2- 10.20.193.99:0/185542424 >> [v2:10.20.193.99:3300/0,v1:10.20.193.99:6789/0] conn(0x7f4aa410a4c0 0x7f4aa410a8c0 secure :-1 s=READY pgs=57 cs=0 l=1 rev1=1 crypto rx=0x7f4a94009920 tx=0x7f4a9402ef20 comp rx=0 tx=0).ready entity=mon.0 client_cookie=da012e5e9f157492 server_cookie=0 in_seq=0 out_seq=0
2026-02-20T02:12:50.167 INFO:teuthology.orchestra.run.trial099.stdout:/usr/bin/ceph: stderr
2026-02-20T02:12:50.026+0000 7f4aa8800640 1 -- 10.20.193.99:0/185542424 <== mon.0 v2:10.20.193.99:3300/0 1 ==== mon_map magic: 0 ==== 205+0+0 (secure 0 0 0) 0x7f4a9403c070 con 0x7f4aa410a4c0
2026-02-20T02:12:50.168 INFO:teuthology.orchestra.run.trial099.stdout:/usr/bin/ceph: stderr
2026-02-20T02:12:50.026+0000 7f4aa8800640 1 -- 10.20.193.99:0/185542424 <== mon.0 v2:10.20.193.99:3300/0 2 ==== config(27 keys) ==== 1110+0+0 (secure 0 0 0) 0x7f4a94037440 con 0x7f4aa410a4c0
2026-02-20T02:12:50.168 INFO:teuthology.orchestra.run.trial099.stdout:/usr/bin/ceph: stderr
2026-02-20T02:12:50.026+0000 7f4aa8800640 1 -- 10.20.193.99:0/185542424 <== mon.0 v2:10.20.193.99:3300/0 3 ==== mon_map magic: 0 ==== 205+0+0 (secure 0 0 0) 0x7f4a940355e0 con 0x7f4aa410a4c0
2026-02-20T02:12:50.168 INFO:teuthology.orchestra.run.trial099.stdout:/usr/bin/ceph: stderr
2026-02-20T02:12:50.027+0000 7f4aaba8d640 1 -- 10.20.193.99:0/185542424 >> [v2:10.20.193.99:3300/0,v1:10.20.193.99:6789/0] conn(0x7f4aa410a4c0 msgr2=0x7f4aa410a8c0 secure :-1 s=STATE_CONNECTION_ESTABLISHED l=1).mark_down
2026-02-20T02:12:50.168 INFO:teuthology.orchestra.run.trial099.stdout:/usr/bin/ceph: stderr
2026-02-20T02:12:50.027+0000 7f4aaba8d640 1 --2- 10.20.193.99:0/185542424 >> [v2:10.20.193.99:3300/0,v1:10.20.193.99:6789/0] conn(0x7f4aa410a4c0 0x7f4aa410a8c0 secure :-1 s=READY pgs=57 cs=0 l=1 rev1=1 crypto rx=0x7f4a94009920 tx=0x7f4a9402ef20 comp rx=0 tx=0).stop
2026-02-20T02:12:50.168 INFO:teuthology.orchestra.run.trial099.stdout:/usr/bin/ceph: stderr
2026-02-20T02:12:50.027+0000 7f4aaba8d640 1 -- 10.20.193.99:0/185542424 shutdown_connections
2026-02-20T02:12:50.168 INFO:teuthology.orchestra.run.trial099.stdout:/usr/bin/ceph: stderr
2026-02-20T02:12:50.027+0000 7f4aaba8d640 1 --2- 10.20.193.99:0/185542424 >> [v2:10.20.193.99:3300/0,v1:10.20.193.99:6789/0] conn(0x7f4aa410a4c0 0x7f4aa410a8c0 unknown :-1 s=CLOSED pgs=57 cs=0 l=1 rev1=1 crypto rx=0 tx=0 comp rx=0 tx=0).stop
2026-02-20T02:12:50.168 INFO:teuthology.orchestra.run.trial099.stdout:/usr/bin/ceph: stderr
2026-02-20T02:12:50.027+0000 7f4aaba8d640 1 -- 10.20.193.99:0/185542424 >> 10.20.193.99:0/185542424 conn(0x7f4aa407d9a0 msgr2=0x7f4aa4108680 unknown :-1 s=STATE_NONE l=0).mark_down
2026-02-20T02:12:50.168 INFO:teuthology.orchestra.run.trial099.stdout:/usr/bin/ceph: stderr
2026-02-20T02:12:50.027+0000 7f4aaba8d640 1 -- 10.20.193.99:0/185542424 shutdown_connections
2026-02-20T02:12:50.168 INFO:teuthology.orchestra.run.trial099.stdout:/usr/bin/ceph: stderr
2026-02-20T02:12:50.027+0000 7f4aaba8d640 1 -- 10.20.193.99:0/185542424 wait complete.
2026-02-20T02:12:50.168 INFO:teuthology.orchestra.run.trial099.stdout:/usr/bin/ceph: stderr
2026-02-20T02:12:50.027+0000 7f4aaba8d640 1 Processor -- start
2026-02-20T02:12:50.168 INFO:teuthology.orchestra.run.trial099.stdout:/usr/bin/ceph: stderr
2026-02-20T02:12:50.027+0000 7f4aaba8d640 1 -- start start
2026-02-20T02:12:50.168 INFO:teuthology.orchestra.run.trial099.stdout:/usr/bin/ceph: stderr
2026-02-20T02:12:50.028+0000 7f4aaba8d640 1 --2- >> [v2:10.20.193.99:3300/0,v1:10.20.193.99:6789/0] conn(0x7f4aa410a4c0 0x7f4aa41a03f0 unknown :-1 s=NONE pgs=0 cs=0 l=1 rev1=0 crypto rx=0 tx=0 comp rx=0 tx=0).connect
2026-02-20T02:12:50.169 INFO:teuthology.orchestra.run.trial099.stdout:/usr/bin/ceph: stderr
2026-02-20T02:12:50.028+0000 7f4aaba8d640 1 -- --> [v2:10.20.193.99:3300/0,v1:10.20.193.99:6789/0] -- mon_getmap magic: 0 -- 0x7f4aa410ea70 con 0x7f4aa410a4c0
2026-02-20T02:12:50.169 INFO:teuthology.orchestra.run.trial099.stdout:/usr/bin/ceph: stderr
2026-02-20T02:12:50.028+0000 7f4aa9802640 1 --2- >> [v2:10.20.193.99:3300/0,v1:10.20.193.99:6789/0] conn(0x7f4aa410a4c0 0x7f4aa41a03f0 unknown :-1 s=BANNER_CONNECTING pgs=0 cs=0 l=1 rev1=0 crypto rx=0 tx=0 comp rx=0 tx=0)._handle_peer_banner_payload supported=3 required=0
2026-02-20T02:12:50.169 INFO:teuthology.orchestra.run.trial099.stdout:/usr/bin/ceph: stderr
2026-02-20T02:12:50.028+0000 7f4aa9802640 1 --2- >> [v2:10.20.193.99:3300/0,v1:10.20.193.99:6789/0] conn(0x7f4aa410a4c0 0x7f4aa41a03f0 unknown :-1 s=HELLO_CONNECTING pgs=0 cs=0 l=1 rev1=1 crypto rx=0 tx=0 comp rx=0 tx=0).handle_hello peer v2:10.20.193.99:3300/0 says I am v2:10.20.193.99:40220/0 (socket says 10.20.193.99:40220)
2026-02-20T02:12:50.169 INFO:teuthology.orchestra.run.trial099.stdout:/usr/bin/ceph: stderr
2026-02-20T02:12:50.028+0000 7f4aa9802640 1 -- 10.20.193.99:0/1146188335 learned_addr learned my addr 10.20.193.99:0/1146188335 (peer_addr_for_me v2:10.20.193.99:0/0)
2026-02-20T02:12:50.169 INFO:teuthology.orchestra.run.trial099.stdout:/usr/bin/ceph: stderr
2026-02-20T02:12:50.028+0000 7f4aa9802640 1 -- 10.20.193.99:0/1146188335 --> [v2:10.20.193.99:3300/0,v1:10.20.193.99:6789/0] -- mon_subscribe({config=0+,monmap=0+}) -- 0x7f4aa41a0930 con 0x7f4aa410a4c0
2026-02-20T02:12:50.169 INFO:teuthology.orchestra.run.trial099.stdout:/usr/bin/ceph: stderr
2026-02-20T02:12:50.028+0000 7f4aa9802640 1 --2- 10.20.193.99:0/1146188335 >> [v2:10.20.193.99:3300/0,v1:10.20.193.99:6789/0] conn(0x7f4aa410a4c0 0x7f4aa41a03f0 secure :-1 s=READY pgs=58 cs=0 l=1 rev1=1 crypto rx=0x7f4a94009a50 tx=0x7f4a94035b10 comp rx=0 tx=0).ready entity=mon.0 client_cookie=0 server_cookie=0 in_seq=0 out_seq=0
2026-02-20T02:12:50.169 INFO:teuthology.orchestra.run.trial099.stdout:/usr/bin/ceph: stderr
2026-02-20T02:12:50.028+0000 7f4a92ffd640 1 -- 10.20.193.99:0/1146188335 <== mon.0 v2:10.20.193.99:3300/0 1 ==== mon_map magic: 0 ==== 205+0+0 (secure 0 0 0) 0x7f4a94047070 con 0x7f4aa410a4c0
2026-02-20T02:12:50.169 INFO:teuthology.orchestra.run.trial099.stdout:/usr/bin/ceph: stderr
2026-02-20T02:12:50.028+0000 7f4a92ffd640 1 -- 10.20.193.99:0/1146188335 <== mon.0 v2:10.20.193.99:3300/0 2 ==== config(27 keys) ==== 1110+0+0 (secure 0 0 0) 0x7f4a94042460 con 0x7f4aa410a4c0
2026-02-20T02:12:50.169 INFO:teuthology.orchestra.run.trial099.stdout:/usr/bin/ceph: stderr
2026-02-20T02:12:50.028+0000 7f4aaba8d640 1 -- 10.20.193.99:0/1146188335 --> [v2:10.20.193.99:3300/0,v1:10.20.193.99:6789/0] -- mon_subscribe({mgrmap=0+}) -- 0x7f4aa41a0bc0 con 0x7f4aa410a4c0
2026-02-20T02:12:50.169 INFO:teuthology.orchestra.run.trial099.stdout:/usr/bin/ceph: stderr
2026-02-20T02:12:50.028+0000 7f4a92ffd640 1 -- 10.20.193.99:0/1146188335 <== mon.0 v2:10.20.193.99:3300/0 3 ==== mon_map magic: 0 ==== 205+0+0 (secure 0 0 0) 0x7f4a9403c070 con 0x7f4aa410a4c0
2026-02-20T02:12:50.169 INFO:teuthology.orchestra.run.trial099.stdout:/usr/bin/ceph: stderr
2026-02-20T02:12:50.028+0000 7f4aaba8d640 1 -- 10.20.193.99:0/1146188335 --> [v2:10.20.193.99:3300/0,v1:10.20.193.99:6789/0] -- mon_subscribe({osdmap=0}) -- 0x7f4aa41a38b0 con 0x7f4aa410a4c0
2026-02-20T02:12:50.169 INFO:teuthology.orchestra.run.trial099.stdout:/usr/bin/ceph: stderr
2026-02-20T02:12:50.028+0000 7f4aaba8d640 1 -- 10.20.193.99:0/1146188335 --> [v2:10.20.193.99:3300/0,v1:10.20.193.99:6789/0] -- mon_command({"prefix": "get_command_descriptions"} v 0) -- 0x7f4aa410ebf0 con 0x7f4aa410a4c0
2026-02-20T02:12:50.170 INFO:teuthology.orchestra.run.trial099.stdout:/usr/bin/ceph: stderr
2026-02-20T02:12:50.029+0000 7f4a92ffd640 1 -- 10.20.193.99:0/1146188335 <== mon.0 v2:10.20.193.99:3300/0 4 ==== mgrmap(e 9) ==== 50260+0+0 (secure 0 0 0) 0x7f4a94042a30 con 0x7f4aa410a4c0
2026-02-20T02:12:50.170 INFO:teuthology.orchestra.run.trial099.stdout:/usr/bin/ceph: stderr
2026-02-20T02:12:50.029+0000 7f4a92ffd640 1 --2- 10.20.193.99:0/1146188335 >> [v2:10.20.193.99:6800/1017515005,v1:10.20.193.99:6801/1017515005] conn(0x7f4a8003dbf0 0x7f4a800400b0 unknown :-1 s=NONE pgs=0 cs=0 l=1 rev1=0 crypto rx=0 tx=0 comp rx=0 tx=0).connect
2026-02-20T02:12:50.170 INFO:teuthology.orchestra.run.trial099.stdout:/usr/bin/ceph: stderr
2026-02-20T02:12:50.029+0000 7f4aa9001640 1 -- 10.20.193.99:0/1146188335 >> [v2:10.20.193.99:6800/1017515005,v1:10.20.193.99:6801/1017515005] conn(0x7f4a8003dbf0 msgr2=0x7f4a800400b0 unknown :-1 s=STATE_CONNECTING_RE l=1).process reconnect failed to v2:10.20.193.99:6800/1017515005
2026-02-20T02:12:50.170 INFO:teuthology.orchestra.run.trial099.stdout:/usr/bin/ceph: stderr
2026-02-20T02:12:50.029+0000 7f4a92ffd640 1 -- 10.20.193.99:0/1146188335 <== mon.0 v2:10.20.193.99:3300/0 5 ==== osd_map(2..2 src has 1..2) ==== 940+0+0 (secure 0 0 0) 0x7f4a94076a20 con 0x7f4aa410a4c0
2026-02-20T02:12:50.170 INFO:teuthology.orchestra.run.trial099.stdout:/usr/bin/ceph: stderr
2026-02-20T02:12:50.029+0000 7f4aa9001640 1 --2- 10.20.193.99:0/1146188335 >> [v2:10.20.193.99:6800/1017515005,v1:10.20.193.99:6801/1017515005] conn(0x7f4a8003dbf0 0x7f4a800400b0 unknown :-1 s=START_CONNECT pgs=0 cs=0 l=1 rev1=0 crypto rx=0 tx=0 comp rx=0 tx=0)._fault waiting 0.200000
2026-02-20T02:12:50.170 INFO:teuthology.orchestra.run.trial099.stdout:/usr/bin/ceph: stderr
2026-02-20T02:12:50.032+0000 7f4a92ffd640 1 -- 10.20.193.99:0/1146188335 <== mon.0 v2:10.20.193.99:3300/0 6 ==== mon_command_ack([{"prefix": "get_command_descriptions"}]=0 v0) ==== 72+0+195341 (secure 0 0 0) 0x7f4a94036e20 con 0x7f4aa410a4c0
2026-02-20T02:12:50.170 INFO:teuthology.orchestra.run.trial099.stdout:/usr/bin/ceph: stderr
2026-02-20T02:12:50.138+0000 7f4aaba8d640 1 -- 10.20.193.99:0/1146188335 --> [v2:10.20.193.99:3300/0,v1:10.20.193.99:6789/0] -- mon_command({"prefix": "mgr stat"} v 0) -- 0x7f4aa41a3a80 con 0x7f4aa410a4c0
2026-02-20T02:12:50.170 INFO:teuthology.orchestra.run.trial099.stdout:/usr/bin/ceph: stderr
2026-02-20T02:12:50.138+0000 7f4a92ffd640 1 -- 10.20.193.99:0/1146188335 <== mon.0 v2:10.20.193.99:3300/0 7 ==== mon_command_ack([{"prefix": "mgr stat"}]=0 v9) ==== 56+0+88 (secure 0 0 0) 0x7f4aa41a3a80 con 0x7f4aa410a4c0
2026-02-20T02:12:50.170 INFO:teuthology.orchestra.run.trial099.stdout:/usr/bin/ceph: stderr
2026-02-20T02:12:50.140+0000 7f4aaba8d640 1 -- 10.20.193.99:0/1146188335 >> [v2:10.20.193.99:6800/1017515005,v1:10.20.193.99:6801/1017515005] conn(0x7f4a8003dbf0 msgr2=0x7f4a800400b0 unknown :-1 s=STATE_CONNECTING l=1).mark_down
2026-02-20T02:12:50.170 INFO:teuthology.orchestra.run.trial099.stdout:/usr/bin/ceph: stderr
2026-02-20T02:12:50.140+0000 7f4aaba8d640 1 --2- 10.20.193.99:0/1146188335 >> [v2:10.20.193.99:6800/1017515005,v1:10.20.193.99:6801/1017515005] conn(0x7f4a8003dbf0 0x7f4a800400b0 unknown :-1 s=START_CONNECT pgs=0 cs=0 l=1 rev1=0 crypto rx=0 tx=0 comp rx=0 tx=0).stop
2026-02-20T02:12:50.170 INFO:teuthology.orchestra.run.trial099.stdout:/usr/bin/ceph: stderr
2026-02-20T02:12:50.140+0000 7f4aaba8d640 1 -- 10.20.193.99:0/1146188335 >> [v2:10.20.193.99:3300/0,v1:10.20.193.99:6789/0] conn(0x7f4aa410a4c0 msgr2=0x7f4aa41a03f0 secure :-1 s=STATE_CONNECTION_ESTABLISHED l=1).mark_down
2026-02-20T02:12:50.171 INFO:teuthology.orchestra.run.trial099.stdout:/usr/bin/ceph: stderr
2026-02-20T02:12:50.140+0000 7f4aaba8d640 1 --2- 10.20.193.99:0/1146188335 >> [v2:10.20.193.99:3300/0,v1:10.20.193.99:6789/0] conn(0x7f4aa410a4c0 0x7f4aa41a03f0 secure :-1 s=READY pgs=58 cs=0 l=1 rev1=1 crypto rx=0x7f4a94009a50 tx=0x7f4a94035b10 comp rx=0 tx=0).stop
2026-02-20T02:12:50.171 INFO:teuthology.orchestra.run.trial099.stdout:/usr/bin/ceph: stderr
2026-02-20T02:12:50.140+0000 7f4aaba8d640 1 -- 10.20.193.99:0/1146188335 shutdown_connections
2026-02-20T02:12:50.171 INFO:teuthology.orchestra.run.trial099.stdout:/usr/bin/ceph: stderr
2026-02-20T02:12:50.140+0000 7f4aaba8d640 1 --2- 10.20.193.99:0/1146188335 >> [v2:10.20.193.99:6800/1017515005,v1:10.20.193.99:6801/1017515005] conn(0x7f4a8003dbf0 0x7f4a800400b0 unknown :-1 s=CLOSED pgs=0 cs=0 l=1 rev1=0 crypto rx=0 tx=0 comp rx=0 tx=0).stop
2026-02-20T02:12:50.171 INFO:teuthology.orchestra.run.trial099.stdout:/usr/bin/ceph: stderr
2026-02-20T02:12:50.140+0000 7f4aaba8d640 1 --2- 10.20.193.99:0/1146188335 >> [v2:10.20.193.99:3300/0,v1:10.20.193.99:6789/0] conn(0x7f4aa410a4c0 0x7f4aa41a03f0 unknown :-1 s=CLOSED pgs=58 cs=0 l=1 rev1=1 crypto rx=0 tx=0 comp rx=0 tx=0).stop
2026-02-20T02:12:50.171 INFO:teuthology.orchestra.run.trial099.stdout:/usr/bin/ceph: stderr
2026-02-20T02:12:50.140+0000 7f4aaba8d640 1 -- 10.20.193.99:0/1146188335 >> 10.20.193.99:0/1146188335 conn(0x7f4aa407d9a0 msgr2=0x7f4aa4107e80 unknown :-1 s=STATE_NONE l=0).mark_down
2026-02-20T02:12:50.171 INFO:teuthology.orchestra.run.trial099.stdout:/usr/bin/ceph: stderr
2026-02-20T02:12:50.140+0000 7f4aaba8d640 1 -- 10.20.193.99:0/1146188335 shutdown_connections
2026-02-20T02:12:50.171 INFO:teuthology.orchestra.run.trial099.stdout:/usr/bin/ceph: stderr
2026-02-20T02:12:50.140+0000 7f4aaba8d640 1 -- 10.20.193.99:0/1146188335 wait complete.
2026-02-20T02:12:50.171 INFO:teuthology.orchestra.run.trial099.stdout:Waiting for the mgr to restart...
2026-02-20T02:12:50.171 INFO:teuthology.orchestra.run.trial099.stdout:Waiting for mgr epoch 9...
2026-02-20T02:12:50.463 INFO:journalctl@ceph.mon.a.trial099.stdout:Feb 20 02:12:50 trial099 ceph-mon[40890]: from='mgr.14118 10.20.193.99:0/1678751409' entity='mgr.x'
2026-02-20T02:12:50.463 INFO:journalctl@ceph.mon.a.trial099.stdout:Feb 20 02:12:50 trial099 ceph-mon[40890]: from='client.? 10.20.193.99:0/1565833065' entity='client.admin' cmd='[{"prefix": "mgr module enable", "module": "dashboard"}]': finished
2026-02-20T02:12:50.463 INFO:journalctl@ceph.mon.a.trial099.stdout:Feb 20 02:12:50 trial099 ceph-mon[40890]: mgrmap e9: x(active, since 6s)
2026-02-20T02:12:50.463 INFO:journalctl@ceph.mon.a.trial099.stdout:Feb 20 02:12:50 trial099 ceph-mon[40890]: from='client.? 10.20.193.99:0/1146188335' entity='client.admin' cmd=[{"prefix": "mgr stat"}]: dispatch
2026-02-20T02:12:50.463 INFO:journalctl@ceph.mgr.x.trial099.stdout:Feb 20 02:12:50 trial099 ceph-92d194e6-0e01-11f1-861d-d404e6e7d460-mgr-x[41166]:
2026-02-20T02:12:50.315+0000 7fcf2dd44140 -1 mgr[py] Module snap_schedule has missing NOTIFY_TYPES member
2026-02-20T02:12:50.464 INFO:journalctl@ceph.mgr.x.trial099.stdout:Feb 20 02:12:50 trial099 ceph-92d194e6-0e01-11f1-861d-d404e6e7d460-mgr-x[41166]:
2026-02-20T02:12:50.461+0000 7fcf2dd44140 -1 mgr[py] Module prometheus has missing NOTIFY_TYPES member
2026-02-20T02:12:50.715 INFO:journalctl@ceph.mgr.x.trial099.stdout:Feb 20 02:12:50 trial099 ceph-92d194e6-0e01-11f1-861d-d404e6e7d460-mgr-x[41166]:
2026-02-20T02:12:50.495+0000 7fcf2dd44140 -1 mgr[py] Module balancer has missing NOTIFY_TYPES member
2026-02-20T02:12:50.715 INFO:journalctl@ceph.mgr.x.trial099.stdout:Feb 20 02:12:50 trial099 ceph-92d194e6-0e01-11f1-861d-d404e6e7d460-mgr-x[41166]:
2026-02-20T02:12:50.536+0000 7fcf2dd44140 -1 mgr[py] Module rbd_support has missing NOTIFY_TYPES member
2026-02-20T02:12:50.715 INFO:journalctl@ceph.mgr.x.trial099.stdout:Feb 20 02:12:50 trial099 ceph-92d194e6-0e01-11f1-861d-d404e6e7d460-mgr-x[41166]:
2026-02-20T02:12:50.568+0000 7fcf2dd44140 -1 mgr[py] Module devicehealth has missing NOTIFY_TYPES member
2026-02-20T02:12:50.715 INFO:journalctl@ceph.mgr.x.trial099.stdout:Feb 20 02:12:50 trial099 ceph-92d194e6-0e01-11f1-861d-d404e6e7d460-mgr-x[41166]:
2026-02-20T02:12:50.602+0000 7fcf2dd44140 -1 mgr[py] Module alerts has missing NOTIFY_TYPES member
2026-02-20T02:12:50.715 INFO:journalctl@ceph.mgr.x.trial099.stdout:Feb 20 02:12:50 trial099 ceph-92d194e6-0e01-11f1-861d-d404e6e7d460-mgr-x[41166]:
2026-02-20T02:12:50.668+0000 7fcf2dd44140 -1 mgr[py] Module telemetry has missing NOTIFY_TYPES member
2026-02-20T02:12:51.000 INFO:journalctl@ceph.mgr.x.trial099.stdout:Feb 20 02:12:50 trial099 ceph-92d194e6-0e01-11f1-861d-d404e6e7d460-mgr-x[41166]: /lib64/python3.9/site-packages/scipy/__init__.py:73: UserWarning: NumPy was imported from a Python sub-interpreter but NumPy does not properly support sub-interpreters. This will likely work for most users but might cause hard to track down issues or subtle bugs. A common user of the rare sub-interpreter feature is wsgi which also allows single-interpreter mode.
2026-02-20T02:12:51.000 INFO:journalctl@ceph.mgr.x.trial099.stdout:Feb 20 02:12:50 trial099 ceph-92d194e6-0e01-11f1-861d-d404e6e7d460-mgr-x[41166]: Improvements in the case of bugs are welcome, but is not on the NumPy roadmap, and full support may require significant effort to achieve.
2026-02-20T02:12:51.000 INFO:journalctl@ceph.mgr.x.trial099.stdout:Feb 20 02:12:50 trial099 ceph-92d194e6-0e01-11f1-861d-d404e6e7d460-mgr-x[41166]: from numpy import show_config as show_numpy_config
2026-02-20T02:12:51.000 INFO:journalctl@ceph.mgr.x.trial099.stdout:Feb 20 02:12:50 trial099 ceph-92d194e6-0e01-11f1-861d-d404e6e7d460-mgr-x[41166]:
2026-02-20T02:12:50.741+0000 7fcf2dd44140 -1 mgr[py] Module diskprediction_local has missing NOTIFY_TYPES member
2026-02-20T02:12:51.000 INFO:journalctl@ceph.mgr.x.trial099.stdout:Feb 20 02:12:50 trial099 ceph-92d194e6-0e01-11f1-861d-d404e6e7d460-mgr-x[41166]:
2026-02-20T02:12:50.776+0000 7fcf2dd44140 -1 mgr[py] Module status has missing NOTIFY_TYPES member
2026-02-20T02:12:51.000 INFO:journalctl@ceph.mgr.x.trial099.stdout:Feb 20 02:12:50 trial099 ceph-92d194e6-0e01-11f1-861d-d404e6e7d460-mgr-x[41166]:
2026-02-20T02:12:50.872+0000 7fcf2dd44140 -1 mgr[py] Module rgw has missing NOTIFY_TYPES member
2026-02-20T02:12:51.001 INFO:journalctl@ceph.mgr.x.trial099.stdout:Feb 20 02:12:50 trial099 ceph-92d194e6-0e01-11f1-861d-d404e6e7d460-mgr-x[41166]:
2026-02-20T02:12:50.931+0000 7fcf2dd44140 -1 mgr[py] Module iostat has missing NOTIFY_TYPES member
2026-02-20T02:12:51.001 INFO:journalctl@ceph.mgr.x.trial099.stdout:Feb 20 02:12:50 trial099 ceph-92d194e6-0e01-11f1-861d-d404e6e7d460-mgr-x[41166]:
2026-02-20T02:12:50.965+0000 7fcf2dd44140 -1 mgr[py] Module pg_autoscaler has missing NOTIFY_TYPES member
2026-02-20T02:12:51.001 INFO:journalctl@ceph.mgr.x.trial099.stdout:Feb 20 02:12:50 trial099 ceph-92d194e6-0e01-11f1-861d-d404e6e7d460-mgr-x[41166]:
2026-02-20T02:12:50.998+0000 7fcf2dd44140 -1 mgr[py] Module osd_perf_query has missing NOTIFY_TYPES member
2026-02-20T02:12:51.298 INFO:journalctl@ceph.mgr.x.trial099.stdout:Feb 20 02:12:51 trial099 ceph-92d194e6-0e01-11f1-861d-d404e6e7d460-mgr-x[41166]:
2026-02-20T02:12:51.033+0000 7fcf2dd44140 -1 mgr[py] Module crash has missing NOTIFY_TYPES member
2026-02-20T02:12:51.298 INFO:journalctl@ceph.mgr.x.trial099.stdout:Feb 20 02:12:51 trial099 ceph-92d194e6-0e01-11f1-861d-d404e6e7d460-mgr-x[41166]:
2026-02-20T02:12:51.063+0000 7fcf2dd44140 -1 mgr[py] Module progress has missing NOTIFY_TYPES member
2026-02-20T02:12:51.298 INFO:journalctl@ceph.mgr.x.trial099.stdout:Feb 20 02:12:51 trial099 ceph-92d194e6-0e01-11f1-861d-d404e6e7d460-mgr-x[41166]:
2026-02-20T02:12:51.296+0000 7fcf2dd44140 -1 mgr[py] Module rook has missing NOTIFY_TYPES member
2026-02-20T02:12:51.553 INFO:journalctl@ceph.mgr.x.trial099.stdout:Feb 20 02:12:51 trial099 ceph-92d194e6-0e01-11f1-861d-d404e6e7d460-mgr-x[41166]:
2026-02-20T02:12:51.396+0000 7fcf2dd44140 -1 mgr[py] Module nfs has missing NOTIFY_TYPES member
2026-02-20T02:12:51.554 INFO:journalctl@ceph.mgr.x.trial099.stdout:Feb 20 02:12:51 trial099 ceph-92d194e6-0e01-11f1-861d-d404e6e7d460-mgr-x[41166]:
2026-02-20T02:12:51.427+0000 7fcf2dd44140 -1 mgr[py] Module telegraf has missing NOTIFY_TYPES member
2026-02-20T02:12:51.554 INFO:journalctl@ceph.mgr.x.trial099.stdout:Feb 20 02:12:51 trial099 ceph-92d194e6-0e01-11f1-861d-d404e6e7d460-mgr-x[41166]:
2026-02-20T02:12:51.458+0000 7fcf2dd44140 -1 mgr[py] Module selftest has missing NOTIFY_TYPES member
2026-02-20T02:12:51.554 INFO:journalctl@ceph.mgr.x.trial099.stdout:Feb 20 02:12:51 trial099 ceph-92d194e6-0e01-11f1-861d-d404e6e7d460-mgr-x[41166]:
2026-02-20T02:12:51.552+0000 7fcf2dd44140 -1 mgr[py] Module test_orchestrator has missing NOTIFY_TYPES member
2026-02-20T02:12:51.964 INFO:journalctl@ceph.mgr.x.trial099.stdout:Feb 20 02:12:51 trial099 ceph-92d194e6-0e01-11f1-861d-d404e6e7d460-mgr-x[41166]:
2026-02-20T02:12:51.581+0000 7fcf2dd44140 -1 mgr[py] Module osd_support has missing NOTIFY_TYPES member
2026-02-20T02:12:51.964 INFO:journalctl@ceph.mgr.x.trial099.stdout:Feb 20 02:12:51 trial099 ceph-92d194e6-0e01-11f1-861d-d404e6e7d460-mgr-x[41166]:
2026-02-20T02:12:51.673+0000 7fcf2dd44140 -1 mgr[py] Module orchestrator has missing NOTIFY_TYPES member
2026-02-20T02:12:52.465 INFO:journalctl@ceph.mgr.x.trial099.stdout:Feb 20 02:12:52 trial099 ceph-92d194e6-0e01-11f1-861d-d404e6e7d460-mgr-x[41166]:
2026-02-20T02:12:52.137+0000 7fcf2dd44140 -1 mgr[py] Module volumes has missing NOTIFY_TYPES member
2026-02-20T02:12:52.465 INFO:journalctl@ceph.mgr.x.trial099.stdout:Feb 20 02:12:52 trial099 ceph-92d194e6-0e01-11f1-861d-d404e6e7d460-mgr-x[41166]:
2026-02-20T02:12:52.167+0000 7fcf2dd44140 -1 mgr[py] Module zabbix has missing NOTIFY_TYPES member
2026-02-20T02:12:52.907 INFO:journalctl@ceph.mgr.x.trial099.stdout:Feb 20 02:12:52 trial099 ceph-92d194e6-0e01-11f1-861d-d404e6e7d460-mgr-x[41166]:
2026-02-20T02:12:52.563+0000 7fcf2dd44140 -1 mgr[py] Module influx has missing NOTIFY_TYPES member
2026-02-20T02:12:52.907 INFO:journalctl@ceph.mon.a.trial099.stdout:Feb 20 02:12:52 trial099 ceph-mon[40890]: Active manager daemon x restarted
2026-02-20T02:12:52.907 INFO:journalctl@ceph.mon.a.trial099.stdout:Feb 20 02:12:52 trial099 ceph-mon[40890]: Activating manager daemon x
2026-02-20T02:12:52.907 INFO:journalctl@ceph.mon.a.trial099.stdout:Feb 20 02:12:52 trial099 ceph-mon[40890]: osdmap e3: 0 total, 0 up, 0 in
2026-02-20T02:12:52.908 INFO:journalctl@ceph.mon.a.trial099.stdout:Feb 20 02:12:52 trial099 ceph-mon[40890]: mgrmap e10: x(active, starting, since 0.00271928s)
2026-02-20T02:12:52.908 INFO:journalctl@ceph.mon.a.trial099.stdout:Feb 20 02:12:52 trial099 ceph-mon[40890]: from='mgr.14150 10.20.193.99:0/1755750917' entity='mgr.x' cmd=[{"prefix": "mon metadata", "id": "a"}]: dispatch
2026-02-20T02:12:52.908 INFO:journalctl@ceph.mon.a.trial099.stdout:Feb 20 02:12:52 trial099 ceph-mon[40890]: from='mgr.14150 10.20.193.99:0/1755750917' entity='mgr.x' cmd=[{"prefix": "mgr metadata", "who": "x", "id": "x"}]: dispatch
2026-02-20T02:12:52.908 INFO:journalctl@ceph.mon.a.trial099.stdout:Feb 20 02:12:52 trial099 ceph-mon[40890]: from='mgr.14150 10.20.193.99:0/1755750917' entity='mgr.x' cmd=[{"prefix": "mds metadata"}]: dispatch
2026-02-20T02:12:52.908 INFO:journalctl@ceph.mon.a.trial099.stdout:Feb 20 02:12:52 trial099 ceph-mon[40890]: from='mgr.14150 10.20.193.99:0/1755750917' entity='mgr.x' cmd=[{"prefix": "osd metadata"}]: dispatch
2026-02-20T02:12:52.908 INFO:journalctl@ceph.mon.a.trial099.stdout:Feb 20 02:12:52 trial099 ceph-mon[40890]: from='mgr.14150 10.20.193.99:0/1755750917' entity='mgr.x' cmd=[{"prefix": "mon metadata"}]: dispatch
2026-02-20T02:12:52.908 INFO:journalctl@ceph.mon.a.trial099.stdout:Feb 20 02:12:52 trial099 ceph-mon[40890]: Manager daemon x is now available
2026-02-20T02:12:52.908 INFO:journalctl@ceph.mon.a.trial099.stdout:Feb 20 02:12:52 trial099 ceph-mon[40890]: from='mgr.14150 10.20.193.99:0/1755750917' entity='mgr.x' cmd=[{"prefix": "config dump", "format": "json"}]: dispatch
2026-02-20T02:12:52.908 INFO:journalctl@ceph.mon.a.trial099.stdout:Feb 20 02:12:52 trial099 ceph-mon[40890]: from='mgr.14150 10.20.193.99:0/1755750917' entity='mgr.x' cmd=[{"prefix":"config rm","who":"mgr","name":"mgr/rbd_support/x/mirror_snapshot_schedule"}]: dispatch
2026-02-20T02:12:52.908 INFO:journalctl@ceph.mon.a.trial099.stdout:Feb 20 02:12:52 trial099 ceph-mon[40890]: from='mgr.14150 10.20.193.99:0/1755750917' entity='mgr.x' cmd=[{"prefix":"config rm","who":"mgr","name":"mgr/rbd_support/x/trash_purge_schedule"}]: dispatch
2026-02-20T02:12:53.601 INFO:teuthology.orchestra.run.trial099.stdout:/usr/bin/ceph: stdout {
