2026-02-20T02:25:16.082+0000 7f5d06d4c640 1 -- 10.20.193.66:0/3176485093 >> 10.20.193.66:0/3176485093 conn(0x7f5d001039c0 msgr2=0x7f5d00105de0 unknown :-1 s=STATE_NONE l=0).mark_down
2026-02-20T02:25:16.879 INFO:teuthology.orchestra.run.trial066.stdout:/usr/bin/ceph: stderr
2026-02-20T02:25:16.082+0000 7f5d06d4c640 1 -- 10.20.193.66:0/3176485093 shutdown_connections
2026-02-20T02:25:16.879 INFO:teuthology.orchestra.run.trial066.stdout:/usr/bin/ceph: stderr
2026-02-20T02:25:16.082+0000 7f5d06d4c640 1 -- 10.20.193.66:0/3176485093 wait complete.
2026-02-20T02:25:16.880 INFO:teuthology.orchestra.run.trial066.stdout:/usr/bin/ceph: stderr
2026-02-20T02:25:16.082+0000 7f5d06d4c640 1 Processor -- start
2026-02-20T02:25:16.880 INFO:teuthology.orchestra.run.trial066.stdout:/usr/bin/ceph: stderr
2026-02-20T02:25:16.083+0000 7f5d06d4c640 1 -- start start
2026-02-20T02:25:16.880 INFO:teuthology.orchestra.run.trial066.stdout:/usr/bin/ceph: stderr
2026-02-20T02:25:16.083+0000 7f5d06d4c640 1 --2- >> [v2:10.20.193.66:3300/0,v1:10.20.193.66:6789/0] conn(0x7f5d00108210 0x7f5d001a0280 unknown :-1 s=NONE pgs=0 cs=0 l=1 rev1=0 crypto rx=0 tx=0 comp rx=0 tx=0).connect
2026-02-20T02:25:16.880 INFO:teuthology.orchestra.run.trial066.stdout:/usr/bin/ceph: stderr
2026-02-20T02:25:16.083+0000 7f5d06d4c640 1 -- --> [v2:10.20.193.66:3300/0,v1:10.20.193.66:6789/0] -- mon_getmap magic: 0 -- 0x7f5d0010c5f0 con 0x7f5d00108210
2026-02-20T02:25:16.880 INFO:teuthology.orchestra.run.trial066.stdout:/usr/bin/ceph: stderr
2026-02-20T02:25:16.083+0000 7f5d04ac1640 1 --2- >> [v2:10.20.193.66:3300/0,v1:10.20.193.66:6789/0] conn(0x7f5d00108210 0x7f5d001a0280 unknown :-1 s=BANNER_CONNECTING pgs=0 cs=0 l=1 rev1=0 crypto rx=0 tx=0 comp rx=0 tx=0)._handle_peer_banner_payload supported=3 required=0
2026-02-20T02:25:16.880 INFO:teuthology.orchestra.run.trial066.stdout:/usr/bin/ceph: stderr
2026-02-20T02:25:16.083+0000 7f5d04ac1640 1 --2- >> [v2:10.20.193.66:3300/0,v1:10.20.193.66:6789/0] conn(0x7f5d00108210 0x7f5d001a0280 unknown :-1 s=HELLO_CONNECTING pgs=0 cs=0 l=1 rev1=1 crypto rx=0 tx=0 comp rx=0 tx=0).handle_hello peer v2:10.20.193.66:3300/0 says I am v2:10.20.193.66:53076/0 (socket says 10.20.193.66:53076)
2026-02-20T02:25:16.880 INFO:teuthology.orchestra.run.trial066.stdout:/usr/bin/ceph: stderr
2026-02-20T02:25:16.083+0000 7f5d04ac1640 1 -- 10.20.193.66:0/1739258291 learned_addr learned my addr 10.20.193.66:0/1739258291 (peer_addr_for_me v2:10.20.193.66:0/0)
2026-02-20T02:25:16.880 INFO:teuthology.orchestra.run.trial066.stdout:/usr/bin/ceph: stderr
2026-02-20T02:25:16.083+0000 7f5d04ac1640 1 -- 10.20.193.66:0/1739258291 --> [v2:10.20.193.66:3300/0,v1:10.20.193.66:6789/0] -- mon_subscribe({config=0+,monmap=0+}) -- 0x7f5d001a07c0 con 0x7f5d00108210
2026-02-20T02:25:16.880 INFO:teuthology.orchestra.run.trial066.stdout:/usr/bin/ceph: stderr
2026-02-20T02:25:16.083+0000 7f5d04ac1640 1 --2- 10.20.193.66:0/1739258291 >> [v2:10.20.193.66:3300/0,v1:10.20.193.66:6789/0] conn(0x7f5d00108210 0x7f5d001a0280 secure :-1 s=READY pgs=21 cs=0 l=1 rev1=1 crypto rx=0x7f5cf0006fd0 tx=0x7f5cf0037bb0 comp rx=0 tx=0).ready entity=mon.0 client_cookie=0 server_cookie=0 in_seq=0 out_seq=0
2026-02-20T02:25:16.880 INFO:teuthology.orchestra.run.trial066.stdout:/usr/bin/ceph: stderr
2026-02-20T02:25:16.083+0000 7f5cf5ffb640 1 -- 10.20.193.66:0/1739258291 <== mon.0 v2:10.20.193.66:3300/0 1 ==== mon_map magic: 0 ==== 205+0+0 (secure 0 0 0) 0x7f5cf0045070 con 0x7f5d00108210
2026-02-20T02:25:16.881 INFO:teuthology.orchestra.run.trial066.stdout:/usr/bin/ceph: stderr
2026-02-20T02:25:16.083+0000 7f5cf5ffb640 1 -- 10.20.193.66:0/1739258291 <== mon.0 v2:10.20.193.66:3300/0 2 ==== config(26 keys) ==== 1045+0+0 (secure 0 0 0) 0x7f5cf0040450 con 0x7f5d00108210
2026-02-20T02:25:16.881 INFO:teuthology.orchestra.run.trial066.stdout:/usr/bin/ceph: stderr
2026-02-20T02:25:16.083+0000 7f5d06d4c640 1 -- 10.20.193.66:0/1739258291 --> [v2:10.20.193.66:3300/0,v1:10.20.193.66:6789/0] -- mon_subscribe({mgrmap=0+}) -- 0x7f5d001a0a50 con 0x7f5d00108210
2026-02-20T02:25:16.881 INFO:teuthology.orchestra.run.trial066.stdout:/usr/bin/ceph: stderr
2026-02-20T02:25:16.083+0000 7f5cf5ffb640 1 -- 10.20.193.66:0/1739258291 <== mon.0 v2:10.20.193.66:3300/0 3 ==== mon_map magic: 0 ==== 205+0+0 (secure 0 0 0) 0x7f5cf003c070 con 0x7f5d00108210
2026-02-20T02:25:16.881 INFO:teuthology.orchestra.run.trial066.stdout:/usr/bin/ceph: stderr
2026-02-20T02:25:16.083+0000 7f5d06d4c640 1 -- 10.20.193.66:0/1739258291 --> [v2:10.20.193.66:3300/0,v1:10.20.193.66:6789/0] -- mon_subscribe({osdmap=0}) -- 0x7f5d001a3740 con 0x7f5d00108210
2026-02-20T02:25:16.881 INFO:teuthology.orchestra.run.trial066.stdout:/usr/bin/ceph: stderr
2026-02-20T02:25:16.084+0000 7f5cf5ffb640 1 -- 10.20.193.66:0/1739258291 <== mon.0 v2:10.20.193.66:3300/0 4 ==== mgrmap(e 4) ==== 50236+0+0 (secure 0 0 0) 0x7f5cf0040900 con 0x7f5d00108210
2026-02-20T02:25:16.881 INFO:teuthology.orchestra.run.trial066.stdout:/usr/bin/ceph: stderr
2026-02-20T02:25:16.084+0000 7f5d06d4c640 1 -- 10.20.193.66:0/1739258291 --> [v2:10.20.193.66:3300/0,v1:10.20.193.66:6789/0] -- mon_command({"prefix": "get_command_descriptions"} v 0) -- 0x7f5d00108690 con 0x7f5d00108210
2026-02-20T02:25:16.881 INFO:teuthology.orchestra.run.trial066.stdout:/usr/bin/ceph: stderr
2026-02-20T02:25:16.084+0000 7f5cf5ffb640 1 --2- 10.20.193.66:0/1739258291 >> [v2:10.20.193.66:6800/2732567140,v1:10.20.193.66:6801/2732567140] conn(0x7f5cdc03dba0 0x7f5cdc040060 unknown :-1 s=NONE pgs=0 cs=0 l=1 rev1=0 crypto rx=0 tx=0 comp rx=0 tx=0).connect
2026-02-20T02:25:16.881 INFO:teuthology.orchestra.run.trial066.stdout:/usr/bin/ceph: stderr
2026-02-20T02:25:16.084+0000 7f5cf5ffb640 1 -- 10.20.193.66:0/1739258291 <== mon.0 v2:10.20.193.66:3300/0 5 ==== osd_map(1..1 src has 1..1) ==== 725+0+0 (secure 0 0 0) 0x7f5cf0076590 con 0x7f5d00108210
2026-02-20T02:25:16.881 INFO:teuthology.orchestra.run.trial066.stdout:/usr/bin/ceph: stderr
2026-02-20T02:25:16.084+0000 7f5cf7fff640 1 --2- 10.20.193.66:0/1739258291 >> [v2:10.20.193.66:6800/2732567140,v1:10.20.193.66:6801/2732567140] conn(0x7f5cdc03dba0 0x7f5cdc040060 unknown :-1 s=BANNER_CONNECTING pgs=0 cs=0 l=1 rev1=0 crypto rx=0 tx=0 comp rx=0 tx=0)._handle_peer_banner_payload supported=3 required=0
2026-02-20T02:25:16.881 INFO:teuthology.orchestra.run.trial066.stdout:/usr/bin/ceph: stderr
2026-02-20T02:25:16.084+0000 7f5cf7fff640 1 --2- 10.20.193.66:0/1739258291 >> [v2:10.20.193.66:6800/2732567140,v1:10.20.193.66:6801/2732567140] conn(0x7f5cdc03dba0 0x7f5cdc040060 secure :-1 s=READY pgs=8 cs=0 l=1 rev1=1 crypto rx=0x7f5ce80099c0 tx=0x7f5ce8006eb0 comp rx=0 tx=0).ready entity=mgr.14100 client_cookie=0 server_cookie=0 in_seq=0 out_seq=0
2026-02-20T02:25:16.882 INFO:teuthology.orchestra.run.trial066.stdout:/usr/bin/ceph: stderr
2026-02-20T02:25:16.086+0000 7f5cf5ffb640 1 -- 10.20.193.66:0/1739258291 <== mon.0 v2:10.20.193.66:3300/0 6 ==== mon_command_ack([{"prefix": "get_command_descriptions"}]=0 v0) ==== 72+0+195341 (secure 0 0 0) 0x7f5cf0033200 con 0x7f5d00108210
2026-02-20T02:25:16.882 INFO:teuthology.orchestra.run.trial066.stdout:/usr/bin/ceph: stderr
2026-02-20T02:25:16.189+0000 7f5d06d4c640 1 -- 10.20.193.66:0/1739258291 --> [v2:10.20.193.66:3300/0,v1:10.20.193.66:6789/0] -- mon_command({"prefix": "mgr module enable", "module": "cephadm"} v 0) -- 0x7f5d001a3de0 con 0x7f5d00108210
2026-02-20T02:25:16.882 INFO:teuthology.orchestra.run.trial066.stdout:/usr/bin/ceph: stderr
2026-02-20T02:25:16.847+0000 7f5cf5ffb640 1 -- 10.20.193.66:0/1739258291 <== mon.0 v2:10.20.193.66:3300/0 7 ==== mon_command_ack([{"prefix": "mgr module enable", "module": "cephadm"}]=0 v5) ==== 86+0+0 (secure 0 0 0) 0x7f5cf0040600 con 0x7f5d00108210
2026-02-20T02:25:16.882 INFO:teuthology.orchestra.run.trial066.stdout:/usr/bin/ceph: stderr
2026-02-20T02:25:16.848+0000 7f5d06d4c640 1 -- 10.20.193.66:0/1739258291 >> [v2:10.20.193.66:6800/2732567140,v1:10.20.193.66:6801/2732567140] conn(0x7f5cdc03dba0 msgr2=0x7f5cdc040060 secure :-1 s=STATE_CONNECTION_ESTABLISHED l=1).mark_down
2026-02-20T02:25:16.882 INFO:teuthology.orchestra.run.trial066.stdout:/usr/bin/ceph: stderr
2026-02-20T02:25:16.848+0000 7f5d06d4c640 1 --2- 10.20.193.66:0/1739258291 >> [v2:10.20.193.66:6800/2732567140,v1:10.20.193.66:6801/2732567140] conn(0x7f5cdc03dba0 0x7f5cdc040060 secure :-1 s=READY pgs=8 cs=0 l=1 rev1=1 crypto rx=0x7f5ce80099c0 tx=0x7f5ce8006eb0 comp rx=0 tx=0).stop
2026-02-20T02:25:16.882 INFO:teuthology.orchestra.run.trial066.stdout:/usr/bin/ceph: stderr
2026-02-20T02:25:16.848+0000 7f5d06d4c640 1 -- 10.20.193.66:0/1739258291 >> [v2:10.20.193.66:3300/0,v1:10.20.193.66:6789/0] conn(0x7f5d00108210 msgr2=0x7f5d001a0280 secure :-1 s=STATE_CONNECTION_ESTABLISHED l=1).mark_down
2026-02-20T02:25:16.882 INFO:teuthology.orchestra.run.trial066.stdout:/usr/bin/ceph: stderr
2026-02-20T02:25:16.848+0000 7f5d06d4c640 1 --2- 10.20.193.66:0/1739258291 >> [v2:10.20.193.66:3300/0,v1:10.20.193.66:6789/0] conn(0x7f5d00108210 0x7f5d001a0280 secure :-1 s=READY pgs=21 cs=0 l=1 rev1=1 crypto rx=0x7f5cf0006fd0 tx=0x7f5cf0037bb0 comp rx=0 tx=0).stop
2026-02-20T02:25:16.882 INFO:teuthology.orchestra.run.trial066.stdout:/usr/bin/ceph: stderr
2026-02-20T02:25:16.848+0000 7f5d06d4c640 1 -- 10.20.193.66:0/1739258291 shutdown_connections
2026-02-20T02:25:16.882 INFO:teuthology.orchestra.run.trial066.stdout:/usr/bin/ceph: stderr
2026-02-20T02:25:16.848+0000 7f5d06d4c640 1 --2- 10.20.193.66:0/1739258291 >> [v2:10.20.193.66:6800/2732567140,v1:10.20.193.66:6801/2732567140] conn(0x7f5cdc03dba0 0x7f5cdc040060 unknown :-1 s=CLOSED pgs=8 cs=0 l=1 rev1=1 crypto rx=0 tx=0 comp rx=0 tx=0).stop
2026-02-20T02:25:16.882 INFO:teuthology.orchestra.run.trial066.stdout:/usr/bin/ceph: stderr
2026-02-20T02:25:16.848+0000 7f5d06d4c640 1 --2- 10.20.193.66:0/1739258291 >> [v2:10.20.193.66:3300/0,v1:10.20.193.66:6789/0] conn(0x7f5d00108210 0x7f5d001a0280 unknown :-1 s=CLOSED pgs=21 cs=0 l=1 rev1=1 crypto rx=0 tx=0 comp rx=0 tx=0).stop
2026-02-20T02:25:16.882 INFO:teuthology.orchestra.run.trial066.stdout:/usr/bin/ceph: stderr
2026-02-20T02:25:16.848+0000 7f5d06d4c640 1 -- 10.20.193.66:0/1739258291 >> 10.20.193.66:0/1739258291 conn(0x7f5d001039c0 msgr2=0x7f5d00104570 unknown :-1 s=STATE_NONE l=0).mark_down
2026-02-20T02:25:16.883 INFO:teuthology.orchestra.run.trial066.stdout:/usr/bin/ceph: stderr
2026-02-20T02:25:16.848+0000 7f5d06d4c640 1 -- 10.20.193.66:0/1739258291 shutdown_connections
2026-02-20T02:25:16.883 INFO:teuthology.orchestra.run.trial066.stdout:/usr/bin/ceph: stderr
2026-02-20T02:25:16.848+0000 7f5d06d4c640 1 -- 10.20.193.66:0/1739258291 wait complete.
2026-02-20T02:25:17.108 INFO:teuthology.orchestra.run.trial066.stdout:/usr/bin/ceph: stdout {
2026-02-20T02:25:17.108 INFO:teuthology.orchestra.run.trial066.stdout:/usr/bin/ceph: stdout "epoch": 5,
2026-02-20T02:25:17.108 INFO:teuthology.orchestra.run.trial066.stdout:/usr/bin/ceph: stdout "available": true,
2026-02-20T02:25:17.108 INFO:teuthology.orchestra.run.trial066.stdout:/usr/bin/ceph: stdout "active_name": "x",
2026-02-20T02:25:17.108 INFO:teuthology.orchestra.run.trial066.stdout:/usr/bin/ceph: stdout "num_standby": 0
2026-02-20T02:25:17.108 INFO:teuthology.orchestra.run.trial066.stdout:/usr/bin/ceph: stdout }
2026-02-20T02:25:17.108 INFO:teuthology.orchestra.run.trial066.stdout:/usr/bin/ceph: stderr
2026-02-20T02:25:16.968+0000 7fb5258d2640 1 Processor -- start
2026-02-20T02:25:17.109 INFO:teuthology.orchestra.run.trial066.stdout:/usr/bin/ceph: stderr
2026-02-20T02:25:16.968+0000 7fb5258d2640 1 -- start start
2026-02-20T02:25:17.109 INFO:teuthology.orchestra.run.trial066.stdout:/usr/bin/ceph: stderr
2026-02-20T02:25:16.968+0000 7fb5258d2640 1 --2- >> [v2:10.20.193.66:3300/0,v1:10.20.193.66:6789/0] conn(0x7fb520108280 0x7fb520108680 unknown :-1 s=NONE pgs=0 cs=0 l=0 rev1=0 crypto rx=0 tx=0 comp rx=0 tx=0).connect
2026-02-20T02:25:17.109 INFO:teuthology.orchestra.run.trial066.stdout:/usr/bin/ceph: stderr
2026-02-20T02:25:16.968+0000 7fb5258d2640 1 -- --> [v2:10.20.193.66:3300/0,v1:10.20.193.66:6789/0] -- mon_getmap magic: 0 -- 0x7fb520108c50 con 0x7fb520108280
2026-02-20T02:25:17.109 INFO:teuthology.orchestra.run.trial066.stdout:/usr/bin/ceph: stderr
2026-02-20T02:25:16.969+0000 7fb51effd640 1 --2- >> [v2:10.20.193.66:3300/0,v1:10.20.193.66:6789/0] conn(0x7fb520108280 0x7fb520108680 unknown :-1 s=BANNER_CONNECTING pgs=0 cs=0 l=0 rev1=0 crypto rx=0 tx=0 comp rx=0 tx=0)._handle_peer_banner_payload supported=3 required=0
2026-02-20T02:25:17.109 INFO:teuthology.orchestra.run.trial066.stdout:/usr/bin/ceph: stderr
2026-02-20T02:25:16.969+0000 7fb51effd640 1 --2- >> [v2:10.20.193.66:3300/0,v1:10.20.193.66:6789/0] conn(0x7fb520108280 0x7fb520108680 unknown :-1 s=HELLO_CONNECTING pgs=0 cs=0 l=0 rev1=1 crypto rx=0 tx=0 comp rx=0 tx=0).handle_hello peer v2:10.20.193.66:3300/0 says I am v2:10.20.193.66:53102/0 (socket says 10.20.193.66:53102)
2026-02-20T02:25:17.109 INFO:teuthology.orchestra.run.trial066.stdout:/usr/bin/ceph: stderr
2026-02-20T02:25:16.969+0000 7fb51effd640 1 -- 10.20.193.66:0/2374334293 learned_addr learned my addr 10.20.193.66:0/2374334293 (peer_addr_for_me v2:10.20.193.66:0/0)
2026-02-20T02:25:17.109 INFO:teuthology.orchestra.run.trial066.stdout:/usr/bin/ceph: stderr
2026-02-20T02:25:16.969+0000 7fb51effd640 1 -- 10.20.193.66:0/2374334293 --> [v2:10.20.193.66:3300/0,v1:10.20.193.66:6789/0] -- mon_subscribe({config=0+,monmap=0+}) -- 0x7fb520109430 con 0x7fb520108280
2026-02-20T02:25:17.109 INFO:teuthology.orchestra.run.trial066.stdout:/usr/bin/ceph: stderr
2026-02-20T02:25:16.969+0000 7fb51effd640 1 --2- 10.20.193.66:0/2374334293 >> [v2:10.20.193.66:3300/0,v1:10.20.193.66:6789/0] conn(0x7fb520108280 0x7fb520108680 secure :-1 s=READY pgs=24 cs=0 l=1 rev1=1 crypto rx=0x7fb514009920 tx=0x7fb51402ef20 comp rx=0 tx=0).ready entity=mon.0 client_cookie=da69123866b59e5b server_cookie=0 in_seq=0 out_seq=0
2026-02-20T02:25:17.109 INFO:teuthology.orchestra.run.trial066.stdout:/usr/bin/ceph: stderr
2026-02-20T02:25:16.969+0000 7fb51dffb640 1 -- 10.20.193.66:0/2374334293 <== mon.0 v2:10.20.193.66:3300/0 1 ==== mon_map magic: 0 ==== 205+0+0 (secure 0 0 0) 0x7fb51403c070 con 0x7fb520108280
2026-02-20T02:25:17.109 INFO:teuthology.orchestra.run.trial066.stdout:/usr/bin/ceph: stderr
2026-02-20T02:25:16.969+0000 7fb51dffb640 1 -- 10.20.193.66:0/2374334293 <== mon.0 v2:10.20.193.66:3300/0 2 ==== config(26 keys) ==== 1045+0+0 (secure 0 0 0) 0x7fb514037440 con 0x7fb520108280
2026-02-20T02:25:17.109 INFO:teuthology.orchestra.run.trial066.stdout:/usr/bin/ceph: stderr
2026-02-20T02:25:16.969+0000 7fb51dffb640 1 -- 10.20.193.66:0/2374334293 <== mon.0 v2:10.20.193.66:3300/0 3 ==== mon_map magic: 0 ==== 205+0+0 (secure 0 0 0) 0x7fb5140354b0 con 0x7fb520108280
2026-02-20T02:25:17.110 INFO:teuthology.orchestra.run.trial066.stdout:/usr/bin/ceph: stderr
2026-02-20T02:25:16.970+0000 7fb5258d2640 1 -- 10.20.193.66:0/2374334293 >> [v2:10.20.193.66:3300/0,v1:10.20.193.66:6789/0] conn(0x7fb520108280 msgr2=0x7fb520108680 secure :-1 s=STATE_CONNECTION_ESTABLISHED l=1).mark_down
2026-02-20T02:25:17.110 INFO:teuthology.orchestra.run.trial066.stdout:/usr/bin/ceph: stderr
2026-02-20T02:25:16.970+0000 7fb5258d2640 1 --2- 10.20.193.66:0/2374334293 >> [v2:10.20.193.66:3300/0,v1:10.20.193.66:6789/0] conn(0x7fb520108280 0x7fb520108680 secure :-1 s=READY pgs=24 cs=0 l=1 rev1=1 crypto rx=0x7fb514009920 tx=0x7fb51402ef20 comp rx=0 tx=0).stop
2026-02-20T02:25:17.110 INFO:teuthology.orchestra.run.trial066.stdout:/usr/bin/ceph: stderr
2026-02-20T02:25:16.970+0000 7fb5258d2640 1 -- 10.20.193.66:0/2374334293 shutdown_connections
2026-02-20T02:25:17.110 INFO:teuthology.orchestra.run.trial066.stdout:/usr/bin/ceph: stderr
2026-02-20T02:25:16.970+0000 7fb5258d2640 1 --2- 10.20.193.66:0/2374334293 >> [v2:10.20.193.66:3300/0,v1:10.20.193.66:6789/0] conn(0x7fb520108280 0x7fb520108680 unknown :-1 s=CLOSED pgs=24 cs=0 l=1 rev1=1 crypto rx=0 tx=0 comp rx=0 tx=0).stop
2026-02-20T02:25:17.110 INFO:teuthology.orchestra.run.trial066.stdout:/usr/bin/ceph: stderr
2026-02-20T02:25:16.970+0000 7fb5258d2640 1 -- 10.20.193.66:0/2374334293 >> 10.20.193.66:0/2374334293 conn(0x7fb520103a30 msgr2=0x7fb520105e50 unknown :-1 s=STATE_NONE l=0).mark_down
2026-02-20T02:25:17.110 INFO:teuthology.orchestra.run.trial066.stdout:/usr/bin/ceph: stderr
2026-02-20T02:25:16.970+0000 7fb5258d2640 1 -- 10.20.193.66:0/2374334293 shutdown_connections
2026-02-20T02:25:17.110 INFO:teuthology.orchestra.run.trial066.stdout:/usr/bin/ceph: stderr
2026-02-20T02:25:16.970+0000 7fb5258d2640 1 -- 10.20.193.66:0/2374334293 wait complete.
2026-02-20T02:25:17.110 INFO:teuthology.orchestra.run.trial066.stdout:/usr/bin/ceph: stderr
2026-02-20T02:25:16.970+0000 7fb5258d2640 1 Processor -- start
2026-02-20T02:25:17.110 INFO:teuthology.orchestra.run.trial066.stdout:/usr/bin/ceph: stderr
2026-02-20T02:25:16.970+0000 7fb5258d2640 1 -- start start
2026-02-20T02:25:17.110 INFO:teuthology.orchestra.run.trial066.stdout:/usr/bin/ceph: stderr
2026-02-20T02:25:16.970+0000 7fb5258d2640 1 --2- >> [v2:10.20.193.66:3300/0,v1:10.20.193.66:6789/0] conn(0x7fb520108280 0x7fb52007dbc0 unknown :-1 s=NONE pgs=0 cs=0 l=1 rev1=0 crypto rx=0 tx=0 comp rx=0 tx=0).connect
2026-02-20T02:25:17.110 INFO:teuthology.orchestra.run.trial066.stdout:/usr/bin/ceph: stderr
2026-02-20T02:25:16.970+0000 7fb5258d2640 1 -- --> [v2:10.20.193.66:3300/0,v1:10.20.193.66:6789/0] -- mon_getmap magic: 0 -- 0x7fb52010c660 con 0x7fb520108280
2026-02-20T02:25:17.110 INFO:teuthology.orchestra.run.trial066.stdout:/usr/bin/ceph: stderr
2026-02-20T02:25:16.970+0000 7fb51effd640 1 --2- >> [v2:10.20.193.66:3300/0,v1:10.20.193.66:6789/0] conn(0x7fb520108280 0x7fb52007dbc0 unknown :-1 s=BANNER_CONNECTING pgs=0 cs=0 l=1 rev1=0 crypto rx=0 tx=0 comp rx=0 tx=0)._handle_peer_banner_payload supported=3 required=0
2026-02-20T02:25:17.111 INFO:teuthology.orchestra.run.trial066.stdout:/usr/bin/ceph: stderr
2026-02-20T02:25:16.970+0000 7fb51effd640 1 --2- >> [v2:10.20.193.66:3300/0,v1:10.20.193.66:6789/0] conn(0x7fb520108280 0x7fb52007dbc0 unknown :-1 s=HELLO_CONNECTING pgs=0 cs=0 l=1 rev1=1 crypto rx=0 tx=0 comp rx=0 tx=0).handle_hello peer v2:10.20.193.66:3300/0 says I am v2:10.20.193.66:53106/0 (socket says 10.20.193.66:53106)
2026-02-20T02:25:17.111 INFO:teuthology.orchestra.run.trial066.stdout:/usr/bin/ceph: stderr
2026-02-20T02:25:16.970+0000 7fb51effd640 1 -- 10.20.193.66:0/526595848 learned_addr learned my addr 10.20.193.66:0/526595848 (peer_addr_for_me v2:10.20.193.66:0/0)
2026-02-20T02:25:17.111 INFO:teuthology.orchestra.run.trial066.stdout:/usr/bin/ceph: stderr
2026-02-20T02:25:16.970+0000 7fb51effd640 1 -- 10.20.193.66:0/526595848 --> [v2:10.20.193.66:3300/0,v1:10.20.193.66:6789/0] -- mon_subscribe({config=0+,monmap=0+}) -- 0x7fb52007e100 con 0x7fb520108280
2026-02-20T02:25:17.111 INFO:teuthology.orchestra.run.trial066.stdout:/usr/bin/ceph: stderr
2026-02-20T02:25:16.971+0000 7fb51effd640 1 --2- 10.20.193.66:0/526595848 >> [v2:10.20.193.66:3300/0,v1:10.20.193.66:6789/0] conn(0x7fb520108280 0x7fb52007dbc0 secure :-1 s=READY pgs=25 cs=0 l=1 rev1=1 crypto rx=0x7fb514037cd0 tx=0x7fb514037b90 comp rx=0 tx=0).ready entity=mon.0 client_cookie=0 server_cookie=0 in_seq=0 out_seq=0
2026-02-20T02:25:17.111 INFO:teuthology.orchestra.run.trial066.stdout:/usr/bin/ceph: stderr
2026-02-20T02:25:16.971+0000 7fb5248d0640 1 -- 10.20.193.66:0/526595848 <== mon.0 v2:10.20.193.66:3300/0 1 ==== mon_map magic: 0 ==== 205+0+0 (secure 0 0 0) 0x7fb514045070 con 0x7fb520108280
2026-02-20T02:25:17.111 INFO:teuthology.orchestra.run.trial066.stdout:/usr/bin/ceph: stderr
2026-02-20T02:25:16.971+0000 7fb5248d0640 1 -- 10.20.193.66:0/526595848 <== mon.0 v2:10.20.193.66:3300/0 2 ==== config(26 keys) ==== 1045+0+0 (secure 0 0 0) 0x7fb514040450 con 0x7fb520108280
2026-02-20T02:25:17.111 INFO:teuthology.orchestra.run.trial066.stdout:/usr/bin/ceph: stderr
2026-02-20T02:25:16.971+0000 7fb5258d2640 1 -- 10.20.193.66:0/526595848 --> [v2:10.20.193.66:3300/0,v1:10.20.193.66:6789/0] -- mon_subscribe({mgrmap=0+}) -- 0x7fb52007c2f0 con 0x7fb520108280
2026-02-20T02:25:17.111 INFO:teuthology.orchestra.run.trial066.stdout:/usr/bin/ceph: stderr
2026-02-20T02:25:16.971+0000 7fb5248d0640 1 -- 10.20.193.66:0/526595848 <== mon.0 v2:10.20.193.66:3300/0 3 ==== mon_map magic: 0 ==== 205+0+0 (secure 0 0 0) 0x7fb51403c070 con 0x7fb520108280
2026-02-20T02:25:17.111 INFO:teuthology.orchestra.run.trial066.stdout:/usr/bin/ceph: stderr
2026-02-20T02:25:16.971+0000 7fb5258d2640 1 -- 10.20.193.66:0/526595848 --> [v2:10.20.193.66:3300/0,v1:10.20.193.66:6789/0] -- mon_subscribe({osdmap=0}) -- 0x7fb52007c7d0 con 0x7fb520108280
2026-02-20T02:25:17.111 INFO:teuthology.orchestra.run.trial066.stdout:/usr/bin/ceph: stderr
2026-02-20T02:25:16.971+0000 7fb5258d2640 1 -- 10.20.193.66:0/526595848 --> [v2:10.20.193.66:3300/0,v1:10.20.193.66:6789/0] -- mon_command({"prefix": "get_command_descriptions"} v 0) -- 0x7fb52010c7e0 con 0x7fb520108280
2026-02-20T02:25:17.111 INFO:teuthology.orchestra.run.trial066.stdout:/usr/bin/ceph: stderr
2026-02-20T02:25:16.971+0000 7fb5248d0640 1 -- 10.20.193.66:0/526595848 <== mon.0 v2:10.20.193.66:3300/0 4 ==== mgrmap(e 5) ==== 50247+0+0 (secure 0 0 0) 0x7fb514040920 con 0x7fb520108280
2026-02-20T02:25:17.111 INFO:teuthology.orchestra.run.trial066.stdout:/usr/bin/ceph: stderr
2026-02-20T02:25:16.971+0000 7fb5248d0640 1 --2- 10.20.193.66:0/526595848 >> [v2:10.20.193.66:6800/2732567140,v1:10.20.193.66:6801/2732567140] conn(0x7fb4f403dbf0 0x7fb4f40400b0 unknown :-1 s=NONE pgs=0 cs=0 l=1 rev1=0 crypto rx=0 tx=0 comp rx=0 tx=0).connect
2026-02-20T02:25:17.112 INFO:teuthology.orchestra.run.trial066.stdout:/usr/bin/ceph: stderr
2026-02-20T02:25:16.971+0000 7fb51e7fc640 1 -- 10.20.193.66:0/526595848 >> [v2:10.20.193.66:6800/2732567140,v1:10.20.193.66:6801/2732567140] conn(0x7fb4f403dbf0 msgr2=0x7fb4f40400b0 unknown :-1 s=STATE_CONNECTING_RE l=1).process reconnect failed to v2:10.20.193.66:6800/2732567140
2026-02-20T02:25:17.112 INFO:teuthology.orchestra.run.trial066.stdout:/usr/bin/ceph: stderr
2026-02-20T02:25:16.971+0000 7fb5248d0640 1 -- 10.20.193.66:0/526595848 <== mon.0 v2:10.20.193.66:3300/0 5 ==== osd_map(1..1 src has 1..1) ==== 725+0+0 (secure 0 0 0) 0x7fb5140765a0 con 0x7fb520108280
2026-02-20T02:25:17.112 INFO:teuthology.orchestra.run.trial066.stdout:/usr/bin/ceph: stderr
2026-02-20T02:25:16.971+0000 7fb51e7fc640 1 --2- 10.20.193.66:0/526595848 >> [v2:10.20.193.66:6800/2732567140,v1:10.20.193.66:6801/2732567140] conn(0x7fb4f403dbf0 0x7fb4f40400b0 unknown :-1 s=START_CONNECT pgs=0 cs=0 l=1 rev1=0 crypto rx=0 tx=0 comp rx=0 tx=0)._fault waiting 0.200000
2026-02-20T02:25:17.112 INFO:teuthology.orchestra.run.trial066.stdout:/usr/bin/ceph: stderr
2026-02-20T02:25:16.974+0000 7fb5248d0640 1 -- 10.20.193.66:0/526595848 <== mon.0 v2:10.20.193.66:3300/0 6 ==== mon_command_ack([{"prefix": "get_command_descriptions"}]=0 v0) ==== 72+0+195341 (secure 0 0 0) 0x7fb514033200 con 0x7fb520108280
2026-02-20T02:25:17.112 INFO:teuthology.orchestra.run.trial066.stdout:/usr/bin/ceph: stderr
2026-02-20T02:25:17.079+0000 7fb5258d2640 1 -- 10.20.193.66:0/526595848 --> [v2:10.20.193.66:3300/0,v1:10.20.193.66:6789/0] -- mon_command({"prefix": "mgr stat"} v 0) -- 0x7fb52007cfc0 con 0x7fb520108280
2026-02-20T02:25:17.112 INFO:teuthology.orchestra.run.trial066.stdout:/usr/bin/ceph: stderr
2026-02-20T02:25:17.079+0000 7fb5248d0640 1 -- 10.20.193.66:0/526595848 <== mon.0 v2:10.20.193.66:3300/0 7 ==== mon_command_ack([{"prefix": "mgr stat"}]=0 v5) ==== 56+0+88 (secure 0 0 0) 0x7fb514064070 con 0x7fb520108280
2026-02-20T02:25:17.112 INFO:teuthology.orchestra.run.trial066.stdout:/usr/bin/ceph: stderr
2026-02-20T02:25:17.080+0000 7fb5258d2640 1 -- 10.20.193.66:0/526595848 >> [v2:10.20.193.66:6800/2732567140,v1:10.20.193.66:6801/2732567140] conn(0x7fb4f403dbf0 msgr2=0x7fb4f40400b0 unknown :-1 s=STATE_CONNECTING l=1).mark_down
2026-02-20T02:25:17.112 INFO:teuthology.orchestra.run.trial066.stdout:/usr/bin/ceph: stderr
2026-02-20T02:25:17.080+0000 7fb5258d2640 1 --2- 10.20.193.66:0/526595848 >> [v2:10.20.193.66:6800/2732567140,v1:10.20.193.66:6801/2732567140] conn(0x7fb4f403dbf0 0x7fb4f40400b0 unknown :-1 s=START_CONNECT pgs=0 cs=0 l=1 rev1=0 crypto rx=0 tx=0 comp rx=0 tx=0).stop
2026-02-20T02:25:17.112 INFO:teuthology.orchestra.run.trial066.stdout:/usr/bin/ceph: stderr
2026-02-20T02:25:17.080+0000 7fb5258d2640 1 -- 10.20.193.66:0/526595848 >> [v2:10.20.193.66:3300/0,v1:10.20.193.66:6789/0] conn(0x7fb520108280 msgr2=0x7fb52007dbc0 secure :-1 s=STATE_CONNECTION_ESTABLISHED l=1).mark_down
2026-02-20T02:25:17.112 INFO:teuthology.orchestra.run.trial066.stdout:/usr/bin/ceph: stderr
2026-02-20T02:25:17.080+0000 7fb5258d2640 1 --2- 10.20.193.66:0/526595848 >> [v2:10.20.193.66:3300/0,v1:10.20.193.66:6789/0] conn(0x7fb520108280 0x7fb52007dbc0 secure :-1 s=READY pgs=25 cs=0 l=1 rev1=1 crypto rx=0x7fb514037cd0 tx=0x7fb514037b90 comp rx=0 tx=0).stop
2026-02-20T02:25:17.112 INFO:teuthology.orchestra.run.trial066.stdout:/usr/bin/ceph: stderr
2026-02-20T02:25:17.081+0000 7fb5258d2640 1 -- 10.20.193.66:0/526595848 shutdown_connections
2026-02-20T02:25:17.113 INFO:teuthology.orchestra.run.trial066.stdout:/usr/bin/ceph: stderr
2026-02-20T02:25:17.081+0000 7fb5258d2640 1 --2- 10.20.193.66:0/526595848 >> [v2:10.20.193.66:6800/2732567140,v1:10.20.193.66:6801/2732567140] conn(0x7fb4f403dbf0 0x7fb4f40400b0 unknown :-1 s=CLOSED pgs=0 cs=0 l=1 rev1=0 crypto rx=0 tx=0 comp rx=0 tx=0).stop
2026-02-20T02:25:17.113 INFO:teuthology.orchestra.run.trial066.stdout:/usr/bin/ceph: stderr
2026-02-20T02:25:17.081+0000 7fb5258d2640 1 --2- 10.20.193.66:0/526595848 >> [v2:10.20.193.66:3300/0,v1:10.20.193.66:6789/0] conn(0x7fb520108280 0x7fb52007dbc0 unknown :-1 s=CLOSED pgs=25 cs=0 l=1 rev1=1 crypto rx=0 tx=0 comp rx=0 tx=0).stop
2026-02-20T02:25:17.113 INFO:teuthology.orchestra.run.trial066.stdout:/usr/bin/ceph: stderr
2026-02-20T02:25:17.081+0000 7fb5258d2640 1 -- 10.20.193.66:0/526595848 >> 10.20.193.66:0/526595848 conn(0x7fb520103a30 msgr2=0x7fb520104600 unknown :-1 s=STATE_NONE l=0).mark_down
2026-02-20T02:25:17.113 INFO:teuthology.orchestra.run.trial066.stdout:/usr/bin/ceph: stderr
2026-02-20T02:25:17.081+0000 7fb5258d2640 1 -- 10.20.193.66:0/526595848 shutdown_connections
2026-02-20T02:25:17.113 INFO:teuthology.orchestra.run.trial066.stdout:/usr/bin/ceph: stderr
2026-02-20T02:25:17.081+0000 7fb5258d2640 1 -- 10.20.193.66:0/526595848 wait complete.
2026-02-20T02:25:17.113 INFO:teuthology.orchestra.run.trial066.stdout:Waiting for the mgr to restart...
2026-02-20T02:25:17.113 INFO:teuthology.orchestra.run.trial066.stdout:Waiting for mgr epoch 5...
2026-02-20T02:25:17.113 INFO:journalctl@ceph.mgr.x.trial066.stdout:Feb 20 02:25:16 trial066 ceph-5480ac87-0e03-11f1-bd58-d404e6e7d460-mgr-x[41152]: ignoring --setuser ceph since I am not root
2026-02-20T02:25:17.114 INFO:journalctl@ceph.mgr.x.trial066.stdout:Feb 20 02:25:16 trial066 ceph-5480ac87-0e03-11f1-bd58-d404e6e7d460-mgr-x[41152]: ignoring --setgroup ceph since I am not root
2026-02-20T02:25:17.114 INFO:journalctl@ceph.mon.a.trial066.stdout:Feb 20 02:25:16 trial066 ceph-mon[40882]: mgrmap e4: x(active, since 2s)
2026-02-20T02:25:17.114 INFO:journalctl@ceph.mon.a.trial066.stdout:Feb 20 02:25:16 trial066 ceph-mon[40882]: from='client.? 10.20.193.66:0/915437870' entity='client.admin' cmd=[{"prefix": "config assimilate-conf"}]: dispatch
2026-02-20T02:25:17.114 INFO:journalctl@ceph.mon.a.trial066.stdout:Feb 20 02:25:16 trial066 ceph-mon[40882]: from='client.? 10.20.193.66:0/1739258291' entity='client.admin' cmd=[{"prefix": "mgr module enable", "module": "cephadm"}]: dispatch
2026-02-20T02:25:17.395 INFO:journalctl@ceph.mgr.x.trial066.stdout:Feb 20 02:25:17 trial066 ceph-5480ac87-0e03-11f1-bd58-d404e6e7d460-mgr-x[41152]:
2026-02-20T02:25:17.275+0000 7f94e663f140 -1 mgr[py] Module snap_schedule has missing NOTIFY_TYPES member
2026-02-20T02:25:17.702 INFO:journalctl@ceph.mgr.x.trial066.stdout:Feb 20 02:25:17 trial066 ceph-5480ac87-0e03-11f1-bd58-d404e6e7d460-mgr-x[41152]:
2026-02-20T02:25:17.419+0000 7f94e663f140 -1 mgr[py] Module prometheus has missing NOTIFY_TYPES member
2026-02-20T02:25:17.702 INFO:journalctl@ceph.mgr.x.trial066.stdout:Feb 20 02:25:17 trial066 ceph-5480ac87-0e03-11f1-bd58-d404e6e7d460-mgr-x[41152]:
2026-02-20T02:25:17.454+0000 7f94e663f140 -1 mgr[py] Module balancer has missing NOTIFY_TYPES member
2026-02-20T02:25:17.703 INFO:journalctl@ceph.mgr.x.trial066.stdout:Feb 20 02:25:17 trial066 ceph-5480ac87-0e03-11f1-bd58-d404e6e7d460-mgr-x[41152]:
2026-02-20T02:25:17.497+0000 7f94e663f140 -1 mgr[py] Module rbd_support has missing NOTIFY_TYPES member
2026-02-20T02:25:17.703 INFO:journalctl@ceph.mgr.x.trial066.stdout:Feb 20 02:25:17 trial066 ceph-5480ac87-0e03-11f1-bd58-d404e6e7d460-mgr-x[41152]:
2026-02-20T02:25:17.529+0000 7f94e663f140 -1 mgr[py] Module devicehealth has missing NOTIFY_TYPES member
2026-02-20T02:25:17.703 INFO:journalctl@ceph.mgr.x.trial066.stdout:Feb 20 02:25:17 trial066 ceph-5480ac87-0e03-11f1-bd58-d404e6e7d460-mgr-x[41152]:
2026-02-20T02:25:17.564+0000 7f94e663f140 -1 mgr[py] Module alerts has missing NOTIFY_TYPES member
2026-02-20T02:25:17.703 INFO:journalctl@ceph.mgr.x.trial066.stdout:Feb 20 02:25:17 trial066 ceph-5480ac87-0e03-11f1-bd58-d404e6e7d460-mgr-x[41152]:
2026-02-20T02:25:17.631+0000 7f94e663f140 -1 mgr[py] Module telemetry has missing NOTIFY_TYPES member
2026-02-20T02:25:17.703 INFO:journalctl@ceph.mgr.x.trial066.stdout:Feb 20 02:25:17 trial066 ceph-5480ac87-0e03-11f1-bd58-d404e6e7d460-mgr-x[41152]: /lib64/python3.9/site-packages/scipy/__init__.py:73: UserWarning: NumPy was imported from a Python sub-interpreter but NumPy does not properly support sub-interpreters. This will likely work for most users but might cause hard to track down issues or subtle bugs. A common user of the rare sub-interpreter feature is wsgi which also allows single-interpreter mode.
2026-02-20T02:25:17.703 INFO:journalctl@ceph.mgr.x.trial066.stdout:Feb 20 02:25:17 trial066 ceph-5480ac87-0e03-11f1-bd58-d404e6e7d460-mgr-x[41152]: Improvements in the case of bugs are welcome, but is not on the NumPy roadmap, and full support may require significant effort to achieve.
2026-02-20T02:25:17.703 INFO:journalctl@ceph.mgr.x.trial066.stdout:Feb 20 02:25:17 trial066 ceph-5480ac87-0e03-11f1-bd58-d404e6e7d460-mgr-x[41152]: from numpy import show_config as show_numpy_config
2026-02-20T02:25:17.961 INFO:journalctl@ceph.mon.a.trial066.stdout:Feb 20 02:25:17 trial066 ceph-mon[40882]: from='client.? 10.20.193.66:0/1739258291' entity='client.admin' cmd='[{"prefix": "mgr module enable", "module": "cephadm"}]': finished
2026-02-20T02:25:17.961 INFO:journalctl@ceph.mon.a.trial066.stdout:Feb 20 02:25:17 trial066 ceph-mon[40882]: mgrmap e5: x(active, since 3s)
2026-02-20T02:25:17.962 INFO:journalctl@ceph.mon.a.trial066.stdout:Feb 20 02:25:17 trial066 ceph-mon[40882]: from='client.? 10.20.193.66:0/526595848' entity='client.admin' cmd=[{"prefix": "mgr stat"}]: dispatch
2026-02-20T02:25:17.962 INFO:journalctl@ceph.mgr.x.trial066.stdout:Feb 20 02:25:17 trial066 ceph-5480ac87-0e03-11f1-bd58-d404e6e7d460-mgr-x[41152]:
2026-02-20T02:25:17.704+0000 7f94e663f140 -1 mgr[py] Module diskprediction_local has missing NOTIFY_TYPES member
2026-02-20T02:25:17.962 INFO:journalctl@ceph.mgr.x.trial066.stdout:Feb 20 02:25:17 trial066 ceph-5480ac87-0e03-11f1-bd58-d404e6e7d460-mgr-x[41152]:
2026-02-20T02:25:17.738+0000 7f94e663f140 -1 mgr[py] Module status has missing NOTIFY_TYPES member
2026-02-20T02:25:17.962 INFO:journalctl@ceph.mgr.x.trial066.stdout:Feb 20 02:25:17 trial066 ceph-5480ac87-0e03-11f1-bd58-d404e6e7d460-mgr-x[41152]:
2026-02-20T02:25:17.833+0000 7f94e663f140 -1 mgr[py] Module rgw has missing NOTIFY_TYPES member
2026-02-20T02:25:17.962 INFO:journalctl@ceph.mgr.x.trial066.stdout:Feb 20 02:25:17 trial066 ceph-5480ac87-0e03-11f1-bd58-d404e6e7d460-mgr-x[41152]:
2026-02-20T02:25:17.893+0000 7f94e663f140 -1 mgr[py] Module iostat has missing NOTIFY_TYPES member
2026-02-20T02:25:17.962 INFO:journalctl@ceph.mgr.x.trial066.stdout:Feb 20 02:25:17 trial066 ceph-5480ac87-0e03-11f1-bd58-d404e6e7d460-mgr-x[41152]:
2026-02-20T02:25:17.927+0000 7f94e663f140 -1 mgr[py] Module pg_autoscaler has missing NOTIFY_TYPES member
2026-02-20T02:25:17.962 INFO:journalctl@ceph.mgr.x.trial066.stdout:Feb 20 02:25:17 trial066 ceph-5480ac87-0e03-11f1-bd58-d404e6e7d460-mgr-x[41152]:
2026-02-20T02:25:17.959+0000 7f94e663f140 -1 mgr[py] Module osd_perf_query has missing NOTIFY_TYPES member
2026-02-20T02:25:18.261 INFO:journalctl@ceph.mgr.x.trial066.stdout:Feb 20 02:25:17 trial066 ceph-5480ac87-0e03-11f1-bd58-d404e6e7d460-mgr-x[41152]:
2026-02-20T02:25:17.994+0000 7f94e663f140 -1 mgr[py] Module crash has missing NOTIFY_TYPES member
2026-02-20T02:25:18.261 INFO:journalctl@ceph.mgr.x.trial066.stdout:Feb 20 02:25:18 trial066 ceph-5480ac87-0e03-11f1-bd58-d404e6e7d460-mgr-x[41152]:
2026-02-20T02:25:18.024+0000 7f94e663f140 -1 mgr[py] Module progress has missing NOTIFY_TYPES member
2026-02-20T02:25:18.261 INFO:journalctl@ceph.mgr.x.trial066.stdout:Feb 20 02:25:18 trial066 ceph-5480ac87-0e03-11f1-bd58-d404e6e7d460-mgr-x[41152]:
2026-02-20T02:25:18.259+0000 7f94e663f140 -1 mgr[py] Module rook has missing NOTIFY_TYPES member
2026-02-20T02:25:18.514 INFO:journalctl@ceph.mgr.x.trial066.stdout:Feb 20 02:25:18 trial066 ceph-5480ac87-0e03-11f1-bd58-d404e6e7d460-mgr-x[41152]:
2026-02-20T02:25:18.358+0000 7f94e663f140 -1 mgr[py] Module nfs has missing NOTIFY_TYPES member
2026-02-20T02:25:18.515 INFO:journalctl@ceph.mgr.x.trial066.stdout:Feb 20 02:25:18 trial066 ceph-5480ac87-0e03-11f1-bd58-d404e6e7d460-mgr-x[41152]:
2026-02-20T02:25:18.389+0000 7f94e663f140 -1 mgr[py] Module telegraf has missing NOTIFY_TYPES member
2026-02-20T02:25:18.515 INFO:journalctl@ceph.mgr.x.trial066.stdout:Feb 20 02:25:18 trial066 ceph-5480ac87-0e03-11f1-bd58-d404e6e7d460-mgr-x[41152]:
2026-02-20T02:25:18.419+0000 7f94e663f140 -1 mgr[py] Module selftest has missing NOTIFY_TYPES member
2026-02-20T02:25:18.515 INFO:journalctl@ceph.mgr.x.trial066.stdout:Feb 20 02:25:18 trial066 ceph-5480ac87-0e03-11f1-bd58-d404e6e7d460-mgr-x[41152]:
2026-02-20T02:25:18.513+0000 7f94e663f140 -1 mgr[py] Module test_orchestrator has missing NOTIFY_TYPES member
2026-02-20T02:25:18.895 INFO:journalctl@ceph.mgr.x.trial066.stdout:Feb 20 02:25:18 trial066 ceph-5480ac87-0e03-11f1-bd58-d404e6e7d460-mgr-x[41152]:
2026-02-20T02:25:18.542+0000 7f94e663f140 -1 mgr[py] Module osd_support has missing NOTIFY_TYPES member
2026-02-20T02:25:18.895 INFO:journalctl@ceph.mgr.x.trial066.stdout:Feb 20 02:25:18 trial066 ceph-5480ac87-0e03-11f1-bd58-d404e6e7d460-mgr-x[41152]:
2026-02-20T02:25:18.634+0000 7f94e663f140 -1 mgr[py] Module orchestrator has missing NOTIFY_TYPES member
2026-02-20T02:25:19.395 INFO:journalctl@ceph.mgr.x.trial066.stdout:Feb 20 02:25:19 trial066 ceph-5480ac87-0e03-11f1-bd58-d404e6e7d460-mgr-x[41152]:
2026-02-20T02:25:19.102+0000 7f94e663f140 -1 mgr[py] Module volumes has missing NOTIFY_TYPES member
2026-02-20T02:25:19.395 INFO:journalctl@ceph.mgr.x.trial066.stdout:Feb 20 02:25:19 trial066 ceph-5480ac87-0e03-11f1-bd58-d404e6e7d460-mgr-x[41152]:
2026-02-20T02:25:19.133+0000 7f94e663f140 -1 mgr[py] Module zabbix has missing NOTIFY_TYPES member
2026-02-20T02:25:19.895 INFO:journalctl@ceph.mgr.x.trial066.stdout:Feb 20 02:25:19 trial066 ceph-5480ac87-0e03-11f1-bd58-d404e6e7d460-mgr-x[41152]:
2026-02-20T02:25:19.534+0000 7f94e663f140 -1 mgr[py] Module influx has missing NOTIFY_TYPES member
2026-02-20T02:25:19.895 INFO:journalctl@ceph.mon.a.trial066.stdout:Feb 20 02:25:19 trial066 ceph-mon[40882]: Active manager daemon x restarted
2026-02-20T02:25:19.895 INFO:journalctl@ceph.mon.a.trial066.stdout:Feb 20 02:25:19 trial066 ceph-mon[40882]: Activating manager daemon x
2026-02-20T02:25:19.895 INFO:journalctl@ceph.mon.a.trial066.stdout:Feb 20 02:25:19 trial066 ceph-mon[40882]: osdmap e2: 0 total, 0 up, 0 in
2026-02-20T02:25:19.895 INFO:journalctl@ceph.mon.a.trial066.stdout:Feb 20 02:25:19 trial066 ceph-mon[40882]: mgrmap e6: x(active, starting, since 0.00309958s)
2026-02-20T02:25:19.895 INFO:journalctl@ceph.mon.a.trial066.stdout:Feb 20 02:25:19 trial066 ceph-mon[40882]: from='mgr.14118 10.20.193.66:0/2357938921' entity='mgr.x' cmd=[{"prefix": "mon metadata", "id": "a"}]: dispatch
2026-02-20T02:25:19.895 INFO:journalctl@ceph.mon.a.trial066.stdout:Feb 20 02:25:19 trial066 ceph-mon[40882]: from='mgr.14118 10.20.193.66:0/2357938921' entity='mgr.x' cmd=[{"prefix": "mgr metadata", "who": "x", "id": "x"}]: dispatch
2026-02-20T02:25:19.895 INFO:journalctl@ceph.mon.a.trial066.stdout:Feb 20 02:25:19 trial066 ceph-mon[40882]: from='mgr.14118 10.20.193.66:0/2357938921' entity='mgr.x' cmd=[{"prefix": "mds metadata"}]: dispatch
2026-02-20T02:25:19.895 INFO:journalctl@ceph.mon.a.trial066.stdout:Feb 20 02:25:19 trial066 ceph-mon[40882]: from='mgr.14118 10.20.193.66:0/2357938921' entity='mgr.x' cmd=[{"prefix": "osd metadata"}]: dispatch
2026-02-20T02:25:19.895 INFO:journalctl@ceph.mon.a.trial066.stdout:Feb 20 02:25:19 trial066 ceph-mon[40882]: from='mgr.14118 10.20.193.66:0/2357938921' entity='mgr.x' cmd=[{"prefix": "mon metadata"}]: dispatch
2026-02-20T02:25:19.895 INFO:journalctl@ceph.mon.a.trial066.stdout:Feb 20 02:25:19 trial066 ceph-mon[40882]: Manager daemon x is now available
2026-02-20T02:25:19.895 INFO:journalctl@ceph.mon.a.trial066.stdout:Feb 20 02:25:19 trial066 ceph-mon[40882]: from='mgr.14118 10.20.193.66:0/2357938921' entity='mgr.x'
2026-02-20T02:25:19.895 INFO:journalctl@ceph.mon.a.trial066.stdout:Feb 20 02:25:19 trial066 ceph-mon[40882]: from='mgr.14118 10.20.193.66:0/2357938921' entity='mgr.x'
2026-02-20T02:25:19.895 INFO:journalctl@ceph.mon.a.trial066.stdout:Feb 20 02:25:19 trial066 ceph-mon[40882]: from='mgr.14118 10.20.193.66:0/2357938921' entity='mgr.x' cmd=[{"prefix": "config dump", "format": "json"}]: dispatch
2026-02-20T02:25:19.895 INFO:journalctl@ceph.mon.a.trial066.stdout:Feb 20 02:25:19 trial066 ceph-mon[40882]: from='mgr.14118 10.20.193.66:0/2357938921' entity='mgr.x' cmd=[{"prefix": "config dump", "format": "json"}]: dispatch
2026-02-20T02:25:19.895 INFO:journalctl@ceph.mon.a.trial066.stdout:Feb 20 02:25:19 trial066 ceph-mon[40882]: from='mgr.14118 10.20.193.66:0/2357938921' entity='mgr.x' cmd=[{"prefix":"config rm","who":"mgr","name":"mgr/rbd_support/x/mirror_snapshot_schedule"}]: dispatch
2026-02-20T02:25:19.895 INFO:journalctl@ceph.mon.a.trial066.stdout:Feb 20 02:25:19 trial066 ceph-mon[40882]: from='mgr.14118 10.20.193.66:0/2357938921' entity='mgr.x' cmd=[{"prefix":"config rm","who":"mgr","name":"mgr/rbd_support/x/trash_purge_schedule"}]: dispatch
2026-02-20T02:25:20.572 INFO:teuthology.orchestra.run.trial066.stdout:/usr/bin/ceph: stdout {
2026-02-20T02:25:20.573 INFO:teuthology.orchestra.run.trial066.stdout:/usr/bin/ceph: stdout "mgrmap_epoch": 7,
2026-02-20T02:25:20.573 INFO:teuthology.orchestra.run.trial066.stdout:/usr/bin/ceph: stdout "initialized": true
2026-02-20T02:25:20.573 INFO:teuthology.orchestra.run.trial066.stdout:/usr/bin/ceph: stdout }
2026-02-20T02:25:20.573 INFO:teuthology.orchestra.run.trial066.stdout:/usr/bin/ceph: stderr
2026-02-20T02:25:17.199+0000 7f8e16b0a640 1 Processor -- start
2026-02-20T02:25:20.573 INFO:teuthology.orchestra.run.trial066.stdout:/usr/bin/ceph: stderr
2026-02-20T02:25:17.200+0000 7f8e16b0a640 1 -- start start
2026-02-20T02:25:20.573 INFO:teuthology.orchestra.run.trial066.stdout:/usr/bin/ceph: stderr
2026-02-20T02:25:17.200+0000 7f8e16b0a640 1 --2- >> [v2:10.20.193.66:3300/0,v1:10.20.193.66:6789/0] conn(0x7f8e1010a480 0x7f8e1010a880 unknown :-1 s=NONE pgs=0 cs=0 l=0 rev1=0 crypto rx=0 tx=0 comp rx=0 tx=0).connect
2026-02-20T02:25:20.573 INFO:teuthology.orchestra.run.trial066.stdout:/usr/bin/ceph: stderr
2026-02-20T02:25:17.200+0000 7f8e16b0a640 1 -- --> [v2:10.20.193.66:3300/0,v1:10.20.193.66:6789/0] -- mon_getmap magic: 0 -- 0x7f8e1010ae50 con 0x7f8e1010a480
2026-02-20T02:25:20.573 INFO:teuthology.orchestra.run.trial066.stdout:/usr/bin/ceph: stderr
2026-02-20T02:25:17.200+0000 7f8e1487f640 1 --2- >> [v2:10.20.193.66:3300/0,v1:10.20.193.66:6789/0] conn(0x7f8e1010a480 0x7f8e1010a880 unknown :-1 s=BANNER_CONNECTING pgs=0 cs=0 l=0 rev1=0 crypto rx=0 tx=0 comp rx=0 tx=0)._handle_peer_banner_payload supported=3 required=0
2026-02-20T02:25:20.573 INFO:teuthology.orchestra.run.trial066.stdout:/usr/bin/ceph: stderr
2026-02-20T02:25:17.200+0000 7f8e1487f640 1 --2- >> [v2:10.20.193.66:3300/0,v1:10.20.193.66:6789/0] conn(0x7f8e1010a480 0x7f8e1010a880 unknown :-1 s=HELLO_CONNECTING pgs=0 cs=0 l=0 rev1=1 crypto rx=0 tx=0 comp rx=0 tx=0).handle_hello peer v2:10.20.193.66:3300/0 says I am v2:10.20.193.66:53120/0 (socket says 10.20.193.66:53120)
2026-02-20T02:25:20.574 INFO:teuthology.orchestra.run.trial066.stdout:/usr/bin/ceph: stderr
2026-02-20T02:25:17.200+0000 7f8e1487f640 1 -- 10.20.193.66:0/710108140 learned_addr learned my addr 10.20.193.66:0/710108140 (peer_addr_for_me v2:10.20.193.66:0/0)
2026-02-20T02:25:20.574 INFO:teuthology.orchestra.run.trial066.stdout:/usr/bin/ceph: stderr
2026-02-20T02:25:17.200+0000 7f8e1487f640 1 -- 10.20.193.66:0/710108140 --> [v2:10.20.193.66:3300/0,v1:10.20.193.66:6789/0] -- mon_subscribe({config=0+,monmap=0+}) -- 0x7f8e1010b630 con 0x7f8e1010a480
2026-02-20T02:25:20.574 INFO:teuthology.orchestra.run.trial066.stdout:/usr/bin/ceph: stderr
2026-02-20T02:25:17.200+0000 7f8e1487f640 1 --2- 10.20.193.66:0/710108140 >> [v2:10.20.193.66:3300/0,v1:10.20.193.66:6789/0] conn(0x7f8e1010a480 0x7f8e1010a880 secure :-1 s=READY pgs=26 cs=0 l=1 rev1=1 crypto rx=0x7f8e00009920 tx=0x7f8e0002ef20 comp rx=0 tx=0).ready entity=mon.0 client_cookie=e1fe835610cab2cf server_cookie=0 in_seq=0 out_seq=0
2026-02-20T02:25:20.574 INFO:teuthology.orchestra.run.trial066.stdout:/usr/bin/ceph: stderr
2026-02-20T02:25:17.200+0000 7f8e077fe640 1 -- 10.20.193.66:0/710108140 <== mon.0 v2:10.20.193.66:3300/0 1 ==== mon_map magic: 0 ==== 205+0+0 (secure 0 0 0) 0x7f8e0003c070 con 0x7f8e1010a480
2026-02-20T02:25:20.574 INFO:teuthology.orchestra.run.trial066.stdout:/usr/bin/ceph: stderr
2026-02-20T02:25:17.201+0000 7f8e077fe640 1 -- 10.20.193.66:0/710108140 <== mon.0 v2:10.20.193.66:3300/0 2 ==== config(26 keys) ==== 1045+0+0 (secure 0 0 0) 0x7f8e00037440 con 0x7f8e1010a480
2026-02-20T02:25:20.574 INFO:teuthology.orchestra.run.trial066.stdout:/usr/bin/ceph: stderr
2026-02-20T02:25:17.201+0000 7f8e077fe640 1 -- 10.20.193.66:0/710108140 <== mon.0 v2:10.20.193.66:3300/0 3 ==== mon_map magic: 0 ==== 205+0+0 (secure 0 0 0) 0x7f8e000354b0 con 0x7f8e1010a480
2026-02-20T02:25:20.574 INFO:teuthology.orchestra.run.trial066.stdout:/usr/bin/ceph: stderr
2026-02-20T02:25:17.201+0000 7f8e16b0a640 1 -- 10.20.193.66:0/710108140 >> [v2:10.20.193.66:3300/0,v1:10.20.193.66:6789/0] conn(0x7f8e1010a480 msgr2=0x7f8e1010a880 secure :-1 s=STATE_CONNECTION_ESTABLISHED l=1).mark_down
2026-02-20T02:25:20.574 INFO:teuthology.orchestra.run.trial066.stdout:/usr/bin/ceph: stderr
2026-02-20T02:25:17.201+0000 7f8e16b0a640 1 --2- 10.20.193.66:0/710108140 >> [v2:10.20.193.66:3300/0,v1:10.20.193.66:6789/0] conn(0x7f8e1010a480 0x7f8e1010a880 secure :-1 s=READY pgs=26 cs=0 l=1 rev1=1 crypto rx=0x7f8e00009920 tx=0x7f8e0002ef20 comp rx=0 tx=0).stop
2026-02-20T02:25:20.574 INFO:teuthology.orchestra.run.trial066.stdout:/usr/bin/ceph: stderr
2026-02-20T02:25:17.201+0000 7f8e16b0a640 1 -- 10.20.193.66:0/710108140 shutdown_connections
2026-02-20T02:25:20.574 INFO:teuthology.orchestra.run.trial066.stdout:/usr/bin/ceph: stderr
2026-02-20T02:25:17.201+0000 7f8e16b0a640 1 --2- 10.20.193.66:0/710108140 >> [v2:10.20.193.66:3300/0,v1:10.20.193.66:6789/0] conn(0x7f8e1010a480 0x7f8e1010a880 unknown :-1 s=CLOSED pgs=26 cs=0 l=1 rev1=1 crypto rx=0 tx=0 comp rx=0 tx=0).stop
2026-02-20T02:25:20.574 INFO:teuthology.orchestra.run.trial066.stdout:/usr/bin/ceph: stderr
2026-02-20T02:25:17.201+0000 7f8e16b0a640 1 -- 10.20.193.66:0/710108140 >> 10.20.193.66:0/710108140 conn(0x7f8e1007dbd0 msgr2=0x7f8e101086a0 unknown :-1 s=STATE_NONE l=0).mark_down
2026-02-20T02:25:20.574 INFO:teuthology.orchestra.run.trial066.stdout:/usr/bin/ceph: stderr
2026-02-20T02:25:17.201+0000 7f8e16b0a640 1 -- 10.20.193.66:0/710108140 shutdown_connections
2026-02-20T02:25:20.575 INFO:teuthology.orchestra.run.trial066.stdout:/usr/bin/ceph: stderr
2026-02-20T02:25:17.201+0000 7f8e16b0a640 1 -- 10.20.193.66:0/710108140 wait complete.
2026-02-20T02:25:20.575 INFO:teuthology.orchestra.run.trial066.stdout:/usr/bin/ceph: stderr
2026-02-20T02:25:17.201+0000 7f8e16b0a640 1 Processor -- start
2026-02-20T02:25:20.575 INFO:teuthology.orchestra.run.trial066.stdout:/usr/bin/ceph: stderr
2026-02-20T02:25:17.201+0000 7f8e16b0a640 1 -- start start
2026-02-20T02:25:20.575 INFO:teuthology.orchestra.run.trial066.stdout:/usr/bin/ceph: stderr
2026-02-20T02:25:17.201+0000 7f8e16b0a640 1 --2- >> [v2:10.20.193.66:3300/0,v1:10.20.193.66:6789/0] conn(0x7f8e1010a480 0x7f8e101a02b0 unknown :-1 s=NONE pgs=0 cs=0 l=1 rev1=0 crypto rx=0 tx=0 comp rx=0 tx=0).connect
2026-02-20T02:25:20.575 INFO:teuthology.orchestra.run.trial066.stdout:/usr/bin/ceph: stderr
2026-02-20T02:25:17.201+0000 7f8e16b0a640 1 -- --> [v2:10.20.193.66:3300/0,v1:10.20.193.66:6789/0] -- mon_getmap magic: 0 -- 0x7f8e1010e860 con 0x7f8e1010a480
2026-02-20T02:25:20.575 INFO:teuthology.orchestra.run.trial066.stdout:/usr/bin/ceph: stderr
2026-02-20T02:25:17.202+0000 7f8e1487f640 1 --2- >> [v2:10.20.193.66:3300/0,v1:10.20.193.66:6789/0] conn(0x7f8e1010a480 0x7f8e101a02b0 unknown :-1 s=BANNER_CONNECTING pgs=0 cs=0 l=1 rev1=0 crypto rx=0 tx=0 comp rx=0 tx=0)._handle_peer_banner_payload supported=3 required=0
2026-02-20T02:25:20.575 INFO:teuthology.orchestra.run.trial066.stdout:/usr/bin/ceph: stderr
2026-02-20T02:25:17.202+0000 7f8e1487f640 1 --2- >> [v2:10.20.193.66:3300/0,v1:10.20.193.66:6789/0] conn(0x7f8e1010a480 0x7f8e101a02b0 unknown :-1 s=HELLO_CONNECTING pgs=0 cs=0 l=1 rev1=1 crypto rx=0 tx=0 comp rx=0 tx=0).handle_hello peer v2:10.20.193.66:3300/0 says I am v2:10.20.193.66:53126/0 (socket says 10.20.193.66:53126)
2026-02-20T02:25:20.575 INFO:teuthology.orchestra.run.trial066.stdout:/usr/bin/ceph: stderr
2026-02-20T02:25:17.202+0000 7f8e1487f640 1 -- 10.20.193.66:0/2537345104 learned_addr learned my addr 10.20.193.66:0/2537345104 (peer_addr_for_me v2:10.20.193.66:0/0)
2026-02-20T02:25:20.575 INFO:teuthology.orchestra.run.trial066.stdout:/usr/bin/ceph: stderr
2026-02-20T02:25:17.202+0000 7f8e1487f640 1 -- 10.20.193.66:0/2537345104 --> [v2:10.20.193.66:3300/0,v1:10.20.193.66:6789/0] -- mon_subscribe({config=0+,monmap=0+}) -- 0x7f8e101a07f0 con 0x7f8e1010a480
2026-02-20T02:25:20.575 INFO:teuthology.orchestra.run.trial066.stdout:/usr/bin/ceph: stderr
2026-02-20T02:25:17.202+0000 7f8e1487f640 1 --2- 10.20.193.66:0/2537345104 >> [v2:10.20.193.66:3300/0,v1:10.20.193.66:6789/0] conn(0x7f8e1010a480 0x7f8e101a02b0 secure :-1 s=READY pgs=27 cs=0 l=1 rev1=1 crypto rx=0x7f8e00037cd0 tx=0x7f8e00037b90 comp rx=0 tx=0).ready entity=mon.0 client_cookie=0 server_cookie=0 in_seq=0 out_seq=0
2026-02-20T02:25:20.575 INFO:teuthology.orchestra.run.trial066.stdout:/usr/bin/ceph: stderr
2026-02-20T02:25:17.202+0000 7f8e05ffb640 1 -- 10.20.193.66:0/2537345104 <== mon.0 v2:10.20.193.66:3300/0 1 ==== mon_map magic: 0 ==== 205+0+0 (secure 0 0 0) 0x7f8e00045070 con 0x7f8e1010a480
2026-02-20T02:25:20.576 INFO:teuthology.orchestra.run.trial066.stdout:/usr/bin/ceph: stderr
2026-02-20T02:25:17.202+0000 7f8e05ffb640 1 -- 10.20.193.66:0/2537345104 <== mon.0 v2:10.20.193.66:3300/0 2 ==== config(26 keys) ==== 1045+0+0 (secure 0 0 0) 0x7f8e00040450 con 0x7f8e1010a480
2026-02-20T02:25:20.576 INFO:teuthology.orchestra.run.trial066.stdout:/usr/bin/ceph: stderr
2026-02-20T02:25:17.202+0000 7f8e16b0a640 1 -- 10.20.193.66:0/2537345104 --> [v2:10.20.193.66:3300/0,v1:10.20.193.66:6789/0] -- mon_subscribe({mgrmap=0+}) -- 0x7f8e101a0a80 con 0x7f8e1010a480
2026-02-20T02:25:20.576 INFO:teuthology.orchestra.run.trial066.stdout:/usr/bin/ceph: stderr
2026-02-20T02:25:17.202+0000 7f8e05ffb640 1 -- 10.20.193.66:0/2537345104 <== mon.0 v2:10.20.193.66:3300/0 3 ==== mon_map magic: 0 ==== 205+0+0 (secure 0 0 0) 0x7f8e0003c070 con 0x7f8e1010a480
2026-02-20T02:25:20.576 INFO:teuthology.orchestra.run.trial066.stdout:/usr/bin/ceph: stderr
2026-02-20T02:25:17.202+0000 7f8e16b0a640 1 -- 10.20.193.66:0/2537345104 --> [v2:10.20.193.66:3300/0,v1:10.20.193.66:6789/0] -- mon_subscribe({osdmap=0}) -- 0x7f8e101a3770 con 0x7f8e1010a480
2026-02-20T02:25:20.576 INFO:teuthology.orchestra.run.trial066.stdout:/usr/bin/ceph: stderr
2026-02-20T02:25:17.203+0000 7f8e05ffb640 1 -- 10.20.193.66:0/2537345104 <== mon.0 v2:10.20.193.66:3300/0 4 ==== mgrmap(e 5) ==== 50247+0+0 (secure 0 0 0) 0x7f8e0003e5f0 con 0x7f8e1010a480
2026-02-20T02:25:20.576 INFO:teuthology.orchestra.run.trial066.stdout:/usr/bin/ceph: stderr
2026-02-20T02:25:17.203+0000 7f8e05ffb640 1 --2- 10.20.193.66:0/2537345104 >> [v2:10.20.193.66:6800/2732567140,v1:10.20.193.66:6801/2732567140] conn(0x7f8dec03dbf0 0x7f8dec0400b0 unknown :-1 s=NONE pgs=0 cs=0 l=1 rev1=0 crypto rx=0 tx=0 comp rx=0 tx=0).connect
2026-02-20T02:25:20.576 INFO:teuthology.orchestra.run.trial066.stdout:/usr/bin/ceph: stderr
2026-02-20T02:25:17.203+0000 7f8e05ffb640 1 -- 10.20.193.66:0/2537345104 --> [v2:10.20.193.66:6800/2732567140,v1:10.20.193.66:6801/2732567140] -- command(tid 0: {"prefix": "get_command_descriptions"}) -- 0x7f8dec0407c0 con 0x7f8dec03dbf0
2026-02-20T02:25:20.576 INFO:teuthology.orchestra.run.trial066.stdout:/usr/bin/ceph: stderr
2026-02-20T02:25:17.203+0000 7f8e07fff640 1 -- 10.20.193.66:0/2537345104 >> [v2:10.20.193.66:6800/2732567140,v1:10.20.193.66:6801/2732567140] conn(0x7f8dec03dbf0 msgr2=0x7f8dec0400b0 unknown :-1 s=STATE_CONNECTING_RE l=1).process reconnect failed to v2:10.20.193.66:6800/2732567140
2026-02-20T02:25:20.576 INFO:teuthology.orchestra.run.trial066.stdout:/usr/bin/ceph: stderr
2026-02-20T02:25:17.203+0000 7f8e05ffb640 1 -- 10.20.193.66:0/2537345104 <== mon.0 v2:10.20.193.66:3300/0 5 ==== osd_map(1..1 src has 1..1) ==== 725+0+0 (secure 0 0 0) 0x7f8e000766e0 con 0x7f8e1010a480
