2026-02-20T02:25:03.595 INFO:teuthology.orchestra.run.trial098.stdout:/usr/bin/ceph: stderr
2026-02-20T02:25:03.451+0000 7f8c213f2640 1 -- 10.20.193.98:0/3183148537 shutdown_connections
2026-02-20T02:25:03.595 INFO:teuthology.orchestra.run.trial098.stdout:/usr/bin/ceph: stderr
2026-02-20T02:25:03.451+0000 7f8c213f2640 1 -- 10.20.193.98:0/3183148537 wait complete.
2026-02-20T02:25:03.595 INFO:teuthology.orchestra.run.trial098.stdout:/usr/bin/ceph: stderr
2026-02-20T02:25:03.451+0000 7f8c213f2640 1 Processor -- start
2026-02-20T02:25:03.595 INFO:teuthology.orchestra.run.trial098.stdout:/usr/bin/ceph: stderr
2026-02-20T02:25:03.451+0000 7f8c213f2640 1 -- start start
2026-02-20T02:25:03.596 INFO:teuthology.orchestra.run.trial098.stdout:/usr/bin/ceph: stderr
2026-02-20T02:25:03.451+0000 7f8c213f2640 1 --2- >> [v2:10.20.193.98:3300/0,v1:10.20.193.98:6789/0] conn(0x7f8c1c109880 0x7f8c1c19f7a0 unknown :-1 s=NONE pgs=0 cs=0 l=1 rev1=0 crypto rx=0 tx=0 comp rx=0 tx=0).connect
2026-02-20T02:25:03.596 INFO:teuthology.orchestra.run.trial098.stdout:/usr/bin/ceph: stderr
2026-02-20T02:25:03.451+0000 7f8c213f2640 1 -- --> [v2:10.20.193.98:3300/0,v1:10.20.193.98:6789/0] -- mon_getmap magic: 0 -- 0x7f8c1c10dcb0 con 0x7f8c1c109880
2026-02-20T02:25:03.596 INFO:teuthology.orchestra.run.trial098.stdout:/usr/bin/ceph: stderr
2026-02-20T02:25:03.451+0000 7f8c1affd640 1 --2- >> [v2:10.20.193.98:3300/0,v1:10.20.193.98:6789/0] conn(0x7f8c1c109880 0x7f8c1c19f7a0 unknown :-1 s=BANNER_CONNECTING pgs=0 cs=0 l=1 rev1=0 crypto rx=0 tx=0 comp rx=0 tx=0)._handle_peer_banner_payload supported=3 required=0
2026-02-20T02:25:03.596 INFO:teuthology.orchestra.run.trial098.stdout:/usr/bin/ceph: stderr
2026-02-20T02:25:03.451+0000 7f8c1affd640 1 --2- >> [v2:10.20.193.98:3300/0,v1:10.20.193.98:6789/0] conn(0x7f8c1c109880 0x7f8c1c19f7a0 unknown :-1 s=HELLO_CONNECTING pgs=0 cs=0 l=1 rev1=1 crypto rx=0 tx=0 comp rx=0 tx=0).handle_hello peer v2:10.20.193.98:3300/0 says I am v2:10.20.193.98:44116/0 (socket says 10.20.193.98:44116)
2026-02-20T02:25:03.596 INFO:teuthology.orchestra.run.trial098.stdout:/usr/bin/ceph: stderr
2026-02-20T02:25:03.451+0000 7f8c1affd640 1 -- 10.20.193.98:0/1203565404 learned_addr learned my addr 10.20.193.98:0/1203565404 (peer_addr_for_me v2:10.20.193.98:0/0)
2026-02-20T02:25:03.596 INFO:teuthology.orchestra.run.trial098.stdout:/usr/bin/ceph: stderr
2026-02-20T02:25:03.451+0000 7f8c1affd640 1 -- 10.20.193.98:0/1203565404 --> [v2:10.20.193.98:3300/0,v1:10.20.193.98:6789/0] -- mon_subscribe({config=0+,monmap=0+}) -- 0x7f8c1c19fce0 con 0x7f8c1c109880
2026-02-20T02:25:03.596 INFO:teuthology.orchestra.run.trial098.stdout:/usr/bin/ceph: stderr
2026-02-20T02:25:03.451+0000 7f8c1affd640 1 --2- 10.20.193.98:0/1203565404 >> [v2:10.20.193.98:3300/0,v1:10.20.193.98:6789/0] conn(0x7f8c1c109880 0x7f8c1c19f7a0 secure :-1 s=READY pgs=25 cs=0 l=1 rev1=1 crypto rx=0x7f8c10037b20 tx=0x7f8c100358c0 comp rx=0 tx=0).ready entity=mon.0 client_cookie=0 server_cookie=0 in_seq=0 out_seq=0
2026-02-20T02:25:03.596 INFO:teuthology.orchestra.run.trial098.stdout:/usr/bin/ceph: stderr
2026-02-20T02:25:03.452+0000 7f8bfbfff640 1 -- 10.20.193.98:0/1203565404 <== mon.0 v2:10.20.193.98:3300/0 1 ==== mon_map magic: 0 ==== 226+0+0 (secure 0 0 0) 0x7f8c10035c10 con 0x7f8c1c109880
2026-02-20T02:25:03.597 INFO:teuthology.orchestra.run.trial098.stdout:/usr/bin/ceph: stderr
2026-02-20T02:25:03.452+0000 7f8bfbfff640 1 -- 10.20.193.98:0/1203565404 <== mon.0 v2:10.20.193.98:3300/0 2 ==== config(25 keys) ==== 1007+0+0 (secure 0 0 0) 0x7f8c10035db0 con 0x7f8c1c109880
2026-02-20T02:25:03.597 INFO:teuthology.orchestra.run.trial098.stdout:/usr/bin/ceph: stderr
2026-02-20T02:25:03.452+0000 7f8bfbfff640 1 -- 10.20.193.98:0/1203565404 <== mon.0 v2:10.20.193.98:3300/0 3 ==== mon_map magic: 0 ==== 226+0+0 (secure 0 0 0) 0x7f8c100413a0 con 0x7f8c1c109880
2026-02-20T02:25:03.597 INFO:teuthology.orchestra.run.trial098.stdout:/usr/bin/ceph: stderr
2026-02-20T02:25:03.452+0000 7f8c213f2640 1 -- 10.20.193.98:0/1203565404 --> [v2:10.20.193.98:3300/0,v1:10.20.193.98:6789/0] -- mon_subscribe({mgrmap=0+}) -- 0x7f8c1c19ff70 con 0x7f8c1c109880
2026-02-20T02:25:03.597 INFO:teuthology.orchestra.run.trial098.stdout:/usr/bin/ceph: stderr
2026-02-20T02:25:03.452+0000 7f8c213f2640 1 -- 10.20.193.98:0/1203565404 --> [v2:10.20.193.98:3300/0,v1:10.20.193.98:6789/0] -- mon_subscribe({osdmap=0}) -- 0x7f8c1c1a2c60 con 0x7f8c1c109880
2026-02-20T02:25:03.597 INFO:teuthology.orchestra.run.trial098.stdout:/usr/bin/ceph: stderr
2026-02-20T02:25:03.452+0000 7f8c213f2640 1 -- 10.20.193.98:0/1203565404 --> [v2:10.20.193.98:3300/0,v1:10.20.193.98:6789/0] -- mon_command({"prefix": "get_command_descriptions"} v 0) -- 0x7f8c1c109d00 con 0x7f8c1c109880
2026-02-20T02:25:03.597 INFO:teuthology.orchestra.run.trial098.stdout:/usr/bin/ceph: stderr
2026-02-20T02:25:03.452+0000 7f8bfbfff640 1 -- 10.20.193.98:0/1203565404 <== mon.0 v2:10.20.193.98:3300/0 4 ==== mgrmap(e 5) ==== 50261+0+0 (secure 0 0 0) 0x7f8c100423f0 con 0x7f8c1c109880
2026-02-20T02:25:03.597 INFO:teuthology.orchestra.run.trial098.stdout:/usr/bin/ceph: stderr
2026-02-20T02:25:03.452+0000 7f8bfbfff640 1 --2- 10.20.193.98:0/1203565404 >> [v2:10.20.193.98:6800/802451532,v1:10.20.193.98:6801/802451532] conn(0x7f8bf003dbf0 0x7f8bf00400b0 unknown :-1 s=NONE pgs=0 cs=0 l=1 rev1=0 crypto rx=0 tx=0 comp rx=0 tx=0).connect
2026-02-20T02:25:03.597 INFO:teuthology.orchestra.run.trial098.stdout:/usr/bin/ceph: stderr
2026-02-20T02:25:03.452+0000 7f8c1a7fc640 1 -- 10.20.193.98:0/1203565404 >> [v2:10.20.193.98:6800/802451532,v1:10.20.193.98:6801/802451532] conn(0x7f8bf003dbf0 msgr2=0x7f8bf00400b0 unknown :-1 s=STATE_CONNECTING_RE l=1).process reconnect failed to v2:10.20.193.98:6800/802451532
2026-02-20T02:25:03.598 INFO:teuthology.orchestra.run.trial098.stdout:/usr/bin/ceph: stderr
2026-02-20T02:25:03.452+0000 7f8bfbfff640 1 -- 10.20.193.98:0/1203565404 <== mon.0 v2:10.20.193.98:3300/0 5 ==== osd_map(1..1 src has 1..1) ==== 725+0+0 (secure 0 0 0) 0x7f8c100763c0 con 0x7f8c1c109880
2026-02-20T02:25:03.598 INFO:teuthology.orchestra.run.trial098.stdout:/usr/bin/ceph: stderr
2026-02-20T02:25:03.452+0000 7f8c1a7fc640 1 --2- 10.20.193.98:0/1203565404 >> [v2:10.20.193.98:6800/802451532,v1:10.20.193.98:6801/802451532] conn(0x7f8bf003dbf0 0x7f8bf00400b0 unknown :-1 s=START_CONNECT pgs=0 cs=0 l=1 rev1=0 crypto rx=0 tx=0 comp rx=0 tx=0)._fault waiting 0.200000
2026-02-20T02:25:03.598 INFO:teuthology.orchestra.run.trial098.stdout:/usr/bin/ceph: stderr
2026-02-20T02:25:03.455+0000 7f8bfbfff640 1 -- 10.20.193.98:0/1203565404 <== mon.0 v2:10.20.193.98:3300/0 6 ==== mon_command_ack([{"prefix": "get_command_descriptions"}]=0 v0) ==== 72+0+195341 (secure 0 0 0) 0x7f8c10076120 con 0x7f8c1c109880
2026-02-20T02:25:03.598 INFO:teuthology.orchestra.run.trial098.stdout:/usr/bin/ceph: stderr
2026-02-20T02:25:03.561+0000 7f8c213f2640 1 -- 10.20.193.98:0/1203565404 --> [v2:10.20.193.98:3300/0,v1:10.20.193.98:6789/0] -- mon_command({"prefix": "mgr stat"} v 0) -- 0x7f8c1c1a33c0 con 0x7f8c1c109880
2026-02-20T02:25:03.598 INFO:teuthology.orchestra.run.trial098.stdout:/usr/bin/ceph: stderr
2026-02-20T02:25:03.561+0000 7f8bfbfff640 1 -- 10.20.193.98:0/1203565404 <== mon.0 v2:10.20.193.98:3300/0 7 ==== mon_command_ack([{"prefix": "mgr stat"}]=0 v5) ==== 56+0+102 (secure 0 0 0) 0x7f8c10041600 con 0x7f8c1c109880
2026-02-20T02:25:03.598 INFO:teuthology.orchestra.run.trial098.stdout:/usr/bin/ceph: stderr
2026-02-20T02:25:03.562+0000 7f8c213f2640 1 -- 10.20.193.98:0/1203565404 >> [v2:10.20.193.98:6800/802451532,v1:10.20.193.98:6801/802451532] conn(0x7f8bf003dbf0 msgr2=0x7f8bf00400b0 unknown :-1 s=STATE_CONNECTING l=1).mark_down
2026-02-20T02:25:03.598 INFO:teuthology.orchestra.run.trial098.stdout:/usr/bin/ceph: stderr
2026-02-20T02:25:03.562+0000 7f8c213f2640 1 --2- 10.20.193.98:0/1203565404 >> [v2:10.20.193.98:6800/802451532,v1:10.20.193.98:6801/802451532] conn(0x7f8bf003dbf0 0x7f8bf00400b0 unknown :-1 s=START_CONNECT pgs=0 cs=0 l=1 rev1=0 crypto rx=0 tx=0 comp rx=0 tx=0).stop
2026-02-20T02:25:03.598 INFO:teuthology.orchestra.run.trial098.stdout:/usr/bin/ceph: stderr
2026-02-20T02:25:03.562+0000 7f8c213f2640 1 -- 10.20.193.98:0/1203565404 >> [v2:10.20.193.98:3300/0,v1:10.20.193.98:6789/0] conn(0x7f8c1c109880 msgr2=0x7f8c1c19f7a0 secure :-1 s=STATE_CONNECTION_ESTABLISHED l=1).mark_down
2026-02-20T02:25:03.598 INFO:teuthology.orchestra.run.trial098.stdout:/usr/bin/ceph: stderr
2026-02-20T02:25:03.562+0000 7f8c213f2640 1 --2- 10.20.193.98:0/1203565404 >> [v2:10.20.193.98:3300/0,v1:10.20.193.98:6789/0] conn(0x7f8c1c109880 0x7f8c1c19f7a0 secure :-1 s=READY pgs=25 cs=0 l=1 rev1=1 crypto rx=0x7f8c10037b20 tx=0x7f8c100358c0 comp rx=0 tx=0).stop
2026-02-20T02:25:03.598 INFO:teuthology.orchestra.run.trial098.stdout:/usr/bin/ceph: stderr
2026-02-20T02:25:03.562+0000 7f8c213f2640 1 -- 10.20.193.98:0/1203565404 shutdown_connections
2026-02-20T02:25:03.598 INFO:teuthology.orchestra.run.trial098.stdout:/usr/bin/ceph: stderr
2026-02-20T02:25:03.562+0000 7f8c213f2640 1 --2- 10.20.193.98:0/1203565404 >> [v2:10.20.193.98:6800/802451532,v1:10.20.193.98:6801/802451532] conn(0x7f8bf003dbf0 0x7f8bf00400b0 unknown :-1 s=CLOSED pgs=0 cs=0 l=1 rev1=0 crypto rx=0 tx=0 comp rx=0 tx=0).stop
2026-02-20T02:25:03.598 INFO:teuthology.orchestra.run.trial098.stdout:/usr/bin/ceph: stderr
2026-02-20T02:25:03.562+0000 7f8c213f2640 1 --2- 10.20.193.98:0/1203565404 >> [v2:10.20.193.98:3300/0,v1:10.20.193.98:6789/0] conn(0x7f8c1c109880 0x7f8c1c19f7a0 unknown :-1 s=CLOSED pgs=25 cs=0 l=1 rev1=1 crypto rx=0 tx=0 comp rx=0 tx=0).stop
2026-02-20T02:25:03.599 INFO:teuthology.orchestra.run.trial098.stdout:/usr/bin/ceph: stderr
2026-02-20T02:25:03.562+0000 7f8c213f2640 1 -- 10.20.193.98:0/1203565404 >> 10.20.193.98:0/1203565404 conn(0x7f8c1c07cf00 msgr2=0x7f8c1c1070c0 unknown :-1 s=STATE_NONE l=0).mark_down
2026-02-20T02:25:03.599 INFO:teuthology.orchestra.run.trial098.stdout:/usr/bin/ceph: stderr
2026-02-20T02:25:03.562+0000 7f8c213f2640 1 -- 10.20.193.98:0/1203565404 shutdown_connections
2026-02-20T02:25:03.599 INFO:teuthology.orchestra.run.trial098.stdout:/usr/bin/ceph: stderr
2026-02-20T02:25:03.562+0000 7f8c213f2640 1 -- 10.20.193.98:0/1203565404 wait complete.
2026-02-20T02:25:03.599 INFO:teuthology.orchestra.run.trial098.stdout:Waiting for the mgr to restart...
2026-02-20T02:25:03.599 INFO:teuthology.orchestra.run.trial098.stdout:Waiting for mgr epoch 5...
2026-02-20T02:25:04.415 INFO:journalctl@ceph.mon.trial098.trial098.stdout:Feb 20 02:25:04 trial098 ceph-mon[38923]: from='client.? 10.20.193.98:0/2049024281' entity='client.admin' cmd='[{"prefix": "mgr module enable", "module": "cephadm"}]': finished
2026-02-20T02:25:04.415 INFO:journalctl@ceph.mon.trial098.trial098.stdout:Feb 20 02:25:04 trial098 ceph-mon[38923]: mgrmap e5: trial098.hiicxh(active, since 3s)
2026-02-20T02:25:04.415 INFO:journalctl@ceph.mon.trial098.trial098.stdout:Feb 20 02:25:04 trial098 ceph-mon[38923]: from='client.? 10.20.193.98:0/1203565404' entity='client.admin' cmd=[{"prefix": "mgr stat"}]: dispatch
2026-02-20T02:25:06.314 INFO:journalctl@ceph.mon.trial098.trial098.stdout:Feb 20 02:25:06 trial098 ceph-mon[38923]: Active manager daemon trial098.hiicxh restarted
2026-02-20T02:25:06.315 INFO:journalctl@ceph.mon.trial098.trial098.stdout:Feb 20 02:25:06 trial098 ceph-mon[38923]: Activating manager daemon trial098.hiicxh
2026-02-20T02:25:06.315 INFO:journalctl@ceph.mon.trial098.trial098.stdout:Feb 20 02:25:06 trial098 ceph-mon[38923]: osdmap e2: 0 total, 0 up, 0 in
2026-02-20T02:25:06.315 INFO:journalctl@ceph.mon.trial098.trial098.stdout:Feb 20 02:25:06 trial098 ceph-mon[38923]: mgrmap e6: trial098.hiicxh(active, starting, since 0.00257392s)
2026-02-20T02:25:06.315 INFO:journalctl@ceph.mon.trial098.trial098.stdout:Feb 20 02:25:06 trial098 ceph-mon[38923]: from='mgr.14118 10.20.193.98:0/4129445773' entity='mgr.trial098.hiicxh' cmd=[{"prefix": "mon metadata", "id": "trial098"}]: dispatch
2026-02-20T02:25:06.315 INFO:journalctl@ceph.mon.trial098.trial098.stdout:Feb 20 02:25:06 trial098 ceph-mon[38923]: from='mgr.14118 10.20.193.98:0/4129445773' entity='mgr.trial098.hiicxh' cmd=[{"prefix": "mgr metadata", "who": "trial098.hiicxh", "id": "trial098.hiicxh"}]: dispatch
2026-02-20T02:25:06.315 INFO:journalctl@ceph.mon.trial098.trial098.stdout:Feb 20 02:25:06 trial098 ceph-mon[38923]: from='mgr.14118 10.20.193.98:0/4129445773' entity='mgr.trial098.hiicxh' cmd=[{"prefix": "mds metadata"}]: dispatch
2026-02-20T02:25:06.315 INFO:journalctl@ceph.mon.trial098.trial098.stdout:Feb 20 02:25:06 trial098 ceph-mon[38923]: from='mgr.14118 10.20.193.98:0/4129445773' entity='mgr.trial098.hiicxh' cmd=[{"prefix": "osd metadata"}]: dispatch
2026-02-20T02:25:06.315 INFO:journalctl@ceph.mon.trial098.trial098.stdout:Feb 20 02:25:06 trial098 ceph-mon[38923]: from='mgr.14118 10.20.193.98:0/4129445773' entity='mgr.trial098.hiicxh' cmd=[{"prefix": "mon metadata"}]: dispatch
2026-02-20T02:25:06.316 INFO:journalctl@ceph.mon.trial098.trial098.stdout:Feb 20 02:25:06 trial098 ceph-mon[38923]: Manager daemon trial098.hiicxh is now available
2026-02-20T02:25:06.316 INFO:journalctl@ceph.mon.trial098.trial098.stdout:Feb 20 02:25:06 trial098 ceph-mon[38923]: from='mgr.14118 10.20.193.98:0/4129445773' entity='mgr.trial098.hiicxh'
2026-02-20T02:25:06.316 INFO:journalctl@ceph.mon.trial098.trial098.stdout:Feb 20 02:25:06 trial098 ceph-mon[38923]: from='mgr.14118 10.20.193.98:0/4129445773' entity='mgr.trial098.hiicxh'
2026-02-20T02:25:06.316 INFO:journalctl@ceph.mon.trial098.trial098.stdout:Feb 20 02:25:06 trial098 ceph-mon[38923]: from='mgr.14118 10.20.193.98:0/4129445773' entity='mgr.trial098.hiicxh' cmd=[{"prefix": "config dump", "format": "json"}]: dispatch
2026-02-20T02:25:06.316 INFO:journalctl@ceph.mon.trial098.trial098.stdout:Feb 20 02:25:06 trial098 ceph-mon[38923]: from='mgr.14118 10.20.193.98:0/4129445773' entity='mgr.trial098.hiicxh' cmd=[{"prefix": "config dump", "format": "json"}]: dispatch
2026-02-20T02:25:06.316 INFO:journalctl@ceph.mon.trial098.trial098.stdout:Feb 20 02:25:06 trial098 ceph-mon[38923]: from='mgr.14118 10.20.193.98:0/4129445773' entity='mgr.trial098.hiicxh' cmd=[{"prefix":"config rm","who":"mgr","name":"mgr/rbd_support/trial098.hiicxh/mirror_snapshot_schedule"}]: dispatch
2026-02-20T02:25:06.316 INFO:journalctl@ceph.mon.trial098.trial098.stdout:Feb 20 02:25:06 trial098 ceph-mon[38923]: from='mgr.14118 10.20.193.98:0/4129445773' entity='mgr.trial098.hiicxh' cmd=[{"prefix":"config rm","who":"mgr","name":"mgr/rbd_support/trial098.hiicxh/trash_purge_schedule"}]: dispatch
2026-02-20T02:25:07.011 INFO:teuthology.orchestra.run.trial098.stdout:/usr/bin/ceph: stdout {
2026-02-20T02:25:07.011 INFO:teuthology.orchestra.run.trial098.stdout:/usr/bin/ceph: stdout "mgrmap_epoch": 7,
2026-02-20T02:25:07.011 INFO:teuthology.orchestra.run.trial098.stdout:/usr/bin/ceph: stdout "initialized": true
2026-02-20T02:25:07.011 INFO:teuthology.orchestra.run.trial098.stdout:/usr/bin/ceph: stdout }
2026-02-20T02:25:07.011 INFO:teuthology.orchestra.run.trial098.stdout:/usr/bin/ceph: stderr
2026-02-20T02:25:03.683+0000 7f16d1443640 1 Processor -- start
2026-02-20T02:25:07.011 INFO:teuthology.orchestra.run.trial098.stdout:/usr/bin/ceph: stderr
2026-02-20T02:25:03.683+0000 7f16d1443640 1 -- start start
2026-02-20T02:25:07.012 INFO:teuthology.orchestra.run.trial098.stdout:/usr/bin/ceph: stderr
2026-02-20T02:25:03.683+0000 7f16d1443640 1 --2- >> [v2:10.20.193.98:3300/0,v1:10.20.193.98:6789/0] conn(0x7f16cc109880 0x7f16cc109c80 unknown :-1 s=NONE pgs=0 cs=0 l=0 rev1=0 crypto rx=0 tx=0 comp rx=0 tx=0).connect
2026-02-20T02:25:07.012 INFO:teuthology.orchestra.run.trial098.stdout:/usr/bin/ceph: stderr
2026-02-20T02:25:03.683+0000 7f16d1443640 1 -- --> [v2:10.20.193.98:3300/0,v1:10.20.193.98:6789/0] -- mon_getmap magic: 0 -- 0x7f16cc10a250 con 0x7f16cc109880
2026-02-20T02:25:07.012 INFO:teuthology.orchestra.run.trial098.stdout:/usr/bin/ceph: stderr
2026-02-20T02:25:03.684+0000 7f16caffd640 1 --2- >> [v2:10.20.193.98:3300/0,v1:10.20.193.98:6789/0] conn(0x7f16cc109880 0x7f16cc109c80 unknown :-1 s=BANNER_CONNECTING pgs=0 cs=0 l=0 rev1=0 crypto rx=0 tx=0 comp rx=0 tx=0)._handle_peer_banner_payload supported=3 required=0
2026-02-20T02:25:07.012 INFO:teuthology.orchestra.run.trial098.stdout:/usr/bin/ceph: stderr
2026-02-20T02:25:03.684+0000 7f16caffd640 1 --2- >> [v2:10.20.193.98:3300/0,v1:10.20.193.98:6789/0] conn(0x7f16cc109880 0x7f16cc109c80 unknown :-1 s=HELLO_CONNECTING pgs=0 cs=0 l=0 rev1=1 crypto rx=0 tx=0 comp rx=0 tx=0).handle_hello peer v2:10.20.193.98:3300/0 says I am v2:10.20.193.98:44132/0 (socket says 10.20.193.98:44132)
2026-02-20T02:25:07.012 INFO:teuthology.orchestra.run.trial098.stdout:/usr/bin/ceph: stderr
2026-02-20T02:25:03.684+0000 7f16caffd640 1 -- 10.20.193.98:0/1863715248 learned_addr learned my addr 10.20.193.98:0/1863715248 (peer_addr_for_me v2:10.20.193.98:0/0)
2026-02-20T02:25:07.012 INFO:teuthology.orchestra.run.trial098.stdout:/usr/bin/ceph: stderr
2026-02-20T02:25:03.684+0000 7f16caffd640 1 -- 10.20.193.98:0/1863715248 --> [v2:10.20.193.98:3300/0,v1:10.20.193.98:6789/0] -- mon_subscribe({config=0+,monmap=0+}) -- 0x7f16cc10aa80 con 0x7f16cc109880
2026-02-20T02:25:07.012 INFO:teuthology.orchestra.run.trial098.stdout:/usr/bin/ceph: stderr
2026-02-20T02:25:03.684+0000 7f16caffd640 1 --2- 10.20.193.98:0/1863715248 >> [v2:10.20.193.98:3300/0,v1:10.20.193.98:6789/0] conn(0x7f16cc109880 0x7f16cc109c80 secure :-1 s=READY pgs=26 cs=0 l=1 rev1=1 crypto rx=0x7f16c0009920 tx=0x7f16c002ef20 comp rx=0 tx=0).ready entity=mon.0 client_cookie=8da31680e5aae11e server_cookie=0 in_seq=0 out_seq=0
2026-02-20T02:25:07.012 INFO:teuthology.orchestra.run.trial098.stdout:/usr/bin/ceph: stderr
2026-02-20T02:25:03.684+0000 7f16c9ffb640 1 -- 10.20.193.98:0/1863715248 <== mon.0 v2:10.20.193.98:3300/0 1 ==== mon_map magic: 0 ==== 226+0+0 (secure 0 0 0) 0x7f16c003c070 con 0x7f16cc109880
2026-02-20T02:25:07.012 INFO:teuthology.orchestra.run.trial098.stdout:/usr/bin/ceph: stderr
2026-02-20T02:25:03.684+0000 7f16c9ffb640 1 -- 10.20.193.98:0/1863715248 <== mon.0 v2:10.20.193.98:3300/0 2 ==== config(25 keys) ==== 1007+0+0 (secure 0 0 0) 0x7f16c002fe00 con 0x7f16cc109880
2026-02-20T02:25:07.012 INFO:teuthology.orchestra.run.trial098.stdout:/usr/bin/ceph: stderr
2026-02-20T02:25:03.684+0000 7f16c9ffb640 1 -- 10.20.193.98:0/1863715248 <== mon.0 v2:10.20.193.98:3300/0 3 ==== mon_map magic: 0 ==== 226+0+0 (secure 0 0 0) 0x7f16c0035340 con 0x7f16cc109880
2026-02-20T02:25:07.012 INFO:teuthology.orchestra.run.trial098.stdout:/usr/bin/ceph: stderr
2026-02-20T02:25:03.685+0000 7f16d1443640 1 -- 10.20.193.98:0/1863715248 >> [v2:10.20.193.98:3300/0,v1:10.20.193.98:6789/0] conn(0x7f16cc109880 msgr2=0x7f16cc109c80 secure :-1 s=STATE_CONNECTION_ESTABLISHED l=1).mark_down
2026-02-20T02:25:07.013 INFO:teuthology.orchestra.run.trial098.stdout:/usr/bin/ceph: stderr
2026-02-20T02:25:03.685+0000 7f16d1443640 1 --2- 10.20.193.98:0/1863715248 >> [v2:10.20.193.98:3300/0,v1:10.20.193.98:6789/0] conn(0x7f16cc109880 0x7f16cc109c80 secure :-1 s=READY pgs=26 cs=0 l=1 rev1=1 crypto rx=0x7f16c0009920 tx=0x7f16c002ef20 comp rx=0 tx=0).stop
2026-02-20T02:25:07.013 INFO:teuthology.orchestra.run.trial098.stdout:/usr/bin/ceph: stderr
2026-02-20T02:25:03.685+0000 7f16d1443640 1 -- 10.20.193.98:0/1863715248 shutdown_connections
2026-02-20T02:25:07.013 INFO:teuthology.orchestra.run.trial098.stdout:/usr/bin/ceph: stderr
2026-02-20T02:25:03.685+0000 7f16d1443640 1 --2- 10.20.193.98:0/1863715248 >> [v2:10.20.193.98:3300/0,v1:10.20.193.98:6789/0] conn(0x7f16cc109880 0x7f16cc109c80 unknown :-1 s=CLOSED pgs=26 cs=0 l=1 rev1=1 crypto rx=0 tx=0 comp rx=0 tx=0).stop
2026-02-20T02:25:07.013 INFO:teuthology.orchestra.run.trial098.stdout:/usr/bin/ceph: stderr
2026-02-20T02:25:03.685+0000 7f16d1443640 1 -- 10.20.193.98:0/1863715248 >> 10.20.193.98:0/1863715248 conn(0x7f16cc07cf00 msgr2=0x7f16cc07d310 unknown :-1 s=STATE_NONE l=0).mark_down
2026-02-20T02:25:07.013 INFO:teuthology.orchestra.run.trial098.stdout:/usr/bin/ceph: stderr
2026-02-20T02:25:03.685+0000 7f16d1443640 1 -- 10.20.193.98:0/1863715248 shutdown_connections
2026-02-20T02:25:07.013 INFO:teuthology.orchestra.run.trial098.stdout:/usr/bin/ceph: stderr
2026-02-20T02:25:03.685+0000 7f16d1443640 1 -- 10.20.193.98:0/1863715248 wait complete.
2026-02-20T02:25:07.013 INFO:teuthology.orchestra.run.trial098.stdout:/usr/bin/ceph: stderr
2026-02-20T02:25:03.685+0000 7f16d1443640 1 Processor -- start
2026-02-20T02:25:07.013 INFO:teuthology.orchestra.run.trial098.stdout:/usr/bin/ceph: stderr
2026-02-20T02:25:03.685+0000 7f16d1443640 1 -- start start
2026-02-20T02:25:07.013 INFO:teuthology.orchestra.run.trial098.stdout:/usr/bin/ceph: stderr
2026-02-20T02:25:03.685+0000 7f16d1443640 1 --2- >> [v2:10.20.193.98:3300/0,v1:10.20.193.98:6789/0] conn(0x7f16cc109880 0x7f16cc19f790 unknown :-1 s=NONE pgs=0 cs=0 l=1 rev1=0 crypto rx=0 tx=0 comp rx=0 tx=0).connect
2026-02-20T02:25:07.013 INFO:teuthology.orchestra.run.trial098.stdout:/usr/bin/ceph: stderr
2026-02-20T02:25:03.685+0000 7f16d1443640 1 -- --> [v2:10.20.193.98:3300/0,v1:10.20.193.98:6789/0] -- mon_getmap magic: 0 -- 0x7f16cc10dcb0 con 0x7f16cc109880
2026-02-20T02:25:07.013 INFO:teuthology.orchestra.run.trial098.stdout:/usr/bin/ceph: stderr
2026-02-20T02:25:03.685+0000 7f16caffd640 1 --2- >> [v2:10.20.193.98:3300/0,v1:10.20.193.98:6789/0] conn(0x7f16cc109880 0x7f16cc19f790 unknown :-1 s=BANNER_CONNECTING pgs=0 cs=0 l=1 rev1=0 crypto rx=0 tx=0 comp rx=0 tx=0)._handle_peer_banner_payload supported=3 required=0
2026-02-20T02:25:07.013 INFO:teuthology.orchestra.run.trial098.stdout:/usr/bin/ceph: stderr
2026-02-20T02:25:03.685+0000 7f16caffd640 1 --2- >> [v2:10.20.193.98:3300/0,v1:10.20.193.98:6789/0] conn(0x7f16cc109880 0x7f16cc19f790 unknown :-1 s=HELLO_CONNECTING pgs=0 cs=0 l=1 rev1=1 crypto rx=0 tx=0 comp rx=0 tx=0).handle_hello peer v2:10.20.193.98:3300/0 says I am v2:10.20.193.98:44136/0 (socket says 10.20.193.98:44136)
2026-02-20T02:25:07.014 INFO:teuthology.orchestra.run.trial098.stdout:/usr/bin/ceph: stderr
2026-02-20T02:25:03.685+0000 7f16caffd640 1 -- 10.20.193.98:0/2446963621 learned_addr learned my addr 10.20.193.98:0/2446963621 (peer_addr_for_me v2:10.20.193.98:0/0)
2026-02-20T02:25:07.014 INFO:teuthology.orchestra.run.trial098.stdout:/usr/bin/ceph: stderr
2026-02-20T02:25:03.685+0000 7f16caffd640 1 -- 10.20.193.98:0/2446963621 --> [v2:10.20.193.98:3300/0,v1:10.20.193.98:6789/0] -- mon_subscribe({config=0+,monmap=0+}) -- 0x7f16cc19fcd0 con 0x7f16cc109880
2026-02-20T02:25:07.014 INFO:teuthology.orchestra.run.trial098.stdout:/usr/bin/ceph: stderr
2026-02-20T02:25:03.685+0000 7f16caffd640 1 --2- 10.20.193.98:0/2446963621 >> [v2:10.20.193.98:3300/0,v1:10.20.193.98:6789/0] conn(0x7f16cc109880 0x7f16cc19f790 secure :-1 s=READY pgs=27 cs=0 l=1 rev1=1 crypto rx=0x7f16c0037b20 tx=0x7f16c00358c0 comp rx=0 tx=0).ready entity=mon.0 client_cookie=0 server_cookie=0 in_seq=0 out_seq=0
2026-02-20T02:25:07.014 INFO:teuthology.orchestra.run.trial098.stdout:/usr/bin/ceph: stderr
2026-02-20T02:25:03.685+0000 7f16abfff640 1 -- 10.20.193.98:0/2446963621 <== mon.0 v2:10.20.193.98:3300/0 1 ==== mon_map magic: 0 ==== 226+0+0 (secure 0 0 0) 0x7f16c0035c10 con 0x7f16cc109880
2026-02-20T02:25:07.014 INFO:teuthology.orchestra.run.trial098.stdout:/usr/bin/ceph: stderr
2026-02-20T02:25:03.686+0000 7f16abfff640 1 -- 10.20.193.98:0/2446963621 <== mon.0 v2:10.20.193.98:3300/0 2 ==== config(25 keys) ==== 1007+0+0 (secure 0 0 0) 0x7f16c0035db0 con 0x7f16cc109880
2026-02-20T02:25:07.014 INFO:teuthology.orchestra.run.trial098.stdout:/usr/bin/ceph: stderr
2026-02-20T02:25:03.686+0000 7f16abfff640 1 -- 10.20.193.98:0/2446963621 <== mon.0 v2:10.20.193.98:3300/0 3 ==== mon_map magic: 0 ==== 226+0+0 (secure 0 0 0) 0x7f16c00413a0 con 0x7f16cc109880
2026-02-20T02:25:07.014 INFO:teuthology.orchestra.run.trial098.stdout:/usr/bin/ceph: stderr
2026-02-20T02:25:03.686+0000 7f16d1443640 1 -- 10.20.193.98:0/2446963621 --> [v2:10.20.193.98:3300/0,v1:10.20.193.98:6789/0] -- mon_subscribe({mgrmap=0+}) -- 0x7f16cc19ff60 con 0x7f16cc109880
2026-02-20T02:25:07.014 INFO:teuthology.orchestra.run.trial098.stdout:/usr/bin/ceph: stderr
2026-02-20T02:25:03.686+0000 7f16d1443640 1 -- 10.20.193.98:0/2446963621 --> [v2:10.20.193.98:3300/0,v1:10.20.193.98:6789/0] -- mon_subscribe({osdmap=0}) -- 0x7f16cc1a2c50 con 0x7f16cc109880
2026-02-20T02:25:07.014 INFO:teuthology.orchestra.run.trial098.stdout:/usr/bin/ceph: stderr
2026-02-20T02:25:03.686+0000 7f16abfff640 1 -- 10.20.193.98:0/2446963621 <== mon.0 v2:10.20.193.98:3300/0 4 ==== mgrmap(e 5) ==== 50261+0+0 (secure 0 0 0) 0x7f16c00423f0 con 0x7f16cc109880
2026-02-20T02:25:07.014 INFO:teuthology.orchestra.run.trial098.stdout:/usr/bin/ceph: stderr
2026-02-20T02:25:03.686+0000 7f16abfff640 1 --2- 10.20.193.98:0/2446963621 >> [v2:10.20.193.98:6800/802451532,v1:10.20.193.98:6801/802451532] conn(0x7f16a003dbf0 0x7f16a00400b0 unknown :-1 s=NONE pgs=0 cs=0 l=1 rev1=0 crypto rx=0 tx=0 comp rx=0 tx=0).connect
2026-02-20T02:25:07.014 INFO:teuthology.orchestra.run.trial098.stdout:/usr/bin/ceph: stderr
2026-02-20T02:25:03.686+0000 7f16abfff640 1 -- 10.20.193.98:0/2446963621 --> [v2:10.20.193.98:6800/802451532,v1:10.20.193.98:6801/802451532] -- command(tid 0: {"prefix": "get_command_descriptions"}) -- 0x7f16a00407c0 con 0x7f16a003dbf0
2026-02-20T02:25:07.015 INFO:teuthology.orchestra.run.trial098.stdout:/usr/bin/ceph: stderr
2026-02-20T02:25:03.686+0000 7f16ca7fc640 1 -- 10.20.193.98:0/2446963621 >> [v2:10.20.193.98:6800/802451532,v1:10.20.193.98:6801/802451532] conn(0x7f16a003dbf0 msgr2=0x7f16a00400b0 unknown :-1 s=STATE_CONNECTING_RE l=1).process reconnect failed to v2:10.20.193.98:6800/802451532
2026-02-20T02:25:07.015 INFO:teuthology.orchestra.run.trial098.stdout:/usr/bin/ceph: stderr
2026-02-20T02:25:03.686+0000 7f16abfff640 1 -- 10.20.193.98:0/2446963621 <== mon.0 v2:10.20.193.98:3300/0 5 ==== osd_map(1..1 src has 1..1) ==== 725+0+0 (secure 0 0 0) 0x7f16c00763a0 con 0x7f16cc109880
2026-02-20T02:25:07.015 INFO:teuthology.orchestra.run.trial098.stdout:/usr/bin/ceph: stderr
2026-02-20T02:25:03.686+0000 7f16ca7fc640 1 --2- 10.20.193.98:0/2446963621 >> [v2:10.20.193.98:6800/802451532,v1:10.20.193.98:6801/802451532] conn(0x7f16a003dbf0 0x7f16a00400b0 unknown :-1 s=START_CONNECT pgs=0 cs=0 l=1 rev1=0 crypto rx=0 tx=0 comp rx=0 tx=0)._fault waiting 0.200000
2026-02-20T02:25:07.015 INFO:teuthology.orchestra.run.trial098.stdout:/usr/bin/ceph: stderr
2026-02-20T02:25:03.887+0000 7f16ca7fc640 1 -- 10.20.193.98:0/2446963621 >> [v2:10.20.193.98:6800/802451532,v1:10.20.193.98:6801/802451532] conn(0x7f16a003dbf0 msgr2=0x7f16a00400b0 unknown :-1 s=STATE_CONNECTING_RE l=1).process reconnect failed to v2:10.20.193.98:6800/802451532
2026-02-20T02:25:07.015 INFO:teuthology.orchestra.run.trial098.stdout:/usr/bin/ceph: stderr
2026-02-20T02:25:03.887+0000 7f16ca7fc640 1 --2- 10.20.193.98:0/2446963621 >> [v2:10.20.193.98:6800/802451532,v1:10.20.193.98:6801/802451532] conn(0x7f16a003dbf0 0x7f16a00400b0 unknown :-1 s=START_CONNECT pgs=0 cs=0 l=1 rev1=0 crypto rx=0 tx=0 comp rx=0 tx=0)._fault waiting 0.400000
2026-02-20T02:25:07.015 INFO:teuthology.orchestra.run.trial098.stdout:/usr/bin/ceph: stderr
2026-02-20T02:25:04.288+0000 7f16ca7fc640 1 -- 10.20.193.98:0/2446963621 >> [v2:10.20.193.98:6800/802451532,v1:10.20.193.98:6801/802451532] conn(0x7f16a003dbf0 msgr2=0x7f16a00400b0 unknown :-1 s=STATE_CONNECTING_RE l=1).process reconnect failed to v2:10.20.193.98:6800/802451532
2026-02-20T02:25:07.015 INFO:teuthology.orchestra.run.trial098.stdout:/usr/bin/ceph: stderr
2026-02-20T02:25:04.288+0000 7f16ca7fc640 1 --2- 10.20.193.98:0/2446963621 >> [v2:10.20.193.98:6800/802451532,v1:10.20.193.98:6801/802451532] conn(0x7f16a003dbf0 0x7f16a00400b0 unknown :-1 s=START_CONNECT pgs=0 cs=0 l=1 rev1=0 crypto rx=0 tx=0 comp rx=0 tx=0)._fault waiting 0.800000
2026-02-20T02:25:07.015 INFO:teuthology.orchestra.run.trial098.stdout:/usr/bin/ceph: stderr
2026-02-20T02:25:05.089+0000 7f16ca7fc640 1 -- 10.20.193.98:0/2446963621 >> [v2:10.20.193.98:6800/802451532,v1:10.20.193.98:6801/802451532] conn(0x7f16a003dbf0 msgr2=0x7f16a00400b0 unknown :-1 s=STATE_CONNECTING_RE l=1).process reconnect failed to v2:10.20.193.98:6800/802451532
2026-02-20T02:25:07.015 INFO:teuthology.orchestra.run.trial098.stdout:/usr/bin/ceph: stderr
2026-02-20T02:25:05.089+0000 7f16ca7fc640 1 --2- 10.20.193.98:0/2446963621 >> [v2:10.20.193.98:6800/802451532,v1:10.20.193.98:6801/802451532] conn(0x7f16a003dbf0 0x7f16a00400b0 unknown :-1 s=START_CONNECT pgs=0 cs=0 l=1 rev1=0 crypto rx=0 tx=0 comp rx=0 tx=0)._fault waiting 1.600000
2026-02-20T02:25:07.015 INFO:teuthology.orchestra.run.trial098.stdout:/usr/bin/ceph: stderr
2026-02-20T02:25:05.976+0000 7f16abfff640 1 -- 10.20.193.98:0/2446963621 <== mon.0 v2:10.20.193.98:3300/0 6 ==== mgrmap(e 6) ==== 50028+0+0 (secure 0 0 0) 0x7f16c00751a0 con 0x7f16cc109880
2026-02-20T02:25:07.015 INFO:teuthology.orchestra.run.trial098.stdout:/usr/bin/ceph: stderr
2026-02-20T02:25:05.976+0000 7f16abfff640 1 -- 10.20.193.98:0/2446963621 >> [v2:10.20.193.98:6800/802451532,v1:10.20.193.98:6801/802451532] conn(0x7f16a003dbf0 msgr2=0x7f16a00400b0 unknown :-1 s=STATE_CONNECTING l=1).mark_down
2026-02-20T02:25:07.015 INFO:teuthology.orchestra.run.trial098.stdout:/usr/bin/ceph: stderr
2026-02-20T02:25:05.976+0000 7f16abfff640 1 --2- 10.20.193.98:0/2446963621 >> [v2:10.20.193.98:6800/802451532,v1:10.20.193.98:6801/802451532] conn(0x7f16a003dbf0 0x7f16a00400b0 unknown :-1 s=START_CONNECT pgs=0 cs=0 l=1 rev1=0 crypto rx=0 tx=0 comp rx=0 tx=0).stop
2026-02-20T02:25:07.016 INFO:teuthology.orchestra.run.trial098.stdout:/usr/bin/ceph: stderr
2026-02-20T02:25:06.977+0000 7f16abfff640 1 -- 10.20.193.98:0/2446963621 <== mon.0 v2:10.20.193.98:3300/0 7 ==== mgrmap(e 7) ==== 50155+0+0 (secure 0 0 0) 0x7f16c00758a0 con 0x7f16cc109880
2026-02-20T02:25:07.016 INFO:teuthology.orchestra.run.trial098.stdout:/usr/bin/ceph: stderr
2026-02-20T02:25:06.977+0000 7f16abfff640 1 --2- 10.20.193.98:0/2446963621 >> [v2:10.20.193.98:6800/2682971939,v1:10.20.193.98:6801/2682971939] conn(0x7f16a0041540 0x7f16a0043930 unknown :-1 s=NONE pgs=0 cs=0 l=1 rev1=0 crypto rx=0 tx=0 comp rx=0 tx=0).connect
2026-02-20T02:25:07.016 INFO:teuthology.orchestra.run.trial098.stdout:/usr/bin/ceph: stderr
2026-02-20T02:25:06.977+0000 7f16abfff640 1 -- 10.20.193.98:0/2446963621 --> [v2:10.20.193.98:6800/2682971939,v1:10.20.193.98:6801/2682971939] -- command(tid 0: {"prefix": "get_command_descriptions"}) -- 0x7f16c003eec0 con 0x7f16a0041540
2026-02-20T02:25:07.016 INFO:teuthology.orchestra.run.trial098.stdout:/usr/bin/ceph: stderr
2026-02-20T02:25:06.977+0000 7f16ca7fc640 1 --2- 10.20.193.98:0/2446963621 >> [v2:10.20.193.98:6800/2682971939,v1:10.20.193.98:6801/2682971939] conn(0x7f16a0041540 0x7f16a0043930 unknown :-1 s=BANNER_CONNECTING pgs=0 cs=0 l=1 rev1=0 crypto rx=0 tx=0 comp rx=0 tx=0)._handle_peer_banner_payload supported=3 required=0
2026-02-20T02:25:07.016 INFO:teuthology.orchestra.run.trial098.stdout:/usr/bin/ceph: stderr
2026-02-20T02:25:06.978+0000 7f16ca7fc640 1 --2- 10.20.193.98:0/2446963621 >> [v2:10.20.193.98:6800/2682971939,v1:10.20.193.98:6801/2682971939] conn(0x7f16a0041540 0x7f16a0043930 secure :-1 s=READY pgs=3 cs=0 l=1 rev1=1 crypto rx=0x7f16b4003a80 tx=0x7f16b40092b0 comp rx=0 tx=0).ready entity=mgr.14118 client_cookie=0 server_cookie=0 in_seq=0 out_seq=0
2026-02-20T02:25:07.016 INFO:teuthology.orchestra.run.trial098.stdout:/usr/bin/ceph: stderr
2026-02-20T02:25:06.978+0000 7f16abfff640 1 -- 10.20.193.98:0/2446963621 <== mgr.14118 v2:10.20.193.98:6800/2682971939 1 ==== command_reply(tid 0: 0 ) ==== 8+0+8901 (secure 0 0 0) 0x7f16c003eec0 con 0x7f16a0041540
2026-02-20T02:25:07.016 INFO:teuthology.orchestra.run.trial098.stdout:/usr/bin/ceph: stderr
2026-02-20T02:25:06.983+0000 7f16d1443640 1 -- 10.20.193.98:0/2446963621 --> [v2:10.20.193.98:6800/2682971939,v1:10.20.193.98:6801/2682971939] -- command(tid 1: {"prefix": "mgr_status"}) -- 0x7f16cc109d00 con 0x7f16a0041540
2026-02-20T02:25:07.016 INFO:teuthology.orchestra.run.trial098.stdout:/usr/bin/ceph: stderr
2026-02-20T02:25:06.983+0000 7f16abfff640 1 -- 10.20.193.98:0/2446963621 <== mgr.14118 v2:10.20.193.98:6800/2682971939 2 ==== command_reply(tid 1: 0 ) ==== 8+0+51 (secure 0 0 0) 0x7f16cc109d00 con 0x7f16a0041540
2026-02-20T02:25:07.016 INFO:teuthology.orchestra.run.trial098.stdout:/usr/bin/ceph: stderr
2026-02-20T02:25:06.983+0000 7f16d1443640 1 -- 10.20.193.98:0/2446963621 >> [v2:10.20.193.98:6800/2682971939,v1:10.20.193.98:6801/2682971939] conn(0x7f16a0041540 msgr2=0x7f16a0043930 secure :-1 s=STATE_CONNECTION_ESTABLISHED l=1).mark_down
2026-02-20T02:25:07.016 INFO:teuthology.orchestra.run.trial098.stdout:/usr/bin/ceph: stderr
2026-02-20T02:25:06.983+0000 7f16d1443640 1 --2- 10.20.193.98:0/2446963621 >> [v2:10.20.193.98:6800/2682971939,v1:10.20.193.98:6801/2682971939] conn(0x7f16a0041540 0x7f16a0043930 secure :-1 s=READY pgs=3 cs=0 l=1 rev1=1 crypto rx=0x7f16b4003a80 tx=0x7f16b40092b0 comp rx=0 tx=0).stop
2026-02-20T02:25:07.016 INFO:teuthology.orchestra.run.trial098.stdout:/usr/bin/ceph: stderr
2026-02-20T02:25:06.983+0000 7f16d1443640 1 -- 10.20.193.98:0/2446963621 >> [v2:10.20.193.98:3300/0,v1:10.20.193.98:6789/0] conn(0x7f16cc109880 msgr2=0x7f16cc19f790 secure :-1 s=STATE_CONNECTION_ESTABLISHED l=1).mark_down
2026-02-20T02:25:07.017 INFO:teuthology.orchestra.run.trial098.stdout:/usr/bin/ceph: stderr
2026-02-20T02:25:06.983+0000 7f16d1443640 1 --2- 10.20.193.98:0/2446963621 >> [v2:10.20.193.98:3300/0,v1:10.20.193.98:6789/0] conn(0x7f16cc109880 0x7f16cc19f790 secure :-1 s=READY pgs=27 cs=0 l=1 rev1=1 crypto rx=0x7f16c0037b20 tx=0x7f16c00358c0 comp rx=0 tx=0).stop
2026-02-20T02:25:07.017 INFO:teuthology.orchestra.run.trial098.stdout:/usr/bin/ceph: stderr
2026-02-20T02:25:06.983+0000 7f16d1443640 1 -- 10.20.193.98:0/2446963621 shutdown_connections
2026-02-20T02:25:07.017 INFO:teuthology.orchestra.run.trial098.stdout:/usr/bin/ceph: stderr
2026-02-20T02:25:06.983+0000 7f16d1443640 1 --2- 10.20.193.98:0/2446963621 >> [v2:10.20.193.98:6800/802451532,v1:10.20.193.98:6801/802451532] conn(0x7f16a003dbf0 0x7f16a00400b0 unknown :-1 s=CLOSED pgs=0 cs=0 l=1 rev1=0 crypto rx=0 tx=0 comp rx=0 tx=0).stop
2026-02-20T02:25:07.017 INFO:teuthology.orchestra.run.trial098.stdout:/usr/bin/ceph: stderr
2026-02-20T02:25:06.983+0000 7f16d1443640 1 --2- 10.20.193.98:0/2446963621 >> [v2:10.20.193.98:6800/2682971939,v1:10.20.193.98:6801/2682971939] conn(0x7f16a0041540 0x7f16a0043930 unknown :-1 s=CLOSED pgs=3 cs=0 l=1 rev1=1 crypto rx=0 tx=0 comp rx=0 tx=0).stop
2026-02-20T02:25:07.017 INFO:teuthology.orchestra.run.trial098.stdout:/usr/bin/ceph: stderr
2026-02-20T02:25:06.983+0000 7f16d1443640 1 --2- 10.20.193.98:0/2446963621 >> [v2:10.20.193.98:3300/0,v1:10.20.193.98:6789/0] conn(0x7f16cc109880 0x7f16cc19f790 unknown :-1 s=CLOSED pgs=27 cs=0 l=1 rev1=1 crypto rx=0 tx=0 comp rx=0 tx=0).stop
2026-02-20T02:25:07.017 INFO:teuthology.orchestra.run.trial098.stdout:/usr/bin/ceph: stderr
2026-02-20T02:25:06.983+0000 7f16d1443640 1 -- 10.20.193.98:0/2446963621 >> 10.20.193.98:0/2446963621 conn(0x7f16cc07cf00 msgr2=0x7f16cc1070a0 unknown :-1 s=STATE_NONE l=0).mark_down
2026-02-20T02:25:07.017 INFO:teuthology.orchestra.run.trial098.stdout:/usr/bin/ceph: stderr
2026-02-20T02:25:06.983+0000 7f16d1443640 1 -- 10.20.193.98:0/2446963621 shutdown_connections
2026-02-20T02:25:07.017 INFO:teuthology.orchestra.run.trial098.stdout:/usr/bin/ceph: stderr
2026-02-20T02:25:06.983+0000 7f16d1443640 1 -- 10.20.193.98:0/2446963621 wait complete.
2026-02-20T02:25:07.017 INFO:teuthology.orchestra.run.trial098.stdout:mgr epoch 5 is available
2026-02-20T02:25:07.017 INFO:teuthology.orchestra.run.trial098.stdout:Setting orchestrator backend to cephadm...
2026-02-20T02:25:07.225 INFO:teuthology.orchestra.run.trial098.stdout:/usr/bin/ceph: stderr
2026-02-20T02:25:07.104+0000 7f8218367640 1 Processor -- start
2026-02-20T02:25:07.225 INFO:teuthology.orchestra.run.trial098.stdout:/usr/bin/ceph: stderr
2026-02-20T02:25:07.104+0000 7f8218367640 1 -- start start
2026-02-20T02:25:07.225 INFO:teuthology.orchestra.run.trial098.stdout:/usr/bin/ceph: stderr
2026-02-20T02:25:07.104+0000 7f8218367640 1 --2- >> [v2:10.20.193.98:3300/0,v1:10.20.193.98:6789/0] conn(0x7f8210109880 0x7f8210109c80 unknown :-1 s=NONE pgs=0 cs=0 l=0 rev1=0 crypto rx=0 tx=0 comp rx=0 tx=0).connect
2026-02-20T02:25:07.225 INFO:teuthology.orchestra.run.trial098.stdout:/usr/bin/ceph: stderr
2026-02-20T02:25:07.104+0000 7f8218367640 1 -- --> [v2:10.20.193.98:3300/0,v1:10.20.193.98:6789/0] -- mon_getmap magic: 0 -- 0x7f821010a250 con 0x7f8210109880
2026-02-20T02:25:07.225 INFO:teuthology.orchestra.run.trial098.stdout:/usr/bin/ceph: stderr
2026-02-20T02:25:07.104+0000 7f82160dc640 1 --2- >> [v2:10.20.193.98:3300/0,v1:10.20.193.98:6789/0] conn(0x7f8210109880 0x7f8210109c80 unknown :-1 s=BANNER_CONNECTING pgs=0 cs=0 l=0 rev1=0 crypto rx=0 tx=0 comp rx=0 tx=0)._handle_peer_banner_payload supported=3 required=0
2026-02-20T02:25:07.225 INFO:teuthology.orchestra.run.trial098.stdout:/usr/bin/ceph: stderr
2026-02-20T02:25:07.104+0000 7f82160dc640 1 --2- >> [v2:10.20.193.98:3300/0,v1:10.20.193.98:6789/0] conn(0x7f8210109880 0x7f8210109c80 unknown :-1 s=HELLO_CONNECTING pgs=0 cs=0 l=0 rev1=1 crypto rx=0 tx=0 comp rx=0 tx=0).handle_hello peer v2:10.20.193.98:3300/0 says I am v2:10.20.193.98:44214/0 (socket says 10.20.193.98:44214)
2026-02-20T02:25:07.225 INFO:teuthology.orchestra.run.trial098.stdout:/usr/bin/ceph: stderr
2026-02-20T02:25:07.104+0000 7f82160dc640 1 -- 10.20.193.98:0/3275111867 learned_addr learned my addr 10.20.193.98:0/3275111867 (peer_addr_for_me v2:10.20.193.98:0/0)
2026-02-20T02:25:07.225 INFO:teuthology.orchestra.run.trial098.stdout:/usr/bin/ceph: stderr
2026-02-20T02:25:07.104+0000 7f82160dc640 1 -- 10.20.193.98:0/3275111867 --> [v2:10.20.193.98:3300/0,v1:10.20.193.98:6789/0] -- mon_subscribe({config=0+,monmap=0+}) -- 0x7f821010aa80 con 0x7f8210109880
2026-02-20T02:25:07.225 INFO:teuthology.orchestra.run.trial098.stdout:/usr/bin/ceph: stderr
2026-02-20T02:25:07.105+0000 7f82160dc640 1 --2- 10.20.193.98:0/3275111867 >> [v2:10.20.193.98:3300/0,v1:10.20.193.98:6789/0] conn(0x7f8210109880 0x7f8210109c80 secure :-1 s=READY pgs=35 cs=0 l=1 rev1=1 crypto rx=0x7f8200009920 tx=0x7f820002ef20 comp rx=0 tx=0).ready entity=mon.0 client_cookie=596a39ab343a18b server_cookie=0 in_seq=0 out_seq=0
2026-02-20T02:25:07.225 INFO:teuthology.orchestra.run.trial098.stdout:/usr/bin/ceph: stderr
2026-02-20T02:25:07.105+0000 7f82150da640 1 -- 10.20.193.98:0/3275111867 <== mon.0 v2:10.20.193.98:3300/0 1 ==== mon_map magic: 0 ==== 226+0+0 (secure 0 0 0) 0x7f820003c070 con 0x7f8210109880
2026-02-20T02:25:07.225 INFO:teuthology.orchestra.run.trial098.stdout:/usr/bin/ceph: stderr
2026-02-20T02:25:07.105+0000 7f82150da640 1 -- 10.20.193.98:0/3275111867 <== mon.0 v2:10.20.193.98:3300/0 2 ==== config(25 keys) ==== 1007+0+0 (secure 0 0 0) 0x7f820002fe00 con 0x7f8210109880
2026-02-20T02:25:07.225 INFO:teuthology.orchestra.run.trial098.stdout:/usr/bin/ceph: stderr
2026-02-20T02:25:07.105+0000 7f82150da640 1 -- 10.20.193.98:0/3275111867 <== mon.0 v2:10.20.193.98:3300/0 3 ==== mon_map magic: 0 ==== 226+0+0 (secure 0 0 0) 0x7f8200035340 con 0x7f8210109880
2026-02-20T02:25:07.225 INFO:teuthology.orchestra.run.trial098.stdout:/usr/bin/ceph: stderr
2026-02-20T02:25:07.105+0000 7f8218367640 1 -- 10.20.193.98:0/3275111867 >> [v2:10.20.193.98:3300/0,v1:10.20.193.98:6789/0] conn(0x7f8210109880 msgr2=0x7f8210109c80 secure :-1 s=STATE_CONNECTION_ESTABLISHED l=1).mark_down
2026-02-20T02:25:07.225 INFO:teuthology.orchestra.run.trial098.stdout:/usr/bin/ceph: stderr
2026-02-20T02:25:07.105+0000 7f8218367640 1 --2- 10.20.193.98:0/3275111867 >> [v2:10.20.193.98:3300/0,v1:10.20.193.98:6789/0] conn(0x7f8210109880 0x7f8210109c80 secure :-1 s=READY pgs=35 cs=0 l=1 rev1=1 crypto rx=0x7f8200009920 tx=0x7f820002ef20 comp rx=0 tx=0).stop
2026-02-20T02:25:07.225 INFO:teuthology.orchestra.run.trial098.stdout:/usr/bin/ceph: stderr
2026-02-20T02:25:07.105+0000 7f8218367640 1 -- 10.20.193.98:0/3275111867 shutdown_connections
2026-02-20T02:25:07.225 INFO:teuthology.orchestra.run.trial098.stdout:/usr/bin/ceph: stderr
2026-02-20T02:25:07.105+0000 7f8218367640 1 --2- 10.20.193.98:0/3275111867 >> [v2:10.20.193.98:3300/0,v1:10.20.193.98:6789/0] conn(0x7f8210109880 0x7f8210109c80 unknown :-1 s=CLOSED pgs=35 cs=0 l=1 rev1=1 crypto rx=0 tx=0 comp rx=0 tx=0).stop
2026-02-20T02:25:07.225 INFO:teuthology.orchestra.run.trial098.stdout:/usr/bin/ceph: stderr
2026-02-20T02:25:07.105+0000 7f8218367640 1 -- 10.20.193.98:0/3275111867 >> 10.20.193.98:0/3275111867 conn(0x7f821007cf00 msgr2=0x7f821007d310 unknown :-1 s=STATE_NONE l=0).mark_down
2026-02-20T02:25:07.225 INFO:teuthology.orchestra.run.trial098.stdout:/usr/bin/ceph: stderr
2026-02-20T02:25:07.105+0000 7f8218367640 1 -- 10.20.193.98:0/3275111867 shutdown_connections
2026-02-20T02:25:07.225 INFO:teuthology.orchestra.run.trial098.stdout:/usr/bin/ceph: stderr
2026-02-20T02:25:07.105+0000 7f8218367640 1 -- 10.20.193.98:0/3275111867 wait complete.
2026-02-20T02:25:07.225 INFO:teuthology.orchestra.run.trial098.stdout:/usr/bin/ceph: stderr
2026-02-20T02:25:07.105+0000 7f8218367640 1 Processor -- start
2026-02-20T02:25:07.225 INFO:teuthology.orchestra.run.trial098.stdout:/usr/bin/ceph: stderr
2026-02-20T02:25:07.105+0000 7f8218367640 1 -- start start
2026-02-20T02:25:07.225 INFO:teuthology.orchestra.run.trial098.stdout:/usr/bin/ceph: stderr
2026-02-20T02:25:07.106+0000 7f8218367640 1 --2- >> [v2:10.20.193.98:3300/0,v1:10.20.193.98:6789/0] conn(0x7f8210109880 0x7f821019f7a0 unknown :-1 s=NONE pgs=0 cs=0 l=1 rev1=0 crypto rx=0 tx=0 comp rx=0 tx=0).connect
2026-02-20T02:25:07.225 INFO:teuthology.orchestra.run.trial098.stdout:/usr/bin/ceph: stderr
2026-02-20T02:25:07.106+0000 7f8218367640 1 -- --> [v2:10.20.193.98:3300/0,v1:10.20.193.98:6789/0] -- mon_getmap magic: 0 -- 0x7f821010dcb0 con 0x7f8210109880
2026-02-20T02:25:07.225 INFO:teuthology.orchestra.run.trial098.stdout:/usr/bin/ceph: stderr
2026-02-20T02:25:07.106+0000 7f82160dc640 1 --2- >> [v2:10.20.193.98:3300/0,v1:10.20.193.98:6789/0] conn(0x7f8210109880 0x7f821019f7a0 unknown :-1 s=BANNER_CONNECTING pgs=0 cs=0 l=1 rev1=0 crypto rx=0 tx=0 comp rx=0 tx=0)._handle_peer_banner_payload supported=3 required=0
2026-02-20T02:25:07.225 INFO:teuthology.orchestra.run.trial098.stdout:/usr/bin/ceph: stderr
2026-02-20T02:25:07.106+0000 7f82160dc640 1 --2- >> [v2:10.20.193.98:3300/0,v1:10.20.193.98:6789/0] conn(0x7f8210109880 0x7f821019f7a0 unknown :-1 s=HELLO_CONNECTING pgs=0 cs=0 l=1 rev1=1 crypto rx=0 tx=0 comp rx=0 tx=0).handle_hello peer v2:10.20.193.98:3300/0 says I am v2:10.20.193.98:44224/0 (socket says 10.20.193.98:44224)
2026-02-20T02:25:07.225 INFO:teuthology.orchestra.run.trial098.stdout:/usr/bin/ceph: stderr
2026-02-20T02:25:07.106+0000 7f82160dc640 1 -- 10.20.193.98:0/954490411 learned_addr learned my addr 10.20.193.98:0/954490411 (peer_addr_for_me v2:10.20.193.98:0/0)
2026-02-20T02:25:07.226 INFO:teuthology.orchestra.run.trial098.stdout:/usr/bin/ceph: stderr
2026-02-20T02:25:07.106+0000 7f82160dc640 1 -- 10.20.193.98:0/954490411 --> [v2:10.20.193.98:3300/0,v1:10.20.193.98:6789/0] -- mon_subscribe({config=0+,monmap=0+}) -- 0x7f821019fce0 con 0x7f8210109880
2026-02-20T02:25:07.226 INFO:teuthology.orchestra.run.trial098.stdout:/usr/bin/ceph: stderr
2026-02-20T02:25:07.106+0000 7f82160dc640 1 --2- 10.20.193.98:0/954490411 >> [v2:10.20.193.98:3300/0,v1:10.20.193.98:6789/0] conn(0x7f8210109880 0x7f821019f7a0 secure :-1 s=READY pgs=36 cs=0 l=1 rev1=1 crypto rx=0x7f8200037b20 tx=0x7f82000358c0 comp rx=0 tx=0).ready entity=mon.0 client_cookie=0 server_cookie=0 in_seq=0 out_seq=0
2026-02-20T02:25:07.226 INFO:teuthology.orchestra.run.trial098.stdout:/usr/bin/ceph: stderr
2026-02-20T02:25:07.106+0000 7f81f77fe640 1 -- 10.20.193.98:0/954490411 <== mon.0 v2:10.20.193.98:3300/0 1 ==== mon_map magic: 0 ==== 226+0+0 (secure 0 0 0) 0x7f8200035c10 con 0x7f8210109880
2026-02-20T02:25:07.226 INFO:teuthology.orchestra.run.trial098.stdout:/usr/bin/ceph: stderr
2026-02-20T02:25:07.106+0000 7f81f77fe640 1 -- 10.20.193.98:0/954490411 <== mon.0 v2:10.20.193.98:3300/0 2 ==== config(25 keys) ==== 1007+0+0 (secure 0 0 0) 0x7f8200035db0 con 0x7f8210109880
2026-02-20T02:25:07.226 INFO:teuthology.orchestra.run.trial098.stdout:/usr/bin/ceph: stderr
2026-02-20T02:25:07.106+0000 7f8218367640 1 -- 10.20.193.98:0/954490411 --> [v2:10.20.193.98:3300/0,v1:10.20.193.98:6789/0] -- mon_subscribe({mgrmap=0+}) -- 0x7f821019ff70 con 0x7f8210109880
2026-02-20T02:25:07.226 INFO:teuthology.orchestra.run.trial098.stdout:/usr/bin/ceph: stderr
2026-02-20T02:25:07.106+0000 7f81f77fe640 1 -- 10.20.193.98:0/954490411 <== mon.0 v2:10.20.193.98:3300/0 3 ==== mon_map magic: 0 ==== 226+0+0 (secure 0 0 0) 0x7f82000413a0 con 0x7f8210109880
2026-02-20T02:25:07.226 INFO:teuthology.orchestra.run.trial098.stdout:/usr/bin/ceph: stderr
2026-02-20T02:25:07.106+0000 7f8218367640 1 -- 10.20.193.98:0/954490411 --> [v2:10.20.193.98:3300/0,v1:10.20.193.98:6789/0] -- mon_subscribe({osdmap=0}) -- 0x7f82101a2c60 con 0x7f8210109880
2026-02-20T02:25:07.226 INFO:teuthology.orchestra.run.trial098.stdout:/usr/bin/ceph: stderr
2026-02-20T02:25:07.106+0000 7f8218367640 1 -- 10.20.193.98:0/954490411 --> [v2:10.20.193.98:3300/0,v1:10.20.193.98:6789/0] -- mon_command({"prefix": "get_command_descriptions"} v 0) -- 0x7f8210109d00 con 0x7f8210109880
2026-02-20T02:25:07.226 INFO:teuthology.orchestra.run.trial098.stdout:/usr/bin/ceph: stderr
2026-02-20T02:25:07.107+0000 7f81f77fe640 1 -- 10.20.193.98:0/954490411 <== mon.0 v2:10.20.193.98:3300/0 4 ==== mgrmap(e 7) ==== 50155+0+0 (secure 0 0 0) 0x7f82000423f0 con 0x7f8210109880
2026-02-20T02:25:07.226 INFO:teuthology.orchestra.run.trial098.stdout:/usr/bin/ceph: stderr
2026-02-20T02:25:07.107+0000 7f81f77fe640 1 --2- 10.20.193.98:0/954490411 >> [v2:10.20.193.98:6800/2682971939,v1:10.20.193.98:6801/2682971939] conn(0x7f81ec03dad0 0x7f81ec03ff90 unknown :-1 s=NONE pgs=0 cs=0 l=1 rev1=0 crypto rx=0 tx=0 comp rx=0 tx=0).connect
2026-02-20T02:25:07.226 INFO:teuthology.orchestra.run.trial098.stdout:/usr/bin/ceph: stderr
2026-02-20T02:25:07.107+0000 7f81f77fe640 1 -- 10.20.193.98:0/954490411 <== mon.0 v2:10.20.193.98:3300/0 5 ==== osd_map(2..2 src has 1..2) ==== 940+0+0 (secure 0 0 0) 0x7f8200076540 con 0x7f8210109880
2026-02-20T02:25:07.226 INFO:teuthology.orchestra.run.trial098.stdout:/usr/bin/ceph: stderr
2026-02-20T02:25:07.107+0000 7f82158db640 1 --2- 10.20.193.98:0/954490411 >> [v2:10.20.193.98:6800/2682971939,v1:10.20.193.98:6801/2682971939] conn(0x7f81ec03dad0 0x7f81ec03ff90 unknown :-1 s=BANNER_CONNECTING pgs=0 cs=0 l=1 rev1=0 crypto rx=0 tx=0 comp rx=0 tx=0)._handle_peer_banner_payload supported=3 required=0
2026-02-20T02:25:07.226 INFO:teuthology.orchestra.run.trial098.stdout:/usr/bin/ceph: stderr
2026-02-20T02:25:07.107+0000 7f82158db640 1 --2- 10.20.193.98:0/954490411 >> [v2:10.20.193.98:6800/2682971939,v1:10.20.193.98:6801/2682971939] conn(0x7f81ec03dad0 0x7f81ec03ff90 secure :-1 s=READY pgs=7 cs=0 l=1 rev1=1 crypto rx=0x7f82040099c0 tx=0x7f8204006eb0 comp rx=0 tx=0).ready entity=mgr.14118 client_cookie=0 server_cookie=0 in_seq=0 out_seq=0
2026-02-20T02:25:07.226 INFO:teuthology.orchestra.run.trial098.stdout:/usr/bin/ceph: stderr
2026-02-20T02:25:07.110+0000 7f81f77fe640 1 -- 10.20.193.98:0/954490411 <== mon.0 v2:10.20.193.98:3300/0 6 ==== mon_command_ack([{"prefix": "get_command_descriptions"}]=0 v0) ==== 72+0+195341 (secure 0 0 0) 0x7f8200041600 con 0x7f8210109880
2026-02-20T02:25:07.226 INFO:teuthology.orchestra.run.trial098.stdout:/usr/bin/ceph: stderr
2026-02-20T02:25:07.199+0000 7f8218367640 1 -- 10.20.193.98:0/954490411 --> [v2:10.20.193.98:6800/2682971939,v1:10.20.193.98:6801/2682971939] -- mgr_command(tid 0: {"prefix": "orch set backend", "module_name": "cephadm", "target": ["mon-mgr", ""]}) -- 0x7f82101077d0 con 0x7f81ec03dad0
2026-02-20T02:25:07.226 INFO:teuthology.orchestra.run.trial098.stdout:/usr/bin/ceph: stderr
2026-02-20T02:25:07.203+0000 7f81f77fe640 1 -- 10.20.193.98:0/954490411 <== mgr.14118 v2:10.20.193.98:6800/2682971939 1 ==== mgr_command_reply(tid 0: 0 ) ==== 8+0+0 (secure 0 0 0) 0x7f82101077d0 con 0x7f81ec03dad0
2026-02-20T02:25:07.226 INFO:teuthology.orchestra.run.trial098.stdout:/usr/bin/ceph: stderr
2026-02-20T02:25:07.204+0000 7f8218367640 1 -- 10.20.193.98:0/954490411 >> [v2:10.20.193.98:6800/2682971939,v1:10.20.193.98:6801/2682971939] conn(0x7f81ec03dad0 msgr2=0x7f81ec03ff90 secure :-1 s=STATE_CONNECTION_ESTABLISHED l=1).mark_down
2026-02-20T02:25:07.226 INFO:teuthology.orchestra.run.trial098.stdout:/usr/bin/ceph: stderr
2026-02-20T02:25:07.204+0000 7f8218367640 1 --2- 10.20.193.98:0/954490411 >> [v2:10.20.193.98:6800/2682971939,v1:10.20.193.98:6801/2682971939] conn(0x7f81ec03dad0 0x7f81ec03ff90 secure :-1 s=READY pgs=7 cs=0 l=1 rev1=1 crypto rx=0x7f82040099c0 tx=0x7f8204006eb0 comp rx=0 tx=0).stop
2026-02-20T02:25:07.226 INFO:teuthology.orchestra.run.trial098.stdout:/usr/bin/ceph: stderr
2026-02-20T02:25:07.204+0000 7f8218367640 1 -- 10.20.193.98:0/954490411 >> [v2:10.20.193.98:3300/0,v1:10.20.193.98:6789/0] conn(0x7f8210109880 msgr2=0x7f821019f7a0 secure :-1 s=STATE_CONNECTION_ESTABLISHED l=1).mark_down
2026-02-20T02:25:07.226 INFO:teuthology.orchestra.run.trial098.stdout:/usr/bin/ceph: stderr
2026-02-20T02:25:07.204+0000 7f8218367640 1 --2- 10.20.193.98:0/954490411 >> [v2:10.20.193.98:3300/0,v1:10.20.193.98:6789/0] conn(0x7f8210109880 0x7f821019f7a0 secure :-1 s=READY pgs=36 cs=0 l=1 rev1=1 crypto rx=0x7f8200037b20 tx=0x7f82000358c0 comp rx=0 tx=0).stop
2026-02-20T02:25:07.226 INFO:teuthology.orchestra.run.trial098.stdout:/usr/bin/ceph: stderr
2026-02-20T02:25:07.204+0000 7f8218367640 1 -- 10.20.193.98:0/954490411 shutdown_connections
2026-02-20T02:25:07.226 INFO:teuthology.orchestra.run.trial098.stdout:/usr/bin/ceph: stderr
