2026-02-20T02:33:39.255+0000 7f750cf3d640 1 --2- 10.20.193.99:0/1854007481 >> [v2:10.20.193.99:3300/0,v1:10.20.193.99:6789/0] conn(0x7f7508110540 0x7f7508110960 secure :-1 s=READY pgs=43 cs=0 l=1 rev1=1 crypto rx=0x7f74fc009920 tx=0x7f74fc02ef20 comp rx=0 tx=0).stop
2026-02-20T02:33:40.875 INFO:teuthology.orchestra.run.trial099.stdout:/usr/bin/ceph: stderr
2026-02-20T02:33:39.255+0000 7f750cf3d640 1 -- 10.20.193.99:0/1854007481 shutdown_connections
2026-02-20T02:33:40.876 INFO:teuthology.orchestra.run.trial099.stdout:/usr/bin/ceph: stderr
2026-02-20T02:33:39.255+0000 7f750cf3d640 1 --2- 10.20.193.99:0/1854007481 >> [v2:10.20.193.99:3300/0,v1:10.20.193.99:6789/0] conn(0x7f7508110540 0x7f7508110960 unknown :-1 s=CLOSED pgs=43 cs=0 l=1 rev1=1 crypto rx=0 tx=0 comp rx=0 tx=0).stop
2026-02-20T02:33:40.876 INFO:teuthology.orchestra.run.trial099.stdout:/usr/bin/ceph: stderr
2026-02-20T02:33:39.255+0000 7f750cf3d640 1 -- 10.20.193.99:0/1854007481 >> 10.20.193.99:0/1854007481 conn(0x7f7508071a30 msgr2=0x7f7508073e90 unknown :-1 s=STATE_NONE l=0).mark_down
2026-02-20T02:33:40.876 INFO:teuthology.orchestra.run.trial099.stdout:/usr/bin/ceph: stderr
2026-02-20T02:33:39.255+0000 7f750cf3d640 1 -- 10.20.193.99:0/1854007481 shutdown_connections
2026-02-20T02:33:40.876 INFO:teuthology.orchestra.run.trial099.stdout:/usr/bin/ceph: stderr
2026-02-20T02:33:39.255+0000 7f750cf3d640 1 -- 10.20.193.99:0/1854007481 wait complete.
2026-02-20T02:33:40.876 INFO:teuthology.orchestra.run.trial099.stdout:/usr/bin/ceph: stderr
2026-02-20T02:33:39.255+0000 7f750cf3d640 1 Processor -- start
2026-02-20T02:33:40.876 INFO:teuthology.orchestra.run.trial099.stdout:/usr/bin/ceph: stderr
2026-02-20T02:33:39.255+0000 7f750cf3d640 1 -- start start
2026-02-20T02:33:40.876 INFO:teuthology.orchestra.run.trial099.stdout:/usr/bin/ceph: stderr
2026-02-20T02:33:39.255+0000 7f750cf3d640 1 --2- >> [v2:10.20.193.99:3300/0,v1:10.20.193.99:6789/0] conn(0x7f7508110540 0x7f75081a8170 unknown :-1 s=NONE pgs=0 cs=0 l=1 rev1=0 crypto rx=0 tx=0 comp rx=0 tx=0).connect
2026-02-20T02:33:40.876 INFO:teuthology.orchestra.run.trial099.stdout:/usr/bin/ceph: stderr
2026-02-20T02:33:39.255+0000 7f750cf3d640 1 -- --> [v2:10.20.193.99:3300/0,v1:10.20.193.99:6789/0] -- mon_getmap magic: 0 -- 0x7f7508114490 con 0x7f7508110540
2026-02-20T02:33:40.876 INFO:teuthology.orchestra.run.trial099.stdout:/usr/bin/ceph: stderr
2026-02-20T02:33:39.255+0000 7f7506575640 1 --2- >> [v2:10.20.193.99:3300/0,v1:10.20.193.99:6789/0] conn(0x7f7508110540 0x7f75081a8170 unknown :-1 s=BANNER_CONNECTING pgs=0 cs=0 l=1 rev1=0 crypto rx=0 tx=0 comp rx=0 tx=0)._handle_peer_banner_payload supported=3 required=0
2026-02-20T02:33:40.876 INFO:teuthology.orchestra.run.trial099.stdout:/usr/bin/ceph: stderr
2026-02-20T02:33:39.255+0000 7f7506575640 1 --2- >> [v2:10.20.193.99:3300/0,v1:10.20.193.99:6789/0] conn(0x7f7508110540 0x7f75081a8170 unknown :-1 s=HELLO_CONNECTING pgs=0 cs=0 l=1 rev1=1 crypto rx=0 tx=0 comp rx=0 tx=0).handle_hello peer v2:10.20.193.99:3300/0 says I am v2:10.20.193.99:32788/0 (socket says 10.20.193.99:32788)
2026-02-20T02:33:40.876 INFO:teuthology.orchestra.run.trial099.stdout:/usr/bin/ceph: stderr
2026-02-20T02:33:39.255+0000 7f7506575640 1 -- 10.20.193.99:0/1500934556 learned_addr learned my addr 10.20.193.99:0/1500934556 (peer_addr_for_me v2:10.20.193.99:0/0)
2026-02-20T02:33:40.876 INFO:teuthology.orchestra.run.trial099.stdout:/usr/bin/ceph: stderr
2026-02-20T02:33:39.255+0000 7f7506575640 1 -- 10.20.193.99:0/1500934556 --> [v2:10.20.193.99:3300/0,v1:10.20.193.99:6789/0] -- mon_subscribe({config=0+,monmap=0+}) -- 0x7f75081a86b0 con 0x7f7508110540
2026-02-20T02:33:40.877 INFO:teuthology.orchestra.run.trial099.stdout:/usr/bin/ceph: stderr
2026-02-20T02:33:39.255+0000 7f7506575640 1 --2- 10.20.193.99:0/1500934556 >> [v2:10.20.193.99:3300/0,v1:10.20.193.99:6789/0] conn(0x7f7508110540 0x7f75081a8170 secure :-1 s=READY pgs=44 cs=0 l=1 rev1=1 crypto rx=0x7f74fc002410 tx=0x7f74fc035b20 comp rx=0 tx=0).ready entity=mon.0 client_cookie=0 server_cookie=0 in_seq=0 out_seq=0
2026-02-20T02:33:40.877 INFO:teuthology.orchestra.run.trial099.stdout:/usr/bin/ceph: stderr
2026-02-20T02:33:39.256+0000 7f74ef7fe640 1 -- 10.20.193.99:0/1500934556 <== mon.0 v2:10.20.193.99:3300/0 1 ==== mon_map magic: 0 ==== 205+0+0 (secure 0 0 0) 0x7f74fc045070 con 0x7f7508110540
2026-02-20T02:33:40.877 INFO:teuthology.orchestra.run.trial099.stdout:/usr/bin/ceph: stderr
2026-02-20T02:33:39.256+0000 7f74ef7fe640 1 -- 10.20.193.99:0/1500934556 <== mon.0 v2:10.20.193.99:3300/0 2 ==== config(25 keys) ==== 1007+0+0 (secure 0 0 0) 0x7f74fc02fe00 con 0x7f7508110540
2026-02-20T02:33:40.877 INFO:teuthology.orchestra.run.trial099.stdout:/usr/bin/ceph: stderr
2026-02-20T02:33:39.256+0000 7f750cf3d640 1 -- 10.20.193.99:0/1500934556 --> [v2:10.20.193.99:3300/0,v1:10.20.193.99:6789/0] -- mon_subscribe({mgrmap=0+}) -- 0x7f75081a8940 con 0x7f7508110540
2026-02-20T02:33:40.877 INFO:teuthology.orchestra.run.trial099.stdout:/usr/bin/ceph: stderr
2026-02-20T02:33:39.256+0000 7f74ef7fe640 1 -- 10.20.193.99:0/1500934556 <== mon.0 v2:10.20.193.99:3300/0 3 ==== mon_map magic: 0 ==== 205+0+0 (secure 0 0 0) 0x7f74fc03c070 con 0x7f7508110540
2026-02-20T02:33:40.877 INFO:teuthology.orchestra.run.trial099.stdout:/usr/bin/ceph: stderr
2026-02-20T02:33:39.256+0000 7f750cf3d640 1 -- 10.20.193.99:0/1500934556 --> [v2:10.20.193.99:3300/0,v1:10.20.193.99:6789/0] -- mon_subscribe({osdmap=0}) -- 0x7f75081ab630 con 0x7f7508110540
2026-02-20T02:33:40.877 INFO:teuthology.orchestra.run.trial099.stdout:/usr/bin/ceph: stderr
2026-02-20T02:33:39.256+0000 7f750cf3d640 1 -- 10.20.193.99:0/1500934556 --> [v2:10.20.193.99:3300/0,v1:10.20.193.99:6789/0] -- mon_command({"prefix": "get_command_descriptions"} v 0) -- 0x7f7508110960 con 0x7f7508110540
2026-02-20T02:33:40.877 INFO:teuthology.orchestra.run.trial099.stdout:/usr/bin/ceph: stderr
2026-02-20T02:33:39.256+0000 7f74ef7fe640 1 -- 10.20.193.99:0/1500934556 <== mon.0 v2:10.20.193.99:3300/0 4 ==== mgrmap(e 7) ==== 50141+0+0 (secure 0 0 0) 0x7f74fc040690 con 0x7f7508110540
2026-02-20T02:33:40.877 INFO:teuthology.orchestra.run.trial099.stdout:/usr/bin/ceph: stderr
2026-02-20T02:33:39.256+0000 7f74ef7fe640 1 --2- 10.20.193.99:0/1500934556 >> [v2:10.20.193.99:6800/2129081225,v1:10.20.193.99:6801/2129081225] conn(0x7f74e003da80 0x7f74e003ff40 unknown :-1 s=NONE pgs=0 cs=0 l=1 rev1=0 crypto rx=0 tx=0 comp rx=0 tx=0).connect
2026-02-20T02:33:40.877 INFO:teuthology.orchestra.run.trial099.stdout:/usr/bin/ceph: stderr
2026-02-20T02:33:39.256+0000 7f74ef7fe640 1 -- 10.20.193.99:0/1500934556 <== mon.0 v2:10.20.193.99:3300/0 5 ==== osd_map(2..2 src has 1..2) ==== 940+0+0 (secure 0 0 0) 0x7f74fc076680 con 0x7f7508110540
2026-02-20T02:33:40.877 INFO:teuthology.orchestra.run.trial099.stdout:/usr/bin/ceph: stderr
2026-02-20T02:33:39.256+0000 7f7505d74640 1 --2- 10.20.193.99:0/1500934556 >> [v2:10.20.193.99:6800/2129081225,v1:10.20.193.99:6801/2129081225] conn(0x7f74e003da80 0x7f74e003ff40 unknown :-1 s=BANNER_CONNECTING pgs=0 cs=0 l=1 rev1=0 crypto rx=0 tx=0 comp rx=0 tx=0)._handle_peer_banner_payload supported=3 required=0
2026-02-20T02:33:40.877 INFO:teuthology.orchestra.run.trial099.stdout:/usr/bin/ceph: stderr
2026-02-20T02:33:39.257+0000 7f7505d74640 1 --2- 10.20.193.99:0/1500934556 >> [v2:10.20.193.99:6800/2129081225,v1:10.20.193.99:6801/2129081225] conn(0x7f74e003da80 0x7f74e003ff40 secure :-1 s=READY pgs=11 cs=0 l=1 rev1=1 crypto rx=0x7f74f00099c0 tx=0x7f74f0006eb0 comp rx=0 tx=0).ready entity=mgr.14118 client_cookie=0 server_cookie=0 in_seq=0 out_seq=0
2026-02-20T02:33:40.878 INFO:teuthology.orchestra.run.trial099.stdout:/usr/bin/ceph: stderr
2026-02-20T02:33:39.258+0000 7f74ef7fe640 1 -- 10.20.193.99:0/1500934556 <== mon.0 v2:10.20.193.99:3300/0 6 ==== mon_command_ack([{"prefix": "get_command_descriptions"}]=0 v0) ==== 72+0+195341 (secure 0 0 0) 0x7f74fc03c210 con 0x7f7508110540
2026-02-20T02:33:40.878 INFO:teuthology.orchestra.run.trial099.stdout:/usr/bin/ceph: stderr
2026-02-20T02:33:39.342+0000 7f750cf3d640 1 -- 10.20.193.99:0/1500934556 --> [v2:10.20.193.99:6800/2129081225,v1:10.20.193.99:6801/2129081225] -- mgr_command(tid 0: {"prefix": "orch host add", "hostname": "trial099", "addr": "10.20.193.99", "target": ["mon-mgr", ""]}) -- 0x7f7508072cd0 con 0x7f74e003da80
2026-02-20T02:33:40.878 INFO:teuthology.orchestra.run.trial099.stdout:/usr/bin/ceph: stderr
2026-02-20T02:33:39.931+0000 7f74ef7fe640 1 -- 10.20.193.99:0/1500934556 <== mon.0 v2:10.20.193.99:3300/0 7 ==== mgrmap(e 8) ==== 50247+0+0 (secure 0 0 0) 0x7f74fc02f9b0 con 0x7f7508110540
2026-02-20T02:33:40.878 INFO:teuthology.orchestra.run.trial099.stdout:/usr/bin/ceph: stderr
2026-02-20T02:33:40.823+0000 7f74ef7fe640 1 -- 10.20.193.99:0/1500934556 <== mgr.14118 v2:10.20.193.99:6800/2129081225 1 ==== mgr_command_reply(tid 0: 0 ) ==== 8+0+47 (secure 0 0 0) 0x7f7508072cd0 con 0x7f74e003da80
2026-02-20T02:33:40.878 INFO:teuthology.orchestra.run.trial099.stdout:/usr/bin/ceph: stderr
2026-02-20T02:33:40.825+0000 7f750cf3d640 1 -- 10.20.193.99:0/1500934556 >> [v2:10.20.193.99:6800/2129081225,v1:10.20.193.99:6801/2129081225] conn(0x7f74e003da80 msgr2=0x7f74e003ff40 secure :-1 s=STATE_CONNECTION_ESTABLISHED l=1).mark_down
2026-02-20T02:33:40.878 INFO:teuthology.orchestra.run.trial099.stdout:/usr/bin/ceph: stderr
2026-02-20T02:33:40.825+0000 7f750cf3d640 1 --2- 10.20.193.99:0/1500934556 >> [v2:10.20.193.99:6800/2129081225,v1:10.20.193.99:6801/2129081225] conn(0x7f74e003da80 0x7f74e003ff40 secure :-1 s=READY pgs=11 cs=0 l=1 rev1=1 crypto rx=0x7f74f00099c0 tx=0x7f74f0006eb0 comp rx=0 tx=0).stop
2026-02-20T02:33:40.878 INFO:teuthology.orchestra.run.trial099.stdout:/usr/bin/ceph: stderr
2026-02-20T02:33:40.825+0000 7f750cf3d640 1 -- 10.20.193.99:0/1500934556 >> [v2:10.20.193.99:3300/0,v1:10.20.193.99:6789/0] conn(0x7f7508110540 msgr2=0x7f75081a8170 secure :-1 s=STATE_CONNECTION_ESTABLISHED l=1).mark_down
2026-02-20T02:33:40.878 INFO:teuthology.orchestra.run.trial099.stdout:/usr/bin/ceph: stderr
2026-02-20T02:33:40.825+0000 7f750cf3d640 1 --2- 10.20.193.99:0/1500934556 >> [v2:10.20.193.99:3300/0,v1:10.20.193.99:6789/0] conn(0x7f7508110540 0x7f75081a8170 secure :-1 s=READY pgs=44 cs=0 l=1 rev1=1 crypto rx=0x7f74fc002410 tx=0x7f74fc035b20 comp rx=0 tx=0).stop
2026-02-20T02:33:40.878 INFO:teuthology.orchestra.run.trial099.stdout:/usr/bin/ceph: stderr
2026-02-20T02:33:40.825+0000 7f750cf3d640 1 -- 10.20.193.99:0/1500934556 shutdown_connections
2026-02-20T02:33:40.878 INFO:teuthology.orchestra.run.trial099.stdout:/usr/bin/ceph: stderr
2026-02-20T02:33:40.825+0000 7f750cf3d640 1 --2- 10.20.193.99:0/1500934556 >> [v2:10.20.193.99:6800/2129081225,v1:10.20.193.99:6801/2129081225] conn(0x7f74e003da80 0x7f74e003ff40 unknown :-1 s=CLOSED pgs=11 cs=0 l=1 rev1=1 crypto rx=0 tx=0 comp rx=0 tx=0).stop
2026-02-20T02:33:40.878 INFO:teuthology.orchestra.run.trial099.stdout:/usr/bin/ceph: stderr
2026-02-20T02:33:40.825+0000 7f750cf3d640 1 --2- 10.20.193.99:0/1500934556 >> [v2:10.20.193.99:3300/0,v1:10.20.193.99:6789/0] conn(0x7f7508110540 0x7f75081a8170 unknown :-1 s=CLOSED pgs=44 cs=0 l=1 rev1=1 crypto rx=0 tx=0 comp rx=0 tx=0).stop
2026-02-20T02:33:40.878 INFO:teuthology.orchestra.run.trial099.stdout:/usr/bin/ceph: stderr
2026-02-20T02:33:40.825+0000 7f750cf3d640 1 -- 10.20.193.99:0/1500934556 >> 10.20.193.99:0/1500934556 conn(0x7f7508071a30 msgr2=0x7f75080725c0 unknown :-1 s=STATE_NONE l=0).mark_down
2026-02-20T02:33:40.879 INFO:teuthology.orchestra.run.trial099.stdout:/usr/bin/ceph: stderr
2026-02-20T02:33:40.825+0000 7f750cf3d640 1 -- 10.20.193.99:0/1500934556 shutdown_connections
2026-02-20T02:33:40.879 INFO:teuthology.orchestra.run.trial099.stdout:/usr/bin/ceph: stderr
2026-02-20T02:33:40.825+0000 7f750cf3d640 1 -- 10.20.193.99:0/1500934556 wait complete.
2026-02-20T02:33:40.879 INFO:teuthology.orchestra.run.trial099.stdout:Deploying unmanaged mon service...
2026-02-20T02:33:41.099 INFO:teuthology.orchestra.run.trial099.stdout:/usr/bin/ceph: stdout Scheduled mon update...
2026-02-20T02:33:41.099 INFO:teuthology.orchestra.run.trial099.stdout:/usr/bin/ceph: stderr
2026-02-20T02:33:40.972+0000 7f20c8257640 1 Processor -- start
2026-02-20T02:33:41.099 INFO:teuthology.orchestra.run.trial099.stdout:/usr/bin/ceph: stderr
2026-02-20T02:33:40.973+0000 7f20c8257640 1 -- start start
2026-02-20T02:33:41.099 INFO:teuthology.orchestra.run.trial099.stdout:/usr/bin/ceph: stderr
2026-02-20T02:33:40.973+0000 7f20c8257640 1 --2- >> [v2:10.20.193.99:3300/0,v1:10.20.193.99:6789/0] conn(0x7f20c0109880 0x7f20c0109c80 unknown :-1 s=NONE pgs=0 cs=0 l=0 rev1=0 crypto rx=0 tx=0 comp rx=0 tx=0).connect
2026-02-20T02:33:41.099 INFO:teuthology.orchestra.run.trial099.stdout:/usr/bin/ceph: stderr
2026-02-20T02:33:40.973+0000 7f20c8257640 1 -- --> [v2:10.20.193.99:3300/0,v1:10.20.193.99:6789/0] -- mon_getmap magic: 0 -- 0x7f20c010a250 con 0x7f20c0109880
2026-02-20T02:33:41.099 INFO:teuthology.orchestra.run.trial099.stdout:/usr/bin/ceph: stderr
2026-02-20T02:33:40.973+0000 7f20c5fcc640 1 --2- >> [v2:10.20.193.99:3300/0,v1:10.20.193.99:6789/0] conn(0x7f20c0109880 0x7f20c0109c80 unknown :-1 s=BANNER_CONNECTING pgs=0 cs=0 l=0 rev1=0 crypto rx=0 tx=0 comp rx=0 tx=0)._handle_peer_banner_payload supported=3 required=0
2026-02-20T02:33:41.099 INFO:teuthology.orchestra.run.trial099.stdout:/usr/bin/ceph: stderr
2026-02-20T02:33:40.973+0000 7f20c5fcc640 1 --2- >> [v2:10.20.193.99:3300/0,v1:10.20.193.99:6789/0] conn(0x7f20c0109880 0x7f20c0109c80 unknown :-1 s=HELLO_CONNECTING pgs=0 cs=0 l=0 rev1=1 crypto rx=0 tx=0 comp rx=0 tx=0).handle_hello peer v2:10.20.193.99:3300/0 says I am v2:10.20.193.99:32802/0 (socket says 10.20.193.99:32802)
2026-02-20T02:33:41.099 INFO:teuthology.orchestra.run.trial099.stdout:/usr/bin/ceph: stderr
2026-02-20T02:33:40.973+0000 7f20c5fcc640 1 -- 10.20.193.99:0/825841414 learned_addr learned my addr 10.20.193.99:0/825841414 (peer_addr_for_me v2:10.20.193.99:0/0)
2026-02-20T02:33:41.099 INFO:teuthology.orchestra.run.trial099.stdout:/usr/bin/ceph: stderr
2026-02-20T02:33:40.973+0000 7f20c5fcc640 1 -- 10.20.193.99:0/825841414 --> [v2:10.20.193.99:3300/0,v1:10.20.193.99:6789/0] -- mon_subscribe({config=0+,monmap=0+}) -- 0x7f20c010aa80 con 0x7f20c0109880
2026-02-20T02:33:41.099 INFO:teuthology.orchestra.run.trial099.stdout:/usr/bin/ceph: stderr
2026-02-20T02:33:40.973+0000 7f20c5fcc640 1 --2- 10.20.193.99:0/825841414 >> [v2:10.20.193.99:3300/0,v1:10.20.193.99:6789/0] conn(0x7f20c0109880 0x7f20c0109c80 secure :-1 s=READY pgs=45 cs=0 l=1 rev1=1 crypto rx=0x7f20b0009920 tx=0x7f20b002ef20 comp rx=0 tx=0).ready entity=mon.0 client_cookie=2c186763bbf67dca server_cookie=0 in_seq=0 out_seq=0
2026-02-20T02:33:41.099 INFO:teuthology.orchestra.run.trial099.stdout:/usr/bin/ceph: stderr
2026-02-20T02:33:40.973+0000 7f20c4fca640 1 -- 10.20.193.99:0/825841414 <== mon.0 v2:10.20.193.99:3300/0 1 ==== mon_map magic: 0 ==== 205+0+0 (secure 0 0 0) 0x7f20b003c070 con 0x7f20c0109880
2026-02-20T02:33:41.099 INFO:teuthology.orchestra.run.trial099.stdout:/usr/bin/ceph: stderr
2026-02-20T02:33:40.974+0000 7f20c4fca640 1 -- 10.20.193.99:0/825841414 <== mon.0 v2:10.20.193.99:3300/0 2 ==== config(25 keys) ==== 1007+0+0 (secure 0 0 0) 0x7f20b0037440 con 0x7f20c0109880
2026-02-20T02:33:41.099 INFO:teuthology.orchestra.run.trial099.stdout:/usr/bin/ceph: stderr
2026-02-20T02:33:40.974+0000 7f20c4fca640 1 -- 10.20.193.99:0/825841414 <== mon.0 v2:10.20.193.99:3300/0 3 ==== mon_map magic: 0 ==== 205+0+0 (secure 0 0 0) 0x7f20b00354d0 con 0x7f20c0109880
2026-02-20T02:33:41.099 INFO:teuthology.orchestra.run.trial099.stdout:/usr/bin/ceph: stderr
2026-02-20T02:33:40.974+0000 7f20c8257640 1 -- 10.20.193.99:0/825841414 >> [v2:10.20.193.99:3300/0,v1:10.20.193.99:6789/0] conn(0x7f20c0109880 msgr2=0x7f20c0109c80 secure :-1 s=STATE_CONNECTION_ESTABLISHED l=1).mark_down
2026-02-20T02:33:41.099 INFO:teuthology.orchestra.run.trial099.stdout:/usr/bin/ceph: stderr
2026-02-20T02:33:40.974+0000 7f20c8257640 1 --2- 10.20.193.99:0/825841414 >> [v2:10.20.193.99:3300/0,v1:10.20.193.99:6789/0] conn(0x7f20c0109880 0x7f20c0109c80 secure :-1 s=READY pgs=45 cs=0 l=1 rev1=1 crypto rx=0x7f20b0009920 tx=0x7f20b002ef20 comp rx=0 tx=0).stop
2026-02-20T02:33:41.099 INFO:teuthology.orchestra.run.trial099.stdout:/usr/bin/ceph: stderr
2026-02-20T02:33:40.974+0000 7f20c8257640 1 -- 10.20.193.99:0/825841414 shutdown_connections
2026-02-20T02:33:41.099 INFO:teuthology.orchestra.run.trial099.stdout:/usr/bin/ceph: stderr
2026-02-20T02:33:40.974+0000 7f20c8257640 1 --2- 10.20.193.99:0/825841414 >> [v2:10.20.193.99:3300/0,v1:10.20.193.99:6789/0] conn(0x7f20c0109880 0x7f20c0109c80 unknown :-1 s=CLOSED pgs=45 cs=0 l=1 rev1=1 crypto rx=0 tx=0 comp rx=0 tx=0).stop
2026-02-20T02:33:41.099 INFO:teuthology.orchestra.run.trial099.stdout:/usr/bin/ceph: stderr
2026-02-20T02:33:40.974+0000 7f20c8257640 1 -- 10.20.193.99:0/825841414 >> 10.20.193.99:0/825841414 conn(0x7f20c007ce10 msgr2=0x7f20c007d220 unknown :-1 s=STATE_NONE l=0).mark_down
2026-02-20T02:33:41.099 INFO:teuthology.orchestra.run.trial099.stdout:/usr/bin/ceph: stderr
2026-02-20T02:33:40.974+0000 7f20c8257640 1 -- 10.20.193.99:0/825841414 shutdown_connections
2026-02-20T02:33:41.099 INFO:teuthology.orchestra.run.trial099.stdout:/usr/bin/ceph: stderr
2026-02-20T02:33:40.974+0000 7f20c8257640 1 -- 10.20.193.99:0/825841414 wait complete.
2026-02-20T02:33:41.100 INFO:teuthology.orchestra.run.trial099.stdout:/usr/bin/ceph: stderr
2026-02-20T02:33:40.974+0000 7f20c8257640 1 Processor -- start
2026-02-20T02:33:41.100 INFO:teuthology.orchestra.run.trial099.stdout:/usr/bin/ceph: stderr
2026-02-20T02:33:40.974+0000 7f20c8257640 1 -- start start
2026-02-20T02:33:41.100 INFO:teuthology.orchestra.run.trial099.stdout:/usr/bin/ceph: stderr
2026-02-20T02:33:40.974+0000 7f20c8257640 1 --2- >> [v2:10.20.193.99:3300/0,v1:10.20.193.99:6789/0] conn(0x7f20c0109880 0x7f20c019f730 unknown :-1 s=NONE pgs=0 cs=0 l=1 rev1=0 crypto rx=0 tx=0 comp rx=0 tx=0).connect
2026-02-20T02:33:41.100 INFO:teuthology.orchestra.run.trial099.stdout:/usr/bin/ceph: stderr
2026-02-20T02:33:40.974+0000 7f20c8257640 1 -- --> [v2:10.20.193.99:3300/0,v1:10.20.193.99:6789/0] -- mon_getmap magic: 0 -- 0x7f20c010dcb0 con 0x7f20c0109880
2026-02-20T02:33:41.100 INFO:teuthology.orchestra.run.trial099.stdout:/usr/bin/ceph: stderr
2026-02-20T02:33:40.974+0000 7f20c5fcc640 1 --2- >> [v2:10.20.193.99:3300/0,v1:10.20.193.99:6789/0] conn(0x7f20c0109880 0x7f20c019f730 unknown :-1 s=BANNER_CONNECTING pgs=0 cs=0 l=1 rev1=0 crypto rx=0 tx=0 comp rx=0 tx=0)._handle_peer_banner_payload supported=3 required=0
2026-02-20T02:33:41.100 INFO:teuthology.orchestra.run.trial099.stdout:/usr/bin/ceph: stderr
2026-02-20T02:33:40.974+0000 7f20c5fcc640 1 --2- >> [v2:10.20.193.99:3300/0,v1:10.20.193.99:6789/0] conn(0x7f20c0109880 0x7f20c019f730 unknown :-1 s=HELLO_CONNECTING pgs=0 cs=0 l=1 rev1=1 crypto rx=0 tx=0 comp rx=0 tx=0).handle_hello peer v2:10.20.193.99:3300/0 says I am v2:10.20.193.99:32806/0 (socket says 10.20.193.99:32806)
2026-02-20T02:33:41.100 INFO:teuthology.orchestra.run.trial099.stdout:/usr/bin/ceph: stderr
2026-02-20T02:33:40.974+0000 7f20c5fcc640 1 -- 10.20.193.99:0/850002551 learned_addr learned my addr 10.20.193.99:0/850002551 (peer_addr_for_me v2:10.20.193.99:0/0)
2026-02-20T02:33:41.100 INFO:teuthology.orchestra.run.trial099.stdout:/usr/bin/ceph: stderr
2026-02-20T02:33:40.975+0000 7f20c5fcc640 1 -- 10.20.193.99:0/850002551 --> [v2:10.20.193.99:3300/0,v1:10.20.193.99:6789/0] -- mon_subscribe({config=0+,monmap=0+}) -- 0x7f20c019fc70 con 0x7f20c0109880
2026-02-20T02:33:41.100 INFO:teuthology.orchestra.run.trial099.stdout:/usr/bin/ceph: stderr
2026-02-20T02:33:40.975+0000 7f20c5fcc640 1 --2- 10.20.193.99:0/850002551 >> [v2:10.20.193.99:3300/0,v1:10.20.193.99:6789/0] conn(0x7f20c0109880 0x7f20c019f730 secure :-1 s=READY pgs=46 cs=0 l=1 rev1=1 crypto rx=0x7f20b0037cd0 tx=0x7f20b0035b10 comp rx=0 tx=0).ready entity=mon.0 client_cookie=0 server_cookie=0 in_seq=0 out_seq=0
2026-02-20T02:33:41.100 INFO:teuthology.orchestra.run.trial099.stdout:/usr/bin/ceph: stderr
2026-02-20T02:33:40.975+0000 7f20aeffd640 1 -- 10.20.193.99:0/850002551 <== mon.0 v2:10.20.193.99:3300/0 1 ==== mon_map magic: 0 ==== 205+0+0 (secure 0 0 0) 0x7f20b0045070 con 0x7f20c0109880
2026-02-20T02:33:41.100 INFO:teuthology.orchestra.run.trial099.stdout:/usr/bin/ceph: stderr
2026-02-20T02:33:40.975+0000 7f20aeffd640 1 -- 10.20.193.99:0/850002551 <== mon.0 v2:10.20.193.99:3300/0 2 ==== config(25 keys) ==== 1007+0+0 (secure 0 0 0) 0x7f20b0040450 con 0x7f20c0109880
2026-02-20T02:33:41.100 INFO:teuthology.orchestra.run.trial099.stdout:/usr/bin/ceph: stderr
2026-02-20T02:33:40.975+0000 7f20c8257640 1 -- 10.20.193.99:0/850002551 --> [v2:10.20.193.99:3300/0,v1:10.20.193.99:6789/0] -- mon_subscribe({mgrmap=0+}) -- 0x7f20c019ff00 con 0x7f20c0109880
2026-02-20T02:33:41.100 INFO:teuthology.orchestra.run.trial099.stdout:/usr/bin/ceph: stderr
2026-02-20T02:33:40.975+0000 7f20aeffd640 1 -- 10.20.193.99:0/850002551 <== mon.0 v2:10.20.193.99:3300/0 3 ==== mon_map magic: 0 ==== 205+0+0 (secure 0 0 0) 0x7f20b003c070 con 0x7f20c0109880
2026-02-20T02:33:41.100 INFO:teuthology.orchestra.run.trial099.stdout:/usr/bin/ceph: stderr
2026-02-20T02:33:40.975+0000 7f20c8257640 1 -- 10.20.193.99:0/850002551 --> [v2:10.20.193.99:3300/0,v1:10.20.193.99:6789/0] -- mon_subscribe({osdmap=0}) -- 0x7f20c01a2bf0 con 0x7f20c0109880
2026-02-20T02:33:41.100 INFO:teuthology.orchestra.run.trial099.stdout:/usr/bin/ceph: stderr
2026-02-20T02:33:40.975+0000 7f20c8257640 1 -- 10.20.193.99:0/850002551 --> [v2:10.20.193.99:3300/0,v1:10.20.193.99:6789/0] -- mon_command({"prefix": "get_command_descriptions"} v 0) -- 0x7f20c0109d00 con 0x7f20c0109880
2026-02-20T02:33:41.100 INFO:teuthology.orchestra.run.trial099.stdout:/usr/bin/ceph: stderr
2026-02-20T02:33:40.975+0000 7f20aeffd640 1 -- 10.20.193.99:0/850002551 <== mon.0 v2:10.20.193.99:3300/0 4 ==== mgrmap(e 8) ==== 50247+0+0 (secure 0 0 0) 0x7f20b003e4e0 con 0x7f20c0109880
2026-02-20T02:33:41.100 INFO:teuthology.orchestra.run.trial099.stdout:/usr/bin/ceph: stderr
2026-02-20T02:33:40.976+0000 7f20aeffd640 1 --2- 10.20.193.99:0/850002551 >> [v2:10.20.193.99:6800/2129081225,v1:10.20.193.99:6801/2129081225] conn(0x7f209c03dbf0 0x7f209c0400b0 unknown :-1 s=NONE pgs=0 cs=0 l=1 rev1=0 crypto rx=0 tx=0 comp rx=0 tx=0).connect
2026-02-20T02:33:41.100 INFO:teuthology.orchestra.run.trial099.stdout:/usr/bin/ceph: stderr
2026-02-20T02:33:40.976+0000 7f20aeffd640 1 -- 10.20.193.99:0/850002551 <== mon.0 v2:10.20.193.99:3300/0 5 ==== osd_map(2..2 src has 1..2) ==== 940+0+0 (secure 0 0 0) 0x7f20b00766b0 con 0x7f20c0109880
2026-02-20T02:33:41.100 INFO:teuthology.orchestra.run.trial099.stdout:/usr/bin/ceph: stderr
2026-02-20T02:33:40.976+0000 7f20c57cb640 1 --2- 10.20.193.99:0/850002551 >> [v2:10.20.193.99:6800/2129081225,v1:10.20.193.99:6801/2129081225] conn(0x7f209c03dbf0 0x7f209c0400b0 unknown :-1 s=BANNER_CONNECTING pgs=0 cs=0 l=1 rev1=0 crypto rx=0 tx=0 comp rx=0 tx=0)._handle_peer_banner_payload supported=3 required=0
2026-02-20T02:33:41.100 INFO:teuthology.orchestra.run.trial099.stdout:/usr/bin/ceph: stderr
2026-02-20T02:33:40.976+0000 7f20c57cb640 1 --2- 10.20.193.99:0/850002551 >> [v2:10.20.193.99:6800/2129081225,v1:10.20.193.99:6801/2129081225] conn(0x7f209c03dbf0 0x7f209c0400b0 secure :-1 s=READY pgs=12 cs=0 l=1 rev1=1 crypto rx=0x7f20b40099c0 tx=0x7f20b4006eb0 comp rx=0 tx=0).ready entity=mgr.14118 client_cookie=0 server_cookie=0 in_seq=0 out_seq=0
2026-02-20T02:33:41.100 INFO:teuthology.orchestra.run.trial099.stdout:/usr/bin/ceph: stderr
2026-02-20T02:33:40.978+0000 7f20aeffd640 1 -- 10.20.193.99:0/850002551 <== mon.0 v2:10.20.193.99:3300/0 6 ==== mon_command_ack([{"prefix": "get_command_descriptions"}]=0 v0) ==== 72+0+195341 (secure 0 0 0) 0x7f20b0040900 con 0x7f20c0109880
2026-02-20T02:33:41.100 INFO:teuthology.orchestra.run.trial099.stdout:/usr/bin/ceph: stderr
2026-02-20T02:33:41.067+0000 7f20c8257640 1 -- 10.20.193.99:0/850002551 --> [v2:10.20.193.99:6800/2129081225,v1:10.20.193.99:6801/2129081225] -- mgr_command(tid 0: {"prefix": "orch apply", "service_type": "mon", "unmanaged": true, "target": ["mon-mgr", ""]}) -- 0x7f20c01077a0 con 0x7f209c03dbf0
2026-02-20T02:33:41.100 INFO:teuthology.orchestra.run.trial099.stdout:/usr/bin/ceph: stderr
2026-02-20T02:33:41.071+0000 7f20aeffd640 1 -- 10.20.193.99:0/850002551 <== mgr.14118 v2:10.20.193.99:6800/2129081225 1 ==== mgr_command_reply(tid 0: 0 ) ==== 8+0+24 (secure 0 0 0) 0x7f20c01077a0 con 0x7f209c03dbf0
2026-02-20T02:33:41.100 INFO:teuthology.orchestra.run.trial099.stdout:/usr/bin/ceph: stderr
2026-02-20T02:33:41.072+0000 7f20c8257640 1 -- 10.20.193.99:0/850002551 >> [v2:10.20.193.99:6800/2129081225,v1:10.20.193.99:6801/2129081225] conn(0x7f209c03dbf0 msgr2=0x7f209c0400b0 secure :-1 s=STATE_CONNECTION_ESTABLISHED l=1).mark_down
2026-02-20T02:33:41.100 INFO:teuthology.orchestra.run.trial099.stdout:/usr/bin/ceph: stderr
2026-02-20T02:33:41.072+0000 7f20c8257640 1 --2- 10.20.193.99:0/850002551 >> [v2:10.20.193.99:6800/2129081225,v1:10.20.193.99:6801/2129081225] conn(0x7f209c03dbf0 0x7f209c0400b0 secure :-1 s=READY pgs=12 cs=0 l=1 rev1=1 crypto rx=0x7f20b40099c0 tx=0x7f20b4006eb0 comp rx=0 tx=0).stop
2026-02-20T02:33:41.100 INFO:teuthology.orchestra.run.trial099.stdout:/usr/bin/ceph: stderr
2026-02-20T02:33:41.072+0000 7f20c8257640 1 -- 10.20.193.99:0/850002551 >> [v2:10.20.193.99:3300/0,v1:10.20.193.99:6789/0] conn(0x7f20c0109880 msgr2=0x7f20c019f730 secure :-1 s=STATE_CONNECTION_ESTABLISHED l=1).mark_down
2026-02-20T02:33:41.100 INFO:teuthology.orchestra.run.trial099.stdout:/usr/bin/ceph: stderr
2026-02-20T02:33:41.072+0000 7f20c8257640 1 --2- 10.20.193.99:0/850002551 >> [v2:10.20.193.99:3300/0,v1:10.20.193.99:6789/0] conn(0x7f20c0109880 0x7f20c019f730 secure :-1 s=READY pgs=46 cs=0 l=1 rev1=1 crypto rx=0x7f20b0037cd0 tx=0x7f20b0035b10 comp rx=0 tx=0).stop
2026-02-20T02:33:41.100 INFO:teuthology.orchestra.run.trial099.stdout:/usr/bin/ceph: stderr
2026-02-20T02:33:41.072+0000 7f20c8257640 1 -- 10.20.193.99:0/850002551 shutdown_connections
2026-02-20T02:33:41.100 INFO:teuthology.orchestra.run.trial099.stdout:/usr/bin/ceph: stderr
2026-02-20T02:33:41.072+0000 7f20c8257640 1 --2- 10.20.193.99:0/850002551 >> [v2:10.20.193.99:6800/2129081225,v1:10.20.193.99:6801/2129081225] conn(0x7f209c03dbf0 0x7f209c0400b0 unknown :-1 s=CLOSED pgs=12 cs=0 l=1 rev1=1 crypto rx=0 tx=0 comp rx=0 tx=0).stop
2026-02-20T02:33:41.100 INFO:teuthology.orchestra.run.trial099.stdout:/usr/bin/ceph: stderr
2026-02-20T02:33:41.072+0000 7f20c8257640 1 --2- 10.20.193.99:0/850002551 >> [v2:10.20.193.99:3300/0,v1:10.20.193.99:6789/0] conn(0x7f20c0109880 0x7f20c019f730 unknown :-1 s=CLOSED pgs=46 cs=0 l=1 rev1=1 crypto rx=0 tx=0 comp rx=0 tx=0).stop
2026-02-20T02:33:41.100 INFO:teuthology.orchestra.run.trial099.stdout:/usr/bin/ceph: stderr
2026-02-20T02:33:41.072+0000 7f20c8257640 1 -- 10.20.193.99:0/850002551 >> 10.20.193.99:0/850002551 conn(0x7f20c007ce10 msgr2=0x7f20c0107090 unknown :-1 s=STATE_NONE l=0).mark_down
2026-02-20T02:33:41.100 INFO:teuthology.orchestra.run.trial099.stdout:/usr/bin/ceph: stderr
2026-02-20T02:33:41.072+0000 7f20c8257640 1 -- 10.20.193.99:0/850002551 shutdown_connections
2026-02-20T02:33:41.100 INFO:teuthology.orchestra.run.trial099.stdout:/usr/bin/ceph: stderr
2026-02-20T02:33:41.072+0000 7f20c8257640 1 -- 10.20.193.99:0/850002551 wait complete.
2026-02-20T02:33:41.100 INFO:teuthology.orchestra.run.trial099.stdout:Deploying unmanaged mgr service...
2026-02-20T02:33:41.316 INFO:teuthology.orchestra.run.trial099.stdout:/usr/bin/ceph: stdout Scheduled mgr update...
2026-02-20T02:33:41.317 INFO:teuthology.orchestra.run.trial099.stdout:/usr/bin/ceph: stderr
2026-02-20T02:33:41.184+0000 7f7cbf0cd640 1 Processor -- start
2026-02-20T02:33:41.317 INFO:teuthology.orchestra.run.trial099.stdout:/usr/bin/ceph: stderr
2026-02-20T02:33:41.184+0000 7f7cbf0cd640 1 -- start start
2026-02-20T02:33:41.317 INFO:teuthology.orchestra.run.trial099.stdout:/usr/bin/ceph: stderr
2026-02-20T02:33:41.184+0000 7f7cbf0cd640 1 --2- >> [v2:10.20.193.99:3300/0,v1:10.20.193.99:6789/0] conn(0x7f7cb81075c0 0x7f7cb81079c0 unknown :-1 s=NONE pgs=0 cs=0 l=0 rev1=0 crypto rx=0 tx=0 comp rx=0 tx=0).connect
2026-02-20T02:33:41.317 INFO:teuthology.orchestra.run.trial099.stdout:/usr/bin/ceph: stderr
2026-02-20T02:33:41.184+0000 7f7cbf0cd640 1 -- --> [v2:10.20.193.99:3300/0,v1:10.20.193.99:6789/0] -- mon_getmap magic: 0 -- 0x7f7cb8107f90 con 0x7f7cb81075c0
2026-02-20T02:33:41.317 INFO:teuthology.orchestra.run.trial099.stdout:/usr/bin/ceph: stderr
2026-02-20T02:33:41.184+0000 7f7cbce42640 1 --2- >> [v2:10.20.193.99:3300/0,v1:10.20.193.99:6789/0] conn(0x7f7cb81075c0 0x7f7cb81079c0 unknown :-1 s=BANNER_CONNECTING pgs=0 cs=0 l=0 rev1=0 crypto rx=0 tx=0 comp rx=0 tx=0)._handle_peer_banner_payload supported=3 required=0
2026-02-20T02:33:41.317 INFO:teuthology.orchestra.run.trial099.stdout:/usr/bin/ceph: stderr
2026-02-20T02:33:41.184+0000 7f7cbce42640 1 --2- >> [v2:10.20.193.99:3300/0,v1:10.20.193.99:6789/0] conn(0x7f7cb81075c0 0x7f7cb81079c0 unknown :-1 s=HELLO_CONNECTING pgs=0 cs=0 l=0 rev1=1 crypto rx=0 tx=0 comp rx=0 tx=0).handle_hello peer v2:10.20.193.99:3300/0 says I am v2:10.20.193.99:60658/0 (socket says 10.20.193.99:60658)
2026-02-20T02:33:41.318 INFO:teuthology.orchestra.run.trial099.stdout:/usr/bin/ceph: stderr
2026-02-20T02:33:41.184+0000 7f7cbce42640 1 -- 10.20.193.99:0/3443554834 learned_addr learned my addr 10.20.193.99:0/3443554834 (peer_addr_for_me v2:10.20.193.99:0/0)
2026-02-20T02:33:41.318 INFO:teuthology.orchestra.run.trial099.stdout:/usr/bin/ceph: stderr
2026-02-20T02:33:41.184+0000 7f7cbce42640 1 -- 10.20.193.99:0/3443554834 --> [v2:10.20.193.99:3300/0,v1:10.20.193.99:6789/0] -- mon_subscribe({config=0+,monmap=0+}) -- 0x7f7cb81087c0 con 0x7f7cb81075c0
2026-02-20T02:33:41.318 INFO:teuthology.orchestra.run.trial099.stdout:/usr/bin/ceph: stderr
2026-02-20T02:33:41.185+0000 7f7cbce42640 1 --2- 10.20.193.99:0/3443554834 >> [v2:10.20.193.99:3300/0,v1:10.20.193.99:6789/0] conn(0x7f7cb81075c0 0x7f7cb81079c0 secure :-1 s=READY pgs=47 cs=0 l=1 rev1=1 crypto rx=0x7f7ca8009920 tx=0x7f7ca802ef20 comp rx=0 tx=0).ready entity=mon.0 client_cookie=8d31f9c6e34564e6 server_cookie=0 in_seq=0 out_seq=0
2026-02-20T02:33:41.318 INFO:teuthology.orchestra.run.trial099.stdout:/usr/bin/ceph: stderr
2026-02-20T02:33:41.185+0000 7f7caf7fe640 1 -- 10.20.193.99:0/3443554834 <== mon.0 v2:10.20.193.99:3300/0 1 ==== mon_map magic: 0 ==== 205+0+0 (secure 0 0 0) 0x7f7ca803c070 con 0x7f7cb81075c0
2026-02-20T02:33:41.318 INFO:teuthology.orchestra.run.trial099.stdout:/usr/bin/ceph: stderr
2026-02-20T02:33:41.185+0000 7f7caf7fe640 1 -- 10.20.193.99:0/3443554834 <== mon.0 v2:10.20.193.99:3300/0 2 ==== config(25 keys) ==== 1007+0+0 (secure 0 0 0) 0x7f7ca8037440 con 0x7f7cb81075c0
2026-02-20T02:33:41.318 INFO:teuthology.orchestra.run.trial099.stdout:/usr/bin/ceph: stderr
2026-02-20T02:33:41.185+0000 7f7caf7fe640 1 -- 10.20.193.99:0/3443554834 <== mon.0 v2:10.20.193.99:3300/0 3 ==== mon_map magic: 0 ==== 205+0+0 (secure 0 0 0) 0x7f7ca80354d0 con 0x7f7cb81075c0
2026-02-20T02:33:41.318 INFO:teuthology.orchestra.run.trial099.stdout:/usr/bin/ceph: stderr
2026-02-20T02:33:41.186+0000 7f7cbf0cd640 1 -- 10.20.193.99:0/3443554834 >> [v2:10.20.193.99:3300/0,v1:10.20.193.99:6789/0] conn(0x7f7cb81075c0 msgr2=0x7f7cb81079c0 secure :-1 s=STATE_CONNECTION_ESTABLISHED l=1).mark_down
2026-02-20T02:33:41.318 INFO:teuthology.orchestra.run.trial099.stdout:/usr/bin/ceph: stderr
2026-02-20T02:33:41.186+0000 7f7cbf0cd640 1 --2- 10.20.193.99:0/3443554834 >> [v2:10.20.193.99:3300/0,v1:10.20.193.99:6789/0] conn(0x7f7cb81075c0 0x7f7cb81079c0 secure :-1 s=READY pgs=47 cs=0 l=1 rev1=1 crypto rx=0x7f7ca8009920 tx=0x7f7ca802ef20 comp rx=0 tx=0).stop
2026-02-20T02:33:41.318 INFO:teuthology.orchestra.run.trial099.stdout:/usr/bin/ceph: stderr
2026-02-20T02:33:41.186+0000 7f7cbf0cd640 1 -- 10.20.193.99:0/3443554834 shutdown_connections
2026-02-20T02:33:41.318 INFO:teuthology.orchestra.run.trial099.stdout:/usr/bin/ceph: stderr
2026-02-20T02:33:41.186+0000 7f7cbf0cd640 1 --2- 10.20.193.99:0/3443554834 >> [v2:10.20.193.99:3300/0,v1:10.20.193.99:6789/0] conn(0x7f7cb81075c0 0x7f7cb81079c0 unknown :-1 s=CLOSED pgs=47 cs=0 l=1 rev1=1 crypto rx=0 tx=0 comp rx=0 tx=0).stop
2026-02-20T02:33:41.319 INFO:teuthology.orchestra.run.trial099.stdout:/usr/bin/ceph: stderr
2026-02-20T02:33:41.186+0000 7f7cbf0cd640 1 -- 10.20.193.99:0/3443554834 >> 10.20.193.99:0/3443554834 conn(0x7f7cb8102d10 msgr2=0x7f7cb8105190 unknown :-1 s=STATE_NONE l=0).mark_down
2026-02-20T02:33:41.319 INFO:teuthology.orchestra.run.trial099.stdout:/usr/bin/ceph: stderr
2026-02-20T02:33:41.186+0000 7f7cbf0cd640 1 -- 10.20.193.99:0/3443554834 shutdown_connections
2026-02-20T02:33:41.319 INFO:teuthology.orchestra.run.trial099.stdout:/usr/bin/ceph: stderr
2026-02-20T02:33:41.186+0000 7f7cbf0cd640 1 -- 10.20.193.99:0/3443554834 wait complete.
2026-02-20T02:33:41.319 INFO:teuthology.orchestra.run.trial099.stdout:/usr/bin/ceph: stderr
2026-02-20T02:33:41.186+0000 7f7cbf0cd640 1 Processor -- start
2026-02-20T02:33:41.319 INFO:teuthology.orchestra.run.trial099.stdout:/usr/bin/ceph: stderr
2026-02-20T02:33:41.186+0000 7f7cbf0cd640 1 -- start start
2026-02-20T02:33:41.319 INFO:teuthology.orchestra.run.trial099.stdout:/usr/bin/ceph: stderr
2026-02-20T02:33:41.186+0000 7f7cbf0cd640 1 --2- >> [v2:10.20.193.99:3300/0,v1:10.20.193.99:6789/0] conn(0x7f7cb81075c0 0x7f7cb819d4f0 unknown :-1 s=NONE pgs=0 cs=0 l=1 rev1=0 crypto rx=0 tx=0 comp rx=0 tx=0).connect
2026-02-20T02:33:41.319 INFO:teuthology.orchestra.run.trial099.stdout:/usr/bin/ceph: stderr
2026-02-20T02:33:41.186+0000 7f7cbf0cd640 1 -- --> [v2:10.20.193.99:3300/0,v1:10.20.193.99:6789/0] -- mon_getmap magic: 0 -- 0x7f7cb810b9f0 con 0x7f7cb81075c0
2026-02-20T02:33:41.319 INFO:teuthology.orchestra.run.trial099.stdout:/usr/bin/ceph: stderr
2026-02-20T02:33:41.186+0000 7f7cbce42640 1 --2- >> [v2:10.20.193.99:3300/0,v1:10.20.193.99:6789/0] conn(0x7f7cb81075c0 0x7f7cb819d4f0 unknown :-1 s=BANNER_CONNECTING pgs=0 cs=0 l=1 rev1=0 crypto rx=0 tx=0 comp rx=0 tx=0)._handle_peer_banner_payload supported=3 required=0
2026-02-20T02:33:41.319 INFO:teuthology.orchestra.run.trial099.stdout:/usr/bin/ceph: stderr
2026-02-20T02:33:41.186+0000 7f7cbce42640 1 --2- >> [v2:10.20.193.99:3300/0,v1:10.20.193.99:6789/0] conn(0x7f7cb81075c0 0x7f7cb819d4f0 unknown :-1 s=HELLO_CONNECTING pgs=0 cs=0 l=1 rev1=1 crypto rx=0 tx=0 comp rx=0 tx=0).handle_hello peer v2:10.20.193.99:3300/0 says I am v2:10.20.193.99:60666/0 (socket says 10.20.193.99:60666)
2026-02-20T02:33:41.319 INFO:teuthology.orchestra.run.trial099.stdout:/usr/bin/ceph: stderr
2026-02-20T02:33:41.186+0000 7f7cbce42640 1 -- 10.20.193.99:0/1136395988 learned_addr learned my addr 10.20.193.99:0/1136395988 (peer_addr_for_me v2:10.20.193.99:0/0)
2026-02-20T02:33:41.319 INFO:teuthology.orchestra.run.trial099.stdout:/usr/bin/ceph: stderr
2026-02-20T02:33:41.186+0000 7f7cbce42640 1 -- 10.20.193.99:0/1136395988 --> [v2:10.20.193.99:3300/0,v1:10.20.193.99:6789/0] -- mon_subscribe({config=0+,monmap=0+}) -- 0x7f7cb819da30 con 0x7f7cb81075c0
2026-02-20T02:33:41.319 INFO:teuthology.orchestra.run.trial099.stdout:/usr/bin/ceph: stderr
2026-02-20T02:33:41.187+0000 7f7cbce42640 1 --2- 10.20.193.99:0/1136395988 >> [v2:10.20.193.99:3300/0,v1:10.20.193.99:6789/0] conn(0x7f7cb81075c0 0x7f7cb819d4f0 secure :-1 s=READY pgs=48 cs=0 l=1 rev1=1 crypto rx=0x7f7ca8037cd0 tx=0x7f7ca8035b10 comp rx=0 tx=0).ready entity=mon.0 client_cookie=0 server_cookie=0 in_seq=0 out_seq=0
2026-02-20T02:33:41.320 INFO:teuthology.orchestra.run.trial099.stdout:/usr/bin/ceph: stderr
2026-02-20T02:33:41.187+0000 7f7cadffb640 1 -- 10.20.193.99:0/1136395988 <== mon.0 v2:10.20.193.99:3300/0 1 ==== mon_map magic: 0 ==== 205+0+0 (secure 0 0 0) 0x7f7ca8045070 con 0x7f7cb81075c0
2026-02-20T02:33:41.320 INFO:teuthology.orchestra.run.trial099.stdout:/usr/bin/ceph: stderr
2026-02-20T02:33:41.187+0000 7f7cadffb640 1 -- 10.20.193.99:0/1136395988 <== mon.0 v2:10.20.193.99:3300/0 2 ==== config(25 keys) ==== 1007+0+0 (secure 0 0 0) 0x7f7ca8040450 con 0x7f7cb81075c0
2026-02-20T02:33:41.320 INFO:teuthology.orchestra.run.trial099.stdout:/usr/bin/ceph: stderr
2026-02-20T02:33:41.187+0000 7f7cbf0cd640 1 -- 10.20.193.99:0/1136395988 --> [v2:10.20.193.99:3300/0,v1:10.20.193.99:6789/0] -- mon_subscribe({mgrmap=0+}) -- 0x7f7cb819dcc0 con 0x7f7cb81075c0
2026-02-20T02:33:41.320 INFO:teuthology.orchestra.run.trial099.stdout:/usr/bin/ceph: stderr
2026-02-20T02:33:41.187+0000 7f7cadffb640 1 -- 10.20.193.99:0/1136395988 <== mon.0 v2:10.20.193.99:3300/0 3 ==== mon_map magic: 0 ==== 205+0+0 (secure 0 0 0) 0x7f7ca803c070 con 0x7f7cb81075c0
2026-02-20T02:33:41.320 INFO:teuthology.orchestra.run.trial099.stdout:/usr/bin/ceph: stderr
2026-02-20T02:33:41.187+0000 7f7cbf0cd640 1 -- 10.20.193.99:0/1136395988 --> [v2:10.20.193.99:3300/0,v1:10.20.193.99:6789/0] -- mon_subscribe({osdmap=0}) -- 0x7f7cb81a09b0 con 0x7f7cb81075c0
2026-02-20T02:33:41.320 INFO:teuthology.orchestra.run.trial099.stdout:/usr/bin/ceph: stderr
2026-02-20T02:33:41.187+0000 7f7cbf0cd640 1 -- 10.20.193.99:0/1136395988 --> [v2:10.20.193.99:3300/0,v1:10.20.193.99:6789/0] -- mon_command({"prefix": "get_command_descriptions"} v 0) -- 0x7f7cb8107a40 con 0x7f7cb81075c0
2026-02-20T02:33:41.320 INFO:teuthology.orchestra.run.trial099.stdout:/usr/bin/ceph: stderr
2026-02-20T02:33:41.187+0000 7f7cadffb640 1 -- 10.20.193.99:0/1136395988 <== mon.0 v2:10.20.193.99:3300/0 4 ==== mgrmap(e 8) ==== 50247+0+0 (secure 0 0 0) 0x7f7ca803e4e0 con 0x7f7cb81075c0
2026-02-20T02:33:41.320 INFO:teuthology.orchestra.run.trial099.stdout:/usr/bin/ceph: stderr
2026-02-20T02:33:41.187+0000 7f7cadffb640 1 --2- 10.20.193.99:0/1136395988 >> [v2:10.20.193.99:6800/2129081225,v1:10.20.193.99:6801/2129081225] conn(0x7f7c9403dbf0 0x7f7c940400b0 unknown :-1 s=NONE pgs=0 cs=0 l=1 rev1=0 crypto rx=0 tx=0 comp rx=0 tx=0).connect
2026-02-20T02:33:41.320 INFO:teuthology.orchestra.run.trial099.stdout:/usr/bin/ceph: stderr
2026-02-20T02:33:41.188+0000 7f7cadffb640 1 -- 10.20.193.99:0/1136395988 <== mon.0 v2:10.20.193.99:3300/0 5 ==== osd_map(2..2 src has 1..2) ==== 940+0+0 (secure 0 0 0) 0x7f7ca80766b0 con 0x7f7cb81075c0
2026-02-20T02:33:41.320 INFO:teuthology.orchestra.run.trial099.stdout:/usr/bin/ceph: stderr
2026-02-20T02:33:41.188+0000 7f7caffff640 1 --2- 10.20.193.99:0/1136395988 >> [v2:10.20.193.99:6800/2129081225,v1:10.20.193.99:6801/2129081225] conn(0x7f7c9403dbf0 0x7f7c940400b0 unknown :-1 s=BANNER_CONNECTING pgs=0 cs=0 l=1 rev1=0 crypto rx=0 tx=0 comp rx=0 tx=0)._handle_peer_banner_payload supported=3 required=0
2026-02-20T02:33:41.320 INFO:teuthology.orchestra.run.trial099.stdout:/usr/bin/ceph: stderr
2026-02-20T02:33:41.188+0000 7f7caffff640 1 --2- 10.20.193.99:0/1136395988 >> [v2:10.20.193.99:6800/2129081225,v1:10.20.193.99:6801/2129081225] conn(0x7f7c9403dbf0 0x7f7c940400b0 secure :-1 s=READY pgs=13 cs=0 l=1 rev1=1 crypto rx=0x7f7ca00099c0 tx=0x7f7ca0006eb0 comp rx=0 tx=0).ready entity=mgr.14118 client_cookie=0 server_cookie=0 in_seq=0 out_seq=0
2026-02-20T02:33:41.321 INFO:teuthology.orchestra.run.trial099.stdout:/usr/bin/ceph: stderr
2026-02-20T02:33:41.190+0000 7f7cadffb640 1 -- 10.20.193.99:0/1136395988 <== mon.0 v2:10.20.193.99:3300/0 6 ==== mon_command_ack([{"prefix": "get_command_descriptions"}]=0 v0) ==== 72+0+195341 (secure 0 0 0) 0x7f7ca8040900 con 0x7f7cb81075c0
2026-02-20T02:33:41.321 INFO:teuthology.orchestra.run.trial099.stdout:/usr/bin/ceph: stderr
2026-02-20T02:33:41.281+0000 7f7cbf0cd640 1 -- 10.20.193.99:0/1136395988 --> [v2:10.20.193.99:6800/2129081225,v1:10.20.193.99:6801/2129081225] -- mgr_command(tid 0: {"prefix": "orch apply", "service_type": "mgr", "unmanaged": true, "target": ["mon-mgr", ""]}) -- 0x7f7cb81040b0 con 0x7f7c9403dbf0
2026-02-20T02:33:41.321 INFO:teuthology.orchestra.run.trial099.stdout:/usr/bin/ceph: stderr
2026-02-20T02:33:41.285+0000 7f7cadffb640 1 -- 10.20.193.99:0/1136395988 <== mgr.14118 v2:10.20.193.99:6800/2129081225 1 ==== mgr_command_reply(tid 0: 0 ) ==== 8+0+24 (secure 0 0 0) 0x7f7cb81040b0 con 0x7f7c9403dbf0
2026-02-20T02:33:41.321 INFO:teuthology.orchestra.run.trial099.stdout:/usr/bin/ceph: stderr
2026-02-20T02:33:41.287+0000 7f7cbf0cd640 1 -- 10.20.193.99:0/1136395988 >> [v2:10.20.193.99:6800/2129081225,v1:10.20.193.99:6801/2129081225] conn(0x7f7c9403dbf0 msgr2=0x7f7c940400b0 secure :-1 s=STATE_CONNECTION_ESTABLISHED l=1).mark_down
2026-02-20T02:33:41.321 INFO:teuthology.orchestra.run.trial099.stdout:/usr/bin/ceph: stderr
2026-02-20T02:33:41.287+0000 7f7cbf0cd640 1 --2- 10.20.193.99:0/1136395988 >> [v2:10.20.193.99:6800/2129081225,v1:10.20.193.99:6801/2129081225] conn(0x7f7c9403dbf0 0x7f7c940400b0 secure :-1 s=READY pgs=13 cs=0 l=1 rev1=1 crypto rx=0x7f7ca00099c0 tx=0x7f7ca0006eb0 comp rx=0 tx=0).stop
2026-02-20T02:33:41.321 INFO:teuthology.orchestra.run.trial099.stdout:/usr/bin/ceph: stderr
2026-02-20T02:33:41.287+0000 7f7cbf0cd640 1 -- 10.20.193.99:0/1136395988 >> [v2:10.20.193.99:3300/0,v1:10.20.193.99:6789/0] conn(0x7f7cb81075c0 msgr2=0x7f7cb819d4f0 secure :-1 s=STATE_CONNECTION_ESTABLISHED l=1).mark_down
2026-02-20T02:33:41.321 INFO:teuthology.orchestra.run.trial099.stdout:/usr/bin/ceph: stderr
2026-02-20T02:33:41.287+0000 7f7cbf0cd640 1 --2- 10.20.193.99:0/1136395988 >> [v2:10.20.193.99:3300/0,v1:10.20.193.99:6789/0] conn(0x7f7cb81075c0 0x7f7cb819d4f0 secure :-1 s=READY pgs=48 cs=0 l=1 rev1=1 crypto rx=0x7f7ca8037cd0 tx=0x7f7ca8035b10 comp rx=0 tx=0).stop
2026-02-20T02:33:41.321 INFO:teuthology.orchestra.run.trial099.stdout:/usr/bin/ceph: stderr
2026-02-20T02:33:41.287+0000 7f7cbf0cd640 1 -- 10.20.193.99:0/1136395988 shutdown_connections
2026-02-20T02:33:41.321 INFO:teuthology.orchestra.run.trial099.stdout:/usr/bin/ceph: stderr
2026-02-20T02:33:41.287+0000 7f7cbf0cd640 1 --2- 10.20.193.99:0/1136395988 >> [v2:10.20.193.99:6800/2129081225,v1:10.20.193.99:6801/2129081225] conn(0x7f7c9403dbf0 0x7f7c940400b0 unknown :-1 s=CLOSED pgs=13 cs=0 l=1 rev1=1 crypto rx=0 tx=0 comp rx=0 tx=0).stop
2026-02-20T02:33:41.321 INFO:teuthology.orchestra.run.trial099.stdout:/usr/bin/ceph: stderr
2026-02-20T02:33:41.287+0000 7f7cbf0cd640 1 --2- 10.20.193.99:0/1136395988 >> [v2:10.20.193.99:3300/0,v1:10.20.193.99:6789/0] conn(0x7f7cb81075c0 0x7f7cb819d4f0 unknown :-1 s=CLOSED pgs=48 cs=0 l=1 rev1=1 crypto rx=0 tx=0 comp rx=0 tx=0).stop
2026-02-20T02:33:41.321 INFO:teuthology.orchestra.run.trial099.stdout:/usr/bin/ceph: stderr
2026-02-20T02:33:41.287+0000 7f7cbf0cd640 1 -- 10.20.193.99:0/1136395988 >> 10.20.193.99:0/1136395988 conn(0x7f7cb8102d10 msgr2=0x7f7cb81039a0 unknown :-1 s=STATE_NONE l=0).mark_down
2026-02-20T02:33:41.321 INFO:teuthology.orchestra.run.trial099.stdout:/usr/bin/ceph: stderr
2026-02-20T02:33:41.287+0000 7f7cbf0cd640 1 -- 10.20.193.99:0/1136395988 shutdown_connections
2026-02-20T02:33:41.322 INFO:teuthology.orchestra.run.trial099.stdout:/usr/bin/ceph: stderr
2026-02-20T02:33:41.287+0000 7f7cbf0cd640 1 -- 10.20.193.99:0/1136395988 wait complete.
2026-02-20T02:33:41.542 INFO:teuthology.orchestra.run.trial099.stdout:/usr/bin/ceph: stderr
2026-02-20T02:33:41.423+0000 7fcbc244a640 1 Processor -- start
2026-02-20T02:33:41.542 INFO:teuthology.orchestra.run.trial099.stdout:/usr/bin/ceph: stderr
2026-02-20T02:33:41.423+0000 7fcbc244a640 1 -- start start
2026-02-20T02:33:41.542 INFO:teuthology.orchestra.run.trial099.stdout:/usr/bin/ceph: stderr
2026-02-20T02:33:41.423+0000 7fcbc244a640 1 --2- >> [v2:10.20.193.99:3300/0,v1:10.20.193.99:6789/0] conn(0x7fcbbc109880 0x7fcbbc109c80 unknown :-1 s=NONE pgs=0 cs=0 l=0 rev1=0 crypto rx=0 tx=0 comp rx=0 tx=0).connect
2026-02-20T02:33:41.543 INFO:teuthology.orchestra.run.trial099.stdout:/usr/bin/ceph: stderr
2026-02-20T02:33:41.423+0000 7fcbc244a640 1 -- --> [v2:10.20.193.99:3300/0,v1:10.20.193.99:6789/0] -- mon_getmap magic: 0 -- 0x7fcbbc10a250 con 0x7fcbbc109880
2026-02-20T02:33:41.543 INFO:teuthology.orchestra.run.trial099.stdout:/usr/bin/ceph: stderr
2026-02-20T02:33:41.423+0000 7fcbbbfff640 1 --2- >> [v2:10.20.193.99:3300/0,v1:10.20.193.99:6789/0] conn(0x7fcbbc109880 0x7fcbbc109c80 unknown :-1 s=BANNER_CONNECTING pgs=0 cs=0 l=0 rev1=0 crypto rx=0 tx=0 comp rx=0 tx=0)._handle_peer_banner_payload supported=3 required=0
2026-02-20T02:33:41.543 INFO:teuthology.orchestra.run.trial099.stdout:/usr/bin/ceph: stderr
2026-02-20T02:33:41.423+0000 7fcbbbfff640 1 --2- >> [v2:10.20.193.99:3300/0,v1:10.20.193.99:6789/0] conn(0x7fcbbc109880 0x7fcbbc109c80 unknown :-1 s=HELLO_CONNECTING pgs=0 cs=0 l=0 rev1=1 crypto rx=0 tx=0 comp rx=0 tx=0).handle_hello peer v2:10.20.193.99:3300/0 says I am v2:10.20.193.99:60678/0 (socket says 10.20.193.99:60678)
2026-02-20T02:33:41.543 INFO:teuthology.orchestra.run.trial099.stdout:/usr/bin/ceph: stderr
2026-02-20T02:33:41.423+0000 7fcbbbfff640 1 -- 10.20.193.99:0/2709112479 learned_addr learned my addr 10.20.193.99:0/2709112479 (peer_addr_for_me v2:10.20.193.99:0/0)
2026-02-20T02:33:41.543 INFO:teuthology.orchestra.run.trial099.stdout:/usr/bin/ceph: stderr
2026-02-20T02:33:41.423+0000 7fcbbbfff640 1 -- 10.20.193.99:0/2709112479 --> [v2:10.20.193.99:3300/0,v1:10.20.193.99:6789/0] -- mon_subscribe({config=0+,monmap=0+}) -- 0x7fcbbc10aa80 con 0x7fcbbc109880
2026-02-20T02:33:41.543 INFO:teuthology.orchestra.run.trial099.stdout:/usr/bin/ceph: stderr
2026-02-20T02:33:41.424+0000 7fcbbbfff640 1 --2- 10.20.193.99:0/2709112479 >> [v2:10.20.193.99:3300/0,v1:10.20.193.99:6789/0] conn(0x7fcbbc109880 0x7fcbbc109c80 secure :-1 s=READY pgs=49 cs=0 l=1 rev1=1 crypto rx=0x7fcba8009920 tx=0x7fcba802ef20 comp rx=0 tx=0).ready entity=mon.0 client_cookie=44f2e443390591b0 server_cookie=0 in_seq=0 out_seq=0
2026-02-20T02:33:41.543 INFO:teuthology.orchestra.run.trial099.stdout:/usr/bin/ceph: stderr
2026-02-20T02:33:41.424+0000 7fcbbaffd640 1 -- 10.20.193.99:0/2709112479 <== mon.0 v2:10.20.193.99:3300/0 1 ==== mon_map magic: 0 ==== 205+0+0 (secure 0 0 0) 0x7fcba803c070 con 0x7fcbbc109880
2026-02-20T02:33:41.543 INFO:teuthology.orchestra.run.trial099.stdout:/usr/bin/ceph: stderr
2026-02-20T02:33:41.424+0000 7fcbbaffd640 1 -- 10.20.193.99:0/2709112479 <== mon.0 v2:10.20.193.99:3300/0 2 ==== config(25 keys) ==== 1038+0+0 (secure 0 0 0) 0x7fcba8037440 con 0x7fcbbc109880
2026-02-20T02:33:41.543 INFO:teuthology.orchestra.run.trial099.stdout:/usr/bin/ceph: stderr
2026-02-20T02:33:41.424+0000 7fcbbaffd640 1 -- 10.20.193.99:0/2709112479 <== mon.0 v2:10.20.193.99:3300/0 3 ==== mon_map magic: 0 ==== 205+0+0 (secure 0 0 0) 0x7fcba80354d0 con 0x7fcbbc109880
2026-02-20T02:33:41.543 INFO:teuthology.orchestra.run.trial099.stdout:/usr/bin/ceph: stderr
2026-02-20T02:33:41.424+0000 7fcbc244a640 1 -- 10.20.193.99:0/2709112479 >> [v2:10.20.193.99:3300/0,v1:10.20.193.99:6789/0] conn(0x7fcbbc109880 msgr2=0x7fcbbc109c80 secure :-1 s=STATE_CONNECTION_ESTABLISHED l=1).mark_down
2026-02-20T02:33:41.543 INFO:teuthology.orchestra.run.trial099.stdout:/usr/bin/ceph: stderr
2026-02-20T02:33:41.424+0000 7fcbc244a640 1 --2- 10.20.193.99:0/2709112479 >> [v2:10.20.193.99:3300/0,v1:10.20.193.99:6789/0] conn(0x7fcbbc109880 0x7fcbbc109c80 secure :-1 s=READY pgs=49 cs=0 l=1 rev1=1 crypto rx=0x7fcba8009920 tx=0x7fcba802ef20 comp rx=0 tx=0).stop
2026-02-20T02:33:41.544 INFO:teuthology.orchestra.run.trial099.stdout:/usr/bin/ceph: stderr
2026-02-20T02:33:41.424+0000 7fcbc244a640 1 -- 10.20.193.99:0/2709112479 shutdown_connections
2026-02-20T02:33:41.544 INFO:teuthology.orchestra.run.trial099.stdout:/usr/bin/ceph: stderr
2026-02-20T02:33:41.424+0000 7fcbc244a640 1 --2- 10.20.193.99:0/2709112479 >> [v2:10.20.193.99:3300/0,v1:10.20.193.99:6789/0] conn(0x7fcbbc109880 0x7fcbbc109c80 unknown :-1 s=CLOSED pgs=49 cs=0 l=1 rev1=1 crypto rx=0 tx=0 comp rx=0 tx=0).stop
2026-02-20T02:33:41.544 INFO:teuthology.orchestra.run.trial099.stdout:/usr/bin/ceph: stderr
2026-02-20T02:33:41.424+0000 7fcbc244a640 1 -- 10.20.193.99:0/2709112479 >> 10.20.193.99:0/2709112479 conn(0x7fcbbc07cf00 msgr2=0x7fcbbc07d310 unknown :-1 s=STATE_NONE l=0).mark_down
2026-02-20T02:33:41.544 INFO:teuthology.orchestra.run.trial099.stdout:/usr/bin/ceph: stderr
2026-02-20T02:33:41.424+0000 7fcbc244a640 1 -- 10.20.193.99:0/2709112479 shutdown_connections
2026-02-20T02:33:41.544 INFO:teuthology.orchestra.run.trial099.stdout:/usr/bin/ceph: stderr
2026-02-20T02:33:41.424+0000 7fcbc244a640 1 -- 10.20.193.99:0/2709112479 wait complete.
2026-02-20T02:33:41.544 INFO:teuthology.orchestra.run.trial099.stdout:/usr/bin/ceph: stderr
2026-02-20T02:33:41.424+0000 7fcbc244a640 1 Processor -- start
2026-02-20T02:33:41.544 INFO:teuthology.orchestra.run.trial099.stdout:/usr/bin/ceph: stderr
2026-02-20T02:33:41.425+0000 7fcbc244a640 1 -- start start
2026-02-20T02:33:41.544 INFO:teuthology.orchestra.run.trial099.stdout:/usr/bin/ceph: stderr
2026-02-20T02:33:41.425+0000 7fcbc244a640 1 --2- >> [v2:10.20.193.99:3300/0,v1:10.20.193.99:6789/0] conn(0x7fcbbc109880 0x7fcbbc19f760 unknown :-1 s=NONE pgs=0 cs=0 l=1 rev1=0 crypto rx=0 tx=0 comp rx=0 tx=0).connect
2026-02-20T02:33:41.544 INFO:teuthology.orchestra.run.trial099.stdout:/usr/bin/ceph: stderr
2026-02-20T02:33:41.425+0000 7fcbc244a640 1 -- --> [v2:10.20.193.99:3300/0,v1:10.20.193.99:6789/0] -- mon_getmap magic: 0 -- 0x7fcbbc10dcb0 con 0x7fcbbc109880
2026-02-20T02:33:41.544 INFO:teuthology.orchestra.run.trial099.stdout:/usr/bin/ceph: stderr
2026-02-20T02:33:41.425+0000 7fcbbbfff640 1 --2- >> [v2:10.20.193.99:3300/0,v1:10.20.193.99:6789/0] conn(0x7fcbbc109880 0x7fcbbc19f760 unknown :-1 s=BANNER_CONNECTING pgs=0 cs=0 l=1 rev1=0 crypto rx=0 tx=0 comp rx=0 tx=0)._handle_peer_banner_payload supported=3 required=0
2026-02-20T02:33:41.544 INFO:teuthology.orchestra.run.trial099.stdout:/usr/bin/ceph: stderr
2026-02-20T02:33:41.425+0000 7fcbbbfff640 1 --2- >> [v2:10.20.193.99:3300/0,v1:10.20.193.99:6789/0] conn(0x7fcbbc109880 0x7fcbbc19f760 unknown :-1 s=HELLO_CONNECTING pgs=0 cs=0 l=1 rev1=1 crypto rx=0 tx=0 comp rx=0 tx=0).handle_hello peer v2:10.20.193.99:3300/0 says I am v2:10.20.193.99:60692/0 (socket says 10.20.193.99:60692)
