2026-02-20T02:33:43.539+0000 7f1c9d8de640 1 --2- 10.20.193.99:0/67709757 >> [v2:10.20.193.99:3300/0,v1:10.20.193.99:6789/0] conn(0x7f1c98105850 0x7f1c98105c50 unknown :-1 s=CLOSED pgs=57 cs=0 l=1 rev1=1 crypto rx=0 tx=0 comp rx=0 tx=0).stop
2026-02-20T02:33:43.683 INFO:teuthology.orchestra.run.trial099.stdout:/usr/bin/ceph: stderr
2026-02-20T02:33:43.539+0000 7f1c9d8de640 1 -- 10.20.193.99:0/67709757 >> 10.20.193.99:0/67709757 conn(0x7f1c98101440 msgr2=0x7f1c98103860 unknown :-1 s=STATE_NONE l=0).mark_down
2026-02-20T02:33:43.683 INFO:teuthology.orchestra.run.trial099.stdout:/usr/bin/ceph: stderr
2026-02-20T02:33:43.540+0000 7f1c9d8de640 1 -- 10.20.193.99:0/67709757 shutdown_connections
2026-02-20T02:33:43.683 INFO:teuthology.orchestra.run.trial099.stdout:/usr/bin/ceph: stderr
2026-02-20T02:33:43.540+0000 7f1c9d8de640 1 -- 10.20.193.99:0/67709757 wait complete.
2026-02-20T02:33:43.683 INFO:teuthology.orchestra.run.trial099.stdout:/usr/bin/ceph: stderr
2026-02-20T02:33:43.540+0000 7f1c9d8de640 1 Processor -- start
2026-02-20T02:33:43.683 INFO:teuthology.orchestra.run.trial099.stdout:/usr/bin/ceph: stderr
2026-02-20T02:33:43.540+0000 7f1c9d8de640 1 -- start start
2026-02-20T02:33:43.683 INFO:teuthology.orchestra.run.trial099.stdout:/usr/bin/ceph: stderr
2026-02-20T02:33:43.540+0000 7f1c9d8de640 1 --2- >> [v2:10.20.193.99:3300/0,v1:10.20.193.99:6789/0] conn(0x7f1c98105850 0x7f1c9819f6a0 unknown :-1 s=NONE pgs=0 cs=0 l=1 rev1=0 crypto rx=0 tx=0 comp rx=0 tx=0).connect
2026-02-20T02:33:43.684 INFO:teuthology.orchestra.run.trial099.stdout:/usr/bin/ceph: stderr
2026-02-20T02:33:43.540+0000 7f1c9d8de640 1 -- --> [v2:10.20.193.99:3300/0,v1:10.20.193.99:6789/0] -- mon_getmap magic: 0 -- 0x7f1c98107360 con 0x7f1c98105850
2026-02-20T02:33:43.684 INFO:teuthology.orchestra.run.trial099.stdout:/usr/bin/ceph: stderr
2026-02-20T02:33:43.540+0000 7f1c96ffd640 1 --2- >> [v2:10.20.193.99:3300/0,v1:10.20.193.99:6789/0] conn(0x7f1c98105850 0x7f1c9819f6a0 unknown :-1 s=BANNER_CONNECTING pgs=0 cs=0 l=1 rev1=0 crypto rx=0 tx=0 comp rx=0 tx=0)._handle_peer_banner_payload supported=3 required=0
2026-02-20T02:33:43.684 INFO:teuthology.orchestra.run.trial099.stdout:/usr/bin/ceph: stderr
2026-02-20T02:33:43.540+0000 7f1c96ffd640 1 --2- >> [v2:10.20.193.99:3300/0,v1:10.20.193.99:6789/0] conn(0x7f1c98105850 0x7f1c9819f6a0 unknown :-1 s=HELLO_CONNECTING pgs=0 cs=0 l=1 rev1=1 crypto rx=0 tx=0 comp rx=0 tx=0).handle_hello peer v2:10.20.193.99:3300/0 says I am v2:10.20.193.99:60774/0 (socket says 10.20.193.99:60774)
2026-02-20T02:33:43.684 INFO:teuthology.orchestra.run.trial099.stdout:/usr/bin/ceph: stderr
2026-02-20T02:33:43.540+0000 7f1c96ffd640 1 -- 10.20.193.99:0/3543288008 learned_addr learned my addr 10.20.193.99:0/3543288008 (peer_addr_for_me v2:10.20.193.99:0/0)
2026-02-20T02:33:43.684 INFO:teuthology.orchestra.run.trial099.stdout:/usr/bin/ceph: stderr
2026-02-20T02:33:43.540+0000 7f1c96ffd640 1 -- 10.20.193.99:0/3543288008 --> [v2:10.20.193.99:3300/0,v1:10.20.193.99:6789/0] -- mon_subscribe({config=0+,monmap=0+}) -- 0x7f1c9819fbe0 con 0x7f1c98105850
2026-02-20T02:33:43.684 INFO:teuthology.orchestra.run.trial099.stdout:/usr/bin/ceph: stderr
2026-02-20T02:33:43.540+0000 7f1c96ffd640 1 --2- 10.20.193.99:0/3543288008 >> [v2:10.20.193.99:3300/0,v1:10.20.193.99:6789/0] conn(0x7f1c98105850 0x7f1c9819f6a0 secure :-1 s=READY pgs=58 cs=0 l=1 rev1=1 crypto rx=0x7f1c8c037820 tx=0x7f1c8c037850 comp rx=0 tx=0).ready entity=mon.0 client_cookie=0 server_cookie=0 in_seq=0 out_seq=0
2026-02-20T02:33:43.684 INFO:teuthology.orchestra.run.trial099.stdout:/usr/bin/ceph: stderr
2026-02-20T02:33:43.540+0000 7f1c9c8dc640 1 -- 10.20.193.99:0/3543288008 <== mon.0 v2:10.20.193.99:3300/0 1 ==== mon_map magic: 0 ==== 205+0+0 (secure 0 0 0) 0x7f1c8c047070 con 0x7f1c98105850
2026-02-20T02:33:43.684 INFO:teuthology.orchestra.run.trial099.stdout:/usr/bin/ceph: stderr
2026-02-20T02:33:43.540+0000 7f1c9d8de640 1 -- 10.20.193.99:0/3543288008 --> [v2:10.20.193.99:3300/0,v1:10.20.193.99:6789/0] -- mon_subscribe({mgrmap=0+}) -- 0x7f1c9819fe70 con 0x7f1c98105850
2026-02-20T02:33:43.684 INFO:teuthology.orchestra.run.trial099.stdout:/usr/bin/ceph: stderr
2026-02-20T02:33:43.540+0000 7f1c9c8dc640 1 -- 10.20.193.99:0/3543288008 <== mon.0 v2:10.20.193.99:3300/0 2 ==== config(25 keys) ==== 1038+0+0 (secure 0 0 0) 0x7f1c8c035e50 con 0x7f1c98105850
2026-02-20T02:33:43.684 INFO:teuthology.orchestra.run.trial099.stdout:/usr/bin/ceph: stderr
2026-02-20T02:33:43.540+0000 7f1c9c8dc640 1 -- 10.20.193.99:0/3543288008 <== mon.0 v2:10.20.193.99:3300/0 3 ==== mon_map magic: 0 ==== 205+0+0 (secure 0 0 0) 0x7f1c8c03c070 con 0x7f1c98105850
2026-02-20T02:33:43.684 INFO:teuthology.orchestra.run.trial099.stdout:/usr/bin/ceph: stderr
2026-02-20T02:33:43.540+0000 7f1c9d8de640 1 -- 10.20.193.99:0/3543288008 --> [v2:10.20.193.99:3300/0,v1:10.20.193.99:6789/0] -- mon_subscribe({osdmap=0}) -- 0x7f1c981a2b60 con 0x7f1c98105850
2026-02-20T02:33:43.684 INFO:teuthology.orchestra.run.trial099.stdout:/usr/bin/ceph: stderr
2026-02-20T02:33:43.541+0000 7f1c9d8de640 1 -- 10.20.193.99:0/3543288008 --> [v2:10.20.193.99:3300/0,v1:10.20.193.99:6789/0] -- mon_command({"prefix": "get_command_descriptions"} v 0) -- 0x7f1c98105c50 con 0x7f1c98105850
2026-02-20T02:33:43.684 INFO:teuthology.orchestra.run.trial099.stdout:/usr/bin/ceph: stderr
2026-02-20T02:33:43.541+0000 7f1c9c8dc640 1 -- 10.20.193.99:0/3543288008 <== mon.0 v2:10.20.193.99:3300/0 4 ==== mgrmap(e 9) ==== 50260+0+0 (secure 0 0 0) 0x7f1c8c0359e0 con 0x7f1c98105850
2026-02-20T02:33:43.685 INFO:teuthology.orchestra.run.trial099.stdout:/usr/bin/ceph: stderr
2026-02-20T02:33:43.541+0000 7f1c9c8dc640 1 --2- 10.20.193.99:0/3543288008 >> [v2:10.20.193.99:6800/2129081225,v1:10.20.193.99:6801/2129081225] conn(0x7f1c6c03dbf0 0x7f1c6c0400b0 unknown :-1 s=NONE pgs=0 cs=0 l=1 rev1=0 crypto rx=0 tx=0 comp rx=0 tx=0).connect
2026-02-20T02:33:43.685 INFO:teuthology.orchestra.run.trial099.stdout:/usr/bin/ceph: stderr
2026-02-20T02:33:43.541+0000 7f1c9c8dc640 1 -- 10.20.193.99:0/3543288008 <== mon.0 v2:10.20.193.99:3300/0 5 ==== osd_map(2..2 src has 1..2) ==== 940+0+0 (secure 0 0 0) 0x7f1c8c076dc0 con 0x7f1c98105850
2026-02-20T02:33:43.685 INFO:teuthology.orchestra.run.trial099.stdout:/usr/bin/ceph: stderr
2026-02-20T02:33:43.541+0000 7f1c967fc640 1 -- 10.20.193.99:0/3543288008 >> [v2:10.20.193.99:6800/2129081225,v1:10.20.193.99:6801/2129081225] conn(0x7f1c6c03dbf0 msgr2=0x7f1c6c0400b0 unknown :-1 s=STATE_CONNECTING_RE l=1).process reconnect failed to v2:10.20.193.99:6800/2129081225
2026-02-20T02:33:43.685 INFO:teuthology.orchestra.run.trial099.stdout:/usr/bin/ceph: stderr
2026-02-20T02:33:43.541+0000 7f1c967fc640 1 --2- 10.20.193.99:0/3543288008 >> [v2:10.20.193.99:6800/2129081225,v1:10.20.193.99:6801/2129081225] conn(0x7f1c6c03dbf0 0x7f1c6c0400b0 unknown :-1 s=START_CONNECT pgs=0 cs=0 l=1 rev1=0 crypto rx=0 tx=0 comp rx=0 tx=0)._fault waiting 0.200000
2026-02-20T02:33:43.685 INFO:teuthology.orchestra.run.trial099.stdout:/usr/bin/ceph: stderr
2026-02-20T02:33:43.544+0000 7f1c9c8dc640 1 -- 10.20.193.99:0/3543288008 <== mon.0 v2:10.20.193.99:3300/0 6 ==== mon_command_ack([{"prefix": "get_command_descriptions"}]=0 v0) ==== 72+0+195341 (secure 0 0 0) 0x7f1c8c047d80 con 0x7f1c98105850
2026-02-20T02:33:43.685 INFO:teuthology.orchestra.run.trial099.stdout:/usr/bin/ceph: stderr
2026-02-20T02:33:43.650+0000 7f1c9d8de640 1 -- 10.20.193.99:0/3543288008 --> [v2:10.20.193.99:3300/0,v1:10.20.193.99:6789/0] -- mon_command({"prefix": "mgr stat"} v 0) -- 0x7f1c98198580 con 0x7f1c98105850
2026-02-20T02:33:43.685 INFO:teuthology.orchestra.run.trial099.stdout:/usr/bin/ceph: stderr
2026-02-20T02:33:43.650+0000 7f1c9c8dc640 1 -- 10.20.193.99:0/3543288008 <== mon.0 v2:10.20.193.99:3300/0 7 ==== mon_command_ack([{"prefix": "mgr stat"}]=0 v9) ==== 56+0+88 (secure 0 0 0) 0x7f1c8c076710 con 0x7f1c98105850
2026-02-20T02:33:43.685 INFO:teuthology.orchestra.run.trial099.stdout:/usr/bin/ceph: stderr
2026-02-20T02:33:43.652+0000 7f1c9d8de640 1 -- 10.20.193.99:0/3543288008 >> [v2:10.20.193.99:6800/2129081225,v1:10.20.193.99:6801/2129081225] conn(0x7f1c6c03dbf0 msgr2=0x7f1c6c0400b0 unknown :-1 s=STATE_CONNECTING l=1).mark_down
2026-02-20T02:33:43.685 INFO:teuthology.orchestra.run.trial099.stdout:/usr/bin/ceph: stderr
2026-02-20T02:33:43.652+0000 7f1c9d8de640 1 --2- 10.20.193.99:0/3543288008 >> [v2:10.20.193.99:6800/2129081225,v1:10.20.193.99:6801/2129081225] conn(0x7f1c6c03dbf0 0x7f1c6c0400b0 unknown :-1 s=START_CONNECT pgs=0 cs=0 l=1 rev1=0 crypto rx=0 tx=0 comp rx=0 tx=0).stop
2026-02-20T02:33:43.685 INFO:teuthology.orchestra.run.trial099.stdout:/usr/bin/ceph: stderr
2026-02-20T02:33:43.652+0000 7f1c9d8de640 1 -- 10.20.193.99:0/3543288008 >> [v2:10.20.193.99:3300/0,v1:10.20.193.99:6789/0] conn(0x7f1c98105850 msgr2=0x7f1c9819f6a0 secure :-1 s=STATE_CONNECTION_ESTABLISHED l=1).mark_down
2026-02-20T02:33:43.685 INFO:teuthology.orchestra.run.trial099.stdout:/usr/bin/ceph: stderr
2026-02-20T02:33:43.652+0000 7f1c9d8de640 1 --2- 10.20.193.99:0/3543288008 >> [v2:10.20.193.99:3300/0,v1:10.20.193.99:6789/0] conn(0x7f1c98105850 0x7f1c9819f6a0 secure :-1 s=READY pgs=58 cs=0 l=1 rev1=1 crypto rx=0x7f1c8c037820 tx=0x7f1c8c037850 comp rx=0 tx=0).stop
2026-02-20T02:33:43.686 INFO:teuthology.orchestra.run.trial099.stdout:/usr/bin/ceph: stderr
2026-02-20T02:33:43.652+0000 7f1c9d8de640 1 -- 10.20.193.99:0/3543288008 shutdown_connections
2026-02-20T02:33:43.686 INFO:teuthology.orchestra.run.trial099.stdout:/usr/bin/ceph: stderr
2026-02-20T02:33:43.652+0000 7f1c9d8de640 1 --2- 10.20.193.99:0/3543288008 >> [v2:10.20.193.99:6800/2129081225,v1:10.20.193.99:6801/2129081225] conn(0x7f1c6c03dbf0 0x7f1c6c0400b0 unknown :-1 s=CLOSED pgs=0 cs=0 l=1 rev1=0 crypto rx=0 tx=0 comp rx=0 tx=0).stop
2026-02-20T02:33:43.686 INFO:teuthology.orchestra.run.trial099.stdout:/usr/bin/ceph: stderr
2026-02-20T02:33:43.652+0000 7f1c9d8de640 1 --2- 10.20.193.99:0/3543288008 >> [v2:10.20.193.99:3300/0,v1:10.20.193.99:6789/0] conn(0x7f1c98105850 0x7f1c9819f6a0 unknown :-1 s=CLOSED pgs=58 cs=0 l=1 rev1=1 crypto rx=0 tx=0 comp rx=0 tx=0).stop
2026-02-20T02:33:43.686 INFO:teuthology.orchestra.run.trial099.stdout:/usr/bin/ceph: stderr
2026-02-20T02:33:43.652+0000 7f1c9d8de640 1 -- 10.20.193.99:0/3543288008 >> 10.20.193.99:0/3543288008 conn(0x7f1c98101440 msgr2=0x7f1c98195c60 unknown :-1 s=STATE_NONE l=0).mark_down
2026-02-20T02:33:43.686 INFO:teuthology.orchestra.run.trial099.stdout:/usr/bin/ceph: stderr
2026-02-20T02:33:43.652+0000 7f1c9d8de640 1 -- 10.20.193.99:0/3543288008 shutdown_connections
2026-02-20T02:33:43.686 INFO:teuthology.orchestra.run.trial099.stdout:/usr/bin/ceph: stderr
2026-02-20T02:33:43.652+0000 7f1c9d8de640 1 -- 10.20.193.99:0/3543288008 wait complete.
2026-02-20T02:33:43.686 INFO:teuthology.orchestra.run.trial099.stdout:Waiting for the mgr to restart...
2026-02-20T02:33:43.686 INFO:teuthology.orchestra.run.trial099.stdout:Waiting for mgr epoch 9...
2026-02-20T02:33:43.925 INFO:journalctl@ceph.mon.a.trial099.stdout:Feb 20 02:33:43 trial099 ceph-mon[38738]: from='client.? 10.20.193.99:0/3931496460' entity='client.admin' cmd='[{"prefix": "mgr module enable", "module": "dashboard"}]': finished
2026-02-20T02:33:43.925 INFO:journalctl@ceph.mon.a.trial099.stdout:Feb 20 02:33:43 trial099 ceph-mon[38738]: mgrmap e9: x(active, since 5s)
2026-02-20T02:33:43.925 INFO:journalctl@ceph.mon.a.trial099.stdout:Feb 20 02:33:43 trial099 ceph-mon[38738]: from='client.? 10.20.193.99:0/3543288008' entity='client.admin' cmd=[{"prefix": "mgr stat"}]: dispatch
2026-02-20T02:33:43.925 INFO:journalctl@ceph.mgr.x.trial099.stdout:Feb 20 02:33:43 trial099 ceph-7e7ad249-0e04-11f1-b567-d404e6e7d460-mgr-x[39004]: /lib64/python3.9/site-packages/scipy/__init__.py:73: UserWarning: NumPy was imported from a Python sub-interpreter but NumPy does not properly support sub-interpreters. This will likely work for most users but might cause hard to track down issues or subtle bugs. A common user of the rare sub-interpreter feature is wsgi which also allows single-interpreter mode.
2026-02-20T02:33:43.925 INFO:journalctl@ceph.mgr.x.trial099.stdout:Feb 20 02:33:43 trial099 ceph-7e7ad249-0e04-11f1-b567-d404e6e7d460-mgr-x[39004]: Improvements in the case of bugs are welcome, but is not on the NumPy roadmap, and full support may require significant effort to achieve.
2026-02-20T02:33:43.925 INFO:journalctl@ceph.mgr.x.trial099.stdout:Feb 20 02:33:43 trial099 ceph-7e7ad249-0e04-11f1-b567-d404e6e7d460-mgr-x[39004]: from numpy import show_config as show_numpy_config
2026-02-20T02:33:43.925 INFO:journalctl@ceph.mgr.x.trial099.stdout:Feb 20 02:33:43 trial099 ceph-7e7ad249-0e04-11f1-b567-d404e6e7d460-mgr-x[39004]:
2026-02-20T02:33:43.660+0000 7f265203a140 -1 mgr[py] Module diskprediction_local has missing NOTIFY_TYPES member
2026-02-20T02:33:43.925 INFO:journalctl@ceph.mgr.x.trial099.stdout:Feb 20 02:33:43 trial099 ceph-7e7ad249-0e04-11f1-b567-d404e6e7d460-mgr-x[39004]:
2026-02-20T02:33:43.697+0000 7f265203a140 -1 mgr[py] Module status has missing NOTIFY_TYPES member
2026-02-20T02:33:43.926 INFO:journalctl@ceph.mgr.x.trial099.stdout:Feb 20 02:33:43 trial099 ceph-7e7ad249-0e04-11f1-b567-d404e6e7d460-mgr-x[39004]:
2026-02-20T02:33:43.796+0000 7f265203a140 -1 mgr[py] Module rgw has missing NOTIFY_TYPES member
2026-02-20T02:33:43.926 INFO:journalctl@ceph.mgr.x.trial099.stdout:Feb 20 02:33:43 trial099 ceph-7e7ad249-0e04-11f1-b567-d404e6e7d460-mgr-x[39004]:
2026-02-20T02:33:43.856+0000 7f265203a140 -1 mgr[py] Module iostat has missing NOTIFY_TYPES member
2026-02-20T02:33:43.926 INFO:journalctl@ceph.mgr.x.trial099.stdout:Feb 20 02:33:43 trial099 ceph-7e7ad249-0e04-11f1-b567-d404e6e7d460-mgr-x[39004]:
2026-02-20T02:33:43.890+0000 7f265203a140 -1 mgr[py] Module pg_autoscaler has missing NOTIFY_TYPES member
2026-02-20T02:33:43.926 INFO:journalctl@ceph.mgr.x.trial099.stdout:Feb 20 02:33:43 trial099 ceph-7e7ad249-0e04-11f1-b567-d404e6e7d460-mgr-x[39004]:
2026-02-20T02:33:43.923+0000 7f265203a140 -1 mgr[py] Module osd_perf_query has missing NOTIFY_TYPES member
2026-02-20T02:33:44.224 INFO:journalctl@ceph.mgr.x.trial099.stdout:Feb 20 02:33:43 trial099 ceph-7e7ad249-0e04-11f1-b567-d404e6e7d460-mgr-x[39004]:
2026-02-20T02:33:43.958+0000 7f265203a140 -1 mgr[py] Module crash has missing NOTIFY_TYPES member
2026-02-20T02:33:44.224 INFO:journalctl@ceph.mgr.x.trial099.stdout:Feb 20 02:33:43 trial099 ceph-7e7ad249-0e04-11f1-b567-d404e6e7d460-mgr-x[39004]:
2026-02-20T02:33:43.988+0000 7f265203a140 -1 mgr[py] Module progress has missing NOTIFY_TYPES member
2026-02-20T02:33:44.224 INFO:journalctl@ceph.mgr.x.trial099.stdout:Feb 20 02:33:44 trial099 ceph-7e7ad249-0e04-11f1-b567-d404e6e7d460-mgr-x[39004]:
2026-02-20T02:33:44.222+0000 7f265203a140 -1 mgr[py] Module rook has missing NOTIFY_TYPES member
2026-02-20T02:33:44.478 INFO:journalctl@ceph.mgr.x.trial099.stdout:Feb 20 02:33:44 trial099 ceph-7e7ad249-0e04-11f1-b567-d404e6e7d460-mgr-x[39004]:
2026-02-20T02:33:44.321+0000 7f265203a140 -1 mgr[py] Module nfs has missing NOTIFY_TYPES member
2026-02-20T02:33:44.479 INFO:journalctl@ceph.mgr.x.trial099.stdout:Feb 20 02:33:44 trial099 ceph-7e7ad249-0e04-11f1-b567-d404e6e7d460-mgr-x[39004]:
2026-02-20T02:33:44.352+0000 7f265203a140 -1 mgr[py] Module telegraf has missing NOTIFY_TYPES member
2026-02-20T02:33:44.479 INFO:journalctl@ceph.mgr.x.trial099.stdout:Feb 20 02:33:44 trial099 ceph-7e7ad249-0e04-11f1-b567-d404e6e7d460-mgr-x[39004]:
2026-02-20T02:33:44.383+0000 7f265203a140 -1 mgr[py] Module selftest has missing NOTIFY_TYPES member
2026-02-20T02:33:44.479 INFO:journalctl@ceph.mgr.x.trial099.stdout:Feb 20 02:33:44 trial099 ceph-7e7ad249-0e04-11f1-b567-d404e6e7d460-mgr-x[39004]:
2026-02-20T02:33:44.476+0000 7f265203a140 -1 mgr[py] Module test_orchestrator has missing NOTIFY_TYPES member
2026-02-20T02:33:44.860 INFO:journalctl@ceph.mgr.x.trial099.stdout:Feb 20 02:33:44 trial099 ceph-7e7ad249-0e04-11f1-b567-d404e6e7d460-mgr-x[39004]:
2026-02-20T02:33:44.505+0000 7f265203a140 -1 mgr[py] Module osd_support has missing NOTIFY_TYPES member
2026-02-20T02:33:44.860 INFO:journalctl@ceph.mgr.x.trial099.stdout:Feb 20 02:33:44 trial099 ceph-7e7ad249-0e04-11f1-b567-d404e6e7d460-mgr-x[39004]:
2026-02-20T02:33:44.597+0000 7f265203a140 -1 mgr[py] Module orchestrator has missing NOTIFY_TYPES member
2026-02-20T02:33:45.360 INFO:journalctl@ceph.mgr.x.trial099.stdout:Feb 20 02:33:45 trial099 ceph-7e7ad249-0e04-11f1-b567-d404e6e7d460-mgr-x[39004]:
2026-02-20T02:33:45.061+0000 7f265203a140 -1 mgr[py] Module volumes has missing NOTIFY_TYPES member
2026-02-20T02:33:45.360 INFO:journalctl@ceph.mgr.x.trial099.stdout:Feb 20 02:33:45 trial099 ceph-7e7ad249-0e04-11f1-b567-d404e6e7d460-mgr-x[39004]:
2026-02-20T02:33:45.091+0000 7f265203a140 -1 mgr[py] Module zabbix has missing NOTIFY_TYPES member
2026-02-20T02:33:45.851 INFO:journalctl@ceph.mgr.x.trial099.stdout:Feb 20 02:33:45 trial099 ceph-7e7ad249-0e04-11f1-b567-d404e6e7d460-mgr-x[39004]:
2026-02-20T02:33:45.490+0000 7f265203a140 -1 mgr[py] Module influx has missing NOTIFY_TYPES member
2026-02-20T02:33:45.852 INFO:journalctl@ceph.mon.a.trial099.stdout:Feb 20 02:33:45 trial099 ceph-mon[38738]: Active manager daemon x restarted
2026-02-20T02:33:45.852 INFO:journalctl@ceph.mon.a.trial099.stdout:Feb 20 02:33:45 trial099 ceph-mon[38738]: Activating manager daemon x
2026-02-20T02:33:45.852 INFO:journalctl@ceph.mon.a.trial099.stdout:Feb 20 02:33:45 trial099 ceph-mon[38738]: osdmap e3: 0 total, 0 up, 0 in
2026-02-20T02:33:45.852 INFO:journalctl@ceph.mon.a.trial099.stdout:Feb 20 02:33:45 trial099 ceph-mon[38738]: mgrmap e10: x(active, starting, since 0.00259594s)
2026-02-20T02:33:45.852 INFO:journalctl@ceph.mon.a.trial099.stdout:Feb 20 02:33:45 trial099 ceph-mon[38738]: from='mgr.14150 10.20.193.99:0/3068475762' entity='mgr.x' cmd=[{"prefix": "mon metadata", "id": "a"}]: dispatch
2026-02-20T02:33:45.852 INFO:journalctl@ceph.mon.a.trial099.stdout:Feb 20 02:33:45 trial099 ceph-mon[38738]: from='mgr.14150 10.20.193.99:0/3068475762' entity='mgr.x' cmd=[{"prefix": "mgr metadata", "who": "x", "id": "x"}]: dispatch
2026-02-20T02:33:45.853 INFO:journalctl@ceph.mon.a.trial099.stdout:Feb 20 02:33:45 trial099 ceph-mon[38738]: from='mgr.14150 10.20.193.99:0/3068475762' entity='mgr.x' cmd=[{"prefix": "mds metadata"}]: dispatch
2026-02-20T02:33:45.853 INFO:journalctl@ceph.mon.a.trial099.stdout:Feb 20 02:33:45 trial099 ceph-mon[38738]: from='mgr.14150 10.20.193.99:0/3068475762' entity='mgr.x' cmd=[{"prefix": "osd metadata"}]: dispatch
2026-02-20T02:33:45.853 INFO:journalctl@ceph.mon.a.trial099.stdout:Feb 20 02:33:45 trial099 ceph-mon[38738]: from='mgr.14150 10.20.193.99:0/3068475762' entity='mgr.x' cmd=[{"prefix": "mon metadata"}]: dispatch
2026-02-20T02:33:45.853 INFO:journalctl@ceph.mon.a.trial099.stdout:Feb 20 02:33:45 trial099 ceph-mon[38738]: Manager daemon x is now available
2026-02-20T02:33:45.853 INFO:journalctl@ceph.mon.a.trial099.stdout:Feb 20 02:33:45 trial099 ceph-mon[38738]: from='mgr.14150 10.20.193.99:0/3068475762' entity='mgr.x' cmd=[{"prefix": "config dump", "format": "json"}]: dispatch
2026-02-20T02:33:45.853 INFO:journalctl@ceph.mon.a.trial099.stdout:Feb 20 02:33:45 trial099 ceph-mon[38738]: from='mgr.14150 10.20.193.99:0/3068475762' entity='mgr.x' cmd=[{"prefix":"config rm","who":"mgr","name":"mgr/rbd_support/x/mirror_snapshot_schedule"}]: dispatch
2026-02-20T02:33:45.853 INFO:journalctl@ceph.mon.a.trial099.stdout:Feb 20 02:33:45 trial099 ceph-mon[38738]: from='mgr.14150 10.20.193.99:0/3068475762' entity='mgr.x' cmd=[{"prefix":"config rm","who":"mgr","name":"mgr/rbd_support/x/trash_purge_schedule"}]: dispatch
2026-02-20T02:33:46.552 INFO:teuthology.orchestra.run.trial099.stdout:/usr/bin/ceph: stdout {
2026-02-20T02:33:46.553 INFO:teuthology.orchestra.run.trial099.stdout:/usr/bin/ceph: stdout "mgrmap_epoch": 11,
2026-02-20T02:33:46.553 INFO:teuthology.orchestra.run.trial099.stdout:/usr/bin/ceph: stdout "initialized": true
2026-02-20T02:33:46.553 INFO:teuthology.orchestra.run.trial099.stdout:/usr/bin/ceph: stdout }
2026-02-20T02:33:46.553 INFO:teuthology.orchestra.run.trial099.stdout:/usr/bin/ceph: stderr
2026-02-20T02:33:43.778+0000 7ffa68d00640 1 Processor -- start
2026-02-20T02:33:46.554 INFO:teuthology.orchestra.run.trial099.stdout:/usr/bin/ceph: stderr
2026-02-20T02:33:43.778+0000 7ffa68d00640 1 -- start start
2026-02-20T02:33:46.554 INFO:teuthology.orchestra.run.trial099.stdout:/usr/bin/ceph: stderr
2026-02-20T02:33:43.778+0000 7ffa68d00640 1 --2- >> [v2:10.20.193.99:3300/0,v1:10.20.193.99:6789/0] conn(0x7ffa64108160 0x7ffa6410a550 unknown :-1 s=NONE pgs=0 cs=0 l=0 rev1=0 crypto rx=0 tx=0 comp rx=0 tx=0).connect
2026-02-20T02:33:46.554 INFO:teuthology.orchestra.run.trial099.stdout:/usr/bin/ceph: stderr
2026-02-20T02:33:43.778+0000 7ffa68d00640 1 -- --> [v2:10.20.193.99:3300/0,v1:10.20.193.99:6789/0] -- mon_getmap magic: 0 -- 0x7ffa6407b6e0 con 0x7ffa64108160
2026-02-20T02:33:46.554 INFO:teuthology.orchestra.run.trial099.stdout:/usr/bin/ceph: stderr
2026-02-20T02:33:43.778+0000 7ffa62575640 1 --2- >> [v2:10.20.193.99:3300/0,v1:10.20.193.99:6789/0] conn(0x7ffa64108160 0x7ffa6410a550 unknown :-1 s=BANNER_CONNECTING pgs=0 cs=0 l=0 rev1=0 crypto rx=0 tx=0 comp rx=0 tx=0)._handle_peer_banner_payload supported=3 required=0
2026-02-20T02:33:46.554 INFO:teuthology.orchestra.run.trial099.stdout:/usr/bin/ceph: stderr
2026-02-20T02:33:43.778+0000 7ffa62575640 1 --2- >> [v2:10.20.193.99:3300/0,v1:10.20.193.99:6789/0] conn(0x7ffa64108160 0x7ffa6410a550 unknown :-1 s=HELLO_CONNECTING pgs=0 cs=0 l=0 rev1=1 crypto rx=0 tx=0 comp rx=0 tx=0).handle_hello peer v2:10.20.193.99:3300/0 says I am v2:10.20.193.99:60776/0 (socket says 10.20.193.99:60776)
2026-02-20T02:33:46.554 INFO:teuthology.orchestra.run.trial099.stdout:/usr/bin/ceph: stderr
2026-02-20T02:33:43.778+0000 7ffa62575640 1 -- 10.20.193.99:0/2372382033 learned_addr learned my addr 10.20.193.99:0/2372382033 (peer_addr_for_me v2:10.20.193.99:0/0)
2026-02-20T02:33:46.555 INFO:teuthology.orchestra.run.trial099.stdout:/usr/bin/ceph: stderr
2026-02-20T02:33:43.778+0000 7ffa62575640 1 -- 10.20.193.99:0/2372382033 --> [v2:10.20.193.99:3300/0,v1:10.20.193.99:6789/0] -- mon_subscribe({config=0+,monmap=0+}) -- 0x7ffa6410aa90 con 0x7ffa64108160
2026-02-20T02:33:46.555 INFO:teuthology.orchestra.run.trial099.stdout:/usr/bin/ceph: stderr
2026-02-20T02:33:43.779+0000 7ffa62575640 1 --2- 10.20.193.99:0/2372382033 >> [v2:10.20.193.99:3300/0,v1:10.20.193.99:6789/0] conn(0x7ffa64108160 0x7ffa6410a550 secure :-1 s=READY pgs=59 cs=0 l=1 rev1=1 crypto rx=0x7ffa58009920 tx=0x7ffa5802ef20 comp rx=0 tx=0).ready entity=mon.0 client_cookie=62ff40d2bbf62223 server_cookie=0 in_seq=0 out_seq=0
2026-02-20T02:33:46.555 INFO:teuthology.orchestra.run.trial099.stdout:/usr/bin/ceph: stderr
2026-02-20T02:33:43.779+0000 7ffa61573640 1 -- 10.20.193.99:0/2372382033 <== mon.0 v2:10.20.193.99:3300/0 1 ==== mon_map magic: 0 ==== 205+0+0 (secure 0 0 0) 0x7ffa5803c070 con 0x7ffa64108160
2026-02-20T02:33:46.555 INFO:teuthology.orchestra.run.trial099.stdout:/usr/bin/ceph: stderr
2026-02-20T02:33:43.779+0000 7ffa61573640 1 -- 10.20.193.99:0/2372382033 <== mon.0 v2:10.20.193.99:3300/0 2 ==== config(25 keys) ==== 1038+0+0 (secure 0 0 0) 0x7ffa58037440 con 0x7ffa64108160
2026-02-20T02:33:46.555 INFO:teuthology.orchestra.run.trial099.stdout:/usr/bin/ceph: stderr
2026-02-20T02:33:43.779+0000 7ffa61573640 1 -- 10.20.193.99:0/2372382033 <== mon.0 v2:10.20.193.99:3300/0 3 ==== mon_map magic: 0 ==== 205+0+0 (secure 0 0 0) 0x7ffa580354d0 con 0x7ffa64108160
2026-02-20T02:33:46.555 INFO:teuthology.orchestra.run.trial099.stdout:/usr/bin/ceph: stderr
2026-02-20T02:33:43.779+0000 7ffa68d00640 1 -- 10.20.193.99:0/2372382033 >> [v2:10.20.193.99:3300/0,v1:10.20.193.99:6789/0] conn(0x7ffa64108160 msgr2=0x7ffa6410a550 secure :-1 s=STATE_CONNECTION_ESTABLISHED l=1).mark_down
2026-02-20T02:33:46.555 INFO:teuthology.orchestra.run.trial099.stdout:/usr/bin/ceph: stderr
2026-02-20T02:33:43.779+0000 7ffa68d00640 1 --2- 10.20.193.99:0/2372382033 >> [v2:10.20.193.99:3300/0,v1:10.20.193.99:6789/0] conn(0x7ffa64108160 0x7ffa6410a550 secure :-1 s=READY pgs=59 cs=0 l=1 rev1=1 crypto rx=0x7ffa58009920 tx=0x7ffa5802ef20 comp rx=0 tx=0).stop
2026-02-20T02:33:46.556 INFO:teuthology.orchestra.run.trial099.stdout:/usr/bin/ceph: stderr
2026-02-20T02:33:43.779+0000 7ffa68d00640 1 -- 10.20.193.99:0/2372382033 shutdown_connections
2026-02-20T02:33:46.556 INFO:teuthology.orchestra.run.trial099.stdout:/usr/bin/ceph: stderr
2026-02-20T02:33:43.779+0000 7ffa68d00640 1 --2- 10.20.193.99:0/2372382033 >> [v2:10.20.193.99:3300/0,v1:10.20.193.99:6789/0] conn(0x7ffa64108160 0x7ffa6410a550 unknown :-1 s=CLOSED pgs=59 cs=0 l=1 rev1=1 crypto rx=0 tx=0 comp rx=0 tx=0).stop
2026-02-20T02:33:46.556 INFO:teuthology.orchestra.run.trial099.stdout:/usr/bin/ceph: stderr
2026-02-20T02:33:43.779+0000 7ffa68d00640 1 -- 10.20.193.99:0/2372382033 >> 10.20.193.99:0/2372382033 conn(0x7ffa64101ce0 msgr2=0x7ffa64104100 unknown :-1 s=STATE_NONE l=0).mark_down
2026-02-20T02:33:46.556 INFO:teuthology.orchestra.run.trial099.stdout:/usr/bin/ceph: stderr
2026-02-20T02:33:43.779+0000 7ffa68d00640 1 -- 10.20.193.99:0/2372382033 shutdown_connections
2026-02-20T02:33:46.556 INFO:teuthology.orchestra.run.trial099.stdout:/usr/bin/ceph: stderr
2026-02-20T02:33:43.779+0000 7ffa68d00640 1 -- 10.20.193.99:0/2372382033 wait complete.
2026-02-20T02:33:46.556 INFO:teuthology.orchestra.run.trial099.stdout:/usr/bin/ceph: stderr
2026-02-20T02:33:43.780+0000 7ffa68d00640 1 Processor -- start
2026-02-20T02:33:46.556 INFO:teuthology.orchestra.run.trial099.stdout:/usr/bin/ceph: stderr
2026-02-20T02:33:43.780+0000 7ffa68d00640 1 -- start start
2026-02-20T02:33:46.556 INFO:teuthology.orchestra.run.trial099.stdout:/usr/bin/ceph: stderr
2026-02-20T02:33:43.780+0000 7ffa68d00640 1 --2- >> [v2:10.20.193.99:3300/0,v1:10.20.193.99:6789/0] conn(0x7ffa64108160 0x7ffa6419f700 unknown :-1 s=NONE pgs=0 cs=0 l=1 rev1=0 crypto rx=0 tx=0 comp rx=0 tx=0).connect
2026-02-20T02:33:46.556 INFO:teuthology.orchestra.run.trial099.stdout:/usr/bin/ceph: stderr
2026-02-20T02:33:43.780+0000 7ffa68d00640 1 -- --> [v2:10.20.193.99:3300/0,v1:10.20.193.99:6789/0] -- mon_getmap magic: 0 -- 0x7ffa6410b940 con 0x7ffa64108160
2026-02-20T02:33:46.556 INFO:teuthology.orchestra.run.trial099.stdout:/usr/bin/ceph: stderr
2026-02-20T02:33:43.780+0000 7ffa62575640 1 --2- >> [v2:10.20.193.99:3300/0,v1:10.20.193.99:6789/0] conn(0x7ffa64108160 0x7ffa6419f700 unknown :-1 s=BANNER_CONNECTING pgs=0 cs=0 l=1 rev1=0 crypto rx=0 tx=0 comp rx=0 tx=0)._handle_peer_banner_payload supported=3 required=0
2026-02-20T02:33:46.556 INFO:teuthology.orchestra.run.trial099.stdout:/usr/bin/ceph: stderr
2026-02-20T02:33:43.780+0000 7ffa62575640 1 --2- >> [v2:10.20.193.99:3300/0,v1:10.20.193.99:6789/0] conn(0x7ffa64108160 0x7ffa6419f700 unknown :-1 s=HELLO_CONNECTING pgs=0 cs=0 l=1 rev1=1 crypto rx=0 tx=0 comp rx=0 tx=0).handle_hello peer v2:10.20.193.99:3300/0 says I am v2:10.20.193.99:60778/0 (socket says 10.20.193.99:60778)
2026-02-20T02:33:46.557 INFO:teuthology.orchestra.run.trial099.stdout:/usr/bin/ceph: stderr
2026-02-20T02:33:43.780+0000 7ffa62575640 1 -- 10.20.193.99:0/1843871839 learned_addr learned my addr 10.20.193.99:0/1843871839 (peer_addr_for_me v2:10.20.193.99:0/0)
2026-02-20T02:33:46.557 INFO:teuthology.orchestra.run.trial099.stdout:/usr/bin/ceph: stderr
2026-02-20T02:33:43.780+0000 7ffa62575640 1 -- 10.20.193.99:0/1843871839 --> [v2:10.20.193.99:3300/0,v1:10.20.193.99:6789/0] -- mon_subscribe({config=0+,monmap=0+}) -- 0x7ffa6419fc40 con 0x7ffa64108160
2026-02-20T02:33:46.557 INFO:teuthology.orchestra.run.trial099.stdout:/usr/bin/ceph: stderr
2026-02-20T02:33:43.780+0000 7ffa62575640 1 --2- 10.20.193.99:0/1843871839 >> [v2:10.20.193.99:3300/0,v1:10.20.193.99:6789/0] conn(0x7ffa64108160 0x7ffa6419f700 secure :-1 s=READY pgs=60 cs=0 l=1 rev1=1 crypto rx=0x7ffa58037820 tx=0x7ffa58037850 comp rx=0 tx=0).ready entity=mon.0 client_cookie=0 server_cookie=0 in_seq=0 out_seq=0
2026-02-20T02:33:46.557 INFO:teuthology.orchestra.run.trial099.stdout:/usr/bin/ceph: stderr
2026-02-20T02:33:43.780+0000 7ffa4b7fe640 1 -- 10.20.193.99:0/1843871839 <== mon.0 v2:10.20.193.99:3300/0 1 ==== mon_map magic: 0 ==== 205+0+0 (secure 0 0 0) 0x7ffa58047070 con 0x7ffa64108160
2026-02-20T02:33:46.557 INFO:teuthology.orchestra.run.trial099.stdout:/usr/bin/ceph: stderr
2026-02-20T02:33:43.780+0000 7ffa68d00640 1 -- 10.20.193.99:0/1843871839 --> [v2:10.20.193.99:3300/0,v1:10.20.193.99:6789/0] -- mon_subscribe({mgrmap=0+}) -- 0x7ffa6419fed0 con 0x7ffa64108160
2026-02-20T02:33:46.557 INFO:teuthology.orchestra.run.trial099.stdout:/usr/bin/ceph: stderr
2026-02-20T02:33:43.780+0000 7ffa4b7fe640 1 -- 10.20.193.99:0/1843871839 <== mon.0 v2:10.20.193.99:3300/0 2 ==== config(25 keys) ==== 1038+0+0 (secure 0 0 0) 0x7ffa58035e50 con 0x7ffa64108160
2026-02-20T02:33:46.557 INFO:teuthology.orchestra.run.trial099.stdout:/usr/bin/ceph: stderr
2026-02-20T02:33:43.780+0000 7ffa4b7fe640 1 -- 10.20.193.99:0/1843871839 <== mon.0 v2:10.20.193.99:3300/0 3 ==== mon_map magic: 0 ==== 205+0+0 (secure 0 0 0) 0x7ffa5803c070 con 0x7ffa64108160
2026-02-20T02:33:46.557 INFO:teuthology.orchestra.run.trial099.stdout:/usr/bin/ceph: stderr
2026-02-20T02:33:43.780+0000 7ffa68d00640 1 -- 10.20.193.99:0/1843871839 --> [v2:10.20.193.99:3300/0,v1:10.20.193.99:6789/0] -- mon_subscribe({osdmap=0}) -- 0x7ffa641a2bc0 con 0x7ffa64108160
2026-02-20T02:33:46.557 INFO:teuthology.orchestra.run.trial099.stdout:/usr/bin/ceph: stderr
2026-02-20T02:33:43.781+0000 7ffa4b7fe640 1 -- 10.20.193.99:0/1843871839 <== mon.0 v2:10.20.193.99:3300/0 4 ==== mgrmap(e 9) ==== 50260+0+0 (secure 0 0 0) 0x7ffa580359e0 con 0x7ffa64108160
2026-02-20T02:33:46.557 INFO:teuthology.orchestra.run.trial099.stdout:/usr/bin/ceph: stderr
2026-02-20T02:33:43.781+0000 7ffa4b7fe640 1 --2- 10.20.193.99:0/1843871839 >> [v2:10.20.193.99:6800/2129081225,v1:10.20.193.99:6801/2129081225] conn(0x7ffa3c03dbf0 0x7ffa3c0400b0 unknown :-1 s=NONE pgs=0 cs=0 l=1 rev1=0 crypto rx=0 tx=0 comp rx=0 tx=0).connect
2026-02-20T02:33:46.557 INFO:teuthology.orchestra.run.trial099.stdout:/usr/bin/ceph: stderr
2026-02-20T02:33:43.781+0000 7ffa4b7fe640 1 -- 10.20.193.99:0/1843871839 --> [v2:10.20.193.99:6800/2129081225,v1:10.20.193.99:6801/2129081225] -- command(tid 0: {"prefix": "get_command_descriptions"}) -- 0x7ffa3c0407c0 con 0x7ffa3c03dbf0
2026-02-20T02:33:46.558 INFO:teuthology.orchestra.run.trial099.stdout:/usr/bin/ceph: stderr
2026-02-20T02:33:43.781+0000 7ffa4b7fe640 1 -- 10.20.193.99:0/1843871839 <== mon.0 v2:10.20.193.99:3300/0 5 ==== osd_map(2..2 src has 1..2) ==== 940+0+0 (secure 0 0 0) 0x7ffa58076d00 con 0x7ffa64108160
2026-02-20T02:33:46.558 INFO:teuthology.orchestra.run.trial099.stdout:/usr/bin/ceph: stderr
2026-02-20T02:33:43.781+0000 7ffa61d74640 1 -- 10.20.193.99:0/1843871839 >> [v2:10.20.193.99:6800/2129081225,v1:10.20.193.99:6801/2129081225] conn(0x7ffa3c03dbf0 msgr2=0x7ffa3c0400b0 unknown :-1 s=STATE_CONNECTING_RE l=1).process reconnect failed to v2:10.20.193.99:6800/2129081225
2026-02-20T02:33:46.558 INFO:teuthology.orchestra.run.trial099.stdout:/usr/bin/ceph: stderr
2026-02-20T02:33:43.781+0000 7ffa61d74640 1 --2- 10.20.193.99:0/1843871839 >> [v2:10.20.193.99:6800/2129081225,v1:10.20.193.99:6801/2129081225] conn(0x7ffa3c03dbf0 0x7ffa3c0400b0 unknown :-1 s=START_CONNECT pgs=0 cs=0 l=1 rev1=0 crypto rx=0 tx=0 comp rx=0 tx=0)._fault waiting 0.200000
2026-02-20T02:33:46.558 INFO:teuthology.orchestra.run.trial099.stdout:/usr/bin/ceph: stderr
2026-02-20T02:33:43.982+0000 7ffa61d74640 1 -- 10.20.193.99:0/1843871839 >> [v2:10.20.193.99:6800/2129081225,v1:10.20.193.99:6801/2129081225] conn(0x7ffa3c03dbf0 msgr2=0x7ffa3c0400b0 unknown :-1 s=STATE_CONNECTING_RE l=1).process reconnect failed to v2:10.20.193.99:6800/2129081225
2026-02-20T02:33:46.558 INFO:teuthology.orchestra.run.trial099.stdout:/usr/bin/ceph: stderr
2026-02-20T02:33:43.982+0000 7ffa61d74640 1 --2- 10.20.193.99:0/1843871839 >> [v2:10.20.193.99:6800/2129081225,v1:10.20.193.99:6801/2129081225] conn(0x7ffa3c03dbf0 0x7ffa3c0400b0 unknown :-1 s=START_CONNECT pgs=0 cs=0 l=1 rev1=0 crypto rx=0 tx=0 comp rx=0 tx=0)._fault waiting 0.400000
2026-02-20T02:33:46.558 INFO:teuthology.orchestra.run.trial099.stdout:/usr/bin/ceph: stderr
2026-02-20T02:33:44.383+0000 7ffa61d74640 1 -- 10.20.193.99:0/1843871839 >> [v2:10.20.193.99:6800/2129081225,v1:10.20.193.99:6801/2129081225] conn(0x7ffa3c03dbf0 msgr2=0x7ffa3c0400b0 unknown :-1 s=STATE_CONNECTING_RE l=1).process reconnect failed to v2:10.20.193.99:6800/2129081225
2026-02-20T02:33:46.558 INFO:teuthology.orchestra.run.trial099.stdout:/usr/bin/ceph: stderr
2026-02-20T02:33:44.383+0000 7ffa61d74640 1 --2- 10.20.193.99:0/1843871839 >> [v2:10.20.193.99:6800/2129081225,v1:10.20.193.99:6801/2129081225] conn(0x7ffa3c03dbf0 0x7ffa3c0400b0 unknown :-1 s=START_CONNECT pgs=0 cs=0 l=1 rev1=0 crypto rx=0 tx=0 comp rx=0 tx=0)._fault waiting 0.800000
2026-02-20T02:33:46.558 INFO:teuthology.orchestra.run.trial099.stdout:/usr/bin/ceph: stderr
2026-02-20T02:33:45.184+0000 7ffa61d74640 1 -- 10.20.193.99:0/1843871839 >> [v2:10.20.193.99:6800/2129081225,v1:10.20.193.99:6801/2129081225] conn(0x7ffa3c03dbf0 msgr2=0x7ffa3c0400b0 unknown :-1 s=STATE_CONNECTING_RE l=1).process reconnect failed to v2:10.20.193.99:6800/2129081225
2026-02-20T02:33:46.558 INFO:teuthology.orchestra.run.trial099.stdout:/usr/bin/ceph: stderr
2026-02-20T02:33:45.184+0000 7ffa61d74640 1 --2- 10.20.193.99:0/1843871839 >> [v2:10.20.193.99:6800/2129081225,v1:10.20.193.99:6801/2129081225] conn(0x7ffa3c03dbf0 0x7ffa3c0400b0 unknown :-1 s=START_CONNECT pgs=0 cs=0 l=1 rev1=0 crypto rx=0 tx=0 comp rx=0 tx=0)._fault waiting 1.600000
2026-02-20T02:33:46.558 INFO:teuthology.orchestra.run.trial099.stdout:/usr/bin/ceph: stderr
2026-02-20T02:33:45.493+0000 7ffa4b7fe640 1 -- 10.20.193.99:0/1843871839 <== mon.0 v2:10.20.193.99:3300/0 6 ==== mgrmap(e 10) ==== 50027+0+0 (secure 0 0 0) 0x7ffa580757b0 con 0x7ffa64108160
2026-02-20T02:33:46.558 INFO:teuthology.orchestra.run.trial099.stdout:/usr/bin/ceph: stderr
2026-02-20T02:33:45.493+0000 7ffa4b7fe640 1 -- 10.20.193.99:0/1843871839 >> [v2:10.20.193.99:6800/2129081225,v1:10.20.193.99:6801/2129081225] conn(0x7ffa3c03dbf0 msgr2=0x7ffa3c0400b0 unknown :-1 s=STATE_CONNECTING l=1).mark_down
2026-02-20T02:33:46.559 INFO:teuthology.orchestra.run.trial099.stdout:/usr/bin/ceph: stderr
2026-02-20T02:33:45.493+0000 7ffa4b7fe640 1 --2- 10.20.193.99:0/1843871839 >> [v2:10.20.193.99:6800/2129081225,v1:10.20.193.99:6801/2129081225] conn(0x7ffa3c03dbf0 0x7ffa3c0400b0 unknown :-1 s=START_CONNECT pgs=0 cs=0 l=1 rev1=0 crypto rx=0 tx=0 comp rx=0 tx=0).stop
2026-02-20T02:33:46.559 INFO:teuthology.orchestra.run.trial099.stdout:/usr/bin/ceph: stderr
2026-02-20T02:33:46.495+0000 7ffa4b7fe640 1 -- 10.20.193.99:0/1843871839 <== mon.0 v2:10.20.193.99:3300/0 7 ==== mgrmap(e 11) ==== 50154+0+0 (secure 0 0 0) 0x7ffa58075eb0 con 0x7ffa64108160
2026-02-20T02:33:46.559 INFO:teuthology.orchestra.run.trial099.stdout:/usr/bin/ceph: stderr
2026-02-20T02:33:46.495+0000 7ffa4b7fe640 1 --2- 10.20.193.99:0/1843871839 >> [v2:10.20.193.99:6800/3699152816,v1:10.20.193.99:6801/3699152816] conn(0x7ffa3c0416d0 0x7ffa3c043ac0 unknown :-1 s=NONE pgs=0 cs=0 l=1 rev1=0 crypto rx=0 tx=0 comp rx=0 tx=0).connect
2026-02-20T02:33:46.559 INFO:teuthology.orchestra.run.trial099.stdout:/usr/bin/ceph: stderr
2026-02-20T02:33:46.495+0000 7ffa4b7fe640 1 -- 10.20.193.99:0/1843871839 --> [v2:10.20.193.99:6800/3699152816,v1:10.20.193.99:6801/3699152816] -- command(tid 0: {"prefix": "get_command_descriptions"}) -- 0x7ffa3c0407c0 con 0x7ffa3c0416d0
2026-02-20T02:33:46.559 INFO:teuthology.orchestra.run.trial099.stdout:/usr/bin/ceph: stderr
2026-02-20T02:33:46.495+0000 7ffa61d74640 1 --2- 10.20.193.99:0/1843871839 >> [v2:10.20.193.99:6800/3699152816,v1:10.20.193.99:6801/3699152816] conn(0x7ffa3c0416d0 0x7ffa3c043ac0 unknown :-1 s=BANNER_CONNECTING pgs=0 cs=0 l=1 rev1=0 crypto rx=0 tx=0 comp rx=0 tx=0)._handle_peer_banner_payload supported=3 required=0
2026-02-20T02:33:46.559 INFO:teuthology.orchestra.run.trial099.stdout:/usr/bin/ceph: stderr
2026-02-20T02:33:46.495+0000 7ffa61d74640 1 --2- 10.20.193.99:0/1843871839 >> [v2:10.20.193.99:6800/3699152816,v1:10.20.193.99:6801/3699152816] conn(0x7ffa3c0416d0 0x7ffa3c043ac0 secure :-1 s=READY pgs=3 cs=0 l=1 rev1=1 crypto rx=0x7ffa4c003a80 tx=0x7ffa4c009290 comp rx=0 tx=0).ready entity=mgr.14150 client_cookie=0 server_cookie=0 in_seq=0 out_seq=0
2026-02-20T02:33:46.559 INFO:teuthology.orchestra.run.trial099.stdout:/usr/bin/ceph: stderr
2026-02-20T02:33:46.496+0000 7ffa4b7fe640 1 -- 10.20.193.99:0/1843871839 <== mgr.14150 v2:10.20.193.99:6800/3699152816 1 ==== command_reply(tid 0: 0 ) ==== 8+0+8901 (secure 0 0 0) 0x7ffa3c0407c0 con 0x7ffa3c0416d0
2026-02-20T02:33:46.559 INFO:teuthology.orchestra.run.trial099.stdout:/usr/bin/ceph: stderr
2026-02-20T02:33:46.499+0000 7ffa68d00640 1 -- 10.20.193.99:0/1843871839 --> [v2:10.20.193.99:6800/3699152816,v1:10.20.193.99:6801/3699152816] -- command(tid 1: {"prefix": "mgr_status"}) -- 0x7ffa641085c0 con 0x7ffa3c0416d0
2026-02-20T02:33:46.559 INFO:teuthology.orchestra.run.trial099.stdout:/usr/bin/ceph: stderr
2026-02-20T02:33:46.499+0000 7ffa4b7fe640 1 -- 10.20.193.99:0/1843871839 <== mgr.14150 v2:10.20.193.99:6800/3699152816 2 ==== command_reply(tid 1: 0 ) ==== 8+0+52 (secure 0 0 0) 0x7ffa641085c0 con 0x7ffa3c0416d0
2026-02-20T02:33:46.559 INFO:teuthology.orchestra.run.trial099.stdout:/usr/bin/ceph: stderr
2026-02-20T02:33:46.500+0000 7ffa68d00640 1 -- 10.20.193.99:0/1843871839 >> [v2:10.20.193.99:6800/3699152816,v1:10.20.193.99:6801/3699152816] conn(0x7ffa3c0416d0 msgr2=0x7ffa3c043ac0 secure :-1 s=STATE_CONNECTION_ESTABLISHED l=1).mark_down
2026-02-20T02:33:46.559 INFO:teuthology.orchestra.run.trial099.stdout:/usr/bin/ceph: stderr
2026-02-20T02:33:46.500+0000 7ffa68d00640 1 --2- 10.20.193.99:0/1843871839 >> [v2:10.20.193.99:6800/3699152816,v1:10.20.193.99:6801/3699152816] conn(0x7ffa3c0416d0 0x7ffa3c043ac0 secure :-1 s=READY pgs=3 cs=0 l=1 rev1=1 crypto rx=0x7ffa4c003a80 tx=0x7ffa4c009290 comp rx=0 tx=0).stop
2026-02-20T02:33:46.559 INFO:teuthology.orchestra.run.trial099.stdout:/usr/bin/ceph: stderr
2026-02-20T02:33:46.500+0000 7ffa68d00640 1 -- 10.20.193.99:0/1843871839 >> [v2:10.20.193.99:3300/0,v1:10.20.193.99:6789/0] conn(0x7ffa64108160 msgr2=0x7ffa6419f700 secure :-1 s=STATE_CONNECTION_ESTABLISHED l=1).mark_down
2026-02-20T02:33:46.560 INFO:teuthology.orchestra.run.trial099.stdout:/usr/bin/ceph: stderr
2026-02-20T02:33:46.500+0000 7ffa68d00640 1 --2- 10.20.193.99:0/1843871839 >> [v2:10.20.193.99:3300/0,v1:10.20.193.99:6789/0] conn(0x7ffa64108160 0x7ffa6419f700 secure :-1 s=READY pgs=60 cs=0 l=1 rev1=1 crypto rx=0x7ffa58037820 tx=0x7ffa58037850 comp rx=0 tx=0).stop
2026-02-20T02:33:46.560 INFO:teuthology.orchestra.run.trial099.stdout:/usr/bin/ceph: stderr
2026-02-20T02:33:46.500+0000 7ffa68d00640 1 -- 10.20.193.99:0/1843871839 shutdown_connections
2026-02-20T02:33:46.560 INFO:teuthology.orchestra.run.trial099.stdout:/usr/bin/ceph: stderr
2026-02-20T02:33:46.500+0000 7ffa68d00640 1 --2- 10.20.193.99:0/1843871839 >> [v2:10.20.193.99:6800/3699152816,v1:10.20.193.99:6801/3699152816] conn(0x7ffa3c0416d0 0x7ffa3c043ac0 unknown :-1 s=CLOSED pgs=3 cs=0 l=1 rev1=1 crypto rx=0 tx=0 comp rx=0 tx=0).stop
2026-02-20T02:33:46.560 INFO:teuthology.orchestra.run.trial099.stdout:/usr/bin/ceph: stderr
2026-02-20T02:33:46.500+0000 7ffa68d00640 1 --2- 10.20.193.99:0/1843871839 >> [v2:10.20.193.99:6800/2129081225,v1:10.20.193.99:6801/2129081225] conn(0x7ffa3c03dbf0 0x7ffa3c0400b0 unknown :-1 s=CLOSED pgs=0 cs=0 l=1 rev1=0 crypto rx=0 tx=0 comp rx=0 tx=0).stop
2026-02-20T02:33:46.560 INFO:teuthology.orchestra.run.trial099.stdout:/usr/bin/ceph: stderr
2026-02-20T02:33:46.500+0000 7ffa68d00640 1 --2- 10.20.193.99:0/1843871839 >> [v2:10.20.193.99:3300/0,v1:10.20.193.99:6789/0] conn(0x7ffa64108160 0x7ffa6419f700 unknown :-1 s=CLOSED pgs=60 cs=0 l=1 rev1=1 crypto rx=0 tx=0 comp rx=0 tx=0).stop
2026-02-20T02:33:46.560 INFO:teuthology.orchestra.run.trial099.stdout:/usr/bin/ceph: stderr
2026-02-20T02:33:46.500+0000 7ffa68d00640 1 -- 10.20.193.99:0/1843871839 >> 10.20.193.99:0/1843871839 conn(0x7ffa64101ce0 msgr2=0x7ffa641028e0 unknown :-1 s=STATE_NONE l=0).mark_down
2026-02-20T02:33:46.560 INFO:teuthology.orchestra.run.trial099.stdout:/usr/bin/ceph: stderr
2026-02-20T02:33:46.500+0000 7ffa68d00640 1 -- 10.20.193.99:0/1843871839 shutdown_connections
2026-02-20T02:33:46.560 INFO:teuthology.orchestra.run.trial099.stdout:/usr/bin/ceph: stderr
2026-02-20T02:33:46.500+0000 7ffa68d00640 1 -- 10.20.193.99:0/1843871839 wait complete.
2026-02-20T02:33:46.560 INFO:teuthology.orchestra.run.trial099.stdout:mgr epoch 9 is available
2026-02-20T02:33:46.560 INFO:teuthology.orchestra.run.trial099.stdout:Generating a dashboard self-signed certificate...
2026-02-20T02:33:46.792 INFO:teuthology.orchestra.run.trial099.stdout:/usr/bin/ceph: stdout Self-signed certificate created
2026-02-20T02:33:46.792 INFO:teuthology.orchestra.run.trial099.stdout:/usr/bin/ceph: stderr
2026-02-20T02:33:46.635+0000 7f785ca82640 1 Processor -- start
2026-02-20T02:33:46.792 INFO:teuthology.orchestra.run.trial099.stdout:/usr/bin/ceph: stderr
2026-02-20T02:33:46.635+0000 7f785ca82640 1 -- start start
2026-02-20T02:33:46.793 INFO:teuthology.orchestra.run.trial099.stdout:/usr/bin/ceph: stderr
2026-02-20T02:33:46.636+0000 7f785ca82640 1 --2- >> [v2:10.20.193.99:3300/0,v1:10.20.193.99:6789/0] conn(0x7f7858109880 0x7f7858109c80 unknown :-1 s=NONE pgs=0 cs=0 l=0 rev1=0 crypto rx=0 tx=0 comp rx=0 tx=0).connect
2026-02-20T02:33:46.793 INFO:teuthology.orchestra.run.trial099.stdout:/usr/bin/ceph: stderr
2026-02-20T02:33:46.636+0000 7f785ca82640 1 -- --> [v2:10.20.193.99:3300/0,v1:10.20.193.99:6789/0] -- mon_getmap magic: 0 -- 0x7f785810a250 con 0x7f7858109880
2026-02-20T02:33:46.793 INFO:teuthology.orchestra.run.trial099.stdout:/usr/bin/ceph: stderr
2026-02-20T02:33:46.636+0000 7f7856575640 1 --2- >> [v2:10.20.193.99:3300/0,v1:10.20.193.99:6789/0] conn(0x7f7858109880 0x7f7858109c80 unknown :-1 s=BANNER_CONNECTING pgs=0 cs=0 l=0 rev1=0 crypto rx=0 tx=0 comp rx=0 tx=0)._handle_peer_banner_payload supported=3 required=0
2026-02-20T02:33:46.793 INFO:teuthology.orchestra.run.trial099.stdout:/usr/bin/ceph: stderr
2026-02-20T02:33:46.636+0000 7f7856575640 1 --2- >> [v2:10.20.193.99:3300/0,v1:10.20.193.99:6789/0] conn(0x7f7858109880 0x7f7858109c80 unknown :-1 s=HELLO_CONNECTING pgs=0 cs=0 l=0 rev1=1 crypto rx=0 tx=0 comp rx=0 tx=0).handle_hello peer v2:10.20.193.99:3300/0 says I am v2:10.20.193.99:60872/0 (socket says 10.20.193.99:60872)
2026-02-20T02:33:46.793 INFO:teuthology.orchestra.run.trial099.stdout:/usr/bin/ceph: stderr
2026-02-20T02:33:46.636+0000 7f7856575640 1 -- 10.20.193.99:0/2610089523 learned_addr learned my addr 10.20.193.99:0/2610089523 (peer_addr_for_me v2:10.20.193.99:0/0)
2026-02-20T02:33:46.793 INFO:teuthology.orchestra.run.trial099.stdout:/usr/bin/ceph: stderr
2026-02-20T02:33:46.636+0000 7f7856575640 1 -- 10.20.193.99:0/2610089523 --> [v2:10.20.193.99:3300/0,v1:10.20.193.99:6789/0] -- mon_subscribe({config=0+,monmap=0+}) -- 0x7f785810aa80 con 0x7f7858109880
2026-02-20T02:33:46.793 INFO:teuthology.orchestra.run.trial099.stdout:/usr/bin/ceph: stderr
2026-02-20T02:33:46.636+0000 7f7856575640 1 --2- 10.20.193.99:0/2610089523 >> [v2:10.20.193.99:3300/0,v1:10.20.193.99:6789/0] conn(0x7f7858109880 0x7f7858109c80 secure :-1 s=READY pgs=68 cs=0 l=1 rev1=1 crypto rx=0x7f784c009920 tx=0x7f784c02ef20 comp rx=0 tx=0).ready entity=mon.0 client_cookie=f055a9a24e94f922 server_cookie=0 in_seq=0 out_seq=0
2026-02-20T02:33:46.793 INFO:teuthology.orchestra.run.trial099.stdout:/usr/bin/ceph: stderr
2026-02-20T02:33:46.636+0000 7f7855573640 1 -- 10.20.193.99:0/2610089523 <== mon.0 v2:10.20.193.99:3300/0 1 ==== mon_map magic: 0 ==== 205+0+0 (secure 0 0 0) 0x7f784c03c070 con 0x7f7858109880
2026-02-20T02:33:46.793 INFO:teuthology.orchestra.run.trial099.stdout:/usr/bin/ceph: stderr
2026-02-20T02:33:46.637+0000 7f7855573640 1 -- 10.20.193.99:0/2610089523 <== mon.0 v2:10.20.193.99:3300/0 2 ==== config(25 keys) ==== 1038+0+0 (secure 0 0 0) 0x7f784c037440 con 0x7f7858109880
2026-02-20T02:33:46.793 INFO:teuthology.orchestra.run.trial099.stdout:/usr/bin/ceph: stderr
2026-02-20T02:33:46.637+0000 7f7855573640 1 -- 10.20.193.99:0/2610089523 <== mon.0 v2:10.20.193.99:3300/0 3 ==== mon_map magic: 0 ==== 205+0+0 (secure 0 0 0) 0x7f784c0354d0 con 0x7f7858109880
2026-02-20T02:33:46.794 INFO:teuthology.orchestra.run.trial099.stdout:/usr/bin/ceph: stderr
2026-02-20T02:33:46.637+0000 7f785ca82640 1 -- 10.20.193.99:0/2610089523 >> [v2:10.20.193.99:3300/0,v1:10.20.193.99:6789/0] conn(0x7f7858109880 msgr2=0x7f7858109c80 secure :-1 s=STATE_CONNECTION_ESTABLISHED l=1).mark_down
2026-02-20T02:33:46.794 INFO:teuthology.orchestra.run.trial099.stdout:/usr/bin/ceph: stderr
2026-02-20T02:33:46.637+0000 7f785ca82640 1 --2- 10.20.193.99:0/2610089523 >> [v2:10.20.193.99:3300/0,v1:10.20.193.99:6789/0] conn(0x7f7858109880 0x7f7858109c80 secure :-1 s=READY pgs=68 cs=0 l=1 rev1=1 crypto rx=0x7f784c009920 tx=0x7f784c02ef20 comp rx=0 tx=0).stop
2026-02-20T02:33:46.794 INFO:teuthology.orchestra.run.trial099.stdout:/usr/bin/ceph: stderr
2026-02-20T02:33:46.637+0000 7f785ca82640 1 -- 10.20.193.99:0/2610089523 shutdown_connections
2026-02-20T02:33:46.794 INFO:teuthology.orchestra.run.trial099.stdout:/usr/bin/ceph: stderr
2026-02-20T02:33:46.637+0000 7f785ca82640 1 --2- 10.20.193.99:0/2610089523 >> [v2:10.20.193.99:3300/0,v1:10.20.193.99:6789/0] conn(0x7f7858109880 0x7f7858109c80 unknown :-1 s=CLOSED pgs=68 cs=0 l=1 rev1=1 crypto rx=0 tx=0 comp rx=0 tx=0).stop
2026-02-20T02:33:46.794 INFO:teuthology.orchestra.run.trial099.stdout:/usr/bin/ceph: stderr
2026-02-20T02:33:46.637+0000 7f785ca82640 1 -- 10.20.193.99:0/2610089523 >> 10.20.193.99:0/2610089523 conn(0x7f785807ce10 msgr2=0x7f785807d220 unknown :-1 s=STATE_NONE l=0).mark_down
2026-02-20T02:33:46.794 INFO:teuthology.orchestra.run.trial099.stdout:/usr/bin/ceph: stderr
2026-02-20T02:33:46.637+0000 7f785ca82640 1 -- 10.20.193.99:0/2610089523 shutdown_connections
2026-02-20T02:33:46.794 INFO:teuthology.orchestra.run.trial099.stdout:/usr/bin/ceph: stderr
2026-02-20T02:33:46.637+0000 7f785ca82640 1 -- 10.20.193.99:0/2610089523 wait complete.
2026-02-20T02:33:46.794 INFO:teuthology.orchestra.run.trial099.stdout:/usr/bin/ceph: stderr
2026-02-20T02:33:46.637+0000 7f785ca82640 1 Processor -- start
2026-02-20T02:33:46.794 INFO:teuthology.orchestra.run.trial099.stdout:/usr/bin/ceph: stderr
2026-02-20T02:33:46.637+0000 7f785ca82640 1 -- start start
2026-02-20T02:33:46.794 INFO:teuthology.orchestra.run.trial099.stdout:/usr/bin/ceph: stderr
2026-02-20T02:33:46.637+0000 7f785ca82640 1 --2- >> [v2:10.20.193.99:3300/0,v1:10.20.193.99:6789/0] conn(0x7f7858109880 0x7f785819f700 unknown :-1 s=NONE pgs=0 cs=0 l=1 rev1=0 crypto rx=0 tx=0 comp rx=0 tx=0).connect
2026-02-20T02:33:46.794 INFO:teuthology.orchestra.run.trial099.stdout:/usr/bin/ceph: stderr
2026-02-20T02:33:46.637+0000 7f785ca82640 1 -- --> [v2:10.20.193.99:3300/0,v1:10.20.193.99:6789/0] -- mon_getmap magic: 0 -- 0x7f785810dcb0 con 0x7f7858109880
2026-02-20T02:33:46.794 INFO:teuthology.orchestra.run.trial099.stdout:/usr/bin/ceph: stderr
2026-02-20T02:33:46.638+0000 7f7856575640 1 --2- >> [v2:10.20.193.99:3300/0,v1:10.20.193.99:6789/0] conn(0x7f7858109880 0x7f785819f700 unknown :-1 s=BANNER_CONNECTING pgs=0 cs=0 l=1 rev1=0 crypto rx=0 tx=0 comp rx=0 tx=0)._handle_peer_banner_payload supported=3 required=0
2026-02-20T02:33:46.795 INFO:teuthology.orchestra.run.trial099.stdout:/usr/bin/ceph: stderr
2026-02-20T02:33:46.638+0000 7f7856575640 1 --2- >> [v2:10.20.193.99:3300/0,v1:10.20.193.99:6789/0] conn(0x7f7858109880 0x7f785819f700 unknown :-1 s=HELLO_CONNECTING pgs=0 cs=0 l=1 rev1=1 crypto rx=0 tx=0 comp rx=0 tx=0).handle_hello peer v2:10.20.193.99:3300/0 says I am v2:10.20.193.99:60886/0 (socket says 10.20.193.99:60886)
2026-02-20T02:33:46.795 INFO:teuthology.orchestra.run.trial099.stdout:/usr/bin/ceph: stderr
2026-02-20T02:33:46.638+0000 7f7856575640 1 -- 10.20.193.99:0/1396327714 learned_addr learned my addr 10.20.193.99:0/1396327714 (peer_addr_for_me v2:10.20.193.99:0/0)
2026-02-20T02:33:46.795 INFO:teuthology.orchestra.run.trial099.stdout:/usr/bin/ceph: stderr
2026-02-20T02:33:46.638+0000 7f7856575640 1 -- 10.20.193.99:0/1396327714 --> [v2:10.20.193.99:3300/0,v1:10.20.193.99:6789/0] -- mon_subscribe({config=0+,monmap=0+}) -- 0x7f785819fc40 con 0x7f7858109880
2026-02-20T02:33:46.795 INFO:teuthology.orchestra.run.trial099.stdout:/usr/bin/ceph: stderr
2026-02-20T02:33:46.638+0000 7f7856575640 1 --2- 10.20.193.99:0/1396327714 >> [v2:10.20.193.99:3300/0,v1:10.20.193.99:6789/0] conn(0x7f7858109880 0x7f785819f700 secure :-1 s=READY pgs=69 cs=0 l=1 rev1=1 crypto rx=0x7f784c037820 tx=0x7f784c037850 comp rx=0 tx=0).ready entity=mon.0 client_cookie=0 server_cookie=0 in_seq=0 out_seq=0
2026-02-20T02:33:46.795 INFO:teuthology.orchestra.run.trial099.stdout:/usr/bin/ceph: stderr
2026-02-20T02:33:46.638+0000 7f783f7fe640 1 -- 10.20.193.99:0/1396327714 <== mon.0 v2:10.20.193.99:3300/0 1 ==== mon_map magic: 0 ==== 205+0+0 (secure 0 0 0) 0x7f784c047070 con 0x7f7858109880
2026-02-20T02:33:46.795 INFO:teuthology.orchestra.run.trial099.stdout:/usr/bin/ceph: stderr
2026-02-20T02:33:46.638+0000 7f783f7fe640 1 -- 10.20.193.99:0/1396327714 <== mon.0 v2:10.20.193.99:3300/0 2 ==== config(25 keys) ==== 1038+0+0 (secure 0 0 0) 0x7f784c035d70 con 0x7f7858109880
2026-02-20T02:33:46.795 INFO:teuthology.orchestra.run.trial099.stdout:/usr/bin/ceph: stderr
2026-02-20T02:33:46.638+0000 7f785ca82640 1 -- 10.20.193.99:0/1396327714 --> [v2:10.20.193.99:3300/0,v1:10.20.193.99:6789/0] -- mon_subscribe({mgrmap=0+}) -- 0x7f785819fed0 con 0x7f7858109880
2026-02-20T02:33:46.795 INFO:teuthology.orchestra.run.trial099.stdout:/usr/bin/ceph: stderr
