2026-02-20T02:45:13.550 INFO:teuthology.orchestra.run.trial064.stdout:/usr/bin/ceph: stderr
2026-02-20T02:45:13.502+0000 7fb453788640 1 -- 10.20.193.64:0/45216057 wait complete.
2026-02-20T02:45:13.550 INFO:teuthology.orchestra.run.trial064.stdout:Deploying unmanaged mon service...
2026-02-20T02:45:13.772 INFO:teuthology.orchestra.run.trial064.stdout:/usr/bin/ceph: stdout Scheduled mon update...
2026-02-20T02:45:13.772 INFO:teuthology.orchestra.run.trial064.stdout:/usr/bin/ceph: stderr
2026-02-20T02:45:13.649+0000 7f3b366b9640 1 Processor -- start
2026-02-20T02:45:13.772 INFO:teuthology.orchestra.run.trial064.stdout:/usr/bin/ceph: stderr
2026-02-20T02:45:13.649+0000 7f3b366b9640 1 -- start start
2026-02-20T02:45:13.772 INFO:teuthology.orchestra.run.trial064.stdout:/usr/bin/ceph: stderr
2026-02-20T02:45:13.649+0000 7f3b366b9640 1 --2- >> [v2:10.20.193.64:3300/0,v1:10.20.193.64:6789/0] conn(0x7f3b30106a80 0x7f3b30108e90 unknown :-1 s=NONE pgs=0 cs=0 l=0 rev1=0 crypto rx=0 tx=0 comp rx=0 tx=0).connect
2026-02-20T02:45:13.772 INFO:teuthology.orchestra.run.trial064.stdout:/usr/bin/ceph: stderr
2026-02-20T02:45:13.649+0000 7f3b366b9640 1 -- --> [v2:10.20.193.64:3300/0,v1:10.20.193.64:6789/0] -- mon_getmap magic: 0 -- 0x7f3b3007cea0 con 0x7f3b30106a80
2026-02-20T02:45:13.772 INFO:teuthology.orchestra.run.trial064.stdout:/usr/bin/ceph: stderr
2026-02-20T02:45:13.649+0000 7f3b2ffff640 1 --2- >> [v2:10.20.193.64:3300/0,v1:10.20.193.64:6789/0] conn(0x7f3b30106a80 0x7f3b30108e90 unknown :-1 s=BANNER_CONNECTING pgs=0 cs=0 l=0 rev1=0 crypto rx=0 tx=0 comp rx=0 tx=0)._handle_peer_banner_payload supported=3 required=0
2026-02-20T02:45:13.772 INFO:teuthology.orchestra.run.trial064.stdout:/usr/bin/ceph: stderr
2026-02-20T02:45:13.649+0000 7f3b2ffff640 1 --2- >> [v2:10.20.193.64:3300/0,v1:10.20.193.64:6789/0] conn(0x7f3b30106a80 0x7f3b30108e90 unknown :-1 s=HELLO_CONNECTING pgs=0 cs=0 l=0 rev1=1 crypto rx=0 tx=0 comp rx=0 tx=0).handle_hello peer v2:10.20.193.64:3300/0 says I am v2:10.20.193.64:48742/0 (socket says 10.20.193.64:48742)
2026-02-20T02:45:13.772 INFO:teuthology.orchestra.run.trial064.stdout:/usr/bin/ceph: stderr
2026-02-20T02:45:13.649+0000 7f3b2ffff640 1 -- 10.20.193.64:0/1358757538 learned_addr learned my addr 10.20.193.64:0/1358757538 (peer_addr_for_me v2:10.20.193.64:0/0)
2026-02-20T02:45:13.772 INFO:teuthology.orchestra.run.trial064.stdout:/usr/bin/ceph: stderr
2026-02-20T02:45:13.650+0000 7f3b2ffff640 1 -- 10.20.193.64:0/1358757538 --> [v2:10.20.193.64:3300/0,v1:10.20.193.64:6789/0] -- mon_subscribe({config=0+,monmap=0+}) -- 0x7f3b301093d0 con 0x7f3b30106a80
2026-02-20T02:45:13.773 INFO:teuthology.orchestra.run.trial064.stdout:/usr/bin/ceph: stderr
2026-02-20T02:45:13.650+0000 7f3b2ffff640 1 --2- 10.20.193.64:0/1358757538 >> [v2:10.20.193.64:3300/0,v1:10.20.193.64:6789/0] conn(0x7f3b30106a80 0x7f3b30108e90 secure :-1 s=READY pgs=45 cs=0 l=1 rev1=1 crypto rx=0x7f3b1c009920 tx=0x7f3b1c02ef20 comp rx=0 tx=0).ready entity=mon.0 client_cookie=949c54eff4a9c15b server_cookie=0 in_seq=0 out_seq=0
2026-02-20T02:45:13.773 INFO:teuthology.orchestra.run.trial064.stdout:/usr/bin/ceph: stderr
2026-02-20T02:45:13.650+0000 7f3b2effd640 1 -- 10.20.193.64:0/1358757538 <== mon.0 v2:10.20.193.64:3300/0 1 ==== mon_map magic: 0 ==== 205+0+0 (secure 0 0 0) 0x7f3b1c03c070 con 0x7f3b30106a80
2026-02-20T02:45:13.773 INFO:teuthology.orchestra.run.trial064.stdout:/usr/bin/ceph: stderr
2026-02-20T02:45:13.650+0000 7f3b2effd640 1 -- 10.20.193.64:0/1358757538 <== mon.0 v2:10.20.193.64:3300/0 2 ==== config(26 keys) ==== 1045+0+0 (secure 0 0 0) 0x7f3b1c037440 con 0x7f3b30106a80
2026-02-20T02:45:13.773 INFO:teuthology.orchestra.run.trial064.stdout:/usr/bin/ceph: stderr
2026-02-20T02:45:13.650+0000 7f3b2effd640 1 -- 10.20.193.64:0/1358757538 <== mon.0 v2:10.20.193.64:3300/0 3 ==== mon_map magic: 0 ==== 205+0+0 (secure 0 0 0) 0x7f3b1c0354b0 con 0x7f3b30106a80
2026-02-20T02:45:13.773 INFO:teuthology.orchestra.run.trial064.stdout:/usr/bin/ceph: stderr
2026-02-20T02:45:13.650+0000 7f3b366b9640 1 -- 10.20.193.64:0/1358757538 >> [v2:10.20.193.64:3300/0,v1:10.20.193.64:6789/0] conn(0x7f3b30106a80 msgr2=0x7f3b30108e90 secure :-1 s=STATE_CONNECTION_ESTABLISHED l=1).mark_down
2026-02-20T02:45:13.773 INFO:teuthology.orchestra.run.trial064.stdout:/usr/bin/ceph: stderr
2026-02-20T02:45:13.650+0000 7f3b366b9640 1 --2- 10.20.193.64:0/1358757538 >> [v2:10.20.193.64:3300/0,v1:10.20.193.64:6789/0] conn(0x7f3b30106a80 0x7f3b30108e90 secure :-1 s=READY pgs=45 cs=0 l=1 rev1=1 crypto rx=0x7f3b1c009920 tx=0x7f3b1c02ef20 comp rx=0 tx=0).stop
2026-02-20T02:45:13.773 INFO:teuthology.orchestra.run.trial064.stdout:/usr/bin/ceph: stderr
2026-02-20T02:45:13.650+0000 7f3b366b9640 1 -- 10.20.193.64:0/1358757538 shutdown_connections
2026-02-20T02:45:13.773 INFO:teuthology.orchestra.run.trial064.stdout:/usr/bin/ceph: stderr
2026-02-20T02:45:13.650+0000 7f3b366b9640 1 --2- 10.20.193.64:0/1358757538 >> [v2:10.20.193.64:3300/0,v1:10.20.193.64:6789/0] conn(0x7f3b30106a80 0x7f3b30108e90 unknown :-1 s=CLOSED pgs=45 cs=0 l=1 rev1=1 crypto rx=0 tx=0 comp rx=0 tx=0).stop
2026-02-20T02:45:13.773 INFO:teuthology.orchestra.run.trial064.stdout:/usr/bin/ceph: stderr
2026-02-20T02:45:13.650+0000 7f3b366b9640 1 -- 10.20.193.64:0/1358757538 >> 10.20.193.64:0/1358757538 conn(0x7f3b30102910 msgr2=0x7f3b30104d30 unknown :-1 s=STATE_NONE l=0).mark_down
2026-02-20T02:45:13.773 INFO:teuthology.orchestra.run.trial064.stdout:/usr/bin/ceph: stderr
2026-02-20T02:45:13.650+0000 7f3b366b9640 1 -- 10.20.193.64:0/1358757538 shutdown_connections
2026-02-20T02:45:13.773 INFO:teuthology.orchestra.run.trial064.stdout:/usr/bin/ceph: stderr
2026-02-20T02:45:13.650+0000 7f3b366b9640 1 -- 10.20.193.64:0/1358757538 wait complete.
2026-02-20T02:45:13.774 INFO:teuthology.orchestra.run.trial064.stdout:/usr/bin/ceph: stderr
2026-02-20T02:45:13.651+0000 7f3b366b9640 1 Processor -- start
2026-02-20T02:45:13.774 INFO:teuthology.orchestra.run.trial064.stdout:/usr/bin/ceph: stderr
2026-02-20T02:45:13.651+0000 7f3b366b9640 1 -- start start
2026-02-20T02:45:13.774 INFO:teuthology.orchestra.run.trial064.stdout:/usr/bin/ceph: stderr
2026-02-20T02:45:13.651+0000 7f3b366b9640 1 --2- >> [v2:10.20.193.64:3300/0,v1:10.20.193.64:6789/0] conn(0x7f3b30106a80 0x7f3b301a4b90 unknown :-1 s=NONE pgs=0 cs=0 l=1 rev1=0 crypto rx=0 tx=0 comp rx=0 tx=0).connect
2026-02-20T02:45:13.774 INFO:teuthology.orchestra.run.trial064.stdout:/usr/bin/ceph: stderr
2026-02-20T02:45:13.651+0000 7f3b366b9640 1 -- --> [v2:10.20.193.64:3300/0,v1:10.20.193.64:6789/0] -- mon_getmap magic: 0 -- 0x7f3b3010a370 con 0x7f3b30106a80
2026-02-20T02:45:13.774 INFO:teuthology.orchestra.run.trial064.stdout:/usr/bin/ceph: stderr
2026-02-20T02:45:13.651+0000 7f3b2ffff640 1 --2- >> [v2:10.20.193.64:3300/0,v1:10.20.193.64:6789/0] conn(0x7f3b30106a80 0x7f3b301a4b90 unknown :-1 s=BANNER_CONNECTING pgs=0 cs=0 l=1 rev1=0 crypto rx=0 tx=0 comp rx=0 tx=0)._handle_peer_banner_payload supported=3 required=0
2026-02-20T02:45:13.774 INFO:teuthology.orchestra.run.trial064.stdout:/usr/bin/ceph: stderr
2026-02-20T02:45:13.651+0000 7f3b2ffff640 1 --2- >> [v2:10.20.193.64:3300/0,v1:10.20.193.64:6789/0] conn(0x7f3b30106a80 0x7f3b301a4b90 unknown :-1 s=HELLO_CONNECTING pgs=0 cs=0 l=1 rev1=1 crypto rx=0 tx=0 comp rx=0 tx=0).handle_hello peer v2:10.20.193.64:3300/0 says I am v2:10.20.193.64:48756/0 (socket says 10.20.193.64:48756)
2026-02-20T02:45:13.774 INFO:teuthology.orchestra.run.trial064.stdout:/usr/bin/ceph: stderr
2026-02-20T02:45:13.651+0000 7f3b2ffff640 1 -- 10.20.193.64:0/2091137036 learned_addr learned my addr 10.20.193.64:0/2091137036 (peer_addr_for_me v2:10.20.193.64:0/0)
2026-02-20T02:45:13.774 INFO:teuthology.orchestra.run.trial064.stdout:/usr/bin/ceph: stderr
2026-02-20T02:45:13.651+0000 7f3b2ffff640 1 -- 10.20.193.64:0/2091137036 --> [v2:10.20.193.64:3300/0,v1:10.20.193.64:6789/0] -- mon_subscribe({config=0+,monmap=0+}) -- 0x7f3b301a50d0 con 0x7f3b30106a80
2026-02-20T02:45:13.774 INFO:teuthology.orchestra.run.trial064.stdout:/usr/bin/ceph: stderr
2026-02-20T02:45:13.651+0000 7f3b2ffff640 1 --2- 10.20.193.64:0/2091137036 >> [v2:10.20.193.64:3300/0,v1:10.20.193.64:6789/0] conn(0x7f3b30106a80 0x7f3b301a4b90 secure :-1 s=READY pgs=46 cs=0 l=1 rev1=1 crypto rx=0x7f3b1c006fd0 tx=0x7f3b1c037bb0 comp rx=0 tx=0).ready entity=mon.0 client_cookie=0 server_cookie=0 in_seq=0 out_seq=0
2026-02-20T02:45:13.774 INFO:teuthology.orchestra.run.trial064.stdout:/usr/bin/ceph: stderr
2026-02-20T02:45:13.651+0000 7f3b2d7fa640 1 -- 10.20.193.64:0/2091137036 <== mon.0 v2:10.20.193.64:3300/0 1 ==== mon_map magic: 0 ==== 205+0+0 (secure 0 0 0) 0x7f3b1c045070 con 0x7f3b30106a80
2026-02-20T02:45:13.774 INFO:teuthology.orchestra.run.trial064.stdout:/usr/bin/ceph: stderr
2026-02-20T02:45:13.651+0000 7f3b2d7fa640 1 -- 10.20.193.64:0/2091137036 <== mon.0 v2:10.20.193.64:3300/0 2 ==== config(26 keys) ==== 1045+0+0 (secure 0 0 0) 0x7f3b1c040450 con 0x7f3b30106a80
2026-02-20T02:45:13.775 INFO:teuthology.orchestra.run.trial064.stdout:/usr/bin/ceph: stderr
2026-02-20T02:45:13.651+0000 7f3b366b9640 1 -- 10.20.193.64:0/2091137036 --> [v2:10.20.193.64:3300/0,v1:10.20.193.64:6789/0] -- mon_subscribe({mgrmap=0+}) -- 0x7f3b301a5360 con 0x7f3b30106a80
2026-02-20T02:45:13.775 INFO:teuthology.orchestra.run.trial064.stdout:/usr/bin/ceph: stderr
2026-02-20T02:45:13.651+0000 7f3b2d7fa640 1 -- 10.20.193.64:0/2091137036 <== mon.0 v2:10.20.193.64:3300/0 3 ==== mon_map magic: 0 ==== 205+0+0 (secure 0 0 0) 0x7f3b1c03c070 con 0x7f3b30106a80
2026-02-20T02:45:13.775 INFO:teuthology.orchestra.run.trial064.stdout:/usr/bin/ceph: stderr
2026-02-20T02:45:13.651+0000 7f3b366b9640 1 -- 10.20.193.64:0/2091137036 --> [v2:10.20.193.64:3300/0,v1:10.20.193.64:6789/0] -- mon_subscribe({osdmap=0}) -- 0x7f3b301a8050 con 0x7f3b30106a80
2026-02-20T02:45:13.775 INFO:teuthology.orchestra.run.trial064.stdout:/usr/bin/ceph: stderr
2026-02-20T02:45:13.652+0000 7f3b2d7fa640 1 -- 10.20.193.64:0/2091137036 <== mon.0 v2:10.20.193.64:3300/0 4 ==== mgrmap(e 8) ==== 50247+0+0 (secure 0 0 0) 0x7f3b1c03e5f0 con 0x7f3b30106a80
2026-02-20T02:45:13.775 INFO:teuthology.orchestra.run.trial064.stdout:/usr/bin/ceph: stderr
2026-02-20T02:45:13.652+0000 7f3b366b9640 1 -- 10.20.193.64:0/2091137036 --> [v2:10.20.193.64:3300/0,v1:10.20.193.64:6789/0] -- mon_command({"prefix": "get_command_descriptions"} v 0) -- 0x7f3b30106e80 con 0x7f3b30106a80
2026-02-20T02:45:13.775 INFO:teuthology.orchestra.run.trial064.stdout:/usr/bin/ceph: stderr
2026-02-20T02:45:13.652+0000 7f3b2d7fa640 1 --2- 10.20.193.64:0/2091137036 >> [v2:10.20.193.64:6800/4054002746,v1:10.20.193.64:6801/4054002746] conn(0x7f3b0403db50 0x7f3b04040010 unknown :-1 s=NONE pgs=0 cs=0 l=1 rev1=0 crypto rx=0 tx=0 comp rx=0 tx=0).connect
2026-02-20T02:45:13.775 INFO:teuthology.orchestra.run.trial064.stdout:/usr/bin/ceph: stderr
2026-02-20T02:45:13.652+0000 7f3b2d7fa640 1 -- 10.20.193.64:0/2091137036 <== mon.0 v2:10.20.193.64:3300/0 5 ==== osd_map(2..2 src has 1..2) ==== 940+0+0 (secure 0 0 0) 0x7f3b1c0766b0 con 0x7f3b30106a80
2026-02-20T02:45:13.775 INFO:teuthology.orchestra.run.trial064.stdout:/usr/bin/ceph: stderr
2026-02-20T02:45:13.652+0000 7f3b2f7fe640 1 --2- 10.20.193.64:0/2091137036 >> [v2:10.20.193.64:6800/4054002746,v1:10.20.193.64:6801/4054002746] conn(0x7f3b0403db50 0x7f3b04040010 unknown :-1 s=BANNER_CONNECTING pgs=0 cs=0 l=1 rev1=0 crypto rx=0 tx=0 comp rx=0 tx=0)._handle_peer_banner_payload supported=3 required=0
2026-02-20T02:45:13.775 INFO:teuthology.orchestra.run.trial064.stdout:/usr/bin/ceph: stderr
2026-02-20T02:45:13.652+0000 7f3b2f7fe640 1 --2- 10.20.193.64:0/2091137036 >> [v2:10.20.193.64:6800/4054002746,v1:10.20.193.64:6801/4054002746] conn(0x7f3b0403db50 0x7f3b04040010 secure :-1 s=READY pgs=12 cs=0 l=1 rev1=1 crypto rx=0x7f3b200099c0 tx=0x7f3b20006eb0 comp rx=0 tx=0).ready entity=mgr.14118 client_cookie=0 server_cookie=0 in_seq=0 out_seq=0
2026-02-20T02:45:13.775 INFO:teuthology.orchestra.run.trial064.stdout:/usr/bin/ceph: stderr
2026-02-20T02:45:13.654+0000 7f3b2d7fa640 1 -- 10.20.193.64:0/2091137036 <== mon.0 v2:10.20.193.64:3300/0 6 ==== mon_command_ack([{"prefix": "get_command_descriptions"}]=0 v0) ==== 72+0+195341 (secure 0 0 0) 0x7f3b1c03fcd0 con 0x7f3b30106a80
2026-02-20T02:45:13.775 INFO:teuthology.orchestra.run.trial064.stdout:/usr/bin/ceph: stderr
2026-02-20T02:45:13.742+0000 7f3b366b9640 1 -- 10.20.193.64:0/2091137036 --> [v2:10.20.193.64:6800/4054002746,v1:10.20.193.64:6801/4054002746] -- mgr_command(tid 0: {"prefix": "orch apply", "service_type": "mon", "unmanaged": true, "target": ["mon-mgr", ""]}) -- 0x7f3b301034c0 con 0x7f3b0403db50
2026-02-20T02:45:13.775 INFO:teuthology.orchestra.run.trial064.stdout:/usr/bin/ceph: stderr
2026-02-20T02:45:13.745+0000 7f3b2d7fa640 1 -- 10.20.193.64:0/2091137036 <== mgr.14118 v2:10.20.193.64:6800/4054002746 1 ==== mgr_command_reply(tid 0: 0 ) ==== 8+0+24 (secure 0 0 0) 0x7f3b301034c0 con 0x7f3b0403db50
2026-02-20T02:45:13.776 INFO:teuthology.orchestra.run.trial064.stdout:/usr/bin/ceph: stderr
2026-02-20T02:45:13.746+0000 7f3b366b9640 1 -- 10.20.193.64:0/2091137036 >> [v2:10.20.193.64:6800/4054002746,v1:10.20.193.64:6801/4054002746] conn(0x7f3b0403db50 msgr2=0x7f3b04040010 secure :-1 s=STATE_CONNECTION_ESTABLISHED l=1).mark_down
2026-02-20T02:45:13.776 INFO:teuthology.orchestra.run.trial064.stdout:/usr/bin/ceph: stderr
2026-02-20T02:45:13.746+0000 7f3b366b9640 1 --2- 10.20.193.64:0/2091137036 >> [v2:10.20.193.64:6800/4054002746,v1:10.20.193.64:6801/4054002746] conn(0x7f3b0403db50 0x7f3b04040010 secure :-1 s=READY pgs=12 cs=0 l=1 rev1=1 crypto rx=0x7f3b200099c0 tx=0x7f3b20006eb0 comp rx=0 tx=0).stop
2026-02-20T02:45:13.776 INFO:teuthology.orchestra.run.trial064.stdout:/usr/bin/ceph: stderr
2026-02-20T02:45:13.746+0000 7f3b366b9640 1 -- 10.20.193.64:0/2091137036 >> [v2:10.20.193.64:3300/0,v1:10.20.193.64:6789/0] conn(0x7f3b30106a80 msgr2=0x7f3b301a4b90 secure :-1 s=STATE_CONNECTION_ESTABLISHED l=1).mark_down
2026-02-20T02:45:13.776 INFO:teuthology.orchestra.run.trial064.stdout:/usr/bin/ceph: stderr
2026-02-20T02:45:13.746+0000 7f3b366b9640 1 --2- 10.20.193.64:0/2091137036 >> [v2:10.20.193.64:3300/0,v1:10.20.193.64:6789/0] conn(0x7f3b30106a80 0x7f3b301a4b90 secure :-1 s=READY pgs=46 cs=0 l=1 rev1=1 crypto rx=0x7f3b1c006fd0 tx=0x7f3b1c037bb0 comp rx=0 tx=0).stop
2026-02-20T02:45:13.776 INFO:teuthology.orchestra.run.trial064.stdout:/usr/bin/ceph: stderr
2026-02-20T02:45:13.746+0000 7f3b366b9640 1 -- 10.20.193.64:0/2091137036 shutdown_connections
2026-02-20T02:45:13.776 INFO:teuthology.orchestra.run.trial064.stdout:/usr/bin/ceph: stderr
2026-02-20T02:45:13.746+0000 7f3b366b9640 1 --2- 10.20.193.64:0/2091137036 >> [v2:10.20.193.64:6800/4054002746,v1:10.20.193.64:6801/4054002746] conn(0x7f3b0403db50 0x7f3b04040010 unknown :-1 s=CLOSED pgs=12 cs=0 l=1 rev1=1 crypto rx=0 tx=0 comp rx=0 tx=0).stop
2026-02-20T02:45:13.776 INFO:teuthology.orchestra.run.trial064.stdout:/usr/bin/ceph: stderr
2026-02-20T02:45:13.746+0000 7f3b366b9640 1 --2- 10.20.193.64:0/2091137036 >> [v2:10.20.193.64:3300/0,v1:10.20.193.64:6789/0] conn(0x7f3b30106a80 0x7f3b301a4b90 unknown :-1 s=CLOSED pgs=46 cs=0 l=1 rev1=1 crypto rx=0 tx=0 comp rx=0 tx=0).stop
2026-02-20T02:45:13.776 INFO:teuthology.orchestra.run.trial064.stdout:/usr/bin/ceph: stderr
2026-02-20T02:45:13.746+0000 7f3b366b9640 1 -- 10.20.193.64:0/2091137036 >> 10.20.193.64:0/2091137036 conn(0x7f3b30102910 msgr2=0x7f3b3010cab0 unknown :-1 s=STATE_NONE l=0).mark_down
2026-02-20T02:45:13.776 INFO:teuthology.orchestra.run.trial064.stdout:/usr/bin/ceph: stderr
2026-02-20T02:45:13.746+0000 7f3b366b9640 1 -- 10.20.193.64:0/2091137036 shutdown_connections
2026-02-20T02:45:13.776 INFO:teuthology.orchestra.run.trial064.stdout:/usr/bin/ceph: stderr
2026-02-20T02:45:13.746+0000 7f3b366b9640 1 -- 10.20.193.64:0/2091137036 wait complete.
2026-02-20T02:45:13.776 INFO:teuthology.orchestra.run.trial064.stdout:Deploying unmanaged mgr service...
2026-02-20T02:45:13.991 INFO:teuthology.orchestra.run.trial064.stdout:/usr/bin/ceph: stdout Scheduled mgr update...
2026-02-20T02:45:13.992 INFO:teuthology.orchestra.run.trial064.stdout:/usr/bin/ceph: stderr
2026-02-20T02:45:13.867+0000 7feebca5b640 1 Processor -- start
2026-02-20T02:45:13.992 INFO:teuthology.orchestra.run.trial064.stdout:/usr/bin/ceph: stderr
2026-02-20T02:45:13.867+0000 7feebca5b640 1 -- start start
2026-02-20T02:45:13.992 INFO:teuthology.orchestra.run.trial064.stdout:/usr/bin/ceph: stderr
2026-02-20T02:45:13.867+0000 7feebca5b640 1 --2- >> [v2:10.20.193.64:3300/0,v1:10.20.193.64:6789/0] conn(0x7feeb8108d10 0x7feeb810b100 unknown :-1 s=NONE pgs=0 cs=0 l=0 rev1=0 crypto rx=0 tx=0 comp rx=0 tx=0).connect
2026-02-20T02:45:13.992 INFO:teuthology.orchestra.run.trial064.stdout:/usr/bin/ceph: stderr
2026-02-20T02:45:13.867+0000 7feebca5b640 1 -- --> [v2:10.20.193.64:3300/0,v1:10.20.193.64:6789/0] -- mon_getmap magic: 0 -- 0x7feeb807cea0 con 0x7feeb8108d10
2026-02-20T02:45:13.992 INFO:teuthology.orchestra.run.trial064.stdout:/usr/bin/ceph: stderr
2026-02-20T02:45:13.867+0000 7feeb6575640 1 --2- >> [v2:10.20.193.64:3300/0,v1:10.20.193.64:6789/0] conn(0x7feeb8108d10 0x7feeb810b100 unknown :-1 s=BANNER_CONNECTING pgs=0 cs=0 l=0 rev1=0 crypto rx=0 tx=0 comp rx=0 tx=0)._handle_peer_banner_payload supported=3 required=0
2026-02-20T02:45:13.992 INFO:teuthology.orchestra.run.trial064.stdout:/usr/bin/ceph: stderr
2026-02-20T02:45:13.867+0000 7feeb6575640 1 --2- >> [v2:10.20.193.64:3300/0,v1:10.20.193.64:6789/0] conn(0x7feeb8108d10 0x7feeb810b100 unknown :-1 s=HELLO_CONNECTING pgs=0 cs=0 l=0 rev1=1 crypto rx=0 tx=0 comp rx=0 tx=0).handle_hello peer v2:10.20.193.64:3300/0 says I am v2:10.20.193.64:48762/0 (socket says 10.20.193.64:48762)
2026-02-20T02:45:13.992 INFO:teuthology.orchestra.run.trial064.stdout:/usr/bin/ceph: stderr
2026-02-20T02:45:13.867+0000 7feeb6575640 1 -- 10.20.193.64:0/977781603 learned_addr learned my addr 10.20.193.64:0/977781603 (peer_addr_for_me v2:10.20.193.64:0/0)
2026-02-20T02:45:13.992 INFO:teuthology.orchestra.run.trial064.stdout:/usr/bin/ceph: stderr
2026-02-20T02:45:13.867+0000 7feeb6575640 1 -- 10.20.193.64:0/977781603 --> [v2:10.20.193.64:3300/0,v1:10.20.193.64:6789/0] -- mon_subscribe({config=0+,monmap=0+}) -- 0x7feeb810b640 con 0x7feeb8108d10
2026-02-20T02:45:13.992 INFO:teuthology.orchestra.run.trial064.stdout:/usr/bin/ceph: stderr
2026-02-20T02:45:13.868+0000 7feeb6575640 1 --2- 10.20.193.64:0/977781603 >> [v2:10.20.193.64:3300/0,v1:10.20.193.64:6789/0] conn(0x7feeb8108d10 0x7feeb810b100 secure :-1 s=READY pgs=47 cs=0 l=1 rev1=1 crypto rx=0x7feeac009920 tx=0x7feeac02ef20 comp rx=0 tx=0).ready entity=mon.0 client_cookie=8674506862c6cb85 server_cookie=0 in_seq=0 out_seq=0
2026-02-20T02:45:13.992 INFO:teuthology.orchestra.run.trial064.stdout:/usr/bin/ceph: stderr
2026-02-20T02:45:13.868+0000 7feeb5573640 1 -- 10.20.193.64:0/977781603 <== mon.0 v2:10.20.193.64:3300/0 1 ==== mon_map magic: 0 ==== 205+0+0 (secure 0 0 0) 0x7feeac03c070 con 0x7feeb8108d10
2026-02-20T02:45:13.993 INFO:teuthology.orchestra.run.trial064.stdout:/usr/bin/ceph: stderr
2026-02-20T02:45:13.868+0000 7feeb5573640 1 -- 10.20.193.64:0/977781603 <== mon.0 v2:10.20.193.64:3300/0 2 ==== config(26 keys) ==== 1045+0+0 (secure 0 0 0) 0x7feeac037440 con 0x7feeb8108d10
2026-02-20T02:45:13.993 INFO:teuthology.orchestra.run.trial064.stdout:/usr/bin/ceph: stderr
2026-02-20T02:45:13.868+0000 7feeb5573640 1 -- 10.20.193.64:0/977781603 <== mon.0 v2:10.20.193.64:3300/0 3 ==== mon_map magic: 0 ==== 205+0+0 (secure 0 0 0) 0x7feeac0354b0 con 0x7feeb8108d10
2026-02-20T02:45:13.993 INFO:teuthology.orchestra.run.trial064.stdout:/usr/bin/ceph: stderr
2026-02-20T02:45:13.868+0000 7feebca5b640 1 -- 10.20.193.64:0/977781603 >> [v2:10.20.193.64:3300/0,v1:10.20.193.64:6789/0] conn(0x7feeb8108d10 msgr2=0x7feeb810b100 secure :-1 s=STATE_CONNECTION_ESTABLISHED l=1).mark_down
2026-02-20T02:45:13.993 INFO:teuthology.orchestra.run.trial064.stdout:/usr/bin/ceph: stderr
2026-02-20T02:45:13.868+0000 7feebca5b640 1 --2- 10.20.193.64:0/977781603 >> [v2:10.20.193.64:3300/0,v1:10.20.193.64:6789/0] conn(0x7feeb8108d10 0x7feeb810b100 secure :-1 s=READY pgs=47 cs=0 l=1 rev1=1 crypto rx=0x7feeac009920 tx=0x7feeac02ef20 comp rx=0 tx=0).stop
2026-02-20T02:45:13.993 INFO:teuthology.orchestra.run.trial064.stdout:/usr/bin/ceph: stderr
2026-02-20T02:45:13.868+0000 7feebca5b640 1 -- 10.20.193.64:0/977781603 shutdown_connections
2026-02-20T02:45:13.993 INFO:teuthology.orchestra.run.trial064.stdout:/usr/bin/ceph: stderr
2026-02-20T02:45:13.868+0000 7feebca5b640 1 --2- 10.20.193.64:0/977781603 >> [v2:10.20.193.64:3300/0,v1:10.20.193.64:6789/0] conn(0x7feeb8108d10 0x7feeb810b100 unknown :-1 s=CLOSED pgs=47 cs=0 l=1 rev1=1 crypto rx=0 tx=0 comp rx=0 tx=0).stop
2026-02-20T02:45:13.993 INFO:teuthology.orchestra.run.trial064.stdout:/usr/bin/ceph: stderr
2026-02-20T02:45:13.868+0000 7feebca5b640 1 -- 10.20.193.64:0/977781603 >> 10.20.193.64:0/977781603 conn(0x7feeb8102910 msgr2=0x7feeb8104d30 unknown :-1 s=STATE_NONE l=0).mark_down
2026-02-20T02:45:13.993 INFO:teuthology.orchestra.run.trial064.stdout:/usr/bin/ceph: stderr
2026-02-20T02:45:13.868+0000 7feebca5b640 1 -- 10.20.193.64:0/977781603 shutdown_connections
2026-02-20T02:45:13.993 INFO:teuthology.orchestra.run.trial064.stdout:/usr/bin/ceph: stderr
2026-02-20T02:45:13.868+0000 7feebca5b640 1 -- 10.20.193.64:0/977781603 wait complete.
2026-02-20T02:45:13.993 INFO:teuthology.orchestra.run.trial064.stdout:/usr/bin/ceph: stderr
2026-02-20T02:45:13.869+0000 7feebca5b640 1 Processor -- start
2026-02-20T02:45:13.993 INFO:teuthology.orchestra.run.trial064.stdout:/usr/bin/ceph: stderr
2026-02-20T02:45:13.869+0000 7feebca5b640 1 -- start start
2026-02-20T02:45:13.994 INFO:teuthology.orchestra.run.trial064.stdout:/usr/bin/ceph: stderr
2026-02-20T02:45:13.869+0000 7feebca5b640 1 --2- >> [v2:10.20.193.64:3300/0,v1:10.20.193.64:6789/0] conn(0x7feeb8108d10 0x7feeb819e470 unknown :-1 s=NONE pgs=0 cs=0 l=1 rev1=0 crypto rx=0 tx=0 comp rx=0 tx=0).connect
2026-02-20T02:45:13.994 INFO:teuthology.orchestra.run.trial064.stdout:/usr/bin/ceph: stderr
2026-02-20T02:45:13.869+0000 7feebca5b640 1 -- --> [v2:10.20.193.64:3300/0,v1:10.20.193.64:6789/0] -- mon_getmap magic: 0 -- 0x7feeb810c520 con 0x7feeb8108d10
2026-02-20T02:45:13.994 INFO:teuthology.orchestra.run.trial064.stdout:/usr/bin/ceph: stderr
2026-02-20T02:45:13.869+0000 7feeb6575640 1 --2- >> [v2:10.20.193.64:3300/0,v1:10.20.193.64:6789/0] conn(0x7feeb8108d10 0x7feeb819e470 unknown :-1 s=BANNER_CONNECTING pgs=0 cs=0 l=1 rev1=0 crypto rx=0 tx=0 comp rx=0 tx=0)._handle_peer_banner_payload supported=3 required=0
2026-02-20T02:45:13.994 INFO:teuthology.orchestra.run.trial064.stdout:/usr/bin/ceph: stderr
2026-02-20T02:45:13.869+0000 7feeb6575640 1 --2- >> [v2:10.20.193.64:3300/0,v1:10.20.193.64:6789/0] conn(0x7feeb8108d10 0x7feeb819e470 unknown :-1 s=HELLO_CONNECTING pgs=0 cs=0 l=1 rev1=1 crypto rx=0 tx=0 comp rx=0 tx=0).handle_hello peer v2:10.20.193.64:3300/0 says I am v2:10.20.193.64:48766/0 (socket says 10.20.193.64:48766)
2026-02-20T02:45:13.994 INFO:teuthology.orchestra.run.trial064.stdout:/usr/bin/ceph: stderr
2026-02-20T02:45:13.869+0000 7feeb6575640 1 -- 10.20.193.64:0/2991797892 learned_addr learned my addr 10.20.193.64:0/2991797892 (peer_addr_for_me v2:10.20.193.64:0/0)
2026-02-20T02:45:13.994 INFO:teuthology.orchestra.run.trial064.stdout:/usr/bin/ceph: stderr
2026-02-20T02:45:13.869+0000 7feeb6575640 1 -- 10.20.193.64:0/2991797892 --> [v2:10.20.193.64:3300/0,v1:10.20.193.64:6789/0] -- mon_subscribe({config=0+,monmap=0+}) -- 0x7feeb819e9b0 con 0x7feeb8108d10
2026-02-20T02:45:13.994 INFO:teuthology.orchestra.run.trial064.stdout:/usr/bin/ceph: stderr
2026-02-20T02:45:13.869+0000 7feeb6575640 1 --2- 10.20.193.64:0/2991797892 >> [v2:10.20.193.64:3300/0,v1:10.20.193.64:6789/0] conn(0x7feeb8108d10 0x7feeb819e470 secure :-1 s=READY pgs=48 cs=0 l=1 rev1=1 crypto rx=0x7feeac009a50 tx=0x7feeac037b90 comp rx=0 tx=0).ready entity=mon.0 client_cookie=0 server_cookie=0 in_seq=0 out_seq=0
2026-02-20T02:45:13.994 INFO:teuthology.orchestra.run.trial064.stdout:/usr/bin/ceph: stderr
2026-02-20T02:45:13.869+0000 7fee9f7fe640 1 -- 10.20.193.64:0/2991797892 <== mon.0 v2:10.20.193.64:3300/0 1 ==== mon_map magic: 0 ==== 205+0+0 (secure 0 0 0) 0x7feeac045070 con 0x7feeb8108d10
2026-02-20T02:45:13.994 INFO:teuthology.orchestra.run.trial064.stdout:/usr/bin/ceph: stderr
2026-02-20T02:45:13.869+0000 7fee9f7fe640 1 -- 10.20.193.64:0/2991797892 <== mon.0 v2:10.20.193.64:3300/0 2 ==== config(26 keys) ==== 1045+0+0 (secure 0 0 0) 0x7feeac040450 con 0x7feeb8108d10
2026-02-20T02:45:13.994 INFO:teuthology.orchestra.run.trial064.stdout:/usr/bin/ceph: stderr
2026-02-20T02:45:13.869+0000 7feebca5b640 1 -- 10.20.193.64:0/2991797892 --> [v2:10.20.193.64:3300/0,v1:10.20.193.64:6789/0] -- mon_subscribe({mgrmap=0+}) -- 0x7feeb819ec40 con 0x7feeb8108d10
2026-02-20T02:45:13.994 INFO:teuthology.orchestra.run.trial064.stdout:/usr/bin/ceph: stderr
2026-02-20T02:45:13.869+0000 7fee9f7fe640 1 -- 10.20.193.64:0/2991797892 <== mon.0 v2:10.20.193.64:3300/0 3 ==== mon_map magic: 0 ==== 205+0+0 (secure 0 0 0) 0x7feeac03c070 con 0x7feeb8108d10
2026-02-20T02:45:13.994 INFO:teuthology.orchestra.run.trial064.stdout:/usr/bin/ceph: stderr
2026-02-20T02:45:13.869+0000 7feebca5b640 1 -- 10.20.193.64:0/2991797892 --> [v2:10.20.193.64:3300/0,v1:10.20.193.64:6789/0] -- mon_subscribe({osdmap=0}) -- 0x7feeb81a18e0 con 0x7feeb8108d10
2026-02-20T02:45:13.995 INFO:teuthology.orchestra.run.trial064.stdout:/usr/bin/ceph: stderr
2026-02-20T02:45:13.870+0000 7feebca5b640 1 -- 10.20.193.64:0/2991797892 --> [v2:10.20.193.64:3300/0,v1:10.20.193.64:6789/0] -- mon_command({"prefix": "get_command_descriptions"} v 0) -- 0x7feeb819f120 con 0x7feeb8108d10
2026-02-20T02:45:13.995 INFO:teuthology.orchestra.run.trial064.stdout:/usr/bin/ceph: stderr
2026-02-20T02:45:13.870+0000 7fee9f7fe640 1 -- 10.20.193.64:0/2991797892 <== mon.0 v2:10.20.193.64:3300/0 4 ==== mgrmap(e 8) ==== 50247+0+0 (secure 0 0 0) 0x7feeac03e570 con 0x7feeb8108d10
2026-02-20T02:45:13.995 INFO:teuthology.orchestra.run.trial064.stdout:/usr/bin/ceph: stderr
2026-02-20T02:45:13.870+0000 7fee9f7fe640 1 --2- 10.20.193.64:0/2991797892 >> [v2:10.20.193.64:6800/4054002746,v1:10.20.193.64:6801/4054002746] conn(0x7fee9003dbf0 0x7fee900400b0 unknown :-1 s=NONE pgs=0 cs=0 l=1 rev1=0 crypto rx=0 tx=0 comp rx=0 tx=0).connect
2026-02-20T02:45:13.995 INFO:teuthology.orchestra.run.trial064.stdout:/usr/bin/ceph: stderr
2026-02-20T02:45:13.870+0000 7fee9f7fe640 1 -- 10.20.193.64:0/2991797892 <== mon.0 v2:10.20.193.64:3300/0 5 ==== osd_map(2..2 src has 1..2) ==== 940+0+0 (secure 0 0 0) 0x7feeac076690 con 0x7feeb8108d10
2026-02-20T02:45:13.995 INFO:teuthology.orchestra.run.trial064.stdout:/usr/bin/ceph: stderr
2026-02-20T02:45:13.870+0000 7feeb5d74640 1 --2- 10.20.193.64:0/2991797892 >> [v2:10.20.193.64:6800/4054002746,v1:10.20.193.64:6801/4054002746] conn(0x7fee9003dbf0 0x7fee900400b0 unknown :-1 s=BANNER_CONNECTING pgs=0 cs=0 l=1 rev1=0 crypto rx=0 tx=0 comp rx=0 tx=0)._handle_peer_banner_payload supported=3 required=0
2026-02-20T02:45:13.995 INFO:teuthology.orchestra.run.trial064.stdout:/usr/bin/ceph: stderr
2026-02-20T02:45:13.870+0000 7feeb5d74640 1 --2- 10.20.193.64:0/2991797892 >> [v2:10.20.193.64:6800/4054002746,v1:10.20.193.64:6801/4054002746] conn(0x7fee9003dbf0 0x7fee900400b0 secure :-1 s=READY pgs=13 cs=0 l=1 rev1=1 crypto rx=0x7feea00099c0 tx=0x7feea0006eb0 comp rx=0 tx=0).ready entity=mgr.14118 client_cookie=0 server_cookie=0 in_seq=0 out_seq=0
2026-02-20T02:45:13.995 INFO:teuthology.orchestra.run.trial064.stdout:/usr/bin/ceph: stderr
2026-02-20T02:45:13.872+0000 7fee9f7fe640 1 -- 10.20.193.64:0/2991797892 <== mon.0 v2:10.20.193.64:3300/0 6 ==== mon_command_ack([{"prefix": "get_command_descriptions"}]=0 v0) ==== 72+0+195341 (secure 0 0 0) 0x7feeb819f120 con 0x7feeb8108d10
2026-02-20T02:45:13.995 INFO:teuthology.orchestra.run.trial064.stdout:/usr/bin/ceph: stderr
2026-02-20T02:45:13.962+0000 7feebca5b640 1 -- 10.20.193.64:0/2991797892 --> [v2:10.20.193.64:6800/4054002746,v1:10.20.193.64:6801/4054002746] -- mgr_command(tid 0: {"prefix": "orch apply", "service_type": "mgr", "unmanaged": true, "target": ["mon-mgr", ""]}) -- 0x7feeb8197c30 con 0x7fee9003dbf0
2026-02-20T02:45:13.995 INFO:teuthology.orchestra.run.trial064.stdout:/usr/bin/ceph: stderr
2026-02-20T02:45:13.965+0000 7fee9f7fe640 1 -- 10.20.193.64:0/2991797892 <== mgr.14118 v2:10.20.193.64:6800/4054002746 1 ==== mgr_command_reply(tid 0: 0 ) ==== 8+0+24 (secure 0 0 0) 0x7feeb8197c30 con 0x7fee9003dbf0
2026-02-20T02:45:13.995 INFO:teuthology.orchestra.run.trial064.stdout:/usr/bin/ceph: stderr
2026-02-20T02:45:13.967+0000 7feebca5b640 1 -- 10.20.193.64:0/2991797892 >> [v2:10.20.193.64:6800/4054002746,v1:10.20.193.64:6801/4054002746] conn(0x7fee9003dbf0 msgr2=0x7fee900400b0 secure :-1 s=STATE_CONNECTION_ESTABLISHED l=1).mark_down
2026-02-20T02:45:13.995 INFO:teuthology.orchestra.run.trial064.stdout:/usr/bin/ceph: stderr
2026-02-20T02:45:13.967+0000 7feebca5b640 1 --2- 10.20.193.64:0/2991797892 >> [v2:10.20.193.64:6800/4054002746,v1:10.20.193.64:6801/4054002746] conn(0x7fee9003dbf0 0x7fee900400b0 secure :-1 s=READY pgs=13 cs=0 l=1 rev1=1 crypto rx=0x7feea00099c0 tx=0x7feea0006eb0 comp rx=0 tx=0).stop
2026-02-20T02:45:13.996 INFO:teuthology.orchestra.run.trial064.stdout:/usr/bin/ceph: stderr
2026-02-20T02:45:13.967+0000 7feebca5b640 1 -- 10.20.193.64:0/2991797892 >> [v2:10.20.193.64:3300/0,v1:10.20.193.64:6789/0] conn(0x7feeb8108d10 msgr2=0x7feeb819e470 secure :-1 s=STATE_CONNECTION_ESTABLISHED l=1).mark_down
2026-02-20T02:45:13.996 INFO:teuthology.orchestra.run.trial064.stdout:/usr/bin/ceph: stderr
2026-02-20T02:45:13.967+0000 7feebca5b640 1 --2- 10.20.193.64:0/2991797892 >> [v2:10.20.193.64:3300/0,v1:10.20.193.64:6789/0] conn(0x7feeb8108d10 0x7feeb819e470 secure :-1 s=READY pgs=48 cs=0 l=1 rev1=1 crypto rx=0x7feeac009a50 tx=0x7feeac037b90 comp rx=0 tx=0).stop
2026-02-20T02:45:13.996 INFO:teuthology.orchestra.run.trial064.stdout:/usr/bin/ceph: stderr
2026-02-20T02:45:13.967+0000 7feebca5b640 1 -- 10.20.193.64:0/2991797892 shutdown_connections
2026-02-20T02:45:13.996 INFO:teuthology.orchestra.run.trial064.stdout:/usr/bin/ceph: stderr
2026-02-20T02:45:13.967+0000 7feebca5b640 1 --2- 10.20.193.64:0/2991797892 >> [v2:10.20.193.64:6800/4054002746,v1:10.20.193.64:6801/4054002746] conn(0x7fee9003dbf0 0x7fee900400b0 unknown :-1 s=CLOSED pgs=13 cs=0 l=1 rev1=1 crypto rx=0 tx=0 comp rx=0 tx=0).stop
2026-02-20T02:45:13.996 INFO:teuthology.orchestra.run.trial064.stdout:/usr/bin/ceph: stderr
2026-02-20T02:45:13.967+0000 7feebca5b640 1 --2- 10.20.193.64:0/2991797892 >> [v2:10.20.193.64:3300/0,v1:10.20.193.64:6789/0] conn(0x7feeb8108d10 0x7feeb819e470 unknown :-1 s=CLOSED pgs=48 cs=0 l=1 rev1=1 crypto rx=0 tx=0 comp rx=0 tx=0).stop
2026-02-20T02:45:13.996 INFO:teuthology.orchestra.run.trial064.stdout:/usr/bin/ceph: stderr
2026-02-20T02:45:13.967+0000 7feebca5b640 1 -- 10.20.193.64:0/2991797892 >> 10.20.193.64:0/2991797892 conn(0x7feeb8102910 msgr2=0x7feeb81036d0 unknown :-1 s=STATE_NONE l=0).mark_down
2026-02-20T02:45:13.996 INFO:teuthology.orchestra.run.trial064.stdout:/usr/bin/ceph: stderr
2026-02-20T02:45:13.967+0000 7feebca5b640 1 -- 10.20.193.64:0/2991797892 shutdown_connections
2026-02-20T02:45:13.996 INFO:teuthology.orchestra.run.trial064.stdout:/usr/bin/ceph: stderr
2026-02-20T02:45:13.967+0000 7feebca5b640 1 -- 10.20.193.64:0/2991797892 wait complete.
2026-02-20T02:45:14.218 INFO:teuthology.orchestra.run.trial064.stdout:/usr/bin/ceph: stderr
2026-02-20T02:45:14.096+0000 7f0448610640 1 Processor -- start
2026-02-20T02:45:14.218 INFO:teuthology.orchestra.run.trial064.stdout:/usr/bin/ceph: stderr
2026-02-20T02:45:14.096+0000 7f0448610640 1 -- start start
2026-02-20T02:45:14.218 INFO:teuthology.orchestra.run.trial064.stdout:/usr/bin/ceph: stderr
2026-02-20T02:45:14.097+0000 7f0448610640 1 --2- >> [v2:10.20.193.64:3300/0,v1:10.20.193.64:6789/0] conn(0x7f044010aa20 0x7f044010ae20 unknown :-1 s=NONE pgs=0 cs=0 l=0 rev1=0 crypto rx=0 tx=0 comp rx=0 tx=0).connect
2026-02-20T02:45:14.218 INFO:teuthology.orchestra.run.trial064.stdout:/usr/bin/ceph: stderr
2026-02-20T02:45:14.097+0000 7f0448610640 1 -- --> [v2:10.20.193.64:3300/0,v1:10.20.193.64:6789/0] -- mon_getmap magic: 0 -- 0x7f044010b3f0 con 0x7f044010aa20
2026-02-20T02:45:14.219 INFO:teuthology.orchestra.run.trial064.stdout:/usr/bin/ceph: stderr
2026-02-20T02:45:14.097+0000 7f0446385640 1 --2- >> [v2:10.20.193.64:3300/0,v1:10.20.193.64:6789/0] conn(0x7f044010aa20 0x7f044010ae20 unknown :-1 s=BANNER_CONNECTING pgs=0 cs=0 l=0 rev1=0 crypto rx=0 tx=0 comp rx=0 tx=0)._handle_peer_banner_payload supported=3 required=0
2026-02-20T02:45:14.219 INFO:teuthology.orchestra.run.trial064.stdout:/usr/bin/ceph: stderr
2026-02-20T02:45:14.097+0000 7f0446385640 1 --2- >> [v2:10.20.193.64:3300/0,v1:10.20.193.64:6789/0] conn(0x7f044010aa20 0x7f044010ae20 unknown :-1 s=HELLO_CONNECTING pgs=0 cs=0 l=0 rev1=1 crypto rx=0 tx=0 comp rx=0 tx=0).handle_hello peer v2:10.20.193.64:3300/0 says I am v2:10.20.193.64:48770/0 (socket says 10.20.193.64:48770)
2026-02-20T02:45:14.219 INFO:teuthology.orchestra.run.trial064.stdout:/usr/bin/ceph: stderr
2026-02-20T02:45:14.097+0000 7f0446385640 1 -- 10.20.193.64:0/3569573384 learned_addr learned my addr 10.20.193.64:0/3569573384 (peer_addr_for_me v2:10.20.193.64:0/0)
2026-02-20T02:45:14.219 INFO:teuthology.orchestra.run.trial064.stdout:/usr/bin/ceph: stderr
2026-02-20T02:45:14.097+0000 7f0446385640 1 -- 10.20.193.64:0/3569573384 --> [v2:10.20.193.64:3300/0,v1:10.20.193.64:6789/0] -- mon_subscribe({config=0+,monmap=0+}) -- 0x7f044010b740 con 0x7f044010aa20
2026-02-20T02:45:14.219 INFO:teuthology.orchestra.run.trial064.stdout:/usr/bin/ceph: stderr
2026-02-20T02:45:14.097+0000 7f0446385640 1 --2- 10.20.193.64:0/3569573384 >> [v2:10.20.193.64:3300/0,v1:10.20.193.64:6789/0] conn(0x7f044010aa20 0x7f044010ae20 secure :-1 s=READY pgs=49 cs=0 l=1 rev1=1 crypto rx=0x7f0430009920 tx=0x7f043002ef20 comp rx=0 tx=0).ready entity=mon.0 client_cookie=9d3f5b185ff04b6c server_cookie=0 in_seq=0 out_seq=0
2026-02-20T02:45:14.219 INFO:teuthology.orchestra.run.trial064.stdout:/usr/bin/ceph: stderr
2026-02-20T02:45:14.097+0000 7f0445383640 1 -- 10.20.193.64:0/3569573384 <== mon.0 v2:10.20.193.64:3300/0 1 ==== mon_map magic: 0 ==== 205+0+0 (secure 0 0 0) 0x7f043003c070 con 0x7f044010aa20
2026-02-20T02:45:14.219 INFO:teuthology.orchestra.run.trial064.stdout:/usr/bin/ceph: stderr
2026-02-20T02:45:14.098+0000 7f0445383640 1 -- 10.20.193.64:0/3569573384 <== mon.0 v2:10.20.193.64:3300/0 2 ==== config(26 keys) ==== 1076+0+0 (secure 0 0 0) 0x7f0430037440 con 0x7f044010aa20
2026-02-20T02:45:14.219 INFO:teuthology.orchestra.run.trial064.stdout:/usr/bin/ceph: stderr
2026-02-20T02:45:14.098+0000 7f0445383640 1 -- 10.20.193.64:0/3569573384 <== mon.0 v2:10.20.193.64:3300/0 3 ==== mon_map magic: 0 ==== 205+0+0 (secure 0 0 0) 0x7f04300354d0 con 0x7f044010aa20
2026-02-20T02:45:14.219 INFO:teuthology.orchestra.run.trial064.stdout:/usr/bin/ceph: stderr
2026-02-20T02:45:14.098+0000 7f0448610640 1 -- 10.20.193.64:0/3569573384 >> [v2:10.20.193.64:3300/0,v1:10.20.193.64:6789/0] conn(0x7f044010aa20 msgr2=0x7f044010ae20 secure :-1 s=STATE_CONNECTION_ESTABLISHED l=1).mark_down
2026-02-20T02:45:14.219 INFO:teuthology.orchestra.run.trial064.stdout:/usr/bin/ceph: stderr
2026-02-20T02:45:14.098+0000 7f0448610640 1 --2- 10.20.193.64:0/3569573384 >> [v2:10.20.193.64:3300/0,v1:10.20.193.64:6789/0] conn(0x7f044010aa20 0x7f044010ae20 secure :-1 s=READY pgs=49 cs=0 l=1 rev1=1 crypto rx=0x7f0430009920 tx=0x7f043002ef20 comp rx=0 tx=0).stop
2026-02-20T02:45:14.219 INFO:teuthology.orchestra.run.trial064.stdout:/usr/bin/ceph: stderr
2026-02-20T02:45:14.098+0000 7f0448610640 1 -- 10.20.193.64:0/3569573384 shutdown_connections
2026-02-20T02:45:14.219 INFO:teuthology.orchestra.run.trial064.stdout:/usr/bin/ceph: stderr
2026-02-20T02:45:14.098+0000 7f0448610640 1 --2- 10.20.193.64:0/3569573384 >> [v2:10.20.193.64:3300/0,v1:10.20.193.64:6789/0] conn(0x7f044010aa20 0x7f044010ae20 unknown :-1 s=CLOSED pgs=49 cs=0 l=1 rev1=1 crypto rx=0 tx=0 comp rx=0 tx=0).stop
2026-02-20T02:45:14.220 INFO:teuthology.orchestra.run.trial064.stdout:/usr/bin/ceph: stderr
2026-02-20T02:45:14.098+0000 7f0448610640 1 -- 10.20.193.64:0/3569573384 >> 10.20.193.64:0/3569573384 conn(0x7f044007db20 msgr2=0x7f044007df50 unknown :-1 s=STATE_NONE l=0).mark_down
2026-02-20T02:45:14.220 INFO:teuthology.orchestra.run.trial064.stdout:/usr/bin/ceph: stderr
2026-02-20T02:45:14.098+0000 7f0448610640 1 -- 10.20.193.64:0/3569573384 shutdown_connections
2026-02-20T02:45:14.220 INFO:teuthology.orchestra.run.trial064.stdout:/usr/bin/ceph: stderr
2026-02-20T02:45:14.098+0000 7f0448610640 1 -- 10.20.193.64:0/3569573384 wait complete.
2026-02-20T02:45:14.220 INFO:teuthology.orchestra.run.trial064.stdout:/usr/bin/ceph: stderr
2026-02-20T02:45:14.098+0000 7f0448610640 1 Processor -- start
2026-02-20T02:45:14.220 INFO:teuthology.orchestra.run.trial064.stdout:/usr/bin/ceph: stderr
2026-02-20T02:45:14.098+0000 7f0448610640 1 -- start start
2026-02-20T02:45:14.220 INFO:teuthology.orchestra.run.trial064.stdout:/usr/bin/ceph: stderr
2026-02-20T02:45:14.098+0000 7f0448610640 1 --2- >> [v2:10.20.193.64:3300/0,v1:10.20.193.64:6789/0] conn(0x7f044010aa20 0x7f04401a06d0 unknown :-1 s=NONE pgs=0 cs=0 l=1 rev1=0 crypto rx=0 tx=0 comp rx=0 tx=0).connect
2026-02-20T02:45:14.220 INFO:teuthology.orchestra.run.trial064.stdout:/usr/bin/ceph: stderr
2026-02-20T02:45:14.098+0000 7f0448610640 1 -- --> [v2:10.20.193.64:3300/0,v1:10.20.193.64:6789/0] -- mon_getmap magic: 0 -- 0x7f044010eaf0 con 0x7f044010aa20
2026-02-20T02:45:14.220 INFO:teuthology.orchestra.run.trial064.stdout:/usr/bin/ceph: stderr
2026-02-20T02:45:14.098+0000 7f0446385640 1 --2- >> [v2:10.20.193.64:3300/0,v1:10.20.193.64:6789/0] conn(0x7f044010aa20 0x7f04401a06d0 unknown :-1 s=BANNER_CONNECTING pgs=0 cs=0 l=1 rev1=0 crypto rx=0 tx=0 comp rx=0 tx=0)._handle_peer_banner_payload supported=3 required=0
2026-02-20T02:45:14.220 INFO:teuthology.orchestra.run.trial064.stdout:/usr/bin/ceph: stderr
2026-02-20T02:45:14.098+0000 7f0446385640 1 --2- >> [v2:10.20.193.64:3300/0,v1:10.20.193.64:6789/0] conn(0x7f044010aa20 0x7f04401a06d0 unknown :-1 s=HELLO_CONNECTING pgs=0 cs=0 l=1 rev1=1 crypto rx=0 tx=0 comp rx=0 tx=0).handle_hello peer v2:10.20.193.64:3300/0 says I am v2:10.20.193.64:48778/0 (socket says 10.20.193.64:48778)
2026-02-20T02:45:14.220 INFO:teuthology.orchestra.run.trial064.stdout:/usr/bin/ceph: stderr
2026-02-20T02:45:14.098+0000 7f0446385640 1 -- 10.20.193.64:0/3493736453 learned_addr learned my addr 10.20.193.64:0/3493736453 (peer_addr_for_me v2:10.20.193.64:0/0)
2026-02-20T02:45:14.220 INFO:teuthology.orchestra.run.trial064.stdout:/usr/bin/ceph: stderr
2026-02-20T02:45:14.098+0000 7f0446385640 1 -- 10.20.193.64:0/3493736453 --> [v2:10.20.193.64:3300/0,v1:10.20.193.64:6789/0] -- mon_subscribe({config=0+,monmap=0+}) -- 0x7f04401a0c10 con 0x7f044010aa20
2026-02-20T02:45:14.221 INFO:teuthology.orchestra.run.trial064.stdout:/usr/bin/ceph: stderr
2026-02-20T02:45:14.099+0000 7f0446385640 1 --2- 10.20.193.64:0/3493736453 >> [v2:10.20.193.64:3300/0,v1:10.20.193.64:6789/0] conn(0x7f044010aa20 0x7f04401a06d0 secure :-1 s=READY pgs=50 cs=0 l=1 rev1=1 crypto rx=0x7f0430039000 tx=0x7f0430037820 comp rx=0 tx=0).ready entity=mon.0 client_cookie=0 server_cookie=0 in_seq=0 out_seq=0
2026-02-20T02:45:14.221 INFO:teuthology.orchestra.run.trial064.stdout:/usr/bin/ceph: stderr
2026-02-20T02:45:14.099+0000 7f04277fe640 1 -- 10.20.193.64:0/3493736453 <== mon.0 v2:10.20.193.64:3300/0 1 ==== mon_map magic: 0 ==== 205+0+0 (secure 0 0 0) 0x7f0430047070 con 0x7f044010aa20
2026-02-20T02:45:14.221 INFO:teuthology.orchestra.run.trial064.stdout:/usr/bin/ceph: stderr
2026-02-20T02:45:14.099+0000 7f04277fe640 1 -- 10.20.193.64:0/3493736453 <== mon.0 v2:10.20.193.64:3300/0 2 ==== config(26 keys) ==== 1076+0+0 (secure 0 0 0) 0x7f0430035df0 con 0x7f044010aa20
2026-02-20T02:45:14.221 INFO:teuthology.orchestra.run.trial064.stdout:/usr/bin/ceph: stderr
2026-02-20T02:45:14.099+0000 7f0448610640 1 -- 10.20.193.64:0/3493736453 --> [v2:10.20.193.64:3300/0,v1:10.20.193.64:6789/0] -- mon_subscribe({mgrmap=0+}) -- 0x7f04401a0ea0 con 0x7f044010aa20
2026-02-20T02:45:14.221 INFO:teuthology.orchestra.run.trial064.stdout:/usr/bin/ceph: stderr
2026-02-20T02:45:14.099+0000 7f04277fe640 1 -- 10.20.193.64:0/3493736453 <== mon.0 v2:10.20.193.64:3300/0 3 ==== mon_map magic: 0 ==== 205+0+0 (secure 0 0 0) 0x7f043003c070 con 0x7f044010aa20
2026-02-20T02:45:14.221 INFO:teuthology.orchestra.run.trial064.stdout:/usr/bin/ceph: stderr
2026-02-20T02:45:14.099+0000 7f0448610640 1 -- 10.20.193.64:0/3493736453 --> [v2:10.20.193.64:3300/0,v1:10.20.193.64:6789/0] -- mon_subscribe({osdmap=0}) -- 0x7f04401a3b90 con 0x7f044010aa20
2026-02-20T02:45:14.221 INFO:teuthology.orchestra.run.trial064.stdout:/usr/bin/ceph: stderr
2026-02-20T02:45:14.099+0000 7f04277fe640 1 -- 10.20.193.64:0/3493736453 <== mon.0 v2:10.20.193.64:3300/0 4 ==== mgrmap(e 8) ==== 50247+0+0 (secure 0 0 0) 0x7f0430042640 con 0x7f044010aa20
2026-02-20T02:45:14.221 INFO:teuthology.orchestra.run.trial064.stdout:/usr/bin/ceph: stderr
2026-02-20T02:45:14.099+0000 7f0448610640 1 -- 10.20.193.64:0/3493736453 --> [v2:10.20.193.64:3300/0,v1:10.20.193.64:6789/0] -- mon_command({"prefix": "get_command_descriptions"} v 0) -- 0x7f044010aea0 con 0x7f044010aa20
2026-02-20T02:45:14.221 INFO:teuthology.orchestra.run.trial064.stdout:/usr/bin/ceph: stderr
2026-02-20T02:45:14.099+0000 7f04277fe640 1 --2- 10.20.193.64:0/3493736453 >> [v2:10.20.193.64:6800/4054002746,v1:10.20.193.64:6801/4054002746] conn(0x7f041c03dbf0 0x7f041c0400b0 unknown :-1 s=NONE pgs=0 cs=0 l=1 rev1=0 crypto rx=0 tx=0 comp rx=0 tx=0).connect
2026-02-20T02:45:14.221 INFO:teuthology.orchestra.run.trial064.stdout:/usr/bin/ceph: stderr
2026-02-20T02:45:14.099+0000 7f04277fe640 1 -- 10.20.193.64:0/3493736453 <== mon.0 v2:10.20.193.64:3300/0 5 ==== osd_map(2..2 src has 1..2) ==== 940+0+0 (secure 0 0 0) 0x7f04300768a0 con 0x7f044010aa20
2026-02-20T02:45:14.221 INFO:teuthology.orchestra.run.trial064.stdout:/usr/bin/ceph: stderr
2026-02-20T02:45:14.100+0000 7f0445b84640 1 --2- 10.20.193.64:0/3493736453 >> [v2:10.20.193.64:6800/4054002746,v1:10.20.193.64:6801/4054002746] conn(0x7f041c03dbf0 0x7f041c0400b0 unknown :-1 s=BANNER_CONNECTING pgs=0 cs=0 l=1 rev1=0 crypto rx=0 tx=0 comp rx=0 tx=0)._handle_peer_banner_payload supported=3 required=0
2026-02-20T02:45:14.221 INFO:teuthology.orchestra.run.trial064.stdout:/usr/bin/ceph: stderr
2026-02-20T02:45:14.100+0000 7f0445b84640 1 --2- 10.20.193.64:0/3493736453 >> [v2:10.20.193.64:6800/4054002746,v1:10.20.193.64:6801/4054002746] conn(0x7f041c03dbf0 0x7f041c0400b0 secure :-1 s=READY pgs=14 cs=0 l=1 rev1=1 crypto rx=0x7f04340099c0 tx=0x7f0434006eb0 comp rx=0 tx=0).ready entity=mgr.14118 client_cookie=0 server_cookie=0 in_seq=0 out_seq=0
2026-02-20T02:45:14.222 INFO:teuthology.orchestra.run.trial064.stdout:/usr/bin/ceph: stderr
2026-02-20T02:45:14.102+0000 7f04277fe640 1 -- 10.20.193.64:0/3493736453 <== mon.0 v2:10.20.193.64:3300/0 6 ==== mon_command_ack([{"prefix": "get_command_descriptions"}]=0 v0) ==== 72+0+195341 (secure 0 0 0) 0x7f04300342a0 con 0x7f044010aa20
2026-02-20T02:45:14.222 INFO:teuthology.orchestra.run.trial064.stdout:/usr/bin/ceph: stderr
2026-02-20T02:45:14.188+0000 7f0448610640 1 -- 10.20.193.64:0/3493736453 --> [v2:10.20.193.64:3300/0,v1:10.20.193.64:6789/0] -- mon_command([{prefix=config set, name=mgr/cephadm/container_init}] v 0) -- 0x7f0440199f10 con 0x7f044010aa20
2026-02-20T02:45:14.222 INFO:teuthology.orchestra.run.trial064.stdout:/usr/bin/ceph: stderr
2026-02-20T02:45:14.190+0000 7f04277fe640 1 -- 10.20.193.64:0/3493736453 <== mon.0 v2:10.20.193.64:3300/0 7 ==== mon_command_ack([{prefix=config set, name=mgr/cephadm/container_init}]=0 v7)=0 v7) ==== 142+0+0 (secure 0 0 0) 0x7f0430033c90 con 0x7f044010aa20
2026-02-20T02:45:14.222 INFO:teuthology.orchestra.run.trial064.stdout:/usr/bin/ceph: stderr
2026-02-20T02:45:14.191+0000 7f0448610640 1 -- 10.20.193.64:0/3493736453 >> [v2:10.20.193.64:6800/4054002746,v1:10.20.193.64:6801/4054002746] conn(0x7f041c03dbf0 msgr2=0x7f041c0400b0 secure :-1 s=STATE_CONNECTION_ESTABLISHED l=1).mark_down
2026-02-20T02:45:14.222 INFO:teuthology.orchestra.run.trial064.stdout:/usr/bin/ceph: stderr
2026-02-20T02:45:14.191+0000 7f0448610640 1 --2- 10.20.193.64:0/3493736453 >> [v2:10.20.193.64:6800/4054002746,v1:10.20.193.64:6801/4054002746] conn(0x7f041c03dbf0 0x7f041c0400b0 secure :-1 s=READY pgs=14 cs=0 l=1 rev1=1 crypto rx=0x7f04340099c0 tx=0x7f0434006eb0 comp rx=0 tx=0).stop
2026-02-20T02:45:14.222 INFO:teuthology.orchestra.run.trial064.stdout:/usr/bin/ceph: stderr
2026-02-20T02:45:14.191+0000 7f0448610640 1 -- 10.20.193.64:0/3493736453 >> [v2:10.20.193.64:3300/0,v1:10.20.193.64:6789/0] conn(0x7f044010aa20 msgr2=0x7f04401a06d0 secure :-1 s=STATE_CONNECTION_ESTABLISHED l=1).mark_down
2026-02-20T02:45:14.222 INFO:teuthology.orchestra.run.trial064.stdout:/usr/bin/ceph: stderr
2026-02-20T02:45:14.191+0000 7f0448610640 1 --2- 10.20.193.64:0/3493736453 >> [v2:10.20.193.64:3300/0,v1:10.20.193.64:6789/0] conn(0x7f044010aa20 0x7f04401a06d0 secure :-1 s=READY pgs=50 cs=0 l=1 rev1=1 crypto rx=0x7f0430039000 tx=0x7f0430037820 comp rx=0 tx=0).stop
2026-02-20T02:45:14.222 INFO:teuthology.orchestra.run.trial064.stdout:/usr/bin/ceph: stderr
2026-02-20T02:45:14.192+0000 7f0448610640 1 -- 10.20.193.64:0/3493736453 shutdown_connections
2026-02-20T02:45:14.222 INFO:teuthology.orchestra.run.trial064.stdout:/usr/bin/ceph: stderr
2026-02-20T02:45:14.192+0000 7f0448610640 1 --2- 10.20.193.64:0/3493736453 >> [v2:10.20.193.64:6800/4054002746,v1:10.20.193.64:6801/4054002746] conn(0x7f041c03dbf0 0x7f041c0400b0 unknown :-1 s=CLOSED pgs=14 cs=0 l=1 rev1=1 crypto rx=0 tx=0 comp rx=0 tx=0).stop
2026-02-20T02:45:14.222 INFO:teuthology.orchestra.run.trial064.stdout:/usr/bin/ceph: stderr
2026-02-20T02:45:14.192+0000 7f0448610640 1 --2- 10.20.193.64:0/3493736453 >> [v2:10.20.193.64:3300/0,v1:10.20.193.64:6789/0] conn(0x7f044010aa20 0x7f04401a06d0 unknown :-1 s=CLOSED pgs=50 cs=0 l=1 rev1=1 crypto rx=0 tx=0 comp rx=0 tx=0).stop
2026-02-20T02:45:14.222 INFO:teuthology.orchestra.run.trial064.stdout:/usr/bin/ceph: stderr
2026-02-20T02:45:14.192+0000 7f0448610640 1 -- 10.20.193.64:0/3493736453 >> 10.20.193.64:0/3493736453 conn(0x7f044007db20 msgr2=0x7f04401087d0 unknown :-1 s=STATE_NONE l=0).mark_down
2026-02-20T02:45:14.223 INFO:teuthology.orchestra.run.trial064.stdout:/usr/bin/ceph: stderr
2026-02-20T02:45:14.192+0000 7f0448610640 1 -- 10.20.193.64:0/3493736453 shutdown_connections
2026-02-20T02:45:14.223 INFO:teuthology.orchestra.run.trial064.stdout:/usr/bin/ceph: stderr
2026-02-20T02:45:14.192+0000 7f0448610640 1 -- 10.20.193.64:0/3493736453 wait complete.
2026-02-20T02:45:14.260 INFO:journalctl@ceph.mon.a.trial064.stdout:Feb 20 02:45:14 trial064 ceph-mon[40880]: Deploying cephadm binary to trial064
2026-02-20T02:45:14.260 INFO:journalctl@ceph.mon.a.trial064.stdout:Feb 20 02:45:14 trial064 ceph-mon[40880]: from='mgr.14118 10.20.193.64:0/789291604' entity='mgr.x'
2026-02-20T02:45:14.260 INFO:journalctl@ceph.mon.a.trial064.stdout:Feb 20 02:45:14 trial064 ceph-mon[40880]: from='mgr.14118 10.20.193.64:0/789291604' entity='mgr.x' cmd=[{"prefix": "config dump", "format": "json"}]: dispatch
2026-02-20T02:45:14.261 INFO:journalctl@ceph.mon.a.trial064.stdout:Feb 20 02:45:14 trial064 ceph-mon[40880]: from='mgr.14118 10.20.193.64:0/789291604' entity='mgr.x'
2026-02-20T02:45:14.261 INFO:journalctl@ceph.mon.a.trial064.stdout:Feb 20 02:45:14 trial064 ceph-mon[40880]: from='mgr.14118 10.20.193.64:0/789291604' entity='mgr.x'
2026-02-20T02:45:14.261 INFO:journalctl@ceph.mon.a.trial064.stdout:Feb 20 02:45:14 trial064 ceph-mon[40880]: from='mgr.14118 10.20.193.64:0/789291604' entity='mgr.x'
2026-02-20T02:45:14.261 INFO:journalctl@ceph.mon.a.trial064.stdout:Feb 20 02:45:14 trial064 ceph-mon[40880]: from='mgr.14118 10.20.193.64:0/789291604' entity='mgr.x'
2026-02-20T02:45:14.261 INFO:journalctl@ceph.mon.a.trial064.stdout:Feb 20 02:45:14 trial064 ceph-mon[40880]: from='client.? 10.20.193.64:0/3493736453' entity='client.admin'
2026-02-20T02:45:14.430 INFO:teuthology.orchestra.run.trial064.stdout:/usr/bin/ceph: stderr
2026-02-20T02:45:14.313+0000 7fb86ae83640 1 Processor -- start
2026-02-20T02:45:14.430 INFO:teuthology.orchestra.run.trial064.stdout:/usr/bin/ceph: stderr
2026-02-20T02:45:14.313+0000 7fb86ae83640 1 -- start start
2026-02-20T02:45:14.430 INFO:teuthology.orchestra.run.trial064.stdout:/usr/bin/ceph: stderr
2026-02-20T02:45:14.313+0000 7fb86ae83640 1 --2- >> [v2:10.20.193.64:3300/0,v1:10.20.193.64:6789/0] conn(0x7fb8640820b0 0x7fb8640824b0 unknown :-1 s=NONE pgs=0 cs=0 l=0 rev1=0 crypto rx=0 tx=0 comp rx=0 tx=0).connect
2026-02-20T02:45:14.431 INFO:teuthology.orchestra.run.trial064.stdout:/usr/bin/ceph: stderr
2026-02-20T02:45:14.313+0000 7fb86ae83640 1 -- --> [v2:10.20.193.64:3300/0,v1:10.20.193.64:6789/0] -- mon_getmap magic: 0 -- 0x7fb8640829f0 con 0x7fb8640820b0
2026-02-20T02:45:14.431 INFO:teuthology.orchestra.run.trial064.stdout:/usr/bin/ceph: stderr
2026-02-20T02:45:14.313+0000 7fb868bf8640 1 --2- >> [v2:10.20.193.64:3300/0,v1:10.20.193.64:6789/0] conn(0x7fb8640820b0 0x7fb8640824b0 unknown :-1 s=BANNER_CONNECTING pgs=0 cs=0 l=0 rev1=0 crypto rx=0 tx=0 comp rx=0 tx=0)._handle_peer_banner_payload supported=3 required=0
2026-02-20T02:45:14.431 INFO:teuthology.orchestra.run.trial064.stdout:/usr/bin/ceph: stderr
2026-02-20T02:45:14.313+0000 7fb868bf8640 1 --2- >> [v2:10.20.193.64:3300/0,v1:10.20.193.64:6789/0] conn(0x7fb8640820b0 0x7fb8640824b0 unknown :-1 s=HELLO_CONNECTING pgs=0 cs=0 l=0 rev1=1 crypto rx=0 tx=0 comp rx=0 tx=0).handle_hello peer v2:10.20.193.64:3300/0 says I am v2:10.20.193.64:48782/0 (socket says 10.20.193.64:48782)
2026-02-20T02:45:14.431 INFO:teuthology.orchestra.run.trial064.stdout:/usr/bin/ceph: stderr
