2026-02-20T02:45:07.349 INFO:teuthology.orchestra.run.trial064.stdout:/usr/bin/ceph: stderr
2026-02-20T02:45:06.563+0000 7fe169597640 1 --2- >> [v2:10.20.193.64:3300/0,v1:10.20.193.64:6789/0] conn(0x7fe16410aa20 0x7fe16410ae20 unknown :-1 s=NONE pgs=0 cs=0 l=0 rev1=0 crypto rx=0 tx=0 comp rx=0 tx=0).connect
2026-02-20T02:45:07.349 INFO:teuthology.orchestra.run.trial064.stdout:/usr/bin/ceph: stderr
2026-02-20T02:45:06.563+0000 7fe169597640 1 -- --> [v2:10.20.193.64:3300/0,v1:10.20.193.64:6789/0] -- mon_getmap magic: 0 -- 0x7fe16410b3f0 con 0x7fe16410aa20
2026-02-20T02:45:07.349 INFO:teuthology.orchestra.run.trial064.stdout:/usr/bin/ceph: stderr
2026-02-20T02:45:06.563+0000 7fe162ffd640 1 --2- >> [v2:10.20.193.64:3300/0,v1:10.20.193.64:6789/0] conn(0x7fe16410aa20 0x7fe16410ae20 unknown :-1 s=BANNER_CONNECTING pgs=0 cs=0 l=0 rev1=0 crypto rx=0 tx=0 comp rx=0 tx=0)._handle_peer_banner_payload supported=3 required=0
2026-02-20T02:45:07.349 INFO:teuthology.orchestra.run.trial064.stdout:/usr/bin/ceph: stderr
2026-02-20T02:45:06.563+0000 7fe162ffd640 1 --2- >> [v2:10.20.193.64:3300/0,v1:10.20.193.64:6789/0] conn(0x7fe16410aa20 0x7fe16410ae20 unknown :-1 s=HELLO_CONNECTING pgs=0 cs=0 l=0 rev1=1 crypto rx=0 tx=0 comp rx=0 tx=0).handle_hello peer v2:10.20.193.64:3300/0 says I am v2:10.20.193.64:50270/0 (socket says 10.20.193.64:50270)
2026-02-20T02:45:07.350 INFO:teuthology.orchestra.run.trial064.stdout:/usr/bin/ceph: stderr
2026-02-20T02:45:06.563+0000 7fe162ffd640 1 -- 10.20.193.64:0/1697003373 learned_addr learned my addr 10.20.193.64:0/1697003373 (peer_addr_for_me v2:10.20.193.64:0/0)
2026-02-20T02:45:07.350 INFO:teuthology.orchestra.run.trial064.stdout:/usr/bin/ceph: stderr
2026-02-20T02:45:06.563+0000 7fe162ffd640 1 -- 10.20.193.64:0/1697003373 --> [v2:10.20.193.64:3300/0,v1:10.20.193.64:6789/0] -- mon_subscribe({config=0+,monmap=0+}) -- 0x7fe16410b740 con 0x7fe16410aa20
2026-02-20T02:45:07.350 INFO:teuthology.orchestra.run.trial064.stdout:/usr/bin/ceph: stderr
2026-02-20T02:45:06.564+0000 7fe162ffd640 1 --2- 10.20.193.64:0/1697003373 >> [v2:10.20.193.64:3300/0,v1:10.20.193.64:6789/0] conn(0x7fe16410aa20 0x7fe16410ae20 secure :-1 s=READY pgs=20 cs=0 l=1 rev1=1 crypto rx=0x7fe158009920 tx=0x7fe15802ef20 comp rx=0 tx=0).ready entity=mon.0 client_cookie=b2c2bda9535b540d server_cookie=0 in_seq=0 out_seq=0
2026-02-20T02:45:07.350 INFO:teuthology.orchestra.run.trial064.stdout:/usr/bin/ceph: stderr
2026-02-20T02:45:06.564+0000 7fe161ffb640 1 -- 10.20.193.64:0/1697003373 <== mon.0 v2:10.20.193.64:3300/0 1 ==== mon_map magic: 0 ==== 205+0+0 (secure 0 0 0) 0x7fe15803c070 con 0x7fe16410aa20
2026-02-20T02:45:07.350 INFO:teuthology.orchestra.run.trial064.stdout:/usr/bin/ceph: stderr
2026-02-20T02:45:06.564+0000 7fe161ffb640 1 -- 10.20.193.64:0/1697003373 <== mon.0 v2:10.20.193.64:3300/0 2 ==== config(26 keys) ==== 1045+0+0 (secure 0 0 0) 0x7fe158037440 con 0x7fe16410aa20
2026-02-20T02:45:07.350 INFO:teuthology.orchestra.run.trial064.stdout:/usr/bin/ceph: stderr
2026-02-20T02:45:06.564+0000 7fe161ffb640 1 -- 10.20.193.64:0/1697003373 <== mon.0 v2:10.20.193.64:3300/0 3 ==== mon_map magic: 0 ==== 205+0+0 (secure 0 0 0) 0x7fe1580354b0 con 0x7fe16410aa20
2026-02-20T02:45:07.350 INFO:teuthology.orchestra.run.trial064.stdout:/usr/bin/ceph: stderr
2026-02-20T02:45:06.564+0000 7fe169597640 1 -- 10.20.193.64:0/1697003373 >> [v2:10.20.193.64:3300/0,v1:10.20.193.64:6789/0] conn(0x7fe16410aa20 msgr2=0x7fe16410ae20 secure :-1 s=STATE_CONNECTION_ESTABLISHED l=1).mark_down
2026-02-20T02:45:07.350 INFO:teuthology.orchestra.run.trial064.stdout:/usr/bin/ceph: stderr
2026-02-20T02:45:06.564+0000 7fe169597640 1 --2- 10.20.193.64:0/1697003373 >> [v2:10.20.193.64:3300/0,v1:10.20.193.64:6789/0] conn(0x7fe16410aa20 0x7fe16410ae20 secure :-1 s=READY pgs=20 cs=0 l=1 rev1=1 crypto rx=0x7fe158009920 tx=0x7fe15802ef20 comp rx=0 tx=0).stop
2026-02-20T02:45:07.350 INFO:teuthology.orchestra.run.trial064.stdout:/usr/bin/ceph: stderr
2026-02-20T02:45:06.564+0000 7fe169597640 1 -- 10.20.193.64:0/1697003373 shutdown_connections
2026-02-20T02:45:07.350 INFO:teuthology.orchestra.run.trial064.stdout:/usr/bin/ceph: stderr
2026-02-20T02:45:06.564+0000 7fe169597640 1 --2- 10.20.193.64:0/1697003373 >> [v2:10.20.193.64:3300/0,v1:10.20.193.64:6789/0] conn(0x7fe16410aa20 0x7fe16410ae20 unknown :-1 s=CLOSED pgs=20 cs=0 l=1 rev1=1 crypto rx=0 tx=0 comp rx=0 tx=0).stop
2026-02-20T02:45:07.351 INFO:teuthology.orchestra.run.trial064.stdout:/usr/bin/ceph: stderr
2026-02-20T02:45:06.564+0000 7fe169597640 1 -- 10.20.193.64:0/1697003373 >> 10.20.193.64:0/1697003373 conn(0x7fe16407db20 msgr2=0x7fe16407df50 unknown :-1 s=STATE_NONE l=0).mark_down
2026-02-20T02:45:07.351 INFO:teuthology.orchestra.run.trial064.stdout:/usr/bin/ceph: stderr
2026-02-20T02:45:06.564+0000 7fe169597640 1 -- 10.20.193.64:0/1697003373 shutdown_connections
2026-02-20T02:45:07.351 INFO:teuthology.orchestra.run.trial064.stdout:/usr/bin/ceph: stderr
2026-02-20T02:45:06.564+0000 7fe169597640 1 -- 10.20.193.64:0/1697003373 wait complete.
2026-02-20T02:45:07.351 INFO:teuthology.orchestra.run.trial064.stdout:/usr/bin/ceph: stderr
2026-02-20T02:45:06.565+0000 7fe169597640 1 Processor -- start
2026-02-20T02:45:07.351 INFO:teuthology.orchestra.run.trial064.stdout:/usr/bin/ceph: stderr
2026-02-20T02:45:06.565+0000 7fe169597640 1 -- start start
2026-02-20T02:45:07.351 INFO:teuthology.orchestra.run.trial064.stdout:/usr/bin/ceph: stderr
2026-02-20T02:45:06.565+0000 7fe169597640 1 --2- >> [v2:10.20.193.64:3300/0,v1:10.20.193.64:6789/0] conn(0x7fe16410aa20 0x7fe1641a06b0 unknown :-1 s=NONE pgs=0 cs=0 l=1 rev1=0 crypto rx=0 tx=0 comp rx=0 tx=0).connect
2026-02-20T02:45:07.351 INFO:teuthology.orchestra.run.trial064.stdout:/usr/bin/ceph: stderr
2026-02-20T02:45:06.565+0000 7fe169597640 1 -- --> [v2:10.20.193.64:3300/0,v1:10.20.193.64:6789/0] -- mon_getmap magic: 0 -- 0x7fe16410e970 con 0x7fe16410aa20
2026-02-20T02:45:07.351 INFO:teuthology.orchestra.run.trial064.stdout:/usr/bin/ceph: stderr
2026-02-20T02:45:06.565+0000 7fe162ffd640 1 --2- >> [v2:10.20.193.64:3300/0,v1:10.20.193.64:6789/0] conn(0x7fe16410aa20 0x7fe1641a06b0 unknown :-1 s=BANNER_CONNECTING pgs=0 cs=0 l=1 rev1=0 crypto rx=0 tx=0 comp rx=0 tx=0)._handle_peer_banner_payload supported=3 required=0
2026-02-20T02:45:07.351 INFO:teuthology.orchestra.run.trial064.stdout:/usr/bin/ceph: stderr
2026-02-20T02:45:06.565+0000 7fe162ffd640 1 --2- >> [v2:10.20.193.64:3300/0,v1:10.20.193.64:6789/0] conn(0x7fe16410aa20 0x7fe1641a06b0 unknown :-1 s=HELLO_CONNECTING pgs=0 cs=0 l=1 rev1=1 crypto rx=0 tx=0 comp rx=0 tx=0).handle_hello peer v2:10.20.193.64:3300/0 says I am v2:10.20.193.64:50280/0 (socket says 10.20.193.64:50280)
2026-02-20T02:45:07.351 INFO:teuthology.orchestra.run.trial064.stdout:/usr/bin/ceph: stderr
2026-02-20T02:45:06.565+0000 7fe162ffd640 1 -- 10.20.193.64:0/3481662095 learned_addr learned my addr 10.20.193.64:0/3481662095 (peer_addr_for_me v2:10.20.193.64:0/0)
2026-02-20T02:45:07.351 INFO:teuthology.orchestra.run.trial064.stdout:/usr/bin/ceph: stderr
2026-02-20T02:45:06.565+0000 7fe162ffd640 1 -- 10.20.193.64:0/3481662095 --> [v2:10.20.193.64:3300/0,v1:10.20.193.64:6789/0] -- mon_subscribe({config=0+,monmap=0+}) -- 0x7fe1641a0bf0 con 0x7fe16410aa20
2026-02-20T02:45:07.352 INFO:teuthology.orchestra.run.trial064.stdout:/usr/bin/ceph: stderr
2026-02-20T02:45:06.565+0000 7fe162ffd640 1 --2- 10.20.193.64:0/3481662095 >> [v2:10.20.193.64:3300/0,v1:10.20.193.64:6789/0] conn(0x7fe16410aa20 0x7fe1641a06b0 secure :-1 s=READY pgs=21 cs=0 l=1 rev1=1 crypto rx=0x7fe158006fd0 tx=0x7fe158037bb0 comp rx=0 tx=0).ready entity=mon.0 client_cookie=0 server_cookie=0 in_seq=0 out_seq=0
2026-02-20T02:45:07.352 INFO:teuthology.orchestra.run.trial064.stdout:/usr/bin/ceph: stderr
2026-02-20T02:45:06.565+0000 7fe143fff640 1 -- 10.20.193.64:0/3481662095 <== mon.0 v2:10.20.193.64:3300/0 1 ==== mon_map magic: 0 ==== 205+0+0 (secure 0 0 0) 0x7fe158045070 con 0x7fe16410aa20
2026-02-20T02:45:07.352 INFO:teuthology.orchestra.run.trial064.stdout:/usr/bin/ceph: stderr
2026-02-20T02:45:06.565+0000 7fe143fff640 1 -- 10.20.193.64:0/3481662095 <== mon.0 v2:10.20.193.64:3300/0 2 ==== config(26 keys) ==== 1045+0+0 (secure 0 0 0) 0x7fe158040450 con 0x7fe16410aa20
2026-02-20T02:45:07.352 INFO:teuthology.orchestra.run.trial064.stdout:/usr/bin/ceph: stderr
2026-02-20T02:45:06.565+0000 7fe169597640 1 -- 10.20.193.64:0/3481662095 --> [v2:10.20.193.64:3300/0,v1:10.20.193.64:6789/0] -- mon_subscribe({mgrmap=0+}) -- 0x7fe1641a0e80 con 0x7fe16410aa20
2026-02-20T02:45:07.352 INFO:teuthology.orchestra.run.trial064.stdout:/usr/bin/ceph: stderr
2026-02-20T02:45:06.565+0000 7fe143fff640 1 -- 10.20.193.64:0/3481662095 <== mon.0 v2:10.20.193.64:3300/0 3 ==== mon_map magic: 0 ==== 205+0+0 (secure 0 0 0) 0x7fe15803c070 con 0x7fe16410aa20
2026-02-20T02:45:07.352 INFO:teuthology.orchestra.run.trial064.stdout:/usr/bin/ceph: stderr
2026-02-20T02:45:06.565+0000 7fe169597640 1 -- 10.20.193.64:0/3481662095 --> [v2:10.20.193.64:3300/0,v1:10.20.193.64:6789/0] -- mon_subscribe({osdmap=0}) -- 0x7fe1641a3b70 con 0x7fe16410aa20
2026-02-20T02:45:07.352 INFO:teuthology.orchestra.run.trial064.stdout:/usr/bin/ceph: stderr
2026-02-20T02:45:06.566+0000 7fe169597640 1 -- 10.20.193.64:0/3481662095 --> [v2:10.20.193.64:3300/0,v1:10.20.193.64:6789/0] -- mon_command({"prefix": "get_command_descriptions"} v 0) -- 0x7fe16410aea0 con 0x7fe16410aa20
2026-02-20T02:45:07.352 INFO:teuthology.orchestra.run.trial064.stdout:/usr/bin/ceph: stderr
2026-02-20T02:45:06.566+0000 7fe143fff640 1 -- 10.20.193.64:0/3481662095 <== mon.0 v2:10.20.193.64:3300/0 4 ==== mgrmap(e 4) ==== 50236+0+0 (secure 0 0 0) 0x7fe158040900 con 0x7fe16410aa20
2026-02-20T02:45:07.352 INFO:teuthology.orchestra.run.trial064.stdout:/usr/bin/ceph: stderr
2026-02-20T02:45:06.566+0000 7fe143fff640 1 --2- 10.20.193.64:0/3481662095 >> [v2:10.20.193.64:6800/2791318089,v1:10.20.193.64:6801/2791318089] conn(0x7fe13803db50 0x7fe138040010 unknown :-1 s=NONE pgs=0 cs=0 l=1 rev1=0 crypto rx=0 tx=0 comp rx=0 tx=0).connect
2026-02-20T02:45:07.352 INFO:teuthology.orchestra.run.trial064.stdout:/usr/bin/ceph: stderr
2026-02-20T02:45:06.566+0000 7fe143fff640 1 -- 10.20.193.64:0/3481662095 <== mon.0 v2:10.20.193.64:3300/0 5 ==== osd_map(1..1 src has 1..1) ==== 725+0+0 (secure 0 0 0) 0x7fe158076590 con 0x7fe16410aa20
2026-02-20T02:45:07.353 INFO:teuthology.orchestra.run.trial064.stdout:/usr/bin/ceph: stderr
2026-02-20T02:45:06.566+0000 7fe1627fc640 1 --2- 10.20.193.64:0/3481662095 >> [v2:10.20.193.64:6800/2791318089,v1:10.20.193.64:6801/2791318089] conn(0x7fe13803db50 0x7fe138040010 unknown :-1 s=BANNER_CONNECTING pgs=0 cs=0 l=1 rev1=0 crypto rx=0 tx=0 comp rx=0 tx=0)._handle_peer_banner_payload supported=3 required=0
2026-02-20T02:45:07.353 INFO:teuthology.orchestra.run.trial064.stdout:/usr/bin/ceph: stderr
2026-02-20T02:45:06.566+0000 7fe1627fc640 1 --2- 10.20.193.64:0/3481662095 >> [v2:10.20.193.64:6800/2791318089,v1:10.20.193.64:6801/2791318089] conn(0x7fe13803db50 0x7fe138040010 secure :-1 s=READY pgs=8 cs=0 l=1 rev1=1 crypto rx=0x7fe14c0099c0 tx=0x7fe14c006eb0 comp rx=0 tx=0).ready entity=mgr.14100 client_cookie=0 server_cookie=0 in_seq=0 out_seq=0
2026-02-20T02:45:07.353 INFO:teuthology.orchestra.run.trial064.stdout:/usr/bin/ceph: stderr
2026-02-20T02:45:06.568+0000 7fe143fff640 1 -- 10.20.193.64:0/3481662095 <== mon.0 v2:10.20.193.64:3300/0 6 ==== mon_command_ack([{"prefix": "get_command_descriptions"}]=0 v0) ==== 72+0+195341 (secure 0 0 0) 0x7fe158033200 con 0x7fe16410aa20
2026-02-20T02:45:07.353 INFO:teuthology.orchestra.run.trial064.stdout:/usr/bin/ceph: stderr
2026-02-20T02:45:06.675+0000 7fe169597640 1 -- 10.20.193.64:0/3481662095 --> [v2:10.20.193.64:3300/0,v1:10.20.193.64:6789/0] -- mon_command({"prefix": "mgr module enable", "module": "cephadm"} v 0) -- 0x7fe164199e90 con 0x7fe16410aa20
2026-02-20T02:45:07.353 INFO:teuthology.orchestra.run.trial064.stdout:/usr/bin/ceph: stderr
2026-02-20T02:45:07.315+0000 7fe143fff640 1 -- 10.20.193.64:0/3481662095 <== mon.0 v2:10.20.193.64:3300/0 7 ==== mon_command_ack([{"prefix": "mgr module enable", "module": "cephadm"}]=0 v5) ==== 86+0+0 (secure 0 0 0) 0x7fe158035e20 con 0x7fe16410aa20
2026-02-20T02:45:07.353 INFO:teuthology.orchestra.run.trial064.stdout:/usr/bin/ceph: stderr
2026-02-20T02:45:07.317+0000 7fe169597640 1 -- 10.20.193.64:0/3481662095 >> [v2:10.20.193.64:6800/2791318089,v1:10.20.193.64:6801/2791318089] conn(0x7fe13803db50 msgr2=0x7fe138040010 secure :-1 s=STATE_CONNECTION_ESTABLISHED l=1).mark_down
2026-02-20T02:45:07.353 INFO:teuthology.orchestra.run.trial064.stdout:/usr/bin/ceph: stderr
2026-02-20T02:45:07.317+0000 7fe169597640 1 --2- 10.20.193.64:0/3481662095 >> [v2:10.20.193.64:6800/2791318089,v1:10.20.193.64:6801/2791318089] conn(0x7fe13803db50 0x7fe138040010 secure :-1 s=READY pgs=8 cs=0 l=1 rev1=1 crypto rx=0x7fe14c0099c0 tx=0x7fe14c006eb0 comp rx=0 tx=0).stop
2026-02-20T02:45:07.354 INFO:teuthology.orchestra.run.trial064.stdout:/usr/bin/ceph: stderr
2026-02-20T02:45:07.317+0000 7fe169597640 1 -- 10.20.193.64:0/3481662095 >> [v2:10.20.193.64:3300/0,v1:10.20.193.64:6789/0] conn(0x7fe16410aa20 msgr2=0x7fe1641a06b0 secure :-1 s=STATE_CONNECTION_ESTABLISHED l=1).mark_down
2026-02-20T02:45:07.354 INFO:teuthology.orchestra.run.trial064.stdout:/usr/bin/ceph: stderr
2026-02-20T02:45:07.317+0000 7fe143fff640 1 -- 10.20.193.64:0/3481662095 <== mon.0 v2:10.20.193.64:3300/0 8 ==== mgrmap(e 5) ==== 50247+0+0 (secure 0 0 0) 0x7fe15803e580 con 0x7fe16410aa20
2026-02-20T02:45:07.354 INFO:teuthology.orchestra.run.trial064.stdout:/usr/bin/ceph: stderr
2026-02-20T02:45:07.317+0000 7fe169597640 1 --2- 10.20.193.64:0/3481662095 >> [v2:10.20.193.64:3300/0,v1:10.20.193.64:6789/0] conn(0x7fe16410aa20 0x7fe1641a06b0 secure :-1 s=READY pgs=21 cs=0 l=1 rev1=1 crypto rx=0x7fe158006fd0 tx=0x7fe158037bb0 comp rx=0 tx=0).stop
2026-02-20T02:45:07.354 INFO:teuthology.orchestra.run.trial064.stdout:/usr/bin/ceph: stderr
2026-02-20T02:45:07.317+0000 7fe169597640 1 -- 10.20.193.64:0/3481662095 shutdown_connections
2026-02-20T02:45:07.354 INFO:teuthology.orchestra.run.trial064.stdout:/usr/bin/ceph: stderr
2026-02-20T02:45:07.317+0000 7fe169597640 1 --2- 10.20.193.64:0/3481662095 >> [v2:10.20.193.64:6800/2791318089,v1:10.20.193.64:6801/2791318089] conn(0x7fe13803db50 0x7fe138040010 unknown :-1 s=CLOSED pgs=8 cs=0 l=1 rev1=1 crypto rx=0 tx=0 comp rx=0 tx=0).stop
2026-02-20T02:45:07.354 INFO:teuthology.orchestra.run.trial064.stdout:/usr/bin/ceph: stderr
2026-02-20T02:45:07.317+0000 7fe169597640 1 --2- 10.20.193.64:0/3481662095 >> [v2:10.20.193.64:3300/0,v1:10.20.193.64:6789/0] conn(0x7fe16410aa20 0x7fe1641a06b0 unknown :-1 s=CLOSED pgs=21 cs=0 l=1 rev1=1 crypto rx=0 tx=0 comp rx=0 tx=0).stop
2026-02-20T02:45:07.354 INFO:teuthology.orchestra.run.trial064.stdout:/usr/bin/ceph: stderr
2026-02-20T02:45:07.317+0000 7fe169597640 1 -- 10.20.193.64:0/3481662095 >> 10.20.193.64:0/3481662095 conn(0x7fe16407db20 msgr2=0x7fe164108930 unknown :-1 s=STATE_NONE l=0).mark_down
2026-02-20T02:45:07.355 INFO:teuthology.orchestra.run.trial064.stdout:/usr/bin/ceph: stderr
2026-02-20T02:45:07.317+0000 7fe169597640 1 -- 10.20.193.64:0/3481662095 shutdown_connections
2026-02-20T02:45:07.355 INFO:teuthology.orchestra.run.trial064.stdout:/usr/bin/ceph: stderr
2026-02-20T02:45:07.317+0000 7fe169597640 1 -- 10.20.193.64:0/3481662095 wait complete.
2026-02-20T02:45:07.557 INFO:journalctl@ceph.mon.a.trial064.stdout:Feb 20 02:45:07 trial064 ceph-mon[40880]: mgrmap e4: x(active, since 2s)
2026-02-20T02:45:07.557 INFO:journalctl@ceph.mon.a.trial064.stdout:Feb 20 02:45:07 trial064 ceph-mon[40880]: from='client.? 10.20.193.64:0/1309372647' entity='client.admin' cmd=[{"prefix": "config assimilate-conf"}]: dispatch
2026-02-20T02:45:07.557 INFO:journalctl@ceph.mon.a.trial064.stdout:Feb 20 02:45:07 trial064 ceph-mon[40880]: from='client.? 10.20.193.64:0/3481662095' entity='client.admin' cmd=[{"prefix": "mgr module enable", "module": "cephadm"}]: dispatch
2026-02-20T02:45:07.558 INFO:journalctl@ceph.mgr.x.trial064.stdout:Feb 20 02:45:07 trial064 ceph-1eeb1096-0e06-11f1-b0af-d404e6e7d460-mgr-x[41145]: ignoring --setuser ceph since I am not root
2026-02-20T02:45:07.558 INFO:journalctl@ceph.mgr.x.trial064.stdout:Feb 20 02:45:07 trial064 ceph-1eeb1096-0e06-11f1-b0af-d404e6e7d460-mgr-x[41145]: ignoring --setgroup ceph since I am not root
2026-02-20T02:45:07.585 INFO:teuthology.orchestra.run.trial064.stdout:/usr/bin/ceph: stdout {
2026-02-20T02:45:07.585 INFO:teuthology.orchestra.run.trial064.stdout:/usr/bin/ceph: stdout "epoch": 5,
2026-02-20T02:45:07.585 INFO:teuthology.orchestra.run.trial064.stdout:/usr/bin/ceph: stdout "available": true,
2026-02-20T02:45:07.585 INFO:teuthology.orchestra.run.trial064.stdout:/usr/bin/ceph: stdout "active_name": "x",
2026-02-20T02:45:07.585 INFO:teuthology.orchestra.run.trial064.stdout:/usr/bin/ceph: stdout "num_standby": 0
2026-02-20T02:45:07.585 INFO:teuthology.orchestra.run.trial064.stdout:/usr/bin/ceph: stdout }
2026-02-20T02:45:07.585 INFO:teuthology.orchestra.run.trial064.stdout:/usr/bin/ceph: stderr
2026-02-20T02:45:07.446+0000 7f211c26a640 1 Processor -- start
2026-02-20T02:45:07.585 INFO:teuthology.orchestra.run.trial064.stdout:/usr/bin/ceph: stderr
2026-02-20T02:45:07.446+0000 7f211c26a640 1 -- start start
2026-02-20T02:45:07.585 INFO:teuthology.orchestra.run.trial064.stdout:/usr/bin/ceph: stderr
2026-02-20T02:45:07.446+0000 7f211c26a640 1 --2- >> [v2:10.20.193.64:3300/0,v1:10.20.193.64:6789/0] conn(0x7f211407eeb0 0x7f211407d310 unknown :-1 s=NONE pgs=0 cs=0 l=0 rev1=0 crypto rx=0 tx=0 comp rx=0 tx=0).connect
2026-02-20T02:45:07.586 INFO:teuthology.orchestra.run.trial064.stdout:/usr/bin/ceph: stderr
2026-02-20T02:45:07.446+0000 7f211c26a640 1 -- --> [v2:10.20.193.64:3300/0,v1:10.20.193.64:6789/0] -- mon_getmap magic: 0 -- 0x7f211407d850 con 0x7f211407eeb0
2026-02-20T02:45:07.586 INFO:teuthology.orchestra.run.trial064.stdout:/usr/bin/ceph: stderr
2026-02-20T02:45:07.446+0000 7f2119fdf640 1 --2- >> [v2:10.20.193.64:3300/0,v1:10.20.193.64:6789/0] conn(0x7f211407eeb0 0x7f211407d310 unknown :-1 s=BANNER_CONNECTING pgs=0 cs=0 l=0 rev1=0 crypto rx=0 tx=0 comp rx=0 tx=0)._handle_peer_banner_payload supported=3 required=0
2026-02-20T02:45:07.586 INFO:teuthology.orchestra.run.trial064.stdout:/usr/bin/ceph: stderr
2026-02-20T02:45:07.446+0000 7f2119fdf640 1 --2- >> [v2:10.20.193.64:3300/0,v1:10.20.193.64:6789/0] conn(0x7f211407eeb0 0x7f211407d310 unknown :-1 s=HELLO_CONNECTING pgs=0 cs=0 l=0 rev1=1 crypto rx=0 tx=0 comp rx=0 tx=0).handle_hello peer v2:10.20.193.64:3300/0 says I am v2:10.20.193.64:50310/0 (socket says 10.20.193.64:50310)
2026-02-20T02:45:07.586 INFO:teuthology.orchestra.run.trial064.stdout:/usr/bin/ceph: stderr
2026-02-20T02:45:07.446+0000 7f2119fdf640 1 -- 10.20.193.64:0/2852256207 learned_addr learned my addr 10.20.193.64:0/2852256207 (peer_addr_for_me v2:10.20.193.64:0/0)
2026-02-20T02:45:07.586 INFO:teuthology.orchestra.run.trial064.stdout:/usr/bin/ceph: stderr
2026-02-20T02:45:07.446+0000 7f2119fdf640 1 -- 10.20.193.64:0/2852256207 --> [v2:10.20.193.64:3300/0,v1:10.20.193.64:6789/0] -- mon_subscribe({config=0+,monmap=0+}) -- 0x7f211407d9d0 con 0x7f211407eeb0
2026-02-20T02:45:07.586 INFO:teuthology.orchestra.run.trial064.stdout:/usr/bin/ceph: stderr
2026-02-20T02:45:07.447+0000 7f2119fdf640 1 --2- 10.20.193.64:0/2852256207 >> [v2:10.20.193.64:3300/0,v1:10.20.193.64:6789/0] conn(0x7f211407eeb0 0x7f211407d310 secure :-1 s=READY pgs=24 cs=0 l=1 rev1=1 crypto rx=0x7f2104009920 tx=0x7f210402ef20 comp rx=0 tx=0).ready entity=mon.0 client_cookie=c63a49192044480c server_cookie=0 in_seq=0 out_seq=0
2026-02-20T02:45:07.586 INFO:teuthology.orchestra.run.trial064.stdout:/usr/bin/ceph: stderr
2026-02-20T02:45:07.447+0000 7f2118fdd640 1 -- 10.20.193.64:0/2852256207 <== mon.0 v2:10.20.193.64:3300/0 1 ==== mon_map magic: 0 ==== 205+0+0 (secure 0 0 0) 0x7f210403c070 con 0x7f211407eeb0
2026-02-20T02:45:07.586 INFO:teuthology.orchestra.run.trial064.stdout:/usr/bin/ceph: stderr
2026-02-20T02:45:07.447+0000 7f2118fdd640 1 -- 10.20.193.64:0/2852256207 <== mon.0 v2:10.20.193.64:3300/0 2 ==== config(26 keys) ==== 1045+0+0 (secure 0 0 0) 0x7f2104037440 con 0x7f211407eeb0
2026-02-20T02:45:07.586 INFO:teuthology.orchestra.run.trial064.stdout:/usr/bin/ceph: stderr
2026-02-20T02:45:07.447+0000 7f2118fdd640 1 -- 10.20.193.64:0/2852256207 <== mon.0 v2:10.20.193.64:3300/0 3 ==== mon_map magic: 0 ==== 205+0+0 (secure 0 0 0) 0x7f21040354b0 con 0x7f211407eeb0
2026-02-20T02:45:07.586 INFO:teuthology.orchestra.run.trial064.stdout:/usr/bin/ceph: stderr
2026-02-20T02:45:07.447+0000 7f211c26a640 1 -- 10.20.193.64:0/2852256207 >> [v2:10.20.193.64:3300/0,v1:10.20.193.64:6789/0] conn(0x7f211407eeb0 msgr2=0x7f211407d310 secure :-1 s=STATE_CONNECTION_ESTABLISHED l=1).mark_down
2026-02-20T02:45:07.587 INFO:teuthology.orchestra.run.trial064.stdout:/usr/bin/ceph: stderr
2026-02-20T02:45:07.447+0000 7f211c26a640 1 --2- 10.20.193.64:0/2852256207 >> [v2:10.20.193.64:3300/0,v1:10.20.193.64:6789/0] conn(0x7f211407eeb0 0x7f211407d310 secure :-1 s=READY pgs=24 cs=0 l=1 rev1=1 crypto rx=0x7f2104009920 tx=0x7f210402ef20 comp rx=0 tx=0).stop
2026-02-20T02:45:07.587 INFO:teuthology.orchestra.run.trial064.stdout:/usr/bin/ceph: stderr
2026-02-20T02:45:07.447+0000 7f211c26a640 1 -- 10.20.193.64:0/2852256207 shutdown_connections
2026-02-20T02:45:07.587 INFO:teuthology.orchestra.run.trial064.stdout:/usr/bin/ceph: stderr
2026-02-20T02:45:07.447+0000 7f211c26a640 1 --2- 10.20.193.64:0/2852256207 >> [v2:10.20.193.64:3300/0,v1:10.20.193.64:6789/0] conn(0x7f211407eeb0 0x7f211407d310 unknown :-1 s=CLOSED pgs=24 cs=0 l=1 rev1=1 crypto rx=0 tx=0 comp rx=0 tx=0).stop
2026-02-20T02:45:07.587 INFO:teuthology.orchestra.run.trial064.stdout:/usr/bin/ceph: stderr
2026-02-20T02:45:07.447+0000 7f211c26a640 1 -- 10.20.193.64:0/2852256207 >> 10.20.193.64:0/2852256207 conn(0x7f2114103ae0 msgr2=0x7f2114105f00 unknown :-1 s=STATE_NONE l=0).mark_down
2026-02-20T02:45:07.587 INFO:teuthology.orchestra.run.trial064.stdout:/usr/bin/ceph: stderr
2026-02-20T02:45:07.447+0000 7f211c26a640 1 -- 10.20.193.64:0/2852256207 shutdown_connections
2026-02-20T02:45:07.587 INFO:teuthology.orchestra.run.trial064.stdout:/usr/bin/ceph: stderr
2026-02-20T02:45:07.447+0000 7f211c26a640 1 -- 10.20.193.64:0/2852256207 wait complete.
2026-02-20T02:45:07.587 INFO:teuthology.orchestra.run.trial064.stdout:/usr/bin/ceph: stderr
2026-02-20T02:45:07.447+0000 7f211c26a640 1 Processor -- start
2026-02-20T02:45:07.587 INFO:teuthology.orchestra.run.trial064.stdout:/usr/bin/ceph: stderr
2026-02-20T02:45:07.448+0000 7f211c26a640 1 -- start start
2026-02-20T02:45:07.587 INFO:teuthology.orchestra.run.trial064.stdout:/usr/bin/ceph: stderr
2026-02-20T02:45:07.448+0000 7f211c26a640 1 --2- >> [v2:10.20.193.64:3300/0,v1:10.20.193.64:6789/0] conn(0x7f211407eeb0 0x7f21141a0730 unknown :-1 s=NONE pgs=0 cs=0 l=1 rev1=0 crypto rx=0 tx=0 comp rx=0 tx=0).connect
2026-02-20T02:45:07.587 INFO:teuthology.orchestra.run.trial064.stdout:/usr/bin/ceph: stderr
2026-02-20T02:45:07.448+0000 7f211c26a640 1 -- --> [v2:10.20.193.64:3300/0,v1:10.20.193.64:6789/0] -- mon_getmap magic: 0 -- 0x7f211410e840 con 0x7f211407eeb0
2026-02-20T02:45:07.587 INFO:teuthology.orchestra.run.trial064.stdout:/usr/bin/ceph: stderr
2026-02-20T02:45:07.448+0000 7f2119fdf640 1 --2- >> [v2:10.20.193.64:3300/0,v1:10.20.193.64:6789/0] conn(0x7f211407eeb0 0x7f21141a0730 unknown :-1 s=BANNER_CONNECTING pgs=0 cs=0 l=1 rev1=0 crypto rx=0 tx=0 comp rx=0 tx=0)._handle_peer_banner_payload supported=3 required=0
2026-02-20T02:45:07.587 INFO:teuthology.orchestra.run.trial064.stdout:/usr/bin/ceph: stderr
2026-02-20T02:45:07.448+0000 7f2119fdf640 1 --2- >> [v2:10.20.193.64:3300/0,v1:10.20.193.64:6789/0] conn(0x7f211407eeb0 0x7f21141a0730 unknown :-1 s=HELLO_CONNECTING pgs=0 cs=0 l=1 rev1=1 crypto rx=0 tx=0 comp rx=0 tx=0).handle_hello peer v2:10.20.193.64:3300/0 says I am v2:10.20.193.64:50326/0 (socket says 10.20.193.64:50326)
2026-02-20T02:45:07.588 INFO:teuthology.orchestra.run.trial064.stdout:/usr/bin/ceph: stderr
2026-02-20T02:45:07.448+0000 7f2119fdf640 1 -- 10.20.193.64:0/3735303969 learned_addr learned my addr 10.20.193.64:0/3735303969 (peer_addr_for_me v2:10.20.193.64:0/0)
2026-02-20T02:45:07.588 INFO:teuthology.orchestra.run.trial064.stdout:/usr/bin/ceph: stderr
2026-02-20T02:45:07.448+0000 7f2119fdf640 1 -- 10.20.193.64:0/3735303969 --> [v2:10.20.193.64:3300/0,v1:10.20.193.64:6789/0] -- mon_subscribe({config=0+,monmap=0+}) -- 0x7f21141a0c70 con 0x7f211407eeb0
2026-02-20T02:45:07.588 INFO:teuthology.orchestra.run.trial064.stdout:/usr/bin/ceph: stderr
2026-02-20T02:45:07.448+0000 7f2119fdf640 1 --2- 10.20.193.64:0/3735303969 >> [v2:10.20.193.64:3300/0,v1:10.20.193.64:6789/0] conn(0x7f211407eeb0 0x7f21141a0730 secure :-1 s=READY pgs=25 cs=0 l=1 rev1=1 crypto rx=0x7f2104006fd0 tx=0x7f2104037bb0 comp rx=0 tx=0).ready entity=mon.0 client_cookie=0 server_cookie=0 in_seq=0 out_seq=0
2026-02-20T02:45:07.588 INFO:teuthology.orchestra.run.trial064.stdout:/usr/bin/ceph: stderr
2026-02-20T02:45:07.448+0000 7f2102ffd640 1 -- 10.20.193.64:0/3735303969 <== mon.0 v2:10.20.193.64:3300/0 1 ==== mon_map magic: 0 ==== 205+0+0 (secure 0 0 0) 0x7f2104045070 con 0x7f211407eeb0
2026-02-20T02:45:07.588 INFO:teuthology.orchestra.run.trial064.stdout:/usr/bin/ceph: stderr
2026-02-20T02:45:07.448+0000 7f211c26a640 1 -- 10.20.193.64:0/3735303969 --> [v2:10.20.193.64:3300/0,v1:10.20.193.64:6789/0] -- mon_subscribe({mgrmap=0+}) -- 0x7f21141a0f00 con 0x7f211407eeb0
2026-02-20T02:45:07.588 INFO:teuthology.orchestra.run.trial064.stdout:/usr/bin/ceph: stderr
2026-02-20T02:45:07.448+0000 7f2102ffd640 1 -- 10.20.193.64:0/3735303969 <== mon.0 v2:10.20.193.64:3300/0 2 ==== config(26 keys) ==== 1045+0+0 (secure 0 0 0) 0x7f2104040450 con 0x7f211407eeb0
2026-02-20T02:45:07.588 INFO:teuthology.orchestra.run.trial064.stdout:/usr/bin/ceph: stderr
2026-02-20T02:45:07.448+0000 7f2102ffd640 1 -- 10.20.193.64:0/3735303969 <== mon.0 v2:10.20.193.64:3300/0 3 ==== mon_map magic: 0 ==== 205+0+0 (secure 0 0 0) 0x7f210403c070 con 0x7f211407eeb0
2026-02-20T02:45:07.588 INFO:teuthology.orchestra.run.trial064.stdout:/usr/bin/ceph: stderr
2026-02-20T02:45:07.448+0000 7f211c26a640 1 -- 10.20.193.64:0/3735303969 --> [v2:10.20.193.64:3300/0,v1:10.20.193.64:6789/0] -- mon_subscribe({osdmap=0}) -- 0x7f21141a3bf0 con 0x7f211407eeb0
2026-02-20T02:45:07.588 INFO:teuthology.orchestra.run.trial064.stdout:/usr/bin/ceph: stderr
2026-02-20T02:45:07.448+0000 7f211c26a640 1 -- 10.20.193.64:0/3735303969 --> [v2:10.20.193.64:3300/0,v1:10.20.193.64:6789/0] -- mon_command({"prefix": "get_command_descriptions"} v 0) -- 0x7f211407d390 con 0x7f211407eeb0
2026-02-20T02:45:07.588 INFO:teuthology.orchestra.run.trial064.stdout:/usr/bin/ceph: stderr
2026-02-20T02:45:07.449+0000 7f2102ffd640 1 -- 10.20.193.64:0/3735303969 <== mon.0 v2:10.20.193.64:3300/0 4 ==== mgrmap(e 5) ==== 50247+0+0 (secure 0 0 0) 0x7f2104035b70 con 0x7f211407eeb0
2026-02-20T02:45:07.588 INFO:teuthology.orchestra.run.trial064.stdout:/usr/bin/ceph: stderr
2026-02-20T02:45:07.449+0000 7f2102ffd640 1 --2- 10.20.193.64:0/3735303969 >> [v2:10.20.193.64:6800/2791318089,v1:10.20.193.64:6801/2791318089] conn(0x7f20f003dba0 0x7f20f0040060 unknown :-1 s=NONE pgs=0 cs=0 l=1 rev1=0 crypto rx=0 tx=0 comp rx=0 tx=0).connect
2026-02-20T02:45:07.588 INFO:teuthology.orchestra.run.trial064.stdout:/usr/bin/ceph: stderr
2026-02-20T02:45:07.449+0000 7f2102ffd640 1 -- 10.20.193.64:0/3735303969 <== mon.0 v2:10.20.193.64:3300/0 5 ==== osd_map(1..1 src has 1..1) ==== 725+0+0 (secure 0 0 0) 0x7f21040767e0 con 0x7f211407eeb0
2026-02-20T02:45:07.589 INFO:teuthology.orchestra.run.trial064.stdout:/usr/bin/ceph: stderr
2026-02-20T02:45:07.449+0000 7f21197de640 1 -- 10.20.193.64:0/3735303969 >> [v2:10.20.193.64:6800/2791318089,v1:10.20.193.64:6801/2791318089] conn(0x7f20f003dba0 msgr2=0x7f20f0040060 unknown :-1 s=STATE_CONNECTING_RE l=1).process reconnect failed to v2:10.20.193.64:6800/2791318089
2026-02-20T02:45:07.589 INFO:teuthology.orchestra.run.trial064.stdout:/usr/bin/ceph: stderr
2026-02-20T02:45:07.449+0000 7f21197de640 1 --2- 10.20.193.64:0/3735303969 >> [v2:10.20.193.64:6800/2791318089,v1:10.20.193.64:6801/2791318089] conn(0x7f20f003dba0 0x7f20f0040060 unknown :-1 s=START_CONNECT pgs=0 cs=0 l=1 rev1=0 crypto rx=0 tx=0 comp rx=0 tx=0)._fault waiting 0.200000
2026-02-20T02:45:07.589 INFO:teuthology.orchestra.run.trial064.stdout:/usr/bin/ceph: stderr
2026-02-20T02:45:07.452+0000 7f2102ffd640 1 -- 10.20.193.64:0/3735303969 <== mon.0 v2:10.20.193.64:3300/0 6 ==== mon_command_ack([{"prefix": "get_command_descriptions"}]=0 v0) ==== 72+0+195341 (secure 0 0 0) 0x7f2104048360 con 0x7f211407eeb0
2026-02-20T02:45:07.589 INFO:teuthology.orchestra.run.trial064.stdout:/usr/bin/ceph: stderr
2026-02-20T02:45:07.556+0000 7f211c26a640 1 -- 10.20.193.64:0/3735303969 --> [v2:10.20.193.64:3300/0,v1:10.20.193.64:6789/0] -- mon_command({"prefix": "mgr stat"} v 0) -- 0x7f2114199e80 con 0x7f211407eeb0
2026-02-20T02:45:07.589 INFO:teuthology.orchestra.run.trial064.stdout:/usr/bin/ceph: stderr
2026-02-20T02:45:07.556+0000 7f2102ffd640 1 -- 10.20.193.64:0/3735303969 <== mon.0 v2:10.20.193.64:3300/0 7 ==== mon_command_ack([{"prefix": "mgr stat"}]=0 v5) ==== 56+0+88 (secure 0 0 0) 0x7f2104043120 con 0x7f211407eeb0
2026-02-20T02:45:07.589 INFO:teuthology.orchestra.run.trial064.stdout:/usr/bin/ceph: stderr
2026-02-20T02:45:07.558+0000 7f211c26a640 1 -- 10.20.193.64:0/3735303969 >> [v2:10.20.193.64:6800/2791318089,v1:10.20.193.64:6801/2791318089] conn(0x7f20f003dba0 msgr2=0x7f20f0040060 unknown :-1 s=STATE_CONNECTING l=1).mark_down
2026-02-20T02:45:07.589 INFO:teuthology.orchestra.run.trial064.stdout:/usr/bin/ceph: stderr
2026-02-20T02:45:07.558+0000 7f211c26a640 1 --2- 10.20.193.64:0/3735303969 >> [v2:10.20.193.64:6800/2791318089,v1:10.20.193.64:6801/2791318089] conn(0x7f20f003dba0 0x7f20f0040060 unknown :-1 s=START_CONNECT pgs=0 cs=0 l=1 rev1=0 crypto rx=0 tx=0 comp rx=0 tx=0).stop
2026-02-20T02:45:07.589 INFO:teuthology.orchestra.run.trial064.stdout:/usr/bin/ceph: stderr
2026-02-20T02:45:07.558+0000 7f211c26a640 1 -- 10.20.193.64:0/3735303969 >> [v2:10.20.193.64:3300/0,v1:10.20.193.64:6789/0] conn(0x7f211407eeb0 msgr2=0x7f21141a0730 secure :-1 s=STATE_CONNECTION_ESTABLISHED l=1).mark_down
2026-02-20T02:45:07.589 INFO:teuthology.orchestra.run.trial064.stdout:/usr/bin/ceph: stderr
2026-02-20T02:45:07.558+0000 7f211c26a640 1 --2- 10.20.193.64:0/3735303969 >> [v2:10.20.193.64:3300/0,v1:10.20.193.64:6789/0] conn(0x7f211407eeb0 0x7f21141a0730 secure :-1 s=READY pgs=25 cs=0 l=1 rev1=1 crypto rx=0x7f2104006fd0 tx=0x7f2104037bb0 comp rx=0 tx=0).stop
2026-02-20T02:45:07.589 INFO:teuthology.orchestra.run.trial064.stdout:/usr/bin/ceph: stderr
2026-02-20T02:45:07.558+0000 7f211c26a640 1 -- 10.20.193.64:0/3735303969 shutdown_connections
2026-02-20T02:45:07.589 INFO:teuthology.orchestra.run.trial064.stdout:/usr/bin/ceph: stderr
2026-02-20T02:45:07.558+0000 7f211c26a640 1 --2- 10.20.193.64:0/3735303969 >> [v2:10.20.193.64:6800/2791318089,v1:10.20.193.64:6801/2791318089] conn(0x7f20f003dba0 0x7f20f0040060 unknown :-1 s=CLOSED pgs=0 cs=0 l=1 rev1=0 crypto rx=0 tx=0 comp rx=0 tx=0).stop
2026-02-20T02:45:07.589 INFO:teuthology.orchestra.run.trial064.stdout:/usr/bin/ceph: stderr
2026-02-20T02:45:07.558+0000 7f211c26a640 1 --2- 10.20.193.64:0/3735303969 >> [v2:10.20.193.64:3300/0,v1:10.20.193.64:6789/0] conn(0x7f211407eeb0 0x7f21141a0730 unknown :-1 s=CLOSED pgs=25 cs=0 l=1 rev1=1 crypto rx=0 tx=0 comp rx=0 tx=0).stop
2026-02-20T02:45:07.590 INFO:teuthology.orchestra.run.trial064.stdout:/usr/bin/ceph: stderr
2026-02-20T02:45:07.558+0000 7f211c26a640 1 -- 10.20.193.64:0/3735303969 >> 10.20.193.64:0/3735303969 conn(0x7f2114103ae0 msgr2=0x7f21141048e0 unknown :-1 s=STATE_NONE l=0).mark_down
2026-02-20T02:45:07.590 INFO:teuthology.orchestra.run.trial064.stdout:/usr/bin/ceph: stderr
2026-02-20T02:45:07.558+0000 7f211c26a640 1 -- 10.20.193.64:0/3735303969 shutdown_connections
2026-02-20T02:45:07.590 INFO:teuthology.orchestra.run.trial064.stdout:/usr/bin/ceph: stderr
2026-02-20T02:45:07.558+0000 7f211c26a640 1 -- 10.20.193.64:0/3735303969 wait complete.
2026-02-20T02:45:07.590 INFO:teuthology.orchestra.run.trial064.stdout:Waiting for the mgr to restart...
2026-02-20T02:45:07.590 INFO:teuthology.orchestra.run.trial064.stdout:Waiting for mgr epoch 5...
2026-02-20T02:45:07.850 INFO:journalctl@ceph.mgr.x.trial064.stdout:Feb 20 02:45:07 trial064 ceph-1eeb1096-0e06-11f1-b0af-d404e6e7d460-mgr-x[41145]:
2026-02-20T02:45:07.728+0000 7fc1813d1140 -1 mgr[py] Module snap_schedule has missing NOTIFY_TYPES member
2026-02-20T02:45:08.147 INFO:journalctl@ceph.mgr.x.trial064.stdout:Feb 20 02:45:07 trial064 ceph-1eeb1096-0e06-11f1-b0af-d404e6e7d460-mgr-x[41145]:
2026-02-20T02:45:07.872+0000 7fc1813d1140 -1 mgr[py] Module prometheus has missing NOTIFY_TYPES member
2026-02-20T02:45:08.148 INFO:journalctl@ceph.mgr.x.trial064.stdout:Feb 20 02:45:07 trial064 ceph-1eeb1096-0e06-11f1-b0af-d404e6e7d460-mgr-x[41145]:
2026-02-20T02:45:07.906+0000 7fc1813d1140 -1 mgr[py] Module balancer has missing NOTIFY_TYPES member
2026-02-20T02:45:08.148 INFO:journalctl@ceph.mgr.x.trial064.stdout:Feb 20 02:45:07 trial064 ceph-1eeb1096-0e06-11f1-b0af-d404e6e7d460-mgr-x[41145]:
2026-02-20T02:45:07.948+0000 7fc1813d1140 -1 mgr[py] Module rbd_support has missing NOTIFY_TYPES member
2026-02-20T02:45:08.148 INFO:journalctl@ceph.mgr.x.trial064.stdout:Feb 20 02:45:07 trial064 ceph-1eeb1096-0e06-11f1-b0af-d404e6e7d460-mgr-x[41145]:
2026-02-20T02:45:07.979+0000 7fc1813d1140 -1 mgr[py] Module devicehealth has missing NOTIFY_TYPES member
2026-02-20T02:45:08.148 INFO:journalctl@ceph.mgr.x.trial064.stdout:Feb 20 02:45:08 trial064 ceph-1eeb1096-0e06-11f1-b0af-d404e6e7d460-mgr-x[41145]:
2026-02-20T02:45:08.013+0000 7fc1813d1140 -1 mgr[py] Module alerts has missing NOTIFY_TYPES member
2026-02-20T02:45:08.148 INFO:journalctl@ceph.mgr.x.trial064.stdout:Feb 20 02:45:08 trial064 ceph-1eeb1096-0e06-11f1-b0af-d404e6e7d460-mgr-x[41145]:
2026-02-20T02:45:08.078+0000 7fc1813d1140 -1 mgr[py] Module telemetry has missing NOTIFY_TYPES member
2026-02-20T02:45:08.148 INFO:journalctl@ceph.mgr.x.trial064.stdout:Feb 20 02:45:08 trial064 ceph-1eeb1096-0e06-11f1-b0af-d404e6e7d460-mgr-x[41145]: /lib64/python3.9/site-packages/scipy/__init__.py:73: UserWarning: NumPy was imported from a Python sub-interpreter but NumPy does not properly support sub-interpreters. This will likely work for most users but might cause hard to track down issues or subtle bugs. A common user of the rare sub-interpreter feature is wsgi which also allows single-interpreter mode.
2026-02-20T02:45:08.148 INFO:journalctl@ceph.mgr.x.trial064.stdout:Feb 20 02:45:08 trial064 ceph-1eeb1096-0e06-11f1-b0af-d404e6e7d460-mgr-x[41145]: Improvements in the case of bugs are welcome, but is not on the NumPy roadmap, and full support may require significant effort to achieve.
2026-02-20T02:45:08.148 INFO:journalctl@ceph.mgr.x.trial064.stdout:Feb 20 02:45:08 trial064 ceph-1eeb1096-0e06-11f1-b0af-d404e6e7d460-mgr-x[41145]: from numpy import show_config as show_numpy_config
2026-02-20T02:45:08.406 INFO:journalctl@ceph.mon.a.trial064.stdout:Feb 20 02:45:08 trial064 ceph-mon[40880]: from='client.? 10.20.193.64:0/3481662095' entity='client.admin' cmd='[{"prefix": "mgr module enable", "module": "cephadm"}]': finished
2026-02-20T02:45:08.407 INFO:journalctl@ceph.mon.a.trial064.stdout:Feb 20 02:45:08 trial064 ceph-mon[40880]: mgrmap e5: x(active, since 3s)
2026-02-20T02:45:08.407 INFO:journalctl@ceph.mon.a.trial064.stdout:Feb 20 02:45:08 trial064 ceph-mon[40880]: from='client.? 10.20.193.64:0/3735303969' entity='client.admin' cmd=[{"prefix": "mgr stat"}]: dispatch
2026-02-20T02:45:08.407 INFO:journalctl@ceph.mgr.x.trial064.stdout:Feb 20 02:45:08 trial064 ceph-1eeb1096-0e06-11f1-b0af-d404e6e7d460-mgr-x[41145]:
2026-02-20T02:45:08.150+0000 7fc1813d1140 -1 mgr[py] Module diskprediction_local has missing NOTIFY_TYPES member
2026-02-20T02:45:08.407 INFO:journalctl@ceph.mgr.x.trial064.stdout:Feb 20 02:45:08 trial064 ceph-1eeb1096-0e06-11f1-b0af-d404e6e7d460-mgr-x[41145]:
2026-02-20T02:45:08.184+0000 7fc1813d1140 -1 mgr[py] Module status has missing NOTIFY_TYPES member
2026-02-20T02:45:08.407 INFO:journalctl@ceph.mgr.x.trial064.stdout:Feb 20 02:45:08 trial064 ceph-1eeb1096-0e06-11f1-b0af-d404e6e7d460-mgr-x[41145]:
2026-02-20T02:45:08.279+0000 7fc1813d1140 -1 mgr[py] Module rgw has missing NOTIFY_TYPES member
2026-02-20T02:45:08.408 INFO:journalctl@ceph.mgr.x.trial064.stdout:Feb 20 02:45:08 trial064 ceph-1eeb1096-0e06-11f1-b0af-d404e6e7d460-mgr-x[41145]:
2026-02-20T02:45:08.339+0000 7fc1813d1140 -1 mgr[py] Module iostat has missing NOTIFY_TYPES member
2026-02-20T02:45:08.408 INFO:journalctl@ceph.mgr.x.trial064.stdout:Feb 20 02:45:08 trial064 ceph-1eeb1096-0e06-11f1-b0af-d404e6e7d460-mgr-x[41145]:
2026-02-20T02:45:08.373+0000 7fc1813d1140 -1 mgr[py] Module pg_autoscaler has missing NOTIFY_TYPES member
2026-02-20T02:45:08.408 INFO:journalctl@ceph.mgr.x.trial064.stdout:Feb 20 02:45:08 trial064 ceph-1eeb1096-0e06-11f1-b0af-d404e6e7d460-mgr-x[41145]:
2026-02-20T02:45:08.406+0000 7fc1813d1140 -1 mgr[py] Module osd_perf_query has missing NOTIFY_TYPES member
2026-02-20T02:45:08.706 INFO:journalctl@ceph.mgr.x.trial064.stdout:Feb 20 02:45:08 trial064 ceph-1eeb1096-0e06-11f1-b0af-d404e6e7d460-mgr-x[41145]:
2026-02-20T02:45:08.441+0000 7fc1813d1140 -1 mgr[py] Module crash has missing NOTIFY_TYPES member
2026-02-20T02:45:08.706 INFO:journalctl@ceph.mgr.x.trial064.stdout:Feb 20 02:45:08 trial064 ceph-1eeb1096-0e06-11f1-b0af-d404e6e7d460-mgr-x[41145]:
2026-02-20T02:45:08.471+0000 7fc1813d1140 -1 mgr[py] Module progress has missing NOTIFY_TYPES member
2026-02-20T02:45:08.706 INFO:journalctl@ceph.mgr.x.trial064.stdout:Feb 20 02:45:08 trial064 ceph-1eeb1096-0e06-11f1-b0af-d404e6e7d460-mgr-x[41145]:
2026-02-20T02:45:08.706+0000 7fc1813d1140 -1 mgr[py] Module rook has missing NOTIFY_TYPES member
2026-02-20T02:45:08.959 INFO:journalctl@ceph.mgr.x.trial064.stdout:Feb 20 02:45:08 trial064 ceph-1eeb1096-0e06-11f1-b0af-d404e6e7d460-mgr-x[41145]:
2026-02-20T02:45:08.805+0000 7fc1813d1140 -1 mgr[py] Module nfs has missing NOTIFY_TYPES member
2026-02-20T02:45:08.960 INFO:journalctl@ceph.mgr.x.trial064.stdout:Feb 20 02:45:08 trial064 ceph-1eeb1096-0e06-11f1-b0af-d404e6e7d460-mgr-x[41145]:
2026-02-20T02:45:08.835+0000 7fc1813d1140 -1 mgr[py] Module telegraf has missing NOTIFY_TYPES member
2026-02-20T02:45:08.960 INFO:journalctl@ceph.mgr.x.trial064.stdout:Feb 20 02:45:08 trial064 ceph-1eeb1096-0e06-11f1-b0af-d404e6e7d460-mgr-x[41145]:
2026-02-20T02:45:08.866+0000 7fc1813d1140 -1 mgr[py] Module selftest has missing NOTIFY_TYPES member
2026-02-20T02:45:08.960 INFO:journalctl@ceph.mgr.x.trial064.stdout:Feb 20 02:45:08 trial064 ceph-1eeb1096-0e06-11f1-b0af-d404e6e7d460-mgr-x[41145]:
2026-02-20T02:45:08.959+0000 7fc1813d1140 -1 mgr[py] Module test_orchestrator has missing NOTIFY_TYPES member
2026-02-20T02:45:09.350 INFO:journalctl@ceph.mgr.x.trial064.stdout:Feb 20 02:45:08 trial064 ceph-1eeb1096-0e06-11f1-b0af-d404e6e7d460-mgr-x[41145]:
2026-02-20T02:45:08.988+0000 7fc1813d1140 -1 mgr[py] Module osd_support has missing NOTIFY_TYPES member
2026-02-20T02:45:09.351 INFO:journalctl@ceph.mgr.x.trial064.stdout:Feb 20 02:45:09 trial064 ceph-1eeb1096-0e06-11f1-b0af-d404e6e7d460-mgr-x[41145]:
2026-02-20T02:45:09.080+0000 7fc1813d1140 -1 mgr[py] Module orchestrator has missing NOTIFY_TYPES member
2026-02-20T02:45:09.850 INFO:journalctl@ceph.mgr.x.trial064.stdout:Feb 20 02:45:09 trial064 ceph-1eeb1096-0e06-11f1-b0af-d404e6e7d460-mgr-x[41145]:
2026-02-20T02:45:09.540+0000 7fc1813d1140 -1 mgr[py] Module volumes has missing NOTIFY_TYPES member
2026-02-20T02:45:09.851 INFO:journalctl@ceph.mgr.x.trial064.stdout:Feb 20 02:45:09 trial064 ceph-1eeb1096-0e06-11f1-b0af-d404e6e7d460-mgr-x[41145]:
2026-02-20T02:45:09.570+0000 7fc1813d1140 -1 mgr[py] Module zabbix has missing NOTIFY_TYPES member
2026-02-20T02:45:10.350 INFO:journalctl@ceph.mgr.x.trial064.stdout:Feb 20 02:45:09 trial064 ceph-1eeb1096-0e06-11f1-b0af-d404e6e7d460-mgr-x[41145]:
2026-02-20T02:45:09.972+0000 7fc1813d1140 -1 mgr[py] Module influx has missing NOTIFY_TYPES member
2026-02-20T02:45:10.351 INFO:journalctl@ceph.mon.a.trial064.stdout:Feb 20 02:45:10 trial064 ceph-mon[40880]: Active manager daemon x restarted
2026-02-20T02:45:10.351 INFO:journalctl@ceph.mon.a.trial064.stdout:Feb 20 02:45:10 trial064 ceph-mon[40880]: Activating manager daemon x
2026-02-20T02:45:10.351 INFO:journalctl@ceph.mon.a.trial064.stdout:Feb 20 02:45:10 trial064 ceph-mon[40880]: osdmap e2: 0 total, 0 up, 0 in
2026-02-20T02:45:10.351 INFO:journalctl@ceph.mon.a.trial064.stdout:Feb 20 02:45:10 trial064 ceph-mon[40880]: mgrmap e6: x(active, starting, since 0.00254452s)
2026-02-20T02:45:10.351 INFO:journalctl@ceph.mon.a.trial064.stdout:Feb 20 02:45:10 trial064 ceph-mon[40880]: from='mgr.14118 10.20.193.64:0/789291604' entity='mgr.x' cmd=[{"prefix": "mon metadata", "id": "a"}]: dispatch
2026-02-20T02:45:10.351 INFO:journalctl@ceph.mon.a.trial064.stdout:Feb 20 02:45:10 trial064 ceph-mon[40880]: from='mgr.14118 10.20.193.64:0/789291604' entity='mgr.x' cmd=[{"prefix": "mgr metadata", "who": "x", "id": "x"}]: dispatch
2026-02-20T02:45:10.352 INFO:journalctl@ceph.mon.a.trial064.stdout:Feb 20 02:45:10 trial064 ceph-mon[40880]: from='mgr.14118 10.20.193.64:0/789291604' entity='mgr.x' cmd=[{"prefix": "mds metadata"}]: dispatch
2026-02-20T02:45:10.352 INFO:journalctl@ceph.mon.a.trial064.stdout:Feb 20 02:45:10 trial064 ceph-mon[40880]: from='mgr.14118 10.20.193.64:0/789291604' entity='mgr.x' cmd=[{"prefix": "osd metadata"}]: dispatch
2026-02-20T02:45:10.352 INFO:journalctl@ceph.mon.a.trial064.stdout:Feb 20 02:45:10 trial064 ceph-mon[40880]: from='mgr.14118 10.20.193.64:0/789291604' entity='mgr.x' cmd=[{"prefix": "mon metadata"}]: dispatch
2026-02-20T02:45:10.352 INFO:journalctl@ceph.mon.a.trial064.stdout:Feb 20 02:45:10 trial064 ceph-mon[40880]: Manager daemon x is now available
2026-02-20T02:45:10.352 INFO:journalctl@ceph.mon.a.trial064.stdout:Feb 20 02:45:10 trial064 ceph-mon[40880]: from='mgr.14118 10.20.193.64:0/789291604' entity='mgr.x'
2026-02-20T02:45:10.352 INFO:journalctl@ceph.mon.a.trial064.stdout:Feb 20 02:45:10 trial064 ceph-mon[40880]: from='mgr.14118 10.20.193.64:0/789291604' entity='mgr.x'
2026-02-20T02:45:10.352 INFO:journalctl@ceph.mon.a.trial064.stdout:Feb 20 02:45:10 trial064 ceph-mon[40880]: from='mgr.14118 10.20.193.64:0/789291604' entity='mgr.x' cmd=[{"prefix": "config dump", "format": "json"}]: dispatch
2026-02-20T02:45:10.352 INFO:journalctl@ceph.mon.a.trial064.stdout:Feb 20 02:45:10 trial064 ceph-mon[40880]: from='mgr.14118 10.20.193.64:0/789291604' entity='mgr.x' cmd=[{"prefix": "config dump", "format": "json"}]: dispatch
2026-02-20T02:45:10.352 INFO:journalctl@ceph.mon.a.trial064.stdout:Feb 20 02:45:10 trial064 ceph-mon[40880]: from='mgr.14118 10.20.193.64:0/789291604' entity='mgr.x' cmd=[{"prefix":"config rm","who":"mgr","name":"mgr/rbd_support/x/mirror_snapshot_schedule"}]: dispatch
2026-02-20T02:45:10.352 INFO:journalctl@ceph.mon.a.trial064.stdout:Feb 20 02:45:10 trial064 ceph-mon[40880]: from='mgr.14118 10.20.193.64:0/789291604' entity='mgr.x' cmd=[{"prefix":"config rm","who":"mgr","name":"mgr/rbd_support/x/trash_purge_schedule"}]: dispatch
2026-02-20T02:45:11.008 INFO:teuthology.orchestra.run.trial064.stdout:/usr/bin/ceph: stdout {
2026-02-20T02:45:11.008 INFO:teuthology.orchestra.run.trial064.stdout:/usr/bin/ceph: stdout "mgrmap_epoch": 7,
2026-02-20T02:45:11.008 INFO:teuthology.orchestra.run.trial064.stdout:/usr/bin/ceph: stdout "initialized": true
2026-02-20T02:45:11.008 INFO:teuthology.orchestra.run.trial064.stdout:/usr/bin/ceph: stdout }
2026-02-20T02:45:11.008 INFO:teuthology.orchestra.run.trial064.stdout:/usr/bin/ceph: stderr
2026-02-20T02:45:07.676+0000 7fedd0976640 1 Processor -- start
2026-02-20T02:45:11.008 INFO:teuthology.orchestra.run.trial064.stdout:/usr/bin/ceph: stderr
2026-02-20T02:45:07.676+0000 7fedd0976640 1 -- start start
2026-02-20T02:45:11.008 INFO:teuthology.orchestra.run.trial064.stdout:/usr/bin/ceph: stderr
2026-02-20T02:45:07.676+0000 7fedd0976640 1 --2- >> [v2:10.20.193.64:3300/0,v1:10.20.193.64:6789/0] conn(0x7fedc8108280 0x7fedc8108680 unknown :-1 s=NONE pgs=0 cs=0 l=0 rev1=0 crypto rx=0 tx=0 comp rx=0 tx=0).connect
2026-02-20T02:45:11.008 INFO:teuthology.orchestra.run.trial064.stdout:/usr/bin/ceph: stderr
2026-02-20T02:45:07.676+0000 7fedd0976640 1 -- --> [v2:10.20.193.64:3300/0,v1:10.20.193.64:6789/0] -- mon_getmap magic: 0 -- 0x7fedc8108c50 con 0x7fedc8108280
2026-02-20T02:45:11.009 INFO:teuthology.orchestra.run.trial064.stdout:/usr/bin/ceph: stderr
2026-02-20T02:45:07.676+0000 7fedce6eb640 1 --2- >> [v2:10.20.193.64:3300/0,v1:10.20.193.64:6789/0] conn(0x7fedc8108280 0x7fedc8108680 unknown :-1 s=BANNER_CONNECTING pgs=0 cs=0 l=0 rev1=0 crypto rx=0 tx=0 comp rx=0 tx=0)._handle_peer_banner_payload supported=3 required=0
2026-02-20T02:45:11.009 INFO:teuthology.orchestra.run.trial064.stdout:/usr/bin/ceph: stderr
2026-02-20T02:45:07.676+0000 7fedce6eb640 1 --2- >> [v2:10.20.193.64:3300/0,v1:10.20.193.64:6789/0] conn(0x7fedc8108280 0x7fedc8108680 unknown :-1 s=HELLO_CONNECTING pgs=0 cs=0 l=0 rev1=1 crypto rx=0 tx=0 comp rx=0 tx=0).handle_hello peer v2:10.20.193.64:3300/0 says I am v2:10.20.193.64:50342/0 (socket says 10.20.193.64:50342)
2026-02-20T02:45:11.009 INFO:teuthology.orchestra.run.trial064.stdout:/usr/bin/ceph: stderr
2026-02-20T02:45:07.676+0000 7fedce6eb640 1 -- 10.20.193.64:0/1246772398 learned_addr learned my addr 10.20.193.64:0/1246772398 (peer_addr_for_me v2:10.20.193.64:0/0)
2026-02-20T02:45:11.009 INFO:teuthology.orchestra.run.trial064.stdout:/usr/bin/ceph: stderr
2026-02-20T02:45:07.676+0000 7fedce6eb640 1 -- 10.20.193.64:0/1246772398 --> [v2:10.20.193.64:3300/0,v1:10.20.193.64:6789/0] -- mon_subscribe({config=0+,monmap=0+}) -- 0x7fedc8109480 con 0x7fedc8108280
2026-02-20T02:45:11.009 INFO:teuthology.orchestra.run.trial064.stdout:/usr/bin/ceph: stderr
2026-02-20T02:45:07.677+0000 7fedce6eb640 1 --2- 10.20.193.64:0/1246772398 >> [v2:10.20.193.64:3300/0,v1:10.20.193.64:6789/0] conn(0x7fedc8108280 0x7fedc8108680 secure :-1 s=READY pgs=26 cs=0 l=1 rev1=1 crypto rx=0x7fedc0009920 tx=0x7fedc002ef20 comp rx=0 tx=0).ready entity=mon.0 client_cookie=4eae299f5da5fde9 server_cookie=0 in_seq=0 out_seq=0
2026-02-20T02:45:11.009 INFO:teuthology.orchestra.run.trial064.stdout:/usr/bin/ceph: stderr
2026-02-20T02:45:07.677+0000 7fedcd6e9640 1 -- 10.20.193.64:0/1246772398 <== mon.0 v2:10.20.193.64:3300/0 1 ==== mon_map magic: 0 ==== 205+0+0 (secure 0 0 0) 0x7fedc003c070 con 0x7fedc8108280
2026-02-20T02:45:11.009 INFO:teuthology.orchestra.run.trial064.stdout:/usr/bin/ceph: stderr
2026-02-20T02:45:07.677+0000 7fedcd6e9640 1 -- 10.20.193.64:0/1246772398 <== mon.0 v2:10.20.193.64:3300/0 2 ==== config(26 keys) ==== 1045+0+0 (secure 0 0 0) 0x7fedc0037440 con 0x7fedc8108280
2026-02-20T02:45:11.009 INFO:teuthology.orchestra.run.trial064.stdout:/usr/bin/ceph: stderr
2026-02-20T02:45:07.677+0000 7fedcd6e9640 1 -- 10.20.193.64:0/1246772398 <== mon.0 v2:10.20.193.64:3300/0 3 ==== mon_map magic: 0 ==== 205+0+0 (secure 0 0 0) 0x7fedc00354b0 con 0x7fedc8108280
2026-02-20T02:45:11.009 INFO:teuthology.orchestra.run.trial064.stdout:/usr/bin/ceph: stderr
2026-02-20T02:45:07.677+0000 7fedd0976640 1 -- 10.20.193.64:0/1246772398 >> [v2:10.20.193.64:3300/0,v1:10.20.193.64:6789/0] conn(0x7fedc8108280 msgr2=0x7fedc8108680 secure :-1 s=STATE_CONNECTION_ESTABLISHED l=1).mark_down
2026-02-20T02:45:11.009 INFO:teuthology.orchestra.run.trial064.stdout:/usr/bin/ceph: stderr
2026-02-20T02:45:07.677+0000 7fedd0976640 1 --2- 10.20.193.64:0/1246772398 >> [v2:10.20.193.64:3300/0,v1:10.20.193.64:6789/0] conn(0x7fedc8108280 0x7fedc8108680 secure :-1 s=READY pgs=26 cs=0 l=1 rev1=1 crypto rx=0x7fedc0009920 tx=0x7fedc002ef20 comp rx=0 tx=0).stop
2026-02-20T02:45:11.009 INFO:teuthology.orchestra.run.trial064.stdout:/usr/bin/ceph: stderr
2026-02-20T02:45:07.677+0000 7fedd0976640 1 -- 10.20.193.64:0/1246772398 shutdown_connections
2026-02-20T02:45:11.010 INFO:teuthology.orchestra.run.trial064.stdout:/usr/bin/ceph: stderr
2026-02-20T02:45:07.677+0000 7fedd0976640 1 --2- 10.20.193.64:0/1246772398 >> [v2:10.20.193.64:3300/0,v1:10.20.193.64:6789/0] conn(0x7fedc8108280 0x7fedc8108680 unknown :-1 s=CLOSED pgs=26 cs=0 l=1 rev1=1 crypto rx=0 tx=0 comp rx=0 tx=0).stop
2026-02-20T02:45:11.010 INFO:teuthology.orchestra.run.trial064.stdout:/usr/bin/ceph: stderr
2026-02-20T02:45:07.677+0000 7fedd0976640 1 -- 10.20.193.64:0/1246772398 >> 10.20.193.64:0/1246772398 conn(0x7fedc8103a10 msgr2=0x7fedc8105e50 unknown :-1 s=STATE_NONE l=0).mark_down
2026-02-20T02:45:11.010 INFO:teuthology.orchestra.run.trial064.stdout:/usr/bin/ceph: stderr
2026-02-20T02:45:07.677+0000 7fedd0976640 1 -- 10.20.193.64:0/1246772398 shutdown_connections
2026-02-20T02:45:11.010 INFO:teuthology.orchestra.run.trial064.stdout:/usr/bin/ceph: stderr
2026-02-20T02:45:07.677+0000 7fedd0976640 1 -- 10.20.193.64:0/1246772398 wait complete.
2026-02-20T02:45:11.010 INFO:teuthology.orchestra.run.trial064.stdout:/usr/bin/ceph: stderr
2026-02-20T02:45:07.678+0000 7fedd0976640 1 Processor -- start
2026-02-20T02:45:11.010 INFO:teuthology.orchestra.run.trial064.stdout:/usr/bin/ceph: stderr
2026-02-20T02:45:07.678+0000 7fedd0976640 1 -- start start
2026-02-20T02:45:11.010 INFO:teuthology.orchestra.run.trial064.stdout:/usr/bin/ceph: stderr
2026-02-20T02:45:07.678+0000 7fedd0976640 1 --2- >> [v2:10.20.193.64:3300/0,v1:10.20.193.64:6789/0] conn(0x7fedc8108280 0x7fedc81a0720 unknown :-1 s=NONE pgs=0 cs=0 l=1 rev1=0 crypto rx=0 tx=0 comp rx=0 tx=0).connect
2026-02-20T02:45:11.010 INFO:teuthology.orchestra.run.trial064.stdout:/usr/bin/ceph: stderr
2026-02-20T02:45:07.678+0000 7fedd0976640 1 -- --> [v2:10.20.193.64:3300/0,v1:10.20.193.64:6789/0] -- mon_getmap magic: 0 -- 0x7fedc810c6b0 con 0x7fedc8108280
