2026-02-20T02:53:30.054+0000 7f3df4908640 1 -- 10.20.193.9:0/395652521 >> [v2:10.20.193.9:3300/0,v1:10.20.193.9:6789/0] conn(0x7f3df010a8a0 msgr2=0x7f3df010aca0 secure :-1 s=STATE_CONNECTION_ESTABLISHED l=1).mark_down
2026-02-20T02:53:30.178 INFO:teuthology.orchestra.run.trial009.stdout:/usr/bin/ceph: stderr
2026-02-20T02:53:30.054+0000 7f3df4908640 1 --2- 10.20.193.9:0/395652521 >> [v2:10.20.193.9:3300/0,v1:10.20.193.9:6789/0] conn(0x7f3df010a8a0 0x7f3df010aca0 secure :-1 s=READY pgs=49 cs=0 l=1 rev1=1 crypto rx=0x7f3ddc009920 tx=0x7f3ddc02ef20 comp rx=0 tx=0).stop
2026-02-20T02:53:30.178 INFO:teuthology.orchestra.run.trial009.stdout:/usr/bin/ceph: stderr
2026-02-20T02:53:30.054+0000 7f3df4908640 1 -- 10.20.193.9:0/395652521 shutdown_connections
2026-02-20T02:53:30.178 INFO:teuthology.orchestra.run.trial009.stdout:/usr/bin/ceph: stderr
2026-02-20T02:53:30.054+0000 7f3df4908640 1 --2- 10.20.193.9:0/395652521 >> [v2:10.20.193.9:3300/0,v1:10.20.193.9:6789/0] conn(0x7f3df010a8a0 0x7f3df010aca0 unknown :-1 s=CLOSED pgs=49 cs=0 l=1 rev1=1 crypto rx=0 tx=0 comp rx=0 tx=0).stop
2026-02-20T02:53:30.179 INFO:teuthology.orchestra.run.trial009.stdout:/usr/bin/ceph: stderr
2026-02-20T02:53:30.054+0000 7f3df4908640 1 -- 10.20.193.9:0/395652521 >> 10.20.193.9:0/395652521 conn(0x7f3df007d990 msgr2=0x7f3df007dda0 unknown :-1 s=STATE_NONE l=0).mark_down
2026-02-20T02:53:30.179 INFO:teuthology.orchestra.run.trial009.stdout:/usr/bin/ceph: stderr
2026-02-20T02:53:30.054+0000 7f3df4908640 1 -- 10.20.193.9:0/395652521 shutdown_connections
2026-02-20T02:53:30.179 INFO:teuthology.orchestra.run.trial009.stdout:/usr/bin/ceph: stderr
2026-02-20T02:53:30.055+0000 7f3df4908640 1 -- 10.20.193.9:0/395652521 wait complete.
2026-02-20T02:53:30.179 INFO:teuthology.orchestra.run.trial009.stdout:/usr/bin/ceph: stderr
2026-02-20T02:53:30.055+0000 7f3df4908640 1 Processor -- start
2026-02-20T02:53:30.179 INFO:teuthology.orchestra.run.trial009.stdout:/usr/bin/ceph: stderr
2026-02-20T02:53:30.055+0000 7f3df4908640 1 -- start start
2026-02-20T02:53:30.179 INFO:teuthology.orchestra.run.trial009.stdout:/usr/bin/ceph: stderr
2026-02-20T02:53:30.055+0000 7f3df4908640 1 --2- >> [v2:10.20.193.9:3300/0,v1:10.20.193.9:6789/0] conn(0x7f3df010a8a0 0x7f3df01a0130 unknown :-1 s=NONE pgs=0 cs=0 l=1 rev1=0 crypto rx=0 tx=0 comp rx=0 tx=0).connect
2026-02-20T02:53:30.179 INFO:teuthology.orchestra.run.trial009.stdout:/usr/bin/ceph: stderr
2026-02-20T02:53:30.055+0000 7f3df4908640 1 -- --> [v2:10.20.193.9:3300/0,v1:10.20.193.9:6789/0] -- mon_getmap magic: 0 -- 0x7f3df010c3c0 con 0x7f3df010a8a0
2026-02-20T02:53:30.179 INFO:teuthology.orchestra.run.trial009.stdout:/usr/bin/ceph: stderr
2026-02-20T02:53:30.055+0000 7f3def7fe640 1 --2- >> [v2:10.20.193.9:3300/0,v1:10.20.193.9:6789/0] conn(0x7f3df010a8a0 0x7f3df01a0130 unknown :-1 s=BANNER_CONNECTING pgs=0 cs=0 l=1 rev1=0 crypto rx=0 tx=0 comp rx=0 tx=0)._handle_peer_banner_payload supported=3 required=0
2026-02-20T02:53:30.179 INFO:teuthology.orchestra.run.trial009.stdout:/usr/bin/ceph: stderr
2026-02-20T02:53:30.055+0000 7f3def7fe640 1 --2- >> [v2:10.20.193.9:3300/0,v1:10.20.193.9:6789/0] conn(0x7f3df010a8a0 0x7f3df01a0130 unknown :-1 s=HELLO_CONNECTING pgs=0 cs=0 l=1 rev1=1 crypto rx=0 tx=0 comp rx=0 tx=0).handle_hello peer v2:10.20.193.9:3300/0 says I am v2:10.20.193.9:42968/0 (socket says 10.20.193.9:42968)
2026-02-20T02:53:30.179 INFO:teuthology.orchestra.run.trial009.stdout:/usr/bin/ceph: stderr
2026-02-20T02:53:30.055+0000 7f3def7fe640 1 -- 10.20.193.9:0/110442796 learned_addr learned my addr 10.20.193.9:0/110442796 (peer_addr_for_me v2:10.20.193.9:0/0)
2026-02-20T02:53:30.179 INFO:teuthology.orchestra.run.trial009.stdout:/usr/bin/ceph: stderr
2026-02-20T02:53:30.055+0000 7f3def7fe640 1 -- 10.20.193.9:0/110442796 --> [v2:10.20.193.9:3300/0,v1:10.20.193.9:6789/0] -- mon_subscribe({config=0+,monmap=0+}) -- 0x7f3df01a0670 con 0x7f3df010a8a0
2026-02-20T02:53:30.179 INFO:teuthology.orchestra.run.trial009.stdout:/usr/bin/ceph: stderr
2026-02-20T02:53:30.055+0000 7f3def7fe640 1 --2- 10.20.193.9:0/110442796 >> [v2:10.20.193.9:3300/0,v1:10.20.193.9:6789/0] conn(0x7f3df010a8a0 0x7f3df01a0130 secure :-1 s=READY pgs=50 cs=0 l=1 rev1=1 crypto rx=0x7f3ddc037820 tx=0x7f3ddc037850 comp rx=0 tx=0).ready entity=mon.0 client_cookie=0 server_cookie=0 in_seq=0 out_seq=0
2026-02-20T02:53:30.180 INFO:teuthology.orchestra.run.trial009.stdout:/usr/bin/ceph: stderr
2026-02-20T02:53:30.055+0000 7f3decff9640 1 -- 10.20.193.9:0/110442796 <== mon.0 v2:10.20.193.9:3300/0 1 ==== mon_map magic: 0 ==== 205+0+0 (secure 0 0 0) 0x7f3ddc047070 con 0x7f3df010a8a0
2026-02-20T02:53:30.180 INFO:teuthology.orchestra.run.trial009.stdout:/usr/bin/ceph: stderr
2026-02-20T02:53:30.055+0000 7f3df4908640 1 -- 10.20.193.9:0/110442796 --> [v2:10.20.193.9:3300/0,v1:10.20.193.9:6789/0] -- mon_subscribe({mgrmap=0+}) -- 0x7f3df01a0900 con 0x7f3df010a8a0
2026-02-20T02:53:30.180 INFO:teuthology.orchestra.run.trial009.stdout:/usr/bin/ceph: stderr
2026-02-20T02:53:30.055+0000 7f3decff9640 1 -- 10.20.193.9:0/110442796 <== mon.0 v2:10.20.193.9:3300/0 2 ==== config(25 keys) ==== 1038+0+0 (secure 0 0 0) 0x7f3ddc035d70 con 0x7f3df010a8a0
2026-02-20T02:53:30.180 INFO:teuthology.orchestra.run.trial009.stdout:/usr/bin/ceph: stderr
2026-02-20T02:53:30.055+0000 7f3decff9640 1 -- 10.20.193.9:0/110442796 <== mon.0 v2:10.20.193.9:3300/0 3 ==== mon_map magic: 0 ==== 205+0+0 (secure 0 0 0) 0x7f3ddc03c070 con 0x7f3df010a8a0
2026-02-20T02:53:30.180 INFO:teuthology.orchestra.run.trial009.stdout:/usr/bin/ceph: stderr
2026-02-20T02:53:30.055+0000 7f3df4908640 1 -- 10.20.193.9:0/110442796 --> [v2:10.20.193.9:3300/0,v1:10.20.193.9:6789/0] -- mon_subscribe({osdmap=0}) -- 0x7f3df01a35f0 con 0x7f3df010a8a0
2026-02-20T02:53:30.180 INFO:teuthology.orchestra.run.trial009.stdout:/usr/bin/ceph: stderr
2026-02-20T02:53:30.056+0000 7f3df4908640 1 -- 10.20.193.9:0/110442796 --> [v2:10.20.193.9:3300/0,v1:10.20.193.9:6789/0] -- mon_command({"prefix": "get_command_descriptions"} v 0) -- 0x7f3df010ad20 con 0x7f3df010a8a0
2026-02-20T02:53:30.180 INFO:teuthology.orchestra.run.trial009.stdout:/usr/bin/ceph: stderr
2026-02-20T02:53:30.056+0000 7f3decff9640 1 -- 10.20.193.9:0/110442796 <== mon.0 v2:10.20.193.9:3300/0 4 ==== mgrmap(e 8) ==== 50247+0+0 (secure 0 0 0) 0x7f3ddc04c440 con 0x7f3df010a8a0
2026-02-20T02:53:30.180 INFO:teuthology.orchestra.run.trial009.stdout:/usr/bin/ceph: stderr
2026-02-20T02:53:30.056+0000 7f3decff9640 1 --2- 10.20.193.9:0/110442796 >> [v2:10.20.193.9:6800/929022139,v1:10.20.193.9:6801/929022139] conn(0x7f3dc403dba0 0x7f3dc4040060 unknown :-1 s=NONE pgs=0 cs=0 l=1 rev1=0 crypto rx=0 tx=0 comp rx=0 tx=0).connect
2026-02-20T02:53:30.180 INFO:teuthology.orchestra.run.trial009.stdout:/usr/bin/ceph: stderr
2026-02-20T02:53:30.056+0000 7f3decff9640 1 -- 10.20.193.9:0/110442796 <== mon.0 v2:10.20.193.9:3300/0 5 ==== osd_map(2..2 src has 1..2) ==== 940+0+0 (secure 0 0 0) 0x7f3ddc076970 con 0x7f3df010a8a0
2026-02-20T02:53:30.180 INFO:teuthology.orchestra.run.trial009.stdout:/usr/bin/ceph: stderr
2026-02-20T02:53:30.056+0000 7f3deeffd640 1 --2- 10.20.193.9:0/110442796 >> [v2:10.20.193.9:6800/929022139,v1:10.20.193.9:6801/929022139] conn(0x7f3dc403dba0 0x7f3dc4040060 unknown :-1 s=BANNER_CONNECTING pgs=0 cs=0 l=1 rev1=0 crypto rx=0 tx=0 comp rx=0 tx=0)._handle_peer_banner_payload supported=3 required=0
2026-02-20T02:53:30.180 INFO:teuthology.orchestra.run.trial009.stdout:/usr/bin/ceph: stderr
2026-02-20T02:53:30.056+0000 7f3deeffd640 1 --2- 10.20.193.9:0/110442796 >> [v2:10.20.193.9:6800/929022139,v1:10.20.193.9:6801/929022139] conn(0x7f3dc403dba0 0x7f3dc4040060 secure :-1 s=READY pgs=14 cs=0 l=1 rev1=1 crypto rx=0x7f3de00099c0 tx=0x7f3de0006eb0 comp rx=0 tx=0).ready entity=mgr.14118 client_cookie=0 server_cookie=0 in_seq=0 out_seq=0
2026-02-20T02:53:30.181 INFO:teuthology.orchestra.run.trial009.stdout:/usr/bin/ceph: stderr
2026-02-20T02:53:30.059+0000 7f3decff9640 1 -- 10.20.193.9:0/110442796 <== mon.0 v2:10.20.193.9:3300/0 6 ==== mon_command_ack([{"prefix": "get_command_descriptions"}]=0 v0) ==== 72+0+195341 (secure 0 0 0) 0x7f3ddc0342a0 con 0x7f3df010a8a0
2026-02-20T02:53:30.181 INFO:teuthology.orchestra.run.trial009.stdout:/usr/bin/ceph: stderr
2026-02-20T02:53:30.146+0000 7f3df4908640 1 -- 10.20.193.9:0/110442796 --> [v2:10.20.193.9:3300/0,v1:10.20.193.9:6789/0] -- mon_command([{prefix=config set, name=mgr/cephadm/container_init}] v 0) -- 0x7f3df01a0de0 con 0x7f3df010a8a0
2026-02-20T02:53:30.181 INFO:teuthology.orchestra.run.trial009.stdout:/usr/bin/ceph: stderr
2026-02-20T02:53:30.147+0000 7f3decff9640 1 -- 10.20.193.9:0/110442796 <== mon.0 v2:10.20.193.9:3300/0 7 ==== mon_command_ack([{prefix=config set, name=mgr/cephadm/container_init}]=0 v7)=0 v7) ==== 142+0+0 (secure 0 0 0) 0x7f3df01a0de0 con 0x7f3df010a8a0
2026-02-20T02:53:30.181 INFO:teuthology.orchestra.run.trial009.stdout:/usr/bin/ceph: stderr
2026-02-20T02:53:30.149+0000 7f3df4908640 1 -- 10.20.193.9:0/110442796 >> [v2:10.20.193.9:6800/929022139,v1:10.20.193.9:6801/929022139] conn(0x7f3dc403dba0 msgr2=0x7f3dc4040060 secure :-1 s=STATE_CONNECTION_ESTABLISHED l=1).mark_down
2026-02-20T02:53:30.181 INFO:teuthology.orchestra.run.trial009.stdout:/usr/bin/ceph: stderr
2026-02-20T02:53:30.149+0000 7f3df4908640 1 --2- 10.20.193.9:0/110442796 >> [v2:10.20.193.9:6800/929022139,v1:10.20.193.9:6801/929022139] conn(0x7f3dc403dba0 0x7f3dc4040060 secure :-1 s=READY pgs=14 cs=0 l=1 rev1=1 crypto rx=0x7f3de00099c0 tx=0x7f3de0006eb0 comp rx=0 tx=0).stop
2026-02-20T02:53:30.181 INFO:teuthology.orchestra.run.trial009.stdout:/usr/bin/ceph: stderr
2026-02-20T02:53:30.149+0000 7f3df4908640 1 -- 10.20.193.9:0/110442796 >> [v2:10.20.193.9:3300/0,v1:10.20.193.9:6789/0] conn(0x7f3df010a8a0 msgr2=0x7f3df01a0130 secure :-1 s=STATE_CONNECTION_ESTABLISHED l=1).mark_down
2026-02-20T02:53:30.181 INFO:teuthology.orchestra.run.trial009.stdout:/usr/bin/ceph: stderr
2026-02-20T02:53:30.149+0000 7f3df4908640 1 --2- 10.20.193.9:0/110442796 >> [v2:10.20.193.9:3300/0,v1:10.20.193.9:6789/0] conn(0x7f3df010a8a0 0x7f3df01a0130 secure :-1 s=READY pgs=50 cs=0 l=1 rev1=1 crypto rx=0x7f3ddc037820 tx=0x7f3ddc037850 comp rx=0 tx=0).stop
2026-02-20T02:53:30.181 INFO:teuthology.orchestra.run.trial009.stdout:/usr/bin/ceph: stderr
2026-02-20T02:53:30.149+0000 7f3df4908640 1 -- 10.20.193.9:0/110442796 shutdown_connections
2026-02-20T02:53:30.181 INFO:teuthology.orchestra.run.trial009.stdout:/usr/bin/ceph: stderr
2026-02-20T02:53:30.149+0000 7f3df4908640 1 --2- 10.20.193.9:0/110442796 >> [v2:10.20.193.9:6800/929022139,v1:10.20.193.9:6801/929022139] conn(0x7f3dc403dba0 0x7f3dc4040060 unknown :-1 s=CLOSED pgs=14 cs=0 l=1 rev1=1 crypto rx=0 tx=0 comp rx=0 tx=0).stop
2026-02-20T02:53:30.181 INFO:teuthology.orchestra.run.trial009.stdout:/usr/bin/ceph: stderr
2026-02-20T02:53:30.149+0000 7f3df4908640 1 --2- 10.20.193.9:0/110442796 >> [v2:10.20.193.9:3300/0,v1:10.20.193.9:6789/0] conn(0x7f3df010a8a0 0x7f3df01a0130 unknown :-1 s=CLOSED pgs=50 cs=0 l=1 rev1=1 crypto rx=0 tx=0 comp rx=0 tx=0).stop
2026-02-20T02:53:30.181 INFO:teuthology.orchestra.run.trial009.stdout:/usr/bin/ceph: stderr
2026-02-20T02:53:30.149+0000 7f3df4908640 1 -- 10.20.193.9:0/110442796 >> 10.20.193.9:0/110442796 conn(0x7f3df007d990 msgr2=0x7f3df01086c0 unknown :-1 s=STATE_NONE l=0).mark_down
2026-02-20T02:53:30.181 INFO:teuthology.orchestra.run.trial009.stdout:/usr/bin/ceph: stderr
2026-02-20T02:53:30.149+0000 7f3df4908640 1 -- 10.20.193.9:0/110442796 shutdown_connections
2026-02-20T02:53:30.181 INFO:teuthology.orchestra.run.trial009.stdout:/usr/bin/ceph: stderr
2026-02-20T02:53:30.149+0000 7f3df4908640 1 -- 10.20.193.9:0/110442796 wait complete.
2026-02-20T02:53:30.394 INFO:teuthology.orchestra.run.trial009.stdout:/usr/bin/ceph: stderr
2026-02-20T02:53:30.274+0000 7f375faa1640 1 Processor -- start
2026-02-20T02:53:30.394 INFO:teuthology.orchestra.run.trial009.stdout:/usr/bin/ceph: stderr
2026-02-20T02:53:30.274+0000 7f375faa1640 1 -- start start
2026-02-20T02:53:30.395 INFO:teuthology.orchestra.run.trial009.stdout:/usr/bin/ceph: stderr
2026-02-20T02:53:30.274+0000 7f375faa1640 1 --2- >> [v2:10.20.193.9:3300/0,v1:10.20.193.9:6789/0] conn(0x7f37581082e0 0x7f37581086e0 unknown :-1 s=NONE pgs=0 cs=0 l=0 rev1=0 crypto rx=0 tx=0 comp rx=0 tx=0).connect
2026-02-20T02:53:30.395 INFO:teuthology.orchestra.run.trial009.stdout:/usr/bin/ceph: stderr
2026-02-20T02:53:30.274+0000 7f375faa1640 1 -- --> [v2:10.20.193.9:3300/0,v1:10.20.193.9:6789/0] -- mon_getmap magic: 0 -- 0x7f3758108cb0 con 0x7f37581082e0
2026-02-20T02:53:30.395 INFO:teuthology.orchestra.run.trial009.stdout:/usr/bin/ceph: stderr
2026-02-20T02:53:30.274+0000 7f375d816640 1 --2- >> [v2:10.20.193.9:3300/0,v1:10.20.193.9:6789/0] conn(0x7f37581082e0 0x7f37581086e0 unknown :-1 s=BANNER_CONNECTING pgs=0 cs=0 l=0 rev1=0 crypto rx=0 tx=0 comp rx=0 tx=0)._handle_peer_banner_payload supported=3 required=0
2026-02-20T02:53:30.395 INFO:teuthology.orchestra.run.trial009.stdout:/usr/bin/ceph: stderr
2026-02-20T02:53:30.274+0000 7f375d816640 1 --2- >> [v2:10.20.193.9:3300/0,v1:10.20.193.9:6789/0] conn(0x7f37581082e0 0x7f37581086e0 unknown :-1 s=HELLO_CONNECTING pgs=0 cs=0 l=0 rev1=1 crypto rx=0 tx=0 comp rx=0 tx=0).handle_hello peer v2:10.20.193.9:3300/0 says I am v2:10.20.193.9:42974/0 (socket says 10.20.193.9:42974)
2026-02-20T02:53:30.395 INFO:teuthology.orchestra.run.trial009.stdout:/usr/bin/ceph: stderr
2026-02-20T02:53:30.274+0000 7f375d816640 1 -- 10.20.193.9:0/3564823970 learned_addr learned my addr 10.20.193.9:0/3564823970 (peer_addr_for_me v2:10.20.193.9:0/0)
2026-02-20T02:53:30.395 INFO:teuthology.orchestra.run.trial009.stdout:/usr/bin/ceph: stderr
2026-02-20T02:53:30.275+0000 7f375d816640 1 -- 10.20.193.9:0/3564823970 --> [v2:10.20.193.9:3300/0,v1:10.20.193.9:6789/0] -- mon_subscribe({config=0+,monmap=0+}) -- 0x7f3758109440 con 0x7f37581082e0
2026-02-20T02:53:30.395 INFO:teuthology.orchestra.run.trial009.stdout:/usr/bin/ceph: stderr
2026-02-20T02:53:30.275+0000 7f375d816640 1 --2- 10.20.193.9:0/3564823970 >> [v2:10.20.193.9:3300/0,v1:10.20.193.9:6789/0] conn(0x7f37581082e0 0x7f37581086e0 secure :-1 s=READY pgs=51 cs=0 l=1 rev1=1 crypto rx=0x7f3748009920 tx=0x7f374802ef20 comp rx=0 tx=0).ready entity=mon.0 client_cookie=c6c93f8771b21010 server_cookie=0 in_seq=0 out_seq=0
2026-02-20T02:53:30.395 INFO:teuthology.orchestra.run.trial009.stdout:/usr/bin/ceph: stderr
2026-02-20T02:53:30.275+0000 7f375c814640 1 -- 10.20.193.9:0/3564823970 <== mon.0 v2:10.20.193.9:3300/0 1 ==== mon_map magic: 0 ==== 205+0+0 (secure 0 0 0) 0x7f374803c070 con 0x7f37581082e0
2026-02-20T02:53:30.395 INFO:teuthology.orchestra.run.trial009.stdout:/usr/bin/ceph: stderr
2026-02-20T02:53:30.275+0000 7f375c814640 1 -- 10.20.193.9:0/3564823970 <== mon.0 v2:10.20.193.9:3300/0 2 ==== config(25 keys) ==== 1038+0+0 (secure 0 0 0) 0x7f3748037440 con 0x7f37581082e0
2026-02-20T02:53:30.395 INFO:teuthology.orchestra.run.trial009.stdout:/usr/bin/ceph: stderr
2026-02-20T02:53:30.275+0000 7f375c814640 1 -- 10.20.193.9:0/3564823970 <== mon.0 v2:10.20.193.9:3300/0 3 ==== mon_map magic: 0 ==== 205+0+0 (secure 0 0 0) 0x7f37480354d0 con 0x7f37581082e0
2026-02-20T02:53:30.395 INFO:teuthology.orchestra.run.trial009.stdout:/usr/bin/ceph: stderr
2026-02-20T02:53:30.276+0000 7f375faa1640 1 -- 10.20.193.9:0/3564823970 >> [v2:10.20.193.9:3300/0,v1:10.20.193.9:6789/0] conn(0x7f37581082e0 msgr2=0x7f37581086e0 secure :-1 s=STATE_CONNECTION_ESTABLISHED l=1).mark_down
2026-02-20T02:53:30.395 INFO:teuthology.orchestra.run.trial009.stdout:/usr/bin/ceph: stderr
2026-02-20T02:53:30.276+0000 7f375faa1640 1 --2- 10.20.193.9:0/3564823970 >> [v2:10.20.193.9:3300/0,v1:10.20.193.9:6789/0] conn(0x7f37581082e0 0x7f37581086e0 secure :-1 s=READY pgs=51 cs=0 l=1 rev1=1 crypto rx=0x7f3748009920 tx=0x7f374802ef20 comp rx=0 tx=0).stop
2026-02-20T02:53:30.395 INFO:teuthology.orchestra.run.trial009.stdout:/usr/bin/ceph: stderr
2026-02-20T02:53:30.276+0000 7f375faa1640 1 -- 10.20.193.9:0/3564823970 shutdown_connections
2026-02-20T02:53:30.395 INFO:teuthology.orchestra.run.trial009.stdout:/usr/bin/ceph: stderr
2026-02-20T02:53:30.276+0000 7f375faa1640 1 --2- 10.20.193.9:0/3564823970 >> [v2:10.20.193.9:3300/0,v1:10.20.193.9:6789/0] conn(0x7f37581082e0 0x7f37581086e0 unknown :-1 s=CLOSED pgs=51 cs=0 l=1 rev1=1 crypto rx=0 tx=0 comp rx=0 tx=0).stop
2026-02-20T02:53:30.395 INFO:teuthology.orchestra.run.trial009.stdout:/usr/bin/ceph: stderr
2026-02-20T02:53:30.276+0000 7f375faa1640 1 -- 10.20.193.9:0/3564823970 >> 10.20.193.9:0/3564823970 conn(0x7f3758103af0 msgr2=0x7f3758105f10 unknown :-1 s=STATE_NONE l=0).mark_down
2026-02-20T02:53:30.395 INFO:teuthology.orchestra.run.trial009.stdout:/usr/bin/ceph: stderr
2026-02-20T02:53:30.276+0000 7f375faa1640 1 -- 10.20.193.9:0/3564823970 shutdown_connections
2026-02-20T02:53:30.395 INFO:teuthology.orchestra.run.trial009.stdout:/usr/bin/ceph: stderr
2026-02-20T02:53:30.276+0000 7f375faa1640 1 -- 10.20.193.9:0/3564823970 wait complete.
2026-02-20T02:53:30.395 INFO:teuthology.orchestra.run.trial009.stdout:/usr/bin/ceph: stderr
2026-02-20T02:53:30.276+0000 7f375faa1640 1 Processor -- start
2026-02-20T02:53:30.395 INFO:teuthology.orchestra.run.trial009.stdout:/usr/bin/ceph: stderr
2026-02-20T02:53:30.276+0000 7f375faa1640 1 -- start start
2026-02-20T02:53:30.395 INFO:teuthology.orchestra.run.trial009.stdout:/usr/bin/ceph: stderr
2026-02-20T02:53:30.276+0000 7f375faa1640 1 --2- >> [v2:10.20.193.9:3300/0,v1:10.20.193.9:6789/0] conn(0x7f37581082e0 0x7f375819e130 unknown :-1 s=NONE pgs=0 cs=0 l=1 rev1=0 crypto rx=0 tx=0 comp rx=0 tx=0).connect
2026-02-20T02:53:30.396 INFO:teuthology.orchestra.run.trial009.stdout:/usr/bin/ceph: stderr
2026-02-20T02:53:30.276+0000 7f375faa1640 1 -- --> [v2:10.20.193.9:3300/0,v1:10.20.193.9:6789/0] -- mon_getmap magic: 0 -- 0x7f375810c670 con 0x7f37581082e0
2026-02-20T02:53:30.396 INFO:teuthology.orchestra.run.trial009.stdout:/usr/bin/ceph: stderr
2026-02-20T02:53:30.276+0000 7f375d816640 1 --2- >> [v2:10.20.193.9:3300/0,v1:10.20.193.9:6789/0] conn(0x7f37581082e0 0x7f375819e130 unknown :-1 s=BANNER_CONNECTING pgs=0 cs=0 l=1 rev1=0 crypto rx=0 tx=0 comp rx=0 tx=0)._handle_peer_banner_payload supported=3 required=0
2026-02-20T02:53:30.396 INFO:teuthology.orchestra.run.trial009.stdout:/usr/bin/ceph: stderr
2026-02-20T02:53:30.276+0000 7f375d816640 1 --2- >> [v2:10.20.193.9:3300/0,v1:10.20.193.9:6789/0] conn(0x7f37581082e0 0x7f375819e130 unknown :-1 s=HELLO_CONNECTING pgs=0 cs=0 l=1 rev1=1 crypto rx=0 tx=0 comp rx=0 tx=0).handle_hello peer v2:10.20.193.9:3300/0 says I am v2:10.20.193.9:42990/0 (socket says 10.20.193.9:42990)
2026-02-20T02:53:30.396 INFO:teuthology.orchestra.run.trial009.stdout:/usr/bin/ceph: stderr
2026-02-20T02:53:30.276+0000 7f375d816640 1 -- 10.20.193.9:0/281728832 learned_addr learned my addr 10.20.193.9:0/281728832 (peer_addr_for_me v2:10.20.193.9:0/0)
2026-02-20T02:53:30.396 INFO:teuthology.orchestra.run.trial009.stdout:/usr/bin/ceph: stderr
2026-02-20T02:53:30.276+0000 7f375d816640 1 -- 10.20.193.9:0/281728832 --> [v2:10.20.193.9:3300/0,v1:10.20.193.9:6789/0] -- mon_subscribe({config=0+,monmap=0+}) -- 0x7f375819e670 con 0x7f37581082e0
2026-02-20T02:53:30.396 INFO:teuthology.orchestra.run.trial009.stdout:/usr/bin/ceph: stderr
2026-02-20T02:53:30.277+0000 7f375d816640 1 --2- 10.20.193.9:0/281728832 >> [v2:10.20.193.9:3300/0,v1:10.20.193.9:6789/0] conn(0x7f37581082e0 0x7f375819e130 secure :-1 s=READY pgs=52 cs=0 l=1 rev1=1 crypto rx=0x7f3748037820 tx=0x7f3748037850 comp rx=0 tx=0).ready entity=mon.0 client_cookie=0 server_cookie=0 in_seq=0 out_seq=0
2026-02-20T02:53:30.396 INFO:teuthology.orchestra.run.trial009.stdout:/usr/bin/ceph: stderr
2026-02-20T02:53:30.277+0000 7f3746ffd640 1 -- 10.20.193.9:0/281728832 <== mon.0 v2:10.20.193.9:3300/0 1 ==== mon_map magic: 0 ==== 205+0+0 (secure 0 0 0) 0x7f3748047070 con 0x7f37581082e0
2026-02-20T02:53:30.396 INFO:teuthology.orchestra.run.trial009.stdout:/usr/bin/ceph: stderr
2026-02-20T02:53:30.277+0000 7f375faa1640 1 -- 10.20.193.9:0/281728832 --> [v2:10.20.193.9:3300/0,v1:10.20.193.9:6789/0] -- mon_subscribe({mgrmap=0+}) -- 0x7f375819e900 con 0x7f37581082e0
2026-02-20T02:53:30.396 INFO:teuthology.orchestra.run.trial009.stdout:/usr/bin/ceph: stderr
2026-02-20T02:53:30.277+0000 7f3746ffd640 1 -- 10.20.193.9:0/281728832 <== mon.0 v2:10.20.193.9:3300/0 2 ==== config(25 keys) ==== 1038+0+0 (secure 0 0 0) 0x7f3748035d70 con 0x7f37581082e0
2026-02-20T02:53:30.396 INFO:teuthology.orchestra.run.trial009.stdout:/usr/bin/ceph: stderr
2026-02-20T02:53:30.277+0000 7f3746ffd640 1 -- 10.20.193.9:0/281728832 <== mon.0 v2:10.20.193.9:3300/0 3 ==== mon_map magic: 0 ==== 205+0+0 (secure 0 0 0) 0x7f374803c070 con 0x7f37581082e0
2026-02-20T02:53:30.396 INFO:teuthology.orchestra.run.trial009.stdout:/usr/bin/ceph: stderr
2026-02-20T02:53:30.277+0000 7f375faa1640 1 -- 10.20.193.9:0/281728832 --> [v2:10.20.193.9:3300/0,v1:10.20.193.9:6789/0] -- mon_subscribe({osdmap=0}) -- 0x7f37581a15f0 con 0x7f37581082e0
2026-02-20T02:53:30.396 INFO:teuthology.orchestra.run.trial009.stdout:/usr/bin/ceph: stderr
2026-02-20T02:53:30.277+0000 7f375faa1640 1 -- 10.20.193.9:0/281728832 --> [v2:10.20.193.9:3300/0,v1:10.20.193.9:6789/0] -- mon_command({"prefix": "get_command_descriptions"} v 0) -- 0x7f3758108760 con 0x7f37581082e0
2026-02-20T02:53:30.396 INFO:teuthology.orchestra.run.trial009.stdout:/usr/bin/ceph: stderr
2026-02-20T02:53:30.277+0000 7f3746ffd640 1 -- 10.20.193.9:0/281728832 <== mon.0 v2:10.20.193.9:3300/0 4 ==== mgrmap(e 8) ==== 50247+0+0 (secure 0 0 0) 0x7f3748042620 con 0x7f37581082e0
2026-02-20T02:53:30.396 INFO:teuthology.orchestra.run.trial009.stdout:/usr/bin/ceph: stderr
2026-02-20T02:53:30.277+0000 7f3746ffd640 1 --2- 10.20.193.9:0/281728832 >> [v2:10.20.193.9:6800/929022139,v1:10.20.193.9:6801/929022139] conn(0x7f373403dba0 0x7f3734040060 unknown :-1 s=NONE pgs=0 cs=0 l=1 rev1=0 crypto rx=0 tx=0 comp rx=0 tx=0).connect
2026-02-20T02:53:30.396 INFO:teuthology.orchestra.run.trial009.stdout:/usr/bin/ceph: stderr
2026-02-20T02:53:30.278+0000 7f3746ffd640 1 -- 10.20.193.9:0/281728832 <== mon.0 v2:10.20.193.9:3300/0 5 ==== osd_map(2..2 src has 1..2) ==== 940+0+0 (secure 0 0 0) 0x7f3748076900 con 0x7f37581082e0
2026-02-20T02:53:30.396 INFO:teuthology.orchestra.run.trial009.stdout:/usr/bin/ceph: stderr
2026-02-20T02:53:30.278+0000 7f375d015640 1 --2- 10.20.193.9:0/281728832 >> [v2:10.20.193.9:6800/929022139,v1:10.20.193.9:6801/929022139] conn(0x7f373403dba0 0x7f3734040060 unknown :-1 s=BANNER_CONNECTING pgs=0 cs=0 l=1 rev1=0 crypto rx=0 tx=0 comp rx=0 tx=0)._handle_peer_banner_payload supported=3 required=0
2026-02-20T02:53:30.396 INFO:teuthology.orchestra.run.trial009.stdout:/usr/bin/ceph: stderr
2026-02-20T02:53:30.278+0000 7f375d015640 1 --2- 10.20.193.9:0/281728832 >> [v2:10.20.193.9:6800/929022139,v1:10.20.193.9:6801/929022139] conn(0x7f373403dba0 0x7f3734040060 secure :-1 s=READY pgs=15 cs=0 l=1 rev1=1 crypto rx=0x7f374c0099c0 tx=0x7f374c006eb0 comp rx=0 tx=0).ready entity=mgr.14118 client_cookie=0 server_cookie=0 in_seq=0 out_seq=0
2026-02-20T02:53:30.396 INFO:teuthology.orchestra.run.trial009.stdout:/usr/bin/ceph: stderr
2026-02-20T02:53:30.280+0000 7f3746ffd640 1 -- 10.20.193.9:0/281728832 <== mon.0 v2:10.20.193.9:3300/0 6 ==== mon_command_ack([{"prefix": "get_command_descriptions"}]=0 v0) ==== 72+0+195341 (secure 0 0 0) 0x7f37480342a0 con 0x7f37581082e0
2026-02-20T02:53:30.396 INFO:teuthology.orchestra.run.trial009.stdout:/usr/bin/ceph: stderr
2026-02-20T02:53:30.367+0000 7f375faa1640 1 -- 10.20.193.9:0/281728832 --> [v2:10.20.193.9:3300/0,v1:10.20.193.9:6789/0] -- mon_command([{prefix=config set, name=mgr/dashboard/ssl_server_port}] v 0) -- 0x7f37581a1ce0 con 0x7f37581082e0
2026-02-20T02:53:30.396 INFO:teuthology.orchestra.run.trial009.stdout:/usr/bin/ceph: stderr
2026-02-20T02:53:30.369+0000 7f3746ffd640 1 -- 10.20.193.9:0/281728832 <== mon.0 v2:10.20.193.9:3300/0 7 ==== mon_command_ack([{prefix=config set, name=mgr/dashboard/ssl_server_port}]=0 v8)=0 v8) ==== 130+0+0 (secure 0 0 0) 0x7f3748033c90 con 0x7f37581082e0
2026-02-20T02:53:30.396 INFO:teuthology.orchestra.run.trial009.stdout:/usr/bin/ceph: stderr
2026-02-20T02:53:30.371+0000 7f375faa1640 1 -- 10.20.193.9:0/281728832 >> [v2:10.20.193.9:6800/929022139,v1:10.20.193.9:6801/929022139] conn(0x7f373403dba0 msgr2=0x7f3734040060 secure :-1 s=STATE_CONNECTION_ESTABLISHED l=1).mark_down
2026-02-20T02:53:30.396 INFO:teuthology.orchestra.run.trial009.stdout:/usr/bin/ceph: stderr
2026-02-20T02:53:30.371+0000 7f375faa1640 1 --2- 10.20.193.9:0/281728832 >> [v2:10.20.193.9:6800/929022139,v1:10.20.193.9:6801/929022139] conn(0x7f373403dba0 0x7f3734040060 secure :-1 s=READY pgs=15 cs=0 l=1 rev1=1 crypto rx=0x7f374c0099c0 tx=0x7f374c006eb0 comp rx=0 tx=0).stop
2026-02-20T02:53:30.397 INFO:teuthology.orchestra.run.trial009.stdout:/usr/bin/ceph: stderr
2026-02-20T02:53:30.371+0000 7f375faa1640 1 -- 10.20.193.9:0/281728832 >> [v2:10.20.193.9:3300/0,v1:10.20.193.9:6789/0] conn(0x7f37581082e0 msgr2=0x7f375819e130 secure :-1 s=STATE_CONNECTION_ESTABLISHED l=1).mark_down
2026-02-20T02:53:30.397 INFO:teuthology.orchestra.run.trial009.stdout:/usr/bin/ceph: stderr
2026-02-20T02:53:30.371+0000 7f375faa1640 1 --2- 10.20.193.9:0/281728832 >> [v2:10.20.193.9:3300/0,v1:10.20.193.9:6789/0] conn(0x7f37581082e0 0x7f375819e130 secure :-1 s=READY pgs=52 cs=0 l=1 rev1=1 crypto rx=0x7f3748037820 tx=0x7f3748037850 comp rx=0 tx=0).stop
2026-02-20T02:53:30.397 INFO:teuthology.orchestra.run.trial009.stdout:/usr/bin/ceph: stderr
2026-02-20T02:53:30.371+0000 7f375faa1640 1 -- 10.20.193.9:0/281728832 shutdown_connections
2026-02-20T02:53:30.397 INFO:teuthology.orchestra.run.trial009.stdout:/usr/bin/ceph: stderr
2026-02-20T02:53:30.371+0000 7f375faa1640 1 --2- 10.20.193.9:0/281728832 >> [v2:10.20.193.9:6800/929022139,v1:10.20.193.9:6801/929022139] conn(0x7f373403dba0 0x7f3734040060 unknown :-1 s=CLOSED pgs=15 cs=0 l=1 rev1=1 crypto rx=0 tx=0 comp rx=0 tx=0).stop
2026-02-20T02:53:30.397 INFO:teuthology.orchestra.run.trial009.stdout:/usr/bin/ceph: stderr
2026-02-20T02:53:30.371+0000 7f375faa1640 1 --2- 10.20.193.9:0/281728832 >> [v2:10.20.193.9:3300/0,v1:10.20.193.9:6789/0] conn(0x7f37581082e0 0x7f375819e130 unknown :-1 s=CLOSED pgs=52 cs=0 l=1 rev1=1 crypto rx=0 tx=0 comp rx=0 tx=0).stop
2026-02-20T02:53:30.397 INFO:teuthology.orchestra.run.trial009.stdout:/usr/bin/ceph: stderr
2026-02-20T02:53:30.371+0000 7f375faa1640 1 -- 10.20.193.9:0/281728832 >> 10.20.193.9:0/281728832 conn(0x7f3758103af0 msgr2=0x7f37581046a0 unknown :-1 s=STATE_NONE l=0).mark_down
2026-02-20T02:53:30.397 INFO:teuthology.orchestra.run.trial009.stdout:/usr/bin/ceph: stderr
2026-02-20T02:53:30.371+0000 7f375faa1640 1 -- 10.20.193.9:0/281728832 shutdown_connections
2026-02-20T02:53:30.397 INFO:teuthology.orchestra.run.trial009.stdout:/usr/bin/ceph: stderr
2026-02-20T02:53:30.371+0000 7f375faa1640 1 -- 10.20.193.9:0/281728832 wait complete.
2026-02-20T02:53:30.397 INFO:teuthology.orchestra.run.trial009.stdout:Enabling the dashboard module...
2026-02-20T02:53:31.368 INFO:journalctl@ceph.mon.a.trial009.stdout:Feb 20 02:53:31 trial009 ceph-mon[40875]: Added host trial009
2026-02-20T02:53:31.368 INFO:journalctl@ceph.mon.a.trial009.stdout:Feb 20 02:53:31 trial009 ceph-mon[40875]: from='client.14140 -' entity='client.admin' cmd=[{"prefix": "orch apply", "service_type": "mon", "unmanaged": true, "target": ["mon-mgr", ""]}]: dispatch
2026-02-20T02:53:31.368 INFO:journalctl@ceph.mon.a.trial009.stdout:Feb 20 02:53:31 trial009 ceph-mon[40875]: Saving service mon spec with placement count:5
2026-02-20T02:53:31.368 INFO:journalctl@ceph.mon.a.trial009.stdout:Feb 20 02:53:31 trial009 ceph-mon[40875]: from='client.14142 -' entity='client.admin' cmd=[{"prefix": "orch apply", "service_type": "mgr", "unmanaged": true, "target": ["mon-mgr", ""]}]: dispatch
2026-02-20T02:53:31.369 INFO:journalctl@ceph.mon.a.trial009.stdout:Feb 20 02:53:31 trial009 ceph-mon[40875]: Saving service mgr spec with placement count:2
2026-02-20T02:53:31.369 INFO:journalctl@ceph.mon.a.trial009.stdout:Feb 20 02:53:31 trial009 ceph-mon[40875]: from='mgr.14118 10.20.193.9:0/2377516190' entity='mgr.x'
2026-02-20T02:53:31.369 INFO:journalctl@ceph.mon.a.trial009.stdout:Feb 20 02:53:31 trial009 ceph-mon[40875]: from='client.? 10.20.193.9:0/110442796' entity='client.admin'
2026-02-20T02:53:31.369 INFO:journalctl@ceph.mon.a.trial009.stdout:Feb 20 02:53:31 trial009 ceph-mon[40875]: from='client.? 10.20.193.9:0/281728832' entity='client.admin'
2026-02-20T02:53:31.369 INFO:journalctl@ceph.mon.a.trial009.stdout:Feb 20 02:53:31 trial009 ceph-mon[40875]: from='mgr.14118 10.20.193.9:0/2377516190' entity='mgr.x'
2026-02-20T02:53:31.369 INFO:journalctl@ceph.mon.a.trial009.stdout:Feb 20 02:53:31 trial009 ceph-mon[40875]: from='client.? 10.20.193.9:0/1444025559' entity='client.admin' cmd=[{"prefix": "mgr module enable", "module": "dashboard"}]: dispatch
2026-02-20T02:53:31.369 INFO:journalctl@ceph.mon.a.trial009.stdout:Feb 20 02:53:31 trial009 ceph-mon[40875]: from='mgr.14118 10.20.193.9:0/2377516190' entity='mgr.x'
2026-02-20T02:53:31.527 INFO:teuthology.orchestra.run.trial009.stdout:/usr/bin/ceph: stderr
2026-02-20T02:53:30.500+0000 7f39806f7640 1 Processor -- start
2026-02-20T02:53:31.527 INFO:teuthology.orchestra.run.trial009.stdout:/usr/bin/ceph: stderr
2026-02-20T02:53:30.500+0000 7f39806f7640 1 -- start start
2026-02-20T02:53:31.527 INFO:teuthology.orchestra.run.trial009.stdout:/usr/bin/ceph: stderr
2026-02-20T02:53:30.500+0000 7f39806f7640 1 --2- >> [v2:10.20.193.9:3300/0,v1:10.20.193.9:6789/0] conn(0x7f397810a9d0 0x7f397810add0 unknown :-1 s=NONE pgs=0 cs=0 l=0 rev1=0 crypto rx=0 tx=0 comp rx=0 tx=0).connect
2026-02-20T02:53:31.527 INFO:teuthology.orchestra.run.trial009.stdout:/usr/bin/ceph: stderr
2026-02-20T02:53:30.500+0000 7f39806f7640 1 -- --> [v2:10.20.193.9:3300/0,v1:10.20.193.9:6789/0] -- mon_getmap magic: 0 -- 0x7f397810b3a0 con 0x7f397810a9d0
2026-02-20T02:53:31.527 INFO:teuthology.orchestra.run.trial009.stdout:/usr/bin/ceph: stderr
2026-02-20T02:53:30.501+0000 7f397e46c640 1 --2- >> [v2:10.20.193.9:3300/0,v1:10.20.193.9:6789/0] conn(0x7f397810a9d0 0x7f397810add0 unknown :-1 s=BANNER_CONNECTING pgs=0 cs=0 l=0 rev1=0 crypto rx=0 tx=0 comp rx=0 tx=0)._handle_peer_banner_payload supported=3 required=0
2026-02-20T02:53:31.527 INFO:teuthology.orchestra.run.trial009.stdout:/usr/bin/ceph: stderr
2026-02-20T02:53:30.501+0000 7f397e46c640 1 --2- >> [v2:10.20.193.9:3300/0,v1:10.20.193.9:6789/0] conn(0x7f397810a9d0 0x7f397810add0 unknown :-1 s=HELLO_CONNECTING pgs=0 cs=0 l=0 rev1=1 crypto rx=0 tx=0 comp rx=0 tx=0).handle_hello peer v2:10.20.193.9:3300/0 says I am v2:10.20.193.9:42994/0 (socket says 10.20.193.9:42994)
2026-02-20T02:53:31.528 INFO:teuthology.orchestra.run.trial009.stdout:/usr/bin/ceph: stderr
2026-02-20T02:53:30.501+0000 7f397e46c640 1 -- 10.20.193.9:0/207437864 learned_addr learned my addr 10.20.193.9:0/207437864 (peer_addr_for_me v2:10.20.193.9:0/0)
2026-02-20T02:53:31.528 INFO:teuthology.orchestra.run.trial009.stdout:/usr/bin/ceph: stderr
2026-02-20T02:53:30.501+0000 7f397e46c640 1 -- 10.20.193.9:0/207437864 --> [v2:10.20.193.9:3300/0,v1:10.20.193.9:6789/0] -- mon_subscribe({config=0+,monmap=0+}) -- 0x7f397810b6f0 con 0x7f397810a9d0
2026-02-20T02:53:31.528 INFO:teuthology.orchestra.run.trial009.stdout:/usr/bin/ceph: stderr
2026-02-20T02:53:30.501+0000 7f397e46c640 1 --2- 10.20.193.9:0/207437864 >> [v2:10.20.193.9:3300/0,v1:10.20.193.9:6789/0] conn(0x7f397810a9d0 0x7f397810add0 secure :-1 s=READY pgs=53 cs=0 l=1 rev1=1 crypto rx=0x7f3968009920 tx=0x7f396802ef20 comp rx=0 tx=0).ready entity=mon.0 client_cookie=f5e33ad7dacf58cb server_cookie=0 in_seq=0 out_seq=0
2026-02-20T02:53:31.528 INFO:teuthology.orchestra.run.trial009.stdout:/usr/bin/ceph: stderr
2026-02-20T02:53:30.501+0000 7f397d46a640 1 -- 10.20.193.9:0/207437864 <== mon.0 v2:10.20.193.9:3300/0 1 ==== mon_map magic: 0 ==== 205+0+0 (secure 0 0 0) 0x7f396803c070 con 0x7f397810a9d0
2026-02-20T02:53:31.528 INFO:teuthology.orchestra.run.trial009.stdout:/usr/bin/ceph: stderr
2026-02-20T02:53:30.502+0000 7f397d46a640 1 -- 10.20.193.9:0/207437864 <== mon.0 v2:10.20.193.9:3300/0 2 ==== config(25 keys) ==== 1038+0+0 (secure 0 0 0) 0x7f3968037440 con 0x7f397810a9d0
2026-02-20T02:53:31.528 INFO:teuthology.orchestra.run.trial009.stdout:/usr/bin/ceph: stderr
2026-02-20T02:53:30.502+0000 7f397d46a640 1 -- 10.20.193.9:0/207437864 <== mon.0 v2:10.20.193.9:3300/0 3 ==== mon_map magic: 0 ==== 205+0+0 (secure 0 0 0) 0x7f39680354d0 con 0x7f397810a9d0
2026-02-20T02:53:31.528 INFO:teuthology.orchestra.run.trial009.stdout:/usr/bin/ceph: stderr
2026-02-20T02:53:30.502+0000 7f39806f7640 1 -- 10.20.193.9:0/207437864 >> [v2:10.20.193.9:3300/0,v1:10.20.193.9:6789/0] conn(0x7f397810a9d0 msgr2=0x7f397810add0 secure :-1 s=STATE_CONNECTION_ESTABLISHED l=1).mark_down
2026-02-20T02:53:31.528 INFO:teuthology.orchestra.run.trial009.stdout:/usr/bin/ceph: stderr
2026-02-20T02:53:30.502+0000 7f39806f7640 1 --2- 10.20.193.9:0/207437864 >> [v2:10.20.193.9:3300/0,v1:10.20.193.9:6789/0] conn(0x7f397810a9d0 0x7f397810add0 secure :-1 s=READY pgs=53 cs=0 l=1 rev1=1 crypto rx=0x7f3968009920 tx=0x7f396802ef20 comp rx=0 tx=0).stop
2026-02-20T02:53:31.528 INFO:teuthology.orchestra.run.trial009.stdout:/usr/bin/ceph: stderr
2026-02-20T02:53:30.502+0000 7f39806f7640 1 -- 10.20.193.9:0/207437864 shutdown_connections
2026-02-20T02:53:31.528 INFO:teuthology.orchestra.run.trial009.stdout:/usr/bin/ceph: stderr
2026-02-20T02:53:30.502+0000 7f39806f7640 1 --2- 10.20.193.9:0/207437864 >> [v2:10.20.193.9:3300/0,v1:10.20.193.9:6789/0] conn(0x7f397810a9d0 0x7f397810add0 unknown :-1 s=CLOSED pgs=53 cs=0 l=1 rev1=1 crypto rx=0 tx=0 comp rx=0 tx=0).stop
2026-02-20T02:53:31.528 INFO:teuthology.orchestra.run.trial009.stdout:/usr/bin/ceph: stderr
2026-02-20T02:53:30.502+0000 7f39806f7640 1 -- 10.20.193.9:0/207437864 >> 10.20.193.9:0/207437864 conn(0x7f397807da60 msgr2=0x7f397807de70 unknown :-1 s=STATE_NONE l=0).mark_down
2026-02-20T02:53:31.529 INFO:teuthology.orchestra.run.trial009.stdout:/usr/bin/ceph: stderr
2026-02-20T02:53:30.502+0000 7f39806f7640 1 -- 10.20.193.9:0/207437864 shutdown_connections
2026-02-20T02:53:31.529 INFO:teuthology.orchestra.run.trial009.stdout:/usr/bin/ceph: stderr
2026-02-20T02:53:30.502+0000 7f39806f7640 1 -- 10.20.193.9:0/207437864 wait complete.
2026-02-20T02:53:31.529 INFO:teuthology.orchestra.run.trial009.stdout:/usr/bin/ceph: stderr
2026-02-20T02:53:30.502+0000 7f39806f7640 1 Processor -- start
2026-02-20T02:53:31.529 INFO:teuthology.orchestra.run.trial009.stdout:/usr/bin/ceph: stderr
2026-02-20T02:53:30.502+0000 7f39806f7640 1 -- start start
2026-02-20T02:53:31.529 INFO:teuthology.orchestra.run.trial009.stdout:/usr/bin/ceph: stderr
2026-02-20T02:53:30.502+0000 7f39806f7640 1 --2- >> [v2:10.20.193.9:3300/0,v1:10.20.193.9:6789/0] conn(0x7f397810a9d0 0x7f39781a02e0 unknown :-1 s=NONE pgs=0 cs=0 l=1 rev1=0 crypto rx=0 tx=0 comp rx=0 tx=0).connect
2026-02-20T02:53:31.529 INFO:teuthology.orchestra.run.trial009.stdout:/usr/bin/ceph: stderr
2026-02-20T02:53:30.502+0000 7f39806f7640 1 -- --> [v2:10.20.193.9:3300/0,v1:10.20.193.9:6789/0] -- mon_getmap magic: 0 -- 0x7f397810e920 con 0x7f397810a9d0
2026-02-20T02:53:31.529 INFO:teuthology.orchestra.run.trial009.stdout:/usr/bin/ceph: stderr
2026-02-20T02:53:30.502+0000 7f397e46c640 1 --2- >> [v2:10.20.193.9:3300/0,v1:10.20.193.9:6789/0] conn(0x7f397810a9d0 0x7f39781a02e0 unknown :-1 s=BANNER_CONNECTING pgs=0 cs=0 l=1 rev1=0 crypto rx=0 tx=0 comp rx=0 tx=0)._handle_peer_banner_payload supported=3 required=0
2026-02-20T02:53:31.529 INFO:teuthology.orchestra.run.trial009.stdout:/usr/bin/ceph: stderr
2026-02-20T02:53:30.502+0000 7f397e46c640 1 --2- >> [v2:10.20.193.9:3300/0,v1:10.20.193.9:6789/0] conn(0x7f397810a9d0 0x7f39781a02e0 unknown :-1 s=HELLO_CONNECTING pgs=0 cs=0 l=1 rev1=1 crypto rx=0 tx=0 comp rx=0 tx=0).handle_hello peer v2:10.20.193.9:3300/0 says I am v2:10.20.193.9:42998/0 (socket says 10.20.193.9:42998)
2026-02-20T02:53:31.529 INFO:teuthology.orchestra.run.trial009.stdout:/usr/bin/ceph: stderr
2026-02-20T02:53:30.502+0000 7f397e46c640 1 -- 10.20.193.9:0/1444025559 learned_addr learned my addr 10.20.193.9:0/1444025559 (peer_addr_for_me v2:10.20.193.9:0/0)
2026-02-20T02:53:31.529 INFO:teuthology.orchestra.run.trial009.stdout:/usr/bin/ceph: stderr
2026-02-20T02:53:30.503+0000 7f397e46c640 1 -- 10.20.193.9:0/1444025559 --> [v2:10.20.193.9:3300/0,v1:10.20.193.9:6789/0] -- mon_subscribe({config=0+,monmap=0+}) -- 0x7f39781a0820 con 0x7f397810a9d0
2026-02-20T02:53:31.529 INFO:teuthology.orchestra.run.trial009.stdout:/usr/bin/ceph: stderr
2026-02-20T02:53:30.503+0000 7f397e46c640 1 --2- 10.20.193.9:0/1444025559 >> [v2:10.20.193.9:3300/0,v1:10.20.193.9:6789/0] conn(0x7f397810a9d0 0x7f39781a02e0 secure :-1 s=READY pgs=54 cs=0 l=1 rev1=1 crypto rx=0x7f3968037820 tx=0x7f3968037850 comp rx=0 tx=0).ready entity=mon.0 client_cookie=0 server_cookie=0 in_seq=0 out_seq=0
2026-02-20T02:53:31.530 INFO:teuthology.orchestra.run.trial009.stdout:/usr/bin/ceph: stderr
2026-02-20T02:53:30.503+0000 7f395f7fe640 1 -- 10.20.193.9:0/1444025559 <== mon.0 v2:10.20.193.9:3300/0 1 ==== mon_map magic: 0 ==== 205+0+0 (secure 0 0 0) 0x7f3968047070 con 0x7f397810a9d0
2026-02-20T02:53:31.530 INFO:teuthology.orchestra.run.trial009.stdout:/usr/bin/ceph: stderr
2026-02-20T02:53:30.503+0000 7f395f7fe640 1 -- 10.20.193.9:0/1444025559 <== mon.0 v2:10.20.193.9:3300/0 2 ==== config(25 keys) ==== 1038+0+0 (secure 0 0 0) 0x7f3968035e50 con 0x7f397810a9d0
2026-02-20T02:53:31.530 INFO:teuthology.orchestra.run.trial009.stdout:/usr/bin/ceph: stderr
2026-02-20T02:53:30.503+0000 7f39806f7640 1 -- 10.20.193.9:0/1444025559 --> [v2:10.20.193.9:3300/0,v1:10.20.193.9:6789/0] -- mon_subscribe({mgrmap=0+}) -- 0x7f39781a0ab0 con 0x7f397810a9d0
2026-02-20T02:53:31.530 INFO:teuthology.orchestra.run.trial009.stdout:/usr/bin/ceph: stderr
2026-02-20T02:53:30.503+0000 7f395f7fe640 1 -- 10.20.193.9:0/1444025559 <== mon.0 v2:10.20.193.9:3300/0 3 ==== mon_map magic: 0 ==== 205+0+0 (secure 0 0 0) 0x7f396803c070 con 0x7f397810a9d0
2026-02-20T02:53:31.530 INFO:teuthology.orchestra.run.trial009.stdout:/usr/bin/ceph: stderr
2026-02-20T02:53:30.503+0000 7f39806f7640 1 -- 10.20.193.9:0/1444025559 --> [v2:10.20.193.9:3300/0,v1:10.20.193.9:6789/0] -- mon_subscribe({osdmap=0}) -- 0x7f39781a37a0 con 0x7f397810a9d0
2026-02-20T02:53:31.530 INFO:teuthology.orchestra.run.trial009.stdout:/usr/bin/ceph: stderr
2026-02-20T02:53:30.503+0000 7f39806f7640 1 -- 10.20.193.9:0/1444025559 --> [v2:10.20.193.9:3300/0,v1:10.20.193.9:6789/0] -- mon_command({"prefix": "get_command_descriptions"} v 0) -- 0x7f397810ae50 con 0x7f397810a9d0
2026-02-20T02:53:31.530 INFO:teuthology.orchestra.run.trial009.stdout:/usr/bin/ceph: stderr
2026-02-20T02:53:30.503+0000 7f395f7fe640 1 -- 10.20.193.9:0/1444025559 <== mon.0 v2:10.20.193.9:3300/0 4 ==== mgrmap(e 8) ==== 50247+0+0 (secure 0 0 0) 0x7f39680425d0 con 0x7f397810a9d0
2026-02-20T02:53:31.530 INFO:teuthology.orchestra.run.trial009.stdout:/usr/bin/ceph: stderr
2026-02-20T02:53:30.504+0000 7f395f7fe640 1 --2- 10.20.193.9:0/1444025559 >> [v2:10.20.193.9:6800/929022139,v1:10.20.193.9:6801/929022139] conn(0x7f395403dbf0 0x7f39540400b0 unknown :-1 s=NONE pgs=0 cs=0 l=1 rev1=0 crypto rx=0 tx=0 comp rx=0 tx=0).connect
2026-02-20T02:53:31.530 INFO:teuthology.orchestra.run.trial009.stdout:/usr/bin/ceph: stderr
2026-02-20T02:53:30.504+0000 7f395f7fe640 1 -- 10.20.193.9:0/1444025559 <== mon.0 v2:10.20.193.9:3300/0 5 ==== osd_map(2..2 src has 1..2) ==== 940+0+0 (secure 0 0 0) 0x7f39680769c0 con 0x7f397810a9d0
2026-02-20T02:53:31.530 INFO:teuthology.orchestra.run.trial009.stdout:/usr/bin/ceph: stderr
2026-02-20T02:53:30.504+0000 7f397dc6b640 1 --2- 10.20.193.9:0/1444025559 >> [v2:10.20.193.9:6800/929022139,v1:10.20.193.9:6801/929022139] conn(0x7f395403dbf0 0x7f39540400b0 unknown :-1 s=BANNER_CONNECTING pgs=0 cs=0 l=1 rev1=0 crypto rx=0 tx=0 comp rx=0 tx=0)._handle_peer_banner_payload supported=3 required=0
2026-02-20T02:53:31.530 INFO:teuthology.orchestra.run.trial009.stdout:/usr/bin/ceph: stderr
2026-02-20T02:53:30.504+0000 7f397dc6b640 1 --2- 10.20.193.9:0/1444025559 >> [v2:10.20.193.9:6800/929022139,v1:10.20.193.9:6801/929022139] conn(0x7f395403dbf0 0x7f39540400b0 secure :-1 s=READY pgs=16 cs=0 l=1 rev1=1 crypto rx=0x7f396c0099c0 tx=0x7f396c006eb0 comp rx=0 tx=0).ready entity=mgr.14118 client_cookie=0 server_cookie=0 in_seq=0 out_seq=0
2026-02-20T02:53:31.530 INFO:teuthology.orchestra.run.trial009.stdout:/usr/bin/ceph: stderr
2026-02-20T02:53:30.506+0000 7f395f7fe640 1 -- 10.20.193.9:0/1444025559 <== mon.0 v2:10.20.193.9:3300/0 6 ==== mon_command_ack([{"prefix": "get_command_descriptions"}]=0 v0) ==== 72+0+195341 (secure 0 0 0) 0x7f396804a360 con 0x7f397810a9d0
2026-02-20T02:53:31.531 INFO:teuthology.orchestra.run.trial009.stdout:/usr/bin/ceph: stderr
2026-02-20T02:53:30.609+0000 7f39806f7640 1 -- 10.20.193.9:0/1444025559 --> [v2:10.20.193.9:3300/0,v1:10.20.193.9:6789/0] -- mon_command({"prefix": "mgr module enable", "module": "dashboard"} v 0) -- 0x7f39781a3e40 con 0x7f397810a9d0
2026-02-20T02:53:31.531 INFO:teuthology.orchestra.run.trial009.stdout:/usr/bin/ceph: stderr
2026-02-20T02:53:31.495+0000 7f395f7fe640 1 -- 10.20.193.9:0/1444025559 <== mon.0 v2:10.20.193.9:3300/0 7 ==== mon_command_ack([{"prefix": "mgr module enable", "module": "dashboard"}]=0 v9) ==== 88+0+0 (secure 0 0 0) 0x7f396804f120 con 0x7f397810a9d0
2026-02-20T02:53:31.531 INFO:teuthology.orchestra.run.trial009.stdout:/usr/bin/ceph: stderr
2026-02-20T02:53:31.496+0000 7f395f7fe640 1 -- 10.20.193.9:0/1444025559 <== mon.0 v2:10.20.193.9:3300/0 8 ==== mgrmap(e 9) ==== 50260+0+0 (secure 0 0 0) 0x7f3968078ce0 con 0x7f397810a9d0
2026-02-20T02:53:31.531 INFO:teuthology.orchestra.run.trial009.stdout:/usr/bin/ceph: stderr
2026-02-20T02:53:31.498+0000 7f39806f7640 1 -- 10.20.193.9:0/1444025559 >> [v2:10.20.193.9:6800/929022139,v1:10.20.193.9:6801/929022139] conn(0x7f395403dbf0 msgr2=0x7f39540400b0 secure :-1 s=STATE_CONNECTION_ESTABLISHED l=1).mark_down
2026-02-20T02:53:31.531 INFO:teuthology.orchestra.run.trial009.stdout:/usr/bin/ceph: stderr
2026-02-20T02:53:31.498+0000 7f39806f7640 1 --2- 10.20.193.9:0/1444025559 >> [v2:10.20.193.9:6800/929022139,v1:10.20.193.9:6801/929022139] conn(0x7f395403dbf0 0x7f39540400b0 secure :-1 s=READY pgs=16 cs=0 l=1 rev1=1 crypto rx=0x7f396c0099c0 tx=0x7f396c006eb0 comp rx=0 tx=0).stop
2026-02-20T02:53:31.531 INFO:teuthology.orchestra.run.trial009.stdout:/usr/bin/ceph: stderr
2026-02-20T02:53:31.498+0000 7f39806f7640 1 -- 10.20.193.9:0/1444025559 >> [v2:10.20.193.9:3300/0,v1:10.20.193.9:6789/0] conn(0x7f397810a9d0 msgr2=0x7f39781a02e0 secure :-1 s=STATE_CONNECTION_ESTABLISHED l=1).mark_down
2026-02-20T02:53:31.531 INFO:teuthology.orchestra.run.trial009.stdout:/usr/bin/ceph: stderr
2026-02-20T02:53:31.498+0000 7f39806f7640 1 --2- 10.20.193.9:0/1444025559 >> [v2:10.20.193.9:3300/0,v1:10.20.193.9:6789/0] conn(0x7f397810a9d0 0x7f39781a02e0 secure :-1 s=READY pgs=54 cs=0 l=1 rev1=1 crypto rx=0x7f3968037820 tx=0x7f3968037850 comp rx=0 tx=0).stop
2026-02-20T02:53:31.531 INFO:teuthology.orchestra.run.trial009.stdout:/usr/bin/ceph: stderr
2026-02-20T02:53:31.498+0000 7f39806f7640 1 -- 10.20.193.9:0/1444025559 shutdown_connections
2026-02-20T02:53:31.531 INFO:teuthology.orchestra.run.trial009.stdout:/usr/bin/ceph: stderr
2026-02-20T02:53:31.498+0000 7f39806f7640 1 --2- 10.20.193.9:0/1444025559 >> [v2:10.20.193.9:6800/929022139,v1:10.20.193.9:6801/929022139] conn(0x7f395403dbf0 0x7f39540400b0 unknown :-1 s=CLOSED pgs=16 cs=0 l=1 rev1=1 crypto rx=0 tx=0 comp rx=0 tx=0).stop
2026-02-20T02:53:31.531 INFO:teuthology.orchestra.run.trial009.stdout:/usr/bin/ceph: stderr
2026-02-20T02:53:31.498+0000 7f39806f7640 1 --2- 10.20.193.9:0/1444025559 >> [v2:10.20.193.9:3300/0,v1:10.20.193.9:6789/0] conn(0x7f397810a9d0 0x7f39781a02e0 unknown :-1 s=CLOSED pgs=54 cs=0 l=1 rev1=1 crypto rx=0 tx=0 comp rx=0 tx=0).stop
2026-02-20T02:53:31.531 INFO:teuthology.orchestra.run.trial009.stdout:/usr/bin/ceph: stderr
2026-02-20T02:53:31.498+0000 7f39806f7640 1 -- 10.20.193.9:0/1444025559 >> 10.20.193.9:0/1444025559 conn(0x7f397807da60 msgr2=0x7f39781086b0 unknown :-1 s=STATE_NONE l=0).mark_down
2026-02-20T02:53:31.532 INFO:teuthology.orchestra.run.trial009.stdout:/usr/bin/ceph: stderr
2026-02-20T02:53:31.498+0000 7f39806f7640 1 -- 10.20.193.9:0/1444025559 shutdown_connections
2026-02-20T02:53:31.532 INFO:teuthology.orchestra.run.trial009.stdout:/usr/bin/ceph: stderr
2026-02-20T02:53:31.498+0000 7f39806f7640 1 -- 10.20.193.9:0/1444025559 wait complete.
2026-02-20T02:53:31.750 INFO:journalctl@ceph.mgr.x.trial009.stdout:Feb 20 02:53:31 trial009 ceph-46d6057f-0e07-11f1-b25d-d404e6e7d460-mgr-x[41140]: ignoring --setuser ceph since I am not root
2026-02-20T02:53:31.750 INFO:journalctl@ceph.mgr.x.trial009.stdout:Feb 20 02:53:31 trial009 ceph-46d6057f-0e07-11f1-b25d-d404e6e7d460-mgr-x[41140]: ignoring --setgroup ceph since I am not root
2026-02-20T02:53:31.759 INFO:teuthology.orchestra.run.trial009.stdout:/usr/bin/ceph: stdout {
2026-02-20T02:53:31.759 INFO:teuthology.orchestra.run.trial009.stdout:/usr/bin/ceph: stdout "epoch": 9,
2026-02-20T02:53:31.759 INFO:teuthology.orchestra.run.trial009.stdout:/usr/bin/ceph: stdout "available": true,
2026-02-20T02:53:31.759 INFO:teuthology.orchestra.run.trial009.stdout:/usr/bin/ceph: stdout "active_name": "x",
2026-02-20T02:53:31.759 INFO:teuthology.orchestra.run.trial009.stdout:/usr/bin/ceph: stdout "num_standby": 0
2026-02-20T02:53:31.759 INFO:teuthology.orchestra.run.trial009.stdout:/usr/bin/ceph: stdout }
2026-02-20T02:53:31.760 INFO:teuthology.orchestra.run.trial009.stdout:/usr/bin/ceph: stderr
2026-02-20T02:53:31.619+0000 7f70f325b640 1 Processor -- start
2026-02-20T02:53:31.760 INFO:teuthology.orchestra.run.trial009.stdout:/usr/bin/ceph: stderr
2026-02-20T02:53:31.619+0000 7f70f325b640 1 -- start start
2026-02-20T02:53:31.760 INFO:teuthology.orchestra.run.trial009.stdout:/usr/bin/ceph: stderr
2026-02-20T02:53:31.619+0000 7f70f325b640 1 --2- >> [v2:10.20.193.9:3300/0,v1:10.20.193.9:6789/0] conn(0x7f70ec10a9d0 0x7f70ec10add0 unknown :-1 s=NONE pgs=0 cs=0 l=0 rev1=0 crypto rx=0 tx=0 comp rx=0 tx=0).connect
2026-02-20T02:53:31.760 INFO:teuthology.orchestra.run.trial009.stdout:/usr/bin/ceph: stderr
2026-02-20T02:53:31.619+0000 7f70f325b640 1 -- --> [v2:10.20.193.9:3300/0,v1:10.20.193.9:6789/0] -- mon_getmap magic: 0 -- 0x7f70ec10b3a0 con 0x7f70ec10a9d0
2026-02-20T02:53:31.760 INFO:teuthology.orchestra.run.trial009.stdout:/usr/bin/ceph: stderr
2026-02-20T02:53:31.619+0000 7f70f0fd0640 1 --2- >> [v2:10.20.193.9:3300/0,v1:10.20.193.9:6789/0] conn(0x7f70ec10a9d0 0x7f70ec10add0 unknown :-1 s=BANNER_CONNECTING pgs=0 cs=0 l=0 rev1=0 crypto rx=0 tx=0 comp rx=0 tx=0)._handle_peer_banner_payload supported=3 required=0
2026-02-20T02:53:31.760 INFO:teuthology.orchestra.run.trial009.stdout:/usr/bin/ceph: stderr
2026-02-20T02:53:31.619+0000 7f70f0fd0640 1 --2- >> [v2:10.20.193.9:3300/0,v1:10.20.193.9:6789/0] conn(0x7f70ec10a9d0 0x7f70ec10add0 unknown :-1 s=HELLO_CONNECTING pgs=0 cs=0 l=0 rev1=1 crypto rx=0 tx=0 comp rx=0 tx=0).handle_hello peer v2:10.20.193.9:3300/0 says I am v2:10.20.193.9:43010/0 (socket says 10.20.193.9:43010)
2026-02-20T02:53:31.760 INFO:teuthology.orchestra.run.trial009.stdout:/usr/bin/ceph: stderr
2026-02-20T02:53:31.619+0000 7f70f0fd0640 1 -- 10.20.193.9:0/3678909395 learned_addr learned my addr 10.20.193.9:0/3678909395 (peer_addr_for_me v2:10.20.193.9:0/0)
2026-02-20T02:53:31.760 INFO:teuthology.orchestra.run.trial009.stdout:/usr/bin/ceph: stderr
2026-02-20T02:53:31.619+0000 7f70f0fd0640 1 -- 10.20.193.9:0/3678909395 --> [v2:10.20.193.9:3300/0,v1:10.20.193.9:6789/0] -- mon_subscribe({config=0+,monmap=0+}) -- 0x7f70ec10b6f0 con 0x7f70ec10a9d0
2026-02-20T02:53:31.760 INFO:teuthology.orchestra.run.trial009.stdout:/usr/bin/ceph: stderr
2026-02-20T02:53:31.620+0000 7f70f0fd0640 1 --2- 10.20.193.9:0/3678909395 >> [v2:10.20.193.9:3300/0,v1:10.20.193.9:6789/0] conn(0x7f70ec10a9d0 0x7f70ec10add0 secure :-1 s=READY pgs=57 cs=0 l=1 rev1=1 crypto rx=0x7f70dc009920 tx=0x7f70dc02ef20 comp rx=0 tx=0).ready entity=mon.0 client_cookie=9b6d6f15ed7cc955 server_cookie=0 in_seq=0 out_seq=0
2026-02-20T02:53:31.760 INFO:teuthology.orchestra.run.trial009.stdout:/usr/bin/ceph: stderr
2026-02-20T02:53:31.620+0000 7f70e37fe640 1 -- 10.20.193.9:0/3678909395 <== mon.0 v2:10.20.193.9:3300/0 1 ==== mon_map magic: 0 ==== 205+0+0 (secure 0 0 0) 0x7f70dc03c070 con 0x7f70ec10a9d0
2026-02-20T02:53:31.760 INFO:teuthology.orchestra.run.trial009.stdout:/usr/bin/ceph: stderr
2026-02-20T02:53:31.620+0000 7f70e37fe640 1 -- 10.20.193.9:0/3678909395 <== mon.0 v2:10.20.193.9:3300/0 2 ==== config(25 keys) ==== 1038+0+0 (secure 0 0 0) 0x7f70dc037440 con 0x7f70ec10a9d0
2026-02-20T02:53:31.761 INFO:teuthology.orchestra.run.trial009.stdout:/usr/bin/ceph: stderr
2026-02-20T02:53:31.620+0000 7f70e37fe640 1 -- 10.20.193.9:0/3678909395 <== mon.0 v2:10.20.193.9:3300/0 3 ==== mon_map magic: 0 ==== 205+0+0 (secure 0 0 0) 0x7f70dc0354d0 con 0x7f70ec10a9d0
2026-02-20T02:53:31.761 INFO:teuthology.orchestra.run.trial009.stdout:/usr/bin/ceph: stderr
2026-02-20T02:53:31.620+0000 7f70f325b640 1 -- 10.20.193.9:0/3678909395 >> [v2:10.20.193.9:3300/0,v1:10.20.193.9:6789/0] conn(0x7f70ec10a9d0 msgr2=0x7f70ec10add0 secure :-1 s=STATE_CONNECTION_ESTABLISHED l=1).mark_down
2026-02-20T02:53:31.761 INFO:teuthology.orchestra.run.trial009.stdout:/usr/bin/ceph: stderr
2026-02-20T02:53:31.620+0000 7f70f325b640 1 --2- 10.20.193.9:0/3678909395 >> [v2:10.20.193.9:3300/0,v1:10.20.193.9:6789/0] conn(0x7f70ec10a9d0 0x7f70ec10add0 secure :-1 s=READY pgs=57 cs=0 l=1 rev1=1 crypto rx=0x7f70dc009920 tx=0x7f70dc02ef20 comp rx=0 tx=0).stop
2026-02-20T02:53:31.761 INFO:teuthology.orchestra.run.trial009.stdout:/usr/bin/ceph: stderr
2026-02-20T02:53:31.620+0000 7f70f325b640 1 -- 10.20.193.9:0/3678909395 shutdown_connections
2026-02-20T02:53:31.761 INFO:teuthology.orchestra.run.trial009.stdout:/usr/bin/ceph: stderr
