2026-02-20T02:53:35.378+0000 7f53e09cf640 1 --2- 10.20.193.9:0/3323677943 >> [v2:10.20.193.9:3300/0,v1:10.20.193.9:6789/0] conn(0x7f53dc10a9d0 0x7f53dc1a0340 secure :-1 s=READY pgs=69 cs=0 l=1 rev1=1 crypto rx=0x7f53cc037800 tx=0x7f53cc037830 comp rx=0 tx=0).ready entity=mon.0 client_cookie=0 server_cookie=0 in_seq=0 out_seq=0
2026-02-20T02:53:35.540 INFO:teuthology.orchestra.run.trial009.stdout:/usr/bin/ceph: stderr
2026-02-20T02:53:35.378+0000 7f53d1ffb640 1 -- 10.20.193.9:0/3323677943 <== mon.0 v2:10.20.193.9:3300/0 1 ==== mon_map magic: 0 ==== 205+0+0 (secure 0 0 0) 0x7f53cc047070 con 0x7f53dc10a9d0
2026-02-20T02:53:35.540 INFO:teuthology.orchestra.run.trial009.stdout:/usr/bin/ceph: stderr
2026-02-20T02:53:35.378+0000 7f53e2c5a640 1 -- 10.20.193.9:0/3323677943 --> [v2:10.20.193.9:3300/0,v1:10.20.193.9:6789/0] -- mon_subscribe({mgrmap=0+}) -- 0x7f53dc1a0b10 con 0x7f53dc10a9d0
2026-02-20T02:53:35.540 INFO:teuthology.orchestra.run.trial009.stdout:/usr/bin/ceph: stderr
2026-02-20T02:53:35.378+0000 7f53d1ffb640 1 -- 10.20.193.9:0/3323677943 <== mon.0 v2:10.20.193.9:3300/0 2 ==== config(25 keys) ==== 1038+0+0 (secure 0 0 0) 0x7f53cc035e50 con 0x7f53dc10a9d0
2026-02-20T02:53:35.540 INFO:teuthology.orchestra.run.trial009.stdout:/usr/bin/ceph: stderr
2026-02-20T02:53:35.378+0000 7f53d1ffb640 1 -- 10.20.193.9:0/3323677943 <== mon.0 v2:10.20.193.9:3300/0 3 ==== mon_map magic: 0 ==== 205+0+0 (secure 0 0 0) 0x7f53cc03c070 con 0x7f53dc10a9d0
2026-02-20T02:53:35.540 INFO:teuthology.orchestra.run.trial009.stdout:/usr/bin/ceph: stderr
2026-02-20T02:53:35.378+0000 7f53e2c5a640 1 -- 10.20.193.9:0/3323677943 --> [v2:10.20.193.9:3300/0,v1:10.20.193.9:6789/0] -- mon_subscribe({osdmap=0}) -- 0x7f53dc1a3800 con 0x7f53dc10a9d0
2026-02-20T02:53:35.540 INFO:teuthology.orchestra.run.trial009.stdout:/usr/bin/ceph: stderr
2026-02-20T02:53:35.379+0000 7f53e2c5a640 1 -- 10.20.193.9:0/3323677943 --> [v2:10.20.193.9:3300/0,v1:10.20.193.9:6789/0] -- mon_command({"prefix": "get_command_descriptions"} v 0) -- 0x7f53dc10ae50 con 0x7f53dc10a9d0
2026-02-20T02:53:35.540 INFO:teuthology.orchestra.run.trial009.stdout:/usr/bin/ceph: stderr
2026-02-20T02:53:35.379+0000 7f53d1ffb640 1 -- 10.20.193.9:0/3323677943 <== mon.0 v2:10.20.193.9:3300/0 4 ==== mgrmap(e 11) ==== 50154+0+0 (secure 0 0 0) 0x7f53cc0425d0 con 0x7f53dc10a9d0
2026-02-20T02:53:35.541 INFO:teuthology.orchestra.run.trial009.stdout:/usr/bin/ceph: stderr
2026-02-20T02:53:35.379+0000 7f53d1ffb640 1 --2- 10.20.193.9:0/3323677943 >> [v2:10.20.193.9:6800/1604834541,v1:10.20.193.9:6801/1604834541] conn(0x7f53b803dad0 0x7f53b803ff90 unknown :-1 s=NONE pgs=0 cs=0 l=1 rev1=0 crypto rx=0 tx=0 comp rx=0 tx=0).connect
2026-02-20T02:53:35.541 INFO:teuthology.orchestra.run.trial009.stdout:/usr/bin/ceph: stderr
2026-02-20T02:53:35.379+0000 7f53d1ffb640 1 -- 10.20.193.9:0/3323677943 <== mon.0 v2:10.20.193.9:3300/0 5 ==== osd_map(3..3 src has 1..3) ==== 1155+0+0 (secure 0 0 0) 0x7f53cc076bc0 con 0x7f53dc10a9d0
2026-02-20T02:53:35.541 INFO:teuthology.orchestra.run.trial009.stdout:/usr/bin/ceph: stderr
2026-02-20T02:53:35.379+0000 7f53d3fff640 1 --2- 10.20.193.9:0/3323677943 >> [v2:10.20.193.9:6800/1604834541,v1:10.20.193.9:6801/1604834541] conn(0x7f53b803dad0 0x7f53b803ff90 unknown :-1 s=BANNER_CONNECTING pgs=0 cs=0 l=1 rev1=0 crypto rx=0 tx=0 comp rx=0 tx=0)._handle_peer_banner_payload supported=3 required=0
2026-02-20T02:53:35.541 INFO:teuthology.orchestra.run.trial009.stdout:/usr/bin/ceph: stderr
2026-02-20T02:53:35.379+0000 7f53d3fff640 1 --2- 10.20.193.9:0/3323677943 >> [v2:10.20.193.9:6800/1604834541,v1:10.20.193.9:6801/1604834541] conn(0x7f53b803dad0 0x7f53b803ff90 secure :-1 s=READY pgs=7 cs=0 l=1 rev1=1 crypto rx=0x7f53c40099c0 tx=0x7f53c4006eb0 comp rx=0 tx=0).ready entity=mgr.14150 client_cookie=0 server_cookie=0 in_seq=0 out_seq=0
2026-02-20T02:53:35.541 INFO:teuthology.orchestra.run.trial009.stdout:/usr/bin/ceph: stderr
2026-02-20T02:53:35.382+0000 7f53d1ffb640 1 -- 10.20.193.9:0/3323677943 <== mon.0 v2:10.20.193.9:3300/0 6 ==== mon_command_ack([{"prefix": "get_command_descriptions"}]=0 v0) ==== 72+0+195341 (secure 0 0 0) 0x7f53cc041e30 con 0x7f53dc10a9d0
2026-02-20T02:53:35.541 INFO:teuthology.orchestra.run.trial009.stdout:/usr/bin/ceph: stderr
2026-02-20T02:53:35.467+0000 7f53e2c5a640 1 -- 10.20.193.9:0/3323677943 --> [v2:10.20.193.9:6800/1604834541,v1:10.20.193.9:6801/1604834541] -- mgr_command(tid 0: {"prefix": "dashboard create-self-signed-cert", "target": ["mon-mgr", ""]}) -- 0x7f53dc108d90 con 0x7f53b803dad0
2026-02-20T02:53:35.541 INFO:teuthology.orchestra.run.trial009.stdout:/usr/bin/ceph: stderr
2026-02-20T02:53:35.509+0000 7f53d1ffb640 1 -- 10.20.193.9:0/3323677943 <== mgr.14150 v2:10.20.193.9:6800/1604834541 1 ==== mgr_command_reply(tid 0: 0 ) ==== 8+0+32 (secure 0 0 0) 0x7f53dc108d90 con 0x7f53b803dad0
2026-02-20T02:53:35.541 INFO:teuthology.orchestra.run.trial009.stdout:/usr/bin/ceph: stderr
2026-02-20T02:53:35.510+0000 7f53e2c5a640 1 -- 10.20.193.9:0/3323677943 >> [v2:10.20.193.9:6800/1604834541,v1:10.20.193.9:6801/1604834541] conn(0x7f53b803dad0 msgr2=0x7f53b803ff90 secure :-1 s=STATE_CONNECTION_ESTABLISHED l=1).mark_down
2026-02-20T02:53:35.541 INFO:teuthology.orchestra.run.trial009.stdout:/usr/bin/ceph: stderr
2026-02-20T02:53:35.510+0000 7f53e2c5a640 1 --2- 10.20.193.9:0/3323677943 >> [v2:10.20.193.9:6800/1604834541,v1:10.20.193.9:6801/1604834541] conn(0x7f53b803dad0 0x7f53b803ff90 secure :-1 s=READY pgs=7 cs=0 l=1 rev1=1 crypto rx=0x7f53c40099c0 tx=0x7f53c4006eb0 comp rx=0 tx=0).stop
2026-02-20T02:53:35.541 INFO:teuthology.orchestra.run.trial009.stdout:/usr/bin/ceph: stderr
2026-02-20T02:53:35.510+0000 7f53e2c5a640 1 -- 10.20.193.9:0/3323677943 >> [v2:10.20.193.9:3300/0,v1:10.20.193.9:6789/0] conn(0x7f53dc10a9d0 msgr2=0x7f53dc1a0340 secure :-1 s=STATE_CONNECTION_ESTABLISHED l=1).mark_down
2026-02-20T02:53:35.541 INFO:teuthology.orchestra.run.trial009.stdout:/usr/bin/ceph: stderr
2026-02-20T02:53:35.510+0000 7f53e2c5a640 1 --2- 10.20.193.9:0/3323677943 >> [v2:10.20.193.9:3300/0,v1:10.20.193.9:6789/0] conn(0x7f53dc10a9d0 0x7f53dc1a0340 secure :-1 s=READY pgs=69 cs=0 l=1 rev1=1 crypto rx=0x7f53cc037800 tx=0x7f53cc037830 comp rx=0 tx=0).stop
2026-02-20T02:53:35.541 INFO:teuthology.orchestra.run.trial009.stdout:/usr/bin/ceph: stderr
2026-02-20T02:53:35.510+0000 7f53e2c5a640 1 -- 10.20.193.9:0/3323677943 shutdown_connections
2026-02-20T02:53:35.542 INFO:teuthology.orchestra.run.trial009.stdout:/usr/bin/ceph: stderr
2026-02-20T02:53:35.510+0000 7f53e2c5a640 1 --2- 10.20.193.9:0/3323677943 >> [v2:10.20.193.9:6800/1604834541,v1:10.20.193.9:6801/1604834541] conn(0x7f53b803dad0 0x7f53b803ff90 unknown :-1 s=CLOSED pgs=7 cs=0 l=1 rev1=1 crypto rx=0 tx=0 comp rx=0 tx=0).stop
2026-02-20T02:53:35.542 INFO:teuthology.orchestra.run.trial009.stdout:/usr/bin/ceph: stderr
2026-02-20T02:53:35.510+0000 7f53e2c5a640 1 --2- 10.20.193.9:0/3323677943 >> [v2:10.20.193.9:3300/0,v1:10.20.193.9:6789/0] conn(0x7f53dc10a9d0 0x7f53dc1a0340 unknown :-1 s=CLOSED pgs=69 cs=0 l=1 rev1=1 crypto rx=0 tx=0 comp rx=0 tx=0).stop
2026-02-20T02:53:35.542 INFO:teuthology.orchestra.run.trial009.stdout:/usr/bin/ceph: stderr
2026-02-20T02:53:35.510+0000 7f53e2c5a640 1 -- 10.20.193.9:0/3323677943 >> 10.20.193.9:0/3323677943 conn(0x7f53dc07dad0 msgr2=0x7f53dc108680 unknown :-1 s=STATE_NONE l=0).mark_down
2026-02-20T02:53:35.542 INFO:teuthology.orchestra.run.trial009.stdout:/usr/bin/ceph: stderr
2026-02-20T02:53:35.510+0000 7f53e2c5a640 1 -- 10.20.193.9:0/3323677943 shutdown_connections
2026-02-20T02:53:35.542 INFO:teuthology.orchestra.run.trial009.stdout:/usr/bin/ceph: stderr
2026-02-20T02:53:35.510+0000 7f53e2c5a640 1 -- 10.20.193.9:0/3323677943 wait complete.
2026-02-20T02:53:35.542 INFO:teuthology.orchestra.run.trial009.stdout:Creating initial admin user...
2026-02-20T02:53:35.735 INFO:journalctl@ceph.mon.a.trial009.stdout:Feb 20 02:53:35 trial009 ceph-mon[40875]: from='mgr.14150 10.20.193.9:0/2474034549' entity='mgr.x'
2026-02-20T02:53:35.735 INFO:journalctl@ceph.mon.a.trial009.stdout:Feb 20 02:53:35 trial009 ceph-mon[40875]: from='mgr.14150 10.20.193.9:0/2474034549' entity='mgr.x'
2026-02-20T02:53:35.735 INFO:journalctl@ceph.mon.a.trial009.stdout:Feb 20 02:53:35 trial009 ceph-mon[40875]: mgrmap e11: x(active, since 1.00527s)
2026-02-20T02:53:35.735 INFO:journalctl@ceph.mon.a.trial009.stdout:Feb 20 02:53:35 trial009 ceph-mon[40875]: [20/Feb/2026:02:53:35] ENGINE Bus STARTING
2026-02-20T02:53:35.735 INFO:journalctl@ceph.mon.a.trial009.stdout:Feb 20 02:53:35 trial009 ceph-mon[40875]: from='mgr.14150 10.20.193.9:0/2474034549' entity='mgr.x'
2026-02-20T02:53:35.736 INFO:journalctl@ceph.mon.a.trial009.stdout:Feb 20 02:53:35 trial009 ceph-mon[40875]: from='mgr.14150 10.20.193.9:0/2474034549' entity='mgr.x'
2026-02-20T02:53:35.920 INFO:teuthology.orchestra.run.trial009.stdout:/usr/bin/ceph: stdout {"username": "admin", "password": "$2b$12$jck.MuFgq9iDYHndF3isA.FSEySK1aCR7l4voLXinLgjGrrryuBo.", "roles": ["administrator"], "name": null, "email": null, "lastUpdate": 1771556015, "enabled": true, "pwdExpirationDate": null, "pwdUpdateRequired": true}
2026-02-20T02:53:35.920 INFO:teuthology.orchestra.run.trial009.stdout:/usr/bin/ceph: stderr
2026-02-20T02:53:35.634+0000 7fa700388640 1 Processor -- start
2026-02-20T02:53:35.920 INFO:teuthology.orchestra.run.trial009.stdout:/usr/bin/ceph: stderr
2026-02-20T02:53:35.634+0000 7fa700388640 1 -- start start
2026-02-20T02:53:35.920 INFO:teuthology.orchestra.run.trial009.stdout:/usr/bin/ceph: stderr
2026-02-20T02:53:35.634+0000 7fa700388640 1 --2- >> [v2:10.20.193.9:3300/0,v1:10.20.193.9:6789/0] conn(0x7fa6f807ee40 0x7fa6f807d2a0 unknown :-1 s=NONE pgs=0 cs=0 l=0 rev1=0 crypto rx=0 tx=0 comp rx=0 tx=0).connect
2026-02-20T02:53:35.920 INFO:teuthology.orchestra.run.trial009.stdout:/usr/bin/ceph: stderr
2026-02-20T02:53:35.634+0000 7fa700388640 1 -- --> [v2:10.20.193.9:3300/0,v1:10.20.193.9:6789/0] -- mon_getmap magic: 0 -- 0x7fa6f807d7e0 con 0x7fa6f807ee40
2026-02-20T02:53:35.920 INFO:teuthology.orchestra.run.trial009.stdout:/usr/bin/ceph: stderr
2026-02-20T02:53:35.634+0000 7fa6fe0fd640 1 --2- >> [v2:10.20.193.9:3300/0,v1:10.20.193.9:6789/0] conn(0x7fa6f807ee40 0x7fa6f807d2a0 unknown :-1 s=BANNER_CONNECTING pgs=0 cs=0 l=0 rev1=0 crypto rx=0 tx=0 comp rx=0 tx=0)._handle_peer_banner_payload supported=3 required=0
2026-02-20T02:53:35.920 INFO:teuthology.orchestra.run.trial009.stdout:/usr/bin/ceph: stderr
2026-02-20T02:53:35.634+0000 7fa6fe0fd640 1 --2- >> [v2:10.20.193.9:3300/0,v1:10.20.193.9:6789/0] conn(0x7fa6f807ee40 0x7fa6f807d2a0 unknown :-1 s=HELLO_CONNECTING pgs=0 cs=0 l=0 rev1=1 crypto rx=0 tx=0 comp rx=0 tx=0).handle_hello peer v2:10.20.193.9:3300/0 says I am v2:10.20.193.9:43116/0 (socket says 10.20.193.9:43116)
2026-02-20T02:53:35.921 INFO:teuthology.orchestra.run.trial009.stdout:/usr/bin/ceph: stderr
2026-02-20T02:53:35.634+0000 7fa6fe0fd640 1 -- 10.20.193.9:0/2519884435 learned_addr learned my addr 10.20.193.9:0/2519884435 (peer_addr_for_me v2:10.20.193.9:0/0)
2026-02-20T02:53:35.921 INFO:teuthology.orchestra.run.trial009.stdout:/usr/bin/ceph: stderr
2026-02-20T02:53:35.634+0000 7fa6fe0fd640 1 -- 10.20.193.9:0/2519884435 --> [v2:10.20.193.9:3300/0,v1:10.20.193.9:6789/0] -- mon_subscribe({config=0+,monmap=0+}) -- 0x7fa6f807d960 con 0x7fa6f807ee40
2026-02-20T02:53:35.921 INFO:teuthology.orchestra.run.trial009.stdout:/usr/bin/ceph: stderr
2026-02-20T02:53:35.634+0000 7fa6fe0fd640 1 --2- 10.20.193.9:0/2519884435 >> [v2:10.20.193.9:3300/0,v1:10.20.193.9:6789/0] conn(0x7fa6f807ee40 0x7fa6f807d2a0 secure :-1 s=READY pgs=70 cs=0 l=1 rev1=1 crypto rx=0x7fa6e8009920 tx=0x7fa6e802ef20 comp rx=0 tx=0).ready entity=mon.0 client_cookie=cb8d80103f7295e8 server_cookie=0 in_seq=0 out_seq=0
2026-02-20T02:53:35.921 INFO:teuthology.orchestra.run.trial009.stdout:/usr/bin/ceph: stderr
2026-02-20T02:53:35.635+0000 7fa6fd0fb640 1 -- 10.20.193.9:0/2519884435 <== mon.0 v2:10.20.193.9:3300/0 1 ==== mon_map magic: 0 ==== 205+0+0 (secure 0 0 0) 0x7fa6e803c070 con 0x7fa6f807ee40
2026-02-20T02:53:35.921 INFO:teuthology.orchestra.run.trial009.stdout:/usr/bin/ceph: stderr
2026-02-20T02:53:35.635+0000 7fa6fd0fb640 1 -- 10.20.193.9:0/2519884435 <== mon.0 v2:10.20.193.9:3300/0 2 ==== config(25 keys) ==== 1038+0+0 (secure 0 0 0) 0x7fa6e8037440 con 0x7fa6f807ee40
2026-02-20T02:53:35.921 INFO:teuthology.orchestra.run.trial009.stdout:/usr/bin/ceph: stderr
2026-02-20T02:53:35.635+0000 7fa6fd0fb640 1 -- 10.20.193.9:0/2519884435 <== mon.0 v2:10.20.193.9:3300/0 3 ==== mon_map magic: 0 ==== 205+0+0 (secure 0 0 0) 0x7fa6e80354d0 con 0x7fa6f807ee40
2026-02-20T02:53:35.921 INFO:teuthology.orchestra.run.trial009.stdout:/usr/bin/ceph: stderr
2026-02-20T02:53:35.635+0000 7fa700388640 1 -- 10.20.193.9:0/2519884435 >> [v2:10.20.193.9:3300/0,v1:10.20.193.9:6789/0] conn(0x7fa6f807ee40 msgr2=0x7fa6f807d2a0 secure :-1 s=STATE_CONNECTION_ESTABLISHED l=1).mark_down
2026-02-20T02:53:35.921 INFO:teuthology.orchestra.run.trial009.stdout:/usr/bin/ceph: stderr
2026-02-20T02:53:35.635+0000 7fa700388640 1 --2- 10.20.193.9:0/2519884435 >> [v2:10.20.193.9:3300/0,v1:10.20.193.9:6789/0] conn(0x7fa6f807ee40 0x7fa6f807d2a0 secure :-1 s=READY pgs=70 cs=0 l=1 rev1=1 crypto rx=0x7fa6e8009920 tx=0x7fa6e802ef20 comp rx=0 tx=0).stop
2026-02-20T02:53:35.921 INFO:teuthology.orchestra.run.trial009.stdout:/usr/bin/ceph: stderr
2026-02-20T02:53:35.635+0000 7fa700388640 1 -- 10.20.193.9:0/2519884435 shutdown_connections
2026-02-20T02:53:35.921 INFO:teuthology.orchestra.run.trial009.stdout:/usr/bin/ceph: stderr
2026-02-20T02:53:35.635+0000 7fa700388640 1 --2- 10.20.193.9:0/2519884435 >> [v2:10.20.193.9:3300/0,v1:10.20.193.9:6789/0] conn(0x7fa6f807ee40 0x7fa6f807d2a0 unknown :-1 s=CLOSED pgs=70 cs=0 l=1 rev1=1 crypto rx=0 tx=0 comp rx=0 tx=0).stop
2026-02-20T02:53:35.921 INFO:teuthology.orchestra.run.trial009.stdout:/usr/bin/ceph: stderr
2026-02-20T02:53:35.635+0000 7fa700388640 1 -- 10.20.193.9:0/2519884435 >> 10.20.193.9:0/2519884435 conn(0x7fa6f8103a00 msgr2=0x7fa6f8105e20 unknown :-1 s=STATE_NONE l=0).mark_down
2026-02-20T02:53:35.922 INFO:teuthology.orchestra.run.trial009.stdout:/usr/bin/ceph: stderr
2026-02-20T02:53:35.635+0000 7fa700388640 1 -- 10.20.193.9:0/2519884435 shutdown_connections
2026-02-20T02:53:35.922 INFO:teuthology.orchestra.run.trial009.stdout:/usr/bin/ceph: stderr
2026-02-20T02:53:35.635+0000 7fa700388640 1 -- 10.20.193.9:0/2519884435 wait complete.
2026-02-20T02:53:35.922 INFO:teuthology.orchestra.run.trial009.stdout:/usr/bin/ceph: stderr
2026-02-20T02:53:35.635+0000 7fa700388640 1 Processor -- start
2026-02-20T02:53:35.922 INFO:teuthology.orchestra.run.trial009.stdout:/usr/bin/ceph: stderr
2026-02-20T02:53:35.635+0000 7fa700388640 1 -- start start
2026-02-20T02:53:35.922 INFO:teuthology.orchestra.run.trial009.stdout:/usr/bin/ceph: stderr
2026-02-20T02:53:35.635+0000 7fa700388640 1 --2- >> [v2:10.20.193.9:3300/0,v1:10.20.193.9:6789/0] conn(0x7fa6f807ee40 0x7fa6f81a0310 unknown :-1 s=NONE pgs=0 cs=0 l=1 rev1=0 crypto rx=0 tx=0 comp rx=0 tx=0).connect
2026-02-20T02:53:35.922 INFO:teuthology.orchestra.run.trial009.stdout:/usr/bin/ceph: stderr
2026-02-20T02:53:35.635+0000 7fa700388640 1 -- --> [v2:10.20.193.9:3300/0,v1:10.20.193.9:6789/0] -- mon_getmap magic: 0 -- 0x7fa6f810e7d0 con 0x7fa6f807ee40
2026-02-20T02:53:35.922 INFO:teuthology.orchestra.run.trial009.stdout:/usr/bin/ceph: stderr
2026-02-20T02:53:35.636+0000 7fa6fe0fd640 1 --2- >> [v2:10.20.193.9:3300/0,v1:10.20.193.9:6789/0] conn(0x7fa6f807ee40 0x7fa6f81a0310 unknown :-1 s=BANNER_CONNECTING pgs=0 cs=0 l=1 rev1=0 crypto rx=0 tx=0 comp rx=0 tx=0)._handle_peer_banner_payload supported=3 required=0
2026-02-20T02:53:35.922 INFO:teuthology.orchestra.run.trial009.stdout:/usr/bin/ceph: stderr
2026-02-20T02:53:35.636+0000 7fa6fe0fd640 1 --2- >> [v2:10.20.193.9:3300/0,v1:10.20.193.9:6789/0] conn(0x7fa6f807ee40 0x7fa6f81a0310 unknown :-1 s=HELLO_CONNECTING pgs=0 cs=0 l=1 rev1=1 crypto rx=0 tx=0 comp rx=0 tx=0).handle_hello peer v2:10.20.193.9:3300/0 says I am v2:10.20.193.9:43118/0 (socket says 10.20.193.9:43118)
2026-02-20T02:53:35.922 INFO:teuthology.orchestra.run.trial009.stdout:/usr/bin/ceph: stderr
2026-02-20T02:53:35.636+0000 7fa6fe0fd640 1 -- 10.20.193.9:0/2963533837 learned_addr learned my addr 10.20.193.9:0/2963533837 (peer_addr_for_me v2:10.20.193.9:0/0)
2026-02-20T02:53:35.922 INFO:teuthology.orchestra.run.trial009.stdout:/usr/bin/ceph: stderr
2026-02-20T02:53:35.636+0000 7fa6fe0fd640 1 -- 10.20.193.9:0/2963533837 --> [v2:10.20.193.9:3300/0,v1:10.20.193.9:6789/0] -- mon_subscribe({config=0+,monmap=0+}) -- 0x7fa6f81a0850 con 0x7fa6f807ee40
2026-02-20T02:53:35.922 INFO:teuthology.orchestra.run.trial009.stdout:/usr/bin/ceph: stderr
2026-02-20T02:53:35.636+0000 7fa6fe0fd640 1 --2- 10.20.193.9:0/2963533837 >> [v2:10.20.193.9:3300/0,v1:10.20.193.9:6789/0] conn(0x7fa6f807ee40 0x7fa6f81a0310 secure :-1 s=READY pgs=71 cs=0 l=1 rev1=1 crypto rx=0x7fa6e8037820 tx=0x7fa6e8037850 comp rx=0 tx=0).ready entity=mon.0 client_cookie=0 server_cookie=0 in_seq=0 out_seq=0
2026-02-20T02:53:35.922 INFO:teuthology.orchestra.run.trial009.stdout:/usr/bin/ceph: stderr
2026-02-20T02:53:35.636+0000 7fa6df7fe640 1 -- 10.20.193.9:0/2963533837 <== mon.0 v2:10.20.193.9:3300/0 1 ==== mon_map magic: 0 ==== 205+0+0 (secure 0 0 0) 0x7fa6e8047070 con 0x7fa6f807ee40
2026-02-20T02:53:35.923 INFO:teuthology.orchestra.run.trial009.stdout:/usr/bin/ceph: stderr
2026-02-20T02:53:35.636+0000 7fa700388640 1 -- 10.20.193.9:0/2963533837 --> [v2:10.20.193.9:3300/0,v1:10.20.193.9:6789/0] -- mon_subscribe({mgrmap=0+}) -- 0x7fa6f81a0ae0 con 0x7fa6f807ee40
2026-02-20T02:53:35.923 INFO:teuthology.orchestra.run.trial009.stdout:/usr/bin/ceph: stderr
2026-02-20T02:53:35.636+0000 7fa6df7fe640 1 -- 10.20.193.9:0/2963533837 <== mon.0 v2:10.20.193.9:3300/0 2 ==== config(25 keys) ==== 1038+0+0 (secure 0 0 0) 0x7fa6e8035d70 con 0x7fa6f807ee40
2026-02-20T02:53:35.923 INFO:teuthology.orchestra.run.trial009.stdout:/usr/bin/ceph: stderr
2026-02-20T02:53:35.636+0000 7fa6df7fe640 1 -- 10.20.193.9:0/2963533837 <== mon.0 v2:10.20.193.9:3300/0 3 ==== mon_map magic: 0 ==== 205+0+0 (secure 0 0 0) 0x7fa6e803c070 con 0x7fa6f807ee40
2026-02-20T02:53:35.923 INFO:teuthology.orchestra.run.trial009.stdout:/usr/bin/ceph: stderr
2026-02-20T02:53:35.636+0000 7fa700388640 1 -- 10.20.193.9:0/2963533837 --> [v2:10.20.193.9:3300/0,v1:10.20.193.9:6789/0] -- mon_subscribe({osdmap=0}) -- 0x7fa6f81a37d0 con 0x7fa6f807ee40
2026-02-20T02:53:35.923 INFO:teuthology.orchestra.run.trial009.stdout:/usr/bin/ceph: stderr
2026-02-20T02:53:35.636+0000 7fa700388640 1 -- 10.20.193.9:0/2963533837 --> [v2:10.20.193.9:3300/0,v1:10.20.193.9:6789/0] -- mon_command({"prefix": "get_command_descriptions"} v 0) -- 0x7fa6f807d320 con 0x7fa6f807ee40
2026-02-20T02:53:35.923 INFO:teuthology.orchestra.run.trial009.stdout:/usr/bin/ceph: stderr
2026-02-20T02:53:35.637+0000 7fa6df7fe640 1 -- 10.20.193.9:0/2963533837 <== mon.0 v2:10.20.193.9:3300/0 4 ==== mgrmap(e 11) ==== 50154+0+0 (secure 0 0 0) 0x7fa6e8035900 con 0x7fa6f807ee40
2026-02-20T02:53:35.923 INFO:teuthology.orchestra.run.trial009.stdout:/usr/bin/ceph: stderr
2026-02-20T02:53:35.637+0000 7fa6df7fe640 1 --2- 10.20.193.9:0/2963533837 >> [v2:10.20.193.9:6800/1604834541,v1:10.20.193.9:6801/1604834541] conn(0x7fa6d403dad0 0x7fa6d403ff90 unknown :-1 s=NONE pgs=0 cs=0 l=1 rev1=0 crypto rx=0 tx=0 comp rx=0 tx=0).connect
2026-02-20T02:53:35.923 INFO:teuthology.orchestra.run.trial009.stdout:/usr/bin/ceph: stderr
2026-02-20T02:53:35.637+0000 7fa6df7fe640 1 -- 10.20.193.9:0/2963533837 <== mon.0 v2:10.20.193.9:3300/0 5 ==== osd_map(3..3 src has 1..3) ==== 1155+0+0 (secure 0 0 0) 0x7fa6e8076ba0 con 0x7fa6f807ee40
2026-02-20T02:53:35.923 INFO:teuthology.orchestra.run.trial009.stdout:/usr/bin/ceph: stderr
2026-02-20T02:53:35.637+0000 7fa6fd8fc640 1 --2- 10.20.193.9:0/2963533837 >> [v2:10.20.193.9:6800/1604834541,v1:10.20.193.9:6801/1604834541] conn(0x7fa6d403dad0 0x7fa6d403ff90 unknown :-1 s=BANNER_CONNECTING pgs=0 cs=0 l=1 rev1=0 crypto rx=0 tx=0 comp rx=0 tx=0)._handle_peer_banner_payload supported=3 required=0
2026-02-20T02:53:35.923 INFO:teuthology.orchestra.run.trial009.stdout:/usr/bin/ceph: stderr
2026-02-20T02:53:35.637+0000 7fa6fd8fc640 1 --2- 10.20.193.9:0/2963533837 >> [v2:10.20.193.9:6800/1604834541,v1:10.20.193.9:6801/1604834541] conn(0x7fa6d403dad0 0x7fa6d403ff90 secure :-1 s=READY pgs=8 cs=0 l=1 rev1=1 crypto rx=0x7fa6ec0099c0 tx=0x7fa6ec006eb0 comp rx=0 tx=0).ready entity=mgr.14150 client_cookie=0 server_cookie=0 in_seq=0 out_seq=0
2026-02-20T02:53:35.923 INFO:teuthology.orchestra.run.trial009.stdout:/usr/bin/ceph: stderr
2026-02-20T02:53:35.639+0000 7fa6df7fe640 1 -- 10.20.193.9:0/2963533837 <== mon.0 v2:10.20.193.9:3300/0 6 ==== mon_command_ack([{"prefix": "get_command_descriptions"}]=0 v0) ==== 72+0+195341 (secure 0 0 0) 0x7fa6e804a360 con 0x7fa6f807ee40
2026-02-20T02:53:35.924 INFO:teuthology.orchestra.run.trial009.stdout:/usr/bin/ceph: stderr
2026-02-20T02:53:35.732+0000 7fa700388640 1 -- 10.20.193.9:0/2963533837 --> [v2:10.20.193.9:6800/1604834541,v1:10.20.193.9:6801/1604834541] -- mgr_command(tid 0: {"prefix": "dashboard ac-user-create", "username": "admin", "rolename": "administrator", "force_password": true, "pwd_update_required": true, "target": ["mon-mgr", ""]}) -- 0x7fa6f8104cf0 con 0x7fa6d403dad0
2026-02-20T02:53:35.924 INFO:teuthology.orchestra.run.trial009.stdout:/usr/bin/ceph: stderr
2026-02-20T02:53:35.874+0000 7fa6df7fe640 1 -- 10.20.193.9:0/2963533837 <== mgr.14150 v2:10.20.193.9:6800/1604834541 1 ==== mgr_command_reply(tid 0: 0 ) ==== 8+0+252 (secure 0 0 0) 0x7fa6f8104cf0 con 0x7fa6d403dad0
2026-02-20T02:53:35.924 INFO:teuthology.orchestra.run.trial009.stdout:/usr/bin/ceph: stderr
2026-02-20T02:53:35.876+0000 7fa700388640 1 -- 10.20.193.9:0/2963533837 >> [v2:10.20.193.9:6800/1604834541,v1:10.20.193.9:6801/1604834541] conn(0x7fa6d403dad0 msgr2=0x7fa6d403ff90 secure :-1 s=STATE_CONNECTION_ESTABLISHED l=1).mark_down
2026-02-20T02:53:35.924 INFO:teuthology.orchestra.run.trial009.stdout:/usr/bin/ceph: stderr
2026-02-20T02:53:35.876+0000 7fa700388640 1 --2- 10.20.193.9:0/2963533837 >> [v2:10.20.193.9:6800/1604834541,v1:10.20.193.9:6801/1604834541] conn(0x7fa6d403dad0 0x7fa6d403ff90 secure :-1 s=READY pgs=8 cs=0 l=1 rev1=1 crypto rx=0x7fa6ec0099c0 tx=0x7fa6ec006eb0 comp rx=0 tx=0).stop
2026-02-20T02:53:35.924 INFO:teuthology.orchestra.run.trial009.stdout:/usr/bin/ceph: stderr
2026-02-20T02:53:35.876+0000 7fa700388640 1 -- 10.20.193.9:0/2963533837 >> [v2:10.20.193.9:3300/0,v1:10.20.193.9:6789/0] conn(0x7fa6f807ee40 msgr2=0x7fa6f81a0310 secure :-1 s=STATE_CONNECTION_ESTABLISHED l=1).mark_down
2026-02-20T02:53:35.924 INFO:teuthology.orchestra.run.trial009.stdout:/usr/bin/ceph: stderr
2026-02-20T02:53:35.876+0000 7fa700388640 1 --2- 10.20.193.9:0/2963533837 >> [v2:10.20.193.9:3300/0,v1:10.20.193.9:6789/0] conn(0x7fa6f807ee40 0x7fa6f81a0310 secure :-1 s=READY pgs=71 cs=0 l=1 rev1=1 crypto rx=0x7fa6e8037820 tx=0x7fa6e8037850 comp rx=0 tx=0).stop
2026-02-20T02:53:35.924 INFO:teuthology.orchestra.run.trial009.stdout:/usr/bin/ceph: stderr
2026-02-20T02:53:35.876+0000 7fa700388640 1 -- 10.20.193.9:0/2963533837 shutdown_connections
2026-02-20T02:53:35.924 INFO:teuthology.orchestra.run.trial009.stdout:/usr/bin/ceph: stderr
2026-02-20T02:53:35.876+0000 7fa700388640 1 --2- 10.20.193.9:0/2963533837 >> [v2:10.20.193.9:6800/1604834541,v1:10.20.193.9:6801/1604834541] conn(0x7fa6d403dad0 0x7fa6d403ff90 unknown :-1 s=CLOSED pgs=8 cs=0 l=1 rev1=1 crypto rx=0 tx=0 comp rx=0 tx=0).stop
2026-02-20T02:53:35.924 INFO:teuthology.orchestra.run.trial009.stdout:/usr/bin/ceph: stderr
2026-02-20T02:53:35.876+0000 7fa700388640 1 --2- 10.20.193.9:0/2963533837 >> [v2:10.20.193.9:3300/0,v1:10.20.193.9:6789/0] conn(0x7fa6f807ee40 0x7fa6f81a0310 unknown :-1 s=CLOSED pgs=71 cs=0 l=1 rev1=1 crypto rx=0 tx=0 comp rx=0 tx=0).stop
2026-02-20T02:53:35.924 INFO:teuthology.orchestra.run.trial009.stdout:/usr/bin/ceph: stderr
2026-02-20T02:53:35.876+0000 7fa700388640 1 -- 10.20.193.9:0/2963533837 >> 10.20.193.9:0/2963533837 conn(0x7fa6f8103a00 msgr2=0x7fa6f81045e0 unknown :-1 s=STATE_NONE l=0).mark_down
2026-02-20T02:53:35.924 INFO:teuthology.orchestra.run.trial009.stdout:/usr/bin/ceph: stderr
2026-02-20T02:53:35.876+0000 7fa700388640 1 -- 10.20.193.9:0/2963533837 shutdown_connections
2026-02-20T02:53:35.924 INFO:teuthology.orchestra.run.trial009.stdout:/usr/bin/ceph: stderr
2026-02-20T02:53:35.876+0000 7fa700388640 1 -- 10.20.193.9:0/2963533837 wait complete.
2026-02-20T02:53:35.924 INFO:teuthology.orchestra.run.trial009.stdout:Fetching dashboard port number...
2026-02-20T02:53:36.130 INFO:teuthology.orchestra.run.trial009.stdout:/usr/bin/ceph: stdout 8443
2026-02-20T02:53:36.131 INFO:teuthology.orchestra.run.trial009.stdout:/usr/bin/ceph: stderr
2026-02-20T02:53:36.014+0000 7f6985f8f640 1 Processor -- start
2026-02-20T02:53:36.131 INFO:teuthology.orchestra.run.trial009.stdout:/usr/bin/ceph: stderr
2026-02-20T02:53:36.014+0000 7f6985f8f640 1 -- start start
2026-02-20T02:53:36.131 INFO:teuthology.orchestra.run.trial009.stdout:/usr/bin/ceph: stderr
2026-02-20T02:53:36.014+0000 7f6985f8f640 1 --2- >> [v2:10.20.193.9:3300/0,v1:10.20.193.9:6789/0] conn(0x7f698007eda0 0x7f698007d2a0 unknown :-1 s=NONE pgs=0 cs=0 l=0 rev1=0 crypto rx=0 tx=0 comp rx=0 tx=0).connect
2026-02-20T02:53:36.131 INFO:teuthology.orchestra.run.trial009.stdout:/usr/bin/ceph: stderr
2026-02-20T02:53:36.014+0000 7f6985f8f640 1 -- --> [v2:10.20.193.9:3300/0,v1:10.20.193.9:6789/0] -- mon_getmap magic: 0 -- 0x7f698007d7e0 con 0x7f698007eda0
2026-02-20T02:53:36.131 INFO:teuthology.orchestra.run.trial009.stdout:/usr/bin/ceph: stderr
2026-02-20T02:53:36.014+0000 7f697f7fe640 1 --2- >> [v2:10.20.193.9:3300/0,v1:10.20.193.9:6789/0] conn(0x7f698007eda0 0x7f698007d2a0 unknown :-1 s=BANNER_CONNECTING pgs=0 cs=0 l=0 rev1=0 crypto rx=0 tx=0 comp rx=0 tx=0)._handle_peer_banner_payload supported=3 required=0
2026-02-20T02:53:36.131 INFO:teuthology.orchestra.run.trial009.stdout:/usr/bin/ceph: stderr
2026-02-20T02:53:36.014+0000 7f697f7fe640 1 --2- >> [v2:10.20.193.9:3300/0,v1:10.20.193.9:6789/0] conn(0x7f698007eda0 0x7f698007d2a0 unknown :-1 s=HELLO_CONNECTING pgs=0 cs=0 l=0 rev1=1 crypto rx=0 tx=0 comp rx=0 tx=0).handle_hello peer v2:10.20.193.9:3300/0 says I am v2:10.20.193.9:43130/0 (socket says 10.20.193.9:43130)
2026-02-20T02:53:36.131 INFO:teuthology.orchestra.run.trial009.stdout:/usr/bin/ceph: stderr
2026-02-20T02:53:36.014+0000 7f697f7fe640 1 -- 10.20.193.9:0/2269190516 learned_addr learned my addr 10.20.193.9:0/2269190516 (peer_addr_for_me v2:10.20.193.9:0/0)
2026-02-20T02:53:36.131 INFO:teuthology.orchestra.run.trial009.stdout:/usr/bin/ceph: stderr
2026-02-20T02:53:36.015+0000 7f697f7fe640 1 -- 10.20.193.9:0/2269190516 --> [v2:10.20.193.9:3300/0,v1:10.20.193.9:6789/0] -- mon_subscribe({config=0+,monmap=0+}) -- 0x7f698007d960 con 0x7f698007eda0
2026-02-20T02:53:36.131 INFO:teuthology.orchestra.run.trial009.stdout:/usr/bin/ceph: stderr
2026-02-20T02:53:36.015+0000 7f697f7fe640 1 --2- 10.20.193.9:0/2269190516 >> [v2:10.20.193.9:3300/0,v1:10.20.193.9:6789/0] conn(0x7f698007eda0 0x7f698007d2a0 secure :-1 s=READY pgs=72 cs=0 l=1 rev1=1 crypto rx=0x7f696c009920 tx=0x7f696c02ef20 comp rx=0 tx=0).ready entity=mon.0 client_cookie=8223f31603ce2ce server_cookie=0 in_seq=0 out_seq=0
2026-02-20T02:53:36.131 INFO:teuthology.orchestra.run.trial009.stdout:/usr/bin/ceph: stderr
2026-02-20T02:53:36.015+0000 7f697e7fc640 1 -- 10.20.193.9:0/2269190516 <== mon.0 v2:10.20.193.9:3300/0 1 ==== mon_map magic: 0 ==== 205+0+0 (secure 0 0 0) 0x7f696c03c070 con 0x7f698007eda0
2026-02-20T02:53:36.132 INFO:teuthology.orchestra.run.trial009.stdout:/usr/bin/ceph: stderr
2026-02-20T02:53:36.015+0000 7f697e7fc640 1 -- 10.20.193.9:0/2269190516 <== mon.0 v2:10.20.193.9:3300/0 2 ==== config(25 keys) ==== 1038+0+0 (secure 0 0 0) 0x7f696c037440 con 0x7f698007eda0
2026-02-20T02:53:36.132 INFO:teuthology.orchestra.run.trial009.stdout:/usr/bin/ceph: stderr
2026-02-20T02:53:36.015+0000 7f697e7fc640 1 -- 10.20.193.9:0/2269190516 <== mon.0 v2:10.20.193.9:3300/0 3 ==== mon_map magic: 0 ==== 205+0+0 (secure 0 0 0) 0x7f696c0354d0 con 0x7f698007eda0
2026-02-20T02:53:36.132 INFO:teuthology.orchestra.run.trial009.stdout:/usr/bin/ceph: stderr
2026-02-20T02:53:36.016+0000 7f6985f8f640 1 -- 10.20.193.9:0/2269190516 >> [v2:10.20.193.9:3300/0,v1:10.20.193.9:6789/0] conn(0x7f698007eda0 msgr2=0x7f698007d2a0 secure :-1 s=STATE_CONNECTION_ESTABLISHED l=1).mark_down
2026-02-20T02:53:36.132 INFO:teuthology.orchestra.run.trial009.stdout:/usr/bin/ceph: stderr
2026-02-20T02:53:36.016+0000 7f6985f8f640 1 --2- 10.20.193.9:0/2269190516 >> [v2:10.20.193.9:3300/0,v1:10.20.193.9:6789/0] conn(0x7f698007eda0 0x7f698007d2a0 secure :-1 s=READY pgs=72 cs=0 l=1 rev1=1 crypto rx=0x7f696c009920 tx=0x7f696c02ef20 comp rx=0 tx=0).stop
2026-02-20T02:53:36.132 INFO:teuthology.orchestra.run.trial009.stdout:/usr/bin/ceph: stderr
2026-02-20T02:53:36.016+0000 7f6985f8f640 1 -- 10.20.193.9:0/2269190516 shutdown_connections
2026-02-20T02:53:36.132 INFO:teuthology.orchestra.run.trial009.stdout:/usr/bin/ceph: stderr
2026-02-20T02:53:36.016+0000 7f6985f8f640 1 --2- 10.20.193.9:0/2269190516 >> [v2:10.20.193.9:3300/0,v1:10.20.193.9:6789/0] conn(0x7f698007eda0 0x7f698007d2a0 unknown :-1 s=CLOSED pgs=72 cs=0 l=1 rev1=1 crypto rx=0 tx=0 comp rx=0 tx=0).stop
2026-02-20T02:53:36.132 INFO:teuthology.orchestra.run.trial009.stdout:/usr/bin/ceph: stderr
2026-02-20T02:53:36.016+0000 7f6985f8f640 1 -- 10.20.193.9:0/2269190516 >> 10.20.193.9:0/2269190516 conn(0x7f6980103af0 msgr2=0x7f6980105f10 unknown :-1 s=STATE_NONE l=0).mark_down
2026-02-20T02:53:36.132 INFO:teuthology.orchestra.run.trial009.stdout:/usr/bin/ceph: stderr
2026-02-20T02:53:36.016+0000 7f6985f8f640 1 -- 10.20.193.9:0/2269190516 shutdown_connections
2026-02-20T02:53:36.132 INFO:teuthology.orchestra.run.trial009.stdout:/usr/bin/ceph: stderr
2026-02-20T02:53:36.016+0000 7f6985f8f640 1 -- 10.20.193.9:0/2269190516 wait complete.
2026-02-20T02:53:36.132 INFO:teuthology.orchestra.run.trial009.stdout:/usr/bin/ceph: stderr
2026-02-20T02:53:36.016+0000 7f6985f8f640 1 Processor -- start
2026-02-20T02:53:36.132 INFO:teuthology.orchestra.run.trial009.stdout:/usr/bin/ceph: stderr
2026-02-20T02:53:36.016+0000 7f6985f8f640 1 -- start start
2026-02-20T02:53:36.133 INFO:teuthology.orchestra.run.trial009.stdout:/usr/bin/ceph: stderr
2026-02-20T02:53:36.016+0000 7f6985f8f640 1 --2- >> [v2:10.20.193.9:3300/0,v1:10.20.193.9:6789/0] conn(0x7f698007eda0 0x7f69801a0330 unknown :-1 s=NONE pgs=0 cs=0 l=1 rev1=0 crypto rx=0 tx=0 comp rx=0 tx=0).connect
2026-02-20T02:53:36.133 INFO:teuthology.orchestra.run.trial009.stdout:/usr/bin/ceph: stderr
2026-02-20T02:53:36.016+0000 7f6985f8f640 1 -- --> [v2:10.20.193.9:3300/0,v1:10.20.193.9:6789/0] -- mon_getmap magic: 0 -- 0x7f698010e7e0 con 0x7f698007eda0
2026-02-20T02:53:36.133 INFO:teuthology.orchestra.run.trial009.stdout:/usr/bin/ceph: stderr
2026-02-20T02:53:36.016+0000 7f697f7fe640 1 --2- >> [v2:10.20.193.9:3300/0,v1:10.20.193.9:6789/0] conn(0x7f698007eda0 0x7f69801a0330 unknown :-1 s=BANNER_CONNECTING pgs=0 cs=0 l=1 rev1=0 crypto rx=0 tx=0 comp rx=0 tx=0)._handle_peer_banner_payload supported=3 required=0
2026-02-20T02:53:36.133 INFO:teuthology.orchestra.run.trial009.stdout:/usr/bin/ceph: stderr
2026-02-20T02:53:36.016+0000 7f697f7fe640 1 --2- >> [v2:10.20.193.9:3300/0,v1:10.20.193.9:6789/0] conn(0x7f698007eda0 0x7f69801a0330 unknown :-1 s=HELLO_CONNECTING pgs=0 cs=0 l=1 rev1=1 crypto rx=0 tx=0 comp rx=0 tx=0).handle_hello peer v2:10.20.193.9:3300/0 says I am v2:10.20.193.9:43140/0 (socket says 10.20.193.9:43140)
2026-02-20T02:53:36.133 INFO:teuthology.orchestra.run.trial009.stdout:/usr/bin/ceph: stderr
2026-02-20T02:53:36.016+0000 7f697f7fe640 1 -- 10.20.193.9:0/2506495052 learned_addr learned my addr 10.20.193.9:0/2506495052 (peer_addr_for_me v2:10.20.193.9:0/0)
2026-02-20T02:53:36.133 INFO:teuthology.orchestra.run.trial009.stdout:/usr/bin/ceph: stderr
2026-02-20T02:53:36.016+0000 7f697f7fe640 1 -- 10.20.193.9:0/2506495052 --> [v2:10.20.193.9:3300/0,v1:10.20.193.9:6789/0] -- mon_subscribe({config=0+,monmap=0+}) -- 0x7f69801a0870 con 0x7f698007eda0
2026-02-20T02:53:36.133 INFO:teuthology.orchestra.run.trial009.stdout:/usr/bin/ceph: stderr
2026-02-20T02:53:36.017+0000 7f697f7fe640 1 --2- 10.20.193.9:0/2506495052 >> [v2:10.20.193.9:3300/0,v1:10.20.193.9:6789/0] conn(0x7f698007eda0 0x7f69801a0330 secure :-1 s=READY pgs=73 cs=0 l=1 rev1=1 crypto rx=0x7f696c037820 tx=0x7f696c037850 comp rx=0 tx=0).ready entity=mon.0 client_cookie=0 server_cookie=0 in_seq=0 out_seq=0
2026-02-20T02:53:36.133 INFO:teuthology.orchestra.run.trial009.stdout:/usr/bin/ceph: stderr
2026-02-20T02:53:36.017+0000 7f697cff9640 1 -- 10.20.193.9:0/2506495052 <== mon.0 v2:10.20.193.9:3300/0 1 ==== mon_map magic: 0 ==== 205+0+0 (secure 0 0 0) 0x7f696c047070 con 0x7f698007eda0
2026-02-20T02:53:36.133 INFO:teuthology.orchestra.run.trial009.stdout:/usr/bin/ceph: stderr
2026-02-20T02:53:36.017+0000 7f697cff9640 1 -- 10.20.193.9:0/2506495052 <== mon.0 v2:10.20.193.9:3300/0 2 ==== config(25 keys) ==== 1038+0+0 (secure 0 0 0) 0x7f696c035e50 con 0x7f698007eda0
2026-02-20T02:53:36.133 INFO:teuthology.orchestra.run.trial009.stdout:/usr/bin/ceph: stderr
2026-02-20T02:53:36.017+0000 7f6985f8f640 1 -- 10.20.193.9:0/2506495052 --> [v2:10.20.193.9:3300/0,v1:10.20.193.9:6789/0] -- mon_subscribe({mgrmap=0+}) -- 0x7f69801a0b00 con 0x7f698007eda0
2026-02-20T02:53:36.133 INFO:teuthology.orchestra.run.trial009.stdout:/usr/bin/ceph: stderr
2026-02-20T02:53:36.017+0000 7f697cff9640 1 -- 10.20.193.9:0/2506495052 <== mon.0 v2:10.20.193.9:3300/0 3 ==== mon_map magic: 0 ==== 205+0+0 (secure 0 0 0) 0x7f696c03c070 con 0x7f698007eda0
2026-02-20T02:53:36.133 INFO:teuthology.orchestra.run.trial009.stdout:/usr/bin/ceph: stderr
2026-02-20T02:53:36.017+0000 7f6985f8f640 1 -- 10.20.193.9:0/2506495052 --> [v2:10.20.193.9:3300/0,v1:10.20.193.9:6789/0] -- mon_subscribe({osdmap=0}) -- 0x7f69801a37f0 con 0x7f698007eda0
2026-02-20T02:53:36.133 INFO:teuthology.orchestra.run.trial009.stdout:/usr/bin/ceph: stderr
2026-02-20T02:53:36.017+0000 7f6985f8f640 1 -- 10.20.193.9:0/2506495052 --> [v2:10.20.193.9:3300/0,v1:10.20.193.9:6789/0] -- mon_command({"prefix": "get_command_descriptions"} v 0) -- 0x7f698007d320 con 0x7f698007eda0
2026-02-20T02:53:36.134 INFO:teuthology.orchestra.run.trial009.stdout:/usr/bin/ceph: stderr
2026-02-20T02:53:36.017+0000 7f697cff9640 1 -- 10.20.193.9:0/2506495052 <== mon.0 v2:10.20.193.9:3300/0 4 ==== mgrmap(e 11) ==== 50154+0+0 (secure 0 0 0) 0x7f696c0359e0 con 0x7f698007eda0
2026-02-20T02:53:36.134 INFO:teuthology.orchestra.run.trial009.stdout:/usr/bin/ceph: stderr
2026-02-20T02:53:36.017+0000 7f697cff9640 1 --2- 10.20.193.9:0/2506495052 >> [v2:10.20.193.9:6800/1604834541,v1:10.20.193.9:6801/1604834541] conn(0x7f695403dad0 0x7f695403ff90 unknown :-1 s=NONE pgs=0 cs=0 l=1 rev1=0 crypto rx=0 tx=0 comp rx=0 tx=0).connect
2026-02-20T02:53:36.134 INFO:teuthology.orchestra.run.trial009.stdout:/usr/bin/ceph: stderr
2026-02-20T02:53:36.017+0000 7f697cff9640 1 -- 10.20.193.9:0/2506495052 <== mon.0 v2:10.20.193.9:3300/0 5 ==== osd_map(3..3 src has 1..3) ==== 1155+0+0 (secure 0 0 0) 0x7f696c076c10 con 0x7f698007eda0
2026-02-20T02:53:36.134 INFO:teuthology.orchestra.run.trial009.stdout:/usr/bin/ceph: stderr
2026-02-20T02:53:36.017+0000 7f697effd640 1 --2- 10.20.193.9:0/2506495052 >> [v2:10.20.193.9:6800/1604834541,v1:10.20.193.9:6801/1604834541] conn(0x7f695403dad0 0x7f695403ff90 unknown :-1 s=BANNER_CONNECTING pgs=0 cs=0 l=1 rev1=0 crypto rx=0 tx=0 comp rx=0 tx=0)._handle_peer_banner_payload supported=3 required=0
2026-02-20T02:53:36.134 INFO:teuthology.orchestra.run.trial009.stdout:/usr/bin/ceph: stderr
2026-02-20T02:53:36.018+0000 7f697effd640 1 --2- 10.20.193.9:0/2506495052 >> [v2:10.20.193.9:6800/1604834541,v1:10.20.193.9:6801/1604834541] conn(0x7f695403dad0 0x7f695403ff90 secure :-1 s=READY pgs=9 cs=0 l=1 rev1=1 crypto rx=0x7f69700099c0 tx=0x7f6970006eb0 comp rx=0 tx=0).ready entity=mgr.14150 client_cookie=0 server_cookie=0 in_seq=0 out_seq=0
2026-02-20T02:53:36.134 INFO:teuthology.orchestra.run.trial009.stdout:/usr/bin/ceph: stderr
2026-02-20T02:53:36.020+0000 7f697cff9640 1 -- 10.20.193.9:0/2506495052 <== mon.0 v2:10.20.193.9:3300/0 6 ==== mon_command_ack([{"prefix": "get_command_descriptions"}]=0 v0) ==== 72+0+195341 (secure 0 0 0) 0x7f696c047d80 con 0x7f698007eda0
2026-02-20T02:53:36.134 INFO:teuthology.orchestra.run.trial009.stdout:/usr/bin/ceph: stderr
2026-02-20T02:53:36.103+0000 7f6985f8f640 1 -- 10.20.193.9:0/2506495052 --> [v2:10.20.193.9:3300/0,v1:10.20.193.9:6789/0] -- mon_command({"prefix": "config get", "who": "mgr", "key": "mgr/dashboard/ssl_server_port"} v 0) -- 0x7f69801a3e90 con 0x7f698007eda0
2026-02-20T02:53:36.134 INFO:teuthology.orchestra.run.trial009.stdout:/usr/bin/ceph: stderr
2026-02-20T02:53:36.103+0000 7f697cff9640 1 -- 10.20.193.9:0/2506495052 <== mon.0 v2:10.20.193.9:3300/0 7 ==== mon_command_ack([{"prefix": "config get", "who": "mgr", "key": "mgr/dashboard/ssl_server_port"}]=0 v8) ==== 112+0+5 (secure 0 0 0) 0x7f696c04bc90 con 0x7f698007eda0
2026-02-20T02:53:36.134 INFO:teuthology.orchestra.run.trial009.stdout:/usr/bin/ceph: stderr
2026-02-20T02:53:36.104+0000 7f6985f8f640 1 -- 10.20.193.9:0/2506495052 >> [v2:10.20.193.9:6800/1604834541,v1:10.20.193.9:6801/1604834541] conn(0x7f695403dad0 msgr2=0x7f695403ff90 secure :-1 s=STATE_CONNECTION_ESTABLISHED l=1).mark_down
2026-02-20T02:53:36.135 INFO:teuthology.orchestra.run.trial009.stdout:/usr/bin/ceph: stderr
2026-02-20T02:53:36.104+0000 7f6985f8f640 1 --2- 10.20.193.9:0/2506495052 >> [v2:10.20.193.9:6800/1604834541,v1:10.20.193.9:6801/1604834541] conn(0x7f695403dad0 0x7f695403ff90 secure :-1 s=READY pgs=9 cs=0 l=1 rev1=1 crypto rx=0x7f69700099c0 tx=0x7f6970006eb0 comp rx=0 tx=0).stop
2026-02-20T02:53:36.135 INFO:teuthology.orchestra.run.trial009.stdout:/usr/bin/ceph: stderr
2026-02-20T02:53:36.104+0000 7f6985f8f640 1 -- 10.20.193.9:0/2506495052 >> [v2:10.20.193.9:3300/0,v1:10.20.193.9:6789/0] conn(0x7f698007eda0 msgr2=0x7f69801a0330 secure :-1 s=STATE_CONNECTION_ESTABLISHED l=1).mark_down
2026-02-20T02:53:36.135 INFO:teuthology.orchestra.run.trial009.stdout:/usr/bin/ceph: stderr
2026-02-20T02:53:36.104+0000 7f6985f8f640 1 --2- 10.20.193.9:0/2506495052 >> [v2:10.20.193.9:3300/0,v1:10.20.193.9:6789/0] conn(0x7f698007eda0 0x7f69801a0330 secure :-1 s=READY pgs=73 cs=0 l=1 rev1=1 crypto rx=0x7f696c037820 tx=0x7f696c037850 comp rx=0 tx=0).stop
2026-02-20T02:53:36.135 INFO:teuthology.orchestra.run.trial009.stdout:/usr/bin/ceph: stderr
2026-02-20T02:53:36.104+0000 7f6985f8f640 1 -- 10.20.193.9:0/2506495052 shutdown_connections
2026-02-20T02:53:36.135 INFO:teuthology.orchestra.run.trial009.stdout:/usr/bin/ceph: stderr
2026-02-20T02:53:36.104+0000 7f6985f8f640 1 --2- 10.20.193.9:0/2506495052 >> [v2:10.20.193.9:6800/1604834541,v1:10.20.193.9:6801/1604834541] conn(0x7f695403dad0 0x7f695403ff90 unknown :-1 s=CLOSED pgs=9 cs=0 l=1 rev1=1 crypto rx=0 tx=0 comp rx=0 tx=0).stop
2026-02-20T02:53:36.135 INFO:teuthology.orchestra.run.trial009.stdout:/usr/bin/ceph: stderr
2026-02-20T02:53:36.104+0000 7f6985f8f640 1 --2- 10.20.193.9:0/2506495052 >> [v2:10.20.193.9:3300/0,v1:10.20.193.9:6789/0] conn(0x7f698007eda0 0x7f69801a0330 unknown :-1 s=CLOSED pgs=73 cs=0 l=1 rev1=1 crypto rx=0 tx=0 comp rx=0 tx=0).stop
2026-02-20T02:53:36.135 INFO:teuthology.orchestra.run.trial009.stdout:/usr/bin/ceph: stderr
2026-02-20T02:53:36.104+0000 7f6985f8f640 1 -- 10.20.193.9:0/2506495052 >> 10.20.193.9:0/2506495052 conn(0x7f6980103af0 msgr2=0x7f69801046c0 unknown :-1 s=STATE_NONE l=0).mark_down
2026-02-20T02:53:36.135 INFO:teuthology.orchestra.run.trial009.stdout:/usr/bin/ceph: stderr
2026-02-20T02:53:36.104+0000 7f6985f8f640 1 -- 10.20.193.9:0/2506495052 shutdown_connections
2026-02-20T02:53:36.135 INFO:teuthology.orchestra.run.trial009.stdout:/usr/bin/ceph: stderr
2026-02-20T02:53:36.104+0000 7f6985f8f640 1 -- 10.20.193.9:0/2506495052 wait complete.
2026-02-20T02:53:36.136 INFO:teuthology.orchestra.run.trial009.stdout:Non-zero exit code 1 from systemctl is-enabled firewalld.service
2026-02-20T02:53:36.136 INFO:teuthology.orchestra.run.trial009.stdout:systemctl: stdout disabled
2026-02-20T02:53:36.140 INFO:teuthology.orchestra.run.trial009.stdout:Non-zero exit code 3 from systemctl is-active firewalld.service
2026-02-20T02:53:36.140 INFO:teuthology.orchestra.run.trial009.stdout:systemctl: stdout inactive
2026-02-20T02:53:36.140 INFO:teuthology.orchestra.run.trial009.stdout:firewalld.service is not enabled
2026-02-20T02:53:36.140 INFO:teuthology.orchestra.run.trial009.stdout:Not possible to open ports <[8443]>. firewalld.service is not available
2026-02-20T02:53:36.141 INFO:teuthology.orchestra.run.trial009.stdout:Ceph Dashboard is now available at:
2026-02-20T02:53:36.141 INFO:teuthology.orchestra.run.trial009.stdout:
2026-02-20T02:53:36.141 INFO:teuthology.orchestra.run.trial009.stdout: URL: https://trial009:8443/
2026-02-20T02:53:36.141 INFO:teuthology.orchestra.run.trial009.stdout: User: admin
2026-02-20T02:53:36.141 INFO:teuthology.orchestra.run.trial009.stdout: Password: zimtp7b2q0
2026-02-20T02:53:36.141 INFO:teuthology.orchestra.run.trial009.stdout:
2026-02-20T02:53:36.142 INFO:teuthology.orchestra.run.trial009.stdout:Saving cluster configuration to /var/lib/ceph/46d6057f-0e07-11f1-b25d-d404e6e7d460/config directory
2026-02-20T02:53:36.396 INFO:teuthology.orchestra.run.trial009.stdout:/usr/bin/ceph: stderr
2026-02-20T02:53:36.236+0000 7f83e03f7640 1 Processor -- start
2026-02-20T02:53:36.396 INFO:teuthology.orchestra.run.trial009.stdout:/usr/bin/ceph: stderr
2026-02-20T02:53:36.236+0000 7f83e03f7640 1 -- start start
2026-02-20T02:53:36.396 INFO:teuthology.orchestra.run.trial009.stdout:/usr/bin/ceph: stderr
2026-02-20T02:53:36.236+0000 7f83e03f7640 1 --2- >> [v2:10.20.193.9:3300/0,v1:10.20.193.9:6789/0] conn(0x7f83d807ee40 0x7f83d807d2a0 unknown :-1 s=NONE pgs=0 cs=0 l=0 rev1=0 crypto rx=0 tx=0 comp rx=0 tx=0).connect
2026-02-20T02:53:36.397 INFO:teuthology.orchestra.run.trial009.stdout:/usr/bin/ceph: stderr
2026-02-20T02:53:36.236+0000 7f83e03f7640 1 -- --> [v2:10.20.193.9:3300/0,v1:10.20.193.9:6789/0] -- mon_getmap magic: 0 -- 0x7f83d807d7e0 con 0x7f83d807ee40
2026-02-20T02:53:36.397 INFO:teuthology.orchestra.run.trial009.stdout:/usr/bin/ceph: stderr
2026-02-20T02:53:36.236+0000 7f83de16c640 1 --2- >> [v2:10.20.193.9:3300/0,v1:10.20.193.9:6789/0] conn(0x7f83d807ee40 0x7f83d807d2a0 unknown :-1 s=BANNER_CONNECTING pgs=0 cs=0 l=0 rev1=0 crypto rx=0 tx=0 comp rx=0 tx=0)._handle_peer_banner_payload supported=3 required=0
2026-02-20T02:53:36.397 INFO:teuthology.orchestra.run.trial009.stdout:/usr/bin/ceph: stderr
2026-02-20T02:53:36.236+0000 7f83de16c640 1 --2- >> [v2:10.20.193.9:3300/0,v1:10.20.193.9:6789/0] conn(0x7f83d807ee40 0x7f83d807d2a0 unknown :-1 s=HELLO_CONNECTING pgs=0 cs=0 l=0 rev1=1 crypto rx=0 tx=0 comp rx=0 tx=0).handle_hello peer v2:10.20.193.9:3300/0 says I am v2:10.20.193.9:43148/0 (socket says 10.20.193.9:43148)
2026-02-20T02:53:36.397 INFO:teuthology.orchestra.run.trial009.stdout:/usr/bin/ceph: stderr
2026-02-20T02:53:36.236+0000 7f83de16c640 1 -- 10.20.193.9:0/1089928248 learned_addr learned my addr 10.20.193.9:0/1089928248 (peer_addr_for_me v2:10.20.193.9:0/0)
2026-02-20T02:53:36.397 INFO:teuthology.orchestra.run.trial009.stdout:/usr/bin/ceph: stderr
2026-02-20T02:53:36.236+0000 7f83de16c640 1 -- 10.20.193.9:0/1089928248 --> [v2:10.20.193.9:3300/0,v1:10.20.193.9:6789/0] -- mon_subscribe({config=0+,monmap=0+}) -- 0x7f83d807d960 con 0x7f83d807ee40
2026-02-20T02:53:36.397 INFO:teuthology.orchestra.run.trial009.stdout:/usr/bin/ceph: stderr
2026-02-20T02:53:36.237+0000 7f83de16c640 1 --2- 10.20.193.9:0/1089928248 >> [v2:10.20.193.9:3300/0,v1:10.20.193.9:6789/0] conn(0x7f83d807ee40 0x7f83d807d2a0 secure :-1 s=READY pgs=74 cs=0 l=1 rev1=1 crypto rx=0x7f83c8009920 tx=0x7f83c802ef20 comp rx=0 tx=0).ready entity=mon.0 client_cookie=44c63099cc29e603 server_cookie=0 in_seq=0 out_seq=0
2026-02-20T02:53:36.397 INFO:teuthology.orchestra.run.trial009.stdout:/usr/bin/ceph: stderr
2026-02-20T02:53:36.237+0000 7f83dd16a640 1 -- 10.20.193.9:0/1089928248 <== mon.0 v2:10.20.193.9:3300/0 1 ==== mon_map magic: 0 ==== 205+0+0 (secure 0 0 0) 0x7f83c803c070 con 0x7f83d807ee40
2026-02-20T02:53:36.397 INFO:teuthology.orchestra.run.trial009.stdout:/usr/bin/ceph: stderr
2026-02-20T02:53:36.237+0000 7f83dd16a640 1 -- 10.20.193.9:0/1089928248 <== mon.0 v2:10.20.193.9:3300/0 2 ==== config(25 keys) ==== 1038+0+0 (secure 0 0 0) 0x7f83c8037440 con 0x7f83d807ee40
2026-02-20T02:53:36.397 INFO:teuthology.orchestra.run.trial009.stdout:/usr/bin/ceph: stderr
2026-02-20T02:53:36.237+0000 7f83dd16a640 1 -- 10.20.193.9:0/1089928248 <== mon.0 v2:10.20.193.9:3300/0 3 ==== mon_map magic: 0 ==== 205+0+0 (secure 0 0 0) 0x7f83c80354d0 con 0x7f83d807ee40
2026-02-20T02:53:36.397 INFO:teuthology.orchestra.run.trial009.stdout:/usr/bin/ceph: stderr
2026-02-20T02:53:36.237+0000 7f83e03f7640 1 -- 10.20.193.9:0/1089928248 >> [v2:10.20.193.9:3300/0,v1:10.20.193.9:6789/0] conn(0x7f83d807ee40 msgr2=0x7f83d807d2a0 secure :-1 s=STATE_CONNECTION_ESTABLISHED l=1).mark_down
2026-02-20T02:53:36.397 INFO:teuthology.orchestra.run.trial009.stdout:/usr/bin/ceph: stderr
2026-02-20T02:53:36.237+0000 7f83e03f7640 1 --2- 10.20.193.9:0/1089928248 >> [v2:10.20.193.9:3300/0,v1:10.20.193.9:6789/0] conn(0x7f83d807ee40 0x7f83d807d2a0 secure :-1 s=READY pgs=74 cs=0 l=1 rev1=1 crypto rx=0x7f83c8009920 tx=0x7f83c802ef20 comp rx=0 tx=0).stop
2026-02-20T02:53:36.398 INFO:teuthology.orchestra.run.trial009.stdout:/usr/bin/ceph: stderr
2026-02-20T02:53:36.237+0000 7f83e03f7640 1 -- 10.20.193.9:0/1089928248 shutdown_connections
2026-02-20T02:53:36.398 INFO:teuthology.orchestra.run.trial009.stdout:/usr/bin/ceph: stderr
2026-02-20T02:53:36.237+0000 7f83e03f7640 1 --2- 10.20.193.9:0/1089928248 >> [v2:10.20.193.9:3300/0,v1:10.20.193.9:6789/0] conn(0x7f83d807ee40 0x7f83d807d2a0 unknown :-1 s=CLOSED pgs=74 cs=0 l=1 rev1=1 crypto rx=0 tx=0 comp rx=0 tx=0).stop
2026-02-20T02:53:36.398 INFO:teuthology.orchestra.run.trial009.stdout:/usr/bin/ceph: stderr
2026-02-20T02:53:36.237+0000 7f83e03f7640 1 -- 10.20.193.9:0/1089928248 >> 10.20.193.9:0/1089928248 conn(0x7f83d8103a00 msgr2=0x7f83d8105e20 unknown :-1 s=STATE_NONE l=0).mark_down
2026-02-20T02:53:36.398 INFO:teuthology.orchestra.run.trial009.stdout:/usr/bin/ceph: stderr
2026-02-20T02:53:36.237+0000 7f83e03f7640 1 -- 10.20.193.9:0/1089928248 shutdown_connections
2026-02-20T02:53:36.398 INFO:teuthology.orchestra.run.trial009.stdout:/usr/bin/ceph: stderr
2026-02-20T02:53:36.237+0000 7f83e03f7640 1 -- 10.20.193.9:0/1089928248 wait complete.
2026-02-20T02:53:36.398 INFO:teuthology.orchestra.run.trial009.stdout:/usr/bin/ceph: stderr
2026-02-20T02:53:36.238+0000 7f83e03f7640 1 Processor -- start
2026-02-20T02:53:36.398 INFO:teuthology.orchestra.run.trial009.stdout:/usr/bin/ceph: stderr
2026-02-20T02:53:36.238+0000 7f83e03f7640 1 -- start start
2026-02-20T02:53:36.398 INFO:teuthology.orchestra.run.trial009.stdout:/usr/bin/ceph: stderr
2026-02-20T02:53:36.238+0000 7f83e03f7640 1 --2- >> [v2:10.20.193.9:3300/0,v1:10.20.193.9:6789/0] conn(0x7f83d807ee40 0x7f83d81a0310 unknown :-1 s=NONE pgs=0 cs=0 l=1 rev1=0 crypto rx=0 tx=0 comp rx=0 tx=0).connect
2026-02-20T02:53:36.398 INFO:teuthology.orchestra.run.trial009.stdout:/usr/bin/ceph: stderr
2026-02-20T02:53:36.238+0000 7f83e03f7640 1 -- --> [v2:10.20.193.9:3300/0,v1:10.20.193.9:6789/0] -- mon_getmap magic: 0 -- 0x7f83d810e7d0 con 0x7f83d807ee40
2026-02-20T02:53:36.398 INFO:teuthology.orchestra.run.trial009.stdout:/usr/bin/ceph: stderr
2026-02-20T02:53:36.238+0000 7f83de16c640 1 --2- >> [v2:10.20.193.9:3300/0,v1:10.20.193.9:6789/0] conn(0x7f83d807ee40 0x7f83d81a0310 unknown :-1 s=BANNER_CONNECTING pgs=0 cs=0 l=1 rev1=0 crypto rx=0 tx=0 comp rx=0 tx=0)._handle_peer_banner_payload supported=3 required=0
2026-02-20T02:53:36.398 INFO:teuthology.orchestra.run.trial009.stdout:/usr/bin/ceph: stderr
2026-02-20T02:53:36.238+0000 7f83de16c640 1 --2- >> [v2:10.20.193.9:3300/0,v1:10.20.193.9:6789/0] conn(0x7f83d807ee40 0x7f83d81a0310 unknown :-1 s=HELLO_CONNECTING pgs=0 cs=0 l=1 rev1=1 crypto rx=0 tx=0 comp rx=0 tx=0).handle_hello peer v2:10.20.193.9:3300/0 says I am v2:10.20.193.9:43162/0 (socket says 10.20.193.9:43162)
2026-02-20T02:53:36.398 INFO:teuthology.orchestra.run.trial009.stdout:/usr/bin/ceph: stderr
2026-02-20T02:53:36.238+0000 7f83de16c640 1 -- 10.20.193.9:0/1428996280 learned_addr learned my addr 10.20.193.9:0/1428996280 (peer_addr_for_me v2:10.20.193.9:0/0)
2026-02-20T02:53:36.399 INFO:teuthology.orchestra.run.trial009.stdout:/usr/bin/ceph: stderr
2026-02-20T02:53:36.238+0000 7f83de16c640 1 -- 10.20.193.9:0/1428996280 --> [v2:10.20.193.9:3300/0,v1:10.20.193.9:6789/0] -- mon_subscribe({config=0+,monmap=0+}) -- 0x7f83d81a0850 con 0x7f83d807ee40
2026-02-20T02:53:36.399 INFO:teuthology.orchestra.run.trial009.stdout:/usr/bin/ceph: stderr
2026-02-20T02:53:36.238+0000 7f83de16c640 1 --2- 10.20.193.9:0/1428996280 >> [v2:10.20.193.9:3300/0,v1:10.20.193.9:6789/0] conn(0x7f83d807ee40 0x7f83d81a0310 secure :-1 s=READY pgs=75 cs=0 l=1 rev1=1 crypto rx=0x7f83c8037820 tx=0x7f83c8037850 comp rx=0 tx=0).ready entity=mon.0 client_cookie=0 server_cookie=0 in_seq=0 out_seq=0
2026-02-20T02:53:36.399 INFO:teuthology.orchestra.run.trial009.stdout:/usr/bin/ceph: stderr
2026-02-20T02:53:36.238+0000 7f83bf7fe640 1 -- 10.20.193.9:0/1428996280 <== mon.0 v2:10.20.193.9:3300/0 1 ==== mon_map magic: 0 ==== 205+0+0 (secure 0 0 0) 0x7f83c8047070 con 0x7f83d807ee40
2026-02-20T02:53:36.399 INFO:teuthology.orchestra.run.trial009.stdout:/usr/bin/ceph: stderr
2026-02-20T02:53:36.238+0000 7f83e03f7640 1 -- 10.20.193.9:0/1428996280 --> [v2:10.20.193.9:3300/0,v1:10.20.193.9:6789/0] -- mon_subscribe({mgrmap=0+}) -- 0x7f83d81a0ae0 con 0x7f83d807ee40
2026-02-20T02:53:36.399 INFO:teuthology.orchestra.run.trial009.stdout:/usr/bin/ceph: stderr
