2026-02-20T02:53:27.947+0000 7fe17effd640 1 --2- >> [v2:10.20.193.9:3300/0,v1:10.20.193.9:6789/0] conn(0x7fe1801082e0 0x7fe1801086e0 unknown :-1 s=HELLO_CONNECTING pgs=0 cs=0 l=0 rev1=1 crypto rx=0 tx=0 comp rx=0 tx=0).handle_hello peer v2:10.20.193.9:3300/0 says I am v2:10.20.193.9:34326/0 (socket says 10.20.193.9:34326)
2026-02-20T02:53:29.497 INFO:teuthology.orchestra.run.trial009.stdout:/usr/bin/ceph: stderr
2026-02-20T02:53:27.947+0000 7fe17effd640 1 -- 10.20.193.9:0/1641999857 learned_addr learned my addr 10.20.193.9:0/1641999857 (peer_addr_for_me v2:10.20.193.9:0/0)
2026-02-20T02:53:29.497 INFO:teuthology.orchestra.run.trial009.stdout:/usr/bin/ceph: stderr
2026-02-20T02:53:27.948+0000 7fe17effd640 1 -- 10.20.193.9:0/1641999857 --> [v2:10.20.193.9:3300/0,v1:10.20.193.9:6789/0] -- mon_subscribe({config=0+,monmap=0+}) -- 0x7fe180109440 con 0x7fe1801082e0
2026-02-20T02:53:29.497 INFO:teuthology.orchestra.run.trial009.stdout:/usr/bin/ceph: stderr
2026-02-20T02:53:27.948+0000 7fe17effd640 1 --2- 10.20.193.9:0/1641999857 >> [v2:10.20.193.9:3300/0,v1:10.20.193.9:6789/0] conn(0x7fe1801082e0 0x7fe1801086e0 secure :-1 s=READY pgs=43 cs=0 l=1 rev1=1 crypto rx=0x7fe174009920 tx=0x7fe17402ef20 comp rx=0 tx=0).ready entity=mon.0 client_cookie=455e74c5e3101f57 server_cookie=0 in_seq=0 out_seq=0
2026-02-20T02:53:29.497 INFO:teuthology.orchestra.run.trial009.stdout:/usr/bin/ceph: stderr
2026-02-20T02:53:27.948+0000 7fe17dffb640 1 -- 10.20.193.9:0/1641999857 <== mon.0 v2:10.20.193.9:3300/0 1 ==== mon_map magic: 0 ==== 205+0+0 (secure 0 0 0) 0x7fe17403c070 con 0x7fe1801082e0
2026-02-20T02:53:29.497 INFO:teuthology.orchestra.run.trial009.stdout:/usr/bin/ceph: stderr
2026-02-20T02:53:27.948+0000 7fe17dffb640 1 -- 10.20.193.9:0/1641999857 <== mon.0 v2:10.20.193.9:3300/0 2 ==== config(25 keys) ==== 1007+0+0 (secure 0 0 0) 0x7fe174037440 con 0x7fe1801082e0
2026-02-20T02:53:29.497 INFO:teuthology.orchestra.run.trial009.stdout:/usr/bin/ceph: stderr
2026-02-20T02:53:27.948+0000 7fe17dffb640 1 -- 10.20.193.9:0/1641999857 <== mon.0 v2:10.20.193.9:3300/0 3 ==== mon_map magic: 0 ==== 205+0+0 (secure 0 0 0) 0x7fe1740354d0 con 0x7fe1801082e0
2026-02-20T02:53:29.498 INFO:teuthology.orchestra.run.trial009.stdout:/usr/bin/ceph: stderr
2026-02-20T02:53:27.948+0000 7fe18560f640 1 -- 10.20.193.9:0/1641999857 >> [v2:10.20.193.9:3300/0,v1:10.20.193.9:6789/0] conn(0x7fe1801082e0 msgr2=0x7fe1801086e0 secure :-1 s=STATE_CONNECTION_ESTABLISHED l=1).mark_down
2026-02-20T02:53:29.498 INFO:teuthology.orchestra.run.trial009.stdout:/usr/bin/ceph: stderr
2026-02-20T02:53:27.948+0000 7fe18560f640 1 --2- 10.20.193.9:0/1641999857 >> [v2:10.20.193.9:3300/0,v1:10.20.193.9:6789/0] conn(0x7fe1801082e0 0x7fe1801086e0 secure :-1 s=READY pgs=43 cs=0 l=1 rev1=1 crypto rx=0x7fe174009920 tx=0x7fe17402ef20 comp rx=0 tx=0).stop
2026-02-20T02:53:29.498 INFO:teuthology.orchestra.run.trial009.stdout:/usr/bin/ceph: stderr
2026-02-20T02:53:27.948+0000 7fe18560f640 1 -- 10.20.193.9:0/1641999857 shutdown_connections
2026-02-20T02:53:29.498 INFO:teuthology.orchestra.run.trial009.stdout:/usr/bin/ceph: stderr
2026-02-20T02:53:27.948+0000 7fe18560f640 1 --2- 10.20.193.9:0/1641999857 >> [v2:10.20.193.9:3300/0,v1:10.20.193.9:6789/0] conn(0x7fe1801082e0 0x7fe1801086e0 unknown :-1 s=CLOSED pgs=43 cs=0 l=1 rev1=1 crypto rx=0 tx=0 comp rx=0 tx=0).stop
2026-02-20T02:53:29.498 INFO:teuthology.orchestra.run.trial009.stdout:/usr/bin/ceph: stderr
2026-02-20T02:53:27.948+0000 7fe18560f640 1 -- 10.20.193.9:0/1641999857 >> 10.20.193.9:0/1641999857 conn(0x7fe180103af0 msgr2=0x7fe180105f10 unknown :-1 s=STATE_NONE l=0).mark_down
2026-02-20T02:53:29.498 INFO:teuthology.orchestra.run.trial009.stdout:/usr/bin/ceph: stderr
2026-02-20T02:53:27.948+0000 7fe18560f640 1 -- 10.20.193.9:0/1641999857 shutdown_connections
2026-02-20T02:53:29.498 INFO:teuthology.orchestra.run.trial009.stdout:/usr/bin/ceph: stderr
2026-02-20T02:53:27.948+0000 7fe18560f640 1 -- 10.20.193.9:0/1641999857 wait complete.
2026-02-20T02:53:29.498 INFO:teuthology.orchestra.run.trial009.stdout:/usr/bin/ceph: stderr
2026-02-20T02:53:27.949+0000 7fe18560f640 1 Processor -- start
2026-02-20T02:53:29.498 INFO:teuthology.orchestra.run.trial009.stdout:/usr/bin/ceph: stderr
2026-02-20T02:53:27.949+0000 7fe18560f640 1 -- start start
2026-02-20T02:53:29.499 INFO:teuthology.orchestra.run.trial009.stdout:/usr/bin/ceph: stderr
2026-02-20T02:53:27.949+0000 7fe18560f640 1 --2- >> [v2:10.20.193.9:3300/0,v1:10.20.193.9:6789/0] conn(0x7fe1801082e0 0x7fe18019e160 unknown :-1 s=NONE pgs=0 cs=0 l=1 rev1=0 crypto rx=0 tx=0 comp rx=0 tx=0).connect
2026-02-20T02:53:29.499 INFO:teuthology.orchestra.run.trial009.stdout:/usr/bin/ceph: stderr
2026-02-20T02:53:27.949+0000 7fe18560f640 1 -- --> [v2:10.20.193.9:3300/0,v1:10.20.193.9:6789/0] -- mon_getmap magic: 0 -- 0x7fe18010c670 con 0x7fe1801082e0
2026-02-20T02:53:29.499 INFO:teuthology.orchestra.run.trial009.stdout:/usr/bin/ceph: stderr
2026-02-20T02:53:27.949+0000 7fe17effd640 1 --2- >> [v2:10.20.193.9:3300/0,v1:10.20.193.9:6789/0] conn(0x7fe1801082e0 0x7fe18019e160 unknown :-1 s=BANNER_CONNECTING pgs=0 cs=0 l=1 rev1=0 crypto rx=0 tx=0 comp rx=0 tx=0)._handle_peer_banner_payload supported=3 required=0
2026-02-20T02:53:29.499 INFO:teuthology.orchestra.run.trial009.stdout:/usr/bin/ceph: stderr
2026-02-20T02:53:27.949+0000 7fe17effd640 1 --2- >> [v2:10.20.193.9:3300/0,v1:10.20.193.9:6789/0] conn(0x7fe1801082e0 0x7fe18019e160 unknown :-1 s=HELLO_CONNECTING pgs=0 cs=0 l=1 rev1=1 crypto rx=0 tx=0 comp rx=0 tx=0).handle_hello peer v2:10.20.193.9:3300/0 says I am v2:10.20.193.9:34336/0 (socket says 10.20.193.9:34336)
2026-02-20T02:53:29.499 INFO:teuthology.orchestra.run.trial009.stdout:/usr/bin/ceph: stderr
2026-02-20T02:53:27.949+0000 7fe17effd640 1 -- 10.20.193.9:0/3133289354 learned_addr learned my addr 10.20.193.9:0/3133289354 (peer_addr_for_me v2:10.20.193.9:0/0)
2026-02-20T02:53:29.499 INFO:teuthology.orchestra.run.trial009.stdout:/usr/bin/ceph: stderr
2026-02-20T02:53:27.949+0000 7fe17effd640 1 -- 10.20.193.9:0/3133289354 --> [v2:10.20.193.9:3300/0,v1:10.20.193.9:6789/0] -- mon_subscribe({config=0+,monmap=0+}) -- 0x7fe18019e6a0 con 0x7fe1801082e0
2026-02-20T02:53:29.499 INFO:teuthology.orchestra.run.trial009.stdout:/usr/bin/ceph: stderr
2026-02-20T02:53:27.949+0000 7fe17effd640 1 --2- 10.20.193.9:0/3133289354 >> [v2:10.20.193.9:3300/0,v1:10.20.193.9:6789/0] conn(0x7fe1801082e0 0x7fe18019e160 secure :-1 s=READY pgs=44 cs=0 l=1 rev1=1 crypto rx=0x7fe174002410 tx=0x7fe174035b20 comp rx=0 tx=0).ready entity=mon.0 client_cookie=0 server_cookie=0 in_seq=0 out_seq=0
2026-02-20T02:53:29.499 INFO:teuthology.orchestra.run.trial009.stdout:/usr/bin/ceph: stderr
2026-02-20T02:53:27.949+0000 7fe15ffff640 1 -- 10.20.193.9:0/3133289354 <== mon.0 v2:10.20.193.9:3300/0 1 ==== mon_map magic: 0 ==== 205+0+0 (secure 0 0 0) 0x7fe174045070 con 0x7fe1801082e0
2026-02-20T02:53:29.499 INFO:teuthology.orchestra.run.trial009.stdout:/usr/bin/ceph: stderr
2026-02-20T02:53:27.949+0000 7fe15ffff640 1 -- 10.20.193.9:0/3133289354 <== mon.0 v2:10.20.193.9:3300/0 2 ==== config(25 keys) ==== 1007+0+0 (secure 0 0 0) 0x7fe17402fe00 con 0x7fe1801082e0
2026-02-20T02:53:29.499 INFO:teuthology.orchestra.run.trial009.stdout:/usr/bin/ceph: stderr
2026-02-20T02:53:27.949+0000 7fe18560f640 1 -- 10.20.193.9:0/3133289354 --> [v2:10.20.193.9:3300/0,v1:10.20.193.9:6789/0] -- mon_subscribe({mgrmap=0+}) -- 0x7fe18019e930 con 0x7fe1801082e0
2026-02-20T02:53:29.500 INFO:teuthology.orchestra.run.trial009.stdout:/usr/bin/ceph: stderr
2026-02-20T02:53:27.949+0000 7fe15ffff640 1 -- 10.20.193.9:0/3133289354 <== mon.0 v2:10.20.193.9:3300/0 3 ==== mon_map magic: 0 ==== 205+0+0 (secure 0 0 0) 0x7fe17403c070 con 0x7fe1801082e0
2026-02-20T02:53:29.500 INFO:teuthology.orchestra.run.trial009.stdout:/usr/bin/ceph: stderr
2026-02-20T02:53:27.949+0000 7fe18560f640 1 -- 10.20.193.9:0/3133289354 --> [v2:10.20.193.9:3300/0,v1:10.20.193.9:6789/0] -- mon_subscribe({osdmap=0}) -- 0x7fe1801a1620 con 0x7fe1801082e0
2026-02-20T02:53:29.500 INFO:teuthology.orchestra.run.trial009.stdout:/usr/bin/ceph: stderr
2026-02-20T02:53:27.950+0000 7fe18560f640 1 -- 10.20.193.9:0/3133289354 --> [v2:10.20.193.9:3300/0,v1:10.20.193.9:6789/0] -- mon_command({"prefix": "get_command_descriptions"} v 0) -- 0x7fe180108760 con 0x7fe1801082e0
2026-02-20T02:53:29.500 INFO:teuthology.orchestra.run.trial009.stdout:/usr/bin/ceph: stderr
2026-02-20T02:53:27.950+0000 7fe15ffff640 1 -- 10.20.193.9:0/3133289354 <== mon.0 v2:10.20.193.9:3300/0 4 ==== mgrmap(e 7) ==== 50141+0+0 (secure 0 0 0) 0x7fe1740493f0 con 0x7fe1801082e0
2026-02-20T02:53:29.500 INFO:teuthology.orchestra.run.trial009.stdout:/usr/bin/ceph: stderr
2026-02-20T02:53:27.950+0000 7fe15ffff640 1 --2- 10.20.193.9:0/3133289354 >> [v2:10.20.193.9:6800/929022139,v1:10.20.193.9:6801/929022139] conn(0x7fe15403dad0 0x7fe15403ff90 unknown :-1 s=NONE pgs=0 cs=0 l=1 rev1=0 crypto rx=0 tx=0 comp rx=0 tx=0).connect
2026-02-20T02:53:29.500 INFO:teuthology.orchestra.run.trial009.stdout:/usr/bin/ceph: stderr
2026-02-20T02:53:27.950+0000 7fe15ffff640 1 -- 10.20.193.9:0/3133289354 <== mon.0 v2:10.20.193.9:3300/0 5 ==== osd_map(2..2 src has 1..2) ==== 940+0+0 (secure 0 0 0) 0x7fe1740763e0 con 0x7fe1801082e0
2026-02-20T02:53:29.500 INFO:teuthology.orchestra.run.trial009.stdout:/usr/bin/ceph: stderr
2026-02-20T02:53:27.950+0000 7fe17e7fc640 1 --2- 10.20.193.9:0/3133289354 >> [v2:10.20.193.9:6800/929022139,v1:10.20.193.9:6801/929022139] conn(0x7fe15403dad0 0x7fe15403ff90 unknown :-1 s=BANNER_CONNECTING pgs=0 cs=0 l=1 rev1=0 crypto rx=0 tx=0 comp rx=0 tx=0)._handle_peer_banner_payload supported=3 required=0
2026-02-20T02:53:29.500 INFO:teuthology.orchestra.run.trial009.stdout:/usr/bin/ceph: stderr
2026-02-20T02:53:27.950+0000 7fe17e7fc640 1 --2- 10.20.193.9:0/3133289354 >> [v2:10.20.193.9:6800/929022139,v1:10.20.193.9:6801/929022139] conn(0x7fe15403dad0 0x7fe15403ff90 secure :-1 s=READY pgs=11 cs=0 l=1 rev1=1 crypto rx=0x7fe1680099c0 tx=0x7fe168006eb0 comp rx=0 tx=0).ready entity=mgr.14118 client_cookie=0 server_cookie=0 in_seq=0 out_seq=0
2026-02-20T02:53:29.501 INFO:teuthology.orchestra.run.trial009.stdout:/usr/bin/ceph: stderr
2026-02-20T02:53:27.952+0000 7fe15ffff640 1 -- 10.20.193.9:0/3133289354 <== mon.0 v2:10.20.193.9:3300/0 6 ==== mon_command_ack([{"prefix": "get_command_descriptions"}]=0 v0) ==== 72+0+195341 (secure 0 0 0) 0x7fe17403a120 con 0x7fe1801082e0
2026-02-20T02:53:29.501 INFO:teuthology.orchestra.run.trial009.stdout:/usr/bin/ceph: stderr
2026-02-20T02:53:28.037+0000 7fe18560f640 1 -- 10.20.193.9:0/3133289354 --> [v2:10.20.193.9:6800/929022139,v1:10.20.193.9:6801/929022139] -- mgr_command(tid 0: {"prefix": "orch host add", "hostname": "trial009", "addr": "10.20.193.9", "target": ["mon-mgr", ""]}) -- 0x7fe180104e20 con 0x7fe15403dad0
2026-02-20T02:53:29.501 INFO:teuthology.orchestra.run.trial009.stdout:/usr/bin/ceph: stderr
2026-02-20T02:53:28.616+0000 7fe15ffff640 1 -- 10.20.193.9:0/3133289354 <== mon.0 v2:10.20.193.9:3300/0 7 ==== mgrmap(e 8) ==== 50247+0+0 (secure 0 0 0) 0x7fe174049b30 con 0x7fe1801082e0
2026-02-20T02:53:29.501 INFO:teuthology.orchestra.run.trial009.stdout:/usr/bin/ceph: stderr
2026-02-20T02:53:29.444+0000 7fe15ffff640 1 -- 10.20.193.9:0/3133289354 <== mgr.14118 v2:10.20.193.9:6800/929022139 1 ==== mgr_command_reply(tid 0: 0 ) ==== 8+0+46 (secure 0 0 0) 0x7fe180104e20 con 0x7fe15403dad0
2026-02-20T02:53:29.501 INFO:teuthology.orchestra.run.trial009.stdout:/usr/bin/ceph: stderr
2026-02-20T02:53:29.446+0000 7fe18560f640 1 -- 10.20.193.9:0/3133289354 >> [v2:10.20.193.9:6800/929022139,v1:10.20.193.9:6801/929022139] conn(0x7fe15403dad0 msgr2=0x7fe15403ff90 secure :-1 s=STATE_CONNECTION_ESTABLISHED l=1).mark_down
2026-02-20T02:53:29.501 INFO:teuthology.orchestra.run.trial009.stdout:/usr/bin/ceph: stderr
2026-02-20T02:53:29.446+0000 7fe18560f640 1 --2- 10.20.193.9:0/3133289354 >> [v2:10.20.193.9:6800/929022139,v1:10.20.193.9:6801/929022139] conn(0x7fe15403dad0 0x7fe15403ff90 secure :-1 s=READY pgs=11 cs=0 l=1 rev1=1 crypto rx=0x7fe1680099c0 tx=0x7fe168006eb0 comp rx=0 tx=0).stop
2026-02-20T02:53:29.501 INFO:teuthology.orchestra.run.trial009.stdout:/usr/bin/ceph: stderr
2026-02-20T02:53:29.446+0000 7fe18560f640 1 -- 10.20.193.9:0/3133289354 >> [v2:10.20.193.9:3300/0,v1:10.20.193.9:6789/0] conn(0x7fe1801082e0 msgr2=0x7fe18019e160 secure :-1 s=STATE_CONNECTION_ESTABLISHED l=1).mark_down
2026-02-20T02:53:29.501 INFO:teuthology.orchestra.run.trial009.stdout:/usr/bin/ceph: stderr
2026-02-20T02:53:29.446+0000 7fe18560f640 1 --2- 10.20.193.9:0/3133289354 >> [v2:10.20.193.9:3300/0,v1:10.20.193.9:6789/0] conn(0x7fe1801082e0 0x7fe18019e160 secure :-1 s=READY pgs=44 cs=0 l=1 rev1=1 crypto rx=0x7fe174002410 tx=0x7fe174035b20 comp rx=0 tx=0).stop
2026-02-20T02:53:29.501 INFO:teuthology.orchestra.run.trial009.stdout:/usr/bin/ceph: stderr
2026-02-20T02:53:29.446+0000 7fe18560f640 1 -- 10.20.193.9:0/3133289354 shutdown_connections
2026-02-20T02:53:29.501 INFO:teuthology.orchestra.run.trial009.stdout:/usr/bin/ceph: stderr
2026-02-20T02:53:29.446+0000 7fe18560f640 1 --2- 10.20.193.9:0/3133289354 >> [v2:10.20.193.9:6800/929022139,v1:10.20.193.9:6801/929022139] conn(0x7fe15403dad0 0x7fe15403ff90 unknown :-1 s=CLOSED pgs=11 cs=0 l=1 rev1=1 crypto rx=0 tx=0 comp rx=0 tx=0).stop
2026-02-20T02:53:29.501 INFO:teuthology.orchestra.run.trial009.stdout:/usr/bin/ceph: stderr
2026-02-20T02:53:29.446+0000 7fe18560f640 1 --2- 10.20.193.9:0/3133289354 >> [v2:10.20.193.9:3300/0,v1:10.20.193.9:6789/0] conn(0x7fe1801082e0 0x7fe18019e160 unknown :-1 s=CLOSED pgs=44 cs=0 l=1 rev1=1 crypto rx=0 tx=0 comp rx=0 tx=0).stop
2026-02-20T02:53:29.502 INFO:teuthology.orchestra.run.trial009.stdout:/usr/bin/ceph: stderr
2026-02-20T02:53:29.446+0000 7fe18560f640 1 -- 10.20.193.9:0/3133289354 >> 10.20.193.9:0/3133289354 conn(0x7fe180103af0 msgr2=0x7fe180104710 unknown :-1 s=STATE_NONE l=0).mark_down
2026-02-20T02:53:29.502 INFO:teuthology.orchestra.run.trial009.stdout:/usr/bin/ceph: stderr
2026-02-20T02:53:29.446+0000 7fe18560f640 1 -- 10.20.193.9:0/3133289354 shutdown_connections
2026-02-20T02:53:29.502 INFO:teuthology.orchestra.run.trial009.stdout:/usr/bin/ceph: stderr
2026-02-20T02:53:29.446+0000 7fe18560f640 1 -- 10.20.193.9:0/3133289354 wait complete.
2026-02-20T02:53:29.502 INFO:teuthology.orchestra.run.trial009.stdout:Deploying unmanaged mon service...
2026-02-20T02:53:29.728 INFO:teuthology.orchestra.run.trial009.stdout:/usr/bin/ceph: stdout Scheduled mon update...
2026-02-20T02:53:29.729 INFO:teuthology.orchestra.run.trial009.stdout:/usr/bin/ceph: stderr
2026-02-20T02:53:29.604+0000 7fb14b5bb640 1 Processor -- start
2026-02-20T02:53:29.729 INFO:teuthology.orchestra.run.trial009.stdout:/usr/bin/ceph: stderr
2026-02-20T02:53:29.604+0000 7fb14b5bb640 1 -- start start
2026-02-20T02:53:29.729 INFO:teuthology.orchestra.run.trial009.stdout:/usr/bin/ceph: stderr
2026-02-20T02:53:29.604+0000 7fb14b5bb640 1 --2- >> [v2:10.20.193.9:3300/0,v1:10.20.193.9:6789/0] conn(0x7fb14410a9d0 0x7fb14410add0 unknown :-1 s=NONE pgs=0 cs=0 l=0 rev1=0 crypto rx=0 tx=0 comp rx=0 tx=0).connect
2026-02-20T02:53:29.729 INFO:teuthology.orchestra.run.trial009.stdout:/usr/bin/ceph: stderr
2026-02-20T02:53:29.604+0000 7fb14b5bb640 1 -- --> [v2:10.20.193.9:3300/0,v1:10.20.193.9:6789/0] -- mon_getmap magic: 0 -- 0x7fb14410b3a0 con 0x7fb14410a9d0
2026-02-20T02:53:29.729 INFO:teuthology.orchestra.run.trial009.stdout:/usr/bin/ceph: stderr
2026-02-20T02:53:29.604+0000 7fb149330640 1 --2- >> [v2:10.20.193.9:3300/0,v1:10.20.193.9:6789/0] conn(0x7fb14410a9d0 0x7fb14410add0 unknown :-1 s=BANNER_CONNECTING pgs=0 cs=0 l=0 rev1=0 crypto rx=0 tx=0 comp rx=0 tx=0)._handle_peer_banner_payload supported=3 required=0
2026-02-20T02:53:29.729 INFO:teuthology.orchestra.run.trial009.stdout:/usr/bin/ceph: stderr
2026-02-20T02:53:29.604+0000 7fb149330640 1 --2- >> [v2:10.20.193.9:3300/0,v1:10.20.193.9:6789/0] conn(0x7fb14410a9d0 0x7fb14410add0 unknown :-1 s=HELLO_CONNECTING pgs=0 cs=0 l=0 rev1=1 crypto rx=0 tx=0 comp rx=0 tx=0).handle_hello peer v2:10.20.193.9:3300/0 says I am v2:10.20.193.9:42914/0 (socket says 10.20.193.9:42914)
2026-02-20T02:53:29.729 INFO:teuthology.orchestra.run.trial009.stdout:/usr/bin/ceph: stderr
2026-02-20T02:53:29.604+0000 7fb149330640 1 -- 10.20.193.9:0/1315594422 learned_addr learned my addr 10.20.193.9:0/1315594422 (peer_addr_for_me v2:10.20.193.9:0/0)
2026-02-20T02:53:29.729 INFO:teuthology.orchestra.run.trial009.stdout:/usr/bin/ceph: stderr
2026-02-20T02:53:29.605+0000 7fb149330640 1 -- 10.20.193.9:0/1315594422 --> [v2:10.20.193.9:3300/0,v1:10.20.193.9:6789/0] -- mon_subscribe({config=0+,monmap=0+}) -- 0x7fb14410b6f0 con 0x7fb14410a9d0
2026-02-20T02:53:29.730 INFO:teuthology.orchestra.run.trial009.stdout:/usr/bin/ceph: stderr
2026-02-20T02:53:29.605+0000 7fb149330640 1 --2- 10.20.193.9:0/1315594422 >> [v2:10.20.193.9:3300/0,v1:10.20.193.9:6789/0] conn(0x7fb14410a9d0 0x7fb14410add0 secure :-1 s=READY pgs=45 cs=0 l=1 rev1=1 crypto rx=0x7fb134009920 tx=0x7fb13402ef20 comp rx=0 tx=0).ready entity=mon.0 client_cookie=6720325fc9172021 server_cookie=0 in_seq=0 out_seq=0
2026-02-20T02:53:29.730 INFO:teuthology.orchestra.run.trial009.stdout:/usr/bin/ceph: stderr
2026-02-20T02:53:29.605+0000 7fb133fff640 1 -- 10.20.193.9:0/1315594422 <== mon.0 v2:10.20.193.9:3300/0 1 ==== mon_map magic: 0 ==== 205+0+0 (secure 0 0 0) 0x7fb13403c070 con 0x7fb14410a9d0
2026-02-20T02:53:29.730 INFO:teuthology.orchestra.run.trial009.stdout:/usr/bin/ceph: stderr
2026-02-20T02:53:29.605+0000 7fb133fff640 1 -- 10.20.193.9:0/1315594422 <== mon.0 v2:10.20.193.9:3300/0 2 ==== config(25 keys) ==== 1007+0+0 (secure 0 0 0) 0x7fb134037440 con 0x7fb14410a9d0
2026-02-20T02:53:29.730 INFO:teuthology.orchestra.run.trial009.stdout:/usr/bin/ceph: stderr
2026-02-20T02:53:29.605+0000 7fb133fff640 1 -- 10.20.193.9:0/1315594422 <== mon.0 v2:10.20.193.9:3300/0 3 ==== mon_map magic: 0 ==== 205+0+0 (secure 0 0 0) 0x7fb1340354d0 con 0x7fb14410a9d0
2026-02-20T02:53:29.730 INFO:teuthology.orchestra.run.trial009.stdout:/usr/bin/ceph: stderr
2026-02-20T02:53:29.605+0000 7fb14b5bb640 1 -- 10.20.193.9:0/1315594422 >> [v2:10.20.193.9:3300/0,v1:10.20.193.9:6789/0] conn(0x7fb14410a9d0 msgr2=0x7fb14410add0 secure :-1 s=STATE_CONNECTION_ESTABLISHED l=1).mark_down
2026-02-20T02:53:29.730 INFO:teuthology.orchestra.run.trial009.stdout:/usr/bin/ceph: stderr
2026-02-20T02:53:29.605+0000 7fb14b5bb640 1 --2- 10.20.193.9:0/1315594422 >> [v2:10.20.193.9:3300/0,v1:10.20.193.9:6789/0] conn(0x7fb14410a9d0 0x7fb14410add0 secure :-1 s=READY pgs=45 cs=0 l=1 rev1=1 crypto rx=0x7fb134009920 tx=0x7fb13402ef20 comp rx=0 tx=0).stop
2026-02-20T02:53:29.730 INFO:teuthology.orchestra.run.trial009.stdout:/usr/bin/ceph: stderr
2026-02-20T02:53:29.606+0000 7fb14b5bb640 1 -- 10.20.193.9:0/1315594422 shutdown_connections
2026-02-20T02:53:29.730 INFO:teuthology.orchestra.run.trial009.stdout:/usr/bin/ceph: stderr
2026-02-20T02:53:29.606+0000 7fb14b5bb640 1 --2- 10.20.193.9:0/1315594422 >> [v2:10.20.193.9:3300/0,v1:10.20.193.9:6789/0] conn(0x7fb14410a9d0 0x7fb14410add0 unknown :-1 s=CLOSED pgs=45 cs=0 l=1 rev1=1 crypto rx=0 tx=0 comp rx=0 tx=0).stop
2026-02-20T02:53:29.730 INFO:teuthology.orchestra.run.trial009.stdout:/usr/bin/ceph: stderr
2026-02-20T02:53:29.606+0000 7fb14b5bb640 1 -- 10.20.193.9:0/1315594422 >> 10.20.193.9:0/1315594422 conn(0x7fb14407da60 msgr2=0x7fb14407de70 unknown :-1 s=STATE_NONE l=0).mark_down
2026-02-20T02:53:29.730 INFO:teuthology.orchestra.run.trial009.stdout:/usr/bin/ceph: stderr
2026-02-20T02:53:29.606+0000 7fb14b5bb640 1 -- 10.20.193.9:0/1315594422 shutdown_connections
2026-02-20T02:53:29.730 INFO:teuthology.orchestra.run.trial009.stdout:/usr/bin/ceph: stderr
2026-02-20T02:53:29.606+0000 7fb14b5bb640 1 -- 10.20.193.9:0/1315594422 wait complete.
2026-02-20T02:53:29.731 INFO:teuthology.orchestra.run.trial009.stdout:/usr/bin/ceph: stderr
2026-02-20T02:53:29.606+0000 7fb14b5bb640 1 Processor -- start
2026-02-20T02:53:29.731 INFO:teuthology.orchestra.run.trial009.stdout:/usr/bin/ceph: stderr
2026-02-20T02:53:29.606+0000 7fb14b5bb640 1 -- start start
2026-02-20T02:53:29.731 INFO:teuthology.orchestra.run.trial009.stdout:/usr/bin/ceph: stderr
2026-02-20T02:53:29.606+0000 7fb14b5bb640 1 --2- >> [v2:10.20.193.9:3300/0,v1:10.20.193.9:6789/0] conn(0x7fb14410a9d0 0x7fb1441a0320 unknown :-1 s=NONE pgs=0 cs=0 l=1 rev1=0 crypto rx=0 tx=0 comp rx=0 tx=0).connect
2026-02-20T02:53:29.731 INFO:teuthology.orchestra.run.trial009.stdout:/usr/bin/ceph: stderr
2026-02-20T02:53:29.606+0000 7fb14b5bb640 1 -- --> [v2:10.20.193.9:3300/0,v1:10.20.193.9:6789/0] -- mon_getmap magic: 0 -- 0x7fb14410e920 con 0x7fb14410a9d0
2026-02-20T02:53:29.731 INFO:teuthology.orchestra.run.trial009.stdout:/usr/bin/ceph: stderr
2026-02-20T02:53:29.606+0000 7fb149330640 1 --2- >> [v2:10.20.193.9:3300/0,v1:10.20.193.9:6789/0] conn(0x7fb14410a9d0 0x7fb1441a0320 unknown :-1 s=BANNER_CONNECTING pgs=0 cs=0 l=1 rev1=0 crypto rx=0 tx=0 comp rx=0 tx=0)._handle_peer_banner_payload supported=3 required=0
2026-02-20T02:53:29.731 INFO:teuthology.orchestra.run.trial009.stdout:/usr/bin/ceph: stderr
2026-02-20T02:53:29.606+0000 7fb149330640 1 --2- >> [v2:10.20.193.9:3300/0,v1:10.20.193.9:6789/0] conn(0x7fb14410a9d0 0x7fb1441a0320 unknown :-1 s=HELLO_CONNECTING pgs=0 cs=0 l=1 rev1=1 crypto rx=0 tx=0 comp rx=0 tx=0).handle_hello peer v2:10.20.193.9:3300/0 says I am v2:10.20.193.9:42926/0 (socket says 10.20.193.9:42926)
2026-02-20T02:53:29.731 INFO:teuthology.orchestra.run.trial009.stdout:/usr/bin/ceph: stderr
2026-02-20T02:53:29.606+0000 7fb149330640 1 -- 10.20.193.9:0/1292973847 learned_addr learned my addr 10.20.193.9:0/1292973847 (peer_addr_for_me v2:10.20.193.9:0/0)
2026-02-20T02:53:29.731 INFO:teuthology.orchestra.run.trial009.stdout:/usr/bin/ceph: stderr
2026-02-20T02:53:29.606+0000 7fb149330640 1 -- 10.20.193.9:0/1292973847 --> [v2:10.20.193.9:3300/0,v1:10.20.193.9:6789/0] -- mon_subscribe({config=0+,monmap=0+}) -- 0x7fb1441a0860 con 0x7fb14410a9d0
2026-02-20T02:53:29.731 INFO:teuthology.orchestra.run.trial009.stdout:/usr/bin/ceph: stderr
2026-02-20T02:53:29.606+0000 7fb149330640 1 --2- 10.20.193.9:0/1292973847 >> [v2:10.20.193.9:3300/0,v1:10.20.193.9:6789/0] conn(0x7fb14410a9d0 0x7fb1441a0320 secure :-1 s=READY pgs=46 cs=0 l=1 rev1=1 crypto rx=0x7fb134035e10 tx=0x7fb134035e40 comp rx=0 tx=0).ready entity=mon.0 client_cookie=0 server_cookie=0 in_seq=0 out_seq=0
2026-02-20T02:53:29.731 INFO:teuthology.orchestra.run.trial009.stdout:/usr/bin/ceph: stderr
2026-02-20T02:53:29.607+0000 7fb1327fc640 1 -- 10.20.193.9:0/1292973847 <== mon.0 v2:10.20.193.9:3300/0 1 ==== mon_map magic: 0 ==== 205+0+0 (secure 0 0 0) 0x7fb134045070 con 0x7fb14410a9d0
2026-02-20T02:53:29.731 INFO:teuthology.orchestra.run.trial009.stdout:/usr/bin/ceph: stderr
2026-02-20T02:53:29.607+0000 7fb14b5bb640 1 -- 10.20.193.9:0/1292973847 --> [v2:10.20.193.9:3300/0,v1:10.20.193.9:6789/0] -- mon_subscribe({mgrmap=0+}) -- 0x7fb1441a0af0 con 0x7fb14410a9d0
2026-02-20T02:53:29.731 INFO:teuthology.orchestra.run.trial009.stdout:/usr/bin/ceph: stderr
2026-02-20T02:53:29.607+0000 7fb1327fc640 1 -- 10.20.193.9:0/1292973847 <== mon.0 v2:10.20.193.9:3300/0 2 ==== config(25 keys) ==== 1007+0+0 (secure 0 0 0) 0x7fb134040450 con 0x7fb14410a9d0
2026-02-20T02:53:29.732 INFO:teuthology.orchestra.run.trial009.stdout:/usr/bin/ceph: stderr
2026-02-20T02:53:29.607+0000 7fb1327fc640 1 -- 10.20.193.9:0/1292973847 <== mon.0 v2:10.20.193.9:3300/0 3 ==== mon_map magic: 0 ==== 205+0+0 (secure 0 0 0) 0x7fb13403c070 con 0x7fb14410a9d0
2026-02-20T02:53:29.732 INFO:teuthology.orchestra.run.trial009.stdout:/usr/bin/ceph: stderr
2026-02-20T02:53:29.607+0000 7fb14b5bb640 1 -- 10.20.193.9:0/1292973847 --> [v2:10.20.193.9:3300/0,v1:10.20.193.9:6789/0] -- mon_subscribe({osdmap=0}) -- 0x7fb1441a37e0 con 0x7fb14410a9d0
2026-02-20T02:53:29.732 INFO:teuthology.orchestra.run.trial009.stdout:/usr/bin/ceph: stderr
2026-02-20T02:53:29.607+0000 7fb14b5bb640 1 -- 10.20.193.9:0/1292973847 --> [v2:10.20.193.9:3300/0,v1:10.20.193.9:6789/0] -- mon_command({"prefix": "get_command_descriptions"} v 0) -- 0x7fb14410ae50 con 0x7fb14410a9d0
2026-02-20T02:53:29.732 INFO:teuthology.orchestra.run.trial009.stdout:/usr/bin/ceph: stderr
2026-02-20T02:53:29.607+0000 7fb1327fc640 1 -- 10.20.193.9:0/1292973847 <== mon.0 v2:10.20.193.9:3300/0 4 ==== mgrmap(e 8) ==== 50247+0+0 (secure 0 0 0) 0x7fb134040600 con 0x7fb14410a9d0
2026-02-20T02:53:29.732 INFO:teuthology.orchestra.run.trial009.stdout:/usr/bin/ceph: stderr
2026-02-20T02:53:29.607+0000 7fb1327fc640 1 --2- 10.20.193.9:0/1292973847 >> [v2:10.20.193.9:6800/929022139,v1:10.20.193.9:6801/929022139] conn(0x7fb12003dba0 0x7fb120040060 unknown :-1 s=NONE pgs=0 cs=0 l=1 rev1=0 crypto rx=0 tx=0 comp rx=0 tx=0).connect
2026-02-20T02:53:29.732 INFO:teuthology.orchestra.run.trial009.stdout:/usr/bin/ceph: stderr
2026-02-20T02:53:29.607+0000 7fb1327fc640 1 -- 10.20.193.9:0/1292973847 <== mon.0 v2:10.20.193.9:3300/0 5 ==== osd_map(2..2 src has 1..2) ==== 940+0+0 (secure 0 0 0) 0x7fb1340768e0 con 0x7fb14410a9d0
2026-02-20T02:53:29.732 INFO:teuthology.orchestra.run.trial009.stdout:/usr/bin/ceph: stderr
2026-02-20T02:53:29.607+0000 7fb148b2f640 1 --2- 10.20.193.9:0/1292973847 >> [v2:10.20.193.9:6800/929022139,v1:10.20.193.9:6801/929022139] conn(0x7fb12003dba0 0x7fb120040060 unknown :-1 s=BANNER_CONNECTING pgs=0 cs=0 l=1 rev1=0 crypto rx=0 tx=0 comp rx=0 tx=0)._handle_peer_banner_payload supported=3 required=0
2026-02-20T02:53:29.732 INFO:teuthology.orchestra.run.trial009.stdout:/usr/bin/ceph: stderr
2026-02-20T02:53:29.608+0000 7fb148b2f640 1 --2- 10.20.193.9:0/1292973847 >> [v2:10.20.193.9:6800/929022139,v1:10.20.193.9:6801/929022139] conn(0x7fb12003dba0 0x7fb120040060 secure :-1 s=READY pgs=12 cs=0 l=1 rev1=1 crypto rx=0x7fb1380099c0 tx=0x7fb138006eb0 comp rx=0 tx=0).ready entity=mgr.14118 client_cookie=0 server_cookie=0 in_seq=0 out_seq=0
2026-02-20T02:53:29.732 INFO:teuthology.orchestra.run.trial009.stdout:/usr/bin/ceph: stderr
2026-02-20T02:53:29.610+0000 7fb1327fc640 1 -- 10.20.193.9:0/1292973847 <== mon.0 v2:10.20.193.9:3300/0 6 ==== mon_command_ack([{"prefix": "get_command_descriptions"}]=0 v0) ==== 72+0+195341 (secure 0 0 0) 0x7fb134036dc0 con 0x7fb14410a9d0
2026-02-20T02:53:29.733 INFO:teuthology.orchestra.run.trial009.stdout:/usr/bin/ceph: stderr
2026-02-20T02:53:29.698+0000 7fb14b5bb640 1 -- 10.20.193.9:0/1292973847 --> [v2:10.20.193.9:6800/929022139,v1:10.20.193.9:6801/929022139] -- mgr_command(tid 0: {"prefix": "orch apply", "service_type": "mon", "unmanaged": true, "target": ["mon-mgr", ""]}) -- 0x7fb144108d80 con 0x7fb12003dba0
2026-02-20T02:53:29.733 INFO:teuthology.orchestra.run.trial009.stdout:/usr/bin/ceph: stderr
2026-02-20T02:53:29.701+0000 7fb1327fc640 1 -- 10.20.193.9:0/1292973847 <== mgr.14118 v2:10.20.193.9:6800/929022139 1 ==== mgr_command_reply(tid 0: 0 ) ==== 8+0+24 (secure 0 0 0) 0x7fb144108d80 con 0x7fb12003dba0
2026-02-20T02:53:29.733 INFO:teuthology.orchestra.run.trial009.stdout:/usr/bin/ceph: stderr
2026-02-20T02:53:29.702+0000 7fb14b5bb640 1 -- 10.20.193.9:0/1292973847 >> [v2:10.20.193.9:6800/929022139,v1:10.20.193.9:6801/929022139] conn(0x7fb12003dba0 msgr2=0x7fb120040060 secure :-1 s=STATE_CONNECTION_ESTABLISHED l=1).mark_down
2026-02-20T02:53:29.733 INFO:teuthology.orchestra.run.trial009.stdout:/usr/bin/ceph: stderr
2026-02-20T02:53:29.702+0000 7fb14b5bb640 1 --2- 10.20.193.9:0/1292973847 >> [v2:10.20.193.9:6800/929022139,v1:10.20.193.9:6801/929022139] conn(0x7fb12003dba0 0x7fb120040060 secure :-1 s=READY pgs=12 cs=0 l=1 rev1=1 crypto rx=0x7fb1380099c0 tx=0x7fb138006eb0 comp rx=0 tx=0).stop
2026-02-20T02:53:29.733 INFO:teuthology.orchestra.run.trial009.stdout:/usr/bin/ceph: stderr
2026-02-20T02:53:29.702+0000 7fb14b5bb640 1 -- 10.20.193.9:0/1292973847 >> [v2:10.20.193.9:3300/0,v1:10.20.193.9:6789/0] conn(0x7fb14410a9d0 msgr2=0x7fb1441a0320 secure :-1 s=STATE_CONNECTION_ESTABLISHED l=1).mark_down
2026-02-20T02:53:29.733 INFO:teuthology.orchestra.run.trial009.stdout:/usr/bin/ceph: stderr
2026-02-20T02:53:29.702+0000 7fb14b5bb640 1 --2- 10.20.193.9:0/1292973847 >> [v2:10.20.193.9:3300/0,v1:10.20.193.9:6789/0] conn(0x7fb14410a9d0 0x7fb1441a0320 secure :-1 s=READY pgs=46 cs=0 l=1 rev1=1 crypto rx=0x7fb134035e10 tx=0x7fb134035e40 comp rx=0 tx=0).stop
2026-02-20T02:53:29.733 INFO:teuthology.orchestra.run.trial009.stdout:/usr/bin/ceph: stderr
2026-02-20T02:53:29.702+0000 7fb14b5bb640 1 -- 10.20.193.9:0/1292973847 shutdown_connections
2026-02-20T02:53:29.733 INFO:teuthology.orchestra.run.trial009.stdout:/usr/bin/ceph: stderr
2026-02-20T02:53:29.702+0000 7fb14b5bb640 1 --2- 10.20.193.9:0/1292973847 >> [v2:10.20.193.9:6800/929022139,v1:10.20.193.9:6801/929022139] conn(0x7fb12003dba0 0x7fb120040060 unknown :-1 s=CLOSED pgs=12 cs=0 l=1 rev1=1 crypto rx=0 tx=0 comp rx=0 tx=0).stop
2026-02-20T02:53:29.733 INFO:teuthology.orchestra.run.trial009.stdout:/usr/bin/ceph: stderr
2026-02-20T02:53:29.702+0000 7fb14b5bb640 1 --2- 10.20.193.9:0/1292973847 >> [v2:10.20.193.9:3300/0,v1:10.20.193.9:6789/0] conn(0x7fb14410a9d0 0x7fb1441a0320 unknown :-1 s=CLOSED pgs=46 cs=0 l=1 rev1=1 crypto rx=0 tx=0 comp rx=0 tx=0).stop
2026-02-20T02:53:29.733 INFO:teuthology.orchestra.run.trial009.stdout:/usr/bin/ceph: stderr
2026-02-20T02:53:29.702+0000 7fb14b5bb640 1 -- 10.20.193.9:0/1292973847 >> 10.20.193.9:0/1292973847 conn(0x7fb14407da60 msgr2=0x7fb144108670 unknown :-1 s=STATE_NONE l=0).mark_down
2026-02-20T02:53:29.733 INFO:teuthology.orchestra.run.trial009.stdout:/usr/bin/ceph: stderr
2026-02-20T02:53:29.702+0000 7fb14b5bb640 1 -- 10.20.193.9:0/1292973847 shutdown_connections
2026-02-20T02:53:29.733 INFO:teuthology.orchestra.run.trial009.stdout:/usr/bin/ceph: stderr
2026-02-20T02:53:29.702+0000 7fb14b5bb640 1 -- 10.20.193.9:0/1292973847 wait complete.
2026-02-20T02:53:29.734 INFO:teuthology.orchestra.run.trial009.stdout:Deploying unmanaged mgr service...
2026-02-20T02:53:29.951 INFO:teuthology.orchestra.run.trial009.stdout:/usr/bin/ceph: stdout Scheduled mgr update...
2026-02-20T02:53:29.952 INFO:teuthology.orchestra.run.trial009.stdout:/usr/bin/ceph: stderr
2026-02-20T02:53:29.822+0000 7f880daf8640 1 Processor -- start
2026-02-20T02:53:29.952 INFO:teuthology.orchestra.run.trial009.stdout:/usr/bin/ceph: stderr
2026-02-20T02:53:29.822+0000 7f880daf8640 1 -- start start
2026-02-20T02:53:29.952 INFO:teuthology.orchestra.run.trial009.stdout:/usr/bin/ceph: stderr
2026-02-20T02:53:29.822+0000 7f880daf8640 1 --2- >> [v2:10.20.193.9:3300/0,v1:10.20.193.9:6789/0] conn(0x7f880810a9d0 0x7f880810add0 unknown :-1 s=NONE pgs=0 cs=0 l=0 rev1=0 crypto rx=0 tx=0 comp rx=0 tx=0).connect
2026-02-20T02:53:29.952 INFO:teuthology.orchestra.run.trial009.stdout:/usr/bin/ceph: stderr
2026-02-20T02:53:29.822+0000 7f880daf8640 1 -- --> [v2:10.20.193.9:3300/0,v1:10.20.193.9:6789/0] -- mon_getmap magic: 0 -- 0x7f880810b3a0 con 0x7f880810a9d0
2026-02-20T02:53:29.952 INFO:teuthology.orchestra.run.trial009.stdout:/usr/bin/ceph: stderr
2026-02-20T02:53:29.823+0000 7f88077fe640 1 --2- >> [v2:10.20.193.9:3300/0,v1:10.20.193.9:6789/0] conn(0x7f880810a9d0 0x7f880810add0 unknown :-1 s=BANNER_CONNECTING pgs=0 cs=0 l=0 rev1=0 crypto rx=0 tx=0 comp rx=0 tx=0)._handle_peer_banner_payload supported=3 required=0
2026-02-20T02:53:29.952 INFO:teuthology.orchestra.run.trial009.stdout:/usr/bin/ceph: stderr
2026-02-20T02:53:29.823+0000 7f88077fe640 1 --2- >> [v2:10.20.193.9:3300/0,v1:10.20.193.9:6789/0] conn(0x7f880810a9d0 0x7f880810add0 unknown :-1 s=HELLO_CONNECTING pgs=0 cs=0 l=0 rev1=1 crypto rx=0 tx=0 comp rx=0 tx=0).handle_hello peer v2:10.20.193.9:3300/0 says I am v2:10.20.193.9:42934/0 (socket says 10.20.193.9:42934)
2026-02-20T02:53:29.952 INFO:teuthology.orchestra.run.trial009.stdout:/usr/bin/ceph: stderr
2026-02-20T02:53:29.823+0000 7f88077fe640 1 -- 10.20.193.9:0/3165493025 learned_addr learned my addr 10.20.193.9:0/3165493025 (peer_addr_for_me v2:10.20.193.9:0/0)
2026-02-20T02:53:29.952 INFO:teuthology.orchestra.run.trial009.stdout:/usr/bin/ceph: stderr
2026-02-20T02:53:29.823+0000 7f88077fe640 1 -- 10.20.193.9:0/3165493025 --> [v2:10.20.193.9:3300/0,v1:10.20.193.9:6789/0] -- mon_subscribe({config=0+,monmap=0+}) -- 0x7f880810b6f0 con 0x7f880810a9d0
2026-02-20T02:53:29.952 INFO:teuthology.orchestra.run.trial009.stdout:/usr/bin/ceph: stderr
2026-02-20T02:53:29.823+0000 7f88077fe640 1 --2- 10.20.193.9:0/3165493025 >> [v2:10.20.193.9:3300/0,v1:10.20.193.9:6789/0] conn(0x7f880810a9d0 0x7f880810add0 secure :-1 s=READY pgs=47 cs=0 l=1 rev1=1 crypto rx=0x7f87f4009920 tx=0x7f87f402ef20 comp rx=0 tx=0).ready entity=mon.0 client_cookie=6c508d9487bda1c6 server_cookie=0 in_seq=0 out_seq=0
2026-02-20T02:53:29.953 INFO:teuthology.orchestra.run.trial009.stdout:/usr/bin/ceph: stderr
2026-02-20T02:53:29.823+0000 7f88067fc640 1 -- 10.20.193.9:0/3165493025 <== mon.0 v2:10.20.193.9:3300/0 1 ==== mon_map magic: 0 ==== 205+0+0 (secure 0 0 0) 0x7f87f403c070 con 0x7f880810a9d0
2026-02-20T02:53:29.953 INFO:teuthology.orchestra.run.trial009.stdout:/usr/bin/ceph: stderr
2026-02-20T02:53:29.823+0000 7f88067fc640 1 -- 10.20.193.9:0/3165493025 <== mon.0 v2:10.20.193.9:3300/0 2 ==== config(25 keys) ==== 1007+0+0 (secure 0 0 0) 0x7f87f4037440 con 0x7f880810a9d0
2026-02-20T02:53:29.953 INFO:teuthology.orchestra.run.trial009.stdout:/usr/bin/ceph: stderr
2026-02-20T02:53:29.823+0000 7f88067fc640 1 -- 10.20.193.9:0/3165493025 <== mon.0 v2:10.20.193.9:3300/0 3 ==== mon_map magic: 0 ==== 205+0+0 (secure 0 0 0) 0x7f87f40354d0 con 0x7f880810a9d0
2026-02-20T02:53:29.953 INFO:teuthology.orchestra.run.trial009.stdout:/usr/bin/ceph: stderr
2026-02-20T02:53:29.824+0000 7f880daf8640 1 -- 10.20.193.9:0/3165493025 >> [v2:10.20.193.9:3300/0,v1:10.20.193.9:6789/0] conn(0x7f880810a9d0 msgr2=0x7f880810add0 secure :-1 s=STATE_CONNECTION_ESTABLISHED l=1).mark_down
2026-02-20T02:53:29.953 INFO:teuthology.orchestra.run.trial009.stdout:/usr/bin/ceph: stderr
2026-02-20T02:53:29.824+0000 7f880daf8640 1 --2- 10.20.193.9:0/3165493025 >> [v2:10.20.193.9:3300/0,v1:10.20.193.9:6789/0] conn(0x7f880810a9d0 0x7f880810add0 secure :-1 s=READY pgs=47 cs=0 l=1 rev1=1 crypto rx=0x7f87f4009920 tx=0x7f87f402ef20 comp rx=0 tx=0).stop
2026-02-20T02:53:29.953 INFO:teuthology.orchestra.run.trial009.stdout:/usr/bin/ceph: stderr
2026-02-20T02:53:29.824+0000 7f880daf8640 1 -- 10.20.193.9:0/3165493025 shutdown_connections
2026-02-20T02:53:29.953 INFO:teuthology.orchestra.run.trial009.stdout:/usr/bin/ceph: stderr
2026-02-20T02:53:29.824+0000 7f880daf8640 1 --2- 10.20.193.9:0/3165493025 >> [v2:10.20.193.9:3300/0,v1:10.20.193.9:6789/0] conn(0x7f880810a9d0 0x7f880810add0 unknown :-1 s=CLOSED pgs=47 cs=0 l=1 rev1=1 crypto rx=0 tx=0 comp rx=0 tx=0).stop
2026-02-20T02:53:29.954 INFO:teuthology.orchestra.run.trial009.stdout:/usr/bin/ceph: stderr
2026-02-20T02:53:29.824+0000 7f880daf8640 1 -- 10.20.193.9:0/3165493025 >> 10.20.193.9:0/3165493025 conn(0x7f880807da60 msgr2=0x7f880807de70 unknown :-1 s=STATE_NONE l=0).mark_down
2026-02-20T02:53:29.954 INFO:teuthology.orchestra.run.trial009.stdout:/usr/bin/ceph: stderr
2026-02-20T02:53:29.824+0000 7f880daf8640 1 -- 10.20.193.9:0/3165493025 shutdown_connections
2026-02-20T02:53:29.954 INFO:teuthology.orchestra.run.trial009.stdout:/usr/bin/ceph: stderr
2026-02-20T02:53:29.824+0000 7f880daf8640 1 -- 10.20.193.9:0/3165493025 wait complete.
2026-02-20T02:53:29.954 INFO:teuthology.orchestra.run.trial009.stdout:/usr/bin/ceph: stderr
2026-02-20T02:53:29.824+0000 7f880daf8640 1 Processor -- start
2026-02-20T02:53:29.954 INFO:teuthology.orchestra.run.trial009.stdout:/usr/bin/ceph: stderr
2026-02-20T02:53:29.824+0000 7f880daf8640 1 -- start start
2026-02-20T02:53:29.954 INFO:teuthology.orchestra.run.trial009.stdout:/usr/bin/ceph: stderr
2026-02-20T02:53:29.824+0000 7f880daf8640 1 --2- >> [v2:10.20.193.9:3300/0,v1:10.20.193.9:6789/0] conn(0x7f880810a9d0 0x7f88081a0300 unknown :-1 s=NONE pgs=0 cs=0 l=1 rev1=0 crypto rx=0 tx=0 comp rx=0 tx=0).connect
2026-02-20T02:53:29.954 INFO:teuthology.orchestra.run.trial009.stdout:/usr/bin/ceph: stderr
2026-02-20T02:53:29.824+0000 7f880daf8640 1 -- --> [v2:10.20.193.9:3300/0,v1:10.20.193.9:6789/0] -- mon_getmap magic: 0 -- 0x7f880810e920 con 0x7f880810a9d0
2026-02-20T02:53:29.954 INFO:teuthology.orchestra.run.trial009.stdout:/usr/bin/ceph: stderr
2026-02-20T02:53:29.824+0000 7f88077fe640 1 --2- >> [v2:10.20.193.9:3300/0,v1:10.20.193.9:6789/0] conn(0x7f880810a9d0 0x7f88081a0300 unknown :-1 s=BANNER_CONNECTING pgs=0 cs=0 l=1 rev1=0 crypto rx=0 tx=0 comp rx=0 tx=0)._handle_peer_banner_payload supported=3 required=0
2026-02-20T02:53:29.954 INFO:teuthology.orchestra.run.trial009.stdout:/usr/bin/ceph: stderr
2026-02-20T02:53:29.824+0000 7f88077fe640 1 --2- >> [v2:10.20.193.9:3300/0,v1:10.20.193.9:6789/0] conn(0x7f880810a9d0 0x7f88081a0300 unknown :-1 s=HELLO_CONNECTING pgs=0 cs=0 l=1 rev1=1 crypto rx=0 tx=0 comp rx=0 tx=0).handle_hello peer v2:10.20.193.9:3300/0 says I am v2:10.20.193.9:42950/0 (socket says 10.20.193.9:42950)
2026-02-20T02:53:29.955 INFO:teuthology.orchestra.run.trial009.stdout:/usr/bin/ceph: stderr
2026-02-20T02:53:29.824+0000 7f88077fe640 1 -- 10.20.193.9:0/4282064154 learned_addr learned my addr 10.20.193.9:0/4282064154 (peer_addr_for_me v2:10.20.193.9:0/0)
2026-02-20T02:53:29.955 INFO:teuthology.orchestra.run.trial009.stdout:/usr/bin/ceph: stderr
2026-02-20T02:53:29.825+0000 7f88077fe640 1 -- 10.20.193.9:0/4282064154 --> [v2:10.20.193.9:3300/0,v1:10.20.193.9:6789/0] -- mon_subscribe({config=0+,monmap=0+}) -- 0x7f88081a0840 con 0x7f880810a9d0
2026-02-20T02:53:29.955 INFO:teuthology.orchestra.run.trial009.stdout:/usr/bin/ceph: stderr
2026-02-20T02:53:29.825+0000 7f88077fe640 1 --2- 10.20.193.9:0/4282064154 >> [v2:10.20.193.9:3300/0,v1:10.20.193.9:6789/0] conn(0x7f880810a9d0 0x7f88081a0300 secure :-1 s=READY pgs=48 cs=0 l=1 rev1=1 crypto rx=0x7f87f4035e10 tx=0x7f87f4035e40 comp rx=0 tx=0).ready entity=mon.0 client_cookie=0 server_cookie=0 in_seq=0 out_seq=0
2026-02-20T02:53:29.955 INFO:teuthology.orchestra.run.trial009.stdout:/usr/bin/ceph: stderr
2026-02-20T02:53:29.825+0000 7f8804ff9640 1 -- 10.20.193.9:0/4282064154 <== mon.0 v2:10.20.193.9:3300/0 1 ==== mon_map magic: 0 ==== 205+0+0 (secure 0 0 0) 0x7f87f4045070 con 0x7f880810a9d0
2026-02-20T02:53:29.955 INFO:teuthology.orchestra.run.trial009.stdout:/usr/bin/ceph: stderr
2026-02-20T02:53:29.825+0000 7f8804ff9640 1 -- 10.20.193.9:0/4282064154 <== mon.0 v2:10.20.193.9:3300/0 2 ==== config(25 keys) ==== 1007+0+0 (secure 0 0 0) 0x7f87f4040450 con 0x7f880810a9d0
2026-02-20T02:53:29.955 INFO:teuthology.orchestra.run.trial009.stdout:/usr/bin/ceph: stderr
2026-02-20T02:53:29.825+0000 7f880daf8640 1 -- 10.20.193.9:0/4282064154 --> [v2:10.20.193.9:3300/0,v1:10.20.193.9:6789/0] -- mon_subscribe({mgrmap=0+}) -- 0x7f88081a0ad0 con 0x7f880810a9d0
2026-02-20T02:53:29.955 INFO:teuthology.orchestra.run.trial009.stdout:/usr/bin/ceph: stderr
2026-02-20T02:53:29.825+0000 7f8804ff9640 1 -- 10.20.193.9:0/4282064154 <== mon.0 v2:10.20.193.9:3300/0 3 ==== mon_map magic: 0 ==== 205+0+0 (secure 0 0 0) 0x7f87f403c070 con 0x7f880810a9d0
2026-02-20T02:53:29.955 INFO:teuthology.orchestra.run.trial009.stdout:/usr/bin/ceph: stderr
2026-02-20T02:53:29.825+0000 7f880daf8640 1 -- 10.20.193.9:0/4282064154 --> [v2:10.20.193.9:3300/0,v1:10.20.193.9:6789/0] -- mon_subscribe({osdmap=0}) -- 0x7f88081a37c0 con 0x7f880810a9d0
2026-02-20T02:53:29.955 INFO:teuthology.orchestra.run.trial009.stdout:/usr/bin/ceph: stderr
2026-02-20T02:53:29.825+0000 7f880daf8640 1 -- 10.20.193.9:0/4282064154 --> [v2:10.20.193.9:3300/0,v1:10.20.193.9:6789/0] -- mon_command({"prefix": "get_command_descriptions"} v 0) -- 0x7f880810ae50 con 0x7f880810a9d0
2026-02-20T02:53:29.955 INFO:teuthology.orchestra.run.trial009.stdout:/usr/bin/ceph: stderr
2026-02-20T02:53:29.825+0000 7f8804ff9640 1 -- 10.20.193.9:0/4282064154 <== mon.0 v2:10.20.193.9:3300/0 4 ==== mgrmap(e 8) ==== 50247+0+0 (secure 0 0 0) 0x7f87f4040600 con 0x7f880810a9d0
2026-02-20T02:53:29.955 INFO:teuthology.orchestra.run.trial009.stdout:/usr/bin/ceph: stderr
2026-02-20T02:53:29.826+0000 7f8804ff9640 1 --2- 10.20.193.9:0/4282064154 >> [v2:10.20.193.9:6800/929022139,v1:10.20.193.9:6801/929022139] conn(0x7f87dc03dbf0 0x7f87dc0400b0 unknown :-1 s=NONE pgs=0 cs=0 l=1 rev1=0 crypto rx=0 tx=0 comp rx=0 tx=0).connect
2026-02-20T02:53:29.955 INFO:teuthology.orchestra.run.trial009.stdout:/usr/bin/ceph: stderr
2026-02-20T02:53:29.826+0000 7f8804ff9640 1 -- 10.20.193.9:0/4282064154 <== mon.0 v2:10.20.193.9:3300/0 5 ==== osd_map(2..2 src has 1..2) ==== 940+0+0 (secure 0 0 0) 0x7f87f4076970 con 0x7f880810a9d0
2026-02-20T02:53:29.956 INFO:teuthology.orchestra.run.trial009.stdout:/usr/bin/ceph: stderr
2026-02-20T02:53:29.826+0000 7f8806ffd640 1 --2- 10.20.193.9:0/4282064154 >> [v2:10.20.193.9:6800/929022139,v1:10.20.193.9:6801/929022139] conn(0x7f87dc03dbf0 0x7f87dc0400b0 unknown :-1 s=BANNER_CONNECTING pgs=0 cs=0 l=1 rev1=0 crypto rx=0 tx=0 comp rx=0 tx=0)._handle_peer_banner_payload supported=3 required=0
2026-02-20T02:53:29.956 INFO:teuthology.orchestra.run.trial009.stdout:/usr/bin/ceph: stderr
2026-02-20T02:53:29.826+0000 7f8806ffd640 1 --2- 10.20.193.9:0/4282064154 >> [v2:10.20.193.9:6800/929022139,v1:10.20.193.9:6801/929022139] conn(0x7f87dc03dbf0 0x7f87dc0400b0 secure :-1 s=READY pgs=13 cs=0 l=1 rev1=1 crypto rx=0x7f87f80099c0 tx=0x7f87f8006eb0 comp rx=0 tx=0).ready entity=mgr.14118 client_cookie=0 server_cookie=0 in_seq=0 out_seq=0
2026-02-20T02:53:29.956 INFO:teuthology.orchestra.run.trial009.stdout:/usr/bin/ceph: stderr
2026-02-20T02:53:29.828+0000 7f8804ff9640 1 -- 10.20.193.9:0/4282064154 <== mon.0 v2:10.20.193.9:3300/0 6 ==== mon_command_ack([{"prefix": "get_command_descriptions"}]=0 v0) ==== 72+0+195341 (secure 0 0 0) 0x7f87f4048360 con 0x7f880810a9d0
2026-02-20T02:53:29.956 INFO:teuthology.orchestra.run.trial009.stdout:/usr/bin/ceph: stderr
2026-02-20T02:53:29.917+0000 7f880daf8640 1 -- 10.20.193.9:0/4282064154 --> [v2:10.20.193.9:6800/929022139,v1:10.20.193.9:6801/929022139] -- mgr_command(tid 0: {"prefix": "orch apply", "service_type": "mgr", "unmanaged": true, "target": ["mon-mgr", ""]}) -- 0x7f8808108d70 con 0x7f87dc03dbf0
2026-02-20T02:53:29.956 INFO:teuthology.orchestra.run.trial009.stdout:/usr/bin/ceph: stderr
2026-02-20T02:53:29.920+0000 7f8804ff9640 1 -- 10.20.193.9:0/4282064154 <== mgr.14118 v2:10.20.193.9:6800/929022139 1 ==== mgr_command_reply(tid 0: 0 ) ==== 8+0+24 (secure 0 0 0) 0x7f8808108d70 con 0x7f87dc03dbf0
2026-02-20T02:53:29.956 INFO:teuthology.orchestra.run.trial009.stdout:/usr/bin/ceph: stderr
2026-02-20T02:53:29.922+0000 7f880daf8640 1 -- 10.20.193.9:0/4282064154 >> [v2:10.20.193.9:6800/929022139,v1:10.20.193.9:6801/929022139] conn(0x7f87dc03dbf0 msgr2=0x7f87dc0400b0 secure :-1 s=STATE_CONNECTION_ESTABLISHED l=1).mark_down
2026-02-20T02:53:29.956 INFO:teuthology.orchestra.run.trial009.stdout:/usr/bin/ceph: stderr
2026-02-20T02:53:29.922+0000 7f880daf8640 1 --2- 10.20.193.9:0/4282064154 >> [v2:10.20.193.9:6800/929022139,v1:10.20.193.9:6801/929022139] conn(0x7f87dc03dbf0 0x7f87dc0400b0 secure :-1 s=READY pgs=13 cs=0 l=1 rev1=1 crypto rx=0x7f87f80099c0 tx=0x7f87f8006eb0 comp rx=0 tx=0).stop
2026-02-20T02:53:29.956 INFO:teuthology.orchestra.run.trial009.stdout:/usr/bin/ceph: stderr
2026-02-20T02:53:29.922+0000 7f880daf8640 1 -- 10.20.193.9:0/4282064154 >> [v2:10.20.193.9:3300/0,v1:10.20.193.9:6789/0] conn(0x7f880810a9d0 msgr2=0x7f88081a0300 secure :-1 s=STATE_CONNECTION_ESTABLISHED l=1).mark_down
2026-02-20T02:53:29.956 INFO:teuthology.orchestra.run.trial009.stdout:/usr/bin/ceph: stderr
2026-02-20T02:53:29.922+0000 7f880daf8640 1 --2- 10.20.193.9:0/4282064154 >> [v2:10.20.193.9:3300/0,v1:10.20.193.9:6789/0] conn(0x7f880810a9d0 0x7f88081a0300 secure :-1 s=READY pgs=48 cs=0 l=1 rev1=1 crypto rx=0x7f87f4035e10 tx=0x7f87f4035e40 comp rx=0 tx=0).stop
2026-02-20T02:53:29.956 INFO:teuthology.orchestra.run.trial009.stdout:/usr/bin/ceph: stderr
2026-02-20T02:53:29.922+0000 7f880daf8640 1 -- 10.20.193.9:0/4282064154 shutdown_connections
2026-02-20T02:53:29.956 INFO:teuthology.orchestra.run.trial009.stdout:/usr/bin/ceph: stderr
2026-02-20T02:53:29.922+0000 7f880daf8640 1 --2- 10.20.193.9:0/4282064154 >> [v2:10.20.193.9:6800/929022139,v1:10.20.193.9:6801/929022139] conn(0x7f87dc03dbf0 0x7f87dc0400b0 unknown :-1 s=CLOSED pgs=13 cs=0 l=1 rev1=1 crypto rx=0 tx=0 comp rx=0 tx=0).stop
2026-02-20T02:53:29.957 INFO:teuthology.orchestra.run.trial009.stdout:/usr/bin/ceph: stderr
2026-02-20T02:53:29.922+0000 7f880daf8640 1 --2- 10.20.193.9:0/4282064154 >> [v2:10.20.193.9:3300/0,v1:10.20.193.9:6789/0] conn(0x7f880810a9d0 0x7f88081a0300 unknown :-1 s=CLOSED pgs=48 cs=0 l=1 rev1=1 crypto rx=0 tx=0 comp rx=0 tx=0).stop
2026-02-20T02:53:29.957 INFO:teuthology.orchestra.run.trial009.stdout:/usr/bin/ceph: stderr
2026-02-20T02:53:29.922+0000 7f880daf8640 1 -- 10.20.193.9:0/4282064154 >> 10.20.193.9:0/4282064154 conn(0x7f880807da60 msgr2=0x7f8808108660 unknown :-1 s=STATE_NONE l=0).mark_down
2026-02-20T02:53:29.957 INFO:teuthology.orchestra.run.trial009.stdout:/usr/bin/ceph: stderr
2026-02-20T02:53:29.922+0000 7f880daf8640 1 -- 10.20.193.9:0/4282064154 shutdown_connections
2026-02-20T02:53:29.957 INFO:teuthology.orchestra.run.trial009.stdout:/usr/bin/ceph: stderr
2026-02-20T02:53:29.923+0000 7f880daf8640 1 -- 10.20.193.9:0/4282064154 wait complete.
2026-02-20T02:53:30.056 INFO:journalctl@ceph.mon.a.trial009.stdout:Feb 20 02:53:30 trial009 ceph-mon[40875]: Deploying cephadm binary to trial009
2026-02-20T02:53:30.056 INFO:journalctl@ceph.mon.a.trial009.stdout:Feb 20 02:53:30 trial009 ceph-mon[40875]: from='mgr.14118 10.20.193.9:0/2377516190' entity='mgr.x'
2026-02-20T02:53:30.056 INFO:journalctl@ceph.mon.a.trial009.stdout:Feb 20 02:53:30 trial009 ceph-mon[40875]: from='mgr.14118 10.20.193.9:0/2377516190' entity='mgr.x' cmd=[{"prefix": "config dump", "format": "json"}]: dispatch
2026-02-20T02:53:30.056 INFO:journalctl@ceph.mon.a.trial009.stdout:Feb 20 02:53:30 trial009 ceph-mon[40875]: from='mgr.14118 10.20.193.9:0/2377516190' entity='mgr.x'
2026-02-20T02:53:30.056 INFO:journalctl@ceph.mon.a.trial009.stdout:Feb 20 02:53:30 trial009 ceph-mon[40875]: from='mgr.14118 10.20.193.9:0/2377516190' entity='mgr.x'
2026-02-20T02:53:30.056 INFO:journalctl@ceph.mon.a.trial009.stdout:Feb 20 02:53:30 trial009 ceph-mon[40875]: from='mgr.14118 10.20.193.9:0/2377516190' entity='mgr.x'
2026-02-20T02:53:30.177 INFO:teuthology.orchestra.run.trial009.stdout:/usr/bin/ceph: stderr
2026-02-20T02:53:30.053+0000 7f3df4908640 1 Processor -- start
2026-02-20T02:53:30.177 INFO:teuthology.orchestra.run.trial009.stdout:/usr/bin/ceph: stderr
2026-02-20T02:53:30.053+0000 7f3df4908640 1 -- start start
2026-02-20T02:53:30.177 INFO:teuthology.orchestra.run.trial009.stdout:/usr/bin/ceph: stderr
2026-02-20T02:53:30.053+0000 7f3df4908640 1 --2- >> [v2:10.20.193.9:3300/0,v1:10.20.193.9:6789/0] conn(0x7f3df010a8a0 0x7f3df010aca0 unknown :-1 s=NONE pgs=0 cs=0 l=0 rev1=0 crypto rx=0 tx=0 comp rx=0 tx=0).connect
2026-02-20T02:53:30.177 INFO:teuthology.orchestra.run.trial009.stdout:/usr/bin/ceph: stderr
2026-02-20T02:53:30.053+0000 7f3df4908640 1 -- --> [v2:10.20.193.9:3300/0,v1:10.20.193.9:6789/0] -- mon_getmap magic: 0 -- 0x7f3df010b270 con 0x7f3df010a8a0
2026-02-20T02:53:30.177 INFO:teuthology.orchestra.run.trial009.stdout:/usr/bin/ceph: stderr
2026-02-20T02:53:30.053+0000 7f3def7fe640 1 --2- >> [v2:10.20.193.9:3300/0,v1:10.20.193.9:6789/0] conn(0x7f3df010a8a0 0x7f3df010aca0 unknown :-1 s=BANNER_CONNECTING pgs=0 cs=0 l=0 rev1=0 crypto rx=0 tx=0 comp rx=0 tx=0)._handle_peer_banner_payload supported=3 required=0
2026-02-20T02:53:30.178 INFO:teuthology.orchestra.run.trial009.stdout:/usr/bin/ceph: stderr
2026-02-20T02:53:30.053+0000 7f3def7fe640 1 --2- >> [v2:10.20.193.9:3300/0,v1:10.20.193.9:6789/0] conn(0x7f3df010a8a0 0x7f3df010aca0 unknown :-1 s=HELLO_CONNECTING pgs=0 cs=0 l=0 rev1=1 crypto rx=0 tx=0 comp rx=0 tx=0).handle_hello peer v2:10.20.193.9:3300/0 says I am v2:10.20.193.9:42956/0 (socket says 10.20.193.9:42956)
2026-02-20T02:53:30.178 INFO:teuthology.orchestra.run.trial009.stdout:/usr/bin/ceph: stderr
2026-02-20T02:53:30.053+0000 7f3def7fe640 1 -- 10.20.193.9:0/395652521 learned_addr learned my addr 10.20.193.9:0/395652521 (peer_addr_for_me v2:10.20.193.9:0/0)
2026-02-20T02:53:30.178 INFO:teuthology.orchestra.run.trial009.stdout:/usr/bin/ceph: stderr
2026-02-20T02:53:30.054+0000 7f3def7fe640 1 -- 10.20.193.9:0/395652521 --> [v2:10.20.193.9:3300/0,v1:10.20.193.9:6789/0] -- mon_subscribe({config=0+,monmap=0+}) -- 0x7f3df010b3f0 con 0x7f3df010a8a0
2026-02-20T02:53:30.178 INFO:teuthology.orchestra.run.trial009.stdout:/usr/bin/ceph: stderr
2026-02-20T02:53:30.054+0000 7f3def7fe640 1 --2- 10.20.193.9:0/395652521 >> [v2:10.20.193.9:3300/0,v1:10.20.193.9:6789/0] conn(0x7f3df010a8a0 0x7f3df010aca0 secure :-1 s=READY pgs=49 cs=0 l=1 rev1=1 crypto rx=0x7f3ddc009920 tx=0x7f3ddc02ef20 comp rx=0 tx=0).ready entity=mon.0 client_cookie=85b3bba29efab929 server_cookie=0 in_seq=0 out_seq=0
2026-02-20T02:53:30.178 INFO:teuthology.orchestra.run.trial009.stdout:/usr/bin/ceph: stderr
2026-02-20T02:53:30.054+0000 7f3dee7fc640 1 -- 10.20.193.9:0/395652521 <== mon.0 v2:10.20.193.9:3300/0 1 ==== mon_map magic: 0 ==== 205+0+0 (secure 0 0 0) 0x7f3ddc03c070 con 0x7f3df010a8a0
2026-02-20T02:53:30.178 INFO:teuthology.orchestra.run.trial009.stdout:/usr/bin/ceph: stderr
2026-02-20T02:53:30.054+0000 7f3dee7fc640 1 -- 10.20.193.9:0/395652521 <== mon.0 v2:10.20.193.9:3300/0 2 ==== config(25 keys) ==== 1038+0+0 (secure 0 0 0) 0x7f3ddc037440 con 0x7f3df010a8a0
2026-02-20T02:53:30.178 INFO:teuthology.orchestra.run.trial009.stdout:/usr/bin/ceph: stderr
2026-02-20T02:53:30.054+0000 7f3dee7fc640 1 -- 10.20.193.9:0/395652521 <== mon.0 v2:10.20.193.9:3300/0 3 ==== mon_map magic: 0 ==== 205+0+0 (secure 0 0 0) 0x7f3ddc0354d0 con 0x7f3df010a8a0
2026-02-20T02:53:30.178 INFO:teuthology.orchestra.run.trial009.stdout:/usr/bin/ceph: stderr
