2026-02-20T03:04:45.374+0000 7f7bbd872640 1 --2- 10.20.193.13:0/331351492 >> [v2:10.20.193.13:6800/3984866195,v1:10.20.193.13:6801/3984866195] conn(0x7f7b9403dad0 0x7f7b9403ff90 secure :-1 s=READY pgs=7 cs=0 l=1 rev1=1 crypto rx=0x7f7bac0099c0 tx=0x7f7bac006eb0 comp rx=0 tx=0).ready entity=mgr.14118 client_cookie=0 server_cookie=0 in_seq=0 out_seq=0
2026-02-20T03:04:45.557 INFO:teuthology.orchestra.run.trial013.stdout:/usr/bin/ceph: stderr
2026-02-20T03:04:45.376+0000 7f7b9f7fe640 1 -- 10.20.193.13:0/331351492 <== mon.0 v2:10.20.193.13:3300/0 6 ==== mon_command_ack([{"prefix": "get_command_descriptions"}]=0 v0) ==== 72+0+195341 (secure 0 0 0) 0x7f7ba803fe40 con 0x7f7bb807ddb0
2026-02-20T03:04:45.557 INFO:teuthology.orchestra.run.trial013.stdout:/usr/bin/ceph: stderr
2026-02-20T03:04:45.472+0000 7f7bbf075640 1 -- 10.20.193.13:0/331351492 --> [v2:10.20.193.13:6800/3984866195,v1:10.20.193.13:6801/3984866195] -- mgr_command(tid 0: {"prefix": "orch set backend", "module_name": "cephadm", "target": ["mon-mgr", ""]}) -- 0x7f7bb8104ad0 con 0x7f7b9403dad0
2026-02-20T03:04:45.557 INFO:teuthology.orchestra.run.trial013.stdout:/usr/bin/ceph: stderr
2026-02-20T03:04:45.477+0000 7f7b9f7fe640 1 -- 10.20.193.13:0/331351492 <== mgr.14118 v2:10.20.193.13:6800/3984866195 1 ==== mgr_command_reply(tid 0: 0 ) ==== 8+0+0 (secure 0 0 0) 0x7f7bb8104ad0 con 0x7f7b9403dad0
2026-02-20T03:04:45.557 INFO:teuthology.orchestra.run.trial013.stdout:/usr/bin/ceph: stderr
2026-02-20T03:04:45.478+0000 7f7bbf075640 1 -- 10.20.193.13:0/331351492 >> [v2:10.20.193.13:6800/3984866195,v1:10.20.193.13:6801/3984866195] conn(0x7f7b9403dad0 msgr2=0x7f7b9403ff90 secure :-1 s=STATE_CONNECTION_ESTABLISHED l=1).mark_down
2026-02-20T03:04:45.557 INFO:teuthology.orchestra.run.trial013.stdout:/usr/bin/ceph: stderr
2026-02-20T03:04:45.478+0000 7f7bbf075640 1 --2- 10.20.193.13:0/331351492 >> [v2:10.20.193.13:6800/3984866195,v1:10.20.193.13:6801/3984866195] conn(0x7f7b9403dad0 0x7f7b9403ff90 secure :-1 s=READY pgs=7 cs=0 l=1 rev1=1 crypto rx=0x7f7bac0099c0 tx=0x7f7bac006eb0 comp rx=0 tx=0).stop
2026-02-20T03:04:45.557 INFO:teuthology.orchestra.run.trial013.stdout:/usr/bin/ceph: stderr
2026-02-20T03:04:45.478+0000 7f7bbf075640 1 -- 10.20.193.13:0/331351492 >> [v2:10.20.193.13:3300/0,v1:10.20.193.13:6789/0] conn(0x7f7bb807ddb0 msgr2=0x7f7bb81a0080 secure :-1 s=STATE_CONNECTION_ESTABLISHED l=1).mark_down
2026-02-20T03:04:45.557 INFO:teuthology.orchestra.run.trial013.stdout:/usr/bin/ceph: stderr
2026-02-20T03:04:45.478+0000 7f7bbf075640 1 --2- 10.20.193.13:0/331351492 >> [v2:10.20.193.13:3300/0,v1:10.20.193.13:6789/0] conn(0x7f7bb807ddb0 0x7f7bb81a0080 secure :-1 s=READY pgs=36 cs=0 l=1 rev1=1 crypto rx=0x7f7ba8009a50 tx=0x7f7ba8037b90 comp rx=0 tx=0).stop
2026-02-20T03:04:45.557 INFO:teuthology.orchestra.run.trial013.stdout:/usr/bin/ceph: stderr
2026-02-20T03:04:45.478+0000 7f7bbf075640 1 -- 10.20.193.13:0/331351492 shutdown_connections
2026-02-20T03:04:45.557 INFO:teuthology.orchestra.run.trial013.stdout:/usr/bin/ceph: stderr
2026-02-20T03:04:45.478+0000 7f7bbf075640 1 --2- 10.20.193.13:0/331351492 >> [v2:10.20.193.13:6800/3984866195,v1:10.20.193.13:6801/3984866195] conn(0x7f7b9403dad0 0x7f7b9403ff90 unknown :-1 s=CLOSED pgs=7 cs=0 l=1 rev1=1 crypto rx=0 tx=0 comp rx=0 tx=0).stop
2026-02-20T03:04:45.557 INFO:teuthology.orchestra.run.trial013.stdout:/usr/bin/ceph: stderr
2026-02-20T03:04:45.478+0000 7f7bbf075640 1 --2- 10.20.193.13:0/331351492 >> [v2:10.20.193.13:3300/0,v1:10.20.193.13:6789/0] conn(0x7f7bb807ddb0 0x7f7bb81a0080 unknown :-1 s=CLOSED pgs=36 cs=0 l=1 rev1=1 crypto rx=0 tx=0 comp rx=0 tx=0).stop
2026-02-20T03:04:45.557 INFO:teuthology.orchestra.run.trial013.stdout:/usr/bin/ceph: stderr
2026-02-20T03:04:45.478+0000 7f7bbf075640 1 -- 10.20.193.13:0/331351492 >> 10.20.193.13:0/331351492 conn(0x7f7bb8103850 msgr2=0x7f7bb81043c0 unknown :-1 s=STATE_NONE l=0).mark_down
2026-02-20T03:04:45.557 INFO:teuthology.orchestra.run.trial013.stdout:/usr/bin/ceph: stderr
2026-02-20T03:04:45.478+0000 7f7bbf075640 1 -- 10.20.193.13:0/331351492 shutdown_connections
2026-02-20T03:04:45.557 INFO:teuthology.orchestra.run.trial013.stdout:/usr/bin/ceph: stderr
2026-02-20T03:04:45.478+0000 7f7bbf075640 1 -- 10.20.193.13:0/331351492 wait complete.
2026-02-20T03:04:45.910 INFO:teuthology.orchestra.run.trial013.stdout:/usr/bin/ceph: stdout value unchanged
2026-02-20T03:04:45.910 INFO:teuthology.orchestra.run.trial013.stdout:/usr/bin/ceph: stderr
2026-02-20T03:04:45.731+0000 7f0540939640 1 Processor -- start
2026-02-20T03:04:45.910 INFO:teuthology.orchestra.run.trial013.stdout:/usr/bin/ceph: stderr
2026-02-20T03:04:45.731+0000 7f0540939640 1 -- start start
2026-02-20T03:04:45.910 INFO:teuthology.orchestra.run.trial013.stdout:/usr/bin/ceph: stderr
2026-02-20T03:04:45.731+0000 7f0540939640 1 --2- >> [v2:10.20.193.13:3300/0,v1:10.20.193.13:6789/0] conn(0x7f053c112bd0 0x7f053c112fd0 unknown :-1 s=NONE pgs=0 cs=0 l=0 rev1=0 crypto rx=0 tx=0 comp rx=0 tx=0).connect
2026-02-20T03:04:45.910 INFO:teuthology.orchestra.run.trial013.stdout:/usr/bin/ceph: stderr
2026-02-20T03:04:45.731+0000 7f0540939640 1 -- --> [v2:10.20.193.13:3300/0,v1:10.20.193.13:6789/0] -- mon_getmap magic: 0 -- 0x7f053c1135a0 con 0x7f053c112bd0
2026-02-20T03:04:45.910 INFO:teuthology.orchestra.run.trial013.stdout:/usr/bin/ceph: stderr
2026-02-20T03:04:45.732+0000 7f053ad76640 1 --2- >> [v2:10.20.193.13:3300/0,v1:10.20.193.13:6789/0] conn(0x7f053c112bd0 0x7f053c112fd0 unknown :-1 s=BANNER_CONNECTING pgs=0 cs=0 l=0 rev1=0 crypto rx=0 tx=0 comp rx=0 tx=0)._handle_peer_banner_payload supported=3 required=0
2026-02-20T03:04:45.910 INFO:teuthology.orchestra.run.trial013.stdout:/usr/bin/ceph: stderr
2026-02-20T03:04:45.732+0000 7f053ad76640 1 --2- >> [v2:10.20.193.13:3300/0,v1:10.20.193.13:6789/0] conn(0x7f053c112bd0 0x7f053c112fd0 unknown :-1 s=HELLO_CONNECTING pgs=0 cs=0 l=0 rev1=1 crypto rx=0 tx=0 comp rx=0 tx=0).handle_hello peer v2:10.20.193.13:3300/0 says I am v2:10.20.193.13:55952/0 (socket says 10.20.193.13:55952)
2026-02-20T03:04:45.910 INFO:teuthology.orchestra.run.trial013.stdout:/usr/bin/ceph: stderr
2026-02-20T03:04:45.732+0000 7f053ad76640 1 -- 10.20.193.13:0/1264886317 learned_addr learned my addr 10.20.193.13:0/1264886317 (peer_addr_for_me v2:10.20.193.13:0/0)
2026-02-20T03:04:45.910 INFO:teuthology.orchestra.run.trial013.stdout:/usr/bin/ceph: stderr
2026-02-20T03:04:45.732+0000 7f053ad76640 1 -- 10.20.193.13:0/1264886317 --> [v2:10.20.193.13:3300/0,v1:10.20.193.13:6789/0] -- mon_subscribe({config=0+,monmap=0+}) -- 0x7f053c113d80 con 0x7f053c112bd0
2026-02-20T03:04:45.910 INFO:teuthology.orchestra.run.trial013.stdout:/usr/bin/ceph: stderr
2026-02-20T03:04:45.733+0000 7f053ad76640 1 --2- 10.20.193.13:0/1264886317 >> [v2:10.20.193.13:3300/0,v1:10.20.193.13:6789/0] conn(0x7f053c112bd0 0x7f053c112fd0 secure :-1 s=READY pgs=37 cs=0 l=1 rev1=1 crypto rx=0x7f0530009920 tx=0x7f053002ef20 comp rx=0 tx=0).ready entity=mon.0 client_cookie=eb309b395b7f0e81 server_cookie=0 in_seq=0 out_seq=0
2026-02-20T03:04:45.910 INFO:teuthology.orchestra.run.trial013.stdout:/usr/bin/ceph: stderr
2026-02-20T03:04:45.733+0000 7f0539d74640 1 -- 10.20.193.13:0/1264886317 <== mon.0 v2:10.20.193.13:3300/0 1 ==== mon_map magic: 0 ==== 205+0+0 (secure 0 0 0) 0x7f053003c070 con 0x7f053c112bd0
2026-02-20T03:04:45.910 INFO:teuthology.orchestra.run.trial013.stdout:/usr/bin/ceph: stderr
2026-02-20T03:04:45.733+0000 7f0539d74640 1 -- 10.20.193.13:0/1264886317 <== mon.0 v2:10.20.193.13:3300/0 2 ==== config(26 keys) ==== 1045+0+0 (secure 0 0 0) 0x7f0530037440 con 0x7f053c112bd0
2026-02-20T03:04:45.910 INFO:teuthology.orchestra.run.trial013.stdout:/usr/bin/ceph: stderr
2026-02-20T03:04:45.733+0000 7f0539d74640 1 -- 10.20.193.13:0/1264886317 <== mon.0 v2:10.20.193.13:3300/0 3 ==== mon_map magic: 0 ==== 205+0+0 (secure 0 0 0) 0x7f05300354b0 con 0x7f053c112bd0
2026-02-20T03:04:45.910 INFO:teuthology.orchestra.run.trial013.stdout:/usr/bin/ceph: stderr
2026-02-20T03:04:45.733+0000 7f0540939640 1 -- 10.20.193.13:0/1264886317 >> [v2:10.20.193.13:3300/0,v1:10.20.193.13:6789/0] conn(0x7f053c112bd0 msgr2=0x7f053c112fd0 secure :-1 s=STATE_CONNECTION_ESTABLISHED l=1).mark_down
2026-02-20T03:04:45.910 INFO:teuthology.orchestra.run.trial013.stdout:/usr/bin/ceph: stderr
2026-02-20T03:04:45.733+0000 7f0540939640 1 --2- 10.20.193.13:0/1264886317 >> [v2:10.20.193.13:3300/0,v1:10.20.193.13:6789/0] conn(0x7f053c112bd0 0x7f053c112fd0 secure :-1 s=READY pgs=37 cs=0 l=1 rev1=1 crypto rx=0x7f0530009920 tx=0x7f053002ef20 comp rx=0 tx=0).stop
2026-02-20T03:04:45.910 INFO:teuthology.orchestra.run.trial013.stdout:/usr/bin/ceph: stderr
2026-02-20T03:04:45.733+0000 7f0540939640 1 -- 10.20.193.13:0/1264886317 shutdown_connections
2026-02-20T03:04:45.910 INFO:teuthology.orchestra.run.trial013.stdout:/usr/bin/ceph: stderr
2026-02-20T03:04:45.733+0000 7f0540939640 1 --2- 10.20.193.13:0/1264886317 >> [v2:10.20.193.13:3300/0,v1:10.20.193.13:6789/0] conn(0x7f053c112bd0 0x7f053c112fd0 unknown :-1 s=CLOSED pgs=37 cs=0 l=1 rev1=1 crypto rx=0 tx=0 comp rx=0 tx=0).stop
2026-02-20T03:04:45.911 INFO:teuthology.orchestra.run.trial013.stdout:/usr/bin/ceph: stderr
2026-02-20T03:04:45.733+0000 7f0540939640 1 -- 10.20.193.13:0/1264886317 >> 10.20.193.13:0/1264886317 conn(0x7f053c06dfe0 msgr2=0x7f053c06e3f0 unknown :-1 s=STATE_NONE l=0).mark_down
2026-02-20T03:04:45.911 INFO:teuthology.orchestra.run.trial013.stdout:/usr/bin/ceph: stderr
2026-02-20T03:04:45.733+0000 7f0540939640 1 -- 10.20.193.13:0/1264886317 shutdown_connections
2026-02-20T03:04:45.911 INFO:teuthology.orchestra.run.trial013.stdout:/usr/bin/ceph: stderr
2026-02-20T03:04:45.733+0000 7f0540939640 1 -- 10.20.193.13:0/1264886317 wait complete.
2026-02-20T03:04:45.911 INFO:teuthology.orchestra.run.trial013.stdout:/usr/bin/ceph: stderr
2026-02-20T03:04:45.734+0000 7f0540939640 1 Processor -- start
2026-02-20T03:04:45.911 INFO:teuthology.orchestra.run.trial013.stdout:/usr/bin/ceph: stderr
2026-02-20T03:04:45.734+0000 7f0540939640 1 -- start start
2026-02-20T03:04:45.911 INFO:teuthology.orchestra.run.trial013.stdout:/usr/bin/ceph: stderr
2026-02-20T03:04:45.734+0000 7f0540939640 1 --2- >> [v2:10.20.193.13:3300/0,v1:10.20.193.13:6789/0] conn(0x7f053c112bd0 0x7f053c073500 unknown :-1 s=NONE pgs=0 cs=0 l=1 rev1=0 crypto rx=0 tx=0 comp rx=0 tx=0).connect
2026-02-20T03:04:45.911 INFO:teuthology.orchestra.run.trial013.stdout:/usr/bin/ceph: stderr
2026-02-20T03:04:45.734+0000 7f0540939640 1 -- --> [v2:10.20.193.13:3300/0,v1:10.20.193.13:6789/0] -- mon_getmap magic: 0 -- 0x7f053c116fb0 con 0x7f053c112bd0
2026-02-20T03:04:45.911 INFO:teuthology.orchestra.run.trial013.stdout:/usr/bin/ceph: stderr
2026-02-20T03:04:45.734+0000 7f053ad76640 1 --2- >> [v2:10.20.193.13:3300/0,v1:10.20.193.13:6789/0] conn(0x7f053c112bd0 0x7f053c073500 unknown :-1 s=BANNER_CONNECTING pgs=0 cs=0 l=1 rev1=0 crypto rx=0 tx=0 comp rx=0 tx=0)._handle_peer_banner_payload supported=3 required=0
2026-02-20T03:04:45.911 INFO:teuthology.orchestra.run.trial013.stdout:/usr/bin/ceph: stderr
2026-02-20T03:04:45.734+0000 7f053ad76640 1 --2- >> [v2:10.20.193.13:3300/0,v1:10.20.193.13:6789/0] conn(0x7f053c112bd0 0x7f053c073500 unknown :-1 s=HELLO_CONNECTING pgs=0 cs=0 l=1 rev1=1 crypto rx=0 tx=0 comp rx=0 tx=0).handle_hello peer v2:10.20.193.13:3300/0 says I am v2:10.20.193.13:55962/0 (socket says 10.20.193.13:55962)
2026-02-20T03:04:45.911 INFO:teuthology.orchestra.run.trial013.stdout:/usr/bin/ceph: stderr
2026-02-20T03:04:45.734+0000 7f053ad76640 1 -- 10.20.193.13:0/622345089 learned_addr learned my addr 10.20.193.13:0/622345089 (peer_addr_for_me v2:10.20.193.13:0/0)
2026-02-20T03:04:45.911 INFO:teuthology.orchestra.run.trial013.stdout:/usr/bin/ceph: stderr
2026-02-20T03:04:45.734+0000 7f053ad76640 1 -- 10.20.193.13:0/622345089 --> [v2:10.20.193.13:3300/0,v1:10.20.193.13:6789/0] -- mon_subscribe({config=0+,monmap=0+}) -- 0x7f053c073a40 con 0x7f053c112bd0
2026-02-20T03:04:45.911 INFO:teuthology.orchestra.run.trial013.stdout:/usr/bin/ceph: stderr
2026-02-20T03:04:45.735+0000 7f053ad76640 1 --2- 10.20.193.13:0/622345089 >> [v2:10.20.193.13:3300/0,v1:10.20.193.13:6789/0] conn(0x7f053c112bd0 0x7f053c073500 secure :-1 s=READY pgs=38 cs=0 l=1 rev1=1 crypto rx=0x7f0530037cd0 tx=0x7f0530037b90 comp rx=0 tx=0).ready entity=mon.0 client_cookie=0 server_cookie=0 in_seq=0 out_seq=0
2026-02-20T03:04:45.911 INFO:teuthology.orchestra.run.trial013.stdout:/usr/bin/ceph: stderr
2026-02-20T03:04:45.735+0000 7f051bfff640 1 -- 10.20.193.13:0/622345089 <== mon.0 v2:10.20.193.13:3300/0 1 ==== mon_map magic: 0 ==== 205+0+0 (secure 0 0 0) 0x7f0530045070 con 0x7f053c112bd0
2026-02-20T03:04:45.911 INFO:teuthology.orchestra.run.trial013.stdout:/usr/bin/ceph: stderr
2026-02-20T03:04:45.735+0000 7f0540939640 1 -- 10.20.193.13:0/622345089 --> [v2:10.20.193.13:3300/0,v1:10.20.193.13:6789/0] -- mon_subscribe({mgrmap=0+}) -- 0x7f053c073cd0 con 0x7f053c112bd0
2026-02-20T03:04:45.911 INFO:teuthology.orchestra.run.trial013.stdout:/usr/bin/ceph: stderr
2026-02-20T03:04:45.735+0000 7f0540939640 1 -- 10.20.193.13:0/622345089 --> [v2:10.20.193.13:3300/0,v1:10.20.193.13:6789/0] -- mon_subscribe({osdmap=0}) -- 0x7f053c070040 con 0x7f053c112bd0
2026-02-20T03:04:45.911 INFO:teuthology.orchestra.run.trial013.stdout:/usr/bin/ceph: stderr
2026-02-20T03:04:45.735+0000 7f051bfff640 1 -- 10.20.193.13:0/622345089 <== mon.0 v2:10.20.193.13:3300/0 2 ==== config(26 keys) ==== 1045+0+0 (secure 0 0 0) 0x7f0530040450 con 0x7f053c112bd0
2026-02-20T03:04:45.911 INFO:teuthology.orchestra.run.trial013.stdout:/usr/bin/ceph: stderr
2026-02-20T03:04:45.735+0000 7f051bfff640 1 -- 10.20.193.13:0/622345089 <== mon.0 v2:10.20.193.13:3300/0 3 ==== mon_map magic: 0 ==== 205+0+0 (secure 0 0 0) 0x7f053003c070 con 0x7f053c112bd0
2026-02-20T03:04:45.911 INFO:teuthology.orchestra.run.trial013.stdout:/usr/bin/ceph: stderr
2026-02-20T03:04:45.736+0000 7f0540939640 1 -- 10.20.193.13:0/622345089 --> [v2:10.20.193.13:3300/0,v1:10.20.193.13:6789/0] -- mon_command({"prefix": "get_command_descriptions"} v 0) -- 0x7f053c113050 con 0x7f053c112bd0
2026-02-20T03:04:45.911 INFO:teuthology.orchestra.run.trial013.stdout:/usr/bin/ceph: stderr
2026-02-20T03:04:45.736+0000 7f051bfff640 1 -- 10.20.193.13:0/622345089 <== mon.0 v2:10.20.193.13:3300/0 4 ==== mgrmap(e 6) ==== 50141+0+0 (secure 0 0 0) 0x7f053003e5f0 con 0x7f053c112bd0
2026-02-20T03:04:45.911 INFO:teuthology.orchestra.run.trial013.stdout:/usr/bin/ceph: stderr
2026-02-20T03:04:45.736+0000 7f051bfff640 1 --2- 10.20.193.13:0/622345089 >> [v2:10.20.193.13:6800/3984866195,v1:10.20.193.13:6801/3984866195] conn(0x7f051003dad0 0x7f051003ff90 unknown :-1 s=NONE pgs=0 cs=0 l=1 rev1=0 crypto rx=0 tx=0 comp rx=0 tx=0).connect
2026-02-20T03:04:45.911 INFO:teuthology.orchestra.run.trial013.stdout:/usr/bin/ceph: stderr
2026-02-20T03:04:45.736+0000 7f051bfff640 1 -- 10.20.193.13:0/622345089 <== mon.0 v2:10.20.193.13:3300/0 5 ==== osd_map(2..2 src has 1..2) ==== 940+0+0 (secure 0 0 0) 0x7f0530076490 con 0x7f053c112bd0
2026-02-20T03:04:45.911 INFO:teuthology.orchestra.run.trial013.stdout:/usr/bin/ceph: stderr
2026-02-20T03:04:45.737+0000 7f053a575640 1 --2- 10.20.193.13:0/622345089 >> [v2:10.20.193.13:6800/3984866195,v1:10.20.193.13:6801/3984866195] conn(0x7f051003dad0 0x7f051003ff90 unknown :-1 s=BANNER_CONNECTING pgs=0 cs=0 l=1 rev1=0 crypto rx=0 tx=0 comp rx=0 tx=0)._handle_peer_banner_payload supported=3 required=0
2026-02-20T03:04:45.911 INFO:teuthology.orchestra.run.trial013.stdout:/usr/bin/ceph: stderr
2026-02-20T03:04:45.737+0000 7f053a575640 1 --2- 10.20.193.13:0/622345089 >> [v2:10.20.193.13:6800/3984866195,v1:10.20.193.13:6801/3984866195] conn(0x7f051003dad0 0x7f051003ff90 secure :-1 s=READY pgs=8 cs=0 l=1 rev1=1 crypto rx=0x7f05240099c0 tx=0x7f0524006eb0 comp rx=0 tx=0).ready entity=mgr.14118 client_cookie=0 server_cookie=0 in_seq=0 out_seq=0
2026-02-20T03:04:45.911 INFO:teuthology.orchestra.run.trial013.stdout:/usr/bin/ceph: stderr
2026-02-20T03:04:45.739+0000 7f051bfff640 1 -- 10.20.193.13:0/622345089 <== mon.0 v2:10.20.193.13:3300/0 6 ==== mon_command_ack([{"prefix": "get_command_descriptions"}]=0 v0) ==== 72+0+195341 (secure 0 0 0) 0x7f0530033200 con 0x7f053c112bd0
2026-02-20T03:04:45.911 INFO:teuthology.orchestra.run.trial013.stdout:/usr/bin/ceph: stderr
2026-02-20T03:04:45.831+0000 7f0540939640 1 -- 10.20.193.13:0/622345089 --> [v2:10.20.193.13:6800/3984866195,v1:10.20.193.13:6801/3984866195] -- mgr_command(tid 0: {"prefix": "cephadm set-user", "user": "root", "target": ["mon-mgr", ""]}) -- 0x7f053c0709d0 con 0x7f051003dad0
2026-02-20T03:04:45.912 INFO:teuthology.orchestra.run.trial013.stdout:/usr/bin/ceph: stderr
2026-02-20T03:04:45.832+0000 7f051bfff640 1 -- 10.20.193.13:0/622345089 <== mgr.14118 v2:10.20.193.13:6800/3984866195 1 ==== mgr_command_reply(tid 0: 0 ) ==== 8+0+16 (secure 0 0 0) 0x7f053c0709d0 con 0x7f051003dad0
2026-02-20T03:04:45.912 INFO:teuthology.orchestra.run.trial013.stdout:/usr/bin/ceph: stderr
2026-02-20T03:04:45.832+0000 7f0540939640 1 -- 10.20.193.13:0/622345089 >> [v2:10.20.193.13:6800/3984866195,v1:10.20.193.13:6801/3984866195] conn(0x7f051003dad0 msgr2=0x7f051003ff90 secure :-1 s=STATE_CONNECTION_ESTABLISHED l=1).mark_down
2026-02-20T03:04:45.912 INFO:teuthology.orchestra.run.trial013.stdout:/usr/bin/ceph: stderr
2026-02-20T03:04:45.832+0000 7f0540939640 1 --2- 10.20.193.13:0/622345089 >> [v2:10.20.193.13:6800/3984866195,v1:10.20.193.13:6801/3984866195] conn(0x7f051003dad0 0x7f051003ff90 secure :-1 s=READY pgs=8 cs=0 l=1 rev1=1 crypto rx=0x7f05240099c0 tx=0x7f0524006eb0 comp rx=0 tx=0).stop
2026-02-20T03:04:45.912 INFO:teuthology.orchestra.run.trial013.stdout:/usr/bin/ceph: stderr
2026-02-20T03:04:45.833+0000 7f0540939640 1 -- 10.20.193.13:0/622345089 >> [v2:10.20.193.13:3300/0,v1:10.20.193.13:6789/0] conn(0x7f053c112bd0 msgr2=0x7f053c073500 secure :-1 s=STATE_CONNECTION_ESTABLISHED l=1).mark_down
2026-02-20T03:04:45.912 INFO:teuthology.orchestra.run.trial013.stdout:/usr/bin/ceph: stderr
2026-02-20T03:04:45.833+0000 7f0540939640 1 --2- 10.20.193.13:0/622345089 >> [v2:10.20.193.13:3300/0,v1:10.20.193.13:6789/0] conn(0x7f053c112bd0 0x7f053c073500 secure :-1 s=READY pgs=38 cs=0 l=1 rev1=1 crypto rx=0x7f0530037cd0 tx=0x7f0530037b90 comp rx=0 tx=0).stop
2026-02-20T03:04:45.912 INFO:teuthology.orchestra.run.trial013.stdout:/usr/bin/ceph: stderr
2026-02-20T03:04:45.833+0000 7f0540939640 1 -- 10.20.193.13:0/622345089 shutdown_connections
2026-02-20T03:04:45.912 INFO:teuthology.orchestra.run.trial013.stdout:/usr/bin/ceph: stderr
2026-02-20T03:04:45.833+0000 7f0540939640 1 --2- 10.20.193.13:0/622345089 >> [v2:10.20.193.13:6800/3984866195,v1:10.20.193.13:6801/3984866195] conn(0x7f051003dad0 0x7f051003ff90 unknown :-1 s=CLOSED pgs=8 cs=0 l=1 rev1=1 crypto rx=0 tx=0 comp rx=0 tx=0).stop
2026-02-20T03:04:45.912 INFO:teuthology.orchestra.run.trial013.stdout:/usr/bin/ceph: stderr
2026-02-20T03:04:45.833+0000 7f0540939640 1 --2- 10.20.193.13:0/622345089 >> [v2:10.20.193.13:3300/0,v1:10.20.193.13:6789/0] conn(0x7f053c112bd0 0x7f053c073500 unknown :-1 s=CLOSED pgs=38 cs=0 l=1 rev1=1 crypto rx=0 tx=0 comp rx=0 tx=0).stop
2026-02-20T03:04:45.912 INFO:teuthology.orchestra.run.trial013.stdout:/usr/bin/ceph: stderr
2026-02-20T03:04:45.833+0000 7f0540939640 1 -- 10.20.193.13:0/622345089 >> 10.20.193.13:0/622345089 conn(0x7f053c06dfe0 msgr2=0x7f053c114fa0 unknown :-1 s=STATE_NONE l=0).mark_down
2026-02-20T03:04:45.912 INFO:teuthology.orchestra.run.trial013.stdout:/usr/bin/ceph: stderr
2026-02-20T03:04:45.833+0000 7f0540939640 1 -- 10.20.193.13:0/622345089 shutdown_connections
2026-02-20T03:04:45.912 INFO:teuthology.orchestra.run.trial013.stdout:/usr/bin/ceph: stderr
2026-02-20T03:04:45.833+0000 7f0540939640 1 -- 10.20.193.13:0/622345089 wait complete.
2026-02-20T03:04:45.912 INFO:teuthology.orchestra.run.trial013.stdout:Generating ssh key...
2026-02-20T03:04:46.300 INFO:teuthology.orchestra.run.trial013.stdout:/usr/bin/ceph: stderr
2026-02-20T03:04:46.083+0000 7f2e40bb1640 1 Processor -- start
2026-02-20T03:04:46.301 INFO:teuthology.orchestra.run.trial013.stdout:/usr/bin/ceph: stderr
2026-02-20T03:04:46.083+0000 7f2e40bb1640 1 -- start start
2026-02-20T03:04:46.301 INFO:teuthology.orchestra.run.trial013.stdout:/usr/bin/ceph: stderr
2026-02-20T03:04:46.083+0000 7f2e40bb1640 1 --2- >> [v2:10.20.193.13:3300/0,v1:10.20.193.13:6789/0] conn(0x7f2e3c073650 0x7f2e3c073a50 unknown :-1 s=NONE pgs=0 cs=0 l=0 rev1=0 crypto rx=0 tx=0 comp rx=0 tx=0).connect
2026-02-20T03:04:46.301 INFO:teuthology.orchestra.run.trial013.stdout:/usr/bin/ceph: stderr
2026-02-20T03:04:46.083+0000 7f2e40bb1640 1 -- --> [v2:10.20.193.13:3300/0,v1:10.20.193.13:6789/0] -- mon_getmap magic: 0 -- 0x7f2e3c073f90 con 0x7f2e3c073650
2026-02-20T03:04:46.301 INFO:teuthology.orchestra.run.trial013.stdout:/usr/bin/ceph: stderr
2026-02-20T03:04:46.084+0000 7f2e3a575640 1 --2- >> [v2:10.20.193.13:3300/0,v1:10.20.193.13:6789/0] conn(0x7f2e3c073650 0x7f2e3c073a50 unknown :-1 s=BANNER_CONNECTING pgs=0 cs=0 l=0 rev1=0 crypto rx=0 tx=0 comp rx=0 tx=0)._handle_peer_banner_payload supported=3 required=0
2026-02-20T03:04:46.301 INFO:teuthology.orchestra.run.trial013.stdout:/usr/bin/ceph: stderr
2026-02-20T03:04:46.084+0000 7f2e3a575640 1 --2- >> [v2:10.20.193.13:3300/0,v1:10.20.193.13:6789/0] conn(0x7f2e3c073650 0x7f2e3c073a50 unknown :-1 s=HELLO_CONNECTING pgs=0 cs=0 l=0 rev1=1 crypto rx=0 tx=0 comp rx=0 tx=0).handle_hello peer v2:10.20.193.13:3300/0 says I am v2:10.20.193.13:55968/0 (socket says 10.20.193.13:55968)
2026-02-20T03:04:46.301 INFO:teuthology.orchestra.run.trial013.stdout:/usr/bin/ceph: stderr
2026-02-20T03:04:46.084+0000 7f2e3a575640 1 -- 10.20.193.13:0/3107755223 learned_addr learned my addr 10.20.193.13:0/3107755223 (peer_addr_for_me v2:10.20.193.13:0/0)
2026-02-20T03:04:46.301 INFO:teuthology.orchestra.run.trial013.stdout:/usr/bin/ceph: stderr
2026-02-20T03:04:46.084+0000 7f2e3a575640 1 -- 10.20.193.13:0/3107755223 --> [v2:10.20.193.13:3300/0,v1:10.20.193.13:6789/0] -- mon_subscribe({config=0+,monmap=0+}) -- 0x7f2e3c074110 con 0x7f2e3c073650
2026-02-20T03:04:46.302 INFO:teuthology.orchestra.run.trial013.stdout:/usr/bin/ceph: stderr
2026-02-20T03:04:46.085+0000 7f2e3a575640 1 --2- 10.20.193.13:0/3107755223 >> [v2:10.20.193.13:3300/0,v1:10.20.193.13:6789/0] conn(0x7f2e3c073650 0x7f2e3c073a50 secure :-1 s=READY pgs=39 cs=0 l=1 rev1=1 crypto rx=0x7f2e30009920 tx=0x7f2e3002ef20 comp rx=0 tx=0).ready entity=mon.0 client_cookie=9bf54c959b1b50e1 server_cookie=0 in_seq=0 out_seq=0
2026-02-20T03:04:46.302 INFO:teuthology.orchestra.run.trial013.stdout:/usr/bin/ceph: stderr
2026-02-20T03:04:46.085+0000 7f2e39573640 1 -- 10.20.193.13:0/3107755223 <== mon.0 v2:10.20.193.13:3300/0 1 ==== mon_map magic: 0 ==== 205+0+0 (secure 0 0 0) 0x7f2e3003c070 con 0x7f2e3c073650
2026-02-20T03:04:46.302 INFO:teuthology.orchestra.run.trial013.stdout:/usr/bin/ceph: stderr
2026-02-20T03:04:46.085+0000 7f2e39573640 1 -- 10.20.193.13:0/3107755223 <== mon.0 v2:10.20.193.13:3300/0 2 ==== config(26 keys) ==== 1045+0+0 (secure 0 0 0) 0x7f2e30037440 con 0x7f2e3c073650
2026-02-20T03:04:46.302 INFO:teuthology.orchestra.run.trial013.stdout:/usr/bin/ceph: stderr
2026-02-20T03:04:46.085+0000 7f2e39573640 1 -- 10.20.193.13:0/3107755223 <== mon.0 v2:10.20.193.13:3300/0 3 ==== mon_map magic: 0 ==== 205+0+0 (secure 0 0 0) 0x7f2e300354b0 con 0x7f2e3c073650
2026-02-20T03:04:46.302 INFO:teuthology.orchestra.run.trial013.stdout:/usr/bin/ceph: stderr
2026-02-20T03:04:46.085+0000 7f2e40bb1640 1 -- 10.20.193.13:0/3107755223 >> [v2:10.20.193.13:3300/0,v1:10.20.193.13:6789/0] conn(0x7f2e3c073650 msgr2=0x7f2e3c073a50 secure :-1 s=STATE_CONNECTION_ESTABLISHED l=1).mark_down
2026-02-20T03:04:46.302 INFO:teuthology.orchestra.run.trial013.stdout:/usr/bin/ceph: stderr
2026-02-20T03:04:46.085+0000 7f2e40bb1640 1 --2- 10.20.193.13:0/3107755223 >> [v2:10.20.193.13:3300/0,v1:10.20.193.13:6789/0] conn(0x7f2e3c073650 0x7f2e3c073a50 secure :-1 s=READY pgs=39 cs=0 l=1 rev1=1 crypto rx=0x7f2e30009920 tx=0x7f2e3002ef20 comp rx=0 tx=0).stop
2026-02-20T03:04:46.302 INFO:teuthology.orchestra.run.trial013.stdout:/usr/bin/ceph: stderr
2026-02-20T03:04:46.085+0000 7f2e40bb1640 1 -- 10.20.193.13:0/3107755223 shutdown_connections
2026-02-20T03:04:46.302 INFO:teuthology.orchestra.run.trial013.stdout:/usr/bin/ceph: stderr
2026-02-20T03:04:46.085+0000 7f2e40bb1640 1 --2- 10.20.193.13:0/3107755223 >> [v2:10.20.193.13:3300/0,v1:10.20.193.13:6789/0] conn(0x7f2e3c073650 0x7f2e3c073a50 unknown :-1 s=CLOSED pgs=39 cs=0 l=1 rev1=1 crypto rx=0 tx=0 comp rx=0 tx=0).stop
2026-02-20T03:04:46.302 INFO:teuthology.orchestra.run.trial013.stdout:/usr/bin/ceph: stderr
2026-02-20T03:04:46.085+0000 7f2e40bb1640 1 -- 10.20.193.13:0/3107755223 >> 10.20.193.13:0/3107755223 conn(0x7f2e3c06f6d0 msgr2=0x7f2e3c071af0 unknown :-1 s=STATE_NONE l=0).mark_down
2026-02-20T03:04:46.303 INFO:teuthology.orchestra.run.trial013.stdout:/usr/bin/ceph: stderr
2026-02-20T03:04:46.086+0000 7f2e40bb1640 1 -- 10.20.193.13:0/3107755223 shutdown_connections
2026-02-20T03:04:46.303 INFO:teuthology.orchestra.run.trial013.stdout:/usr/bin/ceph: stderr
2026-02-20T03:04:46.086+0000 7f2e40bb1640 1 -- 10.20.193.13:0/3107755223 wait complete.
2026-02-20T03:04:46.303 INFO:teuthology.orchestra.run.trial013.stdout:/usr/bin/ceph: stderr
2026-02-20T03:04:46.086+0000 7f2e40bb1640 1 Processor -- start
2026-02-20T03:04:46.303 INFO:teuthology.orchestra.run.trial013.stdout:/usr/bin/ceph: stderr
2026-02-20T03:04:46.086+0000 7f2e40bb1640 1 -- start start
2026-02-20T03:04:46.303 INFO:teuthology.orchestra.run.trial013.stdout:/usr/bin/ceph: stderr
2026-02-20T03:04:46.087+0000 7f2e40bb1640 1 --2- >> [v2:10.20.193.13:3300/0,v1:10.20.193.13:6789/0] conn(0x7f2e3c073650 0x7f2e3c1a8be0 unknown :-1 s=NONE pgs=0 cs=0 l=1 rev1=0 crypto rx=0 tx=0 comp rx=0 tx=0).connect
2026-02-20T03:04:46.303 INFO:teuthology.orchestra.run.trial013.stdout:/usr/bin/ceph: stderr
2026-02-20T03:04:46.087+0000 7f2e40bb1640 1 -- --> [v2:10.20.193.13:3300/0,v1:10.20.193.13:6789/0] -- mon_getmap magic: 0 -- 0x7f2e3c114d60 con 0x7f2e3c073650
2026-02-20T03:04:46.303 INFO:teuthology.orchestra.run.trial013.stdout:/usr/bin/ceph: stderr
2026-02-20T03:04:46.087+0000 7f2e3a575640 1 --2- >> [v2:10.20.193.13:3300/0,v1:10.20.193.13:6789/0] conn(0x7f2e3c073650 0x7f2e3c1a8be0 unknown :-1 s=BANNER_CONNECTING pgs=0 cs=0 l=1 rev1=0 crypto rx=0 tx=0 comp rx=0 tx=0)._handle_peer_banner_payload supported=3 required=0
2026-02-20T03:04:46.303 INFO:teuthology.orchestra.run.trial013.stdout:/usr/bin/ceph: stderr
2026-02-20T03:04:46.087+0000 7f2e3a575640 1 --2- >> [v2:10.20.193.13:3300/0,v1:10.20.193.13:6789/0] conn(0x7f2e3c073650 0x7f2e3c1a8be0 unknown :-1 s=HELLO_CONNECTING pgs=0 cs=0 l=1 rev1=1 crypto rx=0 tx=0 comp rx=0 tx=0).handle_hello peer v2:10.20.193.13:3300/0 says I am v2:10.20.193.13:55982/0 (socket says 10.20.193.13:55982)
2026-02-20T03:04:46.303 INFO:teuthology.orchestra.run.trial013.stdout:/usr/bin/ceph: stderr
2026-02-20T03:04:46.087+0000 7f2e3a575640 1 -- 10.20.193.13:0/2768052918 learned_addr learned my addr 10.20.193.13:0/2768052918 (peer_addr_for_me v2:10.20.193.13:0/0)
2026-02-20T03:04:46.303 INFO:teuthology.orchestra.run.trial013.stdout:/usr/bin/ceph: stderr
2026-02-20T03:04:46.087+0000 7f2e3a575640 1 -- 10.20.193.13:0/2768052918 --> [v2:10.20.193.13:3300/0,v1:10.20.193.13:6789/0] -- mon_subscribe({config=0+,monmap=0+}) -- 0x7f2e3c1a9120 con 0x7f2e3c073650
2026-02-20T03:04:46.303 INFO:teuthology.orchestra.run.trial013.stdout:/usr/bin/ceph: stderr
2026-02-20T03:04:46.087+0000 7f2e3a575640 1 --2- 10.20.193.13:0/2768052918 >> [v2:10.20.193.13:3300/0,v1:10.20.193.13:6789/0] conn(0x7f2e3c073650 0x7f2e3c1a8be0 secure :-1 s=READY pgs=40 cs=0 l=1 rev1=1 crypto rx=0x7f2e30009a50 tx=0x7f2e30037b90 comp rx=0 tx=0).ready entity=mon.0 client_cookie=0 server_cookie=0 in_seq=0 out_seq=0
2026-02-20T03:04:46.304 INFO:teuthology.orchestra.run.trial013.stdout:/usr/bin/ceph: stderr
2026-02-20T03:04:46.087+0000 7f2e237fe640 1 -- 10.20.193.13:0/2768052918 <== mon.0 v2:10.20.193.13:3300/0 1 ==== mon_map magic: 0 ==== 205+0+0 (secure 0 0 0) 0x7f2e30045070 con 0x7f2e3c073650
2026-02-20T03:04:46.304 INFO:teuthology.orchestra.run.trial013.stdout:/usr/bin/ceph: stderr
2026-02-20T03:04:46.087+0000 7f2e237fe640 1 -- 10.20.193.13:0/2768052918 <== mon.0 v2:10.20.193.13:3300/0 2 ==== config(26 keys) ==== 1045+0+0 (secure 0 0 0) 0x7f2e30040450 con 0x7f2e3c073650
2026-02-20T03:04:46.304 INFO:teuthology.orchestra.run.trial013.stdout:/usr/bin/ceph: stderr
2026-02-20T03:04:46.087+0000 7f2e237fe640 1 -- 10.20.193.13:0/2768052918 <== mon.0 v2:10.20.193.13:3300/0 3 ==== mon_map magic: 0 ==== 205+0+0 (secure 0 0 0) 0x7f2e3003c070 con 0x7f2e3c073650
2026-02-20T03:04:46.304 INFO:teuthology.orchestra.run.trial013.stdout:/usr/bin/ceph: stderr
2026-02-20T03:04:46.087+0000 7f2e40bb1640 1 -- 10.20.193.13:0/2768052918 --> [v2:10.20.193.13:3300/0,v1:10.20.193.13:6789/0] -- mon_subscribe({mgrmap=0+}) -- 0x7f2e3c1a93b0 con 0x7f2e3c073650
2026-02-20T03:04:46.304 INFO:teuthology.orchestra.run.trial013.stdout:/usr/bin/ceph: stderr
2026-02-20T03:04:46.087+0000 7f2e40bb1640 1 -- 10.20.193.13:0/2768052918 --> [v2:10.20.193.13:3300/0,v1:10.20.193.13:6789/0] -- mon_subscribe({osdmap=0}) -- 0x7f2e3c1ac0a0 con 0x7f2e3c073650
2026-02-20T03:04:46.304 INFO:teuthology.orchestra.run.trial013.stdout:/usr/bin/ceph: stderr
2026-02-20T03:04:46.088+0000 7f2e40bb1640 1 -- 10.20.193.13:0/2768052918 --> [v2:10.20.193.13:3300/0,v1:10.20.193.13:6789/0] -- mon_command({"prefix": "get_command_descriptions"} v 0) -- 0x7f2e00005390 con 0x7f2e3c073650
2026-02-20T03:04:46.304 INFO:teuthology.orchestra.run.trial013.stdout:/usr/bin/ceph: stderr
2026-02-20T03:04:46.088+0000 7f2e237fe640 1 -- 10.20.193.13:0/2768052918 <== mon.0 v2:10.20.193.13:3300/0 4 ==== mgrmap(e 6) ==== 50141+0+0 (secure 0 0 0) 0x7f2e30040900 con 0x7f2e3c073650
2026-02-20T03:04:46.304 INFO:teuthology.orchestra.run.trial013.stdout:/usr/bin/ceph: stderr
2026-02-20T03:04:46.089+0000 7f2e237fe640 1 --2- 10.20.193.13:0/2768052918 >> [v2:10.20.193.13:6800/3984866195,v1:10.20.193.13:6801/3984866195] conn(0x7f2e1403dad0 0x7f2e1403ff90 unknown :-1 s=NONE pgs=0 cs=0 l=1 rev1=0 crypto rx=0 tx=0 comp rx=0 tx=0).connect
2026-02-20T03:04:46.304 INFO:teuthology.orchestra.run.trial013.stdout:/usr/bin/ceph: stderr
2026-02-20T03:04:46.089+0000 7f2e237fe640 1 -- 10.20.193.13:0/2768052918 <== mon.0 v2:10.20.193.13:3300/0 5 ==== osd_map(2..2 src has 1..2) ==== 940+0+0 (secure 0 0 0) 0x7f2e300765a0 con 0x7f2e3c073650
2026-02-20T03:04:46.304 INFO:teuthology.orchestra.run.trial013.stdout:/usr/bin/ceph: stderr
2026-02-20T03:04:46.089+0000 7f2e39d74640 1 --2- 10.20.193.13:0/2768052918 >> [v2:10.20.193.13:6800/3984866195,v1:10.20.193.13:6801/3984866195] conn(0x7f2e1403dad0 0x7f2e1403ff90 unknown :-1 s=BANNER_CONNECTING pgs=0 cs=0 l=1 rev1=0 crypto rx=0 tx=0 comp rx=0 tx=0)._handle_peer_banner_payload supported=3 required=0
2026-02-20T03:04:46.304 INFO:teuthology.orchestra.run.trial013.stdout:/usr/bin/ceph: stderr
2026-02-20T03:04:46.090+0000 7f2e39d74640 1 --2- 10.20.193.13:0/2768052918 >> [v2:10.20.193.13:6800/3984866195,v1:10.20.193.13:6801/3984866195] conn(0x7f2e1403dad0 0x7f2e1403ff90 secure :-1 s=READY pgs=9 cs=0 l=1 rev1=1 crypto rx=0x7f2e240099c0 tx=0x7f2e24006eb0 comp rx=0 tx=0).ready entity=mgr.14118 client_cookie=0 server_cookie=0 in_seq=0 out_seq=0
2026-02-20T03:04:46.304 INFO:teuthology.orchestra.run.trial013.stdout:/usr/bin/ceph: stderr
2026-02-20T03:04:46.092+0000 7f2e237fe640 1 -- 10.20.193.13:0/2768052918 <== mon.0 v2:10.20.193.13:3300/0 6 ==== mon_command_ack([{"prefix": "get_command_descriptions"}]=0 v0) ==== 72+0+195341 (secure 0 0 0) 0x7f2e3003fe40 con 0x7f2e3c073650
2026-02-20T03:04:46.305 INFO:teuthology.orchestra.run.trial013.stdout:/usr/bin/ceph: stderr
2026-02-20T03:04:46.183+0000 7f2e40bb1640 1 -- 10.20.193.13:0/2768052918 --> [v2:10.20.193.13:6800/3984866195,v1:10.20.193.13:6801/3984866195] -- mgr_command(tid 0: {"prefix": "cephadm generate-key", "target": ["mon-mgr", ""]}) -- 0x7f2e00002bf0 con 0x7f2e1403dad0
2026-02-20T03:04:46.305 INFO:teuthology.orchestra.run.trial013.stdout:/usr/bin/ceph: stderr
2026-02-20T03:04:46.215+0000 7f2e237fe640 1 -- 10.20.193.13:0/2768052918 <== mgr.14118 v2:10.20.193.13:6800/3984866195 1 ==== mgr_command_reply(tid 0: 0 ) ==== 8+0+0 (secure 0 0 0) 0x7f2e00002bf0 con 0x7f2e1403dad0
2026-02-20T03:04:46.305 INFO:teuthology.orchestra.run.trial013.stdout:/usr/bin/ceph: stderr
2026-02-20T03:04:46.217+0000 7f2e40bb1640 1 -- 10.20.193.13:0/2768052918 >> [v2:10.20.193.13:6800/3984866195,v1:10.20.193.13:6801/3984866195] conn(0x7f2e1403dad0 msgr2=0x7f2e1403ff90 secure :-1 s=STATE_CONNECTION_ESTABLISHED l=1).mark_down
2026-02-20T03:04:46.305 INFO:teuthology.orchestra.run.trial013.stdout:/usr/bin/ceph: stderr
2026-02-20T03:04:46.217+0000 7f2e40bb1640 1 --2- 10.20.193.13:0/2768052918 >> [v2:10.20.193.13:6800/3984866195,v1:10.20.193.13:6801/3984866195] conn(0x7f2e1403dad0 0x7f2e1403ff90 secure :-1 s=READY pgs=9 cs=0 l=1 rev1=1 crypto rx=0x7f2e240099c0 tx=0x7f2e24006eb0 comp rx=0 tx=0).stop
2026-02-20T03:04:46.305 INFO:teuthology.orchestra.run.trial013.stdout:/usr/bin/ceph: stderr
2026-02-20T03:04:46.217+0000 7f2e40bb1640 1 -- 10.20.193.13:0/2768052918 >> [v2:10.20.193.13:3300/0,v1:10.20.193.13:6789/0] conn(0x7f2e3c073650 msgr2=0x7f2e3c1a8be0 secure :-1 s=STATE_CONNECTION_ESTABLISHED l=1).mark_down
2026-02-20T03:04:46.305 INFO:teuthology.orchestra.run.trial013.stdout:/usr/bin/ceph: stderr
2026-02-20T03:04:46.217+0000 7f2e40bb1640 1 --2- 10.20.193.13:0/2768052918 >> [v2:10.20.193.13:3300/0,v1:10.20.193.13:6789/0] conn(0x7f2e3c073650 0x7f2e3c1a8be0 secure :-1 s=READY pgs=40 cs=0 l=1 rev1=1 crypto rx=0x7f2e30009a50 tx=0x7f2e30037b90 comp rx=0 tx=0).stop
2026-02-20T03:04:46.305 INFO:teuthology.orchestra.run.trial013.stdout:/usr/bin/ceph: stderr
2026-02-20T03:04:46.217+0000 7f2e40bb1640 1 -- 10.20.193.13:0/2768052918 shutdown_connections
2026-02-20T03:04:46.305 INFO:teuthology.orchestra.run.trial013.stdout:/usr/bin/ceph: stderr
2026-02-20T03:04:46.217+0000 7f2e40bb1640 1 --2- 10.20.193.13:0/2768052918 >> [v2:10.20.193.13:6800/3984866195,v1:10.20.193.13:6801/3984866195] conn(0x7f2e1403dad0 0x7f2e1403ff90 unknown :-1 s=CLOSED pgs=9 cs=0 l=1 rev1=1 crypto rx=0 tx=0 comp rx=0 tx=0).stop
2026-02-20T03:04:46.305 INFO:teuthology.orchestra.run.trial013.stdout:/usr/bin/ceph: stderr
2026-02-20T03:04:46.217+0000 7f2e40bb1640 1 --2- 10.20.193.13:0/2768052918 >> [v2:10.20.193.13:3300/0,v1:10.20.193.13:6789/0] conn(0x7f2e3c073650 0x7f2e3c1a8be0 unknown :-1 s=CLOSED pgs=40 cs=0 l=1 rev1=1 crypto rx=0 tx=0 comp rx=0 tx=0).stop
2026-02-20T03:04:46.305 INFO:teuthology.orchestra.run.trial013.stdout:/usr/bin/ceph: stderr
2026-02-20T03:04:46.217+0000 7f2e40bb1640 1 -- 10.20.193.13:0/2768052918 >> 10.20.193.13:0/2768052918 conn(0x7f2e3c06f6d0 msgr2=0x7f2e3c0712f0 unknown :-1 s=STATE_NONE l=0).mark_down
2026-02-20T03:04:46.305 INFO:teuthology.orchestra.run.trial013.stdout:/usr/bin/ceph: stderr
2026-02-20T03:04:46.218+0000 7f2e40bb1640 1 -- 10.20.193.13:0/2768052918 shutdown_connections
2026-02-20T03:04:46.305 INFO:teuthology.orchestra.run.trial013.stdout:/usr/bin/ceph: stderr
2026-02-20T03:04:46.218+0000 7f2e40bb1640 1 -- 10.20.193.13:0/2768052918 wait complete.
2026-02-20T03:04:46.453 INFO:journalctl@ceph.mgr.x.trial013.stdout:Feb 20 03:04:46 trial013 ceph-d6e37e3b-0e08-11f1-8d58-d404e6e7d460-mgr-x[38796]: Generating public/private ed25519 key pair.
2026-02-20T03:04:46.453 INFO:journalctl@ceph.mgr.x.trial013.stdout:Feb 20 03:04:46 trial013 ceph-d6e37e3b-0e08-11f1-8d58-d404e6e7d460-mgr-x[38796]: Your identification has been saved in /tmp/tmpifxga894/key
2026-02-20T03:04:46.454 INFO:journalctl@ceph.mgr.x.trial013.stdout:Feb 20 03:04:46 trial013 ceph-d6e37e3b-0e08-11f1-8d58-d404e6e7d460-mgr-x[38796]: Your public key has been saved in /tmp/tmpifxga894/key.pub
2026-02-20T03:04:46.454 INFO:journalctl@ceph.mgr.x.trial013.stdout:Feb 20 03:04:46 trial013 ceph-d6e37e3b-0e08-11f1-8d58-d404e6e7d460-mgr-x[38796]: The key fingerprint is:
2026-02-20T03:04:46.454 INFO:journalctl@ceph.mgr.x.trial013.stdout:Feb 20 03:04:46 trial013 ceph-d6e37e3b-0e08-11f1-8d58-d404e6e7d460-mgr-x[38796]: SHA256:N2oQ+DwaHgu1zk6i+k96OenFiYBp0Mt36OD/FyPaER8 ceph-d6e37e3b-0e08-11f1-8d58-d404e6e7d460
2026-02-20T03:04:46.454 INFO:journalctl@ceph.mgr.x.trial013.stdout:Feb 20 03:04:46 trial013 ceph-d6e37e3b-0e08-11f1-8d58-d404e6e7d460-mgr-x[38796]: The key's randomart image is:
2026-02-20T03:04:46.454 INFO:journalctl@ceph.mgr.x.trial013.stdout:Feb 20 03:04:46 trial013 ceph-d6e37e3b-0e08-11f1-8d58-d404e6e7d460-mgr-x[38796]: +--[ED25519 256]--+
2026-02-20T03:04:46.454 INFO:journalctl@ceph.mgr.x.trial013.stdout:Feb 20 03:04:46 trial013 ceph-d6e37e3b-0e08-11f1-8d58-d404e6e7d460-mgr-x[38796]: | |
2026-02-20T03:04:46.454 INFO:journalctl@ceph.mgr.x.trial013.stdout:Feb 20 03:04:46 trial013 ceph-d6e37e3b-0e08-11f1-8d58-d404e6e7d460-mgr-x[38796]: | . . |
2026-02-20T03:04:46.454 INFO:journalctl@ceph.mgr.x.trial013.stdout:Feb 20 03:04:46 trial013 ceph-d6e37e3b-0e08-11f1-8d58-d404e6e7d460-mgr-x[38796]: |. . o . |
2026-02-20T03:04:46.454 INFO:journalctl@ceph.mgr.x.trial013.stdout:Feb 20 03:04:46 trial013 ceph-d6e37e3b-0e08-11f1-8d58-d404e6e7d460-mgr-x[38796]: |.+ o =..E |
2026-02-20T03:04:46.454 INFO:journalctl@ceph.mgr.x.trial013.stdout:Feb 20 03:04:46 trial013 ceph-d6e37e3b-0e08-11f1-8d58-d404e6e7d460-mgr-x[38796]: |o.* * *oS.o |
2026-02-20T03:04:46.454 INFO:journalctl@ceph.mgr.x.trial013.stdout:Feb 20 03:04:46 trial013 ceph-d6e37e3b-0e08-11f1-8d58-d404e6e7d460-mgr-x[38796]: |.. X Oo++o . |
2026-02-20T03:04:46.454 INFO:journalctl@ceph.mgr.x.trial013.stdout:Feb 20 03:04:46 trial013 ceph-d6e37e3b-0e08-11f1-8d58-d404e6e7d460-mgr-x[38796]: | o @=+ooo |
2026-02-20T03:04:46.455 INFO:journalctl@ceph.mgr.x.trial013.stdout:Feb 20 03:04:46 trial013 ceph-d6e37e3b-0e08-11f1-8d58-d404e6e7d460-mgr-x[38796]: | . B*.... |
2026-02-20T03:04:46.455 INFO:journalctl@ceph.mgr.x.trial013.stdout:Feb 20 03:04:46 trial013 ceph-d6e37e3b-0e08-11f1-8d58-d404e6e7d460-mgr-x[38796]: |+.o+=o.. |
2026-02-20T03:04:46.455 INFO:journalctl@ceph.mgr.x.trial013.stdout:Feb 20 03:04:46 trial013 ceph-d6e37e3b-0e08-11f1-8d58-d404e6e7d460-mgr-x[38796]: +----[SHA256]-----+
2026-02-20T03:04:46.667 INFO:teuthology.orchestra.run.trial013.stdout:/usr/bin/ceph: stdout ssh-ed25519 AAAAC3NzaC1lZDI1NTE5AAAAIPYMRpiOHnm4husW+gif4510VJnRDTeIpaTBY8mzFKJ8 ceph-d6e37e3b-0e08-11f1-8d58-d404e6e7d460
2026-02-20T03:04:46.667 INFO:teuthology.orchestra.run.trial013.stdout:/usr/bin/ceph: stderr
2026-02-20T03:04:46.450+0000 7f2fa7577640 1 Processor -- start
2026-02-20T03:04:46.667 INFO:teuthology.orchestra.run.trial013.stdout:/usr/bin/ceph: stderr
2026-02-20T03:04:46.451+0000 7f2fa7577640 1 -- start start
2026-02-20T03:04:46.668 INFO:teuthology.orchestra.run.trial013.stdout:/usr/bin/ceph: stderr
2026-02-20T03:04:46.451+0000 7f2fa7577640 1 --2- >> [v2:10.20.193.13:3300/0,v1:10.20.193.13:6789/0] conn(0x7f2fa8074a70 0x7f2fa8073490 unknown :-1 s=NONE pgs=0 cs=0 l=0 rev1=0 crypto rx=0 tx=0 comp rx=0 tx=0).connect
2026-02-20T03:04:46.668 INFO:teuthology.orchestra.run.trial013.stdout:/usr/bin/ceph: stderr
2026-02-20T03:04:46.451+0000 7f2fa7577640 1 -- --> [v2:10.20.193.13:3300/0,v1:10.20.193.13:6789/0] -- mon_getmap magic: 0 -- 0x7f2fa8073a60 con 0x7f2fa8074a70
2026-02-20T03:04:46.668 INFO:teuthology.orchestra.run.trial013.stdout:/usr/bin/ceph: stderr
2026-02-20T03:04:46.451+0000 7f2fa6575640 1 --2- >> [v2:10.20.193.13:3300/0,v1:10.20.193.13:6789/0] conn(0x7f2fa8074a70 0x7f2fa8073490 unknown :-1 s=BANNER_CONNECTING pgs=0 cs=0 l=0 rev1=0 crypto rx=0 tx=0 comp rx=0 tx=0)._handle_peer_banner_payload supported=3 required=0
2026-02-20T03:04:46.668 INFO:teuthology.orchestra.run.trial013.stdout:/usr/bin/ceph: stderr
2026-02-20T03:04:46.451+0000 7f2fa6575640 1 --2- >> [v2:10.20.193.13:3300/0,v1:10.20.193.13:6789/0] conn(0x7f2fa8074a70 0x7f2fa8073490 unknown :-1 s=HELLO_CONNECTING pgs=0 cs=0 l=0 rev1=1 crypto rx=0 tx=0 comp rx=0 tx=0).handle_hello peer v2:10.20.193.13:3300/0 says I am v2:10.20.193.13:55986/0 (socket says 10.20.193.13:55986)
2026-02-20T03:04:46.668 INFO:teuthology.orchestra.run.trial013.stdout:/usr/bin/ceph: stderr
2026-02-20T03:04:46.451+0000 7f2fa6575640 1 -- 10.20.193.13:0/3597107097 learned_addr learned my addr 10.20.193.13:0/3597107097 (peer_addr_for_me v2:10.20.193.13:0/0)
2026-02-20T03:04:46.668 INFO:teuthology.orchestra.run.trial013.stdout:/usr/bin/ceph: stderr
2026-02-20T03:04:46.451+0000 7f2fa6575640 1 -- 10.20.193.13:0/3597107097 --> [v2:10.20.193.13:3300/0,v1:10.20.193.13:6789/0] -- mon_subscribe({config=0+,monmap=0+}) -- 0x7f2fa8073be0 con 0x7f2fa8074a70
2026-02-20T03:04:46.668 INFO:teuthology.orchestra.run.trial013.stdout:/usr/bin/ceph: stderr
2026-02-20T03:04:46.452+0000 7f2fa6575640 1 --2- 10.20.193.13:0/3597107097 >> [v2:10.20.193.13:3300/0,v1:10.20.193.13:6789/0] conn(0x7f2fa8074a70 0x7f2fa8073490 secure :-1 s=READY pgs=41 cs=0 l=1 rev1=1 crypto rx=0x7f2f9c009920 tx=0x7f2f9c02ef20 comp rx=0 tx=0).ready entity=mon.0 client_cookie=5eba0f7017b06fc9 server_cookie=0 in_seq=0 out_seq=0
2026-02-20T03:04:46.668 INFO:teuthology.orchestra.run.trial013.stdout:/usr/bin/ceph: stderr
2026-02-20T03:04:46.452+0000 7f2fa5573640 1 -- 10.20.193.13:0/3597107097 <== mon.0 v2:10.20.193.13:3300/0 1 ==== mon_map magic: 0 ==== 205+0+0 (secure 0 0 0) 0x7f2f9c03c070 con 0x7f2fa8074a70
2026-02-20T03:04:46.668 INFO:teuthology.orchestra.run.trial013.stdout:/usr/bin/ceph: stderr
2026-02-20T03:04:46.452+0000 7f2fa5573640 1 -- 10.20.193.13:0/3597107097 <== mon.0 v2:10.20.193.13:3300/0 2 ==== config(26 keys) ==== 1045+0+0 (secure 0 0 0) 0x7f2f9c037440 con 0x7f2fa8074a70
2026-02-20T03:04:46.668 INFO:teuthology.orchestra.run.trial013.stdout:/usr/bin/ceph: stderr
2026-02-20T03:04:46.452+0000 7f2fa5573640 1 -- 10.20.193.13:0/3597107097 <== mon.0 v2:10.20.193.13:3300/0 3 ==== mon_map magic: 0 ==== 205+0+0 (secure 0 0 0) 0x7f2f9c0354b0 con 0x7f2fa8074a70
2026-02-20T03:04:46.669 INFO:teuthology.orchestra.run.trial013.stdout:/usr/bin/ceph: stderr
2026-02-20T03:04:46.452+0000 7f2fa7577640 1 -- 10.20.193.13:0/3597107097 >> [v2:10.20.193.13:3300/0,v1:10.20.193.13:6789/0] conn(0x7f2fa8074a70 msgr2=0x7f2fa8073490 secure :-1 s=STATE_CONNECTION_ESTABLISHED l=1).mark_down
2026-02-20T03:04:46.669 INFO:teuthology.orchestra.run.trial013.stdout:/usr/bin/ceph: stderr
2026-02-20T03:04:46.452+0000 7f2fa7577640 1 --2- 10.20.193.13:0/3597107097 >> [v2:10.20.193.13:3300/0,v1:10.20.193.13:6789/0] conn(0x7f2fa8074a70 0x7f2fa8073490 secure :-1 s=READY pgs=41 cs=0 l=1 rev1=1 crypto rx=0x7f2f9c009920 tx=0x7f2f9c02ef20 comp rx=0 tx=0).stop
2026-02-20T03:04:46.669 INFO:teuthology.orchestra.run.trial013.stdout:/usr/bin/ceph: stderr
2026-02-20T03:04:46.453+0000 7f2fa7577640 1 -- 10.20.193.13:0/3597107097 shutdown_connections
2026-02-20T03:04:46.669 INFO:teuthology.orchestra.run.trial013.stdout:/usr/bin/ceph: stderr
2026-02-20T03:04:46.453+0000 7f2fa7577640 1 --2- 10.20.193.13:0/3597107097 >> [v2:10.20.193.13:3300/0,v1:10.20.193.13:6789/0] conn(0x7f2fa8074a70 0x7f2fa8073490 unknown :-1 s=CLOSED pgs=41 cs=0 l=1 rev1=1 crypto rx=0 tx=0 comp rx=0 tx=0).stop
2026-02-20T03:04:46.669 INFO:teuthology.orchestra.run.trial013.stdout:/usr/bin/ceph: stderr
2026-02-20T03:04:46.453+0000 7f2fa7577640 1 -- 10.20.193.13:0/3597107097 >> 10.20.193.13:0/3597107097 conn(0x7f2fa806f4a0 msgr2=0x7f2fa80718c0 unknown :-1 s=STATE_NONE l=0).mark_down
2026-02-20T03:04:46.669 INFO:teuthology.orchestra.run.trial013.stdout:/usr/bin/ceph: stderr
2026-02-20T03:04:46.453+0000 7f2fa7577640 1 -- 10.20.193.13:0/3597107097 shutdown_connections
2026-02-20T03:04:46.669 INFO:teuthology.orchestra.run.trial013.stdout:/usr/bin/ceph: stderr
2026-02-20T03:04:46.453+0000 7f2fa7577640 1 -- 10.20.193.13:0/3597107097 wait complete.
2026-02-20T03:04:46.669 INFO:teuthology.orchestra.run.trial013.stdout:/usr/bin/ceph: stderr
2026-02-20T03:04:46.453+0000 7f2fa7577640 1 Processor -- start
2026-02-20T03:04:46.669 INFO:teuthology.orchestra.run.trial013.stdout:/usr/bin/ceph: stderr
2026-02-20T03:04:46.454+0000 7f2fa7577640 1 -- start start
2026-02-20T03:04:46.669 INFO:teuthology.orchestra.run.trial013.stdout:/usr/bin/ceph: stderr
2026-02-20T03:04:46.454+0000 7f2fa7577640 1 --2- >> [v2:10.20.193.13:3300/0,v1:10.20.193.13:6789/0] conn(0x7f2fa8074a70 0x7f2fa81acf10 unknown :-1 s=NONE pgs=0 cs=0 l=1 rev1=0 crypto rx=0 tx=0 comp rx=0 tx=0).connect
2026-02-20T03:04:46.670 INFO:teuthology.orchestra.run.trial013.stdout:/usr/bin/ceph: stderr
2026-02-20T03:04:46.454+0000 7f2fa7577640 1 -- --> [v2:10.20.193.13:3300/0,v1:10.20.193.13:6789/0] -- mon_getmap magic: 0 -- 0x7f2fa8112930 con 0x7f2fa8074a70
2026-02-20T03:04:46.670 INFO:teuthology.orchestra.run.trial013.stdout:/usr/bin/ceph: stderr
2026-02-20T03:04:46.454+0000 7f2fa6575640 1 --2- >> [v2:10.20.193.13:3300/0,v1:10.20.193.13:6789/0] conn(0x7f2fa8074a70 0x7f2fa81acf10 unknown :-1 s=BANNER_CONNECTING pgs=0 cs=0 l=1 rev1=0 crypto rx=0 tx=0 comp rx=0 tx=0)._handle_peer_banner_payload supported=3 required=0
2026-02-20T03:04:46.670 INFO:teuthology.orchestra.run.trial013.stdout:/usr/bin/ceph: stderr
2026-02-20T03:04:46.454+0000 7f2fa6575640 1 --2- >> [v2:10.20.193.13:3300/0,v1:10.20.193.13:6789/0] conn(0x7f2fa8074a70 0x7f2fa81acf10 unknown :-1 s=HELLO_CONNECTING pgs=0 cs=0 l=1 rev1=1 crypto rx=0 tx=0 comp rx=0 tx=0).handle_hello peer v2:10.20.193.13:3300/0 says I am v2:10.20.193.13:55996/0 (socket says 10.20.193.13:55996)
2026-02-20T03:04:46.670 INFO:teuthology.orchestra.run.trial013.stdout:/usr/bin/ceph: stderr
2026-02-20T03:04:46.454+0000 7f2fa6575640 1 -- 10.20.193.13:0/1046930486 learned_addr learned my addr 10.20.193.13:0/1046930486 (peer_addr_for_me v2:10.20.193.13:0/0)
2026-02-20T03:04:46.670 INFO:teuthology.orchestra.run.trial013.stdout:/usr/bin/ceph: stderr
2026-02-20T03:04:46.454+0000 7f2fa6575640 1 -- 10.20.193.13:0/1046930486 --> [v2:10.20.193.13:3300/0,v1:10.20.193.13:6789/0] -- mon_subscribe({config=0+,monmap=0+}) -- 0x7f2fa81ad450 con 0x7f2fa8074a70
2026-02-20T03:04:46.670 INFO:teuthology.orchestra.run.trial013.stdout:/usr/bin/ceph: stderr
2026-02-20T03:04:46.455+0000 7f2fa6575640 1 --2- 10.20.193.13:0/1046930486 >> [v2:10.20.193.13:3300/0,v1:10.20.193.13:6789/0] conn(0x7f2fa8074a70 0x7f2fa81acf10 secure :-1 s=READY pgs=42 cs=0 l=1 rev1=1 crypto rx=0x7f2f9c009a50 tx=0x7f2f9c035990 comp rx=0 tx=0).ready entity=mon.0 client_cookie=0 server_cookie=0 in_seq=0 out_seq=0
2026-02-20T03:04:46.670 INFO:teuthology.orchestra.run.trial013.stdout:/usr/bin/ceph: stderr
2026-02-20T03:04:46.455+0000 7f2f8f7fe640 1 -- 10.20.193.13:0/1046930486 <== mon.0 v2:10.20.193.13:3300/0 1 ==== mon_map magic: 0 ==== 205+0+0 (secure 0 0 0) 0x7f2f9c045070 con 0x7f2fa8074a70
2026-02-20T03:04:46.670 INFO:teuthology.orchestra.run.trial013.stdout:/usr/bin/ceph: stderr
2026-02-20T03:04:46.455+0000 7f2f8f7fe640 1 -- 10.20.193.13:0/1046930486 <== mon.0 v2:10.20.193.13:3300/0 2 ==== config(26 keys) ==== 1045+0+0 (secure 0 0 0) 0x7f2f9c040450 con 0x7f2fa8074a70
2026-02-20T03:04:46.670 INFO:teuthology.orchestra.run.trial013.stdout:/usr/bin/ceph: stderr
2026-02-20T03:04:46.455+0000 7f2f8f7fe640 1 -- 10.20.193.13:0/1046930486 <== mon.0 v2:10.20.193.13:3300/0 3 ==== mon_map magic: 0 ==== 205+0+0 (secure 0 0 0) 0x7f2f9c03c070 con 0x7f2fa8074a70
2026-02-20T03:04:46.670 INFO:teuthology.orchestra.run.trial013.stdout:/usr/bin/ceph: stderr
2026-02-20T03:04:46.455+0000 7f2fa7577640 1 -- 10.20.193.13:0/1046930486 --> [v2:10.20.193.13:3300/0,v1:10.20.193.13:6789/0] -- mon_subscribe({mgrmap=0+}) -- 0x7f2fa81ad6e0 con 0x7f2fa8074a70
2026-02-20T03:04:46.670 INFO:teuthology.orchestra.run.trial013.stdout:/usr/bin/ceph: stderr
2026-02-20T03:04:46.455+0000 7f2fa7577640 1 -- 10.20.193.13:0/1046930486 --> [v2:10.20.193.13:3300/0,v1:10.20.193.13:6789/0] -- mon_subscribe({osdmap=0}) -- 0x7f2fa81b03d0 con 0x7f2fa8074a70
2026-02-20T03:04:46.670 INFO:teuthology.orchestra.run.trial013.stdout:/usr/bin/ceph: stderr
2026-02-20T03:04:46.455+0000 7f2fa7577640 1 -- 10.20.193.13:0/1046930486 --> [v2:10.20.193.13:3300/0,v1:10.20.193.13:6789/0] -- mon_command({"prefix": "get_command_descriptions"} v 0) -- 0x7f2fa8073510 con 0x7f2fa8074a70
2026-02-20T03:04:46.671 INFO:teuthology.orchestra.run.trial013.stdout:/usr/bin/ceph: stderr
2026-02-20T03:04:46.456+0000 7f2f8f7fe640 1 -- 10.20.193.13:0/1046930486 <== mon.0 v2:10.20.193.13:3300/0 4 ==== mgrmap(e 6) ==== 50141+0+0 (secure 0 0 0) 0x7f2f9c040900 con 0x7f2fa8074a70
2026-02-20T03:04:46.671 INFO:teuthology.orchestra.run.trial013.stdout:/usr/bin/ceph: stderr
2026-02-20T03:04:46.456+0000 7f2f8f7fe640 1 --2- 10.20.193.13:0/1046930486 >> [v2:10.20.193.13:6800/3984866195,v1:10.20.193.13:6801/3984866195] conn(0x7f2f8003da80 0x7f2f8003ff40 unknown :-1 s=NONE pgs=0 cs=0 l=1 rev1=0 crypto rx=0 tx=0 comp rx=0 tx=0).connect
2026-02-20T03:04:46.671 INFO:teuthology.orchestra.run.trial013.stdout:/usr/bin/ceph: stderr
2026-02-20T03:04:46.456+0000 7f2f8f7fe640 1 -- 10.20.193.13:0/1046930486 <== mon.0 v2:10.20.193.13:3300/0 5 ==== osd_map(2..2 src has 1..2) ==== 940+0+0 (secure 0 0 0) 0x7f2f9c076620 con 0x7f2fa8074a70
2026-02-20T03:04:46.671 INFO:teuthology.orchestra.run.trial013.stdout:/usr/bin/ceph: stderr
2026-02-20T03:04:46.456+0000 7f2fa5d74640 1 --2- 10.20.193.13:0/1046930486 >> [v2:10.20.193.13:6800/3984866195,v1:10.20.193.13:6801/3984866195] conn(0x7f2f8003da80 0x7f2f8003ff40 unknown :-1 s=BANNER_CONNECTING pgs=0 cs=0 l=1 rev1=0 crypto rx=0 tx=0 comp rx=0 tx=0)._handle_peer_banner_payload supported=3 required=0
2026-02-20T03:04:46.671 INFO:teuthology.orchestra.run.trial013.stdout:/usr/bin/ceph: stderr
2026-02-20T03:04:46.457+0000 7f2fa5d74640 1 --2- 10.20.193.13:0/1046930486 >> [v2:10.20.193.13:6800/3984866195,v1:10.20.193.13:6801/3984866195] conn(0x7f2f8003da80 0x7f2f8003ff40 secure :-1 s=READY pgs=10 cs=0 l=1 rev1=1 crypto rx=0x7f2f900099c0 tx=0x7f2f90006eb0 comp rx=0 tx=0).ready entity=mgr.14118 client_cookie=0 server_cookie=0 in_seq=0 out_seq=0
2026-02-20T03:04:46.671 INFO:teuthology.orchestra.run.trial013.stdout:/usr/bin/ceph: stderr
