2026-02-20T02:57:40.294+0000 7f3ce484c640 1 -- --> [v2:10.20.193.5:3300/0,v1:10.20.193.5:6789/0] -- mon_getmap magic: 0 v1 -- 0x7f3cdc19e440 con 0x7f3cdc108200
2026-02-20T02:57:43.638 INFO:teuthology.orchestra.run.trial005.stdout:/usr/bin/ceph: stderr
2026-02-20T02:57:40.294+0000 7f3ce25c1640 1 --2- >> [v2:10.20.193.5:3300/0,v1:10.20.193.5:6789/0] conn(0x7f3cdc108200 0x7f3cdc19df00 unknown :-1 s=BANNER_CONNECTING pgs=0 cs=0 l=1 rev1=0 crypto rx=0 tx=0 comp rx=0 tx=0)._handle_peer_banner_payload supported=3 required=0
2026-02-20T02:57:43.638 INFO:teuthology.orchestra.run.trial005.stdout:/usr/bin/ceph: stderr
2026-02-20T02:57:40.294+0000 7f3ce25c1640 1 --2- >> [v2:10.20.193.5:3300/0,v1:10.20.193.5:6789/0] conn(0x7f3cdc108200 0x7f3cdc19df00 unknown :-1 s=HELLO_CONNECTING pgs=0 cs=0 l=1 rev1=1 crypto rx=0 tx=0 comp rx=0 tx=0).handle_hello peer v2:10.20.193.5:3300/0 says I am v2:10.20.193.5:35144/0 (socket says 10.20.193.5:35144)
2026-02-20T02:57:43.638 INFO:teuthology.orchestra.run.trial005.stdout:/usr/bin/ceph: stderr
2026-02-20T02:57:40.294+0000 7f3ce25c1640 1 -- 10.20.193.5:0/4090357456 learned_addr learned my addr 10.20.193.5:0/4090357456 (peer_addr_for_me v2:10.20.193.5:0/0)
2026-02-20T02:57:43.638 INFO:teuthology.orchestra.run.trial005.stdout:/usr/bin/ceph: stderr
2026-02-20T02:57:40.295+0000 7f3ce25c1640 1 -- 10.20.193.5:0/4090357456 --> [v2:10.20.193.5:3300/0,v1:10.20.193.5:6789/0] -- mon_subscribe({config=0+,monmap=0+}) v3 -- 0x7f3cd40095d0 con 0x7f3cdc108200
2026-02-20T02:57:43.638 INFO:teuthology.orchestra.run.trial005.stdout:/usr/bin/ceph: stderr
2026-02-20T02:57:40.295+0000 7f3ce25c1640 1 --2- 10.20.193.5:0/4090357456 >> [v2:10.20.193.5:3300/0,v1:10.20.193.5:6789/0] conn(0x7f3cdc108200 0x7f3cdc19df00 secure :-1 s=READY pgs=72 cs=0 l=1 rev1=1 crypto rx=0x7f3cd4037850 tx=0x7f3cd4037880 comp rx=0 tx=0).ready entity=mon.0 client_cookie=0 server_cookie=0 in_seq=0 out_seq=0
2026-02-20T02:57:43.638 INFO:teuthology.orchestra.run.trial005.stdout:/usr/bin/ceph: stderr
2026-02-20T02:57:40.295+0000 7f3cc77fe640 1 -- 10.20.193.5:0/4090357456 <== mon.0 v2:10.20.193.5:3300/0 1 ==== mon_map magic: 0 v1 ==== 226+0+0 (secure 0 0 0) 0x7f3cd4035840 con 0x7f3cdc108200
2026-02-20T02:57:43.638 INFO:teuthology.orchestra.run.trial005.stdout:/usr/bin/ceph: stderr
2026-02-20T02:57:40.295+0000 7f3ce484c640 1 -- 10.20.193.5:0/4090357456 --> [v2:10.20.193.5:3300/0,v1:10.20.193.5:6789/0] -- mon_subscribe({mgrmap=0+}) v3 -- 0x7f3cdc19e640 con 0x7f3cdc108200
2026-02-20T02:57:43.638 INFO:teuthology.orchestra.run.trial005.stdout:/usr/bin/ceph: stderr
2026-02-20T02:57:40.295+0000 7f3cc77fe640 1 -- 10.20.193.5:0/4090357456 <== mon.0 v2:10.20.193.5:3300/0 2 ==== config(27 keys) v1 ==== 1106+0+0 (secure 0 0 0) 0x7f3cd4035e60 con 0x7f3cdc108200
2026-02-20T02:57:43.638 INFO:teuthology.orchestra.run.trial005.stdout:/usr/bin/ceph: stderr
2026-02-20T02:57:40.295+0000 7f3cc77fe640 1 -- 10.20.193.5:0/4090357456 <== mon.0 v2:10.20.193.5:3300/0 3 ==== mon_map magic: 0 v1 ==== 226+0+0 (secure 0 0 0) 0x7f3cd403f3d0 con 0x7f3cdc108200
2026-02-20T02:57:43.638 INFO:teuthology.orchestra.run.trial005.stdout:/usr/bin/ceph: stderr
2026-02-20T02:57:40.295+0000 7f3ce484c640 1 -- 10.20.193.5:0/4090357456 --> [v2:10.20.193.5:3300/0,v1:10.20.193.5:6789/0] -- mon_subscribe({osdmap=0}) v3 -- 0x7f3cdc19eae0 con 0x7f3cdc108200
2026-02-20T02:57:43.638 INFO:teuthology.orchestra.run.trial005.stdout:/usr/bin/ceph: stderr
2026-02-20T02:57:40.295+0000 7f3cc77fe640 1 -- 10.20.193.5:0/4090357456 <== mon.0 v2:10.20.193.5:3300/0 4 ==== mgrmap(e 9) v1 ==== 49387+0+0 (secure 0 0 0) 0x7f3cd40406f0 con 0x7f3cdc108200
2026-02-20T02:57:43.639 INFO:teuthology.orchestra.run.trial005.stdout:/usr/bin/ceph: stderr
2026-02-20T02:57:40.296+0000 7f3cc77fe640 1 --2- 10.20.193.5:0/4090357456 >> [v2:10.20.193.5:6800/2794794645,v1:10.20.193.5:6801/2794794645] conn(0x7f3cb803d1e0 0x7f3cb803f6a0 unknown :-1 s=NONE pgs=0 cs=0 l=1 rev1=0 crypto rx=0 tx=0 comp rx=0 tx=0).connect
2026-02-20T02:57:43.639 INFO:teuthology.orchestra.run.trial005.stdout:/usr/bin/ceph: stderr
2026-02-20T02:57:40.296+0000 7f3cc77fe640 1 -- 10.20.193.5:0/4090357456 --> [v2:10.20.193.5:6800/2794794645,v1:10.20.193.5:6801/2794794645] -- command(tid 0: {"prefix": "get_command_descriptions"}) v1 -- 0x7f3cb803fdb0 con 0x7f3cb803d1e0
2026-02-20T02:57:43.639 INFO:teuthology.orchestra.run.trial005.stdout:/usr/bin/ceph: stderr
2026-02-20T02:57:40.296+0000 7f3cc77fe640 1 -- 10.20.193.5:0/4090357456 <== mon.0 v2:10.20.193.5:3300/0 5 ==== osd_map(2..2 src has 1..2) v4 ==== 940+0+0 (secure 0 0 0) 0x7f3cd4075630 con 0x7f3cdc108200
2026-02-20T02:57:43.639 INFO:teuthology.orchestra.run.trial005.stdout:/usr/bin/ceph: stderr
2026-02-20T02:57:40.296+0000 7f3ce1dc0640 1 -- 10.20.193.5:0/4090357456 >> [v2:10.20.193.5:6800/2794794645,v1:10.20.193.5:6801/2794794645] conn(0x7f3cb803d1e0 msgr2=0x7f3cb803f6a0 unknown :-1 s=STATE_CONNECTING_RE l=1).process reconnect failed to v2:10.20.193.5:6800/2794794645
2026-02-20T02:57:43.639 INFO:teuthology.orchestra.run.trial005.stdout:/usr/bin/ceph: stderr
2026-02-20T02:57:40.296+0000 7f3ce1dc0640 1 --2- 10.20.193.5:0/4090357456 >> [v2:10.20.193.5:6800/2794794645,v1:10.20.193.5:6801/2794794645] conn(0x7f3cb803d1e0 0x7f3cb803f6a0 unknown :-1 s=START_CONNECT pgs=0 cs=0 l=1 rev1=0 crypto rx=0 tx=0 comp rx=0 tx=0)._fault waiting 0.200000
2026-02-20T02:57:43.639 INFO:teuthology.orchestra.run.trial005.stdout:/usr/bin/ceph: stderr
2026-02-20T02:57:40.497+0000 7f3ce1dc0640 1 -- 10.20.193.5:0/4090357456 >> [v2:10.20.193.5:6800/2794794645,v1:10.20.193.5:6801/2794794645] conn(0x7f3cb803d1e0 msgr2=0x7f3cb803f6a0 unknown :-1 s=STATE_CONNECTING_RE l=1).process reconnect failed to v2:10.20.193.5:6800/2794794645
2026-02-20T02:57:43.639 INFO:teuthology.orchestra.run.trial005.stdout:/usr/bin/ceph: stderr
2026-02-20T02:57:40.497+0000 7f3ce1dc0640 1 --2- 10.20.193.5:0/4090357456 >> [v2:10.20.193.5:6800/2794794645,v1:10.20.193.5:6801/2794794645] conn(0x7f3cb803d1e0 0x7f3cb803f6a0 unknown :-1 s=START_CONNECT pgs=0 cs=0 l=1 rev1=0 crypto rx=0 tx=0 comp rx=0 tx=0)._fault waiting 0.400000
2026-02-20T02:57:43.639 INFO:teuthology.orchestra.run.trial005.stdout:/usr/bin/ceph: stderr
2026-02-20T02:57:40.898+0000 7f3ce1dc0640 1 -- 10.20.193.5:0/4090357456 >> [v2:10.20.193.5:6800/2794794645,v1:10.20.193.5:6801/2794794645] conn(0x7f3cb803d1e0 msgr2=0x7f3cb803f6a0 unknown :-1 s=STATE_CONNECTING_RE l=1).process reconnect failed to v2:10.20.193.5:6800/2794794645
2026-02-20T02:57:43.639 INFO:teuthology.orchestra.run.trial005.stdout:/usr/bin/ceph: stderr
2026-02-20T02:57:40.898+0000 7f3ce1dc0640 1 --2- 10.20.193.5:0/4090357456 >> [v2:10.20.193.5:6800/2794794645,v1:10.20.193.5:6801/2794794645] conn(0x7f3cb803d1e0 0x7f3cb803f6a0 unknown :-1 s=START_CONNECT pgs=0 cs=0 l=1 rev1=0 crypto rx=0 tx=0 comp rx=0 tx=0)._fault waiting 0.800000
2026-02-20T02:57:43.639 INFO:teuthology.orchestra.run.trial005.stdout:/usr/bin/ceph: stderr
2026-02-20T02:57:41.699+0000 7f3ce1dc0640 1 -- 10.20.193.5:0/4090357456 >> [v2:10.20.193.5:6800/2794794645,v1:10.20.193.5:6801/2794794645] conn(0x7f3cb803d1e0 msgr2=0x7f3cb803f6a0 unknown :-1 s=STATE_CONNECTING_RE l=1).process reconnect failed to v2:10.20.193.5:6800/2794794645
2026-02-20T02:57:43.639 INFO:teuthology.orchestra.run.trial005.stdout:/usr/bin/ceph: stderr
2026-02-20T02:57:41.699+0000 7f3ce1dc0640 1 --2- 10.20.193.5:0/4090357456 >> [v2:10.20.193.5:6800/2794794645,v1:10.20.193.5:6801/2794794645] conn(0x7f3cb803d1e0 0x7f3cb803f6a0 unknown :-1 s=START_CONNECT pgs=0 cs=0 l=1 rev1=0 crypto rx=0 tx=0 comp rx=0 tx=0)._fault waiting 1.600000
2026-02-20T02:57:43.639 INFO:teuthology.orchestra.run.trial005.stdout:/usr/bin/ceph: stderr
2026-02-20T02:57:42.560+0000 7f3cc77fe640 1 -- 10.20.193.5:0/4090357456 <== mon.0 v2:10.20.193.5:3300/0 6 ==== mgrmap(e 10) v1 ==== 49154+0+0 (secure 0 0 0) 0x7f3cd4074460 con 0x7f3cdc108200
2026-02-20T02:57:43.640 INFO:teuthology.orchestra.run.trial005.stdout:/usr/bin/ceph: stderr
2026-02-20T02:57:42.561+0000 7f3cc77fe640 1 -- 10.20.193.5:0/4090357456 >> [v2:10.20.193.5:6800/2794794645,v1:10.20.193.5:6801/2794794645] conn(0x7f3cb803d1e0 msgr2=0x7f3cb803f6a0 unknown :-1 s=STATE_CONNECTING l=1).mark_down
2026-02-20T02:57:43.640 INFO:teuthology.orchestra.run.trial005.stdout:/usr/bin/ceph: stderr
2026-02-20T02:57:42.561+0000 7f3cc77fe640 1 --2- 10.20.193.5:0/4090357456 >> [v2:10.20.193.5:6800/2794794645,v1:10.20.193.5:6801/2794794645] conn(0x7f3cb803d1e0 0x7f3cb803f6a0 unknown :-1 s=START_CONNECT pgs=0 cs=0 l=1 rev1=0 crypto rx=0 tx=0 comp rx=0 tx=0).stop
2026-02-20T02:57:43.640 INFO:teuthology.orchestra.run.trial005.stdout:/usr/bin/ceph: stderr
2026-02-20T02:57:43.563+0000 7f3cc77fe640 1 -- 10.20.193.5:0/4090357456 <== mon.0 v2:10.20.193.5:3300/0 7 ==== mgrmap(e 11) v1 ==== 49281+0+0 (secure 0 0 0) 0x7f3cd403dd50 con 0x7f3cdc108200
2026-02-20T02:57:43.640 INFO:teuthology.orchestra.run.trial005.stdout:/usr/bin/ceph: stderr
2026-02-20T02:57:43.563+0000 7f3cc77fe640 1 --2- 10.20.193.5:0/4090357456 >> [v2:10.20.193.5:6800/1722320356,v1:10.20.193.5:6801/1722320356] conn(0x7f3cb8040c90 0x7f3cb8043080 unknown :-1 s=NONE pgs=0 cs=0 l=1 rev1=0 crypto rx=0 tx=0 comp rx=0 tx=0).connect
2026-02-20T02:57:43.640 INFO:teuthology.orchestra.run.trial005.stdout:/usr/bin/ceph: stderr
2026-02-20T02:57:43.563+0000 7f3cc77fe640 1 -- 10.20.193.5:0/4090357456 --> [v2:10.20.193.5:6800/1722320356,v1:10.20.193.5:6801/1722320356] -- command(tid 0: {"prefix": "get_command_descriptions"}) v1 -- 0x7f3cb803fdb0 con 0x7f3cb8040c90
2026-02-20T02:57:43.640 INFO:teuthology.orchestra.run.trial005.stdout:/usr/bin/ceph: stderr
2026-02-20T02:57:43.563+0000 7f3ce1dc0640 1 --2- 10.20.193.5:0/4090357456 >> [v2:10.20.193.5:6800/1722320356,v1:10.20.193.5:6801/1722320356] conn(0x7f3cb8040c90 0x7f3cb8043080 unknown :-1 s=BANNER_CONNECTING pgs=0 cs=0 l=1 rev1=0 crypto rx=0 tx=0 comp rx=0 tx=0)._handle_peer_banner_payload supported=3 required=0
2026-02-20T02:57:43.640 INFO:teuthology.orchestra.run.trial005.stdout:/usr/bin/ceph: stderr
2026-02-20T02:57:43.564+0000 7f3ce1dc0640 1 --2- 10.20.193.5:0/4090357456 >> [v2:10.20.193.5:6800/1722320356,v1:10.20.193.5:6801/1722320356] conn(0x7f3cb8040c90 0x7f3cb8043080 secure :-1 s=READY pgs=3 cs=0 l=1 rev1=1 crypto rx=0x7f3cc8003a80 tx=0x7f3cc80092b0 comp rx=0 tx=0).ready entity=mgr.14162 client_cookie=0 server_cookie=0 in_seq=0 out_seq=0
2026-02-20T02:57:43.640 INFO:teuthology.orchestra.run.trial005.stdout:/usr/bin/ceph: stderr
2026-02-20T02:57:43.564+0000 7f3cc77fe640 1 -- 10.20.193.5:0/4090357456 <== mgr.14162 v2:10.20.193.5:6800/1722320356 1 ==== command_reply(tid 0: 0 ) v1 ==== 8+0+7759 (secure 0 0 0) 0x7f3cb803fdb0 con 0x7f3cb8040c90
2026-02-20T02:57:43.640 INFO:teuthology.orchestra.run.trial005.stdout:/usr/bin/ceph: stderr
2026-02-20T02:57:43.567+0000 7f3ce484c640 1 -- 10.20.193.5:0/4090357456 --> [v2:10.20.193.5:6800/1722320356,v1:10.20.193.5:6801/1722320356] -- command(tid 1: {"prefix": "mgr_status"}) v1 -- 0x7f3cdc10c630 con 0x7f3cb8040c90
2026-02-20T02:57:43.640 INFO:teuthology.orchestra.run.trial005.stdout:/usr/bin/ceph: stderr
2026-02-20T02:57:43.567+0000 7f3cc77fe640 1 -- 10.20.193.5:0/4090357456 <== mgr.14162 v2:10.20.193.5:6800/1722320356 2 ==== command_reply(tid 1: 0 ) v1 ==== 8+0+52 (secure 0 0 0) 0x7f3cdc10c630 con 0x7f3cb8040c90
2026-02-20T02:57:43.640 INFO:teuthology.orchestra.run.trial005.stdout:/usr/bin/ceph: stderr
2026-02-20T02:57:43.568+0000 7f3ce484c640 1 -- 10.20.193.5:0/4090357456 >> [v2:10.20.193.5:6800/1722320356,v1:10.20.193.5:6801/1722320356] conn(0x7f3cb8040c90 msgr2=0x7f3cb8043080 secure :-1 s=STATE_CONNECTION_ESTABLISHED l=1).mark_down
2026-02-20T02:57:43.640 INFO:teuthology.orchestra.run.trial005.stdout:/usr/bin/ceph: stderr
2026-02-20T02:57:43.568+0000 7f3ce484c640 1 --2- 10.20.193.5:0/4090357456 >> [v2:10.20.193.5:6800/1722320356,v1:10.20.193.5:6801/1722320356] conn(0x7f3cb8040c90 0x7f3cb8043080 secure :-1 s=READY pgs=3 cs=0 l=1 rev1=1 crypto rx=0x7f3cc8003a80 tx=0x7f3cc80092b0 comp rx=0 tx=0).stop
2026-02-20T02:57:43.641 INFO:teuthology.orchestra.run.trial005.stdout:/usr/bin/ceph: stderr
2026-02-20T02:57:43.568+0000 7f3ce484c640 1 -- 10.20.193.5:0/4090357456 >> [v2:10.20.193.5:3300/0,v1:10.20.193.5:6789/0] conn(0x7f3cdc108200 msgr2=0x7f3cdc19df00 secure :-1 s=STATE_CONNECTION_ESTABLISHED l=1).mark_down
2026-02-20T02:57:43.641 INFO:teuthology.orchestra.run.trial005.stdout:/usr/bin/ceph: stderr
2026-02-20T02:57:43.568+0000 7f3ce484c640 1 --2- 10.20.193.5:0/4090357456 >> [v2:10.20.193.5:3300/0,v1:10.20.193.5:6789/0] conn(0x7f3cdc108200 0x7f3cdc19df00 secure :-1 s=READY pgs=72 cs=0 l=1 rev1=1 crypto rx=0x7f3cd4037850 tx=0x7f3cd4037880 comp rx=0 tx=0).stop
2026-02-20T02:57:43.641 INFO:teuthology.orchestra.run.trial005.stdout:/usr/bin/ceph: stderr
2026-02-20T02:57:43.568+0000 7f3ce484c640 1 -- 10.20.193.5:0/4090357456 shutdown_connections
2026-02-20T02:57:43.641 INFO:teuthology.orchestra.run.trial005.stdout:/usr/bin/ceph: stderr
2026-02-20T02:57:43.568+0000 7f3ce484c640 1 --2- 10.20.193.5:0/4090357456 >> [v2:10.20.193.5:6800/1722320356,v1:10.20.193.5:6801/1722320356] conn(0x7f3cb8040c90 0x7f3cb8043080 unknown :-1 s=CLOSED pgs=3 cs=0 l=1 rev1=1 crypto rx=0 tx=0 comp rx=0 tx=0).stop
2026-02-20T02:57:43.641 INFO:teuthology.orchestra.run.trial005.stdout:/usr/bin/ceph: stderr
2026-02-20T02:57:43.568+0000 7f3ce484c640 1 --2- 10.20.193.5:0/4090357456 >> [v2:10.20.193.5:6800/2794794645,v1:10.20.193.5:6801/2794794645] conn(0x7f3cb803d1e0 0x7f3cb803f6a0 unknown :-1 s=CLOSED pgs=0 cs=0 l=1 rev1=0 crypto rx=0 tx=0 comp rx=0 tx=0).stop
2026-02-20T02:57:43.641 INFO:teuthology.orchestra.run.trial005.stdout:/usr/bin/ceph: stderr
2026-02-20T02:57:43.568+0000 7f3ce484c640 1 --2- 10.20.193.5:0/4090357456 >> [v2:10.20.193.5:3300/0,v1:10.20.193.5:6789/0] conn(0x7f3cdc108200 0x7f3cdc19df00 unknown :-1 s=CLOSED pgs=72 cs=0 l=1 rev1=1 crypto rx=0 tx=0 comp rx=0 tx=0).stop
2026-02-20T02:57:43.641 INFO:teuthology.orchestra.run.trial005.stdout:/usr/bin/ceph: stderr
2026-02-20T02:57:43.568+0000 7f3ce484c640 1 -- 10.20.193.5:0/4090357456 >> 10.20.193.5:0/4090357456 conn(0x7f3cdc07b670 msgr2=0x7f3cdc1056b0 unknown :-1 s=STATE_NONE l=0).mark_down
2026-02-20T02:57:43.641 INFO:teuthology.orchestra.run.trial005.stdout:/usr/bin/ceph: stderr
2026-02-20T02:57:43.568+0000 7f3ce484c640 1 -- 10.20.193.5:0/4090357456 shutdown_connections
2026-02-20T02:57:43.641 INFO:teuthology.orchestra.run.trial005.stdout:/usr/bin/ceph: stderr
2026-02-20T02:57:43.568+0000 7f3ce484c640 1 -- 10.20.193.5:0/4090357456 wait complete.
2026-02-20T02:57:43.641 INFO:teuthology.orchestra.run.trial005.stdout:mgr epoch 9 is available
2026-02-20T02:57:43.641 INFO:teuthology.orchestra.run.trial005.stdout:Generating a dashboard self-signed certificate...
2026-02-20T02:57:43.862 INFO:teuthology.orchestra.run.trial005.stdout:/usr/bin/ceph: stdout Self-signed certificate created
2026-02-20T02:57:43.862 INFO:teuthology.orchestra.run.trial005.stdout:/usr/bin/ceph: stderr
2026-02-20T02:57:43.723+0000 7fd707b4e640 1 Processor -- start
2026-02-20T02:57:43.862 INFO:teuthology.orchestra.run.trial005.stdout:/usr/bin/ceph: stderr
2026-02-20T02:57:43.723+0000 7fd707b4e640 1 -- start start
2026-02-20T02:57:43.862 INFO:teuthology.orchestra.run.trial005.stdout:/usr/bin/ceph: stderr
2026-02-20T02:57:43.723+0000 7fd707b4e640 1 --2- >> [v2:10.20.193.5:3300/0,v1:10.20.193.5:6789/0] conn(0x7fd700108260 0x7fd700108680 unknown :-1 s=NONE pgs=0 cs=0 l=0 rev1=0 crypto rx=0 tx=0 comp rx=0 tx=0).connect
2026-02-20T02:57:43.862 INFO:teuthology.orchestra.run.trial005.stdout:/usr/bin/ceph: stderr
2026-02-20T02:57:43.723+0000 7fd707b4e640 1 -- --> [v2:10.20.193.5:3300/0,v1:10.20.193.5:6789/0] -- mon_getmap magic: 0 v1 -- 0x7fd700108c50 con 0x7fd700108260
2026-02-20T02:57:43.862 INFO:teuthology.orchestra.run.trial005.stdout:/usr/bin/ceph: stderr
2026-02-20T02:57:43.723+0000 7fd7058c3640 1 --2- >> [v2:10.20.193.5:3300/0,v1:10.20.193.5:6789/0] conn(0x7fd700108260 0x7fd700108680 unknown :-1 s=BANNER_CONNECTING pgs=0 cs=0 l=0 rev1=0 crypto rx=0 tx=0 comp rx=0 tx=0)._handle_peer_banner_payload supported=3 required=0
2026-02-20T02:57:43.862 INFO:teuthology.orchestra.run.trial005.stdout:/usr/bin/ceph: stderr
2026-02-20T02:57:43.724+0000 7fd7058c3640 1 --2- >> [v2:10.20.193.5:3300/0,v1:10.20.193.5:6789/0] conn(0x7fd700108260 0x7fd700108680 unknown :-1 s=HELLO_CONNECTING pgs=0 cs=0 l=0 rev1=1 crypto rx=0 tx=0 comp rx=0 tx=0).handle_hello peer v2:10.20.193.5:3300/0 says I am v2:10.20.193.5:43664/0 (socket says 10.20.193.5:43664)
2026-02-20T02:57:43.863 INFO:teuthology.orchestra.run.trial005.stdout:/usr/bin/ceph: stderr
2026-02-20T02:57:43.724+0000 7fd7058c3640 1 -- 10.20.193.5:0/4111757125 learned_addr learned my addr 10.20.193.5:0/4111757125 (peer_addr_for_me v2:10.20.193.5:0/0)
2026-02-20T02:57:43.863 INFO:teuthology.orchestra.run.trial005.stdout:/usr/bin/ceph: stderr
2026-02-20T02:57:43.724+0000 7fd7058c3640 1 -- 10.20.193.5:0/4111757125 --> [v2:10.20.193.5:3300/0,v1:10.20.193.5:6789/0] -- mon_subscribe({config=0+,monmap=0+}) v3 -- 0x7fd700109400 con 0x7fd700108260
2026-02-20T02:57:43.863 INFO:teuthology.orchestra.run.trial005.stdout:/usr/bin/ceph: stderr
2026-02-20T02:57:43.724+0000 7fd7058c3640 1 --2- 10.20.193.5:0/4111757125 >> [v2:10.20.193.5:3300/0,v1:10.20.193.5:6789/0] conn(0x7fd700108260 0x7fd700108680 secure :-1 s=READY pgs=80 cs=0 l=1 rev1=1 crypto rx=0x7fd6f0009920 tx=0x7fd6f002ef20 comp rx=0 tx=0).ready entity=mon.0 client_cookie=6b93b0b4ac1f2844 server_cookie=0 in_seq=0 out_seq=0
2026-02-20T02:57:43.863 INFO:teuthology.orchestra.run.trial005.stdout:/usr/bin/ceph: stderr
2026-02-20T02:57:43.724+0000 7fd7048c1640 1 -- 10.20.193.5:0/4111757125 <== mon.0 v2:10.20.193.5:3300/0 1 ==== mon_map magic: 0 v1 ==== 226+0+0 (secure 0 0 0) 0x7fd6f002f9b0 con 0x7fd700108260
2026-02-20T02:57:43.863 INFO:teuthology.orchestra.run.trial005.stdout:/usr/bin/ceph: stderr
2026-02-20T02:57:43.724+0000 7fd7048c1640 1 -- 10.20.193.5:0/4111757125 <== mon.0 v2:10.20.193.5:3300/0 2 ==== config(27 keys) v1 ==== 1106+0+0 (secure 0 0 0) 0x7fd6f0037440 con 0x7fd700108260
2026-02-20T02:57:43.863 INFO:teuthology.orchestra.run.trial005.stdout:/usr/bin/ceph: stderr
2026-02-20T02:57:43.724+0000 7fd7048c1640 1 -- 10.20.193.5:0/4111757125 <== mon.0 v2:10.20.193.5:3300/0 3 ==== mon_map magic: 0 v1 ==== 226+0+0 (secure 0 0 0) 0x7fd6f0035530 con 0x7fd700108260
2026-02-20T02:57:43.863 INFO:teuthology.orchestra.run.trial005.stdout:/usr/bin/ceph: stderr
2026-02-20T02:57:43.725+0000 7fd707b4e640 1 -- 10.20.193.5:0/4111757125 >> [v2:10.20.193.5:3300/0,v1:10.20.193.5:6789/0] conn(0x7fd700108260 msgr2=0x7fd700108680 secure :-1 s=STATE_CONNECTION_ESTABLISHED l=1).mark_down
2026-02-20T02:57:43.863 INFO:teuthology.orchestra.run.trial005.stdout:/usr/bin/ceph: stderr
2026-02-20T02:57:43.725+0000 7fd707b4e640 1 --2- 10.20.193.5:0/4111757125 >> [v2:10.20.193.5:3300/0,v1:10.20.193.5:6789/0] conn(0x7fd700108260 0x7fd700108680 secure :-1 s=READY pgs=80 cs=0 l=1 rev1=1 crypto rx=0x7fd6f0009920 tx=0x7fd6f002ef20 comp rx=0 tx=0).stop
2026-02-20T02:57:43.863 INFO:teuthology.orchestra.run.trial005.stdout:/usr/bin/ceph: stderr
2026-02-20T02:57:43.725+0000 7fd707b4e640 1 -- 10.20.193.5:0/4111757125 shutdown_connections
2026-02-20T02:57:43.863 INFO:teuthology.orchestra.run.trial005.stdout:/usr/bin/ceph: stderr
2026-02-20T02:57:43.725+0000 7fd707b4e640 1 --2- 10.20.193.5:0/4111757125 >> [v2:10.20.193.5:3300/0,v1:10.20.193.5:6789/0] conn(0x7fd700108260 0x7fd700108680 unknown :-1 s=CLOSED pgs=80 cs=0 l=1 rev1=1 crypto rx=0 tx=0 comp rx=0 tx=0).stop
2026-02-20T02:57:43.863 INFO:teuthology.orchestra.run.trial005.stdout:/usr/bin/ceph: stderr
2026-02-20T02:57:43.725+0000 7fd707b4e640 1 -- 10.20.193.5:0/4111757125 >> 10.20.193.5:0/4111757125 conn(0x7fd70007b8c0 msgr2=0x7fd700106670 unknown :-1 s=STATE_NONE l=0).mark_down
2026-02-20T02:57:43.863 INFO:teuthology.orchestra.run.trial005.stdout:/usr/bin/ceph: stderr
2026-02-20T02:57:43.725+0000 7fd707b4e640 1 -- 10.20.193.5:0/4111757125 shutdown_connections
2026-02-20T02:57:43.863 INFO:teuthology.orchestra.run.trial005.stdout:/usr/bin/ceph: stderr
2026-02-20T02:57:43.725+0000 7fd707b4e640 1 -- 10.20.193.5:0/4111757125 wait complete.
2026-02-20T02:57:43.863 INFO:teuthology.orchestra.run.trial005.stdout:/usr/bin/ceph: stderr
2026-02-20T02:57:43.725+0000 7fd707b4e640 1 Processor -- start
2026-02-20T02:57:43.863 INFO:teuthology.orchestra.run.trial005.stdout:/usr/bin/ceph: stderr
2026-02-20T02:57:43.725+0000 7fd707b4e640 1 -- start start
2026-02-20T02:57:43.864 INFO:teuthology.orchestra.run.trial005.stdout:/usr/bin/ceph: stderr
2026-02-20T02:57:43.725+0000 7fd707b4e640 1 --2- >> [v2:10.20.193.5:3300/0,v1:10.20.193.5:6789/0] conn(0x7fd700108260 0x7fd70019dfa0 unknown :-1 s=NONE pgs=0 cs=0 l=1 rev1=0 crypto rx=0 tx=0 comp rx=0 tx=0).connect
2026-02-20T02:57:43.864 INFO:teuthology.orchestra.run.trial005.stdout:/usr/bin/ceph: stderr
2026-02-20T02:57:43.725+0000 7fd707b4e640 1 -- --> [v2:10.20.193.5:3300/0,v1:10.20.193.5:6789/0] -- mon_getmap magic: 0 v1 -- 0x7fd70019e4e0 con 0x7fd700108260
2026-02-20T02:57:43.864 INFO:teuthology.orchestra.run.trial005.stdout:/usr/bin/ceph: stderr
2026-02-20T02:57:43.725+0000 7fd7058c3640 1 --2- >> [v2:10.20.193.5:3300/0,v1:10.20.193.5:6789/0] conn(0x7fd700108260 0x7fd70019dfa0 unknown :-1 s=BANNER_CONNECTING pgs=0 cs=0 l=1 rev1=0 crypto rx=0 tx=0 comp rx=0 tx=0)._handle_peer_banner_payload supported=3 required=0
2026-02-20T02:57:43.864 INFO:teuthology.orchestra.run.trial005.stdout:/usr/bin/ceph: stderr
2026-02-20T02:57:43.725+0000 7fd7058c3640 1 --2- >> [v2:10.20.193.5:3300/0,v1:10.20.193.5:6789/0] conn(0x7fd700108260 0x7fd70019dfa0 unknown :-1 s=HELLO_CONNECTING pgs=0 cs=0 l=1 rev1=1 crypto rx=0 tx=0 comp rx=0 tx=0).handle_hello peer v2:10.20.193.5:3300/0 says I am v2:10.20.193.5:43672/0 (socket says 10.20.193.5:43672)
2026-02-20T02:57:43.864 INFO:teuthology.orchestra.run.trial005.stdout:/usr/bin/ceph: stderr
2026-02-20T02:57:43.725+0000 7fd7058c3640 1 -- 10.20.193.5:0/4201621648 learned_addr learned my addr 10.20.193.5:0/4201621648 (peer_addr_for_me v2:10.20.193.5:0/0)
2026-02-20T02:57:43.864 INFO:teuthology.orchestra.run.trial005.stdout:/usr/bin/ceph: stderr
2026-02-20T02:57:43.725+0000 7fd7058c3640 1 -- 10.20.193.5:0/4201621648 --> [v2:10.20.193.5:3300/0,v1:10.20.193.5:6789/0] -- mon_subscribe({config=0+,monmap=0+}) v3 -- 0x7fd6f00095d0 con 0x7fd700108260
2026-02-20T02:57:43.864 INFO:teuthology.orchestra.run.trial005.stdout:/usr/bin/ceph: stderr
2026-02-20T02:57:43.725+0000 7fd7058c3640 1 --2- 10.20.193.5:0/4201621648 >> [v2:10.20.193.5:3300/0,v1:10.20.193.5:6789/0] conn(0x7fd700108260 0x7fd70019dfa0 secure :-1 s=READY pgs=81 cs=0 l=1 rev1=1 crypto rx=0x7fd6f00377e0 tx=0x7fd6f0037810 comp rx=0 tx=0).ready entity=mon.0 client_cookie=0 server_cookie=0 in_seq=0 out_seq=0
2026-02-20T02:57:43.864 INFO:teuthology.orchestra.run.trial005.stdout:/usr/bin/ceph: stderr
2026-02-20T02:57:43.725+0000 7fd6eeffd640 1 -- 10.20.193.5:0/4201621648 <== mon.0 v2:10.20.193.5:3300/0 1 ==== mon_map magic: 0 v1 ==== 226+0+0 (secure 0 0 0) 0x7fd6f0035840 con 0x7fd700108260
2026-02-20T02:57:43.864 INFO:teuthology.orchestra.run.trial005.stdout:/usr/bin/ceph: stderr
2026-02-20T02:57:43.725+0000 7fd6eeffd640 1 -- 10.20.193.5:0/4201621648 <== mon.0 v2:10.20.193.5:3300/0 2 ==== config(27 keys) v1 ==== 1106+0+0 (secure 0 0 0) 0x7fd6f0035e60 con 0x7fd700108260
2026-02-20T02:57:43.864 INFO:teuthology.orchestra.run.trial005.stdout:/usr/bin/ceph: stderr
2026-02-20T02:57:43.725+0000 7fd707b4e640 1 -- 10.20.193.5:0/4201621648 --> [v2:10.20.193.5:3300/0,v1:10.20.193.5:6789/0] -- mon_subscribe({mgrmap=0+}) v3 -- 0x7fd70019e6e0 con 0x7fd700108260
2026-02-20T02:57:43.864 INFO:teuthology.orchestra.run.trial005.stdout:/usr/bin/ceph: stderr
2026-02-20T02:57:43.726+0000 7fd6eeffd640 1 -- 10.20.193.5:0/4201621648 <== mon.0 v2:10.20.193.5:3300/0 3 ==== mon_map magic: 0 v1 ==== 226+0+0 (secure 0 0 0) 0x7fd6f003f3d0 con 0x7fd700108260
2026-02-20T02:57:43.864 INFO:teuthology.orchestra.run.trial005.stdout:/usr/bin/ceph: stderr
2026-02-20T02:57:43.726+0000 7fd707b4e640 1 -- 10.20.193.5:0/4201621648 --> [v2:10.20.193.5:3300/0,v1:10.20.193.5:6789/0] -- mon_subscribe({osdmap=0}) v3 -- 0x7fd70019eb20 con 0x7fd700108260
2026-02-20T02:57:43.864 INFO:teuthology.orchestra.run.trial005.stdout:/usr/bin/ceph: stderr
2026-02-20T02:57:43.726+0000 7fd707b4e640 1 -- 10.20.193.5:0/4201621648 --> [v2:10.20.193.5:3300/0,v1:10.20.193.5:6789/0] -- mon_command({"prefix": "get_command_descriptions"} v 0) v1 -- 0x7fd70010c630 con 0x7fd700108260
2026-02-20T02:57:43.864 INFO:teuthology.orchestra.run.trial005.stdout:/usr/bin/ceph: stderr
2026-02-20T02:57:43.726+0000 7fd6eeffd640 1 -- 10.20.193.5:0/4201621648 <== mon.0 v2:10.20.193.5:3300/0 4 ==== mgrmap(e 11) v1 ==== 49281+0+0 (secure 0 0 0) 0x7fd6f0040430 con 0x7fd700108260
2026-02-20T02:57:43.864 INFO:teuthology.orchestra.run.trial005.stdout:/usr/bin/ceph: stderr
2026-02-20T02:57:43.726+0000 7fd6eeffd640 1 --2- 10.20.193.5:0/4201621648 >> [v2:10.20.193.5:6800/1722320356,v1:10.20.193.5:6801/1722320356] conn(0x7fd6dc03d0c0 0x7fd6dc03f580 unknown :-1 s=NONE pgs=0 cs=0 l=1 rev1=0 crypto rx=0 tx=0 comp rx=0 tx=0).connect
2026-02-20T02:57:43.864 INFO:teuthology.orchestra.run.trial005.stdout:/usr/bin/ceph: stderr
2026-02-20T02:57:43.726+0000 7fd6eeffd640 1 -- 10.20.193.5:0/4201621648 <== mon.0 v2:10.20.193.5:3300/0 5 ==== osd_map(3..3 src has 1..3) v4 ==== 1155+0+0 (secure 0 0 0) 0x7fd6f0075320 con 0x7fd700108260
2026-02-20T02:57:43.865 INFO:teuthology.orchestra.run.trial005.stdout:/usr/bin/ceph: stderr
2026-02-20T02:57:43.726+0000 7fd7050c2640 1 --2- 10.20.193.5:0/4201621648 >> [v2:10.20.193.5:6800/1722320356,v1:10.20.193.5:6801/1722320356] conn(0x7fd6dc03d0c0 0x7fd6dc03f580 unknown :-1 s=BANNER_CONNECTING pgs=0 cs=0 l=1 rev1=0 crypto rx=0 tx=0 comp rx=0 tx=0)._handle_peer_banner_payload supported=3 required=0
2026-02-20T02:57:43.865 INFO:teuthology.orchestra.run.trial005.stdout:/usr/bin/ceph: stderr
2026-02-20T02:57:43.727+0000 7fd7050c2640 1 --2- 10.20.193.5:0/4201621648 >> [v2:10.20.193.5:6800/1722320356,v1:10.20.193.5:6801/1722320356] conn(0x7fd6dc03d0c0 0x7fd6dc03f580 secure :-1 s=READY pgs=7 cs=0 l=1 rev1=1 crypto rx=0x7fd6f40099c0 tx=0x7fd6f4006eb0 comp rx=0 tx=0).ready entity=mgr.14162 client_cookie=0 server_cookie=0 in_seq=0 out_seq=0
2026-02-20T02:57:43.865 INFO:teuthology.orchestra.run.trial005.stdout:/usr/bin/ceph: stderr
2026-02-20T02:57:43.729+0000 7fd6eeffd640 1 -- 10.20.193.5:0/4201621648 <== mon.0 v2:10.20.193.5:3300/0 6 ==== mon_command_ack([{"prefix": "get_command_descriptions"}]=0 v0) v1 ==== 72+0+186382 (secure 0 0 0) 0x7fd6f003e860 con 0x7fd700108260
2026-02-20T02:57:43.865 INFO:teuthology.orchestra.run.trial005.stdout:/usr/bin/ceph: stderr
2026-02-20T02:57:43.810+0000 7fd707b4e640 1 -- 10.20.193.5:0/4201621648 --> [v2:10.20.193.5:6800/1722320356,v1:10.20.193.5:6801/1722320356] -- mgr_command(tid 0: {"prefix": "dashboard create-self-signed-cert", "target": ["mon-mgr", ""]}) v1 -- 0x7fd700106570 con 0x7fd6dc03d0c0
2026-02-20T02:57:43.865 INFO:teuthology.orchestra.run.trial005.stdout:/usr/bin/ceph: stderr
2026-02-20T02:57:43.839+0000 7fd6eeffd640 1 -- 10.20.193.5:0/4201621648 <== mgr.14162 v2:10.20.193.5:6800/1722320356 1 ==== mgr_command_reply(tid 0: 0 ) v1 ==== 8+0+32 (secure 0 0 0) 0x7fd700106570 con 0x7fd6dc03d0c0
2026-02-20T02:57:43.865 INFO:teuthology.orchestra.run.trial005.stdout:/usr/bin/ceph: stderr
2026-02-20T02:57:43.840+0000 7fd707b4e640 1 -- 10.20.193.5:0/4201621648 >> [v2:10.20.193.5:6800/1722320356,v1:10.20.193.5:6801/1722320356] conn(0x7fd6dc03d0c0 msgr2=0x7fd6dc03f580 secure :-1 s=STATE_CONNECTION_ESTABLISHED l=1).mark_down
2026-02-20T02:57:43.865 INFO:teuthology.orchestra.run.trial005.stdout:/usr/bin/ceph: stderr
2026-02-20T02:57:43.840+0000 7fd707b4e640 1 --2- 10.20.193.5:0/4201621648 >> [v2:10.20.193.5:6800/1722320356,v1:10.20.193.5:6801/1722320356] conn(0x7fd6dc03d0c0 0x7fd6dc03f580 secure :-1 s=READY pgs=7 cs=0 l=1 rev1=1 crypto rx=0x7fd6f40099c0 tx=0x7fd6f4006eb0 comp rx=0 tx=0).stop
2026-02-20T02:57:43.865 INFO:teuthology.orchestra.run.trial005.stdout:/usr/bin/ceph: stderr
2026-02-20T02:57:43.840+0000 7fd707b4e640 1 -- 10.20.193.5:0/4201621648 >> [v2:10.20.193.5:3300/0,v1:10.20.193.5:6789/0] conn(0x7fd700108260 msgr2=0x7fd70019dfa0 secure :-1 s=STATE_CONNECTION_ESTABLISHED l=1).mark_down
2026-02-20T02:57:43.865 INFO:teuthology.orchestra.run.trial005.stdout:/usr/bin/ceph: stderr
2026-02-20T02:57:43.840+0000 7fd707b4e640 1 --2- 10.20.193.5:0/4201621648 >> [v2:10.20.193.5:3300/0,v1:10.20.193.5:6789/0] conn(0x7fd700108260 0x7fd70019dfa0 secure :-1 s=READY pgs=81 cs=0 l=1 rev1=1 crypto rx=0x7fd6f00377e0 tx=0x7fd6f0037810 comp rx=0 tx=0).stop
2026-02-20T02:57:43.865 INFO:teuthology.orchestra.run.trial005.stdout:/usr/bin/ceph: stderr
2026-02-20T02:57:43.840+0000 7fd707b4e640 1 -- 10.20.193.5:0/4201621648 shutdown_connections
2026-02-20T02:57:43.865 INFO:teuthology.orchestra.run.trial005.stdout:/usr/bin/ceph: stderr
2026-02-20T02:57:43.840+0000 7fd707b4e640 1 --2- 10.20.193.5:0/4201621648 >> [v2:10.20.193.5:6800/1722320356,v1:10.20.193.5:6801/1722320356] conn(0x7fd6dc03d0c0 0x7fd6dc03f580 unknown :-1 s=CLOSED pgs=7 cs=0 l=1 rev1=1 crypto rx=0 tx=0 comp rx=0 tx=0).stop
2026-02-20T02:57:43.865 INFO:teuthology.orchestra.run.trial005.stdout:/usr/bin/ceph: stderr
2026-02-20T02:57:43.840+0000 7fd707b4e640 1 --2- 10.20.193.5:0/4201621648 >> [v2:10.20.193.5:3300/0,v1:10.20.193.5:6789/0] conn(0x7fd700108260 0x7fd70019dfa0 unknown :-1 s=CLOSED pgs=81 cs=0 l=1 rev1=1 crypto rx=0 tx=0 comp rx=0 tx=0).stop
2026-02-20T02:57:43.865 INFO:teuthology.orchestra.run.trial005.stdout:/usr/bin/ceph: stderr
2026-02-20T02:57:43.840+0000 7fd707b4e640 1 -- 10.20.193.5:0/4201621648 >> 10.20.193.5:0/4201621648 conn(0x7fd70007b8c0 msgr2=0x7fd700105e60 unknown :-1 s=STATE_NONE l=0).mark_down
2026-02-20T02:57:43.865 INFO:teuthology.orchestra.run.trial005.stdout:/usr/bin/ceph: stderr
2026-02-20T02:57:43.840+0000 7fd707b4e640 1 -- 10.20.193.5:0/4201621648 shutdown_connections
2026-02-20T02:57:43.865 INFO:teuthology.orchestra.run.trial005.stdout:/usr/bin/ceph: stderr
2026-02-20T02:57:43.840+0000 7fd707b4e640 1 -- 10.20.193.5:0/4201621648 wait complete.
2026-02-20T02:57:43.866 INFO:teuthology.orchestra.run.trial005.stdout:Creating initial admin user...
2026-02-20T02:57:44.181 INFO:journalctl@ceph.mon.trial005.trial005.stdout:Feb 20 02:57:44 trial005 ceph-mon[38677]: from='mgr.14162 10.20.193.5:0/4153636677' entity='mgr.trial005.szlpdl'
2026-02-20T02:57:44.181 INFO:journalctl@ceph.mon.trial005.trial005.stdout:Feb 20 02:57:44 trial005 ceph-mon[38677]: from='mgr.14162 10.20.193.5:0/4153636677' entity='mgr.trial005.szlpdl'
2026-02-20T02:57:44.181 INFO:journalctl@ceph.mon.trial005.trial005.stdout:Feb 20 02:57:44 trial005 ceph-mon[38677]: [20/Feb/2026:02:57:43] ENGINE Bus STARTING
2026-02-20T02:57:44.181 INFO:journalctl@ceph.mon.trial005.trial005.stdout:Feb 20 02:57:44 trial005 ceph-mon[38677]: from='client.14166 -' entity='client.admin' cmd=[{"prefix": "get_command_descriptions"}]: dispatch
2026-02-20T02:57:44.181 INFO:journalctl@ceph.mon.trial005.trial005.stdout:Feb 20 02:57:44 trial005 ceph-mon[38677]: mgrmap e11: trial005.szlpdl(active, since 1.00568s)
2026-02-20T02:57:44.182 INFO:journalctl@ceph.mon.trial005.trial005.stdout:Feb 20 02:57:44 trial005 ceph-mon[38677]: from='client.14166 -' entity='client.admin' cmd=[{"prefix": "mgr_status"}]: dispatch
2026-02-20T02:57:44.182 INFO:journalctl@ceph.mon.trial005.trial005.stdout:Feb 20 02:57:44 trial005 ceph-mon[38677]: [20/Feb/2026:02:57:43] ENGINE Serving on http://10.20.193.5:8765
2026-02-20T02:57:44.182 INFO:journalctl@ceph.mon.trial005.trial005.stdout:Feb 20 02:57:44 trial005 ceph-mon[38677]: [20/Feb/2026:02:57:43] ENGINE Serving on https://10.20.193.5:7150
2026-02-20T02:57:44.182 INFO:journalctl@ceph.mon.trial005.trial005.stdout:Feb 20 02:57:44 trial005 ceph-mon[38677]: [20/Feb/2026:02:57:43] ENGINE Bus STARTED
2026-02-20T02:57:44.182 INFO:journalctl@ceph.mon.trial005.trial005.stdout:Feb 20 02:57:44 trial005 ceph-mon[38677]: [20/Feb/2026:02:57:43] ENGINE Client ('10.20.193.5', 60478) lost — peer dropped the TLS connection suddenly, during handshake: (6, 'TLS/SSL connection has been closed (EOF) (_ssl.c:1147)')
2026-02-20T02:57:44.182 INFO:journalctl@ceph.mon.trial005.trial005.stdout:Feb 20 02:57:44 trial005 ceph-mon[38677]: from='client.14174 -' entity='client.admin' cmd=[{"prefix": "dashboard create-self-signed-cert", "target": ["mon-mgr", ""]}]: dispatch
2026-02-20T02:57:44.182 INFO:journalctl@ceph.mon.trial005.trial005.stdout:Feb 20 02:57:44 trial005 ceph-mon[38677]: from='mgr.14162 10.20.193.5:0/4153636677' entity='mgr.trial005.szlpdl'
2026-02-20T02:57:44.182 INFO:journalctl@ceph.mon.trial005.trial005.stdout:Feb 20 02:57:44 trial005 ceph-mon[38677]: from='mgr.14162 10.20.193.5:0/4153636677' entity='mgr.trial005.szlpdl'
2026-02-20T02:57:44.207 INFO:teuthology.orchestra.run.trial005.stdout:/usr/bin/ceph: stdout {"username": "admin", "password": "$2b$12$gju8npdzniMpFID8j0PKU.guB8mOl28mYbwFzEOzPSzhoLZllGbVC", "roles": ["administrator"], "name": null, "email": null, "lastUpdate": 1771556264, "enabled": true, "pwdExpirationDate": null, "pwdUpdateRequired": true}
2026-02-20T02:57:44.213 INFO:teuthology.orchestra.run.trial005.stdout:/usr/bin/ceph: stderr
2026-02-20T02:57:43.957+0000 7f8b25d1b640 1 Processor -- start
2026-02-20T02:57:44.213 INFO:teuthology.orchestra.run.trial005.stdout:/usr/bin/ceph: stderr
2026-02-20T02:57:43.958+0000 7f8b25d1b640 1 -- start start
2026-02-20T02:57:44.213 INFO:teuthology.orchestra.run.trial005.stdout:/usr/bin/ceph: stderr
2026-02-20T02:57:43.958+0000 7f8b25d1b640 1 --2- >> [v2:10.20.193.5:3300/0,v1:10.20.193.5:6789/0] conn(0x7f8b20108260 0x7f8b20108680 unknown :-1 s=NONE pgs=0 cs=0 l=0 rev1=0 crypto rx=0 tx=0 comp rx=0 tx=0).connect
2026-02-20T02:57:44.213 INFO:teuthology.orchestra.run.trial005.stdout:/usr/bin/ceph: stderr
2026-02-20T02:57:43.958+0000 7f8b25d1b640 1 -- --> [v2:10.20.193.5:3300/0,v1:10.20.193.5:6789/0] -- mon_getmap magic: 0 v1 -- 0x7f8b20108c50 con 0x7f8b20108260
2026-02-20T02:57:44.213 INFO:teuthology.orchestra.run.trial005.stdout:/usr/bin/ceph: stderr
2026-02-20T02:57:43.958+0000 7f8b1f7fe640 1 --2- >> [v2:10.20.193.5:3300/0,v1:10.20.193.5:6789/0] conn(0x7f8b20108260 0x7f8b20108680 unknown :-1 s=BANNER_CONNECTING pgs=0 cs=0 l=0 rev1=0 crypto rx=0 tx=0 comp rx=0 tx=0)._handle_peer_banner_payload supported=3 required=0
2026-02-20T02:57:44.213 INFO:teuthology.orchestra.run.trial005.stdout:/usr/bin/ceph: stderr
2026-02-20T02:57:43.958+0000 7f8b1f7fe640 1 --2- >> [v2:10.20.193.5:3300/0,v1:10.20.193.5:6789/0] conn(0x7f8b20108260 0x7f8b20108680 unknown :-1 s=HELLO_CONNECTING pgs=0 cs=0 l=0 rev1=1 crypto rx=0 tx=0 comp rx=0 tx=0).handle_hello peer v2:10.20.193.5:3300/0 says I am v2:10.20.193.5:43680/0 (socket says 10.20.193.5:43680)
2026-02-20T02:57:44.213 INFO:teuthology.orchestra.run.trial005.stdout:/usr/bin/ceph: stderr
2026-02-20T02:57:43.958+0000 7f8b1f7fe640 1 -- 10.20.193.5:0/3106674819 learned_addr learned my addr 10.20.193.5:0/3106674819 (peer_addr_for_me v2:10.20.193.5:0/0)
2026-02-20T02:57:44.213 INFO:teuthology.orchestra.run.trial005.stdout:/usr/bin/ceph: stderr
2026-02-20T02:57:43.958+0000 7f8b1f7fe640 1 -- 10.20.193.5:0/3106674819 --> [v2:10.20.193.5:3300/0,v1:10.20.193.5:6789/0] -- mon_subscribe({config=0+,monmap=0+}) v3 -- 0x7f8b20109400 con 0x7f8b20108260
2026-02-20T02:57:44.214 INFO:teuthology.orchestra.run.trial005.stdout:/usr/bin/ceph: stderr
2026-02-20T02:57:43.959+0000 7f8b1f7fe640 1 --2- 10.20.193.5:0/3106674819 >> [v2:10.20.193.5:3300/0,v1:10.20.193.5:6789/0] conn(0x7f8b20108260 0x7f8b20108680 secure :-1 s=READY pgs=82 cs=0 l=1 rev1=1 crypto rx=0x7f8b0c009920 tx=0x7f8b0c02ef20 comp rx=0 tx=0).ready entity=mon.0 client_cookie=af0c029a3ed04f42 server_cookie=0 in_seq=0 out_seq=0
2026-02-20T02:57:44.214 INFO:teuthology.orchestra.run.trial005.stdout:/usr/bin/ceph: stderr
2026-02-20T02:57:43.959+0000 7f8b1e7fc640 1 -- 10.20.193.5:0/3106674819 <== mon.0 v2:10.20.193.5:3300/0 1 ==== mon_map magic: 0 v1 ==== 226+0+0 (secure 0 0 0) 0x7f8b0c02f9b0 con 0x7f8b20108260
2026-02-20T02:57:44.214 INFO:teuthology.orchestra.run.trial005.stdout:/usr/bin/ceph: stderr
2026-02-20T02:57:43.959+0000 7f8b1e7fc640 1 -- 10.20.193.5:0/3106674819 <== mon.0 v2:10.20.193.5:3300/0 2 ==== config(27 keys) v1 ==== 1106+0+0 (secure 0 0 0) 0x7f8b0c037440 con 0x7f8b20108260
2026-02-20T02:57:44.214 INFO:teuthology.orchestra.run.trial005.stdout:/usr/bin/ceph: stderr
2026-02-20T02:57:43.959+0000 7f8b1e7fc640 1 -- 10.20.193.5:0/3106674819 <== mon.0 v2:10.20.193.5:3300/0 3 ==== mon_map magic: 0 v1 ==== 226+0+0 (secure 0 0 0) 0x7f8b0c035530 con 0x7f8b20108260
2026-02-20T02:57:44.214 INFO:teuthology.orchestra.run.trial005.stdout:/usr/bin/ceph: stderr
2026-02-20T02:57:43.959+0000 7f8b25d1b640 1 -- 10.20.193.5:0/3106674819 >> [v2:10.20.193.5:3300/0,v1:10.20.193.5:6789/0] conn(0x7f8b20108260 msgr2=0x7f8b20108680 secure :-1 s=STATE_CONNECTION_ESTABLISHED l=1).mark_down
2026-02-20T02:57:44.214 INFO:teuthology.orchestra.run.trial005.stdout:/usr/bin/ceph: stderr
2026-02-20T02:57:43.959+0000 7f8b25d1b640 1 --2- 10.20.193.5:0/3106674819 >> [v2:10.20.193.5:3300/0,v1:10.20.193.5:6789/0] conn(0x7f8b20108260 0x7f8b20108680 secure :-1 s=READY pgs=82 cs=0 l=1 rev1=1 crypto rx=0x7f8b0c009920 tx=0x7f8b0c02ef20 comp rx=0 tx=0).stop
2026-02-20T02:57:44.214 INFO:teuthology.orchestra.run.trial005.stdout:/usr/bin/ceph: stderr
2026-02-20T02:57:43.959+0000 7f8b25d1b640 1 -- 10.20.193.5:0/3106674819 shutdown_connections
2026-02-20T02:57:44.214 INFO:teuthology.orchestra.run.trial005.stdout:/usr/bin/ceph: stderr
2026-02-20T02:57:43.959+0000 7f8b25d1b640 1 --2- 10.20.193.5:0/3106674819 >> [v2:10.20.193.5:3300/0,v1:10.20.193.5:6789/0] conn(0x7f8b20108260 0x7f8b20108680 unknown :-1 s=CLOSED pgs=82 cs=0 l=1 rev1=1 crypto rx=0 tx=0 comp rx=0 tx=0).stop
2026-02-20T02:57:44.214 INFO:teuthology.orchestra.run.trial005.stdout:/usr/bin/ceph: stderr
2026-02-20T02:57:43.959+0000 7f8b25d1b640 1 -- 10.20.193.5:0/3106674819 >> 10.20.193.5:0/3106674819 conn(0x7f8b2007b8c0 msgr2=0x7f8b20106670 unknown :-1 s=STATE_NONE l=0).mark_down
2026-02-20T02:57:44.214 INFO:teuthology.orchestra.run.trial005.stdout:/usr/bin/ceph: stderr
2026-02-20T02:57:43.959+0000 7f8b25d1b640 1 -- 10.20.193.5:0/3106674819 shutdown_connections
2026-02-20T02:57:44.214 INFO:teuthology.orchestra.run.trial005.stdout:/usr/bin/ceph: stderr
2026-02-20T02:57:43.959+0000 7f8b25d1b640 1 -- 10.20.193.5:0/3106674819 wait complete.
2026-02-20T02:57:44.214 INFO:teuthology.orchestra.run.trial005.stdout:/usr/bin/ceph: stderr
2026-02-20T02:57:43.959+0000 7f8b25d1b640 1 Processor -- start
2026-02-20T02:57:44.215 INFO:teuthology.orchestra.run.trial005.stdout:/usr/bin/ceph: stderr
2026-02-20T02:57:43.959+0000 7f8b25d1b640 1 -- start start
2026-02-20T02:57:44.215 INFO:teuthology.orchestra.run.trial005.stdout:/usr/bin/ceph: stderr
2026-02-20T02:57:43.959+0000 7f8b25d1b640 1 --2- >> [v2:10.20.193.5:3300/0,v1:10.20.193.5:6789/0] conn(0x7f8b20108260 0x7f8b2019df70 unknown :-1 s=NONE pgs=0 cs=0 l=1 rev1=0 crypto rx=0 tx=0 comp rx=0 tx=0).connect
2026-02-20T02:57:44.215 INFO:teuthology.orchestra.run.trial005.stdout:/usr/bin/ceph: stderr
2026-02-20T02:57:43.960+0000 7f8b25d1b640 1 -- --> [v2:10.20.193.5:3300/0,v1:10.20.193.5:6789/0] -- mon_getmap magic: 0 v1 -- 0x7f8b2019e4b0 con 0x7f8b20108260
2026-02-20T02:57:44.215 INFO:teuthology.orchestra.run.trial005.stdout:/usr/bin/ceph: stderr
2026-02-20T02:57:43.960+0000 7f8b1f7fe640 1 --2- >> [v2:10.20.193.5:3300/0,v1:10.20.193.5:6789/0] conn(0x7f8b20108260 0x7f8b2019df70 unknown :-1 s=BANNER_CONNECTING pgs=0 cs=0 l=1 rev1=0 crypto rx=0 tx=0 comp rx=0 tx=0)._handle_peer_banner_payload supported=3 required=0
2026-02-20T02:57:44.215 INFO:teuthology.orchestra.run.trial005.stdout:/usr/bin/ceph: stderr
2026-02-20T02:57:43.960+0000 7f8b1f7fe640 1 --2- >> [v2:10.20.193.5:3300/0,v1:10.20.193.5:6789/0] conn(0x7f8b20108260 0x7f8b2019df70 unknown :-1 s=HELLO_CONNECTING pgs=0 cs=0 l=1 rev1=1 crypto rx=0 tx=0 comp rx=0 tx=0).handle_hello peer v2:10.20.193.5:3300/0 says I am v2:10.20.193.5:43684/0 (socket says 10.20.193.5:43684)
2026-02-20T02:57:44.215 INFO:teuthology.orchestra.run.trial005.stdout:/usr/bin/ceph: stderr
2026-02-20T02:57:43.960+0000 7f8b1f7fe640 1 -- 10.20.193.5:0/3265998278 learned_addr learned my addr 10.20.193.5:0/3265998278 (peer_addr_for_me v2:10.20.193.5:0/0)
2026-02-20T02:57:44.215 INFO:teuthology.orchestra.run.trial005.stdout:/usr/bin/ceph: stderr
2026-02-20T02:57:43.960+0000 7f8b1f7fe640 1 -- 10.20.193.5:0/3265998278 --> [v2:10.20.193.5:3300/0,v1:10.20.193.5:6789/0] -- mon_subscribe({config=0+,monmap=0+}) v3 -- 0x7f8b0c0095d0 con 0x7f8b20108260
2026-02-20T02:57:44.215 INFO:teuthology.orchestra.run.trial005.stdout:/usr/bin/ceph: stderr
2026-02-20T02:57:43.960+0000 7f8b1f7fe640 1 --2- 10.20.193.5:0/3265998278 >> [v2:10.20.193.5:3300/0,v1:10.20.193.5:6789/0] conn(0x7f8b20108260 0x7f8b2019df70 secure :-1 s=READY pgs=83 cs=0 l=1 rev1=1 crypto rx=0x7f8b0c0377e0 tx=0x7f8b0c037810 comp rx=0 tx=0).ready entity=mon.0 client_cookie=0 server_cookie=0 in_seq=0 out_seq=0
2026-02-20T02:57:44.215 INFO:teuthology.orchestra.run.trial005.stdout:/usr/bin/ceph: stderr
2026-02-20T02:57:43.960+0000 7f8b1cff9640 1 -- 10.20.193.5:0/3265998278 <== mon.0 v2:10.20.193.5:3300/0 1 ==== mon_map magic: 0 v1 ==== 226+0+0 (secure 0 0 0) 0x7f8b0c035840 con 0x7f8b20108260
2026-02-20T02:57:44.215 INFO:teuthology.orchestra.run.trial005.stdout:/usr/bin/ceph: stderr
2026-02-20T02:57:43.960+0000 7f8b1cff9640 1 -- 10.20.193.5:0/3265998278 <== mon.0 v2:10.20.193.5:3300/0 2 ==== config(27 keys) v1 ==== 1106+0+0 (secure 0 0 0) 0x7f8b0c035e60 con 0x7f8b20108260
2026-02-20T02:57:44.215 INFO:teuthology.orchestra.run.trial005.stdout:/usr/bin/ceph: stderr
2026-02-20T02:57:43.960+0000 7f8b25d1b640 1 -- 10.20.193.5:0/3265998278 --> [v2:10.20.193.5:3300/0,v1:10.20.193.5:6789/0] -- mon_subscribe({mgrmap=0+}) v3 -- 0x7f8b2019e6b0 con 0x7f8b20108260
2026-02-20T02:57:44.215 INFO:teuthology.orchestra.run.trial005.stdout:/usr/bin/ceph: stderr
2026-02-20T02:57:43.960+0000 7f8b1cff9640 1 -- 10.20.193.5:0/3265998278 <== mon.0 v2:10.20.193.5:3300/0 3 ==== mon_map magic: 0 v1 ==== 226+0+0 (secure 0 0 0) 0x7f8b0c03f3d0 con 0x7f8b20108260
2026-02-20T02:57:44.216 INFO:teuthology.orchestra.run.trial005.stdout:/usr/bin/ceph: stderr
2026-02-20T02:57:43.960+0000 7f8b25d1b640 1 -- 10.20.193.5:0/3265998278 --> [v2:10.20.193.5:3300/0,v1:10.20.193.5:6789/0] -- mon_subscribe({osdmap=0}) v3 -- 0x7f8b2019eaf0 con 0x7f8b20108260
2026-02-20T02:57:44.216 INFO:teuthology.orchestra.run.trial005.stdout:/usr/bin/ceph: stderr
2026-02-20T02:57:43.960+0000 7f8b25d1b640 1 -- 10.20.193.5:0/3265998278 --> [v2:10.20.193.5:3300/0,v1:10.20.193.5:6789/0] -- mon_command({"prefix": "get_command_descriptions"} v 0) v1 -- 0x7f8b2010c630 con 0x7f8b20108260
2026-02-20T02:57:44.216 INFO:teuthology.orchestra.run.trial005.stdout:/usr/bin/ceph: stderr
2026-02-20T02:57:43.960+0000 7f8b1cff9640 1 -- 10.20.193.5:0/3265998278 <== mon.0 v2:10.20.193.5:3300/0 4 ==== mgrmap(e 11) v1 ==== 49281+0+0 (secure 0 0 0) 0x7f8b0c03f530 con 0x7f8b20108260
2026-02-20T02:57:44.216 INFO:teuthology.orchestra.run.trial005.stdout:/usr/bin/ceph: stderr
2026-02-20T02:57:43.961+0000 7f8b1cff9640 1 --2- 10.20.193.5:0/3265998278 >> [v2:10.20.193.5:6800/1722320356,v1:10.20.193.5:6801/1722320356] conn(0x7f8af403d0c0 0x7f8af403f580 unknown :-1 s=NONE pgs=0 cs=0 l=1 rev1=0 crypto rx=0 tx=0 comp rx=0 tx=0).connect
2026-02-20T02:57:44.216 INFO:teuthology.orchestra.run.trial005.stdout:/usr/bin/ceph: stderr
2026-02-20T02:57:43.961+0000 7f8b1cff9640 1 -- 10.20.193.5:0/3265998278 <== mon.0 v2:10.20.193.5:3300/0 5 ==== osd_map(3..3 src has 1..3) v4 ==== 1155+0+0 (secure 0 0 0) 0x7f8b0c075350 con 0x7f8b20108260
2026-02-20T02:57:44.216 INFO:teuthology.orchestra.run.trial005.stdout:/usr/bin/ceph: stderr
2026-02-20T02:57:43.961+0000 7f8b1effd640 1 --2- 10.20.193.5:0/3265998278 >> [v2:10.20.193.5:6800/1722320356,v1:10.20.193.5:6801/1722320356] conn(0x7f8af403d0c0 0x7f8af403f580 unknown :-1 s=BANNER_CONNECTING pgs=0 cs=0 l=1 rev1=0 crypto rx=0 tx=0 comp rx=0 tx=0)._handle_peer_banner_payload supported=3 required=0
2026-02-20T02:57:44.216 INFO:teuthology.orchestra.run.trial005.stdout:/usr/bin/ceph: stderr
2026-02-20T02:57:43.961+0000 7f8b1effd640 1 --2- 10.20.193.5:0/3265998278 >> [v2:10.20.193.5:6800/1722320356,v1:10.20.193.5:6801/1722320356] conn(0x7f8af403d0c0 0x7f8af403f580 secure :-1 s=READY pgs=8 cs=0 l=1 rev1=1 crypto rx=0x7f8b100099c0 tx=0x7f8b10006eb0 comp rx=0 tx=0).ready entity=mgr.14162 client_cookie=0 server_cookie=0 in_seq=0 out_seq=0
2026-02-20T02:57:44.216 INFO:teuthology.orchestra.run.trial005.stdout:/usr/bin/ceph: stderr
2026-02-20T02:57:43.963+0000 7f8b1cff9640 1 -- 10.20.193.5:0/3265998278 <== mon.0 v2:10.20.193.5:3300/0 6 ==== mon_command_ack([{"prefix": "get_command_descriptions"}]=0 v0) v1 ==== 72+0+186382 (secure 0 0 0) 0x7f8b0c03da70 con 0x7f8b20108260
2026-02-20T02:57:44.216 INFO:teuthology.orchestra.run.trial005.stdout:/usr/bin/ceph: stderr
2026-02-20T02:57:44.047+0000 7f8b25d1b640 1 -- 10.20.193.5:0/3265998278 --> [v2:10.20.193.5:6800/1722320356,v1:10.20.193.5:6801/1722320356] -- mgr_command(tid 0: {"prefix": "dashboard ac-user-create", "username": "admin", "rolename": "administrator", "force_password": true, "pwd_update_required": true, "target": ["mon-mgr", ""]}) v1 -- 0x7f8b2010c870 con 0x7f8af403d0c0
2026-02-20T02:57:44.216 INFO:teuthology.orchestra.run.trial005.stdout:/usr/bin/ceph: stderr
2026-02-20T02:57:44.188+0000 7f8b1cff9640 1 -- 10.20.193.5:0/3265998278 <== mgr.14162 v2:10.20.193.5:6800/1722320356 1 ==== mgr_command_reply(tid 0: 0 ) v1 ==== 8+0+252 (secure 0 0 0) 0x7f8b2010c870 con 0x7f8af403d0c0
2026-02-20T02:57:44.216 INFO:teuthology.orchestra.run.trial005.stdout:/usr/bin/ceph: stderr
2026-02-20T02:57:44.189+0000 7f8b25d1b640 1 -- 10.20.193.5:0/3265998278 >> [v2:10.20.193.5:6800/1722320356,v1:10.20.193.5:6801/1722320356] conn(0x7f8af403d0c0 msgr2=0x7f8af403f580 secure :-1 s=STATE_CONNECTION_ESTABLISHED l=1).mark_down
2026-02-20T02:57:44.216 INFO:teuthology.orchestra.run.trial005.stdout:/usr/bin/ceph: stderr
2026-02-20T02:57:44.189+0000 7f8b25d1b640 1 --2- 10.20.193.5:0/3265998278 >> [v2:10.20.193.5:6800/1722320356,v1:10.20.193.5:6801/1722320356] conn(0x7f8af403d0c0 0x7f8af403f580 secure :-1 s=READY pgs=8 cs=0 l=1 rev1=1 crypto rx=0x7f8b100099c0 tx=0x7f8b10006eb0 comp rx=0 tx=0).stop
2026-02-20T02:57:44.217 INFO:teuthology.orchestra.run.trial005.stdout:/usr/bin/ceph: stderr
2026-02-20T02:57:44.189+0000 7f8b25d1b640 1 -- 10.20.193.5:0/3265998278 >> [v2:10.20.193.5:3300/0,v1:10.20.193.5:6789/0] conn(0x7f8b20108260 msgr2=0x7f8b2019df70 secure :-1 s=STATE_CONNECTION_ESTABLISHED l=1).mark_down
2026-02-20T02:57:44.217 INFO:teuthology.orchestra.run.trial005.stdout:/usr/bin/ceph: stderr
2026-02-20T02:57:44.189+0000 7f8b25d1b640 1 --2- 10.20.193.5:0/3265998278 >> [v2:10.20.193.5:3300/0,v1:10.20.193.5:6789/0] conn(0x7f8b20108260 0x7f8b2019df70 secure :-1 s=READY pgs=83 cs=0 l=1 rev1=1 crypto rx=0x7f8b0c0377e0 tx=0x7f8b0c037810 comp rx=0 tx=0).stop
2026-02-20T02:57:44.217 INFO:teuthology.orchestra.run.trial005.stdout:/usr/bin/ceph: stderr
2026-02-20T02:57:44.189+0000 7f8b25d1b640 1 -- 10.20.193.5:0/3265998278 shutdown_connections
2026-02-20T02:57:44.217 INFO:teuthology.orchestra.run.trial005.stdout:/usr/bin/ceph: stderr
2026-02-20T02:57:44.189+0000 7f8b25d1b640 1 --2- 10.20.193.5:0/3265998278 >> [v2:10.20.193.5:6800/1722320356,v1:10.20.193.5:6801/1722320356] conn(0x7f8af403d0c0 0x7f8af403f580 unknown :-1 s=CLOSED pgs=8 cs=0 l=1 rev1=1 crypto rx=0 tx=0 comp rx=0 tx=0).stop
2026-02-20T02:57:44.217 INFO:teuthology.orchestra.run.trial005.stdout:/usr/bin/ceph: stderr
2026-02-20T02:57:44.189+0000 7f8b25d1b640 1 --2- 10.20.193.5:0/3265998278 >> [v2:10.20.193.5:3300/0,v1:10.20.193.5:6789/0] conn(0x7f8b20108260 0x7f8b2019df70 unknown :-1 s=CLOSED pgs=83 cs=0 l=1 rev1=1 crypto rx=0 tx=0 comp rx=0 tx=0).stop
2026-02-20T02:57:44.217 INFO:teuthology.orchestra.run.trial005.stdout:/usr/bin/ceph: stderr
2026-02-20T02:57:44.189+0000 7f8b25d1b640 1 -- 10.20.193.5:0/3265998278 >> 10.20.193.5:0/3265998278 conn(0x7f8b2007b8c0 msgr2=0x7f8b20105eb0 unknown :-1 s=STATE_NONE l=0).mark_down
2026-02-20T02:57:44.217 INFO:teuthology.orchestra.run.trial005.stdout:/usr/bin/ceph: stderr
2026-02-20T02:57:44.189+0000 7f8b25d1b640 1 -- 10.20.193.5:0/3265998278 shutdown_connections
2026-02-20T02:57:44.217 INFO:teuthology.orchestra.run.trial005.stdout:/usr/bin/ceph: stderr
2026-02-20T02:57:44.189+0000 7f8b25d1b640 1 -- 10.20.193.5:0/3265998278 wait complete.
2026-02-20T02:57:44.217 INFO:teuthology.orchestra.run.trial005.stdout:Fetching dashboard port number...
2026-02-20T02:57:44.407 INFO:teuthology.orchestra.run.trial005.stdout:/usr/bin/ceph: stdout 8443
2026-02-20T02:57:44.407 INFO:teuthology.orchestra.run.trial005.stdout:/usr/bin/ceph: stderr
2026-02-20T02:57:44.302+0000 7f9f2d39f640 1 Processor -- start
2026-02-20T02:57:44.408 INFO:teuthology.orchestra.run.trial005.stdout:/usr/bin/ceph: stderr
2026-02-20T02:57:44.302+0000 7f9f2d39f640 1 -- start start
2026-02-20T02:57:44.408 INFO:teuthology.orchestra.run.trial005.stdout:/usr/bin/ceph: stderr
2026-02-20T02:57:44.303+0000 7f9f2d39f640 1 --2- >> [v2:10.20.193.5:3300/0,v1:10.20.193.5:6789/0] conn(0x7f9f28108260 0x7f9f28108680 unknown :-1 s=NONE pgs=0 cs=0 l=0 rev1=0 crypto rx=0 tx=0 comp rx=0 tx=0).connect
2026-02-20T02:57:44.408 INFO:teuthology.orchestra.run.trial005.stdout:/usr/bin/ceph: stderr
2026-02-20T02:57:44.303+0000 7f9f2d39f640 1 -- --> [v2:10.20.193.5:3300/0,v1:10.20.193.5:6789/0] -- mon_getmap magic: 0 v1 -- 0x7f9f28108c50 con 0x7f9f28108260
2026-02-20T02:57:44.408 INFO:teuthology.orchestra.run.trial005.stdout:/usr/bin/ceph: stderr
2026-02-20T02:57:44.303+0000 7f9f26ffd640 1 --2- >> [v2:10.20.193.5:3300/0,v1:10.20.193.5:6789/0] conn(0x7f9f28108260 0x7f9f28108680 unknown :-1 s=BANNER_CONNECTING pgs=0 cs=0 l=0 rev1=0 crypto rx=0 tx=0 comp rx=0 tx=0)._handle_peer_banner_payload supported=3 required=0
