2026-02-20T03:11:20.185+0000 7f27f5ffb640 1 -- 10.20.193.28:0/2172140804 <== mon.0 v2:10.20.193.28:3300/0 1 ==== mon_map magic: 0 ==== 205+0+0 (secure 0 0 0) 0x7f27f0045070 con 0x7f2800107ee0
2026-02-20T03:11:20.385 INFO:teuthology.orchestra.run.trial028.stdout:/usr/bin/ceph: stderr
2026-02-20T03:11:20.185+0000 7f27f5ffb640 1 -- 10.20.193.28:0/2172140804 <== mon.0 v2:10.20.193.28:3300/0 2 ==== config(26 keys) ==== 1045+0+0 (secure 0 0 0) 0x7f27f0040450 con 0x7f2800107ee0
2026-02-20T03:11:20.385 INFO:teuthology.orchestra.run.trial028.stdout:/usr/bin/ceph: stderr
2026-02-20T03:11:20.185+0000 7f27f5ffb640 1 -- 10.20.193.28:0/2172140804 <== mon.0 v2:10.20.193.28:3300/0 3 ==== mon_map magic: 0 ==== 205+0+0 (secure 0 0 0) 0x7f27f003c070 con 0x7f2800107ee0
2026-02-20T03:11:20.385 INFO:teuthology.orchestra.run.trial028.stdout:/usr/bin/ceph: stderr
2026-02-20T03:11:20.185+0000 7f2805a82640 1 -- 10.20.193.28:0/2172140804 --> [v2:10.20.193.28:3300/0,v1:10.20.193.28:6789/0] -- mon_subscribe({mgrmap=0+}) -- 0x7f28001a0810 con 0x7f2800107ee0
2026-02-20T03:11:20.386 INFO:teuthology.orchestra.run.trial028.stdout:/usr/bin/ceph: stderr
2026-02-20T03:11:20.185+0000 7f2805a82640 1 -- 10.20.193.28:0/2172140804 --> [v2:10.20.193.28:3300/0,v1:10.20.193.28:6789/0] -- mon_subscribe({osdmap=0}) -- 0x7f28001a3500 con 0x7f2800107ee0
2026-02-20T03:11:20.386 INFO:teuthology.orchestra.run.trial028.stdout:/usr/bin/ceph: stderr
2026-02-20T03:11:20.186+0000 7f2805a82640 1 -- 10.20.193.28:0/2172140804 --> [v2:10.20.193.28:3300/0,v1:10.20.193.28:6789/0] -- mon_command({"prefix": "get_command_descriptions"} v 0) -- 0x7f2800108360 con 0x7f2800107ee0
2026-02-20T03:11:20.386 INFO:teuthology.orchestra.run.trial028.stdout:/usr/bin/ceph: stderr
2026-02-20T03:11:20.186+0000 7f27f5ffb640 1 -- 10.20.193.28:0/2172140804 <== mon.0 v2:10.20.193.28:3300/0 4 ==== mgrmap(e 7) ==== 50247+0+0 (secure 0 0 0) 0x7f27f0040920 con 0x7f2800107ee0
2026-02-20T03:11:20.386 INFO:teuthology.orchestra.run.trial028.stdout:/usr/bin/ceph: stderr
2026-02-20T03:11:20.186+0000 7f27f5ffb640 1 --2- 10.20.193.28:0/2172140804 >> [v2:10.20.193.28:6800/732750991,v1:10.20.193.28:6801/732750991] conn(0x7f27dc03dc40 0x7f27dc040100 unknown :-1 s=NONE pgs=0 cs=0 l=1 rev1=0 crypto rx=0 tx=0 comp rx=0 tx=0).connect
2026-02-20T03:11:20.386 INFO:teuthology.orchestra.run.trial028.stdout:/usr/bin/ceph: stderr
2026-02-20T03:11:20.186+0000 7f27f5ffb640 1 -- 10.20.193.28:0/2172140804 <== mon.0 v2:10.20.193.28:3300/0 5 ==== osd_map(2..2 src has 1..2) ==== 940+0+0 (secure 0 0 0) 0x7f27f00807a0 con 0x7f2800107ee0
2026-02-20T03:11:20.386 INFO:teuthology.orchestra.run.trial028.stdout:/usr/bin/ceph: stderr
2026-02-20T03:11:20.186+0000 7f27f7fff640 1 --2- 10.20.193.28:0/2172140804 >> [v2:10.20.193.28:6800/732750991,v1:10.20.193.28:6801/732750991] conn(0x7f27dc03dc40 0x7f27dc040100 unknown :-1 s=BANNER_CONNECTING pgs=0 cs=0 l=1 rev1=0 crypto rx=0 tx=0 comp rx=0 tx=0)._handle_peer_banner_payload supported=3 required=0
2026-02-20T03:11:20.387 INFO:teuthology.orchestra.run.trial028.stdout:/usr/bin/ceph: stderr
2026-02-20T03:11:20.187+0000 7f27f7fff640 1 --2- 10.20.193.28:0/2172140804 >> [v2:10.20.193.28:6800/732750991,v1:10.20.193.28:6801/732750991] conn(0x7f27dc03dc40 0x7f27dc040100 secure :-1 s=READY pgs=13 cs=0 l=1 rev1=1 crypto rx=0x7f27e80099c0 tx=0x7f27e8006eb0 comp rx=0 tx=0).ready entity=mgr.14118 client_cookie=0 server_cookie=0 in_seq=0 out_seq=0
2026-02-20T03:11:20.387 INFO:teuthology.orchestra.run.trial028.stdout:/usr/bin/ceph: stderr
2026-02-20T03:11:20.189+0000 7f27f5ffb640 1 -- 10.20.193.28:0/2172140804 <== mon.0 v2:10.20.193.28:3300/0 6 ==== mon_command_ack([{"prefix": "get_command_descriptions"}]=0 v0) ==== 72+0+195341 (secure 0 0 0) 0x7f27f007d060 con 0x7f2800107ee0
2026-02-20T03:11:20.387 INFO:teuthology.orchestra.run.trial028.stdout:/usr/bin/ceph: stderr
2026-02-20T03:11:20.266+0000 7f27f5ffb640 1 -- 10.20.193.28:0/2172140804 <== mon.0 v2:10.20.193.28:3300/0 7 ==== config(26 keys) ==== 1076+0+0 (secure 0 0 0) 0x7f27f003c210 con 0x7f2800107ee0
2026-02-20T03:11:20.387 INFO:teuthology.orchestra.run.trial028.stdout:/usr/bin/ceph: stderr
2026-02-20T03:11:20.286+0000 7f2805a82640 1 -- 10.20.193.28:0/2172140804 --> [v2:10.20.193.28:6800/732750991,v1:10.20.193.28:6801/732750991] -- mgr_command(tid 0: {"prefix": "orch apply", "service_type": "mgr", "unmanaged": true, "target": ["mon-mgr", ""]}) -- 0x7f28001049a0 con 0x7f27dc03dc40
2026-02-20T03:11:20.387 INFO:teuthology.orchestra.run.trial028.stdout:/usr/bin/ceph: stderr
2026-02-20T03:11:20.289+0000 7f27f5ffb640 1 -- 10.20.193.28:0/2172140804 <== mgr.14118 v2:10.20.193.28:6800/732750991 1 ==== mgr_command_reply(tid 0: 0 ) ==== 8+0+24 (secure 0 0 0) 0x7f28001049a0 con 0x7f27dc03dc40
2026-02-20T03:11:20.387 INFO:teuthology.orchestra.run.trial028.stdout:/usr/bin/ceph: stderr
2026-02-20T03:11:20.291+0000 7f2805a82640 1 -- 10.20.193.28:0/2172140804 >> [v2:10.20.193.28:6800/732750991,v1:10.20.193.28:6801/732750991] conn(0x7f27dc03dc40 msgr2=0x7f27dc040100 secure :-1 s=STATE_CONNECTION_ESTABLISHED l=1).mark_down
2026-02-20T03:11:20.387 INFO:teuthology.orchestra.run.trial028.stdout:/usr/bin/ceph: stderr
2026-02-20T03:11:20.291+0000 7f2805a82640 1 --2- 10.20.193.28:0/2172140804 >> [v2:10.20.193.28:6800/732750991,v1:10.20.193.28:6801/732750991] conn(0x7f27dc03dc40 0x7f27dc040100 secure :-1 s=READY pgs=13 cs=0 l=1 rev1=1 crypto rx=0x7f27e80099c0 tx=0x7f27e8006eb0 comp rx=0 tx=0).stop
2026-02-20T03:11:20.388 INFO:teuthology.orchestra.run.trial028.stdout:/usr/bin/ceph: stderr
2026-02-20T03:11:20.291+0000 7f2805a82640 1 -- 10.20.193.28:0/2172140804 >> [v2:10.20.193.28:3300/0,v1:10.20.193.28:6789/0] conn(0x7f2800107ee0 msgr2=0x7f28001a0040 secure :-1 s=STATE_CONNECTION_ESTABLISHED l=1).mark_down
2026-02-20T03:11:20.388 INFO:teuthology.orchestra.run.trial028.stdout:/usr/bin/ceph: stderr
2026-02-20T03:11:20.291+0000 7f2805a82640 1 --2- 10.20.193.28:0/2172140804 >> [v2:10.20.193.28:3300/0,v1:10.20.193.28:6789/0] conn(0x7f2800107ee0 0x7f28001a0040 secure :-1 s=READY pgs=48 cs=0 l=1 rev1=1 crypto rx=0x7f27f0037cd0 tx=0x7f27f0037b90 comp rx=0 tx=0).stop
2026-02-20T03:11:20.388 INFO:teuthology.orchestra.run.trial028.stdout:/usr/bin/ceph: stderr
2026-02-20T03:11:20.291+0000 7f2805a82640 1 -- 10.20.193.28:0/2172140804 shutdown_connections
2026-02-20T03:11:20.388 INFO:teuthology.orchestra.run.trial028.stdout:/usr/bin/ceph: stderr
2026-02-20T03:11:20.291+0000 7f2805a82640 1 --2- 10.20.193.28:0/2172140804 >> [v2:10.20.193.28:6800/732750991,v1:10.20.193.28:6801/732750991] conn(0x7f27dc03dc40 0x7f27dc040100 unknown :-1 s=CLOSED pgs=13 cs=0 l=1 rev1=1 crypto rx=0 tx=0 comp rx=0 tx=0).stop
2026-02-20T03:11:20.388 INFO:teuthology.orchestra.run.trial028.stdout:/usr/bin/ceph: stderr
2026-02-20T03:11:20.291+0000 7f2805a82640 1 --2- 10.20.193.28:0/2172140804 >> [v2:10.20.193.28:3300/0,v1:10.20.193.28:6789/0] conn(0x7f2800107ee0 0x7f28001a0040 unknown :-1 s=CLOSED pgs=48 cs=0 l=1 rev1=1 crypto rx=0 tx=0 comp rx=0 tx=0).stop
2026-02-20T03:11:20.388 INFO:teuthology.orchestra.run.trial028.stdout:/usr/bin/ceph: stderr
2026-02-20T03:11:20.291+0000 7f2805a82640 1 -- 10.20.193.28:0/2172140804 >> 10.20.193.28:0/2172140804 conn(0x7f2800103700 msgr2=0x7f2800104290 unknown :-1 s=STATE_NONE l=0).mark_down
2026-02-20T03:11:20.388 INFO:teuthology.orchestra.run.trial028.stdout:/usr/bin/ceph: stderr
2026-02-20T03:11:20.291+0000 7f2805a82640 1 -- 10.20.193.28:0/2172140804 shutdown_connections
2026-02-20T03:11:20.388 INFO:teuthology.orchestra.run.trial028.stdout:/usr/bin/ceph: stderr
2026-02-20T03:11:20.292+0000 7f2805a82640 1 -- 10.20.193.28:0/2172140804 wait complete.
2026-02-20T03:11:20.726 INFO:teuthology.orchestra.run.trial028.stdout:/usr/bin/ceph: stderr
2026-02-20T03:11:20.540+0000 7f3436c18640 1 Processor -- start
2026-02-20T03:11:20.727 INFO:teuthology.orchestra.run.trial028.stdout:/usr/bin/ceph: stderr
2026-02-20T03:11:20.540+0000 7f3436c18640 1 -- start start
2026-02-20T03:11:20.727 INFO:teuthology.orchestra.run.trial028.stdout:/usr/bin/ceph: stderr
2026-02-20T03:11:20.541+0000 7f3436c18640 1 --2- >> [v2:10.20.193.28:3300/0,v1:10.20.193.28:6789/0] conn(0x7f343010a140 0x7f343010a540 unknown :-1 s=NONE pgs=0 cs=0 l=0 rev1=0 crypto rx=0 tx=0 comp rx=0 tx=0).connect
2026-02-20T03:11:20.727 INFO:teuthology.orchestra.run.trial028.stdout:/usr/bin/ceph: stderr
2026-02-20T03:11:20.541+0000 7f3436c18640 1 -- --> [v2:10.20.193.28:3300/0,v1:10.20.193.28:6789/0] -- mon_getmap magic: 0 -- 0x7f343010ab10 con 0x7f343010a140
2026-02-20T03:11:20.727 INFO:teuthology.orchestra.run.trial028.stdout:/usr/bin/ceph: stderr
2026-02-20T03:11:20.541+0000 7f3435c16640 1 --2- >> [v2:10.20.193.28:3300/0,v1:10.20.193.28:6789/0] conn(0x7f343010a140 0x7f343010a540 unknown :-1 s=BANNER_CONNECTING pgs=0 cs=0 l=0 rev1=0 crypto rx=0 tx=0 comp rx=0 tx=0)._handle_peer_banner_payload supported=3 required=0
2026-02-20T03:11:20.727 INFO:teuthology.orchestra.run.trial028.stdout:/usr/bin/ceph: stderr
2026-02-20T03:11:20.541+0000 7f3435c16640 1 --2- >> [v2:10.20.193.28:3300/0,v1:10.20.193.28:6789/0] conn(0x7f343010a140 0x7f343010a540 unknown :-1 s=HELLO_CONNECTING pgs=0 cs=0 l=0 rev1=1 crypto rx=0 tx=0 comp rx=0 tx=0).handle_hello peer v2:10.20.193.28:3300/0 says I am v2:10.20.193.28:34740/0 (socket says 10.20.193.28:34740)
2026-02-20T03:11:20.727 INFO:teuthology.orchestra.run.trial028.stdout:/usr/bin/ceph: stderr
2026-02-20T03:11:20.541+0000 7f3435c16640 1 -- 10.20.193.28:0/3962592555 learned_addr learned my addr 10.20.193.28:0/3962592555 (peer_addr_for_me v2:10.20.193.28:0/0)
2026-02-20T03:11:20.727 INFO:teuthology.orchestra.run.trial028.stdout:/usr/bin/ceph: stderr
2026-02-20T03:11:20.541+0000 7f3435c16640 1 -- 10.20.193.28:0/3962592555 --> [v2:10.20.193.28:3300/0,v1:10.20.193.28:6789/0] -- mon_subscribe({config=0+,monmap=0+}) -- 0x7f343010b340 con 0x7f343010a140
2026-02-20T03:11:20.727 INFO:teuthology.orchestra.run.trial028.stdout:/usr/bin/ceph: stderr
2026-02-20T03:11:20.542+0000 7f3435c16640 1 --2- 10.20.193.28:0/3962592555 >> [v2:10.20.193.28:3300/0,v1:10.20.193.28:6789/0] conn(0x7f343010a140 0x7f343010a540 secure :-1 s=READY pgs=49 cs=0 l=1 rev1=1 crypto rx=0x7f3420009920 tx=0x7f342002ef20 comp rx=0 tx=0).ready entity=mon.0 client_cookie=e05bda655b528877 server_cookie=0 in_seq=0 out_seq=0
2026-02-20T03:11:20.727 INFO:teuthology.orchestra.run.trial028.stdout:/usr/bin/ceph: stderr
2026-02-20T03:11:20.542+0000 7f3434c14640 1 -- 10.20.193.28:0/3962592555 <== mon.0 v2:10.20.193.28:3300/0 1 ==== mon_map magic: 0 ==== 205+0+0 (secure 0 0 0) 0x7f342003c070 con 0x7f343010a140
2026-02-20T03:11:20.727 INFO:teuthology.orchestra.run.trial028.stdout:/usr/bin/ceph: stderr
2026-02-20T03:11:20.542+0000 7f3434c14640 1 -- 10.20.193.28:0/3962592555 <== mon.0 v2:10.20.193.28:3300/0 2 ==== config(26 keys) ==== 1076+0+0 (secure 0 0 0) 0x7f3420037440 con 0x7f343010a140
2026-02-20T03:11:20.727 INFO:teuthology.orchestra.run.trial028.stdout:/usr/bin/ceph: stderr
2026-02-20T03:11:20.542+0000 7f3434c14640 1 -- 10.20.193.28:0/3962592555 <== mon.0 v2:10.20.193.28:3300/0 3 ==== mon_map magic: 0 ==== 205+0+0 (secure 0 0 0) 0x7f34200354d0 con 0x7f343010a140
2026-02-20T03:11:20.727 INFO:teuthology.orchestra.run.trial028.stdout:/usr/bin/ceph: stderr
2026-02-20T03:11:20.543+0000 7f3436c18640 1 -- 10.20.193.28:0/3962592555 >> [v2:10.20.193.28:3300/0,v1:10.20.193.28:6789/0] conn(0x7f343010a140 msgr2=0x7f343010a540 secure :-1 s=STATE_CONNECTION_ESTABLISHED l=1).mark_down
2026-02-20T03:11:20.727 INFO:teuthology.orchestra.run.trial028.stdout:/usr/bin/ceph: stderr
2026-02-20T03:11:20.543+0000 7f3436c18640 1 --2- 10.20.193.28:0/3962592555 >> [v2:10.20.193.28:3300/0,v1:10.20.193.28:6789/0] conn(0x7f343010a140 0x7f343010a540 secure :-1 s=READY pgs=49 cs=0 l=1 rev1=1 crypto rx=0x7f3420009920 tx=0x7f342002ef20 comp rx=0 tx=0).stop
2026-02-20T03:11:20.727 INFO:teuthology.orchestra.run.trial028.stdout:/usr/bin/ceph: stderr
2026-02-20T03:11:20.543+0000 7f3436c18640 1 -- 10.20.193.28:0/3962592555 shutdown_connections
2026-02-20T03:11:20.727 INFO:teuthology.orchestra.run.trial028.stdout:/usr/bin/ceph: stderr
2026-02-20T03:11:20.543+0000 7f3436c18640 1 --2- 10.20.193.28:0/3962592555 >> [v2:10.20.193.28:3300/0,v1:10.20.193.28:6789/0] conn(0x7f343010a140 0x7f343010a540 unknown :-1 s=CLOSED pgs=49 cs=0 l=1 rev1=1 crypto rx=0 tx=0 comp rx=0 tx=0).stop
2026-02-20T03:11:20.727 INFO:teuthology.orchestra.run.trial028.stdout:/usr/bin/ceph: stderr
2026-02-20T03:11:20.543+0000 7f3436c18640 1 -- 10.20.193.28:0/3962592555 >> 10.20.193.28:0/3962592555 conn(0x7f343007d710 msgr2=0x7f343007db20 unknown :-1 s=STATE_NONE l=0).mark_down
2026-02-20T03:11:20.727 INFO:teuthology.orchestra.run.trial028.stdout:/usr/bin/ceph: stderr
2026-02-20T03:11:20.544+0000 7f3436c18640 1 -- 10.20.193.28:0/3962592555 shutdown_connections
2026-02-20T03:11:20.727 INFO:teuthology.orchestra.run.trial028.stdout:/usr/bin/ceph: stderr
2026-02-20T03:11:20.544+0000 7f3436c18640 1 -- 10.20.193.28:0/3962592555 wait complete.
2026-02-20T03:11:20.727 INFO:teuthology.orchestra.run.trial028.stdout:/usr/bin/ceph: stderr
2026-02-20T03:11:20.544+0000 7f3436c18640 1 Processor -- start
2026-02-20T03:11:20.727 INFO:teuthology.orchestra.run.trial028.stdout:/usr/bin/ceph: stderr
2026-02-20T03:11:20.545+0000 7f3436c18640 1 -- start start
2026-02-20T03:11:20.727 INFO:teuthology.orchestra.run.trial028.stdout:/usr/bin/ceph: stderr
2026-02-20T03:11:20.545+0000 7f3436c18640 1 --2- >> [v2:10.20.193.28:3300/0,v1:10.20.193.28:6789/0] conn(0x7f343010a140 0x7f3430081c40 unknown :-1 s=NONE pgs=0 cs=0 l=1 rev1=0 crypto rx=0 tx=0 comp rx=0 tx=0).connect
2026-02-20T03:11:20.727 INFO:teuthology.orchestra.run.trial028.stdout:/usr/bin/ceph: stderr
2026-02-20T03:11:20.545+0000 7f3436c18640 1 -- --> [v2:10.20.193.28:3300/0,v1:10.20.193.28:6789/0] -- mon_getmap magic: 0 -- 0x7f343010e6f0 con 0x7f343010a140
2026-02-20T03:11:20.727 INFO:teuthology.orchestra.run.trial028.stdout:/usr/bin/ceph: stderr
2026-02-20T03:11:20.545+0000 7f3435c16640 1 --2- >> [v2:10.20.193.28:3300/0,v1:10.20.193.28:6789/0] conn(0x7f343010a140 0x7f3430081c40 unknown :-1 s=BANNER_CONNECTING pgs=0 cs=0 l=1 rev1=0 crypto rx=0 tx=0 comp rx=0 tx=0)._handle_peer_banner_payload supported=3 required=0
2026-02-20T03:11:20.727 INFO:teuthology.orchestra.run.trial028.stdout:/usr/bin/ceph: stderr
2026-02-20T03:11:20.545+0000 7f3435c16640 1 --2- >> [v2:10.20.193.28:3300/0,v1:10.20.193.28:6789/0] conn(0x7f343010a140 0x7f3430081c40 unknown :-1 s=HELLO_CONNECTING pgs=0 cs=0 l=1 rev1=1 crypto rx=0 tx=0 comp rx=0 tx=0).handle_hello peer v2:10.20.193.28:3300/0 says I am v2:10.20.193.28:34746/0 (socket says 10.20.193.28:34746)
2026-02-20T03:11:20.727 INFO:teuthology.orchestra.run.trial028.stdout:/usr/bin/ceph: stderr
2026-02-20T03:11:20.545+0000 7f3435c16640 1 -- 10.20.193.28:0/3107117271 learned_addr learned my addr 10.20.193.28:0/3107117271 (peer_addr_for_me v2:10.20.193.28:0/0)
2026-02-20T03:11:20.727 INFO:teuthology.orchestra.run.trial028.stdout:/usr/bin/ceph: stderr
2026-02-20T03:11:20.545+0000 7f3435c16640 1 -- 10.20.193.28:0/3107117271 --> [v2:10.20.193.28:3300/0,v1:10.20.193.28:6789/0] -- mon_subscribe({config=0+,monmap=0+}) -- 0x7f3430082180 con 0x7f343010a140
2026-02-20T03:11:20.727 INFO:teuthology.orchestra.run.trial028.stdout:/usr/bin/ceph: stderr
2026-02-20T03:11:20.545+0000 7f3435c16640 1 --2- 10.20.193.28:0/3107117271 >> [v2:10.20.193.28:3300/0,v1:10.20.193.28:6789/0] conn(0x7f343010a140 0x7f3430081c40 secure :-1 s=READY pgs=50 cs=0 l=1 rev1=1 crypto rx=0x7f3420009a50 tx=0x7f3420037820 comp rx=0 tx=0).ready entity=mon.0 client_cookie=0 server_cookie=0 in_seq=0 out_seq=0
2026-02-20T03:11:20.727 INFO:teuthology.orchestra.run.trial028.stdout:/usr/bin/ceph: stderr
2026-02-20T03:11:20.546+0000 7f341effd640 1 -- 10.20.193.28:0/3107117271 <== mon.0 v2:10.20.193.28:3300/0 1 ==== mon_map magic: 0 ==== 205+0+0 (secure 0 0 0) 0x7f3420047070 con 0x7f343010a140
2026-02-20T03:11:20.727 INFO:teuthology.orchestra.run.trial028.stdout:/usr/bin/ceph: stderr
2026-02-20T03:11:20.546+0000 7f3436c18640 1 -- 10.20.193.28:0/3107117271 --> [v2:10.20.193.28:3300/0,v1:10.20.193.28:6789/0] -- mon_subscribe({mgrmap=0+}) -- 0x7f3430082410 con 0x7f343010a140
2026-02-20T03:11:20.727 INFO:teuthology.orchestra.run.trial028.stdout:/usr/bin/ceph: stderr
2026-02-20T03:11:20.546+0000 7f341effd640 1 -- 10.20.193.28:0/3107117271 <== mon.0 v2:10.20.193.28:3300/0 2 ==== config(26 keys) ==== 1076+0+0 (secure 0 0 0) 0x7f3420035da0 con 0x7f343010a140
2026-02-20T03:11:20.727 INFO:teuthology.orchestra.run.trial028.stdout:/usr/bin/ceph: stderr
2026-02-20T03:11:20.546+0000 7f341effd640 1 -- 10.20.193.28:0/3107117271 <== mon.0 v2:10.20.193.28:3300/0 3 ==== mon_map magic: 0 ==== 205+0+0 (secure 0 0 0) 0x7f342003c070 con 0x7f343010a140
2026-02-20T03:11:20.727 INFO:teuthology.orchestra.run.trial028.stdout:/usr/bin/ceph: stderr
2026-02-20T03:11:20.546+0000 7f3436c18640 1 -- 10.20.193.28:0/3107117271 --> [v2:10.20.193.28:3300/0,v1:10.20.193.28:6789/0] -- mon_subscribe({osdmap=0}) -- 0x7f343007e780 con 0x7f343010a140
2026-02-20T03:11:20.728 INFO:teuthology.orchestra.run.trial028.stdout:/usr/bin/ceph: stderr
2026-02-20T03:11:20.547+0000 7f341effd640 1 -- 10.20.193.28:0/3107117271 <== mon.0 v2:10.20.193.28:3300/0 4 ==== mgrmap(e 7) ==== 50247+0+0 (secure 0 0 0) 0x7f34200426a0 con 0x7f343010a140
2026-02-20T03:11:20.728 INFO:teuthology.orchestra.run.trial028.stdout:/usr/bin/ceph: stderr
2026-02-20T03:11:20.547+0000 7f3436c18640 1 -- 10.20.193.28:0/3107117271 --> [v2:10.20.193.28:3300/0,v1:10.20.193.28:6789/0] -- mon_command({"prefix": "get_command_descriptions"} v 0) -- 0x7f343010a5c0 con 0x7f343010a140
2026-02-20T03:11:20.728 INFO:teuthology.orchestra.run.trial028.stdout:/usr/bin/ceph: stderr
2026-02-20T03:11:20.547+0000 7f341effd640 1 --2- 10.20.193.28:0/3107117271 >> [v2:10.20.193.28:6800/732750991,v1:10.20.193.28:6801/732750991] conn(0x7f340c03dbf0 0x7f340c0400b0 unknown :-1 s=NONE pgs=0 cs=0 l=1 rev1=0 crypto rx=0 tx=0 comp rx=0 tx=0).connect
2026-02-20T03:11:20.728 INFO:teuthology.orchestra.run.trial028.stdout:/usr/bin/ceph: stderr
2026-02-20T03:11:20.547+0000 7f341effd640 1 -- 10.20.193.28:0/3107117271 <== mon.0 v2:10.20.193.28:3300/0 5 ==== osd_map(2..2 src has 1..2) ==== 940+0+0 (secure 0 0 0) 0x7f3420076c70 con 0x7f343010a140
2026-02-20T03:11:20.728 INFO:teuthology.orchestra.run.trial028.stdout:/usr/bin/ceph: stderr
2026-02-20T03:11:20.547+0000 7f3435415640 1 --2- 10.20.193.28:0/3107117271 >> [v2:10.20.193.28:6800/732750991,v1:10.20.193.28:6801/732750991] conn(0x7f340c03dbf0 0x7f340c0400b0 unknown :-1 s=BANNER_CONNECTING pgs=0 cs=0 l=1 rev1=0 crypto rx=0 tx=0 comp rx=0 tx=0)._handle_peer_banner_payload supported=3 required=0
2026-02-20T03:11:20.728 INFO:teuthology.orchestra.run.trial028.stdout:/usr/bin/ceph: stderr
2026-02-20T03:11:20.548+0000 7f3435415640 1 --2- 10.20.193.28:0/3107117271 >> [v2:10.20.193.28:6800/732750991,v1:10.20.193.28:6801/732750991] conn(0x7f340c03dbf0 0x7f340c0400b0 secure :-1 s=READY pgs=14 cs=0 l=1 rev1=1 crypto rx=0x7f34240099c0 tx=0x7f3424006eb0 comp rx=0 tx=0).ready entity=mgr.14118 client_cookie=0 server_cookie=0 in_seq=0 out_seq=0
2026-02-20T03:11:20.728 INFO:teuthology.orchestra.run.trial028.stdout:/usr/bin/ceph: stderr
2026-02-20T03:11:20.549+0000 7f341effd640 1 -- 10.20.193.28:0/3107117271 <== mon.0 v2:10.20.193.28:3300/0 6 ==== mon_command_ack([{"prefix": "get_command_descriptions"}]=0 v0) ==== 72+0+195341 (secure 0 0 0) 0x7f342003c210 con 0x7f343010a140
2026-02-20T03:11:20.728 INFO:teuthology.orchestra.run.trial028.stdout:/usr/bin/ceph: stderr
2026-02-20T03:11:20.642+0000 7f3436c18640 1 -- 10.20.193.28:0/3107117271 --> [v2:10.20.193.28:3300/0,v1:10.20.193.28:6789/0] -- mon_command([{prefix=config set, name=mgr/cephadm/container_init}] v 0) -- 0x7f343007e9b0 con 0x7f343010a140
2026-02-20T03:11:20.728 INFO:teuthology.orchestra.run.trial028.stdout:/usr/bin/ceph: stderr
2026-02-20T03:11:20.644+0000 7f341effd640 1 -- 10.20.193.28:0/3107117271 <== mon.0 v2:10.20.193.28:3300/0 7 ==== mon_command_ack([{prefix=config set, name=mgr/cephadm/container_init}]=0 v7)=0 v7) ==== 142+0+0 (secure 0 0 0) 0x7f34200765c0 con 0x7f343010a140
2026-02-20T03:11:20.728 INFO:teuthology.orchestra.run.trial028.stdout:/usr/bin/ceph: stderr
2026-02-20T03:11:20.646+0000 7f3436c18640 1 -- 10.20.193.28:0/3107117271 >> [v2:10.20.193.28:6800/732750991,v1:10.20.193.28:6801/732750991] conn(0x7f340c03dbf0 msgr2=0x7f340c0400b0 secure :-1 s=STATE_CONNECTION_ESTABLISHED l=1).mark_down
2026-02-20T03:11:20.728 INFO:teuthology.orchestra.run.trial028.stdout:/usr/bin/ceph: stderr
2026-02-20T03:11:20.646+0000 7f3436c18640 1 --2- 10.20.193.28:0/3107117271 >> [v2:10.20.193.28:6800/732750991,v1:10.20.193.28:6801/732750991] conn(0x7f340c03dbf0 0x7f340c0400b0 secure :-1 s=READY pgs=14 cs=0 l=1 rev1=1 crypto rx=0x7f34240099c0 tx=0x7f3424006eb0 comp rx=0 tx=0).stop
2026-02-20T03:11:20.728 INFO:teuthology.orchestra.run.trial028.stdout:/usr/bin/ceph: stderr
2026-02-20T03:11:20.646+0000 7f3436c18640 1 -- 10.20.193.28:0/3107117271 >> [v2:10.20.193.28:3300/0,v1:10.20.193.28:6789/0] conn(0x7f343010a140 msgr2=0x7f3430081c40 secure :-1 s=STATE_CONNECTION_ESTABLISHED l=1).mark_down
2026-02-20T03:11:20.728 INFO:teuthology.orchestra.run.trial028.stdout:/usr/bin/ceph: stderr
2026-02-20T03:11:20.646+0000 7f3436c18640 1 --2- 10.20.193.28:0/3107117271 >> [v2:10.20.193.28:3300/0,v1:10.20.193.28:6789/0] conn(0x7f343010a140 0x7f3430081c40 secure :-1 s=READY pgs=50 cs=0 l=1 rev1=1 crypto rx=0x7f3420009a50 tx=0x7f3420037820 comp rx=0 tx=0).stop
2026-02-20T03:11:20.728 INFO:teuthology.orchestra.run.trial028.stdout:/usr/bin/ceph: stderr
2026-02-20T03:11:20.646+0000 7f3436c18640 1 -- 10.20.193.28:0/3107117271 shutdown_connections
2026-02-20T03:11:20.728 INFO:teuthology.orchestra.run.trial028.stdout:/usr/bin/ceph: stderr
2026-02-20T03:11:20.646+0000 7f3436c18640 1 --2- 10.20.193.28:0/3107117271 >> [v2:10.20.193.28:6800/732750991,v1:10.20.193.28:6801/732750991] conn(0x7f340c03dbf0 0x7f340c0400b0 unknown :-1 s=CLOSED pgs=14 cs=0 l=1 rev1=1 crypto rx=0 tx=0 comp rx=0 tx=0).stop
2026-02-20T03:11:20.728 INFO:teuthology.orchestra.run.trial028.stdout:/usr/bin/ceph: stderr
2026-02-20T03:11:20.646+0000 7f3436c18640 1 --2- 10.20.193.28:0/3107117271 >> [v2:10.20.193.28:3300/0,v1:10.20.193.28:6789/0] conn(0x7f343010a140 0x7f3430081c40 unknown :-1 s=CLOSED pgs=50 cs=0 l=1 rev1=1 crypto rx=0 tx=0 comp rx=0 tx=0).stop
2026-02-20T03:11:20.728 INFO:teuthology.orchestra.run.trial028.stdout:/usr/bin/ceph: stderr
2026-02-20T03:11:20.646+0000 7f3436c18640 1 -- 10.20.193.28:0/3107117271 >> 10.20.193.28:0/3107117271 conn(0x7f343007d710 msgr2=0x7f3430107670 unknown :-1 s=STATE_NONE l=0).mark_down
2026-02-20T03:11:20.728 INFO:teuthology.orchestra.run.trial028.stdout:/usr/bin/ceph: stderr
2026-02-20T03:11:20.646+0000 7f3436c18640 1 -- 10.20.193.28:0/3107117271 shutdown_connections
2026-02-20T03:11:20.728 INFO:teuthology.orchestra.run.trial028.stdout:/usr/bin/ceph: stderr
2026-02-20T03:11:20.646+0000 7f3436c18640 1 -- 10.20.193.28:0/3107117271 wait complete.
2026-02-20T03:11:21.121 INFO:teuthology.orchestra.run.trial028.stdout:/usr/bin/ceph: stderr
2026-02-20T03:11:20.896+0000 7f69889ee640 1 Processor -- start
2026-02-20T03:11:21.121 INFO:teuthology.orchestra.run.trial028.stdout:/usr/bin/ceph: stderr
2026-02-20T03:11:20.896+0000 7f69889ee640 1 -- start start
2026-02-20T03:11:21.121 INFO:teuthology.orchestra.run.trial028.stdout:/usr/bin/ceph: stderr
2026-02-20T03:11:20.896+0000 7f69889ee640 1 --2- >> [v2:10.20.193.28:3300/0,v1:10.20.193.28:6789/0] conn(0x7f698410a140 0x7f698410a540 unknown :-1 s=NONE pgs=0 cs=0 l=0 rev1=0 crypto rx=0 tx=0 comp rx=0 tx=0).connect
2026-02-20T03:11:21.121 INFO:teuthology.orchestra.run.trial028.stdout:/usr/bin/ceph: stderr
2026-02-20T03:11:20.896+0000 7f69889ee640 1 -- --> [v2:10.20.193.28:3300/0,v1:10.20.193.28:6789/0] -- mon_getmap magic: 0 -- 0x7f698410ab10 con 0x7f698410a140
2026-02-20T03:11:21.121 INFO:teuthology.orchestra.run.trial028.stdout:/usr/bin/ceph: stderr
2026-02-20T03:11:20.896+0000 7f6982d76640 1 --2- >> [v2:10.20.193.28:3300/0,v1:10.20.193.28:6789/0] conn(0x7f698410a140 0x7f698410a540 unknown :-1 s=BANNER_CONNECTING pgs=0 cs=0 l=0 rev1=0 crypto rx=0 tx=0 comp rx=0 tx=0)._handle_peer_banner_payload supported=3 required=0
2026-02-20T03:11:21.121 INFO:teuthology.orchestra.run.trial028.stdout:/usr/bin/ceph: stderr
2026-02-20T03:11:20.896+0000 7f6982d76640 1 --2- >> [v2:10.20.193.28:3300/0,v1:10.20.193.28:6789/0] conn(0x7f698410a140 0x7f698410a540 unknown :-1 s=HELLO_CONNECTING pgs=0 cs=0 l=0 rev1=1 crypto rx=0 tx=0 comp rx=0 tx=0).handle_hello peer v2:10.20.193.28:3300/0 says I am v2:10.20.193.28:34756/0 (socket says 10.20.193.28:34756)
2026-02-20T03:11:21.122 INFO:teuthology.orchestra.run.trial028.stdout:/usr/bin/ceph: stderr
2026-02-20T03:11:20.896+0000 7f6982d76640 1 -- 10.20.193.28:0/3614128026 learned_addr learned my addr 10.20.193.28:0/3614128026 (peer_addr_for_me v2:10.20.193.28:0/0)
2026-02-20T03:11:21.122 INFO:teuthology.orchestra.run.trial028.stdout:/usr/bin/ceph: stderr
2026-02-20T03:11:20.896+0000 7f6982d76640 1 -- 10.20.193.28:0/3614128026 --> [v2:10.20.193.28:3300/0,v1:10.20.193.28:6789/0] -- mon_subscribe({config=0+,monmap=0+}) -- 0x7f698410b340 con 0x7f698410a140
2026-02-20T03:11:21.122 INFO:teuthology.orchestra.run.trial028.stdout:/usr/bin/ceph: stderr
2026-02-20T03:11:20.897+0000 7f6982d76640 1 --2- 10.20.193.28:0/3614128026 >> [v2:10.20.193.28:3300/0,v1:10.20.193.28:6789/0] conn(0x7f698410a140 0x7f698410a540 secure :-1 s=READY pgs=51 cs=0 l=1 rev1=1 crypto rx=0x7f6978009920 tx=0x7f697802ef20 comp rx=0 tx=0).ready entity=mon.0 client_cookie=310119dfba8f8eab server_cookie=0 in_seq=0 out_seq=0
2026-02-20T03:11:21.122 INFO:teuthology.orchestra.run.trial028.stdout:/usr/bin/ceph: stderr
2026-02-20T03:11:20.897+0000 7f6981d74640 1 -- 10.20.193.28:0/3614128026 <== mon.0 v2:10.20.193.28:3300/0 1 ==== mon_map magic: 0 ==== 205+0+0 (secure 0 0 0) 0x7f697803c070 con 0x7f698410a140
2026-02-20T03:11:21.122 INFO:teuthology.orchestra.run.trial028.stdout:/usr/bin/ceph: stderr
2026-02-20T03:11:20.897+0000 7f6981d74640 1 -- 10.20.193.28:0/3614128026 <== mon.0 v2:10.20.193.28:3300/0 2 ==== config(26 keys) ==== 1076+0+0 (secure 0 0 0) 0x7f6978037440 con 0x7f698410a140
2026-02-20T03:11:21.122 INFO:teuthology.orchestra.run.trial028.stdout:/usr/bin/ceph: stderr
2026-02-20T03:11:20.897+0000 7f6981d74640 1 -- 10.20.193.28:0/3614128026 <== mon.0 v2:10.20.193.28:3300/0 3 ==== mon_map magic: 0 ==== 205+0+0 (secure 0 0 0) 0x7f69780354d0 con 0x7f698410a140
2026-02-20T03:11:21.122 INFO:teuthology.orchestra.run.trial028.stdout:/usr/bin/ceph: stderr
2026-02-20T03:11:20.898+0000 7f69889ee640 1 -- 10.20.193.28:0/3614128026 >> [v2:10.20.193.28:3300/0,v1:10.20.193.28:6789/0] conn(0x7f698410a140 msgr2=0x7f698410a540 secure :-1 s=STATE_CONNECTION_ESTABLISHED l=1).mark_down
2026-02-20T03:11:21.122 INFO:teuthology.orchestra.run.trial028.stdout:/usr/bin/ceph: stderr
2026-02-20T03:11:20.898+0000 7f69889ee640 1 --2- 10.20.193.28:0/3614128026 >> [v2:10.20.193.28:3300/0,v1:10.20.193.28:6789/0] conn(0x7f698410a140 0x7f698410a540 secure :-1 s=READY pgs=51 cs=0 l=1 rev1=1 crypto rx=0x7f6978009920 tx=0x7f697802ef20 comp rx=0 tx=0).stop
2026-02-20T03:11:21.122 INFO:teuthology.orchestra.run.trial028.stdout:/usr/bin/ceph: stderr
2026-02-20T03:11:20.898+0000 7f69889ee640 1 -- 10.20.193.28:0/3614128026 shutdown_connections
2026-02-20T03:11:21.122 INFO:teuthology.orchestra.run.trial028.stdout:/usr/bin/ceph: stderr
2026-02-20T03:11:20.898+0000 7f69889ee640 1 --2- 10.20.193.28:0/3614128026 >> [v2:10.20.193.28:3300/0,v1:10.20.193.28:6789/0] conn(0x7f698410a140 0x7f698410a540 unknown :-1 s=CLOSED pgs=51 cs=0 l=1 rev1=1 crypto rx=0 tx=0 comp rx=0 tx=0).stop
2026-02-20T03:11:21.122 INFO:teuthology.orchestra.run.trial028.stdout:/usr/bin/ceph: stderr
2026-02-20T03:11:20.898+0000 7f69889ee640 1 -- 10.20.193.28:0/3614128026 >> 10.20.193.28:0/3614128026 conn(0x7f698407d710 msgr2=0x7f698407db20 unknown :-1 s=STATE_NONE l=0).mark_down
2026-02-20T03:11:21.122 INFO:teuthology.orchestra.run.trial028.stdout:/usr/bin/ceph: stderr
2026-02-20T03:11:20.898+0000 7f69889ee640 1 -- 10.20.193.28:0/3614128026 shutdown_connections
2026-02-20T03:11:21.123 INFO:teuthology.orchestra.run.trial028.stdout:/usr/bin/ceph: stderr
2026-02-20T03:11:20.898+0000 7f69889ee640 1 -- 10.20.193.28:0/3614128026 wait complete.
2026-02-20T03:11:21.123 INFO:teuthology.orchestra.run.trial028.stdout:/usr/bin/ceph: stderr
2026-02-20T03:11:20.898+0000 7f69889ee640 1 Processor -- start
2026-02-20T03:11:21.123 INFO:teuthology.orchestra.run.trial028.stdout:/usr/bin/ceph: stderr
2026-02-20T03:11:20.898+0000 7f69889ee640 1 -- start start
2026-02-20T03:11:21.123 INFO:teuthology.orchestra.run.trial028.stdout:/usr/bin/ceph: stderr
2026-02-20T03:11:20.899+0000 7f69889ee640 1 --2- >> [v2:10.20.193.28:3300/0,v1:10.20.193.28:6789/0] conn(0x7f698410a140 0x7f698419fff0 unknown :-1 s=NONE pgs=0 cs=0 l=1 rev1=0 crypto rx=0 tx=0 comp rx=0 tx=0).connect
2026-02-20T03:11:21.123 INFO:teuthology.orchestra.run.trial028.stdout:/usr/bin/ceph: stderr
2026-02-20T03:11:20.899+0000 7f69889ee640 1 -- --> [v2:10.20.193.28:3300/0,v1:10.20.193.28:6789/0] -- mon_getmap magic: 0 -- 0x7f698410e6f0 con 0x7f698410a140
2026-02-20T03:11:21.123 INFO:teuthology.orchestra.run.trial028.stdout:/usr/bin/ceph: stderr
2026-02-20T03:11:20.899+0000 7f6982d76640 1 --2- >> [v2:10.20.193.28:3300/0,v1:10.20.193.28:6789/0] conn(0x7f698410a140 0x7f698419fff0 unknown :-1 s=BANNER_CONNECTING pgs=0 cs=0 l=1 rev1=0 crypto rx=0 tx=0 comp rx=0 tx=0)._handle_peer_banner_payload supported=3 required=0
2026-02-20T03:11:21.123 INFO:teuthology.orchestra.run.trial028.stdout:/usr/bin/ceph: stderr
2026-02-20T03:11:20.899+0000 7f6982d76640 1 --2- >> [v2:10.20.193.28:3300/0,v1:10.20.193.28:6789/0] conn(0x7f698410a140 0x7f698419fff0 unknown :-1 s=HELLO_CONNECTING pgs=0 cs=0 l=1 rev1=1 crypto rx=0 tx=0 comp rx=0 tx=0).handle_hello peer v2:10.20.193.28:3300/0 says I am v2:10.20.193.28:34764/0 (socket says 10.20.193.28:34764)
2026-02-20T03:11:21.123 INFO:teuthology.orchestra.run.trial028.stdout:/usr/bin/ceph: stderr
2026-02-20T03:11:20.899+0000 7f6982d76640 1 -- 10.20.193.28:0/1014826822 learned_addr learned my addr 10.20.193.28:0/1014826822 (peer_addr_for_me v2:10.20.193.28:0/0)
2026-02-20T03:11:21.123 INFO:teuthology.orchestra.run.trial028.stdout:/usr/bin/ceph: stderr
2026-02-20T03:11:20.899+0000 7f6982d76640 1 -- 10.20.193.28:0/1014826822 --> [v2:10.20.193.28:3300/0,v1:10.20.193.28:6789/0] -- mon_subscribe({config=0+,monmap=0+}) -- 0x7f69841a0530 con 0x7f698410a140
2026-02-20T03:11:21.123 INFO:teuthology.orchestra.run.trial028.stdout:/usr/bin/ceph: stderr
2026-02-20T03:11:20.899+0000 7f6982d76640 1 --2- 10.20.193.28:0/1014826822 >> [v2:10.20.193.28:3300/0,v1:10.20.193.28:6789/0] conn(0x7f698410a140 0x7f698419fff0 secure :-1 s=READY pgs=52 cs=0 l=1 rev1=1 crypto rx=0x7f6978009a50 tx=0x7f6978037820 comp rx=0 tx=0).ready entity=mon.0 client_cookie=0 server_cookie=0 in_seq=0 out_seq=0
2026-02-20T03:11:21.123 INFO:teuthology.orchestra.run.trial028.stdout:/usr/bin/ceph: stderr
2026-02-20T03:11:20.899+0000 7f6963fff640 1 -- 10.20.193.28:0/1014826822 <== mon.0 v2:10.20.193.28:3300/0 1 ==== mon_map magic: 0 ==== 205+0+0 (secure 0 0 0) 0x7f6978047070 con 0x7f698410a140
2026-02-20T03:11:21.123 INFO:teuthology.orchestra.run.trial028.stdout:/usr/bin/ceph: stderr
2026-02-20T03:11:20.899+0000 7f6963fff640 1 -- 10.20.193.28:0/1014826822 <== mon.0 v2:10.20.193.28:3300/0 2 ==== config(26 keys) ==== 1076+0+0 (secure 0 0 0) 0x7f6978035da0 con 0x7f698410a140
2026-02-20T03:11:21.124 INFO:teuthology.orchestra.run.trial028.stdout:/usr/bin/ceph: stderr
2026-02-20T03:11:20.899+0000 7f6963fff640 1 -- 10.20.193.28:0/1014826822 <== mon.0 v2:10.20.193.28:3300/0 3 ==== mon_map magic: 0 ==== 205+0+0 (secure 0 0 0) 0x7f697803c070 con 0x7f698410a140
2026-02-20T03:11:21.124 INFO:teuthology.orchestra.run.trial028.stdout:/usr/bin/ceph: stderr
2026-02-20T03:11:20.899+0000 7f69889ee640 1 -- 10.20.193.28:0/1014826822 --> [v2:10.20.193.28:3300/0,v1:10.20.193.28:6789/0] -- mon_subscribe({mgrmap=0+}) -- 0x7f69841a07c0 con 0x7f698410a140
2026-02-20T03:11:21.124 INFO:teuthology.orchestra.run.trial028.stdout:/usr/bin/ceph: stderr
2026-02-20T03:11:20.899+0000 7f69889ee640 1 -- 10.20.193.28:0/1014826822 --> [v2:10.20.193.28:3300/0,v1:10.20.193.28:6789/0] -- mon_subscribe({osdmap=0}) -- 0x7f69841a34b0 con 0x7f698410a140
2026-02-20T03:11:21.124 INFO:teuthology.orchestra.run.trial028.stdout:/usr/bin/ceph: stderr
2026-02-20T03:11:20.900+0000 7f69889ee640 1 -- 10.20.193.28:0/1014826822 --> [v2:10.20.193.28:3300/0,v1:10.20.193.28:6789/0] -- mon_command({"prefix": "get_command_descriptions"} v 0) -- 0x7f6948005390 con 0x7f698410a140
2026-02-20T03:11:21.124 INFO:teuthology.orchestra.run.trial028.stdout:/usr/bin/ceph: stderr
2026-02-20T03:11:20.900+0000 7f6963fff640 1 -- 10.20.193.28:0/1014826822 <== mon.0 v2:10.20.193.28:3300/0 4 ==== mgrmap(e 7) ==== 50247+0+0 (secure 0 0 0) 0x7f69780426a0 con 0x7f698410a140
2026-02-20T03:11:21.124 INFO:teuthology.orchestra.run.trial028.stdout:/usr/bin/ceph: stderr
2026-02-20T03:11:20.901+0000 7f6963fff640 1 --2- 10.20.193.28:0/1014826822 >> [v2:10.20.193.28:6800/732750991,v1:10.20.193.28:6801/732750991] conn(0x7f695803dbf0 0x7f69580400b0 unknown :-1 s=NONE pgs=0 cs=0 l=1 rev1=0 crypto rx=0 tx=0 comp rx=0 tx=0).connect
2026-02-20T03:11:21.124 INFO:teuthology.orchestra.run.trial028.stdout:/usr/bin/ceph: stderr
2026-02-20T03:11:20.901+0000 7f6963fff640 1 -- 10.20.193.28:0/1014826822 <== mon.0 v2:10.20.193.28:3300/0 5 ==== osd_map(2..2 src has 1..2) ==== 940+0+0 (secure 0 0 0) 0x7f6978076c70 con 0x7f698410a140
2026-02-20T03:11:21.124 INFO:teuthology.orchestra.run.trial028.stdout:/usr/bin/ceph: stderr
2026-02-20T03:11:20.901+0000 7f6982575640 1 --2- 10.20.193.28:0/1014826822 >> [v2:10.20.193.28:6800/732750991,v1:10.20.193.28:6801/732750991] conn(0x7f695803dbf0 0x7f69580400b0 unknown :-1 s=BANNER_CONNECTING pgs=0 cs=0 l=1 rev1=0 crypto rx=0 tx=0 comp rx=0 tx=0)._handle_peer_banner_payload supported=3 required=0
2026-02-20T03:11:21.124 INFO:teuthology.orchestra.run.trial028.stdout:/usr/bin/ceph: stderr
2026-02-20T03:11:20.901+0000 7f6982575640 1 --2- 10.20.193.28:0/1014826822 >> [v2:10.20.193.28:6800/732750991,v1:10.20.193.28:6801/732750991] conn(0x7f695803dbf0 0x7f69580400b0 secure :-1 s=READY pgs=15 cs=0 l=1 rev1=1 crypto rx=0x7f696c0099c0 tx=0x7f696c006eb0 comp rx=0 tx=0).ready entity=mgr.14118 client_cookie=0 server_cookie=0 in_seq=0 out_seq=0
2026-02-20T03:11:21.124 INFO:teuthology.orchestra.run.trial028.stdout:/usr/bin/ceph: stderr
2026-02-20T03:11:20.903+0000 7f6963fff640 1 -- 10.20.193.28:0/1014826822 <== mon.0 v2:10.20.193.28:3300/0 6 ==== mon_command_ack([{"prefix": "get_command_descriptions"}]=0 v0) ==== 72+0+195341 (secure 0 0 0) 0x7f697803c210 con 0x7f698410a140
2026-02-20T03:11:21.124 INFO:teuthology.orchestra.run.trial028.stdout:/usr/bin/ceph: stderr
2026-02-20T03:11:20.994+0000 7f69889ee640 1 -- 10.20.193.28:0/1014826822 --> [v2:10.20.193.28:3300/0,v1:10.20.193.28:6789/0] -- mon_command([{prefix=config set, name=mgr/dashboard/ssl_server_port}] v 0) -- 0x7f6948005680 con 0x7f698410a140
2026-02-20T03:11:21.124 INFO:teuthology.orchestra.run.trial028.stdout:/usr/bin/ceph: stderr
2026-02-20T03:11:20.996+0000 7f6963fff640 1 -- 10.20.193.28:0/1014826822 <== mon.0 v2:10.20.193.28:3300/0 7 ==== mon_command_ack([{prefix=config set, name=mgr/dashboard/ssl_server_port}]=0 v8)=0 v8) ==== 130+0+0 (secure 0 0 0) 0x7f69780765c0 con 0x7f698410a140
2026-02-20T03:11:21.125 INFO:teuthology.orchestra.run.trial028.stdout:/usr/bin/ceph: stderr
2026-02-20T03:11:20.999+0000 7f69889ee640 1 -- 10.20.193.28:0/1014826822 >> [v2:10.20.193.28:6800/732750991,v1:10.20.193.28:6801/732750991] conn(0x7f695803dbf0 msgr2=0x7f69580400b0 secure :-1 s=STATE_CONNECTION_ESTABLISHED l=1).mark_down
2026-02-20T03:11:21.125 INFO:teuthology.orchestra.run.trial028.stdout:/usr/bin/ceph: stderr
2026-02-20T03:11:20.999+0000 7f69889ee640 1 --2- 10.20.193.28:0/1014826822 >> [v2:10.20.193.28:6800/732750991,v1:10.20.193.28:6801/732750991] conn(0x7f695803dbf0 0x7f69580400b0 secure :-1 s=READY pgs=15 cs=0 l=1 rev1=1 crypto rx=0x7f696c0099c0 tx=0x7f696c006eb0 comp rx=0 tx=0).stop
2026-02-20T03:11:21.125 INFO:teuthology.orchestra.run.trial028.stdout:/usr/bin/ceph: stderr
2026-02-20T03:11:20.999+0000 7f69889ee640 1 -- 10.20.193.28:0/1014826822 >> [v2:10.20.193.28:3300/0,v1:10.20.193.28:6789/0] conn(0x7f698410a140 msgr2=0x7f698419fff0 secure :-1 s=STATE_CONNECTION_ESTABLISHED l=1).mark_down
2026-02-20T03:11:21.125 INFO:teuthology.orchestra.run.trial028.stdout:/usr/bin/ceph: stderr
2026-02-20T03:11:20.999+0000 7f69889ee640 1 --2- 10.20.193.28:0/1014826822 >> [v2:10.20.193.28:3300/0,v1:10.20.193.28:6789/0] conn(0x7f698410a140 0x7f698419fff0 secure :-1 s=READY pgs=52 cs=0 l=1 rev1=1 crypto rx=0x7f6978009a50 tx=0x7f6978037820 comp rx=0 tx=0).stop
2026-02-20T03:11:21.125 INFO:teuthology.orchestra.run.trial028.stdout:/usr/bin/ceph: stderr
2026-02-20T03:11:20.999+0000 7f69889ee640 1 -- 10.20.193.28:0/1014826822 shutdown_connections
2026-02-20T03:11:21.125 INFO:teuthology.orchestra.run.trial028.stdout:/usr/bin/ceph: stderr
2026-02-20T03:11:20.999+0000 7f69889ee640 1 --2- 10.20.193.28:0/1014826822 >> [v2:10.20.193.28:6800/732750991,v1:10.20.193.28:6801/732750991] conn(0x7f695803dbf0 0x7f69580400b0 unknown :-1 s=CLOSED pgs=15 cs=0 l=1 rev1=1 crypto rx=0 tx=0 comp rx=0 tx=0).stop
2026-02-20T03:11:21.125 INFO:teuthology.orchestra.run.trial028.stdout:/usr/bin/ceph: stderr
2026-02-20T03:11:20.999+0000 7f69889ee640 1 --2- 10.20.193.28:0/1014826822 >> [v2:10.20.193.28:3300/0,v1:10.20.193.28:6789/0] conn(0x7f698410a140 0x7f698419fff0 unknown :-1 s=CLOSED pgs=52 cs=0 l=1 rev1=1 crypto rx=0 tx=0 comp rx=0 tx=0).stop
2026-02-20T03:11:21.125 INFO:teuthology.orchestra.run.trial028.stdout:/usr/bin/ceph: stderr
2026-02-20T03:11:20.999+0000 7f69889ee640 1 -- 10.20.193.28:0/1014826822 >> 10.20.193.28:0/1014826822 conn(0x7f698407d710 msgr2=0x7f6984107690 unknown :-1 s=STATE_NONE l=0).mark_down
2026-02-20T03:11:21.125 INFO:teuthology.orchestra.run.trial028.stdout:/usr/bin/ceph: stderr
2026-02-20T03:11:20.999+0000 7f69889ee640 1 -- 10.20.193.28:0/1014826822 shutdown_connections
2026-02-20T03:11:21.125 INFO:teuthology.orchestra.run.trial028.stdout:/usr/bin/ceph: stderr
2026-02-20T03:11:20.999+0000 7f69889ee640 1 -- 10.20.193.28:0/1014826822 wait complete.
2026-02-20T03:11:21.125 INFO:teuthology.orchestra.run.trial028.stdout:Enabling the dashboard module...
2026-02-20T03:11:21.308 INFO:journalctl@ceph.mon.a.trial028.stdout:Feb 20 03:11:21 trial028 ceph-mon[38552]: Added host trial028
2026-02-20T03:11:21.308 INFO:journalctl@ceph.mon.a.trial028.stdout:Feb 20 03:11:21 trial028 ceph-mon[38552]: from='client.14140 -' entity='client.admin' cmd=[{"prefix": "orch apply", "service_type": "mon", "unmanaged": true, "target": ["mon-mgr", ""]}]: dispatch
2026-02-20T03:11:21.308 INFO:journalctl@ceph.mon.a.trial028.stdout:Feb 20 03:11:21 trial028 ceph-mon[38552]: Saving service mon spec with placement count:5
2026-02-20T03:11:21.308 INFO:journalctl@ceph.mon.a.trial028.stdout:Feb 20 03:11:21 trial028 ceph-mon[38552]: from='mgr.14118 10.20.193.28:0/3519663889' entity='mgr.x'
2026-02-20T03:11:21.308 INFO:journalctl@ceph.mon.a.trial028.stdout:Feb 20 03:11:21 trial028 ceph-mon[38552]: from='mgr.14118 10.20.193.28:0/3519663889' entity='mgr.x'
2026-02-20T03:11:21.308 INFO:journalctl@ceph.mon.a.trial028.stdout:Feb 20 03:11:21 trial028 ceph-mon[38552]: from='mgr.14118 10.20.193.28:0/3519663889' entity='mgr.x'
2026-02-20T03:11:21.308 INFO:journalctl@ceph.mon.a.trial028.stdout:Feb 20 03:11:21 trial028 ceph-mon[38552]: from='client.? 10.20.193.28:0/3107117271' entity='client.admin'
2026-02-20T03:11:21.308 INFO:journalctl@ceph.mon.a.trial028.stdout:Feb 20 03:11:21 trial028 ceph-mon[38552]: from='client.? 10.20.193.28:0/1014826822' entity='client.admin'
2026-02-20T03:11:22.321 INFO:teuthology.orchestra.run.trial028.stdout:/usr/bin/ceph: stderr
2026-02-20T03:11:21.303+0000 7f48d6322640 1 Processor -- start
2026-02-20T03:11:22.324 INFO:teuthology.orchestra.run.trial028.stdout:/usr/bin/ceph: stderr
2026-02-20T03:11:21.304+0000 7f48d6322640 1 -- start start
2026-02-20T03:11:22.324 INFO:teuthology.orchestra.run.trial028.stdout:/usr/bin/ceph: stderr
2026-02-20T03:11:21.304+0000 7f48d6322640 1 --2- >> [v2:10.20.193.28:3300/0,v1:10.20.193.28:6789/0] conn(0x7f48d010a140 0x7f48d010a540 unknown :-1 s=NONE pgs=0 cs=0 l=0 rev1=0 crypto rx=0 tx=0 comp rx=0 tx=0).connect
2026-02-20T03:11:22.324 INFO:teuthology.orchestra.run.trial028.stdout:/usr/bin/ceph: stderr
2026-02-20T03:11:21.304+0000 7f48d6322640 1 -- --> [v2:10.20.193.28:3300/0,v1:10.20.193.28:6789/0] -- mon_getmap magic: 0 -- 0x7f48d010ab10 con 0x7f48d010a140
2026-02-20T03:11:22.324 INFO:teuthology.orchestra.run.trial028.stdout:/usr/bin/ceph: stderr
2026-02-20T03:11:21.304+0000 7f48d5320640 1 --2- >> [v2:10.20.193.28:3300/0,v1:10.20.193.28:6789/0] conn(0x7f48d010a140 0x7f48d010a540 unknown :-1 s=BANNER_CONNECTING pgs=0 cs=0 l=0 rev1=0 crypto rx=0 tx=0 comp rx=0 tx=0)._handle_peer_banner_payload supported=3 required=0
2026-02-20T03:11:22.324 INFO:teuthology.orchestra.run.trial028.stdout:/usr/bin/ceph: stderr
2026-02-20T03:11:21.304+0000 7f48d5320640 1 --2- >> [v2:10.20.193.28:3300/0,v1:10.20.193.28:6789/0] conn(0x7f48d010a140 0x7f48d010a540 unknown :-1 s=HELLO_CONNECTING pgs=0 cs=0 l=0 rev1=1 crypto rx=0 tx=0 comp rx=0 tx=0).handle_hello peer v2:10.20.193.28:3300/0 says I am v2:10.20.193.28:34766/0 (socket says 10.20.193.28:34766)
2026-02-20T03:11:22.324 INFO:teuthology.orchestra.run.trial028.stdout:/usr/bin/ceph: stderr
2026-02-20T03:11:21.304+0000 7f48d5320640 1 -- 10.20.193.28:0/28768324 learned_addr learned my addr 10.20.193.28:0/28768324 (peer_addr_for_me v2:10.20.193.28:0/0)
2026-02-20T03:11:22.324 INFO:teuthology.orchestra.run.trial028.stdout:/usr/bin/ceph: stderr
2026-02-20T03:11:21.304+0000 7f48d5320640 1 -- 10.20.193.28:0/28768324 --> [v2:10.20.193.28:3300/0,v1:10.20.193.28:6789/0] -- mon_subscribe({config=0+,monmap=0+}) -- 0x7f48d010b340 con 0x7f48d010a140
2026-02-20T03:11:22.324 INFO:teuthology.orchestra.run.trial028.stdout:/usr/bin/ceph: stderr
2026-02-20T03:11:21.305+0000 7f48d5320640 1 --2- 10.20.193.28:0/28768324 >> [v2:10.20.193.28:3300/0,v1:10.20.193.28:6789/0] conn(0x7f48d010a140 0x7f48d010a540 secure :-1 s=READY pgs=53 cs=0 l=1 rev1=1 crypto rx=0x7f48c0009920 tx=0x7f48c002ef20 comp rx=0 tx=0).ready entity=mon.0 client_cookie=c0eb09fc8a106edd server_cookie=0 in_seq=0 out_seq=0
2026-02-20T03:11:22.325 INFO:teuthology.orchestra.run.trial028.stdout:/usr/bin/ceph: stderr
2026-02-20T03:11:21.305+0000 7f48bffff640 1 -- 10.20.193.28:0/28768324 <== mon.0 v2:10.20.193.28:3300/0 1 ==== mon_map magic: 0 ==== 205+0+0 (secure 0 0 0) 0x7f48c003c070 con 0x7f48d010a140
2026-02-20T03:11:22.325 INFO:teuthology.orchestra.run.trial028.stdout:/usr/bin/ceph: stderr
2026-02-20T03:11:21.305+0000 7f48bffff640 1 -- 10.20.193.28:0/28768324 <== mon.0 v2:10.20.193.28:3300/0 2 ==== config(26 keys) ==== 1076+0+0 (secure 0 0 0) 0x7f48c0037440 con 0x7f48d010a140
2026-02-20T03:11:22.325 INFO:teuthology.orchestra.run.trial028.stdout:/usr/bin/ceph: stderr
2026-02-20T03:11:21.305+0000 7f48bffff640 1 -- 10.20.193.28:0/28768324 <== mon.0 v2:10.20.193.28:3300/0 3 ==== mon_map magic: 0 ==== 205+0+0 (secure 0 0 0) 0x7f48c00354d0 con 0x7f48d010a140
2026-02-20T03:11:22.325 INFO:teuthology.orchestra.run.trial028.stdout:/usr/bin/ceph: stderr
2026-02-20T03:11:21.306+0000 7f48d6322640 1 -- 10.20.193.28:0/28768324 >> [v2:10.20.193.28:3300/0,v1:10.20.193.28:6789/0] conn(0x7f48d010a140 msgr2=0x7f48d010a540 secure :-1 s=STATE_CONNECTION_ESTABLISHED l=1).mark_down
2026-02-20T03:11:22.325 INFO:teuthology.orchestra.run.trial028.stdout:/usr/bin/ceph: stderr
2026-02-20T03:11:21.306+0000 7f48d6322640 1 --2- 10.20.193.28:0/28768324 >> [v2:10.20.193.28:3300/0,v1:10.20.193.28:6789/0] conn(0x7f48d010a140 0x7f48d010a540 secure :-1 s=READY pgs=53 cs=0 l=1 rev1=1 crypto rx=0x7f48c0009920 tx=0x7f48c002ef20 comp rx=0 tx=0).stop
2026-02-20T03:11:22.325 INFO:teuthology.orchestra.run.trial028.stdout:/usr/bin/ceph: stderr
2026-02-20T03:11:21.306+0000 7f48d6322640 1 -- 10.20.193.28:0/28768324 shutdown_connections
2026-02-20T03:11:22.325 INFO:teuthology.orchestra.run.trial028.stdout:/usr/bin/ceph: stderr
2026-02-20T03:11:21.306+0000 7f48d6322640 1 --2- 10.20.193.28:0/28768324 >> [v2:10.20.193.28:3300/0,v1:10.20.193.28:6789/0] conn(0x7f48d010a140 0x7f48d010a540 unknown :-1 s=CLOSED pgs=53 cs=0 l=1 rev1=1 crypto rx=0 tx=0 comp rx=0 tx=0).stop
2026-02-20T03:11:22.325 INFO:teuthology.orchestra.run.trial028.stdout:/usr/bin/ceph: stderr
2026-02-20T03:11:21.306+0000 7f48d6322640 1 -- 10.20.193.28:0/28768324 >> 10.20.193.28:0/28768324 conn(0x7f48d007d710 msgr2=0x7f48d007db20 unknown :-1 s=STATE_NONE l=0).mark_down
2026-02-20T03:11:22.325 INFO:teuthology.orchestra.run.trial028.stdout:/usr/bin/ceph: stderr
2026-02-20T03:11:21.306+0000 7f48d6322640 1 -- 10.20.193.28:0/28768324 shutdown_connections
2026-02-20T03:11:22.325 INFO:teuthology.orchestra.run.trial028.stdout:/usr/bin/ceph: stderr
2026-02-20T03:11:21.306+0000 7f48d6322640 1 -- 10.20.193.28:0/28768324 wait complete.
2026-02-20T03:11:22.325 INFO:teuthology.orchestra.run.trial028.stdout:/usr/bin/ceph: stderr
2026-02-20T03:11:21.307+0000 7f48d6322640 1 Processor -- start
2026-02-20T03:11:22.326 INFO:teuthology.orchestra.run.trial028.stdout:/usr/bin/ceph: stderr
2026-02-20T03:11:21.307+0000 7f48d6322640 1 -- start start
2026-02-20T03:11:22.326 INFO:teuthology.orchestra.run.trial028.stdout:/usr/bin/ceph: stderr
2026-02-20T03:11:21.307+0000 7f48d6322640 1 --2- >> [v2:10.20.193.28:3300/0,v1:10.20.193.28:6789/0] conn(0x7f48d010a140 0x7f48d019fff0 unknown :-1 s=NONE pgs=0 cs=0 l=1 rev1=0 crypto rx=0 tx=0 comp rx=0 tx=0).connect
2026-02-20T03:11:22.326 INFO:teuthology.orchestra.run.trial028.stdout:/usr/bin/ceph: stderr
2026-02-20T03:11:21.307+0000 7f48d6322640 1 -- --> [v2:10.20.193.28:3300/0,v1:10.20.193.28:6789/0] -- mon_getmap magic: 0 -- 0x7f48d010e6f0 con 0x7f48d010a140
2026-02-20T03:11:22.326 INFO:teuthology.orchestra.run.trial028.stdout:/usr/bin/ceph: stderr
2026-02-20T03:11:21.307+0000 7f48d5320640 1 --2- >> [v2:10.20.193.28:3300/0,v1:10.20.193.28:6789/0] conn(0x7f48d010a140 0x7f48d019fff0 unknown :-1 s=BANNER_CONNECTING pgs=0 cs=0 l=1 rev1=0 crypto rx=0 tx=0 comp rx=0 tx=0)._handle_peer_banner_payload supported=3 required=0
2026-02-20T03:11:22.326 INFO:teuthology.orchestra.run.trial028.stdout:/usr/bin/ceph: stderr
2026-02-20T03:11:21.307+0000 7f48d5320640 1 --2- >> [v2:10.20.193.28:3300/0,v1:10.20.193.28:6789/0] conn(0x7f48d010a140 0x7f48d019fff0 unknown :-1 s=HELLO_CONNECTING pgs=0 cs=0 l=1 rev1=1 crypto rx=0 tx=0 comp rx=0 tx=0).handle_hello peer v2:10.20.193.28:3300/0 says I am v2:10.20.193.28:34770/0 (socket says 10.20.193.28:34770)
2026-02-20T03:11:22.326 INFO:teuthology.orchestra.run.trial028.stdout:/usr/bin/ceph: stderr
2026-02-20T03:11:21.307+0000 7f48d5320640 1 -- 10.20.193.28:0/2804301792 learned_addr learned my addr 10.20.193.28:0/2804301792 (peer_addr_for_me v2:10.20.193.28:0/0)
2026-02-20T03:11:22.326 INFO:teuthology.orchestra.run.trial028.stdout:/usr/bin/ceph: stderr
2026-02-20T03:11:21.307+0000 7f48d5320640 1 -- 10.20.193.28:0/2804301792 --> [v2:10.20.193.28:3300/0,v1:10.20.193.28:6789/0] -- mon_subscribe({config=0+,monmap=0+}) -- 0x7f48d01a0530 con 0x7f48d010a140
2026-02-20T03:11:22.326 INFO:teuthology.orchestra.run.trial028.stdout:/usr/bin/ceph: stderr
2026-02-20T03:11:21.308+0000 7f48d5320640 1 --2- 10.20.193.28:0/2804301792 >> [v2:10.20.193.28:3300/0,v1:10.20.193.28:6789/0] conn(0x7f48d010a140 0x7f48d019fff0 secure :-1 s=READY pgs=54 cs=0 l=1 rev1=1 crypto rx=0x7f48c0009a50 tx=0x7f48c0037820 comp rx=0 tx=0).ready entity=mon.0 client_cookie=0 server_cookie=0 in_seq=0 out_seq=0
2026-02-20T03:11:22.326 INFO:teuthology.orchestra.run.trial028.stdout:/usr/bin/ceph: stderr
2026-02-20T03:11:21.308+0000 7f48be7fc640 1 -- 10.20.193.28:0/2804301792 <== mon.0 v2:10.20.193.28:3300/0 1 ==== mon_map magic: 0 ==== 205+0+0 (secure 0 0 0) 0x7f48c0047070 con 0x7f48d010a140
2026-02-20T03:11:22.326 INFO:teuthology.orchestra.run.trial028.stdout:/usr/bin/ceph: stderr
2026-02-20T03:11:21.308+0000 7f48be7fc640 1 -- 10.20.193.28:0/2804301792 <== mon.0 v2:10.20.193.28:3300/0 2 ==== config(26 keys) ==== 1076+0+0 (secure 0 0 0) 0x7f48c0035da0 con 0x7f48d010a140
2026-02-20T03:11:22.326 INFO:teuthology.orchestra.run.trial028.stdout:/usr/bin/ceph: stderr
2026-02-20T03:11:21.308+0000 7f48be7fc640 1 -- 10.20.193.28:0/2804301792 <== mon.0 v2:10.20.193.28:3300/0 3 ==== mon_map magic: 0 ==== 205+0+0 (secure 0 0 0) 0x7f48c003c070 con 0x7f48d010a140
2026-02-20T03:11:22.326 INFO:teuthology.orchestra.run.trial028.stdout:/usr/bin/ceph: stderr
2026-02-20T03:11:21.308+0000 7f48d6322640 1 -- 10.20.193.28:0/2804301792 --> [v2:10.20.193.28:3300/0,v1:10.20.193.28:6789/0] -- mon_subscribe({mgrmap=0+}) -- 0x7f48d01a07c0 con 0x7f48d010a140
2026-02-20T03:11:22.327 INFO:teuthology.orchestra.run.trial028.stdout:/usr/bin/ceph: stderr
2026-02-20T03:11:21.308+0000 7f48d6322640 1 -- 10.20.193.28:0/2804301792 --> [v2:10.20.193.28:3300/0,v1:10.20.193.28:6789/0] -- mon_subscribe({osdmap=0}) -- 0x7f48d01a34b0 con 0x7f48d010a140
2026-02-20T03:11:22.327 INFO:teuthology.orchestra.run.trial028.stdout:/usr/bin/ceph: stderr
2026-02-20T03:11:21.309+0000 7f48d6322640 1 -- 10.20.193.28:0/2804301792 --> [v2:10.20.193.28:3300/0,v1:10.20.193.28:6789/0] -- mon_command({"prefix": "get_command_descriptions"} v 0) -- 0x7f48d010e870 con 0x7f48d010a140
2026-02-20T03:11:22.327 INFO:teuthology.orchestra.run.trial028.stdout:/usr/bin/ceph: stderr
2026-02-20T03:11:21.309+0000 7f48be7fc640 1 -- 10.20.193.28:0/2804301792 <== mon.0 v2:10.20.193.28:3300/0 4 ==== mgrmap(e 7) ==== 50247+0+0 (secure 0 0 0) 0x7f48c00426a0 con 0x7f48d010a140
2026-02-20T03:11:22.327 INFO:teuthology.orchestra.run.trial028.stdout:/usr/bin/ceph: stderr
