2026-02-20T03:12:48.358+0000 7f002e575640 1 --2- >> [v2:10.20.193.32:3300/0,v1:10.20.193.32:6789/0] conn(0x7f003010ba30 0x7f00301a02d0 unknown :-1 s=HELLO_CONNECTING pgs=0 cs=0 l=1 rev1=1 crypto rx=0 tx=0 comp rx=0 tx=0).handle_hello peer v2:10.20.193.32:3300/0 says I am v2:10.20.193.32:35668/0 (socket says 10.20.193.32:35668)
2026-02-20T03:12:48.478 INFO:teuthology.orchestra.run.trial032.stdout:/usr/bin/ceph: stderr
2026-02-20T03:12:48.358+0000 7f002e575640 1 -- 10.20.193.32:0/2883612187 learned_addr learned my addr 10.20.193.32:0/2883612187 (peer_addr_for_me v2:10.20.193.32:0/0)
2026-02-20T03:12:48.478 INFO:teuthology.orchestra.run.trial032.stdout:/usr/bin/ceph: stderr
2026-02-20T03:12:48.358+0000 7f002e575640 1 -- 10.20.193.32:0/2883612187 --> [v2:10.20.193.32:3300/0,v1:10.20.193.32:6789/0] -- mon_subscribe({config=0+,monmap=0+}) -- 0x7f00301a0810 con 0x7f003010ba30
2026-02-20T03:12:48.478 INFO:teuthology.orchestra.run.trial032.stdout:/usr/bin/ceph: stderr
2026-02-20T03:12:48.358+0000 7f002e575640 1 --2- 10.20.193.32:0/2883612187 >> [v2:10.20.193.32:3300/0,v1:10.20.193.32:6789/0] conn(0x7f003010ba30 0x7f00301a02d0 secure :-1 s=READY pgs=52 cs=0 l=1 rev1=1 crypto rx=0x7f0024039000 tx=0x7f0024037820 comp rx=0 tx=0).ready entity=mon.0 client_cookie=0 server_cookie=0 in_seq=0 out_seq=0
2026-02-20T03:12:48.478 INFO:teuthology.orchestra.run.trial032.stdout:/usr/bin/ceph: stderr
2026-02-20T03:12:48.358+0000 7f00177fe640 1 -- 10.20.193.32:0/2883612187 <== mon.0 v2:10.20.193.32:3300/0 1 ==== mon_map magic: 0 ==== 205+0+0 (secure 0 0 0) 0x7f0024047070 con 0x7f003010ba30
2026-02-20T03:12:48.478 INFO:teuthology.orchestra.run.trial032.stdout:/usr/bin/ceph: stderr
2026-02-20T03:12:48.358+0000 7f00177fe640 1 -- 10.20.193.32:0/2883612187 <== mon.0 v2:10.20.193.32:3300/0 2 ==== config(26 keys) ==== 1076+0+0 (secure 0 0 0) 0x7f0024035df0 con 0x7f003010ba30
2026-02-20T03:12:48.478 INFO:teuthology.orchestra.run.trial032.stdout:/usr/bin/ceph: stderr
2026-02-20T03:12:48.358+0000 7f0034dfe640 1 -- 10.20.193.32:0/2883612187 --> [v2:10.20.193.32:3300/0,v1:10.20.193.32:6789/0] -- mon_subscribe({mgrmap=0+}) -- 0x7f00301a0aa0 con 0x7f003010ba30
2026-02-20T03:12:48.478 INFO:teuthology.orchestra.run.trial032.stdout:/usr/bin/ceph: stderr
2026-02-20T03:12:48.358+0000 7f00177fe640 1 -- 10.20.193.32:0/2883612187 <== mon.0 v2:10.20.193.32:3300/0 3 ==== mon_map magic: 0 ==== 205+0+0 (secure 0 0 0) 0x7f002403c070 con 0x7f003010ba30
2026-02-20T03:12:48.478 INFO:teuthology.orchestra.run.trial032.stdout:/usr/bin/ceph: stderr
2026-02-20T03:12:48.358+0000 7f0034dfe640 1 -- 10.20.193.32:0/2883612187 --> [v2:10.20.193.32:3300/0,v1:10.20.193.32:6789/0] -- mon_subscribe({osdmap=0}) -- 0x7f00301a3790 con 0x7f003010ba30
2026-02-20T03:12:48.478 INFO:teuthology.orchestra.run.trial032.stdout:/usr/bin/ceph: stderr
2026-02-20T03:12:48.358+0000 7f0034dfe640 1 -- 10.20.193.32:0/2883612187 --> [v2:10.20.193.32:3300/0,v1:10.20.193.32:6789/0] -- mon_command({"prefix": "get_command_descriptions"} v 0) -- 0x7f003010beb0 con 0x7f003010ba30
2026-02-20T03:12:48.478 INFO:teuthology.orchestra.run.trial032.stdout:/usr/bin/ceph: stderr
2026-02-20T03:12:48.359+0000 7f00177fe640 1 -- 10.20.193.32:0/2883612187 <== mon.0 v2:10.20.193.32:3300/0 4 ==== mgrmap(e 8) ==== 50247+0+0 (secure 0 0 0) 0x7f0024042640 con 0x7f003010ba30
2026-02-20T03:12:48.478 INFO:teuthology.orchestra.run.trial032.stdout:/usr/bin/ceph: stderr
2026-02-20T03:12:48.359+0000 7f00177fe640 1 --2- 10.20.193.32:0/2883612187 >> [v2:10.20.193.32:6800/2104777918,v1:10.20.193.32:6801/2104777918] conn(0x7f000803dbf0 0x7f00080400b0 unknown :-1 s=NONE pgs=0 cs=0 l=1 rev1=0 crypto rx=0 tx=0 comp rx=0 tx=0).connect
2026-02-20T03:12:48.478 INFO:teuthology.orchestra.run.trial032.stdout:/usr/bin/ceph: stderr
2026-02-20T03:12:48.359+0000 7f00177fe640 1 -- 10.20.193.32:0/2883612187 <== mon.0 v2:10.20.193.32:3300/0 5 ==== osd_map(2..2 src has 1..2) ==== 940+0+0 (secure 0 0 0) 0x7f0024076940 con 0x7f003010ba30
2026-02-20T03:12:48.478 INFO:teuthology.orchestra.run.trial032.stdout:/usr/bin/ceph: stderr
2026-02-20T03:12:48.359+0000 7f002dd74640 1 --2- 10.20.193.32:0/2883612187 >> [v2:10.20.193.32:6800/2104777918,v1:10.20.193.32:6801/2104777918] conn(0x7f000803dbf0 0x7f00080400b0 unknown :-1 s=BANNER_CONNECTING pgs=0 cs=0 l=1 rev1=0 crypto rx=0 tx=0 comp rx=0 tx=0)._handle_peer_banner_payload supported=3 required=0
2026-02-20T03:12:48.478 INFO:teuthology.orchestra.run.trial032.stdout:/usr/bin/ceph: stderr
2026-02-20T03:12:48.359+0000 7f002dd74640 1 --2- 10.20.193.32:0/2883612187 >> [v2:10.20.193.32:6800/2104777918,v1:10.20.193.32:6801/2104777918] conn(0x7f000803dbf0 0x7f00080400b0 secure :-1 s=READY pgs=15 cs=0 l=1 rev1=1 crypto rx=0x7f00180099c0 tx=0x7f0018006eb0 comp rx=0 tx=0).ready entity=mgr.14118 client_cookie=0 server_cookie=0 in_seq=0 out_seq=0
2026-02-20T03:12:48.478 INFO:teuthology.orchestra.run.trial032.stdout:/usr/bin/ceph: stderr
2026-02-20T03:12:48.361+0000 7f00177fe640 1 -- 10.20.193.32:0/2883612187 <== mon.0 v2:10.20.193.32:3300/0 6 ==== mon_command_ack([{"prefix": "get_command_descriptions"}]=0 v0) ==== 72+0+195341 (secure 0 0 0) 0x7f00240342a0 con 0x7f003010ba30
2026-02-20T03:12:48.478 INFO:teuthology.orchestra.run.trial032.stdout:/usr/bin/ceph: stderr
2026-02-20T03:12:48.449+0000 7f0034dfe640 1 -- 10.20.193.32:0/2883612187 --> [v2:10.20.193.32:3300/0,v1:10.20.193.32:6789/0] -- mon_command([{prefix=config set, name=mgr/dashboard/ssl_server_port}] v 0) -- 0x7f00301a3e80 con 0x7f003010ba30
2026-02-20T03:12:48.478 INFO:teuthology.orchestra.run.trial032.stdout:/usr/bin/ceph: stderr
2026-02-20T03:12:48.451+0000 7f00177fe640 1 -- 10.20.193.32:0/2883612187 <== mon.0 v2:10.20.193.32:3300/0 7 ==== mon_command_ack([{prefix=config set, name=mgr/dashboard/ssl_server_port}]=0 v8)=0 v8) ==== 130+0+0 (secure 0 0 0) 0x7f0024033c90 con 0x7f003010ba30
2026-02-20T03:12:48.478 INFO:teuthology.orchestra.run.trial032.stdout:/usr/bin/ceph: stderr
2026-02-20T03:12:48.453+0000 7f0034dfe640 1 -- 10.20.193.32:0/2883612187 >> [v2:10.20.193.32:6800/2104777918,v1:10.20.193.32:6801/2104777918] conn(0x7f000803dbf0 msgr2=0x7f00080400b0 secure :-1 s=STATE_CONNECTION_ESTABLISHED l=1).mark_down
2026-02-20T03:12:48.478 INFO:teuthology.orchestra.run.trial032.stdout:/usr/bin/ceph: stderr
2026-02-20T03:12:48.453+0000 7f0034dfe640 1 --2- 10.20.193.32:0/2883612187 >> [v2:10.20.193.32:6800/2104777918,v1:10.20.193.32:6801/2104777918] conn(0x7f000803dbf0 0x7f00080400b0 secure :-1 s=READY pgs=15 cs=0 l=1 rev1=1 crypto rx=0x7f00180099c0 tx=0x7f0018006eb0 comp rx=0 tx=0).stop
2026-02-20T03:12:48.478 INFO:teuthology.orchestra.run.trial032.stdout:/usr/bin/ceph: stderr
2026-02-20T03:12:48.453+0000 7f0034dfe640 1 -- 10.20.193.32:0/2883612187 >> [v2:10.20.193.32:3300/0,v1:10.20.193.32:6789/0] conn(0x7f003010ba30 msgr2=0x7f00301a02d0 secure :-1 s=STATE_CONNECTION_ESTABLISHED l=1).mark_down
2026-02-20T03:12:48.478 INFO:teuthology.orchestra.run.trial032.stdout:/usr/bin/ceph: stderr
2026-02-20T03:12:48.453+0000 7f0034dfe640 1 --2- 10.20.193.32:0/2883612187 >> [v2:10.20.193.32:3300/0,v1:10.20.193.32:6789/0] conn(0x7f003010ba30 0x7f00301a02d0 secure :-1 s=READY pgs=52 cs=0 l=1 rev1=1 crypto rx=0x7f0024039000 tx=0x7f0024037820 comp rx=0 tx=0).stop
2026-02-20T03:12:48.478 INFO:teuthology.orchestra.run.trial032.stdout:/usr/bin/ceph: stderr
2026-02-20T03:12:48.453+0000 7f0034dfe640 1 -- 10.20.193.32:0/2883612187 shutdown_connections
2026-02-20T03:12:48.478 INFO:teuthology.orchestra.run.trial032.stdout:/usr/bin/ceph: stderr
2026-02-20T03:12:48.453+0000 7f0034dfe640 1 --2- 10.20.193.32:0/2883612187 >> [v2:10.20.193.32:6800/2104777918,v1:10.20.193.32:6801/2104777918] conn(0x7f000803dbf0 0x7f00080400b0 unknown :-1 s=CLOSED pgs=15 cs=0 l=1 rev1=1 crypto rx=0 tx=0 comp rx=0 tx=0).stop
2026-02-20T03:12:48.478 INFO:teuthology.orchestra.run.trial032.stdout:/usr/bin/ceph: stderr
2026-02-20T03:12:48.453+0000 7f0034dfe640 1 --2- 10.20.193.32:0/2883612187 >> [v2:10.20.193.32:3300/0,v1:10.20.193.32:6789/0] conn(0x7f003010ba30 0x7f00301a02d0 unknown :-1 s=CLOSED pgs=52 cs=0 l=1 rev1=1 crypto rx=0 tx=0 comp rx=0 tx=0).stop
2026-02-20T03:12:48.478 INFO:teuthology.orchestra.run.trial032.stdout:/usr/bin/ceph: stderr
2026-02-20T03:12:48.453+0000 7f0034dfe640 1 -- 10.20.193.32:0/2883612187 >> 10.20.193.32:0/2883612187 conn(0x7f003007d8f0 msgr2=0x7f0030108650 unknown :-1 s=STATE_NONE l=0).mark_down
2026-02-20T03:12:48.478 INFO:teuthology.orchestra.run.trial032.stdout:/usr/bin/ceph: stderr
2026-02-20T03:12:48.453+0000 7f0034dfe640 1 -- 10.20.193.32:0/2883612187 shutdown_connections
2026-02-20T03:12:48.478 INFO:teuthology.orchestra.run.trial032.stdout:/usr/bin/ceph: stderr
2026-02-20T03:12:48.453+0000 7f0034dfe640 1 -- 10.20.193.32:0/2883612187 wait complete.
2026-02-20T03:12:48.479 INFO:teuthology.orchestra.run.trial032.stdout:Enabling the dashboard module...
2026-02-20T03:12:49.574 INFO:journalctl@ceph.mon.a.trial032.stdout:Feb 20 03:12:49 trial032 ceph-mon[40846]: Added host trial032
2026-02-20T03:12:49.574 INFO:journalctl@ceph.mon.a.trial032.stdout:Feb 20 03:12:49 trial032 ceph-mon[40846]: from='client.14140 -' entity='client.admin' cmd=[{"prefix": "orch apply", "service_type": "mon", "unmanaged": true, "target": ["mon-mgr", ""]}]: dispatch
2026-02-20T03:12:49.574 INFO:journalctl@ceph.mon.a.trial032.stdout:Feb 20 03:12:49 trial032 ceph-mon[40846]: Saving service mon spec with placement count:5
2026-02-20T03:12:49.575 INFO:journalctl@ceph.mon.a.trial032.stdout:Feb 20 03:12:49 trial032 ceph-mon[40846]: from='client.14142 -' entity='client.admin' cmd=[{"prefix": "orch apply", "service_type": "mgr", "unmanaged": true, "target": ["mon-mgr", ""]}]: dispatch
2026-02-20T03:12:49.575 INFO:journalctl@ceph.mon.a.trial032.stdout:Feb 20 03:12:49 trial032 ceph-mon[40846]: Saving service mgr spec with placement count:2
2026-02-20T03:12:49.575 INFO:journalctl@ceph.mon.a.trial032.stdout:Feb 20 03:12:49 trial032 ceph-mon[40846]: from='client.? 10.20.193.32:0/2883612187' entity='client.admin'
2026-02-20T03:12:49.575 INFO:journalctl@ceph.mon.a.trial032.stdout:Feb 20 03:12:49 trial032 ceph-mon[40846]: from='mgr.14118 10.20.193.32:0/1542915741' entity='mgr.x'
2026-02-20T03:12:49.575 INFO:journalctl@ceph.mon.a.trial032.stdout:Feb 20 03:12:49 trial032 ceph-mon[40846]: from='client.? 10.20.193.32:0/1523906317' entity='client.admin' cmd=[{"prefix": "mgr module enable", "module": "dashboard"}]: dispatch
2026-02-20T03:12:49.575 INFO:journalctl@ceph.mon.a.trial032.stdout:Feb 20 03:12:49 trial032 ceph-mon[40846]: from='mgr.14118 10.20.193.32:0/1542915741' entity='mgr.x'
2026-02-20T03:12:49.615 INFO:teuthology.orchestra.run.trial032.stdout:/usr/bin/ceph: stderr
2026-02-20T03:12:48.584+0000 7f3a5888c640 1 Processor -- start
2026-02-20T03:12:49.615 INFO:teuthology.orchestra.run.trial032.stdout:/usr/bin/ceph: stderr
2026-02-20T03:12:48.584+0000 7f3a5888c640 1 -- start start
2026-02-20T03:12:49.615 INFO:teuthology.orchestra.run.trial032.stdout:/usr/bin/ceph: stderr
2026-02-20T03:12:48.584+0000 7f3a5888c640 1 --2- >> [v2:10.20.193.32:3300/0,v1:10.20.193.32:6789/0] conn(0x7f3a5010ba30 0x7f3a5010be30 unknown :-1 s=NONE pgs=0 cs=0 l=0 rev1=0 crypto rx=0 tx=0 comp rx=0 tx=0).connect
2026-02-20T03:12:49.615 INFO:teuthology.orchestra.run.trial032.stdout:/usr/bin/ceph: stderr
2026-02-20T03:12:48.585+0000 7f3a5888c640 1 -- --> [v2:10.20.193.32:3300/0,v1:10.20.193.32:6789/0] -- mon_getmap magic: 0 -- 0x7f3a5010c400 con 0x7f3a5010ba30
2026-02-20T03:12:49.615 INFO:teuthology.orchestra.run.trial032.stdout:/usr/bin/ceph: stderr
2026-02-20T03:12:48.585+0000 7f3a56601640 1 --2- >> [v2:10.20.193.32:3300/0,v1:10.20.193.32:6789/0] conn(0x7f3a5010ba30 0x7f3a5010be30 unknown :-1 s=BANNER_CONNECTING pgs=0 cs=0 l=0 rev1=0 crypto rx=0 tx=0 comp rx=0 tx=0)._handle_peer_banner_payload supported=3 required=0
2026-02-20T03:12:49.615 INFO:teuthology.orchestra.run.trial032.stdout:/usr/bin/ceph: stderr
2026-02-20T03:12:48.585+0000 7f3a56601640 1 --2- >> [v2:10.20.193.32:3300/0,v1:10.20.193.32:6789/0] conn(0x7f3a5010ba30 0x7f3a5010be30 unknown :-1 s=HELLO_CONNECTING pgs=0 cs=0 l=0 rev1=1 crypto rx=0 tx=0 comp rx=0 tx=0).handle_hello peer v2:10.20.193.32:3300/0 says I am v2:10.20.193.32:35676/0 (socket says 10.20.193.32:35676)
2026-02-20T03:12:49.615 INFO:teuthology.orchestra.run.trial032.stdout:/usr/bin/ceph: stderr
2026-02-20T03:12:48.585+0000 7f3a56601640 1 -- 10.20.193.32:0/2322884275 learned_addr learned my addr 10.20.193.32:0/2322884275 (peer_addr_for_me v2:10.20.193.32:0/0)
2026-02-20T03:12:49.616 INFO:teuthology.orchestra.run.trial032.stdout:/usr/bin/ceph: stderr
2026-02-20T03:12:48.585+0000 7f3a56601640 1 -- 10.20.193.32:0/2322884275 --> [v2:10.20.193.32:3300/0,v1:10.20.193.32:6789/0] -- mon_subscribe({config=0+,monmap=0+}) -- 0x7f3a5010a690 con 0x7f3a5010ba30
2026-02-20T03:12:49.616 INFO:teuthology.orchestra.run.trial032.stdout:/usr/bin/ceph: stderr
2026-02-20T03:12:48.585+0000 7f3a56601640 1 --2- 10.20.193.32:0/2322884275 >> [v2:10.20.193.32:3300/0,v1:10.20.193.32:6789/0] conn(0x7f3a5010ba30 0x7f3a5010be30 secure :-1 s=READY pgs=53 cs=0 l=1 rev1=1 crypto rx=0x7f3a48009920 tx=0x7f3a4802ef20 comp rx=0 tx=0).ready entity=mon.0 client_cookie=ed2e8922dfa4528b server_cookie=0 in_seq=0 out_seq=0
2026-02-20T03:12:49.616 INFO:teuthology.orchestra.run.trial032.stdout:/usr/bin/ceph: stderr
2026-02-20T03:12:48.585+0000 7f3a555ff640 1 -- 10.20.193.32:0/2322884275 <== mon.0 v2:10.20.193.32:3300/0 1 ==== mon_map magic: 0 ==== 205+0+0 (secure 0 0 0) 0x7f3a4803c070 con 0x7f3a5010ba30
2026-02-20T03:12:49.616 INFO:teuthology.orchestra.run.trial032.stdout:/usr/bin/ceph: stderr
2026-02-20T03:12:48.585+0000 7f3a555ff640 1 -- 10.20.193.32:0/2322884275 <== mon.0 v2:10.20.193.32:3300/0 2 ==== config(26 keys) ==== 1076+0+0 (secure 0 0 0) 0x7f3a48037440 con 0x7f3a5010ba30
2026-02-20T03:12:49.616 INFO:teuthology.orchestra.run.trial032.stdout:/usr/bin/ceph: stderr
2026-02-20T03:12:48.585+0000 7f3a555ff640 1 -- 10.20.193.32:0/2322884275 <== mon.0 v2:10.20.193.32:3300/0 3 ==== mon_map magic: 0 ==== 205+0+0 (secure 0 0 0) 0x7f3a480354d0 con 0x7f3a5010ba30
2026-02-20T03:12:49.616 INFO:teuthology.orchestra.run.trial032.stdout:/usr/bin/ceph: stderr
2026-02-20T03:12:48.586+0000 7f3a5888c640 1 -- 10.20.193.32:0/2322884275 >> [v2:10.20.193.32:3300/0,v1:10.20.193.32:6789/0] conn(0x7f3a5010ba30 msgr2=0x7f3a5010be30 secure :-1 s=STATE_CONNECTION_ESTABLISHED l=1).mark_down
2026-02-20T03:12:49.616 INFO:teuthology.orchestra.run.trial032.stdout:/usr/bin/ceph: stderr
2026-02-20T03:12:48.586+0000 7f3a5888c640 1 --2- 10.20.193.32:0/2322884275 >> [v2:10.20.193.32:3300/0,v1:10.20.193.32:6789/0] conn(0x7f3a5010ba30 0x7f3a5010be30 secure :-1 s=READY pgs=53 cs=0 l=1 rev1=1 crypto rx=0x7f3a48009920 tx=0x7f3a4802ef20 comp rx=0 tx=0).stop
2026-02-20T03:12:49.616 INFO:teuthology.orchestra.run.trial032.stdout:/usr/bin/ceph: stderr
2026-02-20T03:12:48.586+0000 7f3a5888c640 1 -- 10.20.193.32:0/2322884275 shutdown_connections
2026-02-20T03:12:49.616 INFO:teuthology.orchestra.run.trial032.stdout:/usr/bin/ceph: stderr
2026-02-20T03:12:48.586+0000 7f3a5888c640 1 --2- 10.20.193.32:0/2322884275 >> [v2:10.20.193.32:3300/0,v1:10.20.193.32:6789/0] conn(0x7f3a5010ba30 0x7f3a5010be30 unknown :-1 s=CLOSED pgs=53 cs=0 l=1 rev1=1 crypto rx=0 tx=0 comp rx=0 tx=0).stop
2026-02-20T03:12:49.616 INFO:teuthology.orchestra.run.trial032.stdout:/usr/bin/ceph: stderr
2026-02-20T03:12:48.586+0000 7f3a5888c640 1 -- 10.20.193.32:0/2322884275 >> 10.20.193.32:0/2322884275 conn(0x7f3a5007da30 msgr2=0x7f3a5007dea0 unknown :-1 s=STATE_NONE l=0).mark_down
2026-02-20T03:12:49.616 INFO:teuthology.orchestra.run.trial032.stdout:/usr/bin/ceph: stderr
2026-02-20T03:12:48.586+0000 7f3a5888c640 1 -- 10.20.193.32:0/2322884275 shutdown_connections
2026-02-20T03:12:49.616 INFO:teuthology.orchestra.run.trial032.stdout:/usr/bin/ceph: stderr
2026-02-20T03:12:48.586+0000 7f3a5888c640 1 -- 10.20.193.32:0/2322884275 wait complete.
2026-02-20T03:12:49.617 INFO:teuthology.orchestra.run.trial032.stdout:/usr/bin/ceph: stderr
2026-02-20T03:12:48.586+0000 7f3a5888c640 1 Processor -- start
2026-02-20T03:12:49.617 INFO:teuthology.orchestra.run.trial032.stdout:/usr/bin/ceph: stderr
2026-02-20T03:12:48.586+0000 7f3a5888c640 1 -- start start
2026-02-20T03:12:49.617 INFO:teuthology.orchestra.run.trial032.stdout:/usr/bin/ceph: stderr
2026-02-20T03:12:48.586+0000 7f3a5888c640 1 --2- >> [v2:10.20.193.32:3300/0,v1:10.20.193.32:6789/0] conn(0x7f3a5010ba30 0x7f3a501a0330 unknown :-1 s=NONE pgs=0 cs=0 l=1 rev1=0 crypto rx=0 tx=0 comp rx=0 tx=0).connect
2026-02-20T03:12:49.617 INFO:teuthology.orchestra.run.trial032.stdout:/usr/bin/ceph: stderr
2026-02-20T03:12:48.586+0000 7f3a5888c640 1 -- --> [v2:10.20.193.32:3300/0,v1:10.20.193.32:6789/0] -- mon_getmap magic: 0 -- 0x7f3a5010e8d0 con 0x7f3a5010ba30
2026-02-20T03:12:49.617 INFO:teuthology.orchestra.run.trial032.stdout:/usr/bin/ceph: stderr
2026-02-20T03:12:48.586+0000 7f3a56601640 1 --2- >> [v2:10.20.193.32:3300/0,v1:10.20.193.32:6789/0] conn(0x7f3a5010ba30 0x7f3a501a0330 unknown :-1 s=BANNER_CONNECTING pgs=0 cs=0 l=1 rev1=0 crypto rx=0 tx=0 comp rx=0 tx=0)._handle_peer_banner_payload supported=3 required=0
2026-02-20T03:12:49.617 INFO:teuthology.orchestra.run.trial032.stdout:/usr/bin/ceph: stderr
2026-02-20T03:12:48.586+0000 7f3a56601640 1 --2- >> [v2:10.20.193.32:3300/0,v1:10.20.193.32:6789/0] conn(0x7f3a5010ba30 0x7f3a501a0330 unknown :-1 s=HELLO_CONNECTING pgs=0 cs=0 l=1 rev1=1 crypto rx=0 tx=0 comp rx=0 tx=0).handle_hello peer v2:10.20.193.32:3300/0 says I am v2:10.20.193.32:35692/0 (socket says 10.20.193.32:35692)
2026-02-20T03:12:49.617 INFO:teuthology.orchestra.run.trial032.stdout:/usr/bin/ceph: stderr
2026-02-20T03:12:48.586+0000 7f3a56601640 1 -- 10.20.193.32:0/1523906317 learned_addr learned my addr 10.20.193.32:0/1523906317 (peer_addr_for_me v2:10.20.193.32:0/0)
2026-02-20T03:12:49.617 INFO:teuthology.orchestra.run.trial032.stdout:/usr/bin/ceph: stderr
2026-02-20T03:12:48.587+0000 7f3a56601640 1 -- 10.20.193.32:0/1523906317 --> [v2:10.20.193.32:3300/0,v1:10.20.193.32:6789/0] -- mon_subscribe({config=0+,monmap=0+}) -- 0x7f3a501a0870 con 0x7f3a5010ba30
2026-02-20T03:12:49.617 INFO:teuthology.orchestra.run.trial032.stdout:/usr/bin/ceph: stderr
2026-02-20T03:12:48.587+0000 7f3a56601640 1 --2- 10.20.193.32:0/1523906317 >> [v2:10.20.193.32:3300/0,v1:10.20.193.32:6789/0] conn(0x7f3a5010ba30 0x7f3a501a0330 secure :-1 s=READY pgs=54 cs=0 l=1 rev1=1 crypto rx=0x7f3a48009a50 tx=0x7f3a48037820 comp rx=0 tx=0).ready entity=mon.0 client_cookie=0 server_cookie=0 in_seq=0 out_seq=0
2026-02-20T03:12:49.617 INFO:teuthology.orchestra.run.trial032.stdout:/usr/bin/ceph: stderr
2026-02-20T03:12:48.587+0000 7f3a3b7fe640 1 -- 10.20.193.32:0/1523906317 <== mon.0 v2:10.20.193.32:3300/0 1 ==== mon_map magic: 0 ==== 205+0+0 (secure 0 0 0) 0x7f3a48047070 con 0x7f3a5010ba30
2026-02-20T03:12:49.617 INFO:teuthology.orchestra.run.trial032.stdout:/usr/bin/ceph: stderr
2026-02-20T03:12:48.587+0000 7f3a3b7fe640 1 -- 10.20.193.32:0/1523906317 <== mon.0 v2:10.20.193.32:3300/0 2 ==== config(26 keys) ==== 1076+0+0 (secure 0 0 0) 0x7f3a48035da0 con 0x7f3a5010ba30
2026-02-20T03:12:49.618 INFO:teuthology.orchestra.run.trial032.stdout:/usr/bin/ceph: stderr
2026-02-20T03:12:48.587+0000 7f3a5888c640 1 -- 10.20.193.32:0/1523906317 --> [v2:10.20.193.32:3300/0,v1:10.20.193.32:6789/0] -- mon_subscribe({mgrmap=0+}) -- 0x7f3a501a0b00 con 0x7f3a5010ba30
2026-02-20T03:12:49.618 INFO:teuthology.orchestra.run.trial032.stdout:/usr/bin/ceph: stderr
2026-02-20T03:12:48.587+0000 7f3a3b7fe640 1 -- 10.20.193.32:0/1523906317 <== mon.0 v2:10.20.193.32:3300/0 3 ==== mon_map magic: 0 ==== 205+0+0 (secure 0 0 0) 0x7f3a4803c070 con 0x7f3a5010ba30
2026-02-20T03:12:49.618 INFO:teuthology.orchestra.run.trial032.stdout:/usr/bin/ceph: stderr
2026-02-20T03:12:48.587+0000 7f3a5888c640 1 -- 10.20.193.32:0/1523906317 --> [v2:10.20.193.32:3300/0,v1:10.20.193.32:6789/0] -- mon_subscribe({osdmap=0}) -- 0x7f3a501a37f0 con 0x7f3a5010ba30
2026-02-20T03:12:49.618 INFO:teuthology.orchestra.run.trial032.stdout:/usr/bin/ceph: stderr
2026-02-20T03:12:48.587+0000 7f3a5888c640 1 -- 10.20.193.32:0/1523906317 --> [v2:10.20.193.32:3300/0,v1:10.20.193.32:6789/0] -- mon_command({"prefix": "get_command_descriptions"} v 0) -- 0x7f3a5010beb0 con 0x7f3a5010ba30
2026-02-20T03:12:49.618 INFO:teuthology.orchestra.run.trial032.stdout:/usr/bin/ceph: stderr
2026-02-20T03:12:48.587+0000 7f3a3b7fe640 1 -- 10.20.193.32:0/1523906317 <== mon.0 v2:10.20.193.32:3300/0 4 ==== mgrmap(e 8) ==== 50247+0+0 (secure 0 0 0) 0x7f3a480426a0 con 0x7f3a5010ba30
2026-02-20T03:12:49.618 INFO:teuthology.orchestra.run.trial032.stdout:/usr/bin/ceph: stderr
2026-02-20T03:12:48.587+0000 7f3a3b7fe640 1 --2- 10.20.193.32:0/1523906317 >> [v2:10.20.193.32:6800/2104777918,v1:10.20.193.32:6801/2104777918] conn(0x7f3a2c03dbf0 0x7f3a2c0400b0 unknown :-1 s=NONE pgs=0 cs=0 l=1 rev1=0 crypto rx=0 tx=0 comp rx=0 tx=0).connect
2026-02-20T03:12:49.618 INFO:teuthology.orchestra.run.trial032.stdout:/usr/bin/ceph: stderr
2026-02-20T03:12:48.587+0000 7f3a3b7fe640 1 -- 10.20.193.32:0/1523906317 <== mon.0 v2:10.20.193.32:3300/0 5 ==== osd_map(2..2 src has 1..2) ==== 940+0+0 (secure 0 0 0) 0x7f3a48076bb0 con 0x7f3a5010ba30
2026-02-20T03:12:49.618 INFO:teuthology.orchestra.run.trial032.stdout:/usr/bin/ceph: stderr
2026-02-20T03:12:48.587+0000 7f3a55e00640 1 --2- 10.20.193.32:0/1523906317 >> [v2:10.20.193.32:6800/2104777918,v1:10.20.193.32:6801/2104777918] conn(0x7f3a2c03dbf0 0x7f3a2c0400b0 unknown :-1 s=BANNER_CONNECTING pgs=0 cs=0 l=1 rev1=0 crypto rx=0 tx=0 comp rx=0 tx=0)._handle_peer_banner_payload supported=3 required=0
2026-02-20T03:12:49.618 INFO:teuthology.orchestra.run.trial032.stdout:/usr/bin/ceph: stderr
2026-02-20T03:12:48.588+0000 7f3a55e00640 1 --2- 10.20.193.32:0/1523906317 >> [v2:10.20.193.32:6800/2104777918,v1:10.20.193.32:6801/2104777918] conn(0x7f3a2c03dbf0 0x7f3a2c0400b0 secure :-1 s=READY pgs=16 cs=0 l=1 rev1=1 crypto rx=0x7f3a3c0099c0 tx=0x7f3a3c006eb0 comp rx=0 tx=0).ready entity=mgr.14118 client_cookie=0 server_cookie=0 in_seq=0 out_seq=0
2026-02-20T03:12:49.618 INFO:teuthology.orchestra.run.trial032.stdout:/usr/bin/ceph: stderr
2026-02-20T03:12:48.590+0000 7f3a3b7fe640 1 -- 10.20.193.32:0/1523906317 <== mon.0 v2:10.20.193.32:3300/0 6 ==== mon_command_ack([{"prefix": "get_command_descriptions"}]=0 v0) ==== 72+0+195341 (secure 0 0 0) 0x7f3a480342a0 con 0x7f3a5010ba30
2026-02-20T03:12:49.618 INFO:teuthology.orchestra.run.trial032.stdout:/usr/bin/ceph: stderr
2026-02-20T03:12:48.693+0000 7f3a5888c640 1 -- 10.20.193.32:0/1523906317 --> [v2:10.20.193.32:3300/0,v1:10.20.193.32:6789/0] -- mon_command({"prefix": "mgr module enable", "module": "dashboard"} v 0) -- 0x7f3a501a3e90 con 0x7f3a5010ba30
2026-02-20T03:12:49.619 INFO:teuthology.orchestra.run.trial032.stdout:/usr/bin/ceph: stderr
2026-02-20T03:12:49.583+0000 7f3a3b7fe640 1 -- 10.20.193.32:0/1523906317 <== mon.0 v2:10.20.193.32:3300/0 7 ==== mon_command_ack([{"prefix": "mgr module enable", "module": "dashboard"}]=0 v9) ==== 88+0+0 (secure 0 0 0) 0x7f3a48033c90 con 0x7f3a5010ba30
2026-02-20T03:12:49.619 INFO:teuthology.orchestra.run.trial032.stdout:/usr/bin/ceph: stderr
2026-02-20T03:12:49.584+0000 7f3a3b7fe640 1 -- 10.20.193.32:0/1523906317 <== mon.0 v2:10.20.193.32:3300/0 8 ==== mgrmap(e 9) ==== 50260+0+0 (secure 0 0 0) 0x7f3a48035900 con 0x7f3a5010ba30
2026-02-20T03:12:49.619 INFO:teuthology.orchestra.run.trial032.stdout:/usr/bin/ceph: stderr
2026-02-20T03:12:49.586+0000 7f3a5888c640 1 -- 10.20.193.32:0/1523906317 >> [v2:10.20.193.32:6800/2104777918,v1:10.20.193.32:6801/2104777918] conn(0x7f3a2c03dbf0 msgr2=0x7f3a2c0400b0 secure :-1 s=STATE_CONNECTION_ESTABLISHED l=1).mark_down
2026-02-20T03:12:49.619 INFO:teuthology.orchestra.run.trial032.stdout:/usr/bin/ceph: stderr
2026-02-20T03:12:49.586+0000 7f3a5888c640 1 --2- 10.20.193.32:0/1523906317 >> [v2:10.20.193.32:6800/2104777918,v1:10.20.193.32:6801/2104777918] conn(0x7f3a2c03dbf0 0x7f3a2c0400b0 secure :-1 s=READY pgs=16 cs=0 l=1 rev1=1 crypto rx=0x7f3a3c0099c0 tx=0x7f3a3c006eb0 comp rx=0 tx=0).stop
2026-02-20T03:12:49.619 INFO:teuthology.orchestra.run.trial032.stdout:/usr/bin/ceph: stderr
2026-02-20T03:12:49.586+0000 7f3a5888c640 1 -- 10.20.193.32:0/1523906317 >> [v2:10.20.193.32:3300/0,v1:10.20.193.32:6789/0] conn(0x7f3a5010ba30 msgr2=0x7f3a501a0330 secure :-1 s=STATE_CONNECTION_ESTABLISHED l=1).mark_down
2026-02-20T03:12:49.619 INFO:teuthology.orchestra.run.trial032.stdout:/usr/bin/ceph: stderr
2026-02-20T03:12:49.586+0000 7f3a5888c640 1 --2- 10.20.193.32:0/1523906317 >> [v2:10.20.193.32:3300/0,v1:10.20.193.32:6789/0] conn(0x7f3a5010ba30 0x7f3a501a0330 secure :-1 s=READY pgs=54 cs=0 l=1 rev1=1 crypto rx=0x7f3a48009a50 tx=0x7f3a48037820 comp rx=0 tx=0).stop
2026-02-20T03:12:49.619 INFO:teuthology.orchestra.run.trial032.stdout:/usr/bin/ceph: stderr
2026-02-20T03:12:49.586+0000 7f3a5888c640 1 -- 10.20.193.32:0/1523906317 shutdown_connections
2026-02-20T03:12:49.619 INFO:teuthology.orchestra.run.trial032.stdout:/usr/bin/ceph: stderr
2026-02-20T03:12:49.586+0000 7f3a5888c640 1 --2- 10.20.193.32:0/1523906317 >> [v2:10.20.193.32:6800/2104777918,v1:10.20.193.32:6801/2104777918] conn(0x7f3a2c03dbf0 0x7f3a2c0400b0 unknown :-1 s=CLOSED pgs=16 cs=0 l=1 rev1=1 crypto rx=0 tx=0 comp rx=0 tx=0).stop
2026-02-20T03:12:49.619 INFO:teuthology.orchestra.run.trial032.stdout:/usr/bin/ceph: stderr
2026-02-20T03:12:49.586+0000 7f3a5888c640 1 --2- 10.20.193.32:0/1523906317 >> [v2:10.20.193.32:3300/0,v1:10.20.193.32:6789/0] conn(0x7f3a5010ba30 0x7f3a501a0330 unknown :-1 s=CLOSED pgs=54 cs=0 l=1 rev1=1 crypto rx=0 tx=0 comp rx=0 tx=0).stop
2026-02-20T03:12:49.619 INFO:teuthology.orchestra.run.trial032.stdout:/usr/bin/ceph: stderr
2026-02-20T03:12:49.586+0000 7f3a5888c640 1 -- 10.20.193.32:0/1523906317 >> 10.20.193.32:0/1523906317 conn(0x7f3a5007da30 msgr2=0x7f3a50108720 unknown :-1 s=STATE_NONE l=0).mark_down
2026-02-20T03:12:49.619 INFO:teuthology.orchestra.run.trial032.stdout:/usr/bin/ceph: stderr
2026-02-20T03:12:49.586+0000 7f3a5888c640 1 -- 10.20.193.32:0/1523906317 shutdown_connections
2026-02-20T03:12:49.620 INFO:teuthology.orchestra.run.trial032.stdout:/usr/bin/ceph: stderr
2026-02-20T03:12:49.586+0000 7f3a5888c640 1 -- 10.20.193.32:0/1523906317 wait complete.
2026-02-20T03:12:49.838 INFO:journalctl@ceph.mgr.x.trial032.stdout:Feb 20 03:12:49 trial032 ceph-f7a74ecd-0e09-11f1-ae08-d404e6e7d460-mgr-x[41117]: ignoring --setuser ceph since I am not root
2026-02-20T03:12:49.838 INFO:journalctl@ceph.mgr.x.trial032.stdout:Feb 20 03:12:49 trial032 ceph-f7a74ecd-0e09-11f1-ae08-d404e6e7d460-mgr-x[41117]: ignoring --setgroup ceph since I am not root
2026-02-20T03:12:49.856 INFO:teuthology.orchestra.run.trial032.stdout:/usr/bin/ceph: stdout {
2026-02-20T03:12:49.856 INFO:teuthology.orchestra.run.trial032.stdout:/usr/bin/ceph: stdout "epoch": 9,
2026-02-20T03:12:49.856 INFO:teuthology.orchestra.run.trial032.stdout:/usr/bin/ceph: stdout "available": true,
2026-02-20T03:12:49.856 INFO:teuthology.orchestra.run.trial032.stdout:/usr/bin/ceph: stdout "active_name": "x",
2026-02-20T03:12:49.857 INFO:teuthology.orchestra.run.trial032.stdout:/usr/bin/ceph: stdout "num_standby": 0
2026-02-20T03:12:49.857 INFO:teuthology.orchestra.run.trial032.stdout:/usr/bin/ceph: stdout }
2026-02-20T03:12:49.857 INFO:teuthology.orchestra.run.trial032.stdout:/usr/bin/ceph: stderr
2026-02-20T03:12:49.715+0000 7f756d191640 1 Processor -- start
2026-02-20T03:12:49.857 INFO:teuthology.orchestra.run.trial032.stdout:/usr/bin/ceph: stderr
2026-02-20T03:12:49.715+0000 7f756d191640 1 -- start start
2026-02-20T03:12:49.857 INFO:teuthology.orchestra.run.trial032.stdout:/usr/bin/ceph: stderr
2026-02-20T03:12:49.715+0000 7f756d191640 1 --2- >> [v2:10.20.193.32:3300/0,v1:10.20.193.32:6789/0] conn(0x7f75681081e0 0x7f75681085e0 unknown :-1 s=NONE pgs=0 cs=0 l=0 rev1=0 crypto rx=0 tx=0 comp rx=0 tx=0).connect
2026-02-20T03:12:49.857 INFO:teuthology.orchestra.run.trial032.stdout:/usr/bin/ceph: stderr
2026-02-20T03:12:49.715+0000 7f756d191640 1 -- --> [v2:10.20.193.32:3300/0,v1:10.20.193.32:6789/0] -- mon_getmap magic: 0 -- 0x7f7568108bb0 con 0x7f75681081e0
2026-02-20T03:12:49.857 INFO:teuthology.orchestra.run.trial032.stdout:/usr/bin/ceph: stderr
2026-02-20T03:12:49.715+0000 7f7566d76640 1 --2- >> [v2:10.20.193.32:3300/0,v1:10.20.193.32:6789/0] conn(0x7f75681081e0 0x7f75681085e0 unknown :-1 s=BANNER_CONNECTING pgs=0 cs=0 l=0 rev1=0 crypto rx=0 tx=0 comp rx=0 tx=0)._handle_peer_banner_payload supported=3 required=0
2026-02-20T03:12:49.857 INFO:teuthology.orchestra.run.trial032.stdout:/usr/bin/ceph: stderr
2026-02-20T03:12:49.715+0000 7f7566d76640 1 --2- >> [v2:10.20.193.32:3300/0,v1:10.20.193.32:6789/0] conn(0x7f75681081e0 0x7f75681085e0 unknown :-1 s=HELLO_CONNECTING pgs=0 cs=0 l=0 rev1=1 crypto rx=0 tx=0 comp rx=0 tx=0).handle_hello peer v2:10.20.193.32:3300/0 says I am v2:10.20.193.32:35722/0 (socket says 10.20.193.32:35722)
2026-02-20T03:12:49.857 INFO:teuthology.orchestra.run.trial032.stdout:/usr/bin/ceph: stderr
2026-02-20T03:12:49.715+0000 7f7566d76640 1 -- 10.20.193.32:0/2792976218 learned_addr learned my addr 10.20.193.32:0/2792976218 (peer_addr_for_me v2:10.20.193.32:0/0)
2026-02-20T03:12:49.857 INFO:teuthology.orchestra.run.trial032.stdout:/usr/bin/ceph: stderr
2026-02-20T03:12:49.716+0000 7f7566d76640 1 -- 10.20.193.32:0/2792976218 --> [v2:10.20.193.32:3300/0,v1:10.20.193.32:6789/0] -- mon_subscribe({config=0+,monmap=0+}) -- 0x7f75681093e0 con 0x7f75681081e0
2026-02-20T03:12:49.857 INFO:teuthology.orchestra.run.trial032.stdout:/usr/bin/ceph: stderr
2026-02-20T03:12:49.716+0000 7f7566d76640 1 --2- 10.20.193.32:0/2792976218 >> [v2:10.20.193.32:3300/0,v1:10.20.193.32:6789/0] conn(0x7f75681081e0 0x7f75681085e0 secure :-1 s=READY pgs=57 cs=0 l=1 rev1=1 crypto rx=0x7f755c009920 tx=0x7f755c02ef20 comp rx=0 tx=0).ready entity=mon.0 client_cookie=a11be4935809fdf0 server_cookie=0 in_seq=0 out_seq=0
2026-02-20T03:12:49.858 INFO:teuthology.orchestra.run.trial032.stdout:/usr/bin/ceph: stderr
2026-02-20T03:12:49.716+0000 7f7565d74640 1 -- 10.20.193.32:0/2792976218 <== mon.0 v2:10.20.193.32:3300/0 1 ==== mon_map magic: 0 ==== 205+0+0 (secure 0 0 0) 0x7f755c03c070 con 0x7f75681081e0
2026-02-20T03:12:49.858 INFO:teuthology.orchestra.run.trial032.stdout:/usr/bin/ceph: stderr
2026-02-20T03:12:49.716+0000 7f7565d74640 1 -- 10.20.193.32:0/2792976218 <== mon.0 v2:10.20.193.32:3300/0 2 ==== config(26 keys) ==== 1076+0+0 (secure 0 0 0) 0x7f755c037440 con 0x7f75681081e0
2026-02-20T03:12:49.858 INFO:teuthology.orchestra.run.trial032.stdout:/usr/bin/ceph: stderr
2026-02-20T03:12:49.716+0000 7f7565d74640 1 -- 10.20.193.32:0/2792976218 <== mon.0 v2:10.20.193.32:3300/0 3 ==== mon_map magic: 0 ==== 205+0+0 (secure 0 0 0) 0x7f755c0354d0 con 0x7f75681081e0
2026-02-20T03:12:49.858 INFO:teuthology.orchestra.run.trial032.stdout:/usr/bin/ceph: stderr
2026-02-20T03:12:49.717+0000 7f756d191640 1 -- 10.20.193.32:0/2792976218 >> [v2:10.20.193.32:3300/0,v1:10.20.193.32:6789/0] conn(0x7f75681081e0 msgr2=0x7f75681085e0 secure :-1 s=STATE_CONNECTION_ESTABLISHED l=1).mark_down
2026-02-20T03:12:49.858 INFO:teuthology.orchestra.run.trial032.stdout:/usr/bin/ceph: stderr
2026-02-20T03:12:49.717+0000 7f756d191640 1 --2- 10.20.193.32:0/2792976218 >> [v2:10.20.193.32:3300/0,v1:10.20.193.32:6789/0] conn(0x7f75681081e0 0x7f75681085e0 secure :-1 s=READY pgs=57 cs=0 l=1 rev1=1 crypto rx=0x7f755c009920 tx=0x7f755c02ef20 comp rx=0 tx=0).stop
2026-02-20T03:12:49.858 INFO:teuthology.orchestra.run.trial032.stdout:/usr/bin/ceph: stderr
2026-02-20T03:12:49.717+0000 7f756d191640 1 -- 10.20.193.32:0/2792976218 shutdown_connections
2026-02-20T03:12:49.858 INFO:teuthology.orchestra.run.trial032.stdout:/usr/bin/ceph: stderr
2026-02-20T03:12:49.717+0000 7f756d191640 1 --2- 10.20.193.32:0/2792976218 >> [v2:10.20.193.32:3300/0,v1:10.20.193.32:6789/0] conn(0x7f75681081e0 0x7f75681085e0 unknown :-1 s=CLOSED pgs=57 cs=0 l=1 rev1=1 crypto rx=0 tx=0 comp rx=0 tx=0).stop
2026-02-20T03:12:49.858 INFO:teuthology.orchestra.run.trial032.stdout:/usr/bin/ceph: stderr
2026-02-20T03:12:49.717+0000 7f756d191640 1 -- 10.20.193.32:0/2792976218 >> 10.20.193.32:0/2792976218 conn(0x7f7568103950 msgr2=0x7f7568105db0 unknown :-1 s=STATE_NONE l=0).mark_down
2026-02-20T03:12:49.858 INFO:teuthology.orchestra.run.trial032.stdout:/usr/bin/ceph: stderr
2026-02-20T03:12:49.717+0000 7f756d191640 1 -- 10.20.193.32:0/2792976218 shutdown_connections
2026-02-20T03:12:49.858 INFO:teuthology.orchestra.run.trial032.stdout:/usr/bin/ceph: stderr
2026-02-20T03:12:49.717+0000 7f756d191640 1 -- 10.20.193.32:0/2792976218 wait complete.
2026-02-20T03:12:49.858 INFO:teuthology.orchestra.run.trial032.stdout:/usr/bin/ceph: stderr
2026-02-20T03:12:49.717+0000 7f756d191640 1 Processor -- start
2026-02-20T03:12:49.858 INFO:teuthology.orchestra.run.trial032.stdout:/usr/bin/ceph: stderr
2026-02-20T03:12:49.717+0000 7f756d191640 1 -- start start
2026-02-20T03:12:49.859 INFO:teuthology.orchestra.run.trial032.stdout:/usr/bin/ceph: stderr
2026-02-20T03:12:49.717+0000 7f756d191640 1 --2- >> [v2:10.20.193.32:3300/0,v1:10.20.193.32:6789/0] conn(0x7f75681081e0 0x7f75681a0310 unknown :-1 s=NONE pgs=0 cs=0 l=1 rev1=0 crypto rx=0 tx=0 comp rx=0 tx=0).connect
2026-02-20T03:12:49.859 INFO:teuthology.orchestra.run.trial032.stdout:/usr/bin/ceph: stderr
2026-02-20T03:12:49.717+0000 7f756d191640 1 -- --> [v2:10.20.193.32:3300/0,v1:10.20.193.32:6789/0] -- mon_getmap magic: 0 -- 0x7f756810c790 con 0x7f75681081e0
2026-02-20T03:12:49.859 INFO:teuthology.orchestra.run.trial032.stdout:/usr/bin/ceph: stderr
2026-02-20T03:12:49.717+0000 7f7566d76640 1 --2- >> [v2:10.20.193.32:3300/0,v1:10.20.193.32:6789/0] conn(0x7f75681081e0 0x7f75681a0310 unknown :-1 s=BANNER_CONNECTING pgs=0 cs=0 l=1 rev1=0 crypto rx=0 tx=0 comp rx=0 tx=0)._handle_peer_banner_payload supported=3 required=0
2026-02-20T03:12:49.859 INFO:teuthology.orchestra.run.trial032.stdout:/usr/bin/ceph: stderr
2026-02-20T03:12:49.717+0000 7f7566d76640 1 --2- >> [v2:10.20.193.32:3300/0,v1:10.20.193.32:6789/0] conn(0x7f75681081e0 0x7f75681a0310 unknown :-1 s=HELLO_CONNECTING pgs=0 cs=0 l=1 rev1=1 crypto rx=0 tx=0 comp rx=0 tx=0).handle_hello peer v2:10.20.193.32:3300/0 says I am v2:10.20.193.32:35736/0 (socket says 10.20.193.32:35736)
2026-02-20T03:12:49.859 INFO:teuthology.orchestra.run.trial032.stdout:/usr/bin/ceph: stderr
2026-02-20T03:12:49.717+0000 7f7566d76640 1 -- 10.20.193.32:0/3759976568 learned_addr learned my addr 10.20.193.32:0/3759976568 (peer_addr_for_me v2:10.20.193.32:0/0)
2026-02-20T03:12:49.859 INFO:teuthology.orchestra.run.trial032.stdout:/usr/bin/ceph: stderr
2026-02-20T03:12:49.718+0000 7f7566d76640 1 -- 10.20.193.32:0/3759976568 --> [v2:10.20.193.32:3300/0,v1:10.20.193.32:6789/0] -- mon_subscribe({config=0+,monmap=0+}) -- 0x7f75681a0850 con 0x7f75681081e0
2026-02-20T03:12:49.859 INFO:teuthology.orchestra.run.trial032.stdout:/usr/bin/ceph: stderr
2026-02-20T03:12:49.718+0000 7f7566d76640 1 --2- 10.20.193.32:0/3759976568 >> [v2:10.20.193.32:3300/0,v1:10.20.193.32:6789/0] conn(0x7f75681081e0 0x7f75681a0310 secure :-1 s=READY pgs=58 cs=0 l=1 rev1=1 crypto rx=0x7f755c039000 tx=0x7f755c037820 comp rx=0 tx=0).ready entity=mon.0 client_cookie=0 server_cookie=0 in_seq=0 out_seq=0
2026-02-20T03:12:49.859 INFO:teuthology.orchestra.run.trial032.stdout:/usr/bin/ceph: stderr
2026-02-20T03:12:49.718+0000 7f7547fff640 1 -- 10.20.193.32:0/3759976568 <== mon.0 v2:10.20.193.32:3300/0 1 ==== mon_map magic: 0 ==== 205+0+0 (secure 0 0 0) 0x7f755c047070 con 0x7f75681081e0
2026-02-20T03:12:49.859 INFO:teuthology.orchestra.run.trial032.stdout:/usr/bin/ceph: stderr
2026-02-20T03:12:49.718+0000 7f7547fff640 1 -- 10.20.193.32:0/3759976568 <== mon.0 v2:10.20.193.32:3300/0 2 ==== config(26 keys) ==== 1076+0+0 (secure 0 0 0) 0x7f755c035df0 con 0x7f75681081e0
2026-02-20T03:12:49.859 INFO:teuthology.orchestra.run.trial032.stdout:/usr/bin/ceph: stderr
2026-02-20T03:12:49.718+0000 7f756d191640 1 -- 10.20.193.32:0/3759976568 --> [v2:10.20.193.32:3300/0,v1:10.20.193.32:6789/0] -- mon_subscribe({mgrmap=0+}) -- 0x7f75681a0ae0 con 0x7f75681081e0
2026-02-20T03:12:49.859 INFO:teuthology.orchestra.run.trial032.stdout:/usr/bin/ceph: stderr
2026-02-20T03:12:49.718+0000 7f7547fff640 1 -- 10.20.193.32:0/3759976568 <== mon.0 v2:10.20.193.32:3300/0 3 ==== mon_map magic: 0 ==== 205+0+0 (secure 0 0 0) 0x7f755c03c070 con 0x7f75681081e0
2026-02-20T03:12:49.859 INFO:teuthology.orchestra.run.trial032.stdout:/usr/bin/ceph: stderr
2026-02-20T03:12:49.718+0000 7f756d191640 1 -- 10.20.193.32:0/3759976568 --> [v2:10.20.193.32:3300/0,v1:10.20.193.32:6789/0] -- mon_subscribe({osdmap=0}) -- 0x7f75681a37d0 con 0x7f75681081e0
2026-02-20T03:12:49.859 INFO:teuthology.orchestra.run.trial032.stdout:/usr/bin/ceph: stderr
2026-02-20T03:12:49.718+0000 7f756d191640 1 -- 10.20.193.32:0/3759976568 --> [v2:10.20.193.32:3300/0,v1:10.20.193.32:6789/0] -- mon_command({"prefix": "get_command_descriptions"} v 0) -- 0x7f756810c910 con 0x7f75681081e0
2026-02-20T03:12:49.860 INFO:teuthology.orchestra.run.trial032.stdout:/usr/bin/ceph: stderr
2026-02-20T03:12:49.718+0000 7f7547fff640 1 -- 10.20.193.32:0/3759976568 <== mon.0 v2:10.20.193.32:3300/0 4 ==== mgrmap(e 9) ==== 50260+0+0 (secure 0 0 0) 0x7f755c042640 con 0x7f75681081e0
2026-02-20T03:12:49.860 INFO:teuthology.orchestra.run.trial032.stdout:/usr/bin/ceph: stderr
2026-02-20T03:12:49.719+0000 7f7547fff640 1 --2- 10.20.193.32:0/3759976568 >> [v2:10.20.193.32:6800/2104777918,v1:10.20.193.32:6801/2104777918] conn(0x7f753c03dbf0 0x7f753c0400b0 unknown :-1 s=NONE pgs=0 cs=0 l=1 rev1=0 crypto rx=0 tx=0 comp rx=0 tx=0).connect
2026-02-20T03:12:49.860 INFO:teuthology.orchestra.run.trial032.stdout:/usr/bin/ceph: stderr
2026-02-20T03:12:49.719+0000 7f7566575640 1 -- 10.20.193.32:0/3759976568 >> [v2:10.20.193.32:6800/2104777918,v1:10.20.193.32:6801/2104777918] conn(0x7f753c03dbf0 msgr2=0x7f753c0400b0 unknown :-1 s=STATE_CONNECTING_RE l=1).process reconnect failed to v2:10.20.193.32:6800/2104777918
2026-02-20T03:12:49.860 INFO:teuthology.orchestra.run.trial032.stdout:/usr/bin/ceph: stderr
2026-02-20T03:12:49.719+0000 7f7547fff640 1 -- 10.20.193.32:0/3759976568 <== mon.0 v2:10.20.193.32:3300/0 5 ==== osd_map(2..2 src has 1..2) ==== 940+0+0 (secure 0 0 0) 0x7f755c076810 con 0x7f75681081e0
2026-02-20T03:12:49.860 INFO:teuthology.orchestra.run.trial032.stdout:/usr/bin/ceph: stderr
2026-02-20T03:12:49.719+0000 7f7566575640 1 --2- 10.20.193.32:0/3759976568 >> [v2:10.20.193.32:6800/2104777918,v1:10.20.193.32:6801/2104777918] conn(0x7f753c03dbf0 0x7f753c0400b0 unknown :-1 s=START_CONNECT pgs=0 cs=0 l=1 rev1=0 crypto rx=0 tx=0 comp rx=0 tx=0)._fault waiting 0.200000
2026-02-20T03:12:49.860 INFO:teuthology.orchestra.run.trial032.stdout:/usr/bin/ceph: stderr
2026-02-20T03:12:49.722+0000 7f7547fff640 1 -- 10.20.193.32:0/3759976568 <== mon.0 v2:10.20.193.32:3300/0 6 ==== mon_command_ack([{"prefix": "get_command_descriptions"}]=0 v0) ==== 72+0+195341 (secure 0 0 0) 0x7f755c033c90 con 0x7f75681081e0
2026-02-20T03:12:49.860 INFO:teuthology.orchestra.run.trial032.stdout:/usr/bin/ceph: stderr
2026-02-20T03:12:49.826+0000 7f756d191640 1 -- 10.20.193.32:0/3759976568 --> [v2:10.20.193.32:3300/0,v1:10.20.193.32:6789/0] -- mon_command({"prefix": "mgr stat"} v 0) -- 0x7f75681a39a0 con 0x7f75681081e0
2026-02-20T03:12:49.860 INFO:teuthology.orchestra.run.trial032.stdout:/usr/bin/ceph: stderr
2026-02-20T03:12:49.826+0000 7f7547fff640 1 -- 10.20.193.32:0/3759976568 <== mon.0 v2:10.20.193.32:3300/0 7 ==== mon_command_ack([{"prefix": "mgr stat"}]=0 v9) ==== 56+0+88 (secure 0 0 0) 0x7f75681a39a0 con 0x7f75681081e0
2026-02-20T03:12:49.860 INFO:teuthology.orchestra.run.trial032.stdout:/usr/bin/ceph: stderr
2026-02-20T03:12:49.828+0000 7f756d191640 1 -- 10.20.193.32:0/3759976568 >> [v2:10.20.193.32:6800/2104777918,v1:10.20.193.32:6801/2104777918] conn(0x7f753c03dbf0 msgr2=0x7f753c0400b0 unknown :-1 s=STATE_CONNECTING l=1).mark_down
2026-02-20T03:12:49.860 INFO:teuthology.orchestra.run.trial032.stdout:/usr/bin/ceph: stderr
2026-02-20T03:12:49.828+0000 7f756d191640 1 --2- 10.20.193.32:0/3759976568 >> [v2:10.20.193.32:6800/2104777918,v1:10.20.193.32:6801/2104777918] conn(0x7f753c03dbf0 0x7f753c0400b0 unknown :-1 s=START_CONNECT pgs=0 cs=0 l=1 rev1=0 crypto rx=0 tx=0 comp rx=0 tx=0).stop
2026-02-20T03:12:49.860 INFO:teuthology.orchestra.run.trial032.stdout:/usr/bin/ceph: stderr
2026-02-20T03:12:49.828+0000 7f756d191640 1 -- 10.20.193.32:0/3759976568 >> [v2:10.20.193.32:3300/0,v1:10.20.193.32:6789/0] conn(0x7f75681081e0 msgr2=0x7f75681a0310 secure :-1 s=STATE_CONNECTION_ESTABLISHED l=1).mark_down
2026-02-20T03:12:49.861 INFO:teuthology.orchestra.run.trial032.stdout:/usr/bin/ceph: stderr
2026-02-20T03:12:49.828+0000 7f756d191640 1 --2- 10.20.193.32:0/3759976568 >> [v2:10.20.193.32:3300/0,v1:10.20.193.32:6789/0] conn(0x7f75681081e0 0x7f75681a0310 secure :-1 s=READY pgs=58 cs=0 l=1 rev1=1 crypto rx=0x7f755c039000 tx=0x7f755c037820 comp rx=0 tx=0).stop
2026-02-20T03:12:49.861 INFO:teuthology.orchestra.run.trial032.stdout:/usr/bin/ceph: stderr
2026-02-20T03:12:49.828+0000 7f756d191640 1 -- 10.20.193.32:0/3759976568 shutdown_connections
2026-02-20T03:12:49.861 INFO:teuthology.orchestra.run.trial032.stdout:/usr/bin/ceph: stderr
2026-02-20T03:12:49.828+0000 7f756d191640 1 --2- 10.20.193.32:0/3759976568 >> [v2:10.20.193.32:6800/2104777918,v1:10.20.193.32:6801/2104777918] conn(0x7f753c03dbf0 0x7f753c0400b0 unknown :-1 s=CLOSED pgs=0 cs=0 l=1 rev1=0 crypto rx=0 tx=0 comp rx=0 tx=0).stop
2026-02-20T03:12:49.861 INFO:teuthology.orchestra.run.trial032.stdout:/usr/bin/ceph: stderr
2026-02-20T03:12:49.828+0000 7f756d191640 1 --2- 10.20.193.32:0/3759976568 >> [v2:10.20.193.32:3300/0,v1:10.20.193.32:6789/0] conn(0x7f75681081e0 0x7f75681a0310 unknown :-1 s=CLOSED pgs=58 cs=0 l=1 rev1=1 crypto rx=0 tx=0 comp rx=0 tx=0).stop
2026-02-20T03:12:49.861 INFO:teuthology.orchestra.run.trial032.stdout:/usr/bin/ceph: stderr
2026-02-20T03:12:49.828+0000 7f756d191640 1 -- 10.20.193.32:0/3759976568 >> 10.20.193.32:0/3759976568 conn(0x7f7568103950 msgr2=0x7f75681044a0 unknown :-1 s=STATE_NONE l=0).mark_down
2026-02-20T03:12:49.861 INFO:teuthology.orchestra.run.trial032.stdout:/usr/bin/ceph: stderr
2026-02-20T03:12:49.828+0000 7f756d191640 1 -- 10.20.193.32:0/3759976568 shutdown_connections
2026-02-20T03:12:49.861 INFO:teuthology.orchestra.run.trial032.stdout:/usr/bin/ceph: stderr
2026-02-20T03:12:49.828+0000 7f756d191640 1 -- 10.20.193.32:0/3759976568 wait complete.
2026-02-20T03:12:49.861 INFO:teuthology.orchestra.run.trial032.stdout:Waiting for the mgr to restart...
2026-02-20T03:12:49.861 INFO:teuthology.orchestra.run.trial032.stdout:Waiting for mgr epoch 9...
2026-02-20T03:12:50.149 INFO:journalctl@ceph.mgr.x.trial032.stdout:Feb 20 03:12:50 trial032 ceph-f7a74ecd-0e09-11f1-ae08-d404e6e7d460-mgr-x[41117]:
2026-02-20T03:12:49.999+0000 7f7be6a1d140 -1 mgr[py] Module snap_schedule has missing NOTIFY_TYPES member
2026-02-20T03:12:50.429 INFO:journalctl@ceph.mgr.x.trial032.stdout:Feb 20 03:12:50 trial032 ceph-f7a74ecd-0e09-11f1-ae08-d404e6e7d460-mgr-x[41117]:
2026-02-20T03:12:50.149+0000 7f7be6a1d140 -1 mgr[py] Module prometheus has missing NOTIFY_TYPES member
2026-02-20T03:12:50.429 INFO:journalctl@ceph.mgr.x.trial032.stdout:Feb 20 03:12:50 trial032 ceph-f7a74ecd-0e09-11f1-ae08-d404e6e7d460-mgr-x[41117]:
2026-02-20T03:12:50.184+0000 7f7be6a1d140 -1 mgr[py] Module balancer has missing NOTIFY_TYPES member
2026-02-20T03:12:50.430 INFO:journalctl@ceph.mgr.x.trial032.stdout:Feb 20 03:12:50 trial032 ceph-f7a74ecd-0e09-11f1-ae08-d404e6e7d460-mgr-x[41117]:
2026-02-20T03:12:50.226+0000 7f7be6a1d140 -1 mgr[py] Module rbd_support has missing NOTIFY_TYPES member
2026-02-20T03:12:50.430 INFO:journalctl@ceph.mgr.x.trial032.stdout:Feb 20 03:12:50 trial032 ceph-f7a74ecd-0e09-11f1-ae08-d404e6e7d460-mgr-x[41117]:
2026-02-20T03:12:50.257+0000 7f7be6a1d140 -1 mgr[py] Module devicehealth has missing NOTIFY_TYPES member
2026-02-20T03:12:50.430 INFO:journalctl@ceph.mgr.x.trial032.stdout:Feb 20 03:12:50 trial032 ceph-f7a74ecd-0e09-11f1-ae08-d404e6e7d460-mgr-x[41117]:
2026-02-20T03:12:50.291+0000 7f7be6a1d140 -1 mgr[py] Module alerts has missing NOTIFY_TYPES member
2026-02-20T03:12:50.430 INFO:journalctl@ceph.mgr.x.trial032.stdout:Feb 20 03:12:50 trial032 ceph-f7a74ecd-0e09-11f1-ae08-d404e6e7d460-mgr-x[41117]:
2026-02-20T03:12:50.357+0000 7f7be6a1d140 -1 mgr[py] Module telemetry has missing NOTIFY_TYPES member
2026-02-20T03:12:50.430 INFO:journalctl@ceph.mgr.x.trial032.stdout:Feb 20 03:12:50 trial032 ceph-f7a74ecd-0e09-11f1-ae08-d404e6e7d460-mgr-x[41117]: /lib64/python3.9/site-packages/scipy/__init__.py:73: UserWarning: NumPy was imported from a Python sub-interpreter but NumPy does not properly support sub-interpreters. This will likely work for most users but might cause hard to track down issues or subtle bugs. A common user of the rare sub-interpreter feature is wsgi which also allows single-interpreter mode.
2026-02-20T03:12:50.430 INFO:journalctl@ceph.mgr.x.trial032.stdout:Feb 20 03:12:50 trial032 ceph-f7a74ecd-0e09-11f1-ae08-d404e6e7d460-mgr-x[41117]: Improvements in the case of bugs are welcome, but is not on the NumPy roadmap, and full support may require significant effort to achieve.
2026-02-20T03:12:50.430 INFO:journalctl@ceph.mgr.x.trial032.stdout:Feb 20 03:12:50 trial032 ceph-f7a74ecd-0e09-11f1-ae08-d404e6e7d460-mgr-x[41117]: from numpy import show_config as show_numpy_config
2026-02-20T03:12:50.691 INFO:journalctl@ceph.mon.a.trial032.stdout:Feb 20 03:12:50 trial032 ceph-mon[40846]: from='client.? 10.20.193.32:0/1523906317' entity='client.admin' cmd='[{"prefix": "mgr module enable", "module": "dashboard"}]': finished
2026-02-20T03:12:50.692 INFO:journalctl@ceph.mon.a.trial032.stdout:Feb 20 03:12:50 trial032 ceph-mon[40846]: mgrmap e9: x(active, since 5s)
2026-02-20T03:12:50.692 INFO:journalctl@ceph.mon.a.trial032.stdout:Feb 20 03:12:50 trial032 ceph-mon[40846]: from='client.? 10.20.193.32:0/3759976568' entity='client.admin' cmd=[{"prefix": "mgr stat"}]: dispatch
2026-02-20T03:12:50.692 INFO:journalctl@ceph.mgr.x.trial032.stdout:Feb 20 03:12:50 trial032 ceph-f7a74ecd-0e09-11f1-ae08-d404e6e7d460-mgr-x[41117]:
2026-02-20T03:12:50.430+0000 7f7be6a1d140 -1 mgr[py] Module diskprediction_local has missing NOTIFY_TYPES member
2026-02-20T03:12:50.692 INFO:journalctl@ceph.mgr.x.trial032.stdout:Feb 20 03:12:50 trial032 ceph-f7a74ecd-0e09-11f1-ae08-d404e6e7d460-mgr-x[41117]:
2026-02-20T03:12:50.465+0000 7f7be6a1d140 -1 mgr[py] Module status has missing NOTIFY_TYPES member
2026-02-20T03:12:50.692 INFO:journalctl@ceph.mgr.x.trial032.stdout:Feb 20 03:12:50 trial032 ceph-f7a74ecd-0e09-11f1-ae08-d404e6e7d460-mgr-x[41117]:
2026-02-20T03:12:50.561+0000 7f7be6a1d140 -1 mgr[py] Module rgw has missing NOTIFY_TYPES member
2026-02-20T03:12:50.692 INFO:journalctl@ceph.mgr.x.trial032.stdout:Feb 20 03:12:50 trial032 ceph-f7a74ecd-0e09-11f1-ae08-d404e6e7d460-mgr-x[41117]:
2026-02-20T03:12:50.621+0000 7f7be6a1d140 -1 mgr[py] Module iostat has missing NOTIFY_TYPES member
2026-02-20T03:12:50.692 INFO:journalctl@ceph.mgr.x.trial032.stdout:Feb 20 03:12:50 trial032 ceph-f7a74ecd-0e09-11f1-ae08-d404e6e7d460-mgr-x[41117]:
2026-02-20T03:12:50.655+0000 7f7be6a1d140 -1 mgr[py] Module pg_autoscaler has missing NOTIFY_TYPES member
2026-02-20T03:12:50.693 INFO:journalctl@ceph.mgr.x.trial032.stdout:Feb 20 03:12:50 trial032 ceph-f7a74ecd-0e09-11f1-ae08-d404e6e7d460-mgr-x[41117]:
2026-02-20T03:12:50.688+0000 7f7be6a1d140 -1 mgr[py] Module osd_perf_query has missing NOTIFY_TYPES member
2026-02-20T03:12:50.993 INFO:journalctl@ceph.mgr.x.trial032.stdout:Feb 20 03:12:50 trial032 ceph-f7a74ecd-0e09-11f1-ae08-d404e6e7d460-mgr-x[41117]:
2026-02-20T03:12:50.723+0000 7f7be6a1d140 -1 mgr[py] Module crash has missing NOTIFY_TYPES member
2026-02-20T03:12:50.993 INFO:journalctl@ceph.mgr.x.trial032.stdout:Feb 20 03:12:50 trial032 ceph-f7a74ecd-0e09-11f1-ae08-d404e6e7d460-mgr-x[41117]:
2026-02-20T03:12:50.753+0000 7f7be6a1d140 -1 mgr[py] Module progress has missing NOTIFY_TYPES member
2026-02-20T03:12:50.993 INFO:journalctl@ceph.mgr.x.trial032.stdout:Feb 20 03:12:50 trial032 ceph-f7a74ecd-0e09-11f1-ae08-d404e6e7d460-mgr-x[41117]:
2026-02-20T03:12:50.990+0000 7f7be6a1d140 -1 mgr[py] Module rook has missing NOTIFY_TYPES member
2026-02-20T03:12:51.248 INFO:journalctl@ceph.mgr.x.trial032.stdout:Feb 20 03:12:51 trial032 ceph-f7a74ecd-0e09-11f1-ae08-d404e6e7d460-mgr-x[41117]:
2026-02-20T03:12:51.090+0000 7f7be6a1d140 -1 mgr[py] Module nfs has missing NOTIFY_TYPES member
2026-02-20T03:12:51.248 INFO:journalctl@ceph.mgr.x.trial032.stdout:Feb 20 03:12:51 trial032 ceph-f7a74ecd-0e09-11f1-ae08-d404e6e7d460-mgr-x[41117]:
2026-02-20T03:12:51.121+0000 7f7be6a1d140 -1 mgr[py] Module telegraf has missing NOTIFY_TYPES member
2026-02-20T03:12:51.248 INFO:journalctl@ceph.mgr.x.trial032.stdout:Feb 20 03:12:51 trial032 ceph-f7a74ecd-0e09-11f1-ae08-d404e6e7d460-mgr-x[41117]:
2026-02-20T03:12:51.152+0000 7f7be6a1d140 -1 mgr[py] Module selftest has missing NOTIFY_TYPES member
2026-02-20T03:12:51.248 INFO:journalctl@ceph.mgr.x.trial032.stdout:Feb 20 03:12:51 trial032 ceph-f7a74ecd-0e09-11f1-ae08-d404e6e7d460-mgr-x[41117]:
2026-02-20T03:12:51.245+0000 7f7be6a1d140 -1 mgr[py] Module test_orchestrator has missing NOTIFY_TYPES member
2026-02-20T03:12:51.574 INFO:journalctl@ceph.mgr.x.trial032.stdout:Feb 20 03:12:51 trial032 ceph-f7a74ecd-0e09-11f1-ae08-d404e6e7d460-mgr-x[41117]:
2026-02-20T03:12:51.274+0000 7f7be6a1d140 -1 mgr[py] Module osd_support has missing NOTIFY_TYPES member
2026-02-20T03:12:51.574 INFO:journalctl@ceph.mgr.x.trial032.stdout:Feb 20 03:12:51 trial032 ceph-f7a74ecd-0e09-11f1-ae08-d404e6e7d460-mgr-x[41117]:
2026-02-20T03:12:51.367+0000 7f7be6a1d140 -1 mgr[py] Module orchestrator has missing NOTIFY_TYPES member
2026-02-20T03:12:52.262 INFO:journalctl@ceph.mgr.x.trial032.stdout:Feb 20 03:12:51 trial032 ceph-f7a74ecd-0e09-11f1-ae08-d404e6e7d460-mgr-x[41117]:
2026-02-20T03:12:51.831+0000 7f7be6a1d140 -1 mgr[py] Module volumes has missing NOTIFY_TYPES member
