2026-02-20T03:12:53.624+0000 7fc37e1a5640 1 -- 10.20.193.32:0/4039752509 --> [v2:10.20.193.32:3300/0,v1:10.20.193.32:6789/0] -- mon_subscribe({config=0+,monmap=0+}) -- 0x7fc3781a0810 con 0x7fc37810ba30
2026-02-20T03:12:53.905 INFO:teuthology.orchestra.run.trial032.stdout:/usr/bin/ceph: stderr
2026-02-20T03:12:53.625+0000 7fc37e1a5640 1 --2- 10.20.193.32:0/4039752509 >> [v2:10.20.193.32:3300/0,v1:10.20.193.32:6789/0] conn(0x7fc37810ba30 0x7fc3781a02d0 secure :-1 s=READY pgs=71 cs=0 l=1 rev1=1 crypto rx=0x7fc368039000 tx=0x7fc368037820 comp rx=0 tx=0).ready entity=mon.0 client_cookie=0 server_cookie=0 in_seq=0 out_seq=0
2026-02-20T03:12:53.905 INFO:teuthology.orchestra.run.trial032.stdout:/usr/bin/ceph: stderr
2026-02-20T03:12:53.625+0000 7fc35f7fe640 1 -- 10.20.193.32:0/4039752509 <== mon.0 v2:10.20.193.32:3300/0 1 ==== mon_map magic: 0 ==== 205+0+0 (secure 0 0 0) 0x7fc368047070 con 0x7fc37810ba30
2026-02-20T03:12:53.905 INFO:teuthology.orchestra.run.trial032.stdout:/usr/bin/ceph: stderr
2026-02-20T03:12:53.625+0000 7fc35f7fe640 1 -- 10.20.193.32:0/4039752509 <== mon.0 v2:10.20.193.32:3300/0 2 ==== config(26 keys) ==== 1076+0+0 (secure 0 0 0) 0x7fc368035df0 con 0x7fc37810ba30
2026-02-20T03:12:53.905 INFO:teuthology.orchestra.run.trial032.stdout:/usr/bin/ceph: stderr
2026-02-20T03:12:53.625+0000 7fc380430640 1 -- 10.20.193.32:0/4039752509 --> [v2:10.20.193.32:3300/0,v1:10.20.193.32:6789/0] -- mon_subscribe({mgrmap=0+}) -- 0x7fc3781a0aa0 con 0x7fc37810ba30
2026-02-20T03:12:53.905 INFO:teuthology.orchestra.run.trial032.stdout:/usr/bin/ceph: stderr
2026-02-20T03:12:53.625+0000 7fc35f7fe640 1 -- 10.20.193.32:0/4039752509 <== mon.0 v2:10.20.193.32:3300/0 3 ==== mon_map magic: 0 ==== 205+0+0 (secure 0 0 0) 0x7fc36803c070 con 0x7fc37810ba30
2026-02-20T03:12:53.905 INFO:teuthology.orchestra.run.trial032.stdout:/usr/bin/ceph: stderr
2026-02-20T03:12:53.625+0000 7fc380430640 1 -- 10.20.193.32:0/4039752509 --> [v2:10.20.193.32:3300/0,v1:10.20.193.32:6789/0] -- mon_subscribe({osdmap=0}) -- 0x7fc3781a3790 con 0x7fc37810ba30
2026-02-20T03:12:53.905 INFO:teuthology.orchestra.run.trial032.stdout:/usr/bin/ceph: stderr
2026-02-20T03:12:53.625+0000 7fc380430640 1 -- 10.20.193.32:0/4039752509 --> [v2:10.20.193.32:3300/0,v1:10.20.193.32:6789/0] -- mon_command({"prefix": "get_command_descriptions"} v 0) -- 0x7fc37810beb0 con 0x7fc37810ba30
2026-02-20T03:12:53.905 INFO:teuthology.orchestra.run.trial032.stdout:/usr/bin/ceph: stderr
2026-02-20T03:12:53.625+0000 7fc35f7fe640 1 -- 10.20.193.32:0/4039752509 <== mon.0 v2:10.20.193.32:3300/0 4 ==== mgrmap(e 11) ==== 50154+0+0 (secure 0 0 0) 0x7fc36804c440 con 0x7fc37810ba30
2026-02-20T03:12:53.906 INFO:teuthology.orchestra.run.trial032.stdout:/usr/bin/ceph: stderr
2026-02-20T03:12:53.625+0000 7fc35f7fe640 1 --2- 10.20.193.32:0/4039752509 >> [v2:10.20.193.32:6800/4257668105,v1:10.20.193.32:6801/4257668105] conn(0x7fc35403db20 0x7fc35403ffe0 unknown :-1 s=NONE pgs=0 cs=0 l=1 rev1=0 crypto rx=0 tx=0 comp rx=0 tx=0).connect
2026-02-20T03:12:53.906 INFO:teuthology.orchestra.run.trial032.stdout:/usr/bin/ceph: stderr
2026-02-20T03:12:53.625+0000 7fc35f7fe640 1 -- 10.20.193.32:0/4039752509 <== mon.0 v2:10.20.193.32:3300/0 5 ==== osd_map(3..3 src has 1..3) ==== 1155+0+0 (secure 0 0 0) 0x7fc368076ba0 con 0x7fc37810ba30
2026-02-20T03:12:53.906 INFO:teuthology.orchestra.run.trial032.stdout:/usr/bin/ceph: stderr
2026-02-20T03:12:53.626+0000 7fc37d9a4640 1 --2- 10.20.193.32:0/4039752509 >> [v2:10.20.193.32:6800/4257668105,v1:10.20.193.32:6801/4257668105] conn(0x7fc35403db20 0x7fc35403ffe0 unknown :-1 s=BANNER_CONNECTING pgs=0 cs=0 l=1 rev1=0 crypto rx=0 tx=0 comp rx=0 tx=0)._handle_peer_banner_payload supported=3 required=0
2026-02-20T03:12:53.906 INFO:teuthology.orchestra.run.trial032.stdout:/usr/bin/ceph: stderr
2026-02-20T03:12:53.626+0000 7fc37d9a4640 1 --2- 10.20.193.32:0/4039752509 >> [v2:10.20.193.32:6800/4257668105,v1:10.20.193.32:6801/4257668105] conn(0x7fc35403db20 0x7fc35403ffe0 secure :-1 s=READY pgs=8 cs=0 l=1 rev1=1 crypto rx=0x7fc36c0099c0 tx=0x7fc36c006eb0 comp rx=0 tx=0).ready entity=mgr.14150 client_cookie=0 server_cookie=0 in_seq=0 out_seq=0
2026-02-20T03:12:53.906 INFO:teuthology.orchestra.run.trial032.stdout:/usr/bin/ceph: stderr
2026-02-20T03:12:53.628+0000 7fc35f7fe640 1 -- 10.20.193.32:0/4039752509 <== mon.0 v2:10.20.193.32:3300/0 6 ==== mon_command_ack([{"prefix": "get_command_descriptions"}]=0 v0) ==== 72+0+195341 (secure 0 0 0) 0x7fc368042440 con 0x7fc37810ba30
2026-02-20T03:12:53.906 INFO:teuthology.orchestra.run.trial032.stdout:/usr/bin/ceph: stderr
2026-02-20T03:12:53.716+0000 7fc380430640 1 -- 10.20.193.32:0/4039752509 --> [v2:10.20.193.32:6800/4257668105,v1:10.20.193.32:6801/4257668105] -- mgr_command(tid 0: {"prefix": "dashboard ac-user-create", "username": "admin", "rolename": "administrator", "force_password": true, "pwd_update_required": true, "target": ["mon-mgr", ""]}) -- 0x7fc3781a0f80 con 0x7fc35403db20
2026-02-20T03:12:53.906 INFO:teuthology.orchestra.run.trial032.stdout:/usr/bin/ceph: stderr
2026-02-20T03:12:53.857+0000 7fc35f7fe640 1 -- 10.20.193.32:0/4039752509 <== mgr.14150 v2:10.20.193.32:6800/4257668105 1 ==== mgr_command_reply(tid 0: 0 ) ==== 8+0+252 (secure 0 0 0) 0x7fc3781a0f80 con 0x7fc35403db20
2026-02-20T03:12:53.906 INFO:teuthology.orchestra.run.trial032.stdout:/usr/bin/ceph: stderr
2026-02-20T03:12:53.858+0000 7fc380430640 1 -- 10.20.193.32:0/4039752509 >> [v2:10.20.193.32:6800/4257668105,v1:10.20.193.32:6801/4257668105] conn(0x7fc35403db20 msgr2=0x7fc35403ffe0 secure :-1 s=STATE_CONNECTION_ESTABLISHED l=1).mark_down
2026-02-20T03:12:53.906 INFO:teuthology.orchestra.run.trial032.stdout:/usr/bin/ceph: stderr
2026-02-20T03:12:53.858+0000 7fc380430640 1 --2- 10.20.193.32:0/4039752509 >> [v2:10.20.193.32:6800/4257668105,v1:10.20.193.32:6801/4257668105] conn(0x7fc35403db20 0x7fc35403ffe0 secure :-1 s=READY pgs=8 cs=0 l=1 rev1=1 crypto rx=0x7fc36c0099c0 tx=0x7fc36c006eb0 comp rx=0 tx=0).stop
2026-02-20T03:12:53.906 INFO:teuthology.orchestra.run.trial032.stdout:/usr/bin/ceph: stderr
2026-02-20T03:12:53.858+0000 7fc380430640 1 -- 10.20.193.32:0/4039752509 >> [v2:10.20.193.32:3300/0,v1:10.20.193.32:6789/0] conn(0x7fc37810ba30 msgr2=0x7fc3781a02d0 secure :-1 s=STATE_CONNECTION_ESTABLISHED l=1).mark_down
2026-02-20T03:12:53.906 INFO:teuthology.orchestra.run.trial032.stdout:/usr/bin/ceph: stderr
2026-02-20T03:12:53.858+0000 7fc380430640 1 --2- 10.20.193.32:0/4039752509 >> [v2:10.20.193.32:3300/0,v1:10.20.193.32:6789/0] conn(0x7fc37810ba30 0x7fc3781a02d0 secure :-1 s=READY pgs=71 cs=0 l=1 rev1=1 crypto rx=0x7fc368039000 tx=0x7fc368037820 comp rx=0 tx=0).stop
2026-02-20T03:12:53.906 INFO:teuthology.orchestra.run.trial032.stdout:/usr/bin/ceph: stderr
2026-02-20T03:12:53.858+0000 7fc380430640 1 -- 10.20.193.32:0/4039752509 shutdown_connections
2026-02-20T03:12:53.907 INFO:teuthology.orchestra.run.trial032.stdout:/usr/bin/ceph: stderr
2026-02-20T03:12:53.858+0000 7fc380430640 1 --2- 10.20.193.32:0/4039752509 >> [v2:10.20.193.32:6800/4257668105,v1:10.20.193.32:6801/4257668105] conn(0x7fc35403db20 0x7fc35403ffe0 unknown :-1 s=CLOSED pgs=8 cs=0 l=1 rev1=1 crypto rx=0 tx=0 comp rx=0 tx=0).stop
2026-02-20T03:12:53.907 INFO:teuthology.orchestra.run.trial032.stdout:/usr/bin/ceph: stderr
2026-02-20T03:12:53.858+0000 7fc380430640 1 --2- 10.20.193.32:0/4039752509 >> [v2:10.20.193.32:3300/0,v1:10.20.193.32:6789/0] conn(0x7fc37810ba30 0x7fc3781a02d0 unknown :-1 s=CLOSED pgs=71 cs=0 l=1 rev1=1 crypto rx=0 tx=0 comp rx=0 tx=0).stop
2026-02-20T03:12:53.907 INFO:teuthology.orchestra.run.trial032.stdout:/usr/bin/ceph: stderr
2026-02-20T03:12:53.858+0000 7fc380430640 1 -- 10.20.193.32:0/4039752509 >> 10.20.193.32:0/4039752509 conn(0x7fc37807d8f0 msgr2=0x7fc378108650 unknown :-1 s=STATE_NONE l=0).mark_down
2026-02-20T03:12:53.907 INFO:teuthology.orchestra.run.trial032.stdout:/usr/bin/ceph: stderr
2026-02-20T03:12:53.858+0000 7fc380430640 1 -- 10.20.193.32:0/4039752509 shutdown_connections
2026-02-20T03:12:53.907 INFO:teuthology.orchestra.run.trial032.stdout:/usr/bin/ceph: stderr
2026-02-20T03:12:53.858+0000 7fc380430640 1 -- 10.20.193.32:0/4039752509 wait complete.
2026-02-20T03:12:53.907 INFO:teuthology.orchestra.run.trial032.stdout:Fetching dashboard port number...
2026-02-20T03:12:54.104 INFO:teuthology.orchestra.run.trial032.stdout:/usr/bin/ceph: stdout 8443
2026-02-20T03:12:54.104 INFO:teuthology.orchestra.run.trial032.stdout:/usr/bin/ceph: stderr
2026-02-20T03:12:53.993+0000 7efdcd860640 1 Processor -- start
2026-02-20T03:12:54.104 INFO:teuthology.orchestra.run.trial032.stdout:/usr/bin/ceph: stderr
2026-02-20T03:12:53.993+0000 7efdcd860640 1 -- start start
2026-02-20T03:12:54.104 INFO:teuthology.orchestra.run.trial032.stdout:/usr/bin/ceph: stderr
2026-02-20T03:12:53.993+0000 7efdcd860640 1 --2- >> [v2:10.20.193.32:3300/0,v1:10.20.193.32:6789/0] conn(0x7efdc810ba30 0x7efdc810be30 unknown :-1 s=NONE pgs=0 cs=0 l=0 rev1=0 crypto rx=0 tx=0 comp rx=0 tx=0).connect
2026-02-20T03:12:54.104 INFO:teuthology.orchestra.run.trial032.stdout:/usr/bin/ceph: stderr
2026-02-20T03:12:53.993+0000 7efdcd860640 1 -- --> [v2:10.20.193.32:3300/0,v1:10.20.193.32:6789/0] -- mon_getmap magic: 0 -- 0x7efdc810c400 con 0x7efdc810ba30
2026-02-20T03:12:54.104 INFO:teuthology.orchestra.run.trial032.stdout:/usr/bin/ceph: stderr
2026-02-20T03:12:53.993+0000 7efdc6ffd640 1 --2- >> [v2:10.20.193.32:3300/0,v1:10.20.193.32:6789/0] conn(0x7efdc810ba30 0x7efdc810be30 unknown :-1 s=BANNER_CONNECTING pgs=0 cs=0 l=0 rev1=0 crypto rx=0 tx=0 comp rx=0 tx=0)._handle_peer_banner_payload supported=3 required=0
2026-02-20T03:12:54.104 INFO:teuthology.orchestra.run.trial032.stdout:/usr/bin/ceph: stderr
2026-02-20T03:12:53.993+0000 7efdc6ffd640 1 --2- >> [v2:10.20.193.32:3300/0,v1:10.20.193.32:6789/0] conn(0x7efdc810ba30 0x7efdc810be30 unknown :-1 s=HELLO_CONNECTING pgs=0 cs=0 l=0 rev1=1 crypto rx=0 tx=0 comp rx=0 tx=0).handle_hello peer v2:10.20.193.32:3300/0 says I am v2:10.20.193.32:59530/0 (socket says 10.20.193.32:59530)
2026-02-20T03:12:54.104 INFO:teuthology.orchestra.run.trial032.stdout:/usr/bin/ceph: stderr
2026-02-20T03:12:53.993+0000 7efdc6ffd640 1 -- 10.20.193.32:0/3635070054 learned_addr learned my addr 10.20.193.32:0/3635070054 (peer_addr_for_me v2:10.20.193.32:0/0)
2026-02-20T03:12:54.104 INFO:teuthology.orchestra.run.trial032.stdout:/usr/bin/ceph: stderr
2026-02-20T03:12:53.993+0000 7efdc6ffd640 1 -- 10.20.193.32:0/3635070054 --> [v2:10.20.193.32:3300/0,v1:10.20.193.32:6789/0] -- mon_subscribe({config=0+,monmap=0+}) -- 0x7efdc810a690 con 0x7efdc810ba30
2026-02-20T03:12:54.104 INFO:teuthology.orchestra.run.trial032.stdout:/usr/bin/ceph: stderr
2026-02-20T03:12:53.994+0000 7efdc6ffd640 1 --2- 10.20.193.32:0/3635070054 >> [v2:10.20.193.32:3300/0,v1:10.20.193.32:6789/0] conn(0x7efdc810ba30 0x7efdc810be30 secure :-1 s=READY pgs=72 cs=0 l=1 rev1=1 crypto rx=0x7efdbc009920 tx=0x7efdbc02ef20 comp rx=0 tx=0).ready entity=mon.0 client_cookie=9db8d751ad9fa108 server_cookie=0 in_seq=0 out_seq=0
2026-02-20T03:12:54.104 INFO:teuthology.orchestra.run.trial032.stdout:/usr/bin/ceph: stderr
2026-02-20T03:12:53.994+0000 7efdc5ffb640 1 -- 10.20.193.32:0/3635070054 <== mon.0 v2:10.20.193.32:3300/0 1 ==== mon_map magic: 0 ==== 205+0+0 (secure 0 0 0) 0x7efdbc03c070 con 0x7efdc810ba30
2026-02-20T03:12:54.105 INFO:teuthology.orchestra.run.trial032.stdout:/usr/bin/ceph: stderr
2026-02-20T03:12:53.994+0000 7efdc5ffb640 1 -- 10.20.193.32:0/3635070054 <== mon.0 v2:10.20.193.32:3300/0 2 ==== config(26 keys) ==== 1076+0+0 (secure 0 0 0) 0x7efdbc037440 con 0x7efdc810ba30
2026-02-20T03:12:54.105 INFO:teuthology.orchestra.run.trial032.stdout:/usr/bin/ceph: stderr
2026-02-20T03:12:53.994+0000 7efdc5ffb640 1 -- 10.20.193.32:0/3635070054 <== mon.0 v2:10.20.193.32:3300/0 3 ==== mon_map magic: 0 ==== 205+0+0 (secure 0 0 0) 0x7efdbc0354d0 con 0x7efdc810ba30
2026-02-20T03:12:54.105 INFO:teuthology.orchestra.run.trial032.stdout:/usr/bin/ceph: stderr
2026-02-20T03:12:53.994+0000 7efdcd860640 1 -- 10.20.193.32:0/3635070054 >> [v2:10.20.193.32:3300/0,v1:10.20.193.32:6789/0] conn(0x7efdc810ba30 msgr2=0x7efdc810be30 secure :-1 s=STATE_CONNECTION_ESTABLISHED l=1).mark_down
2026-02-20T03:12:54.105 INFO:teuthology.orchestra.run.trial032.stdout:/usr/bin/ceph: stderr
2026-02-20T03:12:53.994+0000 7efdcd860640 1 --2- 10.20.193.32:0/3635070054 >> [v2:10.20.193.32:3300/0,v1:10.20.193.32:6789/0] conn(0x7efdc810ba30 0x7efdc810be30 secure :-1 s=READY pgs=72 cs=0 l=1 rev1=1 crypto rx=0x7efdbc009920 tx=0x7efdbc02ef20 comp rx=0 tx=0).stop
2026-02-20T03:12:54.105 INFO:teuthology.orchestra.run.trial032.stdout:/usr/bin/ceph: stderr
2026-02-20T03:12:53.994+0000 7efdcd860640 1 -- 10.20.193.32:0/3635070054 shutdown_connections
2026-02-20T03:12:54.105 INFO:teuthology.orchestra.run.trial032.stdout:/usr/bin/ceph: stderr
2026-02-20T03:12:53.994+0000 7efdcd860640 1 --2- 10.20.193.32:0/3635070054 >> [v2:10.20.193.32:3300/0,v1:10.20.193.32:6789/0] conn(0x7efdc810ba30 0x7efdc810be30 unknown :-1 s=CLOSED pgs=72 cs=0 l=1 rev1=1 crypto rx=0 tx=0 comp rx=0 tx=0).stop
2026-02-20T03:12:54.105 INFO:teuthology.orchestra.run.trial032.stdout:/usr/bin/ceph: stderr
2026-02-20T03:12:53.994+0000 7efdcd860640 1 -- 10.20.193.32:0/3635070054 >> 10.20.193.32:0/3635070054 conn(0x7efdc807d8f0 msgr2=0x7efdc807dd60 unknown :-1 s=STATE_NONE l=0).mark_down
2026-02-20T03:12:54.105 INFO:teuthology.orchestra.run.trial032.stdout:/usr/bin/ceph: stderr
2026-02-20T03:12:53.994+0000 7efdcd860640 1 -- 10.20.193.32:0/3635070054 shutdown_connections
2026-02-20T03:12:54.105 INFO:teuthology.orchestra.run.trial032.stdout:/usr/bin/ceph: stderr
2026-02-20T03:12:53.994+0000 7efdcd860640 1 -- 10.20.193.32:0/3635070054 wait complete.
2026-02-20T03:12:54.105 INFO:teuthology.orchestra.run.trial032.stdout:/usr/bin/ceph: stderr
2026-02-20T03:12:53.994+0000 7efdcd860640 1 Processor -- start
2026-02-20T03:12:54.105 INFO:teuthology.orchestra.run.trial032.stdout:/usr/bin/ceph: stderr
2026-02-20T03:12:53.995+0000 7efdcd860640 1 -- start start
2026-02-20T03:12:54.105 INFO:teuthology.orchestra.run.trial032.stdout:/usr/bin/ceph: stderr
2026-02-20T03:12:53.995+0000 7efdcd860640 1 --2- >> [v2:10.20.193.32:3300/0,v1:10.20.193.32:6789/0] conn(0x7efdc810ba30 0x7efdc81a02d0 unknown :-1 s=NONE pgs=0 cs=0 l=1 rev1=0 crypto rx=0 tx=0 comp rx=0 tx=0).connect
2026-02-20T03:12:54.105 INFO:teuthology.orchestra.run.trial032.stdout:/usr/bin/ceph: stderr
2026-02-20T03:12:53.995+0000 7efdcd860640 1 -- --> [v2:10.20.193.32:3300/0,v1:10.20.193.32:6789/0] -- mon_getmap magic: 0 -- 0x7efdc810ea50 con 0x7efdc810ba30
2026-02-20T03:12:54.105 INFO:teuthology.orchestra.run.trial032.stdout:/usr/bin/ceph: stderr
2026-02-20T03:12:53.995+0000 7efdc6ffd640 1 --2- >> [v2:10.20.193.32:3300/0,v1:10.20.193.32:6789/0] conn(0x7efdc810ba30 0x7efdc81a02d0 unknown :-1 s=BANNER_CONNECTING pgs=0 cs=0 l=1 rev1=0 crypto rx=0 tx=0 comp rx=0 tx=0)._handle_peer_banner_payload supported=3 required=0
2026-02-20T03:12:54.105 INFO:teuthology.orchestra.run.trial032.stdout:/usr/bin/ceph: stderr
2026-02-20T03:12:53.995+0000 7efdc6ffd640 1 --2- >> [v2:10.20.193.32:3300/0,v1:10.20.193.32:6789/0] conn(0x7efdc810ba30 0x7efdc81a02d0 unknown :-1 s=HELLO_CONNECTING pgs=0 cs=0 l=1 rev1=1 crypto rx=0 tx=0 comp rx=0 tx=0).handle_hello peer v2:10.20.193.32:3300/0 says I am v2:10.20.193.32:59536/0 (socket says 10.20.193.32:59536)
2026-02-20T03:12:54.105 INFO:teuthology.orchestra.run.trial032.stdout:/usr/bin/ceph: stderr
2026-02-20T03:12:53.995+0000 7efdc6ffd640 1 -- 10.20.193.32:0/664311741 learned_addr learned my addr 10.20.193.32:0/664311741 (peer_addr_for_me v2:10.20.193.32:0/0)
2026-02-20T03:12:54.105 INFO:teuthology.orchestra.run.trial032.stdout:/usr/bin/ceph: stderr
2026-02-20T03:12:53.995+0000 7efdc6ffd640 1 -- 10.20.193.32:0/664311741 --> [v2:10.20.193.32:3300/0,v1:10.20.193.32:6789/0] -- mon_subscribe({config=0+,monmap=0+}) -- 0x7efdc81a0810 con 0x7efdc810ba30
2026-02-20T03:12:54.105 INFO:teuthology.orchestra.run.trial032.stdout:/usr/bin/ceph: stderr
2026-02-20T03:12:53.995+0000 7efdc6ffd640 1 --2- 10.20.193.32:0/664311741 >> [v2:10.20.193.32:3300/0,v1:10.20.193.32:6789/0] conn(0x7efdc810ba30 0x7efdc81a02d0 secure :-1 s=READY pgs=73 cs=0 l=1 rev1=1 crypto rx=0x7efdbc039000 tx=0x7efdbc037820 comp rx=0 tx=0).ready entity=mon.0 client_cookie=0 server_cookie=0 in_seq=0 out_seq=0
2026-02-20T03:12:54.105 INFO:teuthology.orchestra.run.trial032.stdout:/usr/bin/ceph: stderr
2026-02-20T03:12:53.995+0000 7efdcc85e640 1 -- 10.20.193.32:0/664311741 <== mon.0 v2:10.20.193.32:3300/0 1 ==== mon_map magic: 0 ==== 205+0+0 (secure 0 0 0) 0x7efdbc047070 con 0x7efdc810ba30
2026-02-20T03:12:54.105 INFO:teuthology.orchestra.run.trial032.stdout:/usr/bin/ceph: stderr
2026-02-20T03:12:53.995+0000 7efdcc85e640 1 -- 10.20.193.32:0/664311741 <== mon.0 v2:10.20.193.32:3300/0 2 ==== config(26 keys) ==== 1076+0+0 (secure 0 0 0) 0x7efdbc035df0 con 0x7efdc810ba30
2026-02-20T03:12:54.105 INFO:teuthology.orchestra.run.trial032.stdout:/usr/bin/ceph: stderr
2026-02-20T03:12:53.995+0000 7efdcd860640 1 -- 10.20.193.32:0/664311741 --> [v2:10.20.193.32:3300/0,v1:10.20.193.32:6789/0] -- mon_subscribe({mgrmap=0+}) -- 0x7efdc81a0aa0 con 0x7efdc810ba30
2026-02-20T03:12:54.105 INFO:teuthology.orchestra.run.trial032.stdout:/usr/bin/ceph: stderr
2026-02-20T03:12:53.995+0000 7efdcc85e640 1 -- 10.20.193.32:0/664311741 <== mon.0 v2:10.20.193.32:3300/0 3 ==== mon_map magic: 0 ==== 205+0+0 (secure 0 0 0) 0x7efdbc03c070 con 0x7efdc810ba30
2026-02-20T03:12:54.105 INFO:teuthology.orchestra.run.trial032.stdout:/usr/bin/ceph: stderr
2026-02-20T03:12:53.995+0000 7efdcd860640 1 -- 10.20.193.32:0/664311741 --> [v2:10.20.193.32:3300/0,v1:10.20.193.32:6789/0] -- mon_subscribe({osdmap=0}) -- 0x7efdc81a3790 con 0x7efdc810ba30
2026-02-20T03:12:54.105 INFO:teuthology.orchestra.run.trial032.stdout:/usr/bin/ceph: stderr
2026-02-20T03:12:53.995+0000 7efdcd860640 1 -- 10.20.193.32:0/664311741 --> [v2:10.20.193.32:3300/0,v1:10.20.193.32:6789/0] -- mon_command({"prefix": "get_command_descriptions"} v 0) -- 0x7efdc810beb0 con 0x7efdc810ba30
2026-02-20T03:12:54.105 INFO:teuthology.orchestra.run.trial032.stdout:/usr/bin/ceph: stderr
2026-02-20T03:12:53.996+0000 7efdcc85e640 1 -- 10.20.193.32:0/664311741 <== mon.0 v2:10.20.193.32:3300/0 4 ==== mgrmap(e 11) ==== 50154+0+0 (secure 0 0 0) 0x7efdbc042640 con 0x7efdc810ba30
2026-02-20T03:12:54.105 INFO:teuthology.orchestra.run.trial032.stdout:/usr/bin/ceph: stderr
2026-02-20T03:12:53.996+0000 7efdcc85e640 1 --2- 10.20.193.32:0/664311741 >> [v2:10.20.193.32:6800/4257668105,v1:10.20.193.32:6801/4257668105] conn(0x7efd9c03db20 0x7efd9c03ffe0 unknown :-1 s=NONE pgs=0 cs=0 l=1 rev1=0 crypto rx=0 tx=0 comp rx=0 tx=0).connect
2026-02-20T03:12:54.105 INFO:teuthology.orchestra.run.trial032.stdout:/usr/bin/ceph: stderr
2026-02-20T03:12:53.996+0000 7efdcc85e640 1 -- 10.20.193.32:0/664311741 <== mon.0 v2:10.20.193.32:3300/0 5 ==== osd_map(3..3 src has 1..3) ==== 1155+0+0 (secure 0 0 0) 0x7efdbc076be0 con 0x7efdc810ba30
2026-02-20T03:12:54.105 INFO:teuthology.orchestra.run.trial032.stdout:/usr/bin/ceph: stderr
2026-02-20T03:12:53.996+0000 7efdc67fc640 1 --2- 10.20.193.32:0/664311741 >> [v2:10.20.193.32:6800/4257668105,v1:10.20.193.32:6801/4257668105] conn(0x7efd9c03db20 0x7efd9c03ffe0 unknown :-1 s=BANNER_CONNECTING pgs=0 cs=0 l=1 rev1=0 crypto rx=0 tx=0 comp rx=0 tx=0)._handle_peer_banner_payload supported=3 required=0
2026-02-20T03:12:54.105 INFO:teuthology.orchestra.run.trial032.stdout:/usr/bin/ceph: stderr
2026-02-20T03:12:53.996+0000 7efdc67fc640 1 --2- 10.20.193.32:0/664311741 >> [v2:10.20.193.32:6800/4257668105,v1:10.20.193.32:6801/4257668105] conn(0x7efd9c03db20 0x7efd9c03ffe0 secure :-1 s=READY pgs=9 cs=0 l=1 rev1=1 crypto rx=0x7efdb00099c0 tx=0x7efdb0006eb0 comp rx=0 tx=0).ready entity=mgr.14150 client_cookie=0 server_cookie=0 in_seq=0 out_seq=0
2026-02-20T03:12:54.105 INFO:teuthology.orchestra.run.trial032.stdout:/usr/bin/ceph: stderr
2026-02-20T03:12:53.998+0000 7efdcc85e640 1 -- 10.20.193.32:0/664311741 <== mon.0 v2:10.20.193.32:3300/0 6 ==== mon_command_ack([{"prefix": "get_command_descriptions"}]=0 v0) ==== 72+0+195341 (secure 0 0 0) 0x7efdbc033c90 con 0x7efdc810ba30
2026-02-20T03:12:54.105 INFO:teuthology.orchestra.run.trial032.stdout:/usr/bin/ceph: stderr
2026-02-20T03:12:54.081+0000 7efdcd860640 1 -- 10.20.193.32:0/664311741 --> [v2:10.20.193.32:3300/0,v1:10.20.193.32:6789/0] -- mon_command({"prefix": "config get", "who": "mgr", "key": "mgr/dashboard/ssl_server_port"} v 0) -- 0x7efdc81a3e30 con 0x7efdc810ba30
2026-02-20T03:12:54.105 INFO:teuthology.orchestra.run.trial032.stdout:/usr/bin/ceph: stderr
2026-02-20T03:12:54.081+0000 7efdcc85e640 1 -- 10.20.193.32:0/664311741 <== mon.0 v2:10.20.193.32:3300/0 7 ==== mon_command_ack([{"prefix": "config get", "who": "mgr", "key": "mgr/dashboard/ssl_server_port"}]=0 v8) ==== 112+0+5 (secure 0 0 0) 0x7efdbc035950 con 0x7efdc810ba30
2026-02-20T03:12:54.105 INFO:teuthology.orchestra.run.trial032.stdout:/usr/bin/ceph: stderr
2026-02-20T03:12:54.082+0000 7efdcd860640 1 -- 10.20.193.32:0/664311741 >> [v2:10.20.193.32:6800/4257668105,v1:10.20.193.32:6801/4257668105] conn(0x7efd9c03db20 msgr2=0x7efd9c03ffe0 secure :-1 s=STATE_CONNECTION_ESTABLISHED l=1).mark_down
2026-02-20T03:12:54.105 INFO:teuthology.orchestra.run.trial032.stdout:/usr/bin/ceph: stderr
2026-02-20T03:12:54.082+0000 7efdcd860640 1 --2- 10.20.193.32:0/664311741 >> [v2:10.20.193.32:6800/4257668105,v1:10.20.193.32:6801/4257668105] conn(0x7efd9c03db20 0x7efd9c03ffe0 secure :-1 s=READY pgs=9 cs=0 l=1 rev1=1 crypto rx=0x7efdb00099c0 tx=0x7efdb0006eb0 comp rx=0 tx=0).stop
2026-02-20T03:12:54.105 INFO:teuthology.orchestra.run.trial032.stdout:/usr/bin/ceph: stderr
2026-02-20T03:12:54.082+0000 7efdcd860640 1 -- 10.20.193.32:0/664311741 >> [v2:10.20.193.32:3300/0,v1:10.20.193.32:6789/0] conn(0x7efdc810ba30 msgr2=0x7efdc81a02d0 secure :-1 s=STATE_CONNECTION_ESTABLISHED l=1).mark_down
2026-02-20T03:12:54.105 INFO:teuthology.orchestra.run.trial032.stdout:/usr/bin/ceph: stderr
2026-02-20T03:12:54.082+0000 7efdcd860640 1 --2- 10.20.193.32:0/664311741 >> [v2:10.20.193.32:3300/0,v1:10.20.193.32:6789/0] conn(0x7efdc810ba30 0x7efdc81a02d0 secure :-1 s=READY pgs=73 cs=0 l=1 rev1=1 crypto rx=0x7efdbc039000 tx=0x7efdbc037820 comp rx=0 tx=0).stop
2026-02-20T03:12:54.105 INFO:teuthology.orchestra.run.trial032.stdout:/usr/bin/ceph: stderr
2026-02-20T03:12:54.082+0000 7efdcd860640 1 -- 10.20.193.32:0/664311741 shutdown_connections
2026-02-20T03:12:54.105 INFO:teuthology.orchestra.run.trial032.stdout:/usr/bin/ceph: stderr
2026-02-20T03:12:54.082+0000 7efdcd860640 1 --2- 10.20.193.32:0/664311741 >> [v2:10.20.193.32:6800/4257668105,v1:10.20.193.32:6801/4257668105] conn(0x7efd9c03db20 0x7efd9c03ffe0 unknown :-1 s=CLOSED pgs=9 cs=0 l=1 rev1=1 crypto rx=0 tx=0 comp rx=0 tx=0).stop
2026-02-20T03:12:54.105 INFO:teuthology.orchestra.run.trial032.stdout:/usr/bin/ceph: stderr
2026-02-20T03:12:54.082+0000 7efdcd860640 1 --2- 10.20.193.32:0/664311741 >> [v2:10.20.193.32:3300/0,v1:10.20.193.32:6789/0] conn(0x7efdc810ba30 0x7efdc81a02d0 unknown :-1 s=CLOSED pgs=73 cs=0 l=1 rev1=1 crypto rx=0 tx=0 comp rx=0 tx=0).stop
2026-02-20T03:12:54.106 INFO:teuthology.orchestra.run.trial032.stdout:/usr/bin/ceph: stderr
2026-02-20T03:12:54.082+0000 7efdcd860640 1 -- 10.20.193.32:0/664311741 >> 10.20.193.32:0/664311741 conn(0x7efdc807d8f0 msgr2=0x7efdc8108650 unknown :-1 s=STATE_NONE l=0).mark_down
2026-02-20T03:12:54.106 INFO:teuthology.orchestra.run.trial032.stdout:/usr/bin/ceph: stderr
2026-02-20T03:12:54.082+0000 7efdcd860640 1 -- 10.20.193.32:0/664311741 shutdown_connections
2026-02-20T03:12:54.106 INFO:teuthology.orchestra.run.trial032.stdout:/usr/bin/ceph: stderr
2026-02-20T03:12:54.082+0000 7efdcd860640 1 -- 10.20.193.32:0/664311741 wait complete.
2026-02-20T03:12:54.112 INFO:teuthology.orchestra.run.trial032.stdout:Non-zero exit code 1 from systemctl is-enabled firewalld.service
2026-02-20T03:12:54.112 INFO:teuthology.orchestra.run.trial032.stdout:systemctl: stdout disabled
2026-02-20T03:12:54.118 INFO:teuthology.orchestra.run.trial032.stdout:Non-zero exit code 3 from systemctl is-active firewalld.service
2026-02-20T03:12:54.118 INFO:teuthology.orchestra.run.trial032.stdout:systemctl: stdout inactive
2026-02-20T03:12:54.118 INFO:teuthology.orchestra.run.trial032.stdout:firewalld.service is not enabled
2026-02-20T03:12:54.118 INFO:teuthology.orchestra.run.trial032.stdout:Not possible to open ports <[8443]>. firewalld.service is not available
2026-02-20T03:12:54.119 INFO:teuthology.orchestra.run.trial032.stdout:Ceph Dashboard is now available at:
2026-02-20T03:12:54.119 INFO:teuthology.orchestra.run.trial032.stdout:
2026-02-20T03:12:54.119 INFO:teuthology.orchestra.run.trial032.stdout: URL: https://trial032:8443/
2026-02-20T03:12:54.119 INFO:teuthology.orchestra.run.trial032.stdout: User: admin
2026-02-20T03:12:54.119 INFO:teuthology.orchestra.run.trial032.stdout: Password: k7o7nad8fx
2026-02-20T03:12:54.119 INFO:teuthology.orchestra.run.trial032.stdout:
2026-02-20T03:12:54.120 INFO:teuthology.orchestra.run.trial032.stdout:Saving cluster configuration to /var/lib/ceph/f7a74ecd-0e09-11f1-ae08-d404e6e7d460/config directory
2026-02-20T03:12:54.368 INFO:teuthology.orchestra.run.trial032.stdout:/usr/bin/ceph: stderr
2026-02-20T03:12:54.210+0000 7ff6b558d640 1 Processor -- start
2026-02-20T03:12:54.368 INFO:teuthology.orchestra.run.trial032.stdout:/usr/bin/ceph: stderr
2026-02-20T03:12:54.210+0000 7ff6b558d640 1 -- start start
2026-02-20T03:12:54.369 INFO:teuthology.orchestra.run.trial032.stdout:/usr/bin/ceph: stderr
2026-02-20T03:12:54.210+0000 7ff6b558d640 1 --2- >> [v2:10.20.193.32:3300/0,v1:10.20.193.32:6789/0] conn(0x7ff6b01081e0 0x7ff6b01085e0 unknown :-1 s=NONE pgs=0 cs=0 l=0 rev1=0 crypto rx=0 tx=0 comp rx=0 tx=0).connect
2026-02-20T03:12:54.369 INFO:teuthology.orchestra.run.trial032.stdout:/usr/bin/ceph: stderr
2026-02-20T03:12:54.210+0000 7ff6b558d640 1 -- --> [v2:10.20.193.32:3300/0,v1:10.20.193.32:6789/0] -- mon_getmap magic: 0 -- 0x7ff6b0108bb0 con 0x7ff6b01081e0
2026-02-20T03:12:54.369 INFO:teuthology.orchestra.run.trial032.stdout:/usr/bin/ceph: stderr
2026-02-20T03:12:54.210+0000 7ff6aeffd640 1 --2- >> [v2:10.20.193.32:3300/0,v1:10.20.193.32:6789/0] conn(0x7ff6b01081e0 0x7ff6b01085e0 unknown :-1 s=BANNER_CONNECTING pgs=0 cs=0 l=0 rev1=0 crypto rx=0 tx=0 comp rx=0 tx=0)._handle_peer_banner_payload supported=3 required=0
2026-02-20T03:12:54.369 INFO:teuthology.orchestra.run.trial032.stdout:/usr/bin/ceph: stderr
2026-02-20T03:12:54.210+0000 7ff6aeffd640 1 --2- >> [v2:10.20.193.32:3300/0,v1:10.20.193.32:6789/0] conn(0x7ff6b01081e0 0x7ff6b01085e0 unknown :-1 s=HELLO_CONNECTING pgs=0 cs=0 l=0 rev1=1 crypto rx=0 tx=0 comp rx=0 tx=0).handle_hello peer v2:10.20.193.32:3300/0 says I am v2:10.20.193.32:59552/0 (socket says 10.20.193.32:59552)
2026-02-20T03:12:54.369 INFO:teuthology.orchestra.run.trial032.stdout:/usr/bin/ceph: stderr
2026-02-20T03:12:54.210+0000 7ff6aeffd640 1 -- 10.20.193.32:0/476774255 learned_addr learned my addr 10.20.193.32:0/476774255 (peer_addr_for_me v2:10.20.193.32:0/0)
2026-02-20T03:12:54.369 INFO:teuthology.orchestra.run.trial032.stdout:/usr/bin/ceph: stderr
2026-02-20T03:12:54.210+0000 7ff6aeffd640 1 -- 10.20.193.32:0/476774255 --> [v2:10.20.193.32:3300/0,v1:10.20.193.32:6789/0] -- mon_subscribe({config=0+,monmap=0+}) -- 0x7ff6b01093e0 con 0x7ff6b01081e0
2026-02-20T03:12:54.369 INFO:teuthology.orchestra.run.trial032.stdout:/usr/bin/ceph: stderr
2026-02-20T03:12:54.211+0000 7ff6aeffd640 1 --2- 10.20.193.32:0/476774255 >> [v2:10.20.193.32:3300/0,v1:10.20.193.32:6789/0] conn(0x7ff6b01081e0 0x7ff6b01085e0 secure :-1 s=READY pgs=74 cs=0 l=1 rev1=1 crypto rx=0x7ff6a4009920 tx=0x7ff6a402ef20 comp rx=0 tx=0).ready entity=mon.0 client_cookie=c4e8cf630d6ef616 server_cookie=0 in_seq=0 out_seq=0
2026-02-20T03:12:54.369 INFO:teuthology.orchestra.run.trial032.stdout:/usr/bin/ceph: stderr
2026-02-20T03:12:54.211+0000 7ff6adffb640 1 -- 10.20.193.32:0/476774255 <== mon.0 v2:10.20.193.32:3300/0 1 ==== mon_map magic: 0 ==== 205+0+0 (secure 0 0 0) 0x7ff6a403c070 con 0x7ff6b01081e0
2026-02-20T03:12:54.369 INFO:teuthology.orchestra.run.trial032.stdout:/usr/bin/ceph: stderr
2026-02-20T03:12:54.211+0000 7ff6adffb640 1 -- 10.20.193.32:0/476774255 <== mon.0 v2:10.20.193.32:3300/0 2 ==== config(26 keys) ==== 1076+0+0 (secure 0 0 0) 0x7ff6a4037440 con 0x7ff6b01081e0
2026-02-20T03:12:54.369 INFO:teuthology.orchestra.run.trial032.stdout:/usr/bin/ceph: stderr
2026-02-20T03:12:54.211+0000 7ff6adffb640 1 -- 10.20.193.32:0/476774255 <== mon.0 v2:10.20.193.32:3300/0 3 ==== mon_map magic: 0 ==== 205+0+0 (secure 0 0 0) 0x7ff6a40354d0 con 0x7ff6b01081e0
2026-02-20T03:12:54.370 INFO:teuthology.orchestra.run.trial032.stdout:/usr/bin/ceph: stderr
2026-02-20T03:12:54.211+0000 7ff6b558d640 1 -- 10.20.193.32:0/476774255 >> [v2:10.20.193.32:3300/0,v1:10.20.193.32:6789/0] conn(0x7ff6b01081e0 msgr2=0x7ff6b01085e0 secure :-1 s=STATE_CONNECTION_ESTABLISHED l=1).mark_down
2026-02-20T03:12:54.370 INFO:teuthology.orchestra.run.trial032.stdout:/usr/bin/ceph: stderr
2026-02-20T03:12:54.211+0000 7ff6b558d640 1 --2- 10.20.193.32:0/476774255 >> [v2:10.20.193.32:3300/0,v1:10.20.193.32:6789/0] conn(0x7ff6b01081e0 0x7ff6b01085e0 secure :-1 s=READY pgs=74 cs=0 l=1 rev1=1 crypto rx=0x7ff6a4009920 tx=0x7ff6a402ef20 comp rx=0 tx=0).stop
2026-02-20T03:12:54.370 INFO:teuthology.orchestra.run.trial032.stdout:/usr/bin/ceph: stderr
2026-02-20T03:12:54.211+0000 7ff6b558d640 1 -- 10.20.193.32:0/476774255 shutdown_connections
2026-02-20T03:12:54.370 INFO:teuthology.orchestra.run.trial032.stdout:/usr/bin/ceph: stderr
2026-02-20T03:12:54.211+0000 7ff6b558d640 1 --2- 10.20.193.32:0/476774255 >> [v2:10.20.193.32:3300/0,v1:10.20.193.32:6789/0] conn(0x7ff6b01081e0 0x7ff6b01085e0 unknown :-1 s=CLOSED pgs=74 cs=0 l=1 rev1=1 crypto rx=0 tx=0 comp rx=0 tx=0).stop
2026-02-20T03:12:54.370 INFO:teuthology.orchestra.run.trial032.stdout:/usr/bin/ceph: stderr
2026-02-20T03:12:54.211+0000 7ff6b558d640 1 -- 10.20.193.32:0/476774255 >> 10.20.193.32:0/476774255 conn(0x7ff6b0103950 msgr2=0x7ff6b0105db0 unknown :-1 s=STATE_NONE l=0).mark_down
2026-02-20T03:12:54.370 INFO:teuthology.orchestra.run.trial032.stdout:/usr/bin/ceph: stderr
2026-02-20T03:12:54.211+0000 7ff6b558d640 1 -- 10.20.193.32:0/476774255 shutdown_connections
2026-02-20T03:12:54.370 INFO:teuthology.orchestra.run.trial032.stdout:/usr/bin/ceph: stderr
2026-02-20T03:12:54.211+0000 7ff6b558d640 1 -- 10.20.193.32:0/476774255 wait complete.
2026-02-20T03:12:54.370 INFO:teuthology.orchestra.run.trial032.stdout:/usr/bin/ceph: stderr
2026-02-20T03:12:54.211+0000 7ff6b558d640 1 Processor -- start
2026-02-20T03:12:54.370 INFO:teuthology.orchestra.run.trial032.stdout:/usr/bin/ceph: stderr
2026-02-20T03:12:54.211+0000 7ff6b558d640 1 -- start start
2026-02-20T03:12:54.370 INFO:teuthology.orchestra.run.trial032.stdout:/usr/bin/ceph: stderr
2026-02-20T03:12:54.212+0000 7ff6b558d640 1 --2- >> [v2:10.20.193.32:3300/0,v1:10.20.193.32:6789/0] conn(0x7ff6b01081e0 0x7ff6b01a0310 unknown :-1 s=NONE pgs=0 cs=0 l=1 rev1=0 crypto rx=0 tx=0 comp rx=0 tx=0).connect
2026-02-20T03:12:54.370 INFO:teuthology.orchestra.run.trial032.stdout:/usr/bin/ceph: stderr
2026-02-20T03:12:54.212+0000 7ff6b558d640 1 -- --> [v2:10.20.193.32:3300/0,v1:10.20.193.32:6789/0] -- mon_getmap magic: 0 -- 0x7ff6b010c790 con 0x7ff6b01081e0
2026-02-20T03:12:54.370 INFO:teuthology.orchestra.run.trial032.stdout:/usr/bin/ceph: stderr
2026-02-20T03:12:54.212+0000 7ff6aeffd640 1 --2- >> [v2:10.20.193.32:3300/0,v1:10.20.193.32:6789/0] conn(0x7ff6b01081e0 0x7ff6b01a0310 unknown :-1 s=BANNER_CONNECTING pgs=0 cs=0 l=1 rev1=0 crypto rx=0 tx=0 comp rx=0 tx=0)._handle_peer_banner_payload supported=3 required=0
2026-02-20T03:12:54.371 INFO:teuthology.orchestra.run.trial032.stdout:/usr/bin/ceph: stderr
2026-02-20T03:12:54.212+0000 7ff6aeffd640 1 --2- >> [v2:10.20.193.32:3300/0,v1:10.20.193.32:6789/0] conn(0x7ff6b01081e0 0x7ff6b01a0310 unknown :-1 s=HELLO_CONNECTING pgs=0 cs=0 l=1 rev1=1 crypto rx=0 tx=0 comp rx=0 tx=0).handle_hello peer v2:10.20.193.32:3300/0 says I am v2:10.20.193.32:59562/0 (socket says 10.20.193.32:59562)
2026-02-20T03:12:54.371 INFO:teuthology.orchestra.run.trial032.stdout:/usr/bin/ceph: stderr
2026-02-20T03:12:54.212+0000 7ff6aeffd640 1 -- 10.20.193.32:0/2677598126 learned_addr learned my addr 10.20.193.32:0/2677598126 (peer_addr_for_me v2:10.20.193.32:0/0)
2026-02-20T03:12:54.371 INFO:teuthology.orchestra.run.trial032.stdout:/usr/bin/ceph: stderr
2026-02-20T03:12:54.212+0000 7ff6aeffd640 1 -- 10.20.193.32:0/2677598126 --> [v2:10.20.193.32:3300/0,v1:10.20.193.32:6789/0] -- mon_subscribe({config=0+,monmap=0+}) -- 0x7ff6b01a0850 con 0x7ff6b01081e0
2026-02-20T03:12:54.371 INFO:teuthology.orchestra.run.trial032.stdout:/usr/bin/ceph: stderr
2026-02-20T03:12:54.212+0000 7ff6aeffd640 1 --2- 10.20.193.32:0/2677598126 >> [v2:10.20.193.32:3300/0,v1:10.20.193.32:6789/0] conn(0x7ff6b01081e0 0x7ff6b01a0310 secure :-1 s=READY pgs=75 cs=0 l=1 rev1=1 crypto rx=0x7ff6a4009a50 tx=0x7ff6a4037820 comp rx=0 tx=0).ready entity=mon.0 client_cookie=0 server_cookie=0 in_seq=0 out_seq=0
2026-02-20T03:12:54.371 INFO:teuthology.orchestra.run.trial032.stdout:/usr/bin/ceph: stderr
2026-02-20T03:12:54.212+0000 7ff68ffff640 1 -- 10.20.193.32:0/2677598126 <== mon.0 v2:10.20.193.32:3300/0 1 ==== mon_map magic: 0 ==== 205+0+0 (secure 0 0 0) 0x7ff6a4047070 con 0x7ff6b01081e0
2026-02-20T03:12:54.371 INFO:teuthology.orchestra.run.trial032.stdout:/usr/bin/ceph: stderr
2026-02-20T03:12:54.212+0000 7ff68ffff640 1 -- 10.20.193.32:0/2677598126 <== mon.0 v2:10.20.193.32:3300/0 2 ==== config(26 keys) ==== 1076+0+0 (secure 0 0 0) 0x7ff6a4035da0 con 0x7ff6b01081e0
2026-02-20T03:12:54.371 INFO:teuthology.orchestra.run.trial032.stdout:/usr/bin/ceph: stderr
2026-02-20T03:12:54.212+0000 7ff6b558d640 1 -- 10.20.193.32:0/2677598126 --> [v2:10.20.193.32:3300/0,v1:10.20.193.32:6789/0] -- mon_subscribe({mgrmap=0+}) -- 0x7ff6b01a0ae0 con 0x7ff6b01081e0
2026-02-20T03:12:54.371 INFO:teuthology.orchestra.run.trial032.stdout:/usr/bin/ceph: stderr
2026-02-20T03:12:54.212+0000 7ff68ffff640 1 -- 10.20.193.32:0/2677598126 <== mon.0 v2:10.20.193.32:3300/0 3 ==== mon_map magic: 0 ==== 205+0+0 (secure 0 0 0) 0x7ff6a403c070 con 0x7ff6b01081e0
2026-02-20T03:12:54.371 INFO:teuthology.orchestra.run.trial032.stdout:/usr/bin/ceph: stderr
2026-02-20T03:12:54.212+0000 7ff6b558d640 1 -- 10.20.193.32:0/2677598126 --> [v2:10.20.193.32:3300/0,v1:10.20.193.32:6789/0] -- mon_subscribe({osdmap=0}) -- 0x7ff6b01a37d0 con 0x7ff6b01081e0
2026-02-20T03:12:54.371 INFO:teuthology.orchestra.run.trial032.stdout:/usr/bin/ceph: stderr
2026-02-20T03:12:54.212+0000 7ff6b558d640 1 -- 10.20.193.32:0/2677598126 --> [v2:10.20.193.32:3300/0,v1:10.20.193.32:6789/0] -- mon_command({"prefix": "get_command_descriptions"} v 0) -- 0x7ff6b010c910 con 0x7ff6b01081e0
2026-02-20T03:12:54.371 INFO:teuthology.orchestra.run.trial032.stdout:/usr/bin/ceph: stderr
2026-02-20T03:12:54.213+0000 7ff68ffff640 1 -- 10.20.193.32:0/2677598126 <== mon.0 v2:10.20.193.32:3300/0 4 ==== mgrmap(e 11) ==== 50154+0+0 (secure 0 0 0) 0x7ff6a404c440 con 0x7ff6b01081e0
2026-02-20T03:12:54.371 INFO:teuthology.orchestra.run.trial032.stdout:/usr/bin/ceph: stderr
2026-02-20T03:12:54.213+0000 7ff68ffff640 1 --2- 10.20.193.32:0/2677598126 >> [v2:10.20.193.32:6800/4257668105,v1:10.20.193.32:6801/4257668105] conn(0x7ff68403dad0 0x7ff68403ff90 unknown :-1 s=NONE pgs=0 cs=0 l=1 rev1=0 crypto rx=0 tx=0 comp rx=0 tx=0).connect
2026-02-20T03:12:54.372 INFO:teuthology.orchestra.run.trial032.stdout:/usr/bin/ceph: stderr
2026-02-20T03:12:54.213+0000 7ff68ffff640 1 -- 10.20.193.32:0/2677598126 <== mon.0 v2:10.20.193.32:3300/0 5 ==== osd_map(3..3 src has 1..3) ==== 1155+0+0 (secure 0 0 0) 0x7ff6a4076bf0 con 0x7ff6b01081e0
2026-02-20T03:12:54.372 INFO:teuthology.orchestra.run.trial032.stdout:/usr/bin/ceph: stderr
2026-02-20T03:12:54.213+0000 7ff6ae7fc640 1 --2- 10.20.193.32:0/2677598126 >> [v2:10.20.193.32:6800/4257668105,v1:10.20.193.32:6801/4257668105] conn(0x7ff68403dad0 0x7ff68403ff90 unknown :-1 s=BANNER_CONNECTING pgs=0 cs=0 l=1 rev1=0 crypto rx=0 tx=0 comp rx=0 tx=0)._handle_peer_banner_payload supported=3 required=0
2026-02-20T03:12:54.372 INFO:teuthology.orchestra.run.trial032.stdout:/usr/bin/ceph: stderr
2026-02-20T03:12:54.213+0000 7ff6ae7fc640 1 --2- 10.20.193.32:0/2677598126 >> [v2:10.20.193.32:6800/4257668105,v1:10.20.193.32:6801/4257668105] conn(0x7ff68403dad0 0x7ff68403ff90 secure :-1 s=READY pgs=10 cs=0 l=1 rev1=1 crypto rx=0x7ff6980099c0 tx=0x7ff698006eb0 comp rx=0 tx=0).ready entity=mgr.14150 client_cookie=0 server_cookie=0 in_seq=0 out_seq=0
2026-02-20T03:12:54.372 INFO:teuthology.orchestra.run.trial032.stdout:/usr/bin/ceph: stderr
2026-02-20T03:12:54.216+0000 7ff68ffff640 1 -- 10.20.193.32:0/2677598126 <== mon.0 v2:10.20.193.32:3300/0 6 ==== mon_command_ack([{"prefix": "get_command_descriptions"}]=0 v0) ==== 72+0+195341 (secure 0 0 0) 0x7ff6a407d080 con 0x7ff6b01081e0
2026-02-20T03:12:54.372 INFO:teuthology.orchestra.run.trial032.stdout:/usr/bin/ceph: stderr
2026-02-20T03:12:54.339+0000 7ff6b558d640 1 -- 10.20.193.32:0/2677598126 --> [v2:10.20.193.32:3300/0,v1:10.20.193.32:6789/0] -- mon_command([{prefix=config-key set, key=mgr/dashboard/cluster/status}] v 0) -- 0x7ff6b0108660 con 0x7ff6b01081e0
2026-02-20T03:12:54.372 INFO:teuthology.orchestra.run.trial032.stdout:/usr/bin/ceph: stderr
2026-02-20T03:12:54.341+0000 7ff68ffff640 1 -- 10.20.193.32:0/2677598126 <== mon.0 v2:10.20.193.32:3300/0 7 ==== mon_command_ack([{prefix=config-key set, key=mgr/dashboard/cluster/status}]=0 set mgr/dashboard/cluster/status v28)=0 set mgr/dashboard/cluster/status v28) ==== 153+0+0 (secure 0 0 0) 0x7ff6b0108660 con 0x7ff6b01081e0
2026-02-20T03:12:54.372 INFO:teuthology.orchestra.run.trial032.stdout:/usr/bin/ceph: stderr set mgr/dashboard/cluster/status
2026-02-20T03:12:54.372 INFO:teuthology.orchestra.run.trial032.stdout:/usr/bin/ceph: stderr
2026-02-20T03:12:54.342+0000 7ff6b558d640 1 -- 10.20.193.32:0/2677598126 >> [v2:10.20.193.32:6800/4257668105,v1:10.20.193.32:6801/4257668105] conn(0x7ff68403dad0 msgr2=0x7ff68403ff90 secure :-1 s=STATE_CONNECTION_ESTABLISHED l=1).mark_down
2026-02-20T03:12:54.372 INFO:teuthology.orchestra.run.trial032.stdout:/usr/bin/ceph: stderr
2026-02-20T03:12:54.342+0000 7ff6b558d640 1 --2- 10.20.193.32:0/2677598126 >> [v2:10.20.193.32:6800/4257668105,v1:10.20.193.32:6801/4257668105] conn(0x7ff68403dad0 0x7ff68403ff90 secure :-1 s=READY pgs=10 cs=0 l=1 rev1=1 crypto rx=0x7ff6980099c0 tx=0x7ff698006eb0 comp rx=0 tx=0).stop
2026-02-20T03:12:54.372 INFO:teuthology.orchestra.run.trial032.stdout:/usr/bin/ceph: stderr
2026-02-20T03:12:54.342+0000 7ff6b558d640 1 -- 10.20.193.32:0/2677598126 >> [v2:10.20.193.32:3300/0,v1:10.20.193.32:6789/0] conn(0x7ff6b01081e0 msgr2=0x7ff6b01a0310 secure :-1 s=STATE_CONNECTION_ESTABLISHED l=1).mark_down
2026-02-20T03:12:54.372 INFO:teuthology.orchestra.run.trial032.stdout:/usr/bin/ceph: stderr
2026-02-20T03:12:54.342+0000 7ff6b558d640 1 --2- 10.20.193.32:0/2677598126 >> [v2:10.20.193.32:3300/0,v1:10.20.193.32:6789/0] conn(0x7ff6b01081e0 0x7ff6b01a0310 secure :-1 s=READY pgs=75 cs=0 l=1 rev1=1 crypto rx=0x7ff6a4009a50 tx=0x7ff6a4037820 comp rx=0 tx=0).stop
2026-02-20T03:12:54.372 INFO:teuthology.orchestra.run.trial032.stdout:/usr/bin/ceph: stderr
2026-02-20T03:12:54.342+0000 7ff6b558d640 1 -- 10.20.193.32:0/2677598126 shutdown_connections
2026-02-20T03:12:54.373 INFO:teuthology.orchestra.run.trial032.stdout:/usr/bin/ceph: stderr
2026-02-20T03:12:54.342+0000 7ff6b558d640 1 --2- 10.20.193.32:0/2677598126 >> [v2:10.20.193.32:6800/4257668105,v1:10.20.193.32:6801/4257668105] conn(0x7ff68403dad0 0x7ff68403ff90 unknown :-1 s=CLOSED pgs=10 cs=0 l=1 rev1=1 crypto rx=0 tx=0 comp rx=0 tx=0).stop
2026-02-20T03:12:54.373 INFO:teuthology.orchestra.run.trial032.stdout:/usr/bin/ceph: stderr
2026-02-20T03:12:54.342+0000 7ff6b558d640 1 --2- 10.20.193.32:0/2677598126 >> [v2:10.20.193.32:3300/0,v1:10.20.193.32:6789/0] conn(0x7ff6b01081e0 0x7ff6b01a0310 unknown :-1 s=CLOSED pgs=75 cs=0 l=1 rev1=1 crypto rx=0 tx=0 comp rx=0 tx=0).stop
2026-02-20T03:12:54.373 INFO:teuthology.orchestra.run.trial032.stdout:/usr/bin/ceph: stderr
2026-02-20T03:12:54.342+0000 7ff6b558d640 1 -- 10.20.193.32:0/2677598126 >> 10.20.193.32:0/2677598126 conn(0x7ff6b0103950 msgr2=0x7ff6b01044a0 unknown :-1 s=STATE_NONE l=0).mark_down
2026-02-20T03:12:54.373 INFO:teuthology.orchestra.run.trial032.stdout:/usr/bin/ceph: stderr
2026-02-20T03:12:54.342+0000 7ff6b558d640 1 -- 10.20.193.32:0/2677598126 shutdown_connections
2026-02-20T03:12:54.373 INFO:teuthology.orchestra.run.trial032.stdout:/usr/bin/ceph: stderr
2026-02-20T03:12:54.342+0000 7ff6b558d640 1 -- 10.20.193.32:0/2677598126 wait complete.
2026-02-20T03:12:54.373 INFO:teuthology.orchestra.run.trial032.stdout:You can access the Ceph CLI as following in case of multi-cluster or non-default config:
2026-02-20T03:12:54.373 INFO:teuthology.orchestra.run.trial032.stdout:
2026-02-20T03:12:54.373 INFO:teuthology.orchestra.run.trial032.stdout: sudo /home/ubuntu/cephtest/cephadm shell --fsid f7a74ecd-0e09-11f1-ae08-d404e6e7d460 -c /etc/ceph/ceph.conf -k /etc/ceph/ceph.client.admin.keyring
2026-02-20T03:12:54.373 INFO:teuthology.orchestra.run.trial032.stdout:
2026-02-20T03:12:54.373 INFO:teuthology.orchestra.run.trial032.stdout:Or, if you are only running a single cluster on this host:
2026-02-20T03:12:54.373 INFO:teuthology.orchestra.run.trial032.stdout:
2026-02-20T03:12:54.374 INFO:teuthology.orchestra.run.trial032.stdout: sudo /home/ubuntu/cephtest/cephadm shell
2026-02-20T03:12:54.374 INFO:teuthology.orchestra.run.trial032.stdout:
2026-02-20T03:12:54.374 INFO:teuthology.orchestra.run.trial032.stdout:Please consider enabling telemetry to help improve Ceph:
2026-02-20T03:12:54.374 INFO:teuthology.orchestra.run.trial032.stdout:
2026-02-20T03:12:54.374 INFO:teuthology.orchestra.run.trial032.stdout: ceph telemetry on
2026-02-20T03:12:54.374 INFO:teuthology.orchestra.run.trial032.stdout:
2026-02-20T03:12:54.374 INFO:teuthology.orchestra.run.trial032.stdout:For more information see:
2026-02-20T03:12:54.374 INFO:teuthology.orchestra.run.trial032.stdout:
2026-02-20T03:12:54.374 INFO:teuthology.orchestra.run.trial032.stdout: https://docs.ceph.com/en/latest/mgr/telemetry/
2026-02-20T03:12:54.374 INFO:teuthology.orchestra.run.trial032.stdout:
2026-02-20T03:12:54.374 INFO:teuthology.orchestra.run.trial032.stdout:Bootstrap complete.
2026-02-20T03:12:54.391 INFO:tasks.cephadm:Fetching config...
2026-02-20T03:12:54.392 DEBUG:teuthology.orchestra.run.trial032:> set -ex
2026-02-20T03:12:54.392 DEBUG:teuthology.orchestra.run.trial032:> dd if=/etc/ceph/ceph.conf of=/dev/stdout
2026-02-20T03:12:54.409 INFO:tasks.cephadm:Fetching client.admin keyring...
2026-02-20T03:12:54.410 DEBUG:teuthology.orchestra.run.trial032:> set -ex
2026-02-20T03:12:54.410 DEBUG:teuthology.orchestra.run.trial032:> dd if=/etc/ceph/ceph.client.admin.keyring of=/dev/stdout
2026-02-20T03:12:54.466 INFO:tasks.cephadm:Fetching mon keyring...
2026-02-20T03:12:54.466 DEBUG:teuthology.orchestra.run.trial032:> set -ex
2026-02-20T03:12:54.466 DEBUG:teuthology.orchestra.run.trial032:> sudo dd if=/var/lib/ceph/f7a74ecd-0e09-11f1-ae08-d404e6e7d460/mon.a/keyring of=/dev/stdout
2026-02-20T03:12:54.530 INFO:tasks.cephadm:Fetching pub ssh key...
2026-02-20T03:12:54.530 DEBUG:teuthology.orchestra.run.trial032:> set -ex
2026-02-20T03:12:54.530 DEBUG:teuthology.orchestra.run.trial032:> dd if=/home/ubuntu/cephtest/ceph.pub of=/dev/stdout
2026-02-20T03:12:54.587 INFO:tasks.cephadm:Installing pub ssh key for root users...
2026-02-20T03:12:54.588 DEBUG:teuthology.orchestra.run.trial032:> sudo install -d -m 0700 /root/.ssh && echo 'ssh-ed25519 AAAAC3NzaC1lZDI1NTE5AAAAIB9bf8F+/itMmQfjTIYRsKi2Rkqj3QussYvDBOKYDbyt ceph-f7a74ecd-0e09-11f1-ae08-d404e6e7d460' | sudo tee -a /root/.ssh/authorized_keys && sudo chmod 0600 /root/.ssh/authorized_keys
2026-02-20T03:12:54.661 INFO:teuthology.orchestra.run.trial032.stdout:ssh-ed25519 AAAAC3NzaC1lZDI1NTE5AAAAIB9bf8F+/itMmQfjTIYRsKi2Rkqj3QussYvDBOKYDbyt ceph-f7a74ecd-0e09-11f1-ae08-d404e6e7d460
2026-02-20T03:12:54.671 DEBUG:teuthology.orchestra.run.trial034:> sudo install -d -m 0700 /root/.ssh && echo 'ssh-ed25519 AAAAC3NzaC1lZDI1NTE5AAAAIB9bf8F+/itMmQfjTIYRsKi2Rkqj3QussYvDBOKYDbyt ceph-f7a74ecd-0e09-11f1-ae08-d404e6e7d460' | sudo tee -a /root/.ssh/authorized_keys && sudo chmod 0600 /root/.ssh/authorized_keys
2026-02-20T03:12:54.707 INFO:teuthology.orchestra.run.trial034.stdout:ssh-ed25519 AAAAC3NzaC1lZDI1NTE5AAAAIB9bf8F+/itMmQfjTIYRsKi2Rkqj3QussYvDBOKYDbyt ceph-f7a74ecd-0e09-11f1-ae08-d404e6e7d460
2026-02-20T03:12:54.718 DEBUG:teuthology.orchestra.run.trial132:> sudo install -d -m 0700 /root/.ssh && echo 'ssh-ed25519 AAAAC3NzaC1lZDI1NTE5AAAAIB9bf8F+/itMmQfjTIYRsKi2Rkqj3QussYvDBOKYDbyt ceph-f7a74ecd-0e09-11f1-ae08-d404e6e7d460' | sudo tee -a /root/.ssh/authorized_keys && sudo chmod 0600 /root/.ssh/authorized_keys
2026-02-20T03:12:54.753 INFO:teuthology.orchestra.run.trial132.stdout:ssh-ed25519 AAAAC3NzaC1lZDI1NTE5AAAAIB9bf8F+/itMmQfjTIYRsKi2Rkqj3QussYvDBOKYDbyt ceph-f7a74ecd-0e09-11f1-ae08-d404e6e7d460
2026-02-20T03:12:54.763 DEBUG:teuthology.orchestra.run.trial032:> sudo /home/ubuntu/cephtest/cephadm --image quay.ceph.io/ceph-ci/ceph:f4ef35d9be574462cb661d0e0cbb2e9fbfb23f03 shell -c /etc/ceph/ceph.conf -k /etc/ceph/ceph.client.admin.keyring --fsid f7a74ecd-0e09-11f1-ae08-d404e6e7d460 -- ceph config set mgr mgr/cephadm/allow_ptrace true
2026-02-20T03:12:54.913 INFO:teuthology.orchestra.run.trial032.stderr:Inferring config /var/lib/ceph/f7a74ecd-0e09-11f1-ae08-d404e6e7d460/mon.a/config
2026-02-20T03:12:55.023 INFO:teuthology.orchestra.run.trial032.stderr:2026-02-20T03:12:55.018+0000 7fc5a4487640 1 -- 10.20.193.32:0/4179016352 >> [v2:10.20.193.32:3300/0,v1:10.20.193.32:6789/0] conn(0x7fc59c108ae0 msgr2=0x7fc59c108ee0 secure :-1 s=STATE_CONNECTION_ESTABLISHED l=1).mark_down
2026-02-20T03:12:55.023 INFO:teuthology.orchestra.run.trial032.stderr:2026-02-20T03:12:55.018+0000 7fc5a4487640 1 --2- 10.20.193.32:0/4179016352 >> [v2:10.20.193.32:3300/0,v1:10.20.193.32:6789/0] conn(0x7fc59c108ae0 0x7fc59c108ee0 secure :-1 s=READY pgs=76 cs=0 l=1 rev1=1 crypto rx=0x7fc58c0099b0 tx=0x7fc58c02f2b0 comp rx=0 tx=0).stop
2026-02-20T03:12:55.024 INFO:teuthology.orchestra.run.trial032.stderr:2026-02-20T03:12:55.018+0000 7fc5a4487640 1 -- 10.20.193.32:0/4179016352 shutdown_connections
2026-02-20T03:12:55.024 INFO:teuthology.orchestra.run.trial032.stderr:2026-02-20T03:12:55.018+0000 7fc5a4487640 1 --2- 10.20.193.32:0/4179016352 >> [v2:10.20.193.32:3300/0,v1:10.20.193.32:6789/0] conn(0x7fc59c108ae0 0x7fc59c108ee0 unknown :-1 s=CLOSED pgs=76 cs=0 l=1 rev1=1 crypto rx=0 tx=0 comp rx=0 tx=0).stop
2026-02-20T03:12:55.024 INFO:teuthology.orchestra.run.trial032.stderr:2026-02-20T03:12:55.018+0000 7fc5a4487640 1 -- 10.20.193.32:0/4179016352 >> 10.20.193.32:0/4179016352 conn(0x7fc59c077be0 msgr2=0x7fc59c07a020 unknown :-1 s=STATE_NONE l=0).mark_down
2026-02-20T03:12:55.024 INFO:teuthology.orchestra.run.trial032.stderr:2026-02-20T03:12:55.018+0000 7fc5a4487640 1 -- 10.20.193.32:0/4179016352 shutdown_connections
2026-02-20T03:12:55.024 INFO:teuthology.orchestra.run.trial032.stderr:2026-02-20T03:12:55.018+0000 7fc5a4487640 1 -- 10.20.193.32:0/4179016352 wait complete.
2026-02-20T03:12:55.024 INFO:teuthology.orchestra.run.trial032.stderr:2026-02-20T03:12:55.018+0000 7fc5a4487640 1 Processor -- start
2026-02-20T03:12:55.024 INFO:teuthology.orchestra.run.trial032.stderr:2026-02-20T03:12:55.018+0000 7fc5a4487640 1 -- start start
2026-02-20T03:12:55.024 INFO:teuthology.orchestra.run.trial032.stderr:2026-02-20T03:12:55.018+0000 7fc5a4487640 1 --2- >> [v2:10.20.193.32:3300/0,v1:10.20.193.32:6789/0] conn(0x7fc59c108ae0 0x7fc59c1a0070 unknown :-1 s=NONE pgs=0 cs=0 l=1 rev1=0 crypto rx=0 tx=0 comp rx=0 tx=0).connect
2026-02-20T03:12:55.024 INFO:teuthology.orchestra.run.trial032.stderr:2026-02-20T03:12:55.018+0000 7fc5a4487640 1 -- --> [v2:10.20.193.32:3300/0,v1:10.20.193.32:6789/0] -- mon_getmap magic: 0 -- 0x7fc59c10ea70 con 0x7fc59c108ae0
2026-02-20T03:12:55.024 INFO:teuthology.orchestra.run.trial032.stderr:2026-02-20T03:12:55.019+0000 7fc5a21fc640 1 --2- >> [v2:10.20.193.32:3300/0,v1:10.20.193.32:6789/0] conn(0x7fc59c108ae0 0x7fc59c1a0070 unknown :-1 s=BANNER_CONNECTING pgs=0 cs=0 l=1 rev1=0 crypto rx=0 tx=0 comp rx=0 tx=0)._handle_peer_banner_payload supported=3 required=0
2026-02-20T03:12:55.025 INFO:teuthology.orchestra.run.trial032.stderr:2026-02-20T03:12:55.019+0000 7fc5a21fc640 1 --2- >> [v2:10.20.193.32:3300/0,v1:10.20.193.32:6789/0] conn(0x7fc59c108ae0 0x7fc59c1a0070 unknown :-1 s=HELLO_CONNECTING pgs=0 cs=0 l=1 rev1=1 crypto rx=0 tx=0 comp rx=0 tx=0).handle_hello peer v2:10.20.193.32:3300/0 says I am v2:10.20.193.32:59574/0 (socket says 10.20.193.32:59574)
2026-02-20T03:12:55.025 INFO:teuthology.orchestra.run.trial032.stderr:2026-02-20T03:12:55.019+0000 7fc5a21fc640 1 -- 10.20.193.32:0/2193841883 learned_addr learned my addr 10.20.193.32:0/2193841883 (peer_addr_for_me v2:10.20.193.32:0/0)
2026-02-20T03:12:55.025 INFO:teuthology.orchestra.run.trial032.stderr:2026-02-20T03:12:55.019+0000 7fc5a21fc640 1 -- 10.20.193.32:0/2193841883 --> [v2:10.20.193.32:3300/0,v1:10.20.193.32:6789/0] -- mon_subscribe({config=0+,monmap=0+}) -- 0x7fc59c1a05b0 con 0x7fc59c108ae0
2026-02-20T03:12:55.025 INFO:teuthology.orchestra.run.trial032.stderr:2026-02-20T03:12:55.019+0000 7fc5a21fc640 1 --2- 10.20.193.32:0/2193841883 >> [v2:10.20.193.32:3300/0,v1:10.20.193.32:6789/0] conn(0x7fc59c108ae0 0x7fc59c1a0070 secure :-1 s=READY pgs=77 cs=0 l=1 rev1=1 crypto rx=0x7fc58c0042c0 tx=0x7fc58c0042f0 comp rx=0 tx=0).ready entity=mon.0 client_cookie=0 server_cookie=0 in_seq=0 out_seq=0
2026-02-20T03:12:55.025 INFO:teuthology.orchestra.run.trial032.stderr:2026-02-20T03:12:55.019+0000 7fc5837fe640 1 -- 10.20.193.32:0/2193841883 <== mon.0 v2:10.20.193.32:3300/0 1 ==== mon_map magic: 0 ==== 205+0+0 (secure 0 0 0) 0x7fc58c002e40 con 0x7fc59c108ae0
