2026-02-20T03:22:19.503+0000 7ff1ef4a3640 1 -- 10.20.193.23:0/418658788 --> [v2:10.20.193.23:3300/0,v1:10.20.193.23:6789/0] -- mon_subscribe({osdmap=0}) -- 0x7ff1e81a3650 con 0x7ff1e810a910
2026-02-20T03:22:19.681 INFO:teuthology.orchestra.run.trial023.stdout:/usr/bin/ceph: stderr
2026-02-20T03:22:19.503+0000 7ff1ef4a3640 1 -- 10.20.193.23:0/418658788 --> [v2:10.20.193.23:3300/0,v1:10.20.193.23:6789/0] -- mon_command({"prefix": "get_command_descriptions"} v 0) -- 0x7ff1e810adb0 con 0x7ff1e810a910
2026-02-20T03:22:19.681 INFO:teuthology.orchestra.run.trial023.stdout:/usr/bin/ceph: stderr
2026-02-20T03:22:19.504+0000 7ff1cf7fe640 1 -- 10.20.193.23:0/418658788 <== mon.0 v2:10.20.193.23:3300/0 4 ==== mgrmap(e 7) ==== 50247+0+0 (secure 0 0 0) 0x7ff1d8040900 con 0x7ff1e810a910
2026-02-20T03:22:19.682 INFO:teuthology.orchestra.run.trial023.stdout:/usr/bin/ceph: stderr
2026-02-20T03:22:19.504+0000 7ff1cf7fe640 1 --2- 10.20.193.23:0/418658788 >> [v2:10.20.193.23:6800/652378868,v1:10.20.193.23:6801/652378868] conn(0x7ff1c403dbf0 0x7ff1c40400b0 unknown :-1 s=NONE pgs=0 cs=0 l=1 rev1=0 crypto rx=0 tx=0 comp rx=0 tx=0).connect
2026-02-20T03:22:19.682 INFO:teuthology.orchestra.run.trial023.stdout:/usr/bin/ceph: stderr
2026-02-20T03:22:19.504+0000 7ff1cf7fe640 1 -- 10.20.193.23:0/418658788 <== mon.0 v2:10.20.193.23:3300/0 5 ==== osd_map(2..2 src has 1..2) ==== 940+0+0 (secure 0 0 0) 0x7ff1d80767e0 con 0x7ff1e810a910
2026-02-20T03:22:19.682 INFO:teuthology.orchestra.run.trial023.stdout:/usr/bin/ceph: stderr
2026-02-20T03:22:19.505+0000 7ff1edca0640 1 --2- 10.20.193.23:0/418658788 >> [v2:10.20.193.23:6800/652378868,v1:10.20.193.23:6801/652378868] conn(0x7ff1c403dbf0 0x7ff1c40400b0 unknown :-1 s=BANNER_CONNECTING pgs=0 cs=0 l=1 rev1=0 crypto rx=0 tx=0 comp rx=0 tx=0)._handle_peer_banner_payload supported=3 required=0
2026-02-20T03:22:19.682 INFO:teuthology.orchestra.run.trial023.stdout:/usr/bin/ceph: stderr
2026-02-20T03:22:19.505+0000 7ff1edca0640 1 --2- 10.20.193.23:0/418658788 >> [v2:10.20.193.23:6800/652378868,v1:10.20.193.23:6801/652378868] conn(0x7ff1c403dbf0 0x7ff1c40400b0 secure :-1 s=READY pgs=10 cs=0 l=1 rev1=1 crypto rx=0x7ff1dc0099c0 tx=0x7ff1dc006eb0 comp rx=0 tx=0).ready entity=mgr.14118 client_cookie=0 server_cookie=0 in_seq=0 out_seq=0
2026-02-20T03:22:19.682 INFO:teuthology.orchestra.run.trial023.stdout:/usr/bin/ceph: stderr
2026-02-20T03:22:19.507+0000 7ff1cf7fe640 1 -- 10.20.193.23:0/418658788 <== mon.0 v2:10.20.193.23:3300/0 6 ==== mon_command_ack([{"prefix": "get_command_descriptions"}]=0 v0) ==== 72+0+195341 (secure 0 0 0) 0x7ff1d80406b0 con 0x7ff1e810a910
2026-02-20T03:22:19.682 INFO:teuthology.orchestra.run.trial023.stdout:/usr/bin/ceph: stderr
2026-02-20T03:22:19.598+0000 7ff1ef4a3640 1 -- 10.20.193.23:0/418658788 --> [v2:10.20.193.23:6800/652378868,v1:10.20.193.23:6801/652378868] -- mgr_command(tid 0: {"prefix": "cephadm get-pub-key", "target": ["mon-mgr", ""]}) -- 0x7ff1e8108f70 con 0x7ff1c403dbf0
2026-02-20T03:22:19.682 INFO:teuthology.orchestra.run.trial023.stdout:/usr/bin/ceph: stderr
2026-02-20T03:22:19.599+0000 7ff1cf7fe640 1 -- 10.20.193.23:0/418658788 <== mgr.14118 v2:10.20.193.23:6800/652378868 1 ==== mgr_command_reply(tid 0: 0 ) ==== 8+0+123 (secure 0 0 0) 0x7ff1e8108f70 con 0x7ff1c403dbf0
2026-02-20T03:22:19.682 INFO:teuthology.orchestra.run.trial023.stdout:/usr/bin/ceph: stderr
2026-02-20T03:22:19.600+0000 7ff1ef4a3640 1 -- 10.20.193.23:0/418658788 >> [v2:10.20.193.23:6800/652378868,v1:10.20.193.23:6801/652378868] conn(0x7ff1c403dbf0 msgr2=0x7ff1c40400b0 secure :-1 s=STATE_CONNECTION_ESTABLISHED l=1).mark_down
2026-02-20T03:22:19.682 INFO:teuthology.orchestra.run.trial023.stdout:/usr/bin/ceph: stderr
2026-02-20T03:22:19.600+0000 7ff1ef4a3640 1 --2- 10.20.193.23:0/418658788 >> [v2:10.20.193.23:6800/652378868,v1:10.20.193.23:6801/652378868] conn(0x7ff1c403dbf0 0x7ff1c40400b0 secure :-1 s=READY pgs=10 cs=0 l=1 rev1=1 crypto rx=0x7ff1dc0099c0 tx=0x7ff1dc006eb0 comp rx=0 tx=0).stop
2026-02-20T03:22:19.682 INFO:teuthology.orchestra.run.trial023.stdout:/usr/bin/ceph: stderr
2026-02-20T03:22:19.600+0000 7ff1ef4a3640 1 -- 10.20.193.23:0/418658788 >> [v2:10.20.193.23:3300/0,v1:10.20.193.23:6789/0] conn(0x7ff1e810a910 msgr2=0x7ff1e81a0190 secure :-1 s=STATE_CONNECTION_ESTABLISHED l=1).mark_down
2026-02-20T03:22:19.682 INFO:teuthology.orchestra.run.trial023.stdout:/usr/bin/ceph: stderr
2026-02-20T03:22:19.600+0000 7ff1ef4a3640 1 --2- 10.20.193.23:0/418658788 >> [v2:10.20.193.23:3300/0,v1:10.20.193.23:6789/0] conn(0x7ff1e810a910 0x7ff1e81a0190 secure :-1 s=READY pgs=42 cs=0 l=1 rev1=1 crypto rx=0x7ff1d8006fd0 tx=0x7ff1d8037bb0 comp rx=0 tx=0).stop
2026-02-20T03:22:19.683 INFO:teuthology.orchestra.run.trial023.stdout:/usr/bin/ceph: stderr
2026-02-20T03:22:19.600+0000 7ff1ef4a3640 1 -- 10.20.193.23:0/418658788 shutdown_connections
2026-02-20T03:22:19.683 INFO:teuthology.orchestra.run.trial023.stdout:/usr/bin/ceph: stderr
2026-02-20T03:22:19.600+0000 7ff1ef4a3640 1 --2- 10.20.193.23:0/418658788 >> [v2:10.20.193.23:6800/652378868,v1:10.20.193.23:6801/652378868] conn(0x7ff1c403dbf0 0x7ff1c40400b0 unknown :-1 s=CLOSED pgs=10 cs=0 l=1 rev1=1 crypto rx=0 tx=0 comp rx=0 tx=0).stop
2026-02-20T03:22:19.683 INFO:teuthology.orchestra.run.trial023.stdout:/usr/bin/ceph: stderr
2026-02-20T03:22:19.600+0000 7ff1ef4a3640 1 --2- 10.20.193.23:0/418658788 >> [v2:10.20.193.23:3300/0,v1:10.20.193.23:6789/0] conn(0x7ff1e810a910 0x7ff1e81a0190 unknown :-1 s=CLOSED pgs=42 cs=0 l=1 rev1=1 crypto rx=0 tx=0 comp rx=0 tx=0).stop
2026-02-20T03:22:19.683 INFO:teuthology.orchestra.run.trial023.stdout:/usr/bin/ceph: stderr
2026-02-20T03:22:19.600+0000 7ff1ef4a3640 1 -- 10.20.193.23:0/418658788 >> 10.20.193.23:0/418658788 conn(0x7ff1e807d8d0 msgr2=0x7ff1e8108860 unknown :-1 s=STATE_NONE l=0).mark_down
2026-02-20T03:22:19.683 INFO:teuthology.orchestra.run.trial023.stdout:/usr/bin/ceph: stderr
2026-02-20T03:22:19.600+0000 7ff1ef4a3640 1 -- 10.20.193.23:0/418658788 shutdown_connections
2026-02-20T03:22:19.683 INFO:teuthology.orchestra.run.trial023.stdout:/usr/bin/ceph: stderr
2026-02-20T03:22:19.600+0000 7ff1ef4a3640 1 -- 10.20.193.23:0/418658788 wait complete.
2026-02-20T03:22:19.683 INFO:teuthology.orchestra.run.trial023.stdout:Wrote public SSH key to /home/ubuntu/cephtest/ceph.pub
2026-02-20T03:22:19.683 INFO:teuthology.orchestra.run.trial023.stdout:Adding key to root@localhost authorized_keys...
2026-02-20T03:22:19.683 INFO:teuthology.orchestra.run.trial023.stdout:Adding host trial023...
2026-02-20T03:22:20.293 INFO:journalctl@ceph.mon.a.trial023.stdout:Feb 20 03:22:20 trial023 ceph-mon[38549]: from='client.14130 -' entity='client.admin' cmd=[{"prefix": "orch set backend", "module_name": "cephadm", "target": ["mon-mgr", ""]}]: dispatch
2026-02-20T03:22:20.293 INFO:journalctl@ceph.mon.a.trial023.stdout:Feb 20 03:22:20 trial023 ceph-mon[38549]: [20/Feb/2026:03:22:18] ENGINE Serving on https://10.20.193.23:7150
2026-02-20T03:22:20.294 INFO:journalctl@ceph.mon.a.trial023.stdout:Feb 20 03:22:20 trial023 ceph-mon[38549]: [20/Feb/2026:03:22:18] ENGINE Client ('10.20.193.23', 40666) lost — peer dropped the TLS connection suddenly, during handshake: (6, 'TLS/SSL connection has been closed (EOF) (_ssl.c:1147)')
2026-02-20T03:22:20.294 INFO:journalctl@ceph.mon.a.trial023.stdout:Feb 20 03:22:20 trial023 ceph-mon[38549]: [20/Feb/2026:03:22:18] ENGINE Serving on http://10.20.193.23:8765
2026-02-20T03:22:20.294 INFO:journalctl@ceph.mon.a.trial023.stdout:Feb 20 03:22:20 trial023 ceph-mon[38549]: [20/Feb/2026:03:22:18] ENGINE Bus STARTED
2026-02-20T03:22:20.294 INFO:journalctl@ceph.mon.a.trial023.stdout:Feb 20 03:22:20 trial023 ceph-mon[38549]: from='client.14132 -' entity='client.admin' cmd=[{"prefix": "cephadm set-user", "user": "root", "target": ["mon-mgr", ""]}]: dispatch
2026-02-20T03:22:20.294 INFO:journalctl@ceph.mon.a.trial023.stdout:Feb 20 03:22:20 trial023 ceph-mon[38549]: from='client.14134 -' entity='client.admin' cmd=[{"prefix": "cephadm generate-key", "target": ["mon-mgr", ""]}]: dispatch
2026-02-20T03:22:20.294 INFO:journalctl@ceph.mon.a.trial023.stdout:Feb 20 03:22:20 trial023 ceph-mon[38549]: Generating ssh key...
2026-02-20T03:22:20.294 INFO:journalctl@ceph.mon.a.trial023.stdout:Feb 20 03:22:20 trial023 ceph-mon[38549]: from='mgr.14118 10.20.193.23:0/779963946' entity='mgr.x'
2026-02-20T03:22:20.294 INFO:journalctl@ceph.mon.a.trial023.stdout:Feb 20 03:22:20 trial023 ceph-mon[38549]: from='mgr.14118 10.20.193.23:0/779963946' entity='mgr.x'
2026-02-20T03:22:20.294 INFO:journalctl@ceph.mon.a.trial023.stdout:Feb 20 03:22:20 trial023 ceph-mon[38549]: mgrmap e7: x(active, since 2s)
2026-02-20T03:22:21.478 INFO:journalctl@ceph.mon.a.trial023.stdout:Feb 20 03:22:21 trial023 ceph-mon[38549]: from='client.14136 -' entity='client.admin' cmd=[{"prefix": "cephadm get-pub-key", "target": ["mon-mgr", ""]}]: dispatch
2026-02-20T03:22:21.478 INFO:journalctl@ceph.mon.a.trial023.stdout:Feb 20 03:22:21 trial023 ceph-mon[38549]: from='client.14138 -' entity='client.admin' cmd=[{"prefix": "orch host add", "hostname": "trial023", "addr": "10.20.193.23", "target": ["mon-mgr", ""]}]: dispatch
2026-02-20T03:22:22.023 INFO:teuthology.orchestra.run.trial023.stdout:/usr/bin/ceph: stdout Added host 'trial023' with addr '10.20.193.23'
2026-02-20T03:22:22.024 INFO:teuthology.orchestra.run.trial023.stdout:/usr/bin/ceph: stderr
2026-02-20T03:22:19.864+0000 7f80135f0640 1 Processor -- start
2026-02-20T03:22:22.024 INFO:teuthology.orchestra.run.trial023.stdout:/usr/bin/ceph: stderr
2026-02-20T03:22:19.864+0000 7f80135f0640 1 -- start start
2026-02-20T03:22:22.024 INFO:teuthology.orchestra.run.trial023.stdout:/usr/bin/ceph: stderr
2026-02-20T03:22:19.864+0000 7f80135f0640 1 --2- >> [v2:10.20.193.23:3300/0,v1:10.20.193.23:6789/0] conn(0x7f800c073c20 0x7f800c074020 unknown :-1 s=NONE pgs=0 cs=0 l=0 rev1=0 crypto rx=0 tx=0 comp rx=0 tx=0).connect
2026-02-20T03:22:22.024 INFO:teuthology.orchestra.run.trial023.stdout:/usr/bin/ceph: stderr
2026-02-20T03:22:19.864+0000 7f80135f0640 1 -- --> [v2:10.20.193.23:3300/0,v1:10.20.193.23:6789/0] -- mon_getmap magic: 0 -- 0x7f800c074560 con 0x7f800c073c20
2026-02-20T03:22:22.024 INFO:teuthology.orchestra.run.trial023.stdout:/usr/bin/ceph: stderr
2026-02-20T03:22:19.865+0000 7f8011365640 1 --2- >> [v2:10.20.193.23:3300/0,v1:10.20.193.23:6789/0] conn(0x7f800c073c20 0x7f800c074020 unknown :-1 s=BANNER_CONNECTING pgs=0 cs=0 l=0 rev1=0 crypto rx=0 tx=0 comp rx=0 tx=0)._handle_peer_banner_payload supported=3 required=0
2026-02-20T03:22:22.024 INFO:teuthology.orchestra.run.trial023.stdout:/usr/bin/ceph: stderr
2026-02-20T03:22:19.865+0000 7f8011365640 1 --2- >> [v2:10.20.193.23:3300/0,v1:10.20.193.23:6789/0] conn(0x7f800c073c20 0x7f800c074020 unknown :-1 s=HELLO_CONNECTING pgs=0 cs=0 l=0 rev1=1 crypto rx=0 tx=0 comp rx=0 tx=0).handle_hello peer v2:10.20.193.23:3300/0 says I am v2:10.20.193.23:55674/0 (socket says 10.20.193.23:55674)
2026-02-20T03:22:22.025 INFO:teuthology.orchestra.run.trial023.stdout:/usr/bin/ceph: stderr
2026-02-20T03:22:19.865+0000 7f8011365640 1 -- 10.20.193.23:0/2169848487 learned_addr learned my addr 10.20.193.23:0/2169848487 (peer_addr_for_me v2:10.20.193.23:0/0)
2026-02-20T03:22:22.025 INFO:teuthology.orchestra.run.trial023.stdout:/usr/bin/ceph: stderr
2026-02-20T03:22:19.865+0000 7f8011365640 1 -- 10.20.193.23:0/2169848487 --> [v2:10.20.193.23:3300/0,v1:10.20.193.23:6789/0] -- mon_subscribe({config=0+,monmap=0+}) -- 0x7f800c0746e0 con 0x7f800c073c20
2026-02-20T03:22:22.025 INFO:teuthology.orchestra.run.trial023.stdout:/usr/bin/ceph: stderr
2026-02-20T03:22:19.866+0000 7f8011365640 1 --2- 10.20.193.23:0/2169848487 >> [v2:10.20.193.23:3300/0,v1:10.20.193.23:6789/0] conn(0x7f800c073c20 0x7f800c074020 secure :-1 s=READY pgs=43 cs=0 l=1 rev1=1 crypto rx=0x7f7ffc009920 tx=0x7f7ffc02ef20 comp rx=0 tx=0).ready entity=mon.0 client_cookie=3de396cfd9f6cae8 server_cookie=0 in_seq=0 out_seq=0
2026-02-20T03:22:22.025 INFO:teuthology.orchestra.run.trial023.stdout:/usr/bin/ceph: stderr
2026-02-20T03:22:19.866+0000 7f7ffbfff640 1 -- 10.20.193.23:0/2169848487 <== mon.0 v2:10.20.193.23:3300/0 1 ==== mon_map magic: 0 ==== 205+0+0 (secure 0 0 0) 0x7f7ffc03c070 con 0x7f800c073c20
2026-02-20T03:22:22.025 INFO:teuthology.orchestra.run.trial023.stdout:/usr/bin/ceph: stderr
2026-02-20T03:22:19.866+0000 7f7ffbfff640 1 -- 10.20.193.23:0/2169848487 <== mon.0 v2:10.20.193.23:3300/0 2 ==== config(26 keys) ==== 1045+0+0 (secure 0 0 0) 0x7f7ffc037440 con 0x7f800c073c20
2026-02-20T03:22:22.025 INFO:teuthology.orchestra.run.trial023.stdout:/usr/bin/ceph: stderr
2026-02-20T03:22:19.866+0000 7f7ffbfff640 1 -- 10.20.193.23:0/2169848487 <== mon.0 v2:10.20.193.23:3300/0 3 ==== mon_map magic: 0 ==== 205+0+0 (secure 0 0 0) 0x7f7ffc0354b0 con 0x7f800c073c20
2026-02-20T03:22:22.025 INFO:teuthology.orchestra.run.trial023.stdout:/usr/bin/ceph: stderr
2026-02-20T03:22:19.866+0000 7f80135f0640 1 -- 10.20.193.23:0/2169848487 >> [v2:10.20.193.23:3300/0,v1:10.20.193.23:6789/0] conn(0x7f800c073c20 msgr2=0x7f800c074020 secure :-1 s=STATE_CONNECTION_ESTABLISHED l=1).mark_down
2026-02-20T03:22:22.025 INFO:teuthology.orchestra.run.trial023.stdout:/usr/bin/ceph: stderr
2026-02-20T03:22:19.866+0000 7f80135f0640 1 --2- 10.20.193.23:0/2169848487 >> [v2:10.20.193.23:3300/0,v1:10.20.193.23:6789/0] conn(0x7f800c073c20 0x7f800c074020 secure :-1 s=READY pgs=43 cs=0 l=1 rev1=1 crypto rx=0x7f7ffc009920 tx=0x7f7ffc02ef20 comp rx=0 tx=0).stop
2026-02-20T03:22:22.025 INFO:teuthology.orchestra.run.trial023.stdout:/usr/bin/ceph: stderr
2026-02-20T03:22:19.866+0000 7f80135f0640 1 -- 10.20.193.23:0/2169848487 shutdown_connections
2026-02-20T03:22:22.025 INFO:teuthology.orchestra.run.trial023.stdout:/usr/bin/ceph: stderr
2026-02-20T03:22:19.866+0000 7f80135f0640 1 --2- 10.20.193.23:0/2169848487 >> [v2:10.20.193.23:3300/0,v1:10.20.193.23:6789/0] conn(0x7f800c073c20 0x7f800c074020 unknown :-1 s=CLOSED pgs=43 cs=0 l=1 rev1=1 crypto rx=0 tx=0 comp rx=0 tx=0).stop
2026-02-20T03:22:22.025 INFO:teuthology.orchestra.run.trial023.stdout:/usr/bin/ceph: stderr
2026-02-20T03:22:19.866+0000 7f80135f0640 1 -- 10.20.193.23:0/2169848487 >> 10.20.193.23:0/2169848487 conn(0x7f800c06e600 msgr2=0x7f800c070a60 unknown :-1 s=STATE_NONE l=0).mark_down
2026-02-20T03:22:22.026 INFO:teuthology.orchestra.run.trial023.stdout:/usr/bin/ceph: stderr
2026-02-20T03:22:19.867+0000 7f80135f0640 1 -- 10.20.193.23:0/2169848487 shutdown_connections
2026-02-20T03:22:22.026 INFO:teuthology.orchestra.run.trial023.stdout:/usr/bin/ceph: stderr
2026-02-20T03:22:19.867+0000 7f80135f0640 1 -- 10.20.193.23:0/2169848487 wait complete.
2026-02-20T03:22:22.026 INFO:teuthology.orchestra.run.trial023.stdout:/usr/bin/ceph: stderr
2026-02-20T03:22:19.867+0000 7f80135f0640 1 Processor -- start
2026-02-20T03:22:22.026 INFO:teuthology.orchestra.run.trial023.stdout:/usr/bin/ceph: stderr
2026-02-20T03:22:19.867+0000 7f80135f0640 1 -- start start
2026-02-20T03:22:22.026 INFO:teuthology.orchestra.run.trial023.stdout:/usr/bin/ceph: stderr
2026-02-20T03:22:19.868+0000 7f80135f0640 1 --2- >> [v2:10.20.193.23:3300/0,v1:10.20.193.23:6789/0] conn(0x7f800c073c20 0x7f800c1ad220 unknown :-1 s=NONE pgs=0 cs=0 l=1 rev1=0 crypto rx=0 tx=0 comp rx=0 tx=0).connect
2026-02-20T03:22:22.026 INFO:teuthology.orchestra.run.trial023.stdout:/usr/bin/ceph: stderr
2026-02-20T03:22:19.868+0000 7f80135f0640 1 -- --> [v2:10.20.193.23:3300/0,v1:10.20.193.23:6789/0] -- mon_getmap magic: 0 -- 0x7f800c073110 con 0x7f800c073c20
2026-02-20T03:22:22.026 INFO:teuthology.orchestra.run.trial023.stdout:/usr/bin/ceph: stderr
2026-02-20T03:22:19.868+0000 7f8011365640 1 --2- >> [v2:10.20.193.23:3300/0,v1:10.20.193.23:6789/0] conn(0x7f800c073c20 0x7f800c1ad220 unknown :-1 s=BANNER_CONNECTING pgs=0 cs=0 l=1 rev1=0 crypto rx=0 tx=0 comp rx=0 tx=0)._handle_peer_banner_payload supported=3 required=0
2026-02-20T03:22:22.026 INFO:teuthology.orchestra.run.trial023.stdout:/usr/bin/ceph: stderr
2026-02-20T03:22:19.868+0000 7f8011365640 1 --2- >> [v2:10.20.193.23:3300/0,v1:10.20.193.23:6789/0] conn(0x7f800c073c20 0x7f800c1ad220 unknown :-1 s=HELLO_CONNECTING pgs=0 cs=0 l=1 rev1=1 crypto rx=0 tx=0 comp rx=0 tx=0).handle_hello peer v2:10.20.193.23:3300/0 says I am v2:10.20.193.23:55684/0 (socket says 10.20.193.23:55684)
2026-02-20T03:22:22.026 INFO:teuthology.orchestra.run.trial023.stdout:/usr/bin/ceph: stderr
2026-02-20T03:22:19.868+0000 7f8011365640 1 -- 10.20.193.23:0/3865385826 learned_addr learned my addr 10.20.193.23:0/3865385826 (peer_addr_for_me v2:10.20.193.23:0/0)
2026-02-20T03:22:22.026 INFO:teuthology.orchestra.run.trial023.stdout:/usr/bin/ceph: stderr
2026-02-20T03:22:19.868+0000 7f8011365640 1 -- 10.20.193.23:0/3865385826 --> [v2:10.20.193.23:3300/0,v1:10.20.193.23:6789/0] -- mon_subscribe({config=0+,monmap=0+}) -- 0x7f800c1ad760 con 0x7f800c073c20
2026-02-20T03:22:22.026 INFO:teuthology.orchestra.run.trial023.stdout:/usr/bin/ceph: stderr
2026-02-20T03:22:19.868+0000 7f8011365640 1 --2- 10.20.193.23:0/3865385826 >> [v2:10.20.193.23:3300/0,v1:10.20.193.23:6789/0] conn(0x7f800c073c20 0x7f800c1ad220 secure :-1 s=READY pgs=44 cs=0 l=1 rev1=1 crypto rx=0x7f7ffc037cd0 tx=0x7f7ffc037b90 comp rx=0 tx=0).ready entity=mon.0 client_cookie=0 server_cookie=0 in_seq=0 out_seq=0
2026-02-20T03:22:22.026 INFO:teuthology.orchestra.run.trial023.stdout:/usr/bin/ceph: stderr
2026-02-20T03:22:19.868+0000 7f7ffa7fc640 1 -- 10.20.193.23:0/3865385826 <== mon.0 v2:10.20.193.23:3300/0 1 ==== mon_map magic: 0 ==== 205+0+0 (secure 0 0 0) 0x7f7ffc045070 con 0x7f800c073c20
2026-02-20T03:22:22.027 INFO:teuthology.orchestra.run.trial023.stdout:/usr/bin/ceph: stderr
2026-02-20T03:22:19.868+0000 7f80135f0640 1 -- 10.20.193.23:0/3865385826 --> [v2:10.20.193.23:3300/0,v1:10.20.193.23:6789/0] -- mon_subscribe({mgrmap=0+}) -- 0x7f800c1ad9f0 con 0x7f800c073c20
2026-02-20T03:22:22.027 INFO:teuthology.orchestra.run.trial023.stdout:/usr/bin/ceph: stderr
2026-02-20T03:22:19.869+0000 7f7ffa7fc640 1 -- 10.20.193.23:0/3865385826 <== mon.0 v2:10.20.193.23:3300/0 2 ==== config(26 keys) ==== 1045+0+0 (secure 0 0 0) 0x7f7ffc040450 con 0x7f800c073c20
2026-02-20T03:22:22.027 INFO:teuthology.orchestra.run.trial023.stdout:/usr/bin/ceph: stderr
2026-02-20T03:22:19.869+0000 7f80135f0640 1 -- 10.20.193.23:0/3865385826 --> [v2:10.20.193.23:3300/0,v1:10.20.193.23:6789/0] -- mon_subscribe({osdmap=0}) -- 0x7f800c1b06e0 con 0x7f800c073c20
2026-02-20T03:22:22.027 INFO:teuthology.orchestra.run.trial023.stdout:/usr/bin/ceph: stderr
2026-02-20T03:22:19.869+0000 7f7ffa7fc640 1 -- 10.20.193.23:0/3865385826 <== mon.0 v2:10.20.193.23:3300/0 3 ==== mon_map magic: 0 ==== 205+0+0 (secure 0 0 0) 0x7f7ffc03c070 con 0x7f800c073c20
2026-02-20T03:22:22.027 INFO:teuthology.orchestra.run.trial023.stdout:/usr/bin/ceph: stderr
2026-02-20T03:22:19.869+0000 7f80135f0640 1 -- 10.20.193.23:0/3865385826 --> [v2:10.20.193.23:3300/0,v1:10.20.193.23:6789/0] -- mon_command({"prefix": "get_command_descriptions"} v 0) -- 0x7f800c0740a0 con 0x7f800c073c20
2026-02-20T03:22:22.027 INFO:teuthology.orchestra.run.trial023.stdout:/usr/bin/ceph: stderr
2026-02-20T03:22:19.869+0000 7f7ffa7fc640 1 -- 10.20.193.23:0/3865385826 <== mon.0 v2:10.20.193.23:3300/0 4 ==== mgrmap(e 7) ==== 50247+0+0 (secure 0 0 0) 0x7f7ffc03e5f0 con 0x7f800c073c20
2026-02-20T03:22:22.027 INFO:teuthology.orchestra.run.trial023.stdout:/usr/bin/ceph: stderr
2026-02-20T03:22:19.870+0000 7f7ffa7fc640 1 --2- 10.20.193.23:0/3865385826 >> [v2:10.20.193.23:6800/652378868,v1:10.20.193.23:6801/652378868] conn(0x7f7fe803dbf0 0x7f7fe80400b0 unknown :-1 s=NONE pgs=0 cs=0 l=1 rev1=0 crypto rx=0 tx=0 comp rx=0 tx=0).connect
2026-02-20T03:22:22.027 INFO:teuthology.orchestra.run.trial023.stdout:/usr/bin/ceph: stderr
2026-02-20T03:22:19.870+0000 7f7ffa7fc640 1 -- 10.20.193.23:0/3865385826 <== mon.0 v2:10.20.193.23:3300/0 5 ==== osd_map(2..2 src has 1..2) ==== 940+0+0 (secure 0 0 0) 0x7f7ffc040600 con 0x7f800c073c20
2026-02-20T03:22:22.027 INFO:teuthology.orchestra.run.trial023.stdout:/usr/bin/ceph: stderr
2026-02-20T03:22:19.870+0000 7f8010b64640 1 --2- 10.20.193.23:0/3865385826 >> [v2:10.20.193.23:6800/652378868,v1:10.20.193.23:6801/652378868] conn(0x7f7fe803dbf0 0x7f7fe80400b0 unknown :-1 s=BANNER_CONNECTING pgs=0 cs=0 l=1 rev1=0 crypto rx=0 tx=0 comp rx=0 tx=0)._handle_peer_banner_payload supported=3 required=0
2026-02-20T03:22:22.027 INFO:teuthology.orchestra.run.trial023.stdout:/usr/bin/ceph: stderr
2026-02-20T03:22:19.871+0000 7f8010b64640 1 --2- 10.20.193.23:0/3865385826 >> [v2:10.20.193.23:6800/652378868,v1:10.20.193.23:6801/652378868] conn(0x7f7fe803dbf0 0x7f7fe80400b0 secure :-1 s=READY pgs=11 cs=0 l=1 rev1=1 crypto rx=0x7f80000099c0 tx=0x7f8000006eb0 comp rx=0 tx=0).ready entity=mgr.14118 client_cookie=0 server_cookie=0 in_seq=0 out_seq=0
2026-02-20T03:22:22.027 INFO:teuthology.orchestra.run.trial023.stdout:/usr/bin/ceph: stderr
2026-02-20T03:22:19.874+0000 7f7ffa7fc640 1 -- 10.20.193.23:0/3865385826 <== mon.0 v2:10.20.193.23:3300/0 6 ==== mon_command_ack([{"prefix": "get_command_descriptions"}]=0 v0) ==== 72+0+195341 (secure 0 0 0) 0x7f7ffc047cd0 con 0x7f800c073c20
2026-02-20T03:22:22.027 INFO:teuthology.orchestra.run.trial023.stdout:/usr/bin/ceph: stderr
2026-02-20T03:22:19.974+0000 7f80135f0640 1 -- 10.20.193.23:0/3865385826 --> [v2:10.20.193.23:6800/652378868,v1:10.20.193.23:6801/652378868] -- mgr_command(tid 0: {"prefix": "orch host add", "hostname": "trial023", "addr": "10.20.193.23", "target": ["mon-mgr", ""]}) -- 0x7f800c06f980 con 0x7f7fe803dbf0
2026-02-20T03:22:22.028 INFO:teuthology.orchestra.run.trial023.stdout:/usr/bin/ceph: stderr
2026-02-20T03:22:21.897+0000 7f7ffa7fc640 1 -- 10.20.193.23:0/3865385826 <== mgr.14118 v2:10.20.193.23:6800/652378868 1 ==== mgr_command_reply(tid 0: 0 ) ==== 8+0+47 (secure 0 0 0) 0x7f800c06f980 con 0x7f7fe803dbf0
2026-02-20T03:22:22.028 INFO:teuthology.orchestra.run.trial023.stdout:/usr/bin/ceph: stderr
2026-02-20T03:22:21.899+0000 7f80135f0640 1 -- 10.20.193.23:0/3865385826 >> [v2:10.20.193.23:6800/652378868,v1:10.20.193.23:6801/652378868] conn(0x7f7fe803dbf0 msgr2=0x7f7fe80400b0 secure :-1 s=STATE_CONNECTION_ESTABLISHED l=1).mark_down
2026-02-20T03:22:22.028 INFO:teuthology.orchestra.run.trial023.stdout:/usr/bin/ceph: stderr
2026-02-20T03:22:21.899+0000 7f80135f0640 1 --2- 10.20.193.23:0/3865385826 >> [v2:10.20.193.23:6800/652378868,v1:10.20.193.23:6801/652378868] conn(0x7f7fe803dbf0 0x7f7fe80400b0 secure :-1 s=READY pgs=11 cs=0 l=1 rev1=1 crypto rx=0x7f80000099c0 tx=0x7f8000006eb0 comp rx=0 tx=0).stop
2026-02-20T03:22:22.028 INFO:teuthology.orchestra.run.trial023.stdout:/usr/bin/ceph: stderr
2026-02-20T03:22:21.900+0000 7f80135f0640 1 -- 10.20.193.23:0/3865385826 >> [v2:10.20.193.23:3300/0,v1:10.20.193.23:6789/0] conn(0x7f800c073c20 msgr2=0x7f800c1ad220 secure :-1 s=STATE_CONNECTION_ESTABLISHED l=1).mark_down
2026-02-20T03:22:22.028 INFO:teuthology.orchestra.run.trial023.stdout:/usr/bin/ceph: stderr
2026-02-20T03:22:21.900+0000 7f80135f0640 1 --2- 10.20.193.23:0/3865385826 >> [v2:10.20.193.23:3300/0,v1:10.20.193.23:6789/0] conn(0x7f800c073c20 0x7f800c1ad220 secure :-1 s=READY pgs=44 cs=0 l=1 rev1=1 crypto rx=0x7f7ffc037cd0 tx=0x7f7ffc037b90 comp rx=0 tx=0).stop
2026-02-20T03:22:22.028 INFO:teuthology.orchestra.run.trial023.stdout:/usr/bin/ceph: stderr
2026-02-20T03:22:21.900+0000 7f80135f0640 1 -- 10.20.193.23:0/3865385826 shutdown_connections
2026-02-20T03:22:22.028 INFO:teuthology.orchestra.run.trial023.stdout:/usr/bin/ceph: stderr
2026-02-20T03:22:21.900+0000 7f80135f0640 1 --2- 10.20.193.23:0/3865385826 >> [v2:10.20.193.23:6800/652378868,v1:10.20.193.23:6801/652378868] conn(0x7f7fe803dbf0 0x7f7fe80400b0 unknown :-1 s=CLOSED pgs=11 cs=0 l=1 rev1=1 crypto rx=0 tx=0 comp rx=0 tx=0).stop
2026-02-20T03:22:22.028 INFO:teuthology.orchestra.run.trial023.stdout:/usr/bin/ceph: stderr
2026-02-20T03:22:21.900+0000 7f80135f0640 1 --2- 10.20.193.23:0/3865385826 >> [v2:10.20.193.23:3300/0,v1:10.20.193.23:6789/0] conn(0x7f800c073c20 0x7f800c1ad220 unknown :-1 s=CLOSED pgs=44 cs=0 l=1 rev1=1 crypto rx=0 tx=0 comp rx=0 tx=0).stop
2026-02-20T03:22:22.028 INFO:teuthology.orchestra.run.trial023.stdout:/usr/bin/ceph: stderr
2026-02-20T03:22:21.900+0000 7f80135f0640 1 -- 10.20.193.23:0/3865385826 >> 10.20.193.23:0/3865385826 conn(0x7f800c06e600 msgr2=0x7f800c06f270 unknown :-1 s=STATE_NONE l=0).mark_down
2026-02-20T03:22:22.028 INFO:teuthology.orchestra.run.trial023.stdout:/usr/bin/ceph: stderr
2026-02-20T03:22:21.900+0000 7f80135f0640 1 -- 10.20.193.23:0/3865385826 shutdown_connections
2026-02-20T03:22:22.028 INFO:teuthology.orchestra.run.trial023.stdout:/usr/bin/ceph: stderr
2026-02-20T03:22:21.900+0000 7f80135f0640 1 -- 10.20.193.23:0/3865385826 wait complete.
2026-02-20T03:22:22.028 INFO:teuthology.orchestra.run.trial023.stdout:Deploying unmanaged mon service...
2026-02-20T03:22:22.422 INFO:teuthology.orchestra.run.trial023.stdout:/usr/bin/ceph: stdout Scheduled mon update...
2026-02-20T03:22:22.422 INFO:teuthology.orchestra.run.trial023.stdout:/usr/bin/ceph: stderr
2026-02-20T03:22:22.198+0000 7f45eb577640 1 Processor -- start
2026-02-20T03:22:22.422 INFO:teuthology.orchestra.run.trial023.stdout:/usr/bin/ceph: stderr
2026-02-20T03:22:22.198+0000 7f45eb577640 1 -- start start
2026-02-20T03:22:22.422 INFO:teuthology.orchestra.run.trial023.stdout:/usr/bin/ceph: stderr
2026-02-20T03:22:22.198+0000 7f45eb577640 1 --2- >> [v2:10.20.193.23:3300/0,v1:10.20.193.23:6789/0] conn(0x7f45ec10a910 0x7f45ec10ad30 unknown :-1 s=NONE pgs=0 cs=0 l=0 rev1=0 crypto rx=0 tx=0 comp rx=0 tx=0).connect
2026-02-20T03:22:22.422 INFO:teuthology.orchestra.run.trial023.stdout:/usr/bin/ceph: stderr
2026-02-20T03:22:22.198+0000 7f45eb577640 1 -- --> [v2:10.20.193.23:3300/0,v1:10.20.193.23:6789/0] -- mon_getmap magic: 0 -- 0x7f45ec10b300 con 0x7f45ec10a910
2026-02-20T03:22:22.422 INFO:teuthology.orchestra.run.trial023.stdout:/usr/bin/ceph: stderr
2026-02-20T03:22:22.199+0000 7f45ea575640 1 --2- >> [v2:10.20.193.23:3300/0,v1:10.20.193.23:6789/0] conn(0x7f45ec10a910 0x7f45ec10ad30 unknown :-1 s=BANNER_CONNECTING pgs=0 cs=0 l=0 rev1=0 crypto rx=0 tx=0 comp rx=0 tx=0)._handle_peer_banner_payload supported=3 required=0
2026-02-20T03:22:22.422 INFO:teuthology.orchestra.run.trial023.stdout:/usr/bin/ceph: stderr
2026-02-20T03:22:22.199+0000 7f45ea575640 1 --2- >> [v2:10.20.193.23:3300/0,v1:10.20.193.23:6789/0] conn(0x7f45ec10a910 0x7f45ec10ad30 unknown :-1 s=HELLO_CONNECTING pgs=0 cs=0 l=0 rev1=1 crypto rx=0 tx=0 comp rx=0 tx=0).handle_hello peer v2:10.20.193.23:3300/0 says I am v2:10.20.193.23:55688/0 (socket says 10.20.193.23:55688)
2026-02-20T03:22:22.422 INFO:teuthology.orchestra.run.trial023.stdout:/usr/bin/ceph: stderr
2026-02-20T03:22:22.199+0000 7f45ea575640 1 -- 10.20.193.23:0/2097390628 learned_addr learned my addr 10.20.193.23:0/2097390628 (peer_addr_for_me v2:10.20.193.23:0/0)
2026-02-20T03:22:22.422 INFO:teuthology.orchestra.run.trial023.stdout:/usr/bin/ceph: stderr
2026-02-20T03:22:22.199+0000 7f45ea575640 1 -- 10.20.193.23:0/2097390628 --> [v2:10.20.193.23:3300/0,v1:10.20.193.23:6789/0] -- mon_subscribe({config=0+,monmap=0+}) -- 0x7f45ec10b480 con 0x7f45ec10a910
2026-02-20T03:22:22.422 INFO:teuthology.orchestra.run.trial023.stdout:/usr/bin/ceph: stderr
2026-02-20T03:22:22.200+0000 7f45ea575640 1 --2- 10.20.193.23:0/2097390628 >> [v2:10.20.193.23:3300/0,v1:10.20.193.23:6789/0] conn(0x7f45ec10a910 0x7f45ec10ad30 secure :-1 s=READY pgs=45 cs=0 l=1 rev1=1 crypto rx=0x7f45e0009920 tx=0x7f45e002ef20 comp rx=0 tx=0).ready entity=mon.0 client_cookie=9f9f08e8858a3da1 server_cookie=0 in_seq=0 out_seq=0
2026-02-20T03:22:22.422 INFO:teuthology.orchestra.run.trial023.stdout:/usr/bin/ceph: stderr
2026-02-20T03:22:22.200+0000 7f45e9573640 1 -- 10.20.193.23:0/2097390628 <== mon.0 v2:10.20.193.23:3300/0 1 ==== mon_map magic: 0 ==== 205+0+0 (secure 0 0 0) 0x7f45e003c070 con 0x7f45ec10a910
2026-02-20T03:22:22.422 INFO:teuthology.orchestra.run.trial023.stdout:/usr/bin/ceph: stderr
2026-02-20T03:22:22.200+0000 7f45e9573640 1 -- 10.20.193.23:0/2097390628 <== mon.0 v2:10.20.193.23:3300/0 2 ==== config(26 keys) ==== 1045+0+0 (secure 0 0 0) 0x7f45e0037440 con 0x7f45ec10a910
2026-02-20T03:22:22.422 INFO:teuthology.orchestra.run.trial023.stdout:/usr/bin/ceph: stderr
2026-02-20T03:22:22.200+0000 7f45e9573640 1 -- 10.20.193.23:0/2097390628 <== mon.0 v2:10.20.193.23:3300/0 3 ==== mon_map magic: 0 ==== 205+0+0 (secure 0 0 0) 0x7f45e00354b0 con 0x7f45ec10a910
2026-02-20T03:22:22.422 INFO:teuthology.orchestra.run.trial023.stdout:/usr/bin/ceph: stderr
2026-02-20T03:22:22.200+0000 7f45eb577640 1 -- 10.20.193.23:0/2097390628 >> [v2:10.20.193.23:3300/0,v1:10.20.193.23:6789/0] conn(0x7f45ec10a910 msgr2=0x7f45ec10ad30 secure :-1 s=STATE_CONNECTION_ESTABLISHED l=1).mark_down
2026-02-20T03:22:22.422 INFO:teuthology.orchestra.run.trial023.stdout:/usr/bin/ceph: stderr
2026-02-20T03:22:22.200+0000 7f45eb577640 1 --2- 10.20.193.23:0/2097390628 >> [v2:10.20.193.23:3300/0,v1:10.20.193.23:6789/0] conn(0x7f45ec10a910 0x7f45ec10ad30 secure :-1 s=READY pgs=45 cs=0 l=1 rev1=1 crypto rx=0x7f45e0009920 tx=0x7f45e002ef20 comp rx=0 tx=0).stop
2026-02-20T03:22:22.422 INFO:teuthology.orchestra.run.trial023.stdout:/usr/bin/ceph: stderr
2026-02-20T03:22:22.201+0000 7f45eb577640 1 -- 10.20.193.23:0/2097390628 shutdown_connections
2026-02-20T03:22:22.422 INFO:teuthology.orchestra.run.trial023.stdout:/usr/bin/ceph: stderr
2026-02-20T03:22:22.201+0000 7f45eb577640 1 --2- 10.20.193.23:0/2097390628 >> [v2:10.20.193.23:3300/0,v1:10.20.193.23:6789/0] conn(0x7f45ec10a910 0x7f45ec10ad30 unknown :-1 s=CLOSED pgs=45 cs=0 l=1 rev1=1 crypto rx=0 tx=0 comp rx=0 tx=0).stop
2026-02-20T03:22:22.422 INFO:teuthology.orchestra.run.trial023.stdout:/usr/bin/ceph: stderr
2026-02-20T03:22:22.201+0000 7f45eb577640 1 -- 10.20.193.23:0/2097390628 >> 10.20.193.23:0/2097390628 conn(0x7f45ec07d8d0 msgr2=0x7f45ec07dd00 unknown :-1 s=STATE_NONE l=0).mark_down
2026-02-20T03:22:22.422 INFO:teuthology.orchestra.run.trial023.stdout:/usr/bin/ceph: stderr
2026-02-20T03:22:22.201+0000 7f45eb577640 1 -- 10.20.193.23:0/2097390628 shutdown_connections
2026-02-20T03:22:22.422 INFO:teuthology.orchestra.run.trial023.stdout:/usr/bin/ceph: stderr
2026-02-20T03:22:22.201+0000 7f45eb577640 1 -- 10.20.193.23:0/2097390628 wait complete.
2026-02-20T03:22:22.422 INFO:teuthology.orchestra.run.trial023.stdout:/usr/bin/ceph: stderr
2026-02-20T03:22:22.201+0000 7f45eb577640 1 Processor -- start
2026-02-20T03:22:22.422 INFO:teuthology.orchestra.run.trial023.stdout:/usr/bin/ceph: stderr
2026-02-20T03:22:22.202+0000 7f45eb577640 1 -- start start
2026-02-20T03:22:22.422 INFO:teuthology.orchestra.run.trial023.stdout:/usr/bin/ceph: stderr
2026-02-20T03:22:22.202+0000 7f45eb577640 1 --2- >> [v2:10.20.193.23:3300/0,v1:10.20.193.23:6789/0] conn(0x7f45ec10a910 0x7f45ec1a0190 unknown :-1 s=NONE pgs=0 cs=0 l=1 rev1=0 crypto rx=0 tx=0 comp rx=0 tx=0).connect
2026-02-20T03:22:22.422 INFO:teuthology.orchestra.run.trial023.stdout:/usr/bin/ceph: stderr
2026-02-20T03:22:22.202+0000 7f45eb577640 1 -- --> [v2:10.20.193.23:3300/0,v1:10.20.193.23:6789/0] -- mon_getmap magic: 0 -- 0x7f45ec10e510 con 0x7f45ec10a910
2026-02-20T03:22:22.422 INFO:teuthology.orchestra.run.trial023.stdout:/usr/bin/ceph: stderr
2026-02-20T03:22:22.202+0000 7f45ea575640 1 --2- >> [v2:10.20.193.23:3300/0,v1:10.20.193.23:6789/0] conn(0x7f45ec10a910 0x7f45ec1a0190 unknown :-1 s=BANNER_CONNECTING pgs=0 cs=0 l=1 rev1=0 crypto rx=0 tx=0 comp rx=0 tx=0)._handle_peer_banner_payload supported=3 required=0
2026-02-20T03:22:22.423 INFO:teuthology.orchestra.run.trial023.stdout:/usr/bin/ceph: stderr
2026-02-20T03:22:22.202+0000 7f45ea575640 1 --2- >> [v2:10.20.193.23:3300/0,v1:10.20.193.23:6789/0] conn(0x7f45ec10a910 0x7f45ec1a0190 unknown :-1 s=HELLO_CONNECTING pgs=0 cs=0 l=1 rev1=1 crypto rx=0 tx=0 comp rx=0 tx=0).handle_hello peer v2:10.20.193.23:3300/0 says I am v2:10.20.193.23:55702/0 (socket says 10.20.193.23:55702)
2026-02-20T03:22:22.423 INFO:teuthology.orchestra.run.trial023.stdout:/usr/bin/ceph: stderr
2026-02-20T03:22:22.202+0000 7f45ea575640 1 -- 10.20.193.23:0/1466151214 learned_addr learned my addr 10.20.193.23:0/1466151214 (peer_addr_for_me v2:10.20.193.23:0/0)
2026-02-20T03:22:22.423 INFO:teuthology.orchestra.run.trial023.stdout:/usr/bin/ceph: stderr
2026-02-20T03:22:22.202+0000 7f45ea575640 1 -- 10.20.193.23:0/1466151214 --> [v2:10.20.193.23:3300/0,v1:10.20.193.23:6789/0] -- mon_subscribe({config=0+,monmap=0+}) -- 0x7f45ec1a06d0 con 0x7f45ec10a910
2026-02-20T03:22:22.423 INFO:teuthology.orchestra.run.trial023.stdout:/usr/bin/ceph: stderr
2026-02-20T03:22:22.203+0000 7f45ea575640 1 --2- 10.20.193.23:0/1466151214 >> [v2:10.20.193.23:3300/0,v1:10.20.193.23:6789/0] conn(0x7f45ec10a910 0x7f45ec1a0190 secure :-1 s=READY pgs=46 cs=0 l=1 rev1=1 crypto rx=0x7f45e0006fd0 tx=0x7f45e0037bb0 comp rx=0 tx=0).ready entity=mon.0 client_cookie=0 server_cookie=0 in_seq=0 out_seq=0
2026-02-20T03:22:22.423 INFO:teuthology.orchestra.run.trial023.stdout:/usr/bin/ceph: stderr
2026-02-20T03:22:22.203+0000 7f45d37fe640 1 -- 10.20.193.23:0/1466151214 <== mon.0 v2:10.20.193.23:3300/0 1 ==== mon_map magic: 0 ==== 205+0+0 (secure 0 0 0) 0x7f45e0045070 con 0x7f45ec10a910
2026-02-20T03:22:22.423 INFO:teuthology.orchestra.run.trial023.stdout:/usr/bin/ceph: stderr
2026-02-20T03:22:22.203+0000 7f45eb577640 1 -- 10.20.193.23:0/1466151214 --> [v2:10.20.193.23:3300/0,v1:10.20.193.23:6789/0] -- mon_subscribe({mgrmap=0+}) -- 0x7f45ec1a09c0 con 0x7f45ec10a910
2026-02-20T03:22:22.423 INFO:teuthology.orchestra.run.trial023.stdout:/usr/bin/ceph: stderr
2026-02-20T03:22:22.203+0000 7f45d37fe640 1 -- 10.20.193.23:0/1466151214 <== mon.0 v2:10.20.193.23:3300/0 2 ==== config(26 keys) ==== 1045+0+0 (secure 0 0 0) 0x7f45e0040450 con 0x7f45ec10a910
2026-02-20T03:22:22.423 INFO:teuthology.orchestra.run.trial023.stdout:/usr/bin/ceph: stderr
2026-02-20T03:22:22.203+0000 7f45d37fe640 1 -- 10.20.193.23:0/1466151214 <== mon.0 v2:10.20.193.23:3300/0 3 ==== mon_map magic: 0 ==== 205+0+0 (secure 0 0 0) 0x7f45e003c070 con 0x7f45ec10a910
2026-02-20T03:22:22.423 INFO:teuthology.orchestra.run.trial023.stdout:/usr/bin/ceph: stderr
2026-02-20T03:22:22.203+0000 7f45eb577640 1 -- 10.20.193.23:0/1466151214 --> [v2:10.20.193.23:3300/0,v1:10.20.193.23:6789/0] -- mon_subscribe({osdmap=0}) -- 0x7f45ec1a3650 con 0x7f45ec10a910
2026-02-20T03:22:22.423 INFO:teuthology.orchestra.run.trial023.stdout:/usr/bin/ceph: stderr
2026-02-20T03:22:22.203+0000 7f45eb577640 1 -- 10.20.193.23:0/1466151214 --> [v2:10.20.193.23:3300/0,v1:10.20.193.23:6789/0] -- mon_command({"prefix": "get_command_descriptions"} v 0) -- 0x7f45ec10adb0 con 0x7f45ec10a910
2026-02-20T03:22:22.423 INFO:teuthology.orchestra.run.trial023.stdout:/usr/bin/ceph: stderr
2026-02-20T03:22:22.204+0000 7f45d37fe640 1 -- 10.20.193.23:0/1466151214 <== mon.0 v2:10.20.193.23:3300/0 4 ==== mgrmap(e 7) ==== 50247+0+0 (secure 0 0 0) 0x7f45e0040900 con 0x7f45ec10a910
2026-02-20T03:22:22.423 INFO:teuthology.orchestra.run.trial023.stdout:/usr/bin/ceph: stderr
2026-02-20T03:22:22.204+0000 7f45d37fe640 1 --2- 10.20.193.23:0/1466151214 >> [v2:10.20.193.23:6800/652378868,v1:10.20.193.23:6801/652378868] conn(0x7f45c403dbf0 0x7f45c40400b0 unknown :-1 s=NONE pgs=0 cs=0 l=1 rev1=0 crypto rx=0 tx=0 comp rx=0 tx=0).connect
2026-02-20T03:22:22.423 INFO:teuthology.orchestra.run.trial023.stdout:/usr/bin/ceph: stderr
2026-02-20T03:22:22.204+0000 7f45d37fe640 1 -- 10.20.193.23:0/1466151214 <== mon.0 v2:10.20.193.23:3300/0 5 ==== osd_map(2..2 src has 1..2) ==== 940+0+0 (secure 0 0 0) 0x7f45e0076710 con 0x7f45ec10a910
2026-02-20T03:22:22.423 INFO:teuthology.orchestra.run.trial023.stdout:/usr/bin/ceph: stderr
2026-02-20T03:22:22.205+0000 7f45e9d74640 1 --2- 10.20.193.23:0/1466151214 >> [v2:10.20.193.23:6800/652378868,v1:10.20.193.23:6801/652378868] conn(0x7f45c403dbf0 0x7f45c40400b0 unknown :-1 s=BANNER_CONNECTING pgs=0 cs=0 l=1 rev1=0 crypto rx=0 tx=0 comp rx=0 tx=0)._handle_peer_banner_payload supported=3 required=0
2026-02-20T03:22:22.423 INFO:teuthology.orchestra.run.trial023.stdout:/usr/bin/ceph: stderr
2026-02-20T03:22:22.205+0000 7f45e9d74640 1 --2- 10.20.193.23:0/1466151214 >> [v2:10.20.193.23:6800/652378868,v1:10.20.193.23:6801/652378868] conn(0x7f45c403dbf0 0x7f45c40400b0 secure :-1 s=READY pgs=12 cs=0 l=1 rev1=1 crypto rx=0x7f45d40099c0 tx=0x7f45d4006eb0 comp rx=0 tx=0).ready entity=mgr.14118 client_cookie=0 server_cookie=0 in_seq=0 out_seq=0
2026-02-20T03:22:22.423 INFO:teuthology.orchestra.run.trial023.stdout:/usr/bin/ceph: stderr
2026-02-20T03:22:22.207+0000 7f45d37fe640 1 -- 10.20.193.23:0/1466151214 <== mon.0 v2:10.20.193.23:3300/0 6 ==== mon_command_ack([{"prefix": "get_command_descriptions"}]=0 v0) ==== 72+0+195341 (secure 0 0 0) 0x7f45e00406b0 con 0x7f45ec10a910
2026-02-20T03:22:22.423 INFO:teuthology.orchestra.run.trial023.stdout:/usr/bin/ceph: stderr
2026-02-20T03:22:22.305+0000 7f45eb577640 1 -- 10.20.193.23:0/1466151214 --> [v2:10.20.193.23:6800/652378868,v1:10.20.193.23:6801/652378868] -- mgr_command(tid 0: {"prefix": "orch apply", "service_type": "mon", "unmanaged": true, "target": ["mon-mgr", ""]}) -- 0x7f45ec108f70 con 0x7f45c403dbf0
2026-02-20T03:22:22.423 INFO:teuthology.orchestra.run.trial023.stdout:/usr/bin/ceph: stderr
2026-02-20T03:22:22.308+0000 7f45d37fe640 1 -- 10.20.193.23:0/1466151214 <== mgr.14118 v2:10.20.193.23:6800/652378868 1 ==== mgr_command_reply(tid 0: 0 ) ==== 8+0+24 (secure 0 0 0) 0x7f45ec108f70 con 0x7f45c403dbf0
2026-02-20T03:22:22.423 INFO:teuthology.orchestra.run.trial023.stdout:/usr/bin/ceph: stderr
2026-02-20T03:22:22.309+0000 7f45eb577640 1 -- 10.20.193.23:0/1466151214 >> [v2:10.20.193.23:6800/652378868,v1:10.20.193.23:6801/652378868] conn(0x7f45c403dbf0 msgr2=0x7f45c40400b0 secure :-1 s=STATE_CONNECTION_ESTABLISHED l=1).mark_down
2026-02-20T03:22:22.423 INFO:teuthology.orchestra.run.trial023.stdout:/usr/bin/ceph: stderr
2026-02-20T03:22:22.309+0000 7f45eb577640 1 --2- 10.20.193.23:0/1466151214 >> [v2:10.20.193.23:6800/652378868,v1:10.20.193.23:6801/652378868] conn(0x7f45c403dbf0 0x7f45c40400b0 secure :-1 s=READY pgs=12 cs=0 l=1 rev1=1 crypto rx=0x7f45d40099c0 tx=0x7f45d4006eb0 comp rx=0 tx=0).stop
2026-02-20T03:22:22.423 INFO:teuthology.orchestra.run.trial023.stdout:/usr/bin/ceph: stderr
2026-02-20T03:22:22.309+0000 7f45eb577640 1 -- 10.20.193.23:0/1466151214 >> [v2:10.20.193.23:3300/0,v1:10.20.193.23:6789/0] conn(0x7f45ec10a910 msgr2=0x7f45ec1a0190 secure :-1 s=STATE_CONNECTION_ESTABLISHED l=1).mark_down
2026-02-20T03:22:22.423 INFO:teuthology.orchestra.run.trial023.stdout:/usr/bin/ceph: stderr
2026-02-20T03:22:22.309+0000 7f45eb577640 1 --2- 10.20.193.23:0/1466151214 >> [v2:10.20.193.23:3300/0,v1:10.20.193.23:6789/0] conn(0x7f45ec10a910 0x7f45ec1a0190 secure :-1 s=READY pgs=46 cs=0 l=1 rev1=1 crypto rx=0x7f45e0006fd0 tx=0x7f45e0037bb0 comp rx=0 tx=0).stop
2026-02-20T03:22:22.423 INFO:teuthology.orchestra.run.trial023.stdout:/usr/bin/ceph: stderr
2026-02-20T03:22:22.309+0000 7f45eb577640 1 -- 10.20.193.23:0/1466151214 shutdown_connections
2026-02-20T03:22:22.423 INFO:teuthology.orchestra.run.trial023.stdout:/usr/bin/ceph: stderr
2026-02-20T03:22:22.309+0000 7f45eb577640 1 --2- 10.20.193.23:0/1466151214 >> [v2:10.20.193.23:6800/652378868,v1:10.20.193.23:6801/652378868] conn(0x7f45c403dbf0 0x7f45c40400b0 unknown :-1 s=CLOSED pgs=12 cs=0 l=1 rev1=1 crypto rx=0 tx=0 comp rx=0 tx=0).stop
2026-02-20T03:22:22.423 INFO:teuthology.orchestra.run.trial023.stdout:/usr/bin/ceph: stderr
2026-02-20T03:22:22.309+0000 7f45eb577640 1 --2- 10.20.193.23:0/1466151214 >> [v2:10.20.193.23:3300/0,v1:10.20.193.23:6789/0] conn(0x7f45ec10a910 0x7f45ec1a0190 unknown :-1 s=CLOSED pgs=46 cs=0 l=1 rev1=1 crypto rx=0 tx=0 comp rx=0 tx=0).stop
2026-02-20T03:22:22.423 INFO:teuthology.orchestra.run.trial023.stdout:/usr/bin/ceph: stderr
2026-02-20T03:22:22.309+0000 7f45eb577640 1 -- 10.20.193.23:0/1466151214 >> 10.20.193.23:0/1466151214 conn(0x7f45ec07d8d0 msgr2=0x7f45ec108860 unknown :-1 s=STATE_NONE l=0).mark_down
2026-02-20T03:22:22.423 INFO:teuthology.orchestra.run.trial023.stdout:/usr/bin/ceph: stderr
2026-02-20T03:22:22.309+0000 7f45eb577640 1 -- 10.20.193.23:0/1466151214 shutdown_connections
2026-02-20T03:22:22.423 INFO:teuthology.orchestra.run.trial023.stdout:/usr/bin/ceph: stderr
2026-02-20T03:22:22.309+0000 7f45eb577640 1 -- 10.20.193.23:0/1466151214 wait complete.
2026-02-20T03:22:22.423 INFO:teuthology.orchestra.run.trial023.stdout:Deploying unmanaged mgr service...
2026-02-20T03:22:22.457 INFO:journalctl@ceph.mon.a.trial023.stdout:Feb 20 03:22:22 trial023 ceph-mon[38549]: Deploying cephadm binary to trial023
2026-02-20T03:22:22.458 INFO:journalctl@ceph.mon.a.trial023.stdout:Feb 20 03:22:22 trial023 ceph-mon[38549]: from='mgr.14118 10.20.193.23:0/779963946' entity='mgr.x'
2026-02-20T03:22:22.458 INFO:journalctl@ceph.mon.a.trial023.stdout:Feb 20 03:22:22 trial023 ceph-mon[38549]: from='mgr.14118 10.20.193.23:0/779963946' entity='mgr.x' cmd=[{"prefix": "config dump", "format": "json"}]: dispatch
2026-02-20T03:22:22.812 INFO:teuthology.orchestra.run.trial023.stdout:/usr/bin/ceph: stdout Scheduled mgr update...
2026-02-20T03:22:22.813 INFO:teuthology.orchestra.run.trial023.stdout:/usr/bin/ceph: stderr
2026-02-20T03:22:22.579+0000 7ff1c4a0f640 1 Processor -- start
2026-02-20T03:22:22.813 INFO:teuthology.orchestra.run.trial023.stdout:/usr/bin/ceph: stderr
2026-02-20T03:22:22.579+0000 7ff1c4a0f640 1 -- start start
2026-02-20T03:22:22.813 INFO:teuthology.orchestra.run.trial023.stdout:/usr/bin/ceph: stderr
2026-02-20T03:22:22.579+0000 7ff1c4a0f640 1 --2- >> [v2:10.20.193.23:3300/0,v1:10.20.193.23:6789/0] conn(0x7ff1c006d9a0 0x7ff1c006dda0 unknown :-1 s=NONE pgs=0 cs=0 l=0 rev1=0 crypto rx=0 tx=0 comp rx=0 tx=0).connect
2026-02-20T03:22:22.813 INFO:teuthology.orchestra.run.trial023.stdout:/usr/bin/ceph: stderr
2026-02-20T03:22:22.579+0000 7ff1c4a0f640 1 -- --> [v2:10.20.193.23:3300/0,v1:10.20.193.23:6789/0] -- mon_getmap magic: 0 -- 0x7ff1c0075040 con 0x7ff1c006d9a0
2026-02-20T03:22:22.813 INFO:teuthology.orchestra.run.trial023.stdout:/usr/bin/ceph: stderr
2026-02-20T03:22:22.580+0000 7ff1bed76640 1 --2- >> [v2:10.20.193.23:3300/0,v1:10.20.193.23:6789/0] conn(0x7ff1c006d9a0 0x7ff1c006dda0 unknown :-1 s=BANNER_CONNECTING pgs=0 cs=0 l=0 rev1=0 crypto rx=0 tx=0 comp rx=0 tx=0)._handle_peer_banner_payload supported=3 required=0
2026-02-20T03:22:22.813 INFO:teuthology.orchestra.run.trial023.stdout:/usr/bin/ceph: stderr
2026-02-20T03:22:22.580+0000 7ff1bed76640 1 --2- >> [v2:10.20.193.23:3300/0,v1:10.20.193.23:6789/0] conn(0x7ff1c006d9a0 0x7ff1c006dda0 unknown :-1 s=HELLO_CONNECTING pgs=0 cs=0 l=0 rev1=1 crypto rx=0 tx=0 comp rx=0 tx=0).handle_hello peer v2:10.20.193.23:3300/0 says I am v2:10.20.193.23:55718/0 (socket says 10.20.193.23:55718)
2026-02-20T03:22:22.813 INFO:teuthology.orchestra.run.trial023.stdout:/usr/bin/ceph: stderr
2026-02-20T03:22:22.580+0000 7ff1bed76640 1 -- 10.20.193.23:0/3673496003 learned_addr learned my addr 10.20.193.23:0/3673496003 (peer_addr_for_me v2:10.20.193.23:0/0)
2026-02-20T03:22:22.813 INFO:teuthology.orchestra.run.trial023.stdout:/usr/bin/ceph: stderr
2026-02-20T03:22:22.580+0000 7ff1bed76640 1 -- 10.20.193.23:0/3673496003 --> [v2:10.20.193.23:3300/0,v1:10.20.193.23:6789/0] -- mon_subscribe({config=0+,monmap=0+}) -- 0x7ff1c006e2e0 con 0x7ff1c006d9a0
2026-02-20T03:22:22.813 INFO:teuthology.orchestra.run.trial023.stdout:/usr/bin/ceph: stderr
2026-02-20T03:22:22.581+0000 7ff1bed76640 1 --2- 10.20.193.23:0/3673496003 >> [v2:10.20.193.23:3300/0,v1:10.20.193.23:6789/0] conn(0x7ff1c006d9a0 0x7ff1c006dda0 secure :-1 s=READY pgs=47 cs=0 l=1 rev1=1 crypto rx=0x7ff1b4009920 tx=0x7ff1b402ef20 comp rx=0 tx=0).ready entity=mon.0 client_cookie=3144c6ecefad7d58 server_cookie=0 in_seq=0 out_seq=0
2026-02-20T03:22:22.814 INFO:teuthology.orchestra.run.trial023.stdout:/usr/bin/ceph: stderr
2026-02-20T03:22:22.581+0000 7ff1bdd74640 1 -- 10.20.193.23:0/3673496003 <== mon.0 v2:10.20.193.23:3300/0 1 ==== mon_map magic: 0 ==== 205+0+0 (secure 0 0 0) 0x7ff1b403c070 con 0x7ff1c006d9a0
2026-02-20T03:22:22.814 INFO:teuthology.orchestra.run.trial023.stdout:/usr/bin/ceph: stderr
2026-02-20T03:22:22.581+0000 7ff1bdd74640 1 -- 10.20.193.23:0/3673496003 <== mon.0 v2:10.20.193.23:3300/0 2 ==== config(26 keys) ==== 1045+0+0 (secure 0 0 0) 0x7ff1b4037440 con 0x7ff1c006d9a0
2026-02-20T03:22:22.814 INFO:teuthology.orchestra.run.trial023.stdout:/usr/bin/ceph: stderr
2026-02-20T03:22:22.581+0000 7ff1bdd74640 1 -- 10.20.193.23:0/3673496003 <== mon.0 v2:10.20.193.23:3300/0 3 ==== mon_map magic: 0 ==== 205+0+0 (secure 0 0 0) 0x7ff1b40354b0 con 0x7ff1c006d9a0
2026-02-20T03:22:22.814 INFO:teuthology.orchestra.run.trial023.stdout:/usr/bin/ceph: stderr
2026-02-20T03:22:22.581+0000 7ff1c4a0f640 1 -- 10.20.193.23:0/3673496003 >> [v2:10.20.193.23:3300/0,v1:10.20.193.23:6789/0] conn(0x7ff1c006d9a0 msgr2=0x7ff1c006dda0 secure :-1 s=STATE_CONNECTION_ESTABLISHED l=1).mark_down
2026-02-20T03:22:22.814 INFO:teuthology.orchestra.run.trial023.stdout:/usr/bin/ceph: stderr
2026-02-20T03:22:22.581+0000 7ff1c4a0f640 1 --2- 10.20.193.23:0/3673496003 >> [v2:10.20.193.23:3300/0,v1:10.20.193.23:6789/0] conn(0x7ff1c006d9a0 0x7ff1c006dda0 secure :-1 s=READY pgs=47 cs=0 l=1 rev1=1 crypto rx=0x7ff1b4009920 tx=0x7ff1b402ef20 comp rx=0 tx=0).stop
2026-02-20T03:22:22.814 INFO:teuthology.orchestra.run.trial023.stdout:/usr/bin/ceph: stderr
2026-02-20T03:22:22.581+0000 7ff1c4a0f640 1 -- 10.20.193.23:0/3673496003 shutdown_connections
2026-02-20T03:22:22.814 INFO:teuthology.orchestra.run.trial023.stdout:/usr/bin/ceph: stderr
2026-02-20T03:22:22.581+0000 7ff1c4a0f640 1 --2- 10.20.193.23:0/3673496003 >> [v2:10.20.193.23:3300/0,v1:10.20.193.23:6789/0] conn(0x7ff1c006d9a0 0x7ff1c006dda0 unknown :-1 s=CLOSED pgs=47 cs=0 l=1 rev1=1 crypto rx=0 tx=0 comp rx=0 tx=0).stop
2026-02-20T03:22:22.814 INFO:teuthology.orchestra.run.trial023.stdout:/usr/bin/ceph: stderr
2026-02-20T03:22:22.581+0000 7ff1c4a0f640 1 -- 10.20.193.23:0/3673496003 >> 10.20.193.23:0/3673496003 conn(0x7ff1c0070290 msgr2=0x7ff1c00726b0 unknown :-1 s=STATE_NONE l=0).mark_down
2026-02-20T03:22:22.814 INFO:teuthology.orchestra.run.trial023.stdout:/usr/bin/ceph: stderr
2026-02-20T03:22:22.582+0000 7ff1c4a0f640 1 -- 10.20.193.23:0/3673496003 shutdown_connections
2026-02-20T03:22:22.814 INFO:teuthology.orchestra.run.trial023.stdout:/usr/bin/ceph: stderr
2026-02-20T03:22:22.582+0000 7ff1c4a0f640 1 -- 10.20.193.23:0/3673496003 wait complete.
2026-02-20T03:22:22.814 INFO:teuthology.orchestra.run.trial023.stdout:/usr/bin/ceph: stderr
2026-02-20T03:22:22.582+0000 7ff1c4a0f640 1 Processor -- start
2026-02-20T03:22:22.815 INFO:teuthology.orchestra.run.trial023.stdout:/usr/bin/ceph: stderr
2026-02-20T03:22:22.582+0000 7ff1c4a0f640 1 -- start start
2026-02-20T03:22:22.815 INFO:teuthology.orchestra.run.trial023.stdout:/usr/bin/ceph: stderr
2026-02-20T03:22:22.583+0000 7ff1c4a0f640 1 --2- >> [v2:10.20.193.23:3300/0,v1:10.20.193.23:6789/0] conn(0x7ff1c006d9a0 0x7ff1c01ad020 unknown :-1 s=NONE pgs=0 cs=0 l=1 rev1=0 crypto rx=0 tx=0 comp rx=0 tx=0).connect
2026-02-20T03:22:22.815 INFO:teuthology.orchestra.run.trial023.stdout:/usr/bin/ceph: stderr
2026-02-20T03:22:22.583+0000 7ff1c4a0f640 1 -- --> [v2:10.20.193.23:3300/0,v1:10.20.193.23:6789/0] -- mon_getmap magic: 0 -- 0x7ff1c006f2d0 con 0x7ff1c006d9a0
2026-02-20T03:22:22.815 INFO:teuthology.orchestra.run.trial023.stdout:/usr/bin/ceph: stderr
2026-02-20T03:22:22.583+0000 7ff1bed76640 1 --2- >> [v2:10.20.193.23:3300/0,v1:10.20.193.23:6789/0] conn(0x7ff1c006d9a0 0x7ff1c01ad020 unknown :-1 s=BANNER_CONNECTING pgs=0 cs=0 l=1 rev1=0 crypto rx=0 tx=0 comp rx=0 tx=0)._handle_peer_banner_payload supported=3 required=0
2026-02-20T03:22:22.815 INFO:teuthology.orchestra.run.trial023.stdout:/usr/bin/ceph: stderr
2026-02-20T03:22:22.583+0000 7ff1bed76640 1 --2- >> [v2:10.20.193.23:3300/0,v1:10.20.193.23:6789/0] conn(0x7ff1c006d9a0 0x7ff1c01ad020 unknown :-1 s=HELLO_CONNECTING pgs=0 cs=0 l=1 rev1=1 crypto rx=0 tx=0 comp rx=0 tx=0).handle_hello peer v2:10.20.193.23:3300/0 says I am v2:10.20.193.23:55726/0 (socket says 10.20.193.23:55726)
2026-02-20T03:22:22.815 INFO:teuthology.orchestra.run.trial023.stdout:/usr/bin/ceph: stderr
2026-02-20T03:22:22.583+0000 7ff1bed76640 1 -- 10.20.193.23:0/3998008714 learned_addr learned my addr 10.20.193.23:0/3998008714 (peer_addr_for_me v2:10.20.193.23:0/0)
2026-02-20T03:22:22.815 INFO:teuthology.orchestra.run.trial023.stdout:/usr/bin/ceph: stderr
2026-02-20T03:22:22.583+0000 7ff1bed76640 1 -- 10.20.193.23:0/3998008714 --> [v2:10.20.193.23:3300/0,v1:10.20.193.23:6789/0] -- mon_subscribe({config=0+,monmap=0+}) -- 0x7ff1c01ad560 con 0x7ff1c006d9a0
2026-02-20T03:22:22.815 INFO:teuthology.orchestra.run.trial023.stdout:/usr/bin/ceph: stderr
2026-02-20T03:22:22.583+0000 7ff1bed76640 1 --2- 10.20.193.23:0/3998008714 >> [v2:10.20.193.23:3300/0,v1:10.20.193.23:6789/0] conn(0x7ff1c006d9a0 0x7ff1c01ad020 secure :-1 s=READY pgs=48 cs=0 l=1 rev1=1 crypto rx=0x7ff1b4009a50 tx=0x7ff1b4037b90 comp rx=0 tx=0).ready entity=mon.0 client_cookie=0 server_cookie=0 in_seq=0 out_seq=0
2026-02-20T03:22:22.815 INFO:teuthology.orchestra.run.trial023.stdout:/usr/bin/ceph: stderr
2026-02-20T03:22:22.583+0000 7ff19ffff640 1 -- 10.20.193.23:0/3998008714 <== mon.0 v2:10.20.193.23:3300/0 1 ==== mon_map magic: 0 ==== 205+0+0 (secure 0 0 0) 0x7ff1b4045070 con 0x7ff1c006d9a0
2026-02-20T03:22:22.815 INFO:teuthology.orchestra.run.trial023.stdout:/usr/bin/ceph: stderr
2026-02-20T03:22:22.583+0000 7ff1c4a0f640 1 -- 10.20.193.23:0/3998008714 --> [v2:10.20.193.23:3300/0,v1:10.20.193.23:6789/0] -- mon_subscribe({mgrmap=0+}) -- 0x7ff1c01ad7f0 con 0x7ff1c006d9a0
2026-02-20T03:22:22.815 INFO:teuthology.orchestra.run.trial023.stdout:/usr/bin/ceph: stderr
2026-02-20T03:22:22.583+0000 7ff19ffff640 1 -- 10.20.193.23:0/3998008714 <== mon.0 v2:10.20.193.23:3300/0 2 ==== config(26 keys) ==== 1045+0+0 (secure 0 0 0) 0x7ff1b4040450 con 0x7ff1c006d9a0
2026-02-20T03:22:22.815 INFO:teuthology.orchestra.run.trial023.stdout:/usr/bin/ceph: stderr
