2026-02-20T03:22:18.548 INFO:teuthology.orchestra.run.trial023.stdout:/usr/bin/ceph: stderr
2026-02-20T03:22:18.357+0000 7f4eb57fa640 1 --2- 10.20.193.23:0/218287385 >> [v2:10.20.193.23:6800/652378868,v1:10.20.193.23:6801/652378868] conn(0x7f4e8c03dad0 0x7f4e8c03ff90 unknown :-1 s=NONE pgs=0 cs=0 l=1 rev1=0 crypto rx=0 tx=0 comp rx=0 tx=0).connect
2026-02-20T03:22:18.548 INFO:teuthology.orchestra.run.trial023.stdout:/usr/bin/ceph: stderr
2026-02-20T03:22:18.357+0000 7f4eb57fa640 1 -- 10.20.193.23:0/218287385 <== mon.0 v2:10.20.193.23:3300/0 5 ==== osd_map(2..2 src has 1..2) ==== 940+0+0 (secure 0 0 0) 0x7f4ea407c060 con 0x7f4eb8081bb0
2026-02-20T03:22:18.548 INFO:teuthology.orchestra.run.trial023.stdout:/usr/bin/ceph: stderr
2026-02-20T03:22:18.357+0000 7f4eb77fe640 1 --2- 10.20.193.23:0/218287385 >> [v2:10.20.193.23:6800/652378868,v1:10.20.193.23:6801/652378868] conn(0x7f4e8c03dad0 0x7f4e8c03ff90 unknown :-1 s=BANNER_CONNECTING pgs=0 cs=0 l=1 rev1=0 crypto rx=0 tx=0 comp rx=0 tx=0)._handle_peer_banner_payload supported=3 required=0
2026-02-20T03:22:18.548 INFO:teuthology.orchestra.run.trial023.stdout:/usr/bin/ceph: stderr
2026-02-20T03:22:18.358+0000 7f4eb77fe640 1 --2- 10.20.193.23:0/218287385 >> [v2:10.20.193.23:6800/652378868,v1:10.20.193.23:6801/652378868] conn(0x7f4e8c03dad0 0x7f4e8c03ff90 secure :-1 s=READY pgs=7 cs=0 l=1 rev1=1 crypto rx=0x7f4ea80099c0 tx=0x7f4ea8006eb0 comp rx=0 tx=0).ready entity=mgr.14118 client_cookie=0 server_cookie=0 in_seq=0 out_seq=0
2026-02-20T03:22:18.548 INFO:teuthology.orchestra.run.trial023.stdout:/usr/bin/ceph: stderr
2026-02-20T03:22:18.360+0000 7f4eb57fa640 1 -- 10.20.193.23:0/218287385 <== mon.0 v2:10.20.193.23:3300/0 6 ==== mon_command_ack([{"prefix": "get_command_descriptions"}]=0 v0) ==== 72+0+195341 (secure 0 0 0) 0x7f4ea403c210 con 0x7f4eb8081bb0
2026-02-20T03:22:18.549 INFO:teuthology.orchestra.run.trial023.stdout:/usr/bin/ceph: stderr
2026-02-20T03:22:18.459+0000 7f4ebd391640 1 -- 10.20.193.23:0/218287385 --> [v2:10.20.193.23:6800/652378868,v1:10.20.193.23:6801/652378868] -- mgr_command(tid 0: {"prefix": "orch set backend", "module_name": "cephadm", "target": ["mon-mgr", ""]}) -- 0x7f4eb807fc90 con 0x7f4e8c03dad0
2026-02-20T03:22:18.549 INFO:teuthology.orchestra.run.trial023.stdout:/usr/bin/ceph: stderr
2026-02-20T03:22:18.463+0000 7f4eb57fa640 1 -- 10.20.193.23:0/218287385 <== mgr.14118 v2:10.20.193.23:6800/652378868 1 ==== mgr_command_reply(tid 0: 0 ) ==== 8+0+0 (secure 0 0 0) 0x7f4eb807fc90 con 0x7f4e8c03dad0
2026-02-20T03:22:18.549 INFO:teuthology.orchestra.run.trial023.stdout:/usr/bin/ceph: stderr
2026-02-20T03:22:18.464+0000 7f4ebd391640 1 -- 10.20.193.23:0/218287385 >> [v2:10.20.193.23:6800/652378868,v1:10.20.193.23:6801/652378868] conn(0x7f4e8c03dad0 msgr2=0x7f4e8c03ff90 secure :-1 s=STATE_CONNECTION_ESTABLISHED l=1).mark_down
2026-02-20T03:22:18.549 INFO:teuthology.orchestra.run.trial023.stdout:/usr/bin/ceph: stderr
2026-02-20T03:22:18.464+0000 7f4ebd391640 1 --2- 10.20.193.23:0/218287385 >> [v2:10.20.193.23:6800/652378868,v1:10.20.193.23:6801/652378868] conn(0x7f4e8c03dad0 0x7f4e8c03ff90 secure :-1 s=READY pgs=7 cs=0 l=1 rev1=1 crypto rx=0x7f4ea80099c0 tx=0x7f4ea8006eb0 comp rx=0 tx=0).stop
2026-02-20T03:22:18.549 INFO:teuthology.orchestra.run.trial023.stdout:/usr/bin/ceph: stderr
2026-02-20T03:22:18.464+0000 7f4ebd391640 1 -- 10.20.193.23:0/218287385 >> [v2:10.20.193.23:3300/0,v1:10.20.193.23:6789/0] conn(0x7f4eb8081bb0 msgr2=0x7f4eb81a4670 secure :-1 s=STATE_CONNECTION_ESTABLISHED l=1).mark_down
2026-02-20T03:22:18.549 INFO:teuthology.orchestra.run.trial023.stdout:/usr/bin/ceph: stderr
2026-02-20T03:22:18.464+0000 7f4ebd391640 1 --2- 10.20.193.23:0/218287385 >> [v2:10.20.193.23:3300/0,v1:10.20.193.23:6789/0] conn(0x7f4eb8081bb0 0x7f4eb81a4670 secure :-1 s=READY pgs=36 cs=0 l=1 rev1=1 crypto rx=0x7f4ea4009a50 tx=0x7f4ea4037b90 comp rx=0 tx=0).stop
2026-02-20T03:22:18.549 INFO:teuthology.orchestra.run.trial023.stdout:/usr/bin/ceph: stderr
2026-02-20T03:22:18.464+0000 7f4ebd391640 1 -- 10.20.193.23:0/218287385 shutdown_connections
2026-02-20T03:22:18.549 INFO:teuthology.orchestra.run.trial023.stdout:/usr/bin/ceph: stderr
2026-02-20T03:22:18.464+0000 7f4ebd391640 1 --2- 10.20.193.23:0/218287385 >> [v2:10.20.193.23:6800/652378868,v1:10.20.193.23:6801/652378868] conn(0x7f4e8c03dad0 0x7f4e8c03ff90 unknown :-1 s=CLOSED pgs=7 cs=0 l=1 rev1=1 crypto rx=0 tx=0 comp rx=0 tx=0).stop
2026-02-20T03:22:18.549 INFO:teuthology.orchestra.run.trial023.stdout:/usr/bin/ceph: stderr
2026-02-20T03:22:18.464+0000 7f4ebd391640 1 --2- 10.20.193.23:0/218287385 >> [v2:10.20.193.23:3300/0,v1:10.20.193.23:6789/0] conn(0x7f4eb8081bb0 0x7f4eb81a4670 unknown :-1 s=CLOSED pgs=36 cs=0 l=1 rev1=1 crypto rx=0 tx=0 comp rx=0 tx=0).stop
2026-02-20T03:22:18.549 INFO:teuthology.orchestra.run.trial023.stdout:/usr/bin/ceph: stderr
2026-02-20T03:22:18.464+0000 7f4ebd391640 1 -- 10.20.193.23:0/218287385 >> 10.20.193.23:0/218287385 conn(0x7f4eb807d8d0 msgr2=0x7f4eb807f580 unknown :-1 s=STATE_NONE l=0).mark_down
2026-02-20T03:22:18.549 INFO:teuthology.orchestra.run.trial023.stdout:/usr/bin/ceph: stderr
2026-02-20T03:22:18.465+0000 7f4ebd391640 1 -- 10.20.193.23:0/218287385 shutdown_connections
2026-02-20T03:22:18.549 INFO:teuthology.orchestra.run.trial023.stdout:/usr/bin/ceph: stderr
2026-02-20T03:22:18.465+0000 7f4ebd391640 1 -- 10.20.193.23:0/218287385 wait complete.
2026-02-20T03:22:18.913 INFO:teuthology.orchestra.run.trial023.stdout:/usr/bin/ceph: stdout value unchanged
2026-02-20T03:22:18.914 INFO:teuthology.orchestra.run.trial023.stdout:/usr/bin/ceph: stderr
2026-02-20T03:22:18.695+0000 7f69c44d2640 1 Processor -- start
2026-02-20T03:22:18.914 INFO:teuthology.orchestra.run.trial023.stdout:/usr/bin/ceph: stderr
2026-02-20T03:22:18.695+0000 7f69c44d2640 1 -- start start
2026-02-20T03:22:18.914 INFO:teuthology.orchestra.run.trial023.stdout:/usr/bin/ceph: stderr
2026-02-20T03:22:18.695+0000 7f69c44d2640 1 --2- >> [v2:10.20.193.23:3300/0,v1:10.20.193.23:6789/0] conn(0x7f69bc10ba50 0x7f69bc10be50 unknown :-1 s=NONE pgs=0 cs=0 l=0 rev1=0 crypto rx=0 tx=0 comp rx=0 tx=0).connect
2026-02-20T03:22:18.914 INFO:teuthology.orchestra.run.trial023.stdout:/usr/bin/ceph: stderr
2026-02-20T03:22:18.695+0000 7f69c44d2640 1 -- --> [v2:10.20.193.23:3300/0,v1:10.20.193.23:6789/0] -- mon_getmap magic: 0 -- 0x7f69bc10c420 con 0x7f69bc10ba50
2026-02-20T03:22:18.914 INFO:teuthology.orchestra.run.trial023.stdout:/usr/bin/ceph: stderr
2026-02-20T03:22:18.695+0000 7f69c2247640 1 --2- >> [v2:10.20.193.23:3300/0,v1:10.20.193.23:6789/0] conn(0x7f69bc10ba50 0x7f69bc10be50 unknown :-1 s=BANNER_CONNECTING pgs=0 cs=0 l=0 rev1=0 crypto rx=0 tx=0 comp rx=0 tx=0)._handle_peer_banner_payload supported=3 required=0
2026-02-20T03:22:18.914 INFO:teuthology.orchestra.run.trial023.stdout:/usr/bin/ceph: stderr
2026-02-20T03:22:18.696+0000 7f69c2247640 1 --2- >> [v2:10.20.193.23:3300/0,v1:10.20.193.23:6789/0] conn(0x7f69bc10ba50 0x7f69bc10be50 unknown :-1 s=HELLO_CONNECTING pgs=0 cs=0 l=0 rev1=1 crypto rx=0 tx=0 comp rx=0 tx=0).handle_hello peer v2:10.20.193.23:3300/0 says I am v2:10.20.193.23:55616/0 (socket says 10.20.193.23:55616)
2026-02-20T03:22:18.914 INFO:teuthology.orchestra.run.trial023.stdout:/usr/bin/ceph: stderr
2026-02-20T03:22:18.696+0000 7f69c2247640 1 -- 10.20.193.23:0/1803127298 learned_addr learned my addr 10.20.193.23:0/1803127298 (peer_addr_for_me v2:10.20.193.23:0/0)
2026-02-20T03:22:18.914 INFO:teuthology.orchestra.run.trial023.stdout:/usr/bin/ceph: stderr
2026-02-20T03:22:18.696+0000 7f69c2247640 1 -- 10.20.193.23:0/1803127298 --> [v2:10.20.193.23:3300/0,v1:10.20.193.23:6789/0] -- mon_subscribe({config=0+,monmap=0+}) -- 0x7f69bc10a6b0 con 0x7f69bc10ba50
2026-02-20T03:22:18.914 INFO:teuthology.orchestra.run.trial023.stdout:/usr/bin/ceph: stderr
2026-02-20T03:22:18.696+0000 7f69c2247640 1 --2- 10.20.193.23:0/1803127298 >> [v2:10.20.193.23:3300/0,v1:10.20.193.23:6789/0] conn(0x7f69bc10ba50 0x7f69bc10be50 secure :-1 s=READY pgs=37 cs=0 l=1 rev1=1 crypto rx=0x7f69ac009920 tx=0x7f69ac02ef20 comp rx=0 tx=0).ready entity=mon.0 client_cookie=1168d025aacfaed9 server_cookie=0 in_seq=0 out_seq=0
2026-02-20T03:22:18.914 INFO:teuthology.orchestra.run.trial023.stdout:/usr/bin/ceph: stderr
2026-02-20T03:22:18.697+0000 7f69c1245640 1 -- 10.20.193.23:0/1803127298 <== mon.0 v2:10.20.193.23:3300/0 1 ==== mon_map magic: 0 ==== 205+0+0 (secure 0 0 0) 0x7f69ac03c070 con 0x7f69bc10ba50
2026-02-20T03:22:18.915 INFO:teuthology.orchestra.run.trial023.stdout:/usr/bin/ceph: stderr
2026-02-20T03:22:18.697+0000 7f69c1245640 1 -- 10.20.193.23:0/1803127298 <== mon.0 v2:10.20.193.23:3300/0 2 ==== config(26 keys) ==== 1045+0+0 (secure 0 0 0) 0x7f69ac037440 con 0x7f69bc10ba50
2026-02-20T03:22:18.915 INFO:teuthology.orchestra.run.trial023.stdout:/usr/bin/ceph: stderr
2026-02-20T03:22:18.697+0000 7f69c1245640 1 -- 10.20.193.23:0/1803127298 <== mon.0 v2:10.20.193.23:3300/0 3 ==== mon_map magic: 0 ==== 205+0+0 (secure 0 0 0) 0x7f69ac0354b0 con 0x7f69bc10ba50
2026-02-20T03:22:18.915 INFO:teuthology.orchestra.run.trial023.stdout:/usr/bin/ceph: stderr
2026-02-20T03:22:18.697+0000 7f69c44d2640 1 -- 10.20.193.23:0/1803127298 >> [v2:10.20.193.23:3300/0,v1:10.20.193.23:6789/0] conn(0x7f69bc10ba50 msgr2=0x7f69bc10be50 secure :-1 s=STATE_CONNECTION_ESTABLISHED l=1).mark_down
2026-02-20T03:22:18.915 INFO:teuthology.orchestra.run.trial023.stdout:/usr/bin/ceph: stderr
2026-02-20T03:22:18.697+0000 7f69c44d2640 1 --2- 10.20.193.23:0/1803127298 >> [v2:10.20.193.23:3300/0,v1:10.20.193.23:6789/0] conn(0x7f69bc10ba50 0x7f69bc10be50 secure :-1 s=READY pgs=37 cs=0 l=1 rev1=1 crypto rx=0x7f69ac009920 tx=0x7f69ac02ef20 comp rx=0 tx=0).stop
2026-02-20T03:22:18.915 INFO:teuthology.orchestra.run.trial023.stdout:/usr/bin/ceph: stderr
2026-02-20T03:22:18.697+0000 7f69c44d2640 1 -- 10.20.193.23:0/1803127298 shutdown_connections
2026-02-20T03:22:18.915 INFO:teuthology.orchestra.run.trial023.stdout:/usr/bin/ceph: stderr
2026-02-20T03:22:18.697+0000 7f69c44d2640 1 --2- 10.20.193.23:0/1803127298 >> [v2:10.20.193.23:3300/0,v1:10.20.193.23:6789/0] conn(0x7f69bc10ba50 0x7f69bc10be50 unknown :-1 s=CLOSED pgs=37 cs=0 l=1 rev1=1 crypto rx=0 tx=0 comp rx=0 tx=0).stop
2026-02-20T03:22:18.915 INFO:teuthology.orchestra.run.trial023.stdout:/usr/bin/ceph: stderr
2026-02-20T03:22:18.697+0000 7f69c44d2640 1 -- 10.20.193.23:0/1803127298 >> 10.20.193.23:0/1803127298 conn(0x7f69bc07db10 msgr2=0x7f69bc07df40 unknown :-1 s=STATE_NONE l=0).mark_down
2026-02-20T03:22:18.915 INFO:teuthology.orchestra.run.trial023.stdout:/usr/bin/ceph: stderr
2026-02-20T03:22:18.697+0000 7f69c44d2640 1 -- 10.20.193.23:0/1803127298 shutdown_connections
2026-02-20T03:22:18.915 INFO:teuthology.orchestra.run.trial023.stdout:/usr/bin/ceph: stderr
2026-02-20T03:22:18.697+0000 7f69c44d2640 1 -- 10.20.193.23:0/1803127298 wait complete.
2026-02-20T03:22:18.915 INFO:teuthology.orchestra.run.trial023.stdout:/usr/bin/ceph: stderr
2026-02-20T03:22:18.698+0000 7f69c44d2640 1 Processor -- start
2026-02-20T03:22:18.915 INFO:teuthology.orchestra.run.trial023.stdout:/usr/bin/ceph: stderr
2026-02-20T03:22:18.698+0000 7f69c44d2640 1 -- start start
2026-02-20T03:22:18.915 INFO:teuthology.orchestra.run.trial023.stdout:/usr/bin/ceph: stderr
2026-02-20T03:22:18.698+0000 7f69c44d2640 1 --2- >> [v2:10.20.193.23:3300/0,v1:10.20.193.23:6789/0] conn(0x7f69bc10ba50 0x7f69bc1a03c0 unknown :-1 s=NONE pgs=0 cs=0 l=1 rev1=0 crypto rx=0 tx=0 comp rx=0 tx=0).connect
2026-02-20T03:22:18.916 INFO:teuthology.orchestra.run.trial023.stdout:/usr/bin/ceph: stderr
2026-02-20T03:22:18.698+0000 7f69c44d2640 1 -- --> [v2:10.20.193.23:3300/0,v1:10.20.193.23:6789/0] -- mon_getmap magic: 0 -- 0x7f69bc10e8f0 con 0x7f69bc10ba50
2026-02-20T03:22:18.916 INFO:teuthology.orchestra.run.trial023.stdout:/usr/bin/ceph: stderr
2026-02-20T03:22:18.698+0000 7f69c2247640 1 --2- >> [v2:10.20.193.23:3300/0,v1:10.20.193.23:6789/0] conn(0x7f69bc10ba50 0x7f69bc1a03c0 unknown :-1 s=BANNER_CONNECTING pgs=0 cs=0 l=1 rev1=0 crypto rx=0 tx=0 comp rx=0 tx=0)._handle_peer_banner_payload supported=3 required=0
2026-02-20T03:22:18.916 INFO:teuthology.orchestra.run.trial023.stdout:/usr/bin/ceph: stderr
2026-02-20T03:22:18.698+0000 7f69c2247640 1 --2- >> [v2:10.20.193.23:3300/0,v1:10.20.193.23:6789/0] conn(0x7f69bc10ba50 0x7f69bc1a03c0 unknown :-1 s=HELLO_CONNECTING pgs=0 cs=0 l=1 rev1=1 crypto rx=0 tx=0 comp rx=0 tx=0).handle_hello peer v2:10.20.193.23:3300/0 says I am v2:10.20.193.23:55626/0 (socket says 10.20.193.23:55626)
2026-02-20T03:22:18.916 INFO:teuthology.orchestra.run.trial023.stdout:/usr/bin/ceph: stderr
2026-02-20T03:22:18.698+0000 7f69c2247640 1 -- 10.20.193.23:0/2279179760 learned_addr learned my addr 10.20.193.23:0/2279179760 (peer_addr_for_me v2:10.20.193.23:0/0)
2026-02-20T03:22:18.916 INFO:teuthology.orchestra.run.trial023.stdout:/usr/bin/ceph: stderr
2026-02-20T03:22:18.699+0000 7f69c2247640 1 -- 10.20.193.23:0/2279179760 --> [v2:10.20.193.23:3300/0,v1:10.20.193.23:6789/0] -- mon_subscribe({config=0+,monmap=0+}) -- 0x7f69bc1a0900 con 0x7f69bc10ba50
2026-02-20T03:22:18.916 INFO:teuthology.orchestra.run.trial023.stdout:/usr/bin/ceph: stderr
2026-02-20T03:22:18.699+0000 7f69c2247640 1 --2- 10.20.193.23:0/2279179760 >> [v2:10.20.193.23:3300/0,v1:10.20.193.23:6789/0] conn(0x7f69bc10ba50 0x7f69bc1a03c0 secure :-1 s=READY pgs=38 cs=0 l=1 rev1=1 crypto rx=0x7f69ac002410 tx=0x7f69ac037b90 comp rx=0 tx=0).ready entity=mon.0 client_cookie=0 server_cookie=0 in_seq=0 out_seq=0
2026-02-20T03:22:18.916 INFO:teuthology.orchestra.run.trial023.stdout:/usr/bin/ceph: stderr
2026-02-20T03:22:18.699+0000 7f69a37fe640 1 -- 10.20.193.23:0/2279179760 <== mon.0 v2:10.20.193.23:3300/0 1 ==== mon_map magic: 0 ==== 205+0+0 (secure 0 0 0) 0x7f69ac045070 con 0x7f69bc10ba50
2026-02-20T03:22:18.916 INFO:teuthology.orchestra.run.trial023.stdout:/usr/bin/ceph: stderr
2026-02-20T03:22:18.699+0000 7f69c44d2640 1 -- 10.20.193.23:0/2279179760 --> [v2:10.20.193.23:3300/0,v1:10.20.193.23:6789/0] -- mon_subscribe({mgrmap=0+}) -- 0x7f69bc1a0b90 con 0x7f69bc10ba50
2026-02-20T03:22:18.916 INFO:teuthology.orchestra.run.trial023.stdout:/usr/bin/ceph: stderr
2026-02-20T03:22:18.699+0000 7f69a37fe640 1 -- 10.20.193.23:0/2279179760 <== mon.0 v2:10.20.193.23:3300/0 2 ==== config(26 keys) ==== 1045+0+0 (secure 0 0 0) 0x7f69ac040450 con 0x7f69bc10ba50
2026-02-20T03:22:18.916 INFO:teuthology.orchestra.run.trial023.stdout:/usr/bin/ceph: stderr
2026-02-20T03:22:18.699+0000 7f69a37fe640 1 -- 10.20.193.23:0/2279179760 <== mon.0 v2:10.20.193.23:3300/0 3 ==== mon_map magic: 0 ==== 205+0+0 (secure 0 0 0) 0x7f69ac03c070 con 0x7f69bc10ba50
2026-02-20T03:22:18.916 INFO:teuthology.orchestra.run.trial023.stdout:/usr/bin/ceph: stderr
2026-02-20T03:22:18.699+0000 7f69c44d2640 1 -- 10.20.193.23:0/2279179760 --> [v2:10.20.193.23:3300/0,v1:10.20.193.23:6789/0] -- mon_subscribe({osdmap=0}) -- 0x7f69bc1a3880 con 0x7f69bc10ba50
2026-02-20T03:22:18.916 INFO:teuthology.orchestra.run.trial023.stdout:/usr/bin/ceph: stderr
2026-02-20T03:22:18.700+0000 7f69c44d2640 1 -- 10.20.193.23:0/2279179760 --> [v2:10.20.193.23:3300/0,v1:10.20.193.23:6789/0] -- mon_command({"prefix": "get_command_descriptions"} v 0) -- 0x7f69bc10bed0 con 0x7f69bc10ba50
2026-02-20T03:22:18.917 INFO:teuthology.orchestra.run.trial023.stdout:/usr/bin/ceph: stderr
2026-02-20T03:22:18.700+0000 7f69a37fe640 1 -- 10.20.193.23:0/2279179760 <== mon.0 v2:10.20.193.23:3300/0 4 ==== mgrmap(e 6) ==== 50141+0+0 (secure 0 0 0) 0x7f69ac0408c0 con 0x7f69bc10ba50
2026-02-20T03:22:18.917 INFO:teuthology.orchestra.run.trial023.stdout:/usr/bin/ceph: stderr
2026-02-20T03:22:18.701+0000 7f69a37fe640 1 --2- 10.20.193.23:0/2279179760 >> [v2:10.20.193.23:6800/652378868,v1:10.20.193.23:6801/652378868] conn(0x7f699803dad0 0x7f699803ff90 unknown :-1 s=NONE pgs=0 cs=0 l=1 rev1=0 crypto rx=0 tx=0 comp rx=0 tx=0).connect
2026-02-20T03:22:18.917 INFO:teuthology.orchestra.run.trial023.stdout:/usr/bin/ceph: stderr
2026-02-20T03:22:18.701+0000 7f69a37fe640 1 -- 10.20.193.23:0/2279179760 <== mon.0 v2:10.20.193.23:3300/0 5 ==== osd_map(2..2 src has 1..2) ==== 940+0+0 (secure 0 0 0) 0x7f69ac076510 con 0x7f69bc10ba50
2026-02-20T03:22:18.917 INFO:teuthology.orchestra.run.trial023.stdout:/usr/bin/ceph: stderr
2026-02-20T03:22:18.701+0000 7f69c1a46640 1 --2- 10.20.193.23:0/2279179760 >> [v2:10.20.193.23:6800/652378868,v1:10.20.193.23:6801/652378868] conn(0x7f699803dad0 0x7f699803ff90 unknown :-1 s=BANNER_CONNECTING pgs=0 cs=0 l=1 rev1=0 crypto rx=0 tx=0 comp rx=0 tx=0)._handle_peer_banner_payload supported=3 required=0
2026-02-20T03:22:18.917 INFO:teuthology.orchestra.run.trial023.stdout:/usr/bin/ceph: stderr
2026-02-20T03:22:18.701+0000 7f69c1a46640 1 --2- 10.20.193.23:0/2279179760 >> [v2:10.20.193.23:6800/652378868,v1:10.20.193.23:6801/652378868] conn(0x7f699803dad0 0x7f699803ff90 secure :-1 s=READY pgs=8 cs=0 l=1 rev1=1 crypto rx=0x7f69b00099c0 tx=0x7f69b0006eb0 comp rx=0 tx=0).ready entity=mgr.14118 client_cookie=0 server_cookie=0 in_seq=0 out_seq=0
2026-02-20T03:22:18.917 INFO:teuthology.orchestra.run.trial023.stdout:/usr/bin/ceph: stderr
2026-02-20T03:22:18.704+0000 7f69a37fe640 1 -- 10.20.193.23:0/2279179760 <== mon.0 v2:10.20.193.23:3300/0 6 ==== mon_command_ack([{"prefix": "get_command_descriptions"}]=0 v0) ==== 72+0+195341 (secure 0 0 0) 0x7f69ac035aa0 con 0x7f69bc10ba50
2026-02-20T03:22:18.917 INFO:teuthology.orchestra.run.trial023.stdout:/usr/bin/ceph: stderr
2026-02-20T03:22:18.796+0000 7f69c44d2640 1 -- 10.20.193.23:0/2279179760 --> [v2:10.20.193.23:6800/652378868,v1:10.20.193.23:6801/652378868] -- mgr_command(tid 0: {"prefix": "cephadm set-user", "user": "root", "target": ["mon-mgr", ""]}) -- 0x7f69bc108f00 con 0x7f699803dad0
2026-02-20T03:22:18.917 INFO:teuthology.orchestra.run.trial023.stdout:/usr/bin/ceph: stderr
2026-02-20T03:22:18.797+0000 7f69a37fe640 1 -- 10.20.193.23:0/2279179760 <== mgr.14118 v2:10.20.193.23:6800/652378868 1 ==== mgr_command_reply(tid 0: 0 ) ==== 8+0+16 (secure 0 0 0) 0x7f69bc108f00 con 0x7f699803dad0
2026-02-20T03:22:18.917 INFO:teuthology.orchestra.run.trial023.stdout:/usr/bin/ceph: stderr
2026-02-20T03:22:18.798+0000 7f69c44d2640 1 -- 10.20.193.23:0/2279179760 >> [v2:10.20.193.23:6800/652378868,v1:10.20.193.23:6801/652378868] conn(0x7f699803dad0 msgr2=0x7f699803ff90 secure :-1 s=STATE_CONNECTION_ESTABLISHED l=1).mark_down
2026-02-20T03:22:18.917 INFO:teuthology.orchestra.run.trial023.stdout:/usr/bin/ceph: stderr
2026-02-20T03:22:18.798+0000 7f69c44d2640 1 --2- 10.20.193.23:0/2279179760 >> [v2:10.20.193.23:6800/652378868,v1:10.20.193.23:6801/652378868] conn(0x7f699803dad0 0x7f699803ff90 secure :-1 s=READY pgs=8 cs=0 l=1 rev1=1 crypto rx=0x7f69b00099c0 tx=0x7f69b0006eb0 comp rx=0 tx=0).stop
2026-02-20T03:22:18.917 INFO:teuthology.orchestra.run.trial023.stdout:/usr/bin/ceph: stderr
2026-02-20T03:22:18.798+0000 7f69c44d2640 1 -- 10.20.193.23:0/2279179760 >> [v2:10.20.193.23:3300/0,v1:10.20.193.23:6789/0] conn(0x7f69bc10ba50 msgr2=0x7f69bc1a03c0 secure :-1 s=STATE_CONNECTION_ESTABLISHED l=1).mark_down
2026-02-20T03:22:18.917 INFO:teuthology.orchestra.run.trial023.stdout:/usr/bin/ceph: stderr
2026-02-20T03:22:18.798+0000 7f69c44d2640 1 --2- 10.20.193.23:0/2279179760 >> [v2:10.20.193.23:3300/0,v1:10.20.193.23:6789/0] conn(0x7f69bc10ba50 0x7f69bc1a03c0 secure :-1 s=READY pgs=38 cs=0 l=1 rev1=1 crypto rx=0x7f69ac002410 tx=0x7f69ac037b90 comp rx=0 tx=0).stop
2026-02-20T03:22:18.918 INFO:teuthology.orchestra.run.trial023.stdout:/usr/bin/ceph: stderr
2026-02-20T03:22:18.798+0000 7f69c44d2640 1 -- 10.20.193.23:0/2279179760 shutdown_connections
2026-02-20T03:22:18.918 INFO:teuthology.orchestra.run.trial023.stdout:/usr/bin/ceph: stderr
2026-02-20T03:22:18.798+0000 7f69c44d2640 1 --2- 10.20.193.23:0/2279179760 >> [v2:10.20.193.23:6800/652378868,v1:10.20.193.23:6801/652378868] conn(0x7f699803dad0 0x7f699803ff90 unknown :-1 s=CLOSED pgs=8 cs=0 l=1 rev1=1 crypto rx=0 tx=0 comp rx=0 tx=0).stop
2026-02-20T03:22:18.918 INFO:teuthology.orchestra.run.trial023.stdout:/usr/bin/ceph: stderr
2026-02-20T03:22:18.798+0000 7f69c44d2640 1 --2- 10.20.193.23:0/2279179760 >> [v2:10.20.193.23:3300/0,v1:10.20.193.23:6789/0] conn(0x7f69bc10ba50 0x7f69bc1a03c0 unknown :-1 s=CLOSED pgs=38 cs=0 l=1 rev1=1 crypto rx=0 tx=0 comp rx=0 tx=0).stop
2026-02-20T03:22:18.918 INFO:teuthology.orchestra.run.trial023.stdout:/usr/bin/ceph: stderr
2026-02-20T03:22:18.798+0000 7f69c44d2640 1 -- 10.20.193.23:0/2279179760 >> 10.20.193.23:0/2279179760 conn(0x7f69bc07db10 msgr2=0x7f69bc1087f0 unknown :-1 s=STATE_NONE l=0).mark_down
2026-02-20T03:22:18.918 INFO:teuthology.orchestra.run.trial023.stdout:/usr/bin/ceph: stderr
2026-02-20T03:22:18.798+0000 7f69c44d2640 1 -- 10.20.193.23:0/2279179760 shutdown_connections
2026-02-20T03:22:18.918 INFO:teuthology.orchestra.run.trial023.stdout:/usr/bin/ceph: stderr
2026-02-20T03:22:18.798+0000 7f69c44d2640 1 -- 10.20.193.23:0/2279179760 wait complete.
2026-02-20T03:22:18.918 INFO:teuthology.orchestra.run.trial023.stdout:Generating ssh key...
2026-02-20T03:22:19.335 INFO:teuthology.orchestra.run.trial023.stdout:/usr/bin/ceph: stderr
2026-02-20T03:22:19.084+0000 7f85b6886640 1 Processor -- start
2026-02-20T03:22:19.335 INFO:teuthology.orchestra.run.trial023.stdout:/usr/bin/ceph: stderr
2026-02-20T03:22:19.084+0000 7f85b6886640 1 -- start start
2026-02-20T03:22:19.335 INFO:teuthology.orchestra.run.trial023.stdout:/usr/bin/ceph: stderr
2026-02-20T03:22:19.084+0000 7f85b6886640 1 --2- >> [v2:10.20.193.23:3300/0,v1:10.20.193.23:6789/0] conn(0x7f85b010a910 0x7f85b010ad30 unknown :-1 s=NONE pgs=0 cs=0 l=0 rev1=0 crypto rx=0 tx=0 comp rx=0 tx=0).connect
2026-02-20T03:22:19.335 INFO:teuthology.orchestra.run.trial023.stdout:/usr/bin/ceph: stderr
2026-02-20T03:22:19.084+0000 7f85b6886640 1 -- --> [v2:10.20.193.23:3300/0,v1:10.20.193.23:6789/0] -- mon_getmap magic: 0 -- 0x7f85b010b300 con 0x7f85b010a910
2026-02-20T03:22:19.336 INFO:teuthology.orchestra.run.trial023.stdout:/usr/bin/ceph: stderr
2026-02-20T03:22:19.084+0000 7f85b5884640 1 --2- >> [v2:10.20.193.23:3300/0,v1:10.20.193.23:6789/0] conn(0x7f85b010a910 0x7f85b010ad30 unknown :-1 s=BANNER_CONNECTING pgs=0 cs=0 l=0 rev1=0 crypto rx=0 tx=0 comp rx=0 tx=0)._handle_peer_banner_payload supported=3 required=0
2026-02-20T03:22:19.336 INFO:teuthology.orchestra.run.trial023.stdout:/usr/bin/ceph: stderr
2026-02-20T03:22:19.084+0000 7f85b5884640 1 --2- >> [v2:10.20.193.23:3300/0,v1:10.20.193.23:6789/0] conn(0x7f85b010a910 0x7f85b010ad30 unknown :-1 s=HELLO_CONNECTING pgs=0 cs=0 l=0 rev1=1 crypto rx=0 tx=0 comp rx=0 tx=0).handle_hello peer v2:10.20.193.23:3300/0 says I am v2:10.20.193.23:55628/0 (socket says 10.20.193.23:55628)
2026-02-20T03:22:19.336 INFO:teuthology.orchestra.run.trial023.stdout:/usr/bin/ceph: stderr
2026-02-20T03:22:19.084+0000 7f85b5884640 1 -- 10.20.193.23:0/2794156100 learned_addr learned my addr 10.20.193.23:0/2794156100 (peer_addr_for_me v2:10.20.193.23:0/0)
2026-02-20T03:22:19.336 INFO:teuthology.orchestra.run.trial023.stdout:/usr/bin/ceph: stderr
2026-02-20T03:22:19.085+0000 7f85b5884640 1 -- 10.20.193.23:0/2794156100 --> [v2:10.20.193.23:3300/0,v1:10.20.193.23:6789/0] -- mon_subscribe({config=0+,monmap=0+}) -- 0x7f85b010b480 con 0x7f85b010a910
2026-02-20T03:22:19.336 INFO:teuthology.orchestra.run.trial023.stdout:/usr/bin/ceph: stderr
2026-02-20T03:22:19.085+0000 7f85b5884640 1 --2- 10.20.193.23:0/2794156100 >> [v2:10.20.193.23:3300/0,v1:10.20.193.23:6789/0] conn(0x7f85b010a910 0x7f85b010ad30 secure :-1 s=READY pgs=39 cs=0 l=1 rev1=1 crypto rx=0x7f85a0009920 tx=0x7f85a002ef20 comp rx=0 tx=0).ready entity=mon.0 client_cookie=7a236a62edaf2f25 server_cookie=0 in_seq=0 out_seq=0
2026-02-20T03:22:19.336 INFO:teuthology.orchestra.run.trial023.stdout:/usr/bin/ceph: stderr
2026-02-20T03:22:19.086+0000 7f85b4882640 1 -- 10.20.193.23:0/2794156100 <== mon.0 v2:10.20.193.23:3300/0 1 ==== mon_map magic: 0 ==== 205+0+0 (secure 0 0 0) 0x7f85a003c070 con 0x7f85b010a910
2026-02-20T03:22:19.336 INFO:teuthology.orchestra.run.trial023.stdout:/usr/bin/ceph: stderr
2026-02-20T03:22:19.086+0000 7f85b4882640 1 -- 10.20.193.23:0/2794156100 <== mon.0 v2:10.20.193.23:3300/0 2 ==== config(26 keys) ==== 1045+0+0 (secure 0 0 0) 0x7f85a0037440 con 0x7f85b010a910
2026-02-20T03:22:19.336 INFO:teuthology.orchestra.run.trial023.stdout:/usr/bin/ceph: stderr
2026-02-20T03:22:19.086+0000 7f85b4882640 1 -- 10.20.193.23:0/2794156100 <== mon.0 v2:10.20.193.23:3300/0 3 ==== mon_map magic: 0 ==== 205+0+0 (secure 0 0 0) 0x7f85a00354b0 con 0x7f85b010a910
2026-02-20T03:22:19.336 INFO:teuthology.orchestra.run.trial023.stdout:/usr/bin/ceph: stderr
2026-02-20T03:22:19.086+0000 7f85b6886640 1 -- 10.20.193.23:0/2794156100 >> [v2:10.20.193.23:3300/0,v1:10.20.193.23:6789/0] conn(0x7f85b010a910 msgr2=0x7f85b010ad30 secure :-1 s=STATE_CONNECTION_ESTABLISHED l=1).mark_down
2026-02-20T03:22:19.336 INFO:teuthology.orchestra.run.trial023.stdout:/usr/bin/ceph: stderr
2026-02-20T03:22:19.086+0000 7f85b6886640 1 --2- 10.20.193.23:0/2794156100 >> [v2:10.20.193.23:3300/0,v1:10.20.193.23:6789/0] conn(0x7f85b010a910 0x7f85b010ad30 secure :-1 s=READY pgs=39 cs=0 l=1 rev1=1 crypto rx=0x7f85a0009920 tx=0x7f85a002ef20 comp rx=0 tx=0).stop
2026-02-20T03:22:19.336 INFO:teuthology.orchestra.run.trial023.stdout:/usr/bin/ceph: stderr
2026-02-20T03:22:19.086+0000 7f85b6886640 1 -- 10.20.193.23:0/2794156100 shutdown_connections
2026-02-20T03:22:19.337 INFO:teuthology.orchestra.run.trial023.stdout:/usr/bin/ceph: stderr
2026-02-20T03:22:19.086+0000 7f85b6886640 1 --2- 10.20.193.23:0/2794156100 >> [v2:10.20.193.23:3300/0,v1:10.20.193.23:6789/0] conn(0x7f85b010a910 0x7f85b010ad30 unknown :-1 s=CLOSED pgs=39 cs=0 l=1 rev1=1 crypto rx=0 tx=0 comp rx=0 tx=0).stop
2026-02-20T03:22:19.337 INFO:teuthology.orchestra.run.trial023.stdout:/usr/bin/ceph: stderr
2026-02-20T03:22:19.086+0000 7f85b6886640 1 -- 10.20.193.23:0/2794156100 >> 10.20.193.23:0/2794156100 conn(0x7f85b007d8d0 msgr2=0x7f85b007dd00 unknown :-1 s=STATE_NONE l=0).mark_down
2026-02-20T03:22:19.337 INFO:teuthology.orchestra.run.trial023.stdout:/usr/bin/ceph: stderr
2026-02-20T03:22:19.086+0000 7f85b6886640 1 -- 10.20.193.23:0/2794156100 shutdown_connections
2026-02-20T03:22:19.337 INFO:teuthology.orchestra.run.trial023.stdout:/usr/bin/ceph: stderr
2026-02-20T03:22:19.086+0000 7f85b6886640 1 -- 10.20.193.23:0/2794156100 wait complete.
2026-02-20T03:22:19.337 INFO:teuthology.orchestra.run.trial023.stdout:/usr/bin/ceph: stderr
2026-02-20T03:22:19.087+0000 7f85b6886640 1 Processor -- start
2026-02-20T03:22:19.337 INFO:teuthology.orchestra.run.trial023.stdout:/usr/bin/ceph: stderr
2026-02-20T03:22:19.087+0000 7f85b6886640 1 -- start start
2026-02-20T03:22:19.337 INFO:teuthology.orchestra.run.trial023.stdout:/usr/bin/ceph: stderr
2026-02-20T03:22:19.087+0000 7f85b6886640 1 --2- >> [v2:10.20.193.23:3300/0,v1:10.20.193.23:6789/0] conn(0x7f85b010a910 0x7f85b01a0190 unknown :-1 s=NONE pgs=0 cs=0 l=1 rev1=0 crypto rx=0 tx=0 comp rx=0 tx=0).connect
2026-02-20T03:22:19.337 INFO:teuthology.orchestra.run.trial023.stdout:/usr/bin/ceph: stderr
2026-02-20T03:22:19.087+0000 7f85b6886640 1 -- --> [v2:10.20.193.23:3300/0,v1:10.20.193.23:6789/0] -- mon_getmap magic: 0 -- 0x7f85b010e510 con 0x7f85b010a910
2026-02-20T03:22:19.337 INFO:teuthology.orchestra.run.trial023.stdout:/usr/bin/ceph: stderr
2026-02-20T03:22:19.087+0000 7f85b5884640 1 --2- >> [v2:10.20.193.23:3300/0,v1:10.20.193.23:6789/0] conn(0x7f85b010a910 0x7f85b01a0190 unknown :-1 s=BANNER_CONNECTING pgs=0 cs=0 l=1 rev1=0 crypto rx=0 tx=0 comp rx=0 tx=0)._handle_peer_banner_payload supported=3 required=0
2026-02-20T03:22:19.337 INFO:teuthology.orchestra.run.trial023.stdout:/usr/bin/ceph: stderr
2026-02-20T03:22:19.087+0000 7f85b5884640 1 --2- >> [v2:10.20.193.23:3300/0,v1:10.20.193.23:6789/0] conn(0x7f85b010a910 0x7f85b01a0190 unknown :-1 s=HELLO_CONNECTING pgs=0 cs=0 l=1 rev1=1 crypto rx=0 tx=0 comp rx=0 tx=0).handle_hello peer v2:10.20.193.23:3300/0 says I am v2:10.20.193.23:55644/0 (socket says 10.20.193.23:55644)
2026-02-20T03:22:19.337 INFO:teuthology.orchestra.run.trial023.stdout:/usr/bin/ceph: stderr
2026-02-20T03:22:19.087+0000 7f85b5884640 1 -- 10.20.193.23:0/389330614 learned_addr learned my addr 10.20.193.23:0/389330614 (peer_addr_for_me v2:10.20.193.23:0/0)
2026-02-20T03:22:19.338 INFO:teuthology.orchestra.run.trial023.stdout:/usr/bin/ceph: stderr
2026-02-20T03:22:19.087+0000 7f85b5884640 1 -- 10.20.193.23:0/389330614 --> [v2:10.20.193.23:3300/0,v1:10.20.193.23:6789/0] -- mon_subscribe({config=0+,monmap=0+}) -- 0x7f85b01a06d0 con 0x7f85b010a910
2026-02-20T03:22:19.338 INFO:teuthology.orchestra.run.trial023.stdout:/usr/bin/ceph: stderr
2026-02-20T03:22:19.088+0000 7f85b5884640 1 --2- 10.20.193.23:0/389330614 >> [v2:10.20.193.23:3300/0,v1:10.20.193.23:6789/0] conn(0x7f85b010a910 0x7f85b01a0190 secure :-1 s=READY pgs=40 cs=0 l=1 rev1=1 crypto rx=0x7f85a0006fd0 tx=0x7f85a0037bb0 comp rx=0 tx=0).ready entity=mon.0 client_cookie=0 server_cookie=0 in_seq=0 out_seq=0
2026-02-20T03:22:19.338 INFO:teuthology.orchestra.run.trial023.stdout:/usr/bin/ceph: stderr
2026-02-20T03:22:19.088+0000 7f859effd640 1 -- 10.20.193.23:0/389330614 <== mon.0 v2:10.20.193.23:3300/0 1 ==== mon_map magic: 0 ==== 205+0+0 (secure 0 0 0) 0x7f85a0045070 con 0x7f85b010a910
2026-02-20T03:22:19.338 INFO:teuthology.orchestra.run.trial023.stdout:/usr/bin/ceph: stderr
2026-02-20T03:22:19.088+0000 7f859effd640 1 -- 10.20.193.23:0/389330614 <== mon.0 v2:10.20.193.23:3300/0 2 ==== config(26 keys) ==== 1045+0+0 (secure 0 0 0) 0x7f85a0040450 con 0x7f85b010a910
2026-02-20T03:22:19.338 INFO:teuthology.orchestra.run.trial023.stdout:/usr/bin/ceph: stderr
2026-02-20T03:22:19.088+0000 7f859effd640 1 -- 10.20.193.23:0/389330614 <== mon.0 v2:10.20.193.23:3300/0 3 ==== mon_map magic: 0 ==== 205+0+0 (secure 0 0 0) 0x7f85a003c070 con 0x7f85b010a910
2026-02-20T03:22:19.338 INFO:teuthology.orchestra.run.trial023.stdout:/usr/bin/ceph: stderr
2026-02-20T03:22:19.088+0000 7f85b6886640 1 -- 10.20.193.23:0/389330614 --> [v2:10.20.193.23:3300/0,v1:10.20.193.23:6789/0] -- mon_subscribe({mgrmap=0+}) -- 0x7f85b01a09c0 con 0x7f85b010a910
2026-02-20T03:22:19.338 INFO:teuthology.orchestra.run.trial023.stdout:/usr/bin/ceph: stderr
2026-02-20T03:22:19.088+0000 7f85b6886640 1 -- 10.20.193.23:0/389330614 --> [v2:10.20.193.23:3300/0,v1:10.20.193.23:6789/0] -- mon_subscribe({osdmap=0}) -- 0x7f85b01a3650 con 0x7f85b010a910
2026-02-20T03:22:19.338 INFO:teuthology.orchestra.run.trial023.stdout:/usr/bin/ceph: stderr
2026-02-20T03:22:19.088+0000 7f85b6886640 1 -- 10.20.193.23:0/389330614 --> [v2:10.20.193.23:3300/0,v1:10.20.193.23:6789/0] -- mon_command({"prefix": "get_command_descriptions"} v 0) -- 0x7f85b010adb0 con 0x7f85b010a910
2026-02-20T03:22:19.338 INFO:teuthology.orchestra.run.trial023.stdout:/usr/bin/ceph: stderr
2026-02-20T03:22:19.089+0000 7f859effd640 1 -- 10.20.193.23:0/389330614 <== mon.0 v2:10.20.193.23:3300/0 4 ==== mgrmap(e 6) ==== 50141+0+0 (secure 0 0 0) 0x7f85a0040900 con 0x7f85b010a910
2026-02-20T03:22:19.338 INFO:teuthology.orchestra.run.trial023.stdout:/usr/bin/ceph: stderr
2026-02-20T03:22:19.089+0000 7f859effd640 1 --2- 10.20.193.23:0/389330614 >> [v2:10.20.193.23:6800/652378868,v1:10.20.193.23:6801/652378868] conn(0x7f858c03db20 0x7f858c03ffe0 unknown :-1 s=NONE pgs=0 cs=0 l=1 rev1=0 crypto rx=0 tx=0 comp rx=0 tx=0).connect
2026-02-20T03:22:19.338 INFO:teuthology.orchestra.run.trial023.stdout:/usr/bin/ceph: stderr
2026-02-20T03:22:19.089+0000 7f859effd640 1 -- 10.20.193.23:0/389330614 <== mon.0 v2:10.20.193.23:3300/0 5 ==== osd_map(2..2 src has 1..2) ==== 940+0+0 (secure 0 0 0) 0x7f85a0076500 con 0x7f85b010a910
2026-02-20T03:22:19.338 INFO:teuthology.orchestra.run.trial023.stdout:/usr/bin/ceph: stderr
2026-02-20T03:22:19.089+0000 7f85b5083640 1 --2- 10.20.193.23:0/389330614 >> [v2:10.20.193.23:6800/652378868,v1:10.20.193.23:6801/652378868] conn(0x7f858c03db20 0x7f858c03ffe0 unknown :-1 s=BANNER_CONNECTING pgs=0 cs=0 l=1 rev1=0 crypto rx=0 tx=0 comp rx=0 tx=0)._handle_peer_banner_payload supported=3 required=0
2026-02-20T03:22:19.339 INFO:teuthology.orchestra.run.trial023.stdout:/usr/bin/ceph: stderr
2026-02-20T03:22:19.090+0000 7f85b5083640 1 --2- 10.20.193.23:0/389330614 >> [v2:10.20.193.23:6800/652378868,v1:10.20.193.23:6801/652378868] conn(0x7f858c03db20 0x7f858c03ffe0 secure :-1 s=READY pgs=9 cs=0 l=1 rev1=1 crypto rx=0x7f85a40099c0 tx=0x7f85a4006eb0 comp rx=0 tx=0).ready entity=mgr.14118 client_cookie=0 server_cookie=0 in_seq=0 out_seq=0
2026-02-20T03:22:19.339 INFO:teuthology.orchestra.run.trial023.stdout:/usr/bin/ceph: stderr
2026-02-20T03:22:19.092+0000 7f859effd640 1 -- 10.20.193.23:0/389330614 <== mon.0 v2:10.20.193.23:3300/0 6 ==== mon_command_ack([{"prefix": "get_command_descriptions"}]=0 v0) ==== 72+0+195341 (secure 0 0 0) 0x7f85a00406b0 con 0x7f85b010a910
2026-02-20T03:22:19.339 INFO:teuthology.orchestra.run.trial023.stdout:/usr/bin/ceph: stderr
2026-02-20T03:22:19.183+0000 7f85b6886640 1 -- 10.20.193.23:0/389330614 --> [v2:10.20.193.23:6800/652378868,v1:10.20.193.23:6801/652378868] -- mgr_command(tid 0: {"prefix": "cephadm generate-key", "target": ["mon-mgr", ""]}) -- 0x7f85b01a3820 con 0x7f858c03db20
2026-02-20T03:22:19.339 INFO:teuthology.orchestra.run.trial023.stdout:/usr/bin/ceph: stderr
2026-02-20T03:22:19.216+0000 7f859effd640 1 -- 10.20.193.23:0/389330614 <== mgr.14118 v2:10.20.193.23:6800/652378868 1 ==== mgr_command_reply(tid 0: 0 ) ==== 8+0+0 (secure 0 0 0) 0x7f85b01a3820 con 0x7f858c03db20
2026-02-20T03:22:19.339 INFO:teuthology.orchestra.run.trial023.stdout:/usr/bin/ceph: stderr
2026-02-20T03:22:19.218+0000 7f85b6886640 1 -- 10.20.193.23:0/389330614 >> [v2:10.20.193.23:6800/652378868,v1:10.20.193.23:6801/652378868] conn(0x7f858c03db20 msgr2=0x7f858c03ffe0 secure :-1 s=STATE_CONNECTION_ESTABLISHED l=1).mark_down
2026-02-20T03:22:19.339 INFO:teuthology.orchestra.run.trial023.stdout:/usr/bin/ceph: stderr
2026-02-20T03:22:19.218+0000 7f85b6886640 1 --2- 10.20.193.23:0/389330614 >> [v2:10.20.193.23:6800/652378868,v1:10.20.193.23:6801/652378868] conn(0x7f858c03db20 0x7f858c03ffe0 secure :-1 s=READY pgs=9 cs=0 l=1 rev1=1 crypto rx=0x7f85a40099c0 tx=0x7f85a4006eb0 comp rx=0 tx=0).stop
2026-02-20T03:22:19.339 INFO:teuthology.orchestra.run.trial023.stdout:/usr/bin/ceph: stderr
2026-02-20T03:22:19.218+0000 7f85b6886640 1 -- 10.20.193.23:0/389330614 >> [v2:10.20.193.23:3300/0,v1:10.20.193.23:6789/0] conn(0x7f85b010a910 msgr2=0x7f85b01a0190 secure :-1 s=STATE_CONNECTION_ESTABLISHED l=1).mark_down
2026-02-20T03:22:19.339 INFO:teuthology.orchestra.run.trial023.stdout:/usr/bin/ceph: stderr
2026-02-20T03:22:19.218+0000 7f85b6886640 1 --2- 10.20.193.23:0/389330614 >> [v2:10.20.193.23:3300/0,v1:10.20.193.23:6789/0] conn(0x7f85b010a910 0x7f85b01a0190 secure :-1 s=READY pgs=40 cs=0 l=1 rev1=1 crypto rx=0x7f85a0006fd0 tx=0x7f85a0037bb0 comp rx=0 tx=0).stop
2026-02-20T03:22:19.339 INFO:teuthology.orchestra.run.trial023.stdout:/usr/bin/ceph: stderr
2026-02-20T03:22:19.218+0000 7f85b6886640 1 -- 10.20.193.23:0/389330614 shutdown_connections
2026-02-20T03:22:19.339 INFO:teuthology.orchestra.run.trial023.stdout:/usr/bin/ceph: stderr
2026-02-20T03:22:19.218+0000 7f85b6886640 1 --2- 10.20.193.23:0/389330614 >> [v2:10.20.193.23:6800/652378868,v1:10.20.193.23:6801/652378868] conn(0x7f858c03db20 0x7f858c03ffe0 unknown :-1 s=CLOSED pgs=9 cs=0 l=1 rev1=1 crypto rx=0 tx=0 comp rx=0 tx=0).stop
2026-02-20T03:22:19.339 INFO:teuthology.orchestra.run.trial023.stdout:/usr/bin/ceph: stderr
2026-02-20T03:22:19.218+0000 7f85b6886640 1 --2- 10.20.193.23:0/389330614 >> [v2:10.20.193.23:3300/0,v1:10.20.193.23:6789/0] conn(0x7f85b010a910 0x7f85b01a0190 unknown :-1 s=CLOSED pgs=40 cs=0 l=1 rev1=1 crypto rx=0 tx=0 comp rx=0 tx=0).stop
2026-02-20T03:22:19.339 INFO:teuthology.orchestra.run.trial023.stdout:/usr/bin/ceph: stderr
2026-02-20T03:22:19.218+0000 7f85b6886640 1 -- 10.20.193.23:0/389330614 >> 10.20.193.23:0/389330614 conn(0x7f85b007d8d0 msgr2=0x7f85b0108860 unknown :-1 s=STATE_NONE l=0).mark_down
2026-02-20T03:22:19.340 INFO:teuthology.orchestra.run.trial023.stdout:/usr/bin/ceph: stderr
2026-02-20T03:22:19.218+0000 7f85b6886640 1 -- 10.20.193.23:0/389330614 shutdown_connections
2026-02-20T03:22:19.340 INFO:teuthology.orchestra.run.trial023.stdout:/usr/bin/ceph: stderr
2026-02-20T03:22:19.218+0000 7f85b6886640 1 -- 10.20.193.23:0/389330614 wait complete.
2026-02-20T03:22:19.416 INFO:journalctl@ceph.mon.a.trial023.stdout:Feb 20 03:22:19 trial023 ceph-mon[38549]: from='client.14122 -' entity='client.admin' cmd=[{"prefix": "get_command_descriptions"}]: dispatch
2026-02-20T03:22:19.417 INFO:journalctl@ceph.mon.a.trial023.stdout:Feb 20 03:22:19 trial023 ceph-mon[38549]: from='client.14122 -' entity='client.admin' cmd=[{"prefix": "mgr_status"}]: dispatch
2026-02-20T03:22:19.417 INFO:journalctl@ceph.mon.a.trial023.stdout:Feb 20 03:22:19 trial023 ceph-mon[38549]: [20/Feb/2026:03:22:18] ENGINE Bus STARTING
2026-02-20T03:22:19.417 INFO:journalctl@ceph.mon.a.trial023.stdout:Feb 20 03:22:19 trial023 ceph-mon[38549]: from='mgr.14118 10.20.193.23:0/779963946' entity='mgr.x'
2026-02-20T03:22:19.417 INFO:journalctl@ceph.mon.a.trial023.stdout:Feb 20 03:22:19 trial023 ceph-mon[38549]: from='mgr.14118 10.20.193.23:0/779963946' entity='mgr.x' cmd=[{"prefix": "config dump", "format": "json"}]: dispatch
2026-02-20T03:22:19.417 INFO:journalctl@ceph.mon.a.trial023.stdout:Feb 20 03:22:19 trial023 ceph-mon[38549]: from='mgr.14118 10.20.193.23:0/779963946' entity='mgr.x' cmd=[{"prefix": "config dump", "format": "json"}]: dispatch
2026-02-20T03:22:19.417 INFO:journalctl@ceph.mgr.x.trial023.stdout:Feb 20 03:22:19 trial023 ceph-491fb482-0e0b-11f1-b211-d404e6e7d460-mgr-x[38788]: Generating public/private ed25519 key pair.
2026-02-20T03:22:19.418 INFO:journalctl@ceph.mgr.x.trial023.stdout:Feb 20 03:22:19 trial023 ceph-491fb482-0e0b-11f1-b211-d404e6e7d460-mgr-x[38788]: Your identification has been saved in /tmp/tmpldiujx2e/key
2026-02-20T03:22:19.418 INFO:journalctl@ceph.mgr.x.trial023.stdout:Feb 20 03:22:19 trial023 ceph-491fb482-0e0b-11f1-b211-d404e6e7d460-mgr-x[38788]: Your public key has been saved in /tmp/tmpldiujx2e/key.pub
2026-02-20T03:22:19.418 INFO:journalctl@ceph.mgr.x.trial023.stdout:Feb 20 03:22:19 trial023 ceph-491fb482-0e0b-11f1-b211-d404e6e7d460-mgr-x[38788]: The key fingerprint is:
2026-02-20T03:22:19.418 INFO:journalctl@ceph.mgr.x.trial023.stdout:Feb 20 03:22:19 trial023 ceph-491fb482-0e0b-11f1-b211-d404e6e7d460-mgr-x[38788]: SHA256:nxYchtBbY/XBQU/lKpoHr96uxHIP6P3vhtnxlOMnpXA ceph-491fb482-0e0b-11f1-b211-d404e6e7d460
2026-02-20T03:22:19.418 INFO:journalctl@ceph.mgr.x.trial023.stdout:Feb 20 03:22:19 trial023 ceph-491fb482-0e0b-11f1-b211-d404e6e7d460-mgr-x[38788]: The key's randomart image is:
2026-02-20T03:22:19.418 INFO:journalctl@ceph.mgr.x.trial023.stdout:Feb 20 03:22:19 trial023 ceph-491fb482-0e0b-11f1-b211-d404e6e7d460-mgr-x[38788]: +--[ED25519 256]--+
2026-02-20T03:22:19.418 INFO:journalctl@ceph.mgr.x.trial023.stdout:Feb 20 03:22:19 trial023 ceph-491fb482-0e0b-11f1-b211-d404e6e7d460-mgr-x[38788]: | .. ..o+.+|
2026-02-20T03:22:19.418 INFO:journalctl@ceph.mgr.x.trial023.stdout:Feb 20 03:22:19 trial023 ceph-491fb482-0e0b-11f1-b211-d404e6e7d460-mgr-x[38788]: | ...+ ..= |
2026-02-20T03:22:19.418 INFO:journalctl@ceph.mgr.x.trial023.stdout:Feb 20 03:22:19 trial023 ceph-491fb482-0e0b-11f1-b211-d404e6e7d460-mgr-x[38788]: | .+o. . o|
2026-02-20T03:22:19.418 INFO:journalctl@ceph.mgr.x.trial023.stdout:Feb 20 03:22:19 trial023 ceph-491fb482-0e0b-11f1-b211-d404e6e7d460-mgr-x[38788]: | .o . . |
2026-02-20T03:22:19.418 INFO:journalctl@ceph.mgr.x.trial023.stdout:Feb 20 03:22:19 trial023 ceph-491fb482-0e0b-11f1-b211-d404e6e7d460-mgr-x[38788]: | S + . . .|
2026-02-20T03:22:19.418 INFO:journalctl@ceph.mgr.x.trial023.stdout:Feb 20 03:22:19 trial023 ceph-491fb482-0e0b-11f1-b211-d404e6e7d460-mgr-x[38788]: | + B..Eoo|
2026-02-20T03:22:19.419 INFO:journalctl@ceph.mgr.x.trial023.stdout:Feb 20 03:22:19 trial023 ceph-491fb482-0e0b-11f1-b211-d404e6e7d460-mgr-x[38788]: | o @ o*.*.|
2026-02-20T03:22:19.419 INFO:journalctl@ceph.mgr.x.trial023.stdout:Feb 20 03:22:19 trial023 ceph-491fb482-0e0b-11f1-b211-d404e6e7d460-mgr-x[38788]: | . * *o =.o|
2026-02-20T03:22:19.419 INFO:journalctl@ceph.mgr.x.trial023.stdout:Feb 20 03:22:19 trial023 ceph-491fb482-0e0b-11f1-b211-d404e6e7d460-mgr-x[38788]: | ..=+=+o..|
2026-02-20T03:22:19.419 INFO:journalctl@ceph.mgr.x.trial023.stdout:Feb 20 03:22:19 trial023 ceph-491fb482-0e0b-11f1-b211-d404e6e7d460-mgr-x[38788]: +----[SHA256]-----+
2026-02-20T03:22:19.678 INFO:teuthology.orchestra.run.trial023.stdout:/usr/bin/ceph: stdout ssh-ed25519 AAAAC3NzaC1lZDI1NTE5AAAAII9HB4kW12TKnBeTCyKuf7y3Hrvyse7Zp/gRUxdW0xuH ceph-491fb482-0e0b-11f1-b211-d404e6e7d460
2026-02-20T03:22:19.678 INFO:teuthology.orchestra.run.trial023.stdout:/usr/bin/ceph: stderr
2026-02-20T03:22:19.499+0000 7ff1ef4a3640 1 Processor -- start
2026-02-20T03:22:19.678 INFO:teuthology.orchestra.run.trial023.stdout:/usr/bin/ceph: stderr
2026-02-20T03:22:19.499+0000 7ff1ef4a3640 1 -- start start
2026-02-20T03:22:19.679 INFO:teuthology.orchestra.run.trial023.stdout:/usr/bin/ceph: stderr
2026-02-20T03:22:19.499+0000 7ff1ef4a3640 1 --2- >> [v2:10.20.193.23:3300/0,v1:10.20.193.23:6789/0] conn(0x7ff1e810a910 0x7ff1e810ad30 unknown :-1 s=NONE pgs=0 cs=0 l=0 rev1=0 crypto rx=0 tx=0 comp rx=0 tx=0).connect
2026-02-20T03:22:19.679 INFO:teuthology.orchestra.run.trial023.stdout:/usr/bin/ceph: stderr
2026-02-20T03:22:19.499+0000 7ff1ef4a3640 1 -- --> [v2:10.20.193.23:3300/0,v1:10.20.193.23:6789/0] -- mon_getmap magic: 0 -- 0x7ff1e810b300 con 0x7ff1e810a910
2026-02-20T03:22:19.679 INFO:teuthology.orchestra.run.trial023.stdout:/usr/bin/ceph: stderr
2026-02-20T03:22:19.499+0000 7ff1ee4a1640 1 --2- >> [v2:10.20.193.23:3300/0,v1:10.20.193.23:6789/0] conn(0x7ff1e810a910 0x7ff1e810ad30 unknown :-1 s=BANNER_CONNECTING pgs=0 cs=0 l=0 rev1=0 crypto rx=0 tx=0 comp rx=0 tx=0)._handle_peer_banner_payload supported=3 required=0
2026-02-20T03:22:19.679 INFO:teuthology.orchestra.run.trial023.stdout:/usr/bin/ceph: stderr
2026-02-20T03:22:19.499+0000 7ff1ee4a1640 1 --2- >> [v2:10.20.193.23:3300/0,v1:10.20.193.23:6789/0] conn(0x7ff1e810a910 0x7ff1e810ad30 unknown :-1 s=HELLO_CONNECTING pgs=0 cs=0 l=0 rev1=1 crypto rx=0 tx=0 comp rx=0 tx=0).handle_hello peer v2:10.20.193.23:3300/0 says I am v2:10.20.193.23:55652/0 (socket says 10.20.193.23:55652)
2026-02-20T03:22:19.679 INFO:teuthology.orchestra.run.trial023.stdout:/usr/bin/ceph: stderr
2026-02-20T03:22:19.499+0000 7ff1ee4a1640 1 -- 10.20.193.23:0/2103380831 learned_addr learned my addr 10.20.193.23:0/2103380831 (peer_addr_for_me v2:10.20.193.23:0/0)
2026-02-20T03:22:19.679 INFO:teuthology.orchestra.run.trial023.stdout:/usr/bin/ceph: stderr
2026-02-20T03:22:19.500+0000 7ff1ee4a1640 1 -- 10.20.193.23:0/2103380831 --> [v2:10.20.193.23:3300/0,v1:10.20.193.23:6789/0] -- mon_subscribe({config=0+,monmap=0+}) -- 0x7ff1e810b480 con 0x7ff1e810a910
2026-02-20T03:22:19.679 INFO:teuthology.orchestra.run.trial023.stdout:/usr/bin/ceph: stderr
2026-02-20T03:22:19.500+0000 7ff1ee4a1640 1 --2- 10.20.193.23:0/2103380831 >> [v2:10.20.193.23:3300/0,v1:10.20.193.23:6789/0] conn(0x7ff1e810a910 0x7ff1e810ad30 secure :-1 s=READY pgs=41 cs=0 l=1 rev1=1 crypto rx=0x7ff1d8009920 tx=0x7ff1d802ef20 comp rx=0 tx=0).ready entity=mon.0 client_cookie=8fe727e2623cce20 server_cookie=0 in_seq=0 out_seq=0
2026-02-20T03:22:19.679 INFO:teuthology.orchestra.run.trial023.stdout:/usr/bin/ceph: stderr
2026-02-20T03:22:19.500+0000 7ff1ed49f640 1 -- 10.20.193.23:0/2103380831 <== mon.0 v2:10.20.193.23:3300/0 1 ==== mon_map magic: 0 ==== 205+0+0 (secure 0 0 0) 0x7ff1d803c070 con 0x7ff1e810a910
2026-02-20T03:22:19.679 INFO:teuthology.orchestra.run.trial023.stdout:/usr/bin/ceph: stderr
2026-02-20T03:22:19.500+0000 7ff1ed49f640 1 -- 10.20.193.23:0/2103380831 <== mon.0 v2:10.20.193.23:3300/0 2 ==== config(26 keys) ==== 1045+0+0 (secure 0 0 0) 0x7ff1d8037440 con 0x7ff1e810a910
2026-02-20T03:22:19.679 INFO:teuthology.orchestra.run.trial023.stdout:/usr/bin/ceph: stderr
2026-02-20T03:22:19.500+0000 7ff1ed49f640 1 -- 10.20.193.23:0/2103380831 <== mon.0 v2:10.20.193.23:3300/0 3 ==== mon_map magic: 0 ==== 205+0+0 (secure 0 0 0) 0x7ff1d80354b0 con 0x7ff1e810a910
2026-02-20T03:22:19.680 INFO:teuthology.orchestra.run.trial023.stdout:/usr/bin/ceph: stderr
2026-02-20T03:22:19.501+0000 7ff1ef4a3640 1 -- 10.20.193.23:0/2103380831 >> [v2:10.20.193.23:3300/0,v1:10.20.193.23:6789/0] conn(0x7ff1e810a910 msgr2=0x7ff1e810ad30 secure :-1 s=STATE_CONNECTION_ESTABLISHED l=1).mark_down
2026-02-20T03:22:19.680 INFO:teuthology.orchestra.run.trial023.stdout:/usr/bin/ceph: stderr
2026-02-20T03:22:19.501+0000 7ff1ef4a3640 1 --2- 10.20.193.23:0/2103380831 >> [v2:10.20.193.23:3300/0,v1:10.20.193.23:6789/0] conn(0x7ff1e810a910 0x7ff1e810ad30 secure :-1 s=READY pgs=41 cs=0 l=1 rev1=1 crypto rx=0x7ff1d8009920 tx=0x7ff1d802ef20 comp rx=0 tx=0).stop
2026-02-20T03:22:19.680 INFO:teuthology.orchestra.run.trial023.stdout:/usr/bin/ceph: stderr
2026-02-20T03:22:19.501+0000 7ff1ef4a3640 1 -- 10.20.193.23:0/2103380831 shutdown_connections
2026-02-20T03:22:19.680 INFO:teuthology.orchestra.run.trial023.stdout:/usr/bin/ceph: stderr
2026-02-20T03:22:19.501+0000 7ff1ef4a3640 1 --2- 10.20.193.23:0/2103380831 >> [v2:10.20.193.23:3300/0,v1:10.20.193.23:6789/0] conn(0x7ff1e810a910 0x7ff1e810ad30 unknown :-1 s=CLOSED pgs=41 cs=0 l=1 rev1=1 crypto rx=0 tx=0 comp rx=0 tx=0).stop
2026-02-20T03:22:19.680 INFO:teuthology.orchestra.run.trial023.stdout:/usr/bin/ceph: stderr
2026-02-20T03:22:19.501+0000 7ff1ef4a3640 1 -- 10.20.193.23:0/2103380831 >> 10.20.193.23:0/2103380831 conn(0x7ff1e807d8d0 msgr2=0x7ff1e807dd00 unknown :-1 s=STATE_NONE l=0).mark_down
2026-02-20T03:22:19.680 INFO:teuthology.orchestra.run.trial023.stdout:/usr/bin/ceph: stderr
2026-02-20T03:22:19.501+0000 7ff1ef4a3640 1 -- 10.20.193.23:0/2103380831 shutdown_connections
2026-02-20T03:22:19.680 INFO:teuthology.orchestra.run.trial023.stdout:/usr/bin/ceph: stderr
2026-02-20T03:22:19.501+0000 7ff1ef4a3640 1 -- 10.20.193.23:0/2103380831 wait complete.
2026-02-20T03:22:19.680 INFO:teuthology.orchestra.run.trial023.stdout:/usr/bin/ceph: stderr
2026-02-20T03:22:19.502+0000 7ff1ef4a3640 1 Processor -- start
2026-02-20T03:22:19.680 INFO:teuthology.orchestra.run.trial023.stdout:/usr/bin/ceph: stderr
2026-02-20T03:22:19.502+0000 7ff1ef4a3640 1 -- start start
2026-02-20T03:22:19.680 INFO:teuthology.orchestra.run.trial023.stdout:/usr/bin/ceph: stderr
2026-02-20T03:22:19.502+0000 7ff1ef4a3640 1 --2- >> [v2:10.20.193.23:3300/0,v1:10.20.193.23:6789/0] conn(0x7ff1e810a910 0x7ff1e81a0190 unknown :-1 s=NONE pgs=0 cs=0 l=1 rev1=0 crypto rx=0 tx=0 comp rx=0 tx=0).connect
2026-02-20T03:22:19.680 INFO:teuthology.orchestra.run.trial023.stdout:/usr/bin/ceph: stderr
2026-02-20T03:22:19.502+0000 7ff1ef4a3640 1 -- --> [v2:10.20.193.23:3300/0,v1:10.20.193.23:6789/0] -- mon_getmap magic: 0 -- 0x7ff1e810e510 con 0x7ff1e810a910
2026-02-20T03:22:19.681 INFO:teuthology.orchestra.run.trial023.stdout:/usr/bin/ceph: stderr
2026-02-20T03:22:19.502+0000 7ff1ee4a1640 1 --2- >> [v2:10.20.193.23:3300/0,v1:10.20.193.23:6789/0] conn(0x7ff1e810a910 0x7ff1e81a0190 unknown :-1 s=BANNER_CONNECTING pgs=0 cs=0 l=1 rev1=0 crypto rx=0 tx=0 comp rx=0 tx=0)._handle_peer_banner_payload supported=3 required=0
2026-02-20T03:22:19.681 INFO:teuthology.orchestra.run.trial023.stdout:/usr/bin/ceph: stderr
2026-02-20T03:22:19.502+0000 7ff1ee4a1640 1 --2- >> [v2:10.20.193.23:3300/0,v1:10.20.193.23:6789/0] conn(0x7ff1e810a910 0x7ff1e81a0190 unknown :-1 s=HELLO_CONNECTING pgs=0 cs=0 l=1 rev1=1 crypto rx=0 tx=0 comp rx=0 tx=0).handle_hello peer v2:10.20.193.23:3300/0 says I am v2:10.20.193.23:55662/0 (socket says 10.20.193.23:55662)
2026-02-20T03:22:19.681 INFO:teuthology.orchestra.run.trial023.stdout:/usr/bin/ceph: stderr
2026-02-20T03:22:19.502+0000 7ff1ee4a1640 1 -- 10.20.193.23:0/418658788 learned_addr learned my addr 10.20.193.23:0/418658788 (peer_addr_for_me v2:10.20.193.23:0/0)
2026-02-20T03:22:19.681 INFO:teuthology.orchestra.run.trial023.stdout:/usr/bin/ceph: stderr
2026-02-20T03:22:19.502+0000 7ff1ee4a1640 1 -- 10.20.193.23:0/418658788 --> [v2:10.20.193.23:3300/0,v1:10.20.193.23:6789/0] -- mon_subscribe({config=0+,monmap=0+}) -- 0x7ff1e81a06d0 con 0x7ff1e810a910
2026-02-20T03:22:19.681 INFO:teuthology.orchestra.run.trial023.stdout:/usr/bin/ceph: stderr
2026-02-20T03:22:19.503+0000 7ff1ee4a1640 1 --2- 10.20.193.23:0/418658788 >> [v2:10.20.193.23:3300/0,v1:10.20.193.23:6789/0] conn(0x7ff1e810a910 0x7ff1e81a0190 secure :-1 s=READY pgs=42 cs=0 l=1 rev1=1 crypto rx=0x7ff1d8006fd0 tx=0x7ff1d8037bb0 comp rx=0 tx=0).ready entity=mon.0 client_cookie=0 server_cookie=0 in_seq=0 out_seq=0
2026-02-20T03:22:19.681 INFO:teuthology.orchestra.run.trial023.stdout:/usr/bin/ceph: stderr
2026-02-20T03:22:19.503+0000 7ff1cf7fe640 1 -- 10.20.193.23:0/418658788 <== mon.0 v2:10.20.193.23:3300/0 1 ==== mon_map magic: 0 ==== 205+0+0 (secure 0 0 0) 0x7ff1d8045070 con 0x7ff1e810a910
2026-02-20T03:22:19.681 INFO:teuthology.orchestra.run.trial023.stdout:/usr/bin/ceph: stderr
2026-02-20T03:22:19.503+0000 7ff1cf7fe640 1 -- 10.20.193.23:0/418658788 <== mon.0 v2:10.20.193.23:3300/0 2 ==== config(26 keys) ==== 1045+0+0 (secure 0 0 0) 0x7ff1d8040450 con 0x7ff1e810a910
2026-02-20T03:22:19.681 INFO:teuthology.orchestra.run.trial023.stdout:/usr/bin/ceph: stderr
2026-02-20T03:22:19.503+0000 7ff1ef4a3640 1 -- 10.20.193.23:0/418658788 --> [v2:10.20.193.23:3300/0,v1:10.20.193.23:6789/0] -- mon_subscribe({mgrmap=0+}) -- 0x7ff1e81a09c0 con 0x7ff1e810a910
2026-02-20T03:22:19.681 INFO:teuthology.orchestra.run.trial023.stdout:/usr/bin/ceph: stderr
2026-02-20T03:22:19.503+0000 7ff1cf7fe640 1 -- 10.20.193.23:0/418658788 <== mon.0 v2:10.20.193.23:3300/0 3 ==== mon_map magic: 0 ==== 205+0+0 (secure 0 0 0) 0x7ff1d803c070 con 0x7ff1e810a910
2026-02-20T03:22:19.681 INFO:teuthology.orchestra.run.trial023.stdout:/usr/bin/ceph: stderr
