2026-02-20T03:27:25.545+0000 7ffaf4ff9640 1 -- 10.20.193.171:0/2724394144 <== mon.0 v2:10.20.193.171:3300/0 3 ==== mon_map magic: 0 ==== 226+0+0 (secure 0 0 0) 0x7ffae40413a0 con 0x7ffaf8109880
2026-02-20T03:27:25.684 INFO:teuthology.orchestra.run.trial171.stdout:/usr/bin/ceph: stderr
2026-02-20T03:27:25.545+0000 7ffafdbe1640 1 -- 10.20.193.171:0/2724394144 --> [v2:10.20.193.171:3300/0,v1:10.20.193.171:6789/0] -- mon_subscribe({osdmap=0}) -- 0x7ffaf81a2c60 con 0x7ffaf8109880
2026-02-20T03:27:25.684 INFO:teuthology.orchestra.run.trial171.stdout:/usr/bin/ceph: stderr
2026-02-20T03:27:25.546+0000 7ffafdbe1640 1 -- 10.20.193.171:0/2724394144 --> [v2:10.20.193.171:3300/0,v1:10.20.193.171:6789/0] -- mon_command({"prefix": "get_command_descriptions"} v 0) -- 0x7ffaf8109d00 con 0x7ffaf8109880
2026-02-20T03:27:25.684 INFO:teuthology.orchestra.run.trial171.stdout:/usr/bin/ceph: stderr
2026-02-20T03:27:25.546+0000 7ffaf4ff9640 1 -- 10.20.193.171:0/2724394144 <== mon.0 v2:10.20.193.171:3300/0 4 ==== mgrmap(e 5) ==== 50261+0+0 (secure 0 0 0) 0x7ffae40428a0 con 0x7ffaf8109880
2026-02-20T03:27:25.684 INFO:teuthology.orchestra.run.trial171.stdout:/usr/bin/ceph: stderr
2026-02-20T03:27:25.546+0000 7ffaf4ff9640 1 --2- 10.20.193.171:0/2724394144 >> [v2:10.20.193.171:6800/4195486869,v1:10.20.193.171:6801/4195486869] conn(0x7ffacc03dbf0 0x7ffacc0400b0 unknown :-1 s=NONE pgs=0 cs=0 l=1 rev1=0 crypto rx=0 tx=0 comp rx=0 tx=0).connect
2026-02-20T03:27:25.684 INFO:teuthology.orchestra.run.trial171.stdout:/usr/bin/ceph: stderr
2026-02-20T03:27:25.546+0000 7ffaf6ffd640 1 -- 10.20.193.171:0/2724394144 >> [v2:10.20.193.171:6800/4195486869,v1:10.20.193.171:6801/4195486869] conn(0x7ffacc03dbf0 msgr2=0x7ffacc0400b0 unknown :-1 s=STATE_CONNECTING_RE l=1).process reconnect failed to v2:10.20.193.171:6800/4195486869
2026-02-20T03:27:25.684 INFO:teuthology.orchestra.run.trial171.stdout:/usr/bin/ceph: stderr
2026-02-20T03:27:25.546+0000 7ffaf4ff9640 1 -- 10.20.193.171:0/2724394144 <== mon.0 v2:10.20.193.171:3300/0 5 ==== osd_map(1..1 src has 1..1) ==== 725+0+0 (secure 0 0 0) 0x7ffae4076190 con 0x7ffaf8109880
2026-02-20T03:27:25.685 INFO:teuthology.orchestra.run.trial171.stdout:/usr/bin/ceph: stderr
2026-02-20T03:27:25.546+0000 7ffaf6ffd640 1 --2- 10.20.193.171:0/2724394144 >> [v2:10.20.193.171:6800/4195486869,v1:10.20.193.171:6801/4195486869] conn(0x7ffacc03dbf0 0x7ffacc0400b0 unknown :-1 s=START_CONNECT pgs=0 cs=0 l=1 rev1=0 crypto rx=0 tx=0 comp rx=0 tx=0)._fault waiting 0.200000
2026-02-20T03:27:25.685 INFO:teuthology.orchestra.run.trial171.stdout:/usr/bin/ceph: stderr
2026-02-20T03:27:25.548+0000 7ffaf4ff9640 1 -- 10.20.193.171:0/2724394144 <== mon.0 v2:10.20.193.171:3300/0 6 ==== mon_command_ack([{"prefix": "get_command_descriptions"}]=0 v0) ==== 72+0+195341 (secure 0 0 0) 0x7ffae403e200 con 0x7ffaf8109880
2026-02-20T03:27:25.685 INFO:teuthology.orchestra.run.trial171.stdout:/usr/bin/ceph: stderr
2026-02-20T03:27:25.652+0000 7ffafdbe1640 1 -- 10.20.193.171:0/2724394144 --> [v2:10.20.193.171:3300/0,v1:10.20.193.171:6789/0] -- mon_command({"prefix": "mgr stat"} v 0) -- 0x7ffaf81a3350 con 0x7ffaf8109880
2026-02-20T03:27:25.685 INFO:teuthology.orchestra.run.trial171.stdout:/usr/bin/ceph: stderr
2026-02-20T03:27:25.652+0000 7ffaf4ff9640 1 -- 10.20.193.171:0/2724394144 <== mon.0 v2:10.20.193.171:3300/0 7 ==== mon_command_ack([{"prefix": "mgr stat"}]=0 v5) ==== 56+0+102 (secure 0 0 0) 0x7ffae4075ef0 con 0x7ffaf8109880
2026-02-20T03:27:25.685 INFO:teuthology.orchestra.run.trial171.stdout:/usr/bin/ceph: stderr
2026-02-20T03:27:25.654+0000 7ffafdbe1640 1 -- 10.20.193.171:0/2724394144 >> [v2:10.20.193.171:6800/4195486869,v1:10.20.193.171:6801/4195486869] conn(0x7ffacc03dbf0 msgr2=0x7ffacc0400b0 unknown :-1 s=STATE_CONNECTING l=1).mark_down
2026-02-20T03:27:25.685 INFO:teuthology.orchestra.run.trial171.stdout:/usr/bin/ceph: stderr
2026-02-20T03:27:25.654+0000 7ffafdbe1640 1 --2- 10.20.193.171:0/2724394144 >> [v2:10.20.193.171:6800/4195486869,v1:10.20.193.171:6801/4195486869] conn(0x7ffacc03dbf0 0x7ffacc0400b0 unknown :-1 s=START_CONNECT pgs=0 cs=0 l=1 rev1=0 crypto rx=0 tx=0 comp rx=0 tx=0).stop
2026-02-20T03:27:25.685 INFO:teuthology.orchestra.run.trial171.stdout:/usr/bin/ceph: stderr
2026-02-20T03:27:25.654+0000 7ffafdbe1640 1 -- 10.20.193.171:0/2724394144 >> [v2:10.20.193.171:3300/0,v1:10.20.193.171:6789/0] conn(0x7ffaf8109880 msgr2=0x7ffaf819f7a0 secure :-1 s=STATE_CONNECTION_ESTABLISHED l=1).mark_down
2026-02-20T03:27:25.685 INFO:teuthology.orchestra.run.trial171.stdout:/usr/bin/ceph: stderr
2026-02-20T03:27:25.654+0000 7ffafdbe1640 1 --2- 10.20.193.171:0/2724394144 >> [v2:10.20.193.171:3300/0,v1:10.20.193.171:6789/0] conn(0x7ffaf8109880 0x7ffaf819f7a0 secure :-1 s=READY pgs=25 cs=0 l=1 rev1=1 crypto rx=0x7ffae4002410 tx=0x7ffae4037a50 comp rx=0 tx=0).stop
2026-02-20T03:27:25.685 INFO:teuthology.orchestra.run.trial171.stdout:/usr/bin/ceph: stderr
2026-02-20T03:27:25.654+0000 7ffafdbe1640 1 -- 10.20.193.171:0/2724394144 shutdown_connections
2026-02-20T03:27:25.685 INFO:teuthology.orchestra.run.trial171.stdout:/usr/bin/ceph: stderr
2026-02-20T03:27:25.654+0000 7ffafdbe1640 1 --2- 10.20.193.171:0/2724394144 >> [v2:10.20.193.171:6800/4195486869,v1:10.20.193.171:6801/4195486869] conn(0x7ffacc03dbf0 0x7ffacc0400b0 unknown :-1 s=CLOSED pgs=0 cs=0 l=1 rev1=0 crypto rx=0 tx=0 comp rx=0 tx=0).stop
2026-02-20T03:27:25.685 INFO:teuthology.orchestra.run.trial171.stdout:/usr/bin/ceph: stderr
2026-02-20T03:27:25.654+0000 7ffafdbe1640 1 --2- 10.20.193.171:0/2724394144 >> [v2:10.20.193.171:3300/0,v1:10.20.193.171:6789/0] conn(0x7ffaf8109880 0x7ffaf819f7a0 unknown :-1 s=CLOSED pgs=25 cs=0 l=1 rev1=1 crypto rx=0 tx=0 comp rx=0 tx=0).stop
2026-02-20T03:27:25.685 INFO:teuthology.orchestra.run.trial171.stdout:/usr/bin/ceph: stderr
2026-02-20T03:27:25.654+0000 7ffafdbe1640 1 -- 10.20.193.171:0/2724394144 >> 10.20.193.171:0/2724394144 conn(0x7ffaf807cf00 msgr2=0x7ffaf81070c0 unknown :-1 s=STATE_NONE l=0).mark_down
2026-02-20T03:27:25.686 INFO:teuthology.orchestra.run.trial171.stdout:/usr/bin/ceph: stderr
2026-02-20T03:27:25.654+0000 7ffafdbe1640 1 -- 10.20.193.171:0/2724394144 shutdown_connections
2026-02-20T03:27:25.686 INFO:teuthology.orchestra.run.trial171.stdout:/usr/bin/ceph: stderr
2026-02-20T03:27:25.654+0000 7ffafdbe1640 1 -- 10.20.193.171:0/2724394144 wait complete.
2026-02-20T03:27:25.686 INFO:teuthology.orchestra.run.trial171.stdout:Waiting for the mgr to restart...
2026-02-20T03:27:25.686 INFO:teuthology.orchestra.run.trial171.stdout:Waiting for mgr epoch 5...
2026-02-20T03:27:26.508 INFO:journalctl@ceph.mon.trial171.trial171.stdout:Feb 20 03:27:26 trial171 ceph-mon[38955]: from='client.? 10.20.193.171:0/4186930951' entity='client.admin' cmd='[{"prefix": "mgr module enable", "module": "cephadm"}]': finished
2026-02-20T03:27:26.509 INFO:journalctl@ceph.mon.trial171.trial171.stdout:Feb 20 03:27:26 trial171 ceph-mon[38955]: mgrmap e5: trial171.oqsrjk(active, since 3s)
2026-02-20T03:27:26.509 INFO:journalctl@ceph.mon.trial171.trial171.stdout:Feb 20 03:27:26 trial171 ceph-mon[38955]: from='client.? 10.20.193.171:0/2724394144' entity='client.admin' cmd=[{"prefix": "mgr stat"}]: dispatch
2026-02-20T03:27:28.388 INFO:journalctl@ceph.mon.trial171.trial171.stdout:Feb 20 03:27:28 trial171 ceph-mon[38955]: Active manager daemon trial171.oqsrjk restarted
2026-02-20T03:27:28.388 INFO:journalctl@ceph.mon.trial171.trial171.stdout:Feb 20 03:27:28 trial171 ceph-mon[38955]: Activating manager daemon trial171.oqsrjk
2026-02-20T03:27:28.388 INFO:journalctl@ceph.mon.trial171.trial171.stdout:Feb 20 03:27:28 trial171 ceph-mon[38955]: osdmap e2: 0 total, 0 up, 0 in
2026-02-20T03:27:28.388 INFO:journalctl@ceph.mon.trial171.trial171.stdout:Feb 20 03:27:28 trial171 ceph-mon[38955]: mgrmap e6: trial171.oqsrjk(active, starting, since 0.00255929s)
2026-02-20T03:27:28.388 INFO:journalctl@ceph.mon.trial171.trial171.stdout:Feb 20 03:27:28 trial171 ceph-mon[38955]: from='mgr.14118 10.20.193.171:0/450408155' entity='mgr.trial171.oqsrjk' cmd=[{"prefix": "mon metadata", "id": "trial171"}]: dispatch
2026-02-20T03:27:28.388 INFO:journalctl@ceph.mon.trial171.trial171.stdout:Feb 20 03:27:28 trial171 ceph-mon[38955]: from='mgr.14118 10.20.193.171:0/450408155' entity='mgr.trial171.oqsrjk' cmd=[{"prefix": "mgr metadata", "who": "trial171.oqsrjk", "id": "trial171.oqsrjk"}]: dispatch
2026-02-20T03:27:28.389 INFO:journalctl@ceph.mon.trial171.trial171.stdout:Feb 20 03:27:28 trial171 ceph-mon[38955]: from='mgr.14118 10.20.193.171:0/450408155' entity='mgr.trial171.oqsrjk' cmd=[{"prefix": "mds metadata"}]: dispatch
2026-02-20T03:27:28.389 INFO:journalctl@ceph.mon.trial171.trial171.stdout:Feb 20 03:27:28 trial171 ceph-mon[38955]: from='mgr.14118 10.20.193.171:0/450408155' entity='mgr.trial171.oqsrjk' cmd=[{"prefix": "osd metadata"}]: dispatch
2026-02-20T03:27:28.389 INFO:journalctl@ceph.mon.trial171.trial171.stdout:Feb 20 03:27:28 trial171 ceph-mon[38955]: from='mgr.14118 10.20.193.171:0/450408155' entity='mgr.trial171.oqsrjk' cmd=[{"prefix": "mon metadata"}]: dispatch
2026-02-20T03:27:28.389 INFO:journalctl@ceph.mon.trial171.trial171.stdout:Feb 20 03:27:28 trial171 ceph-mon[38955]: Manager daemon trial171.oqsrjk is now available
2026-02-20T03:27:28.389 INFO:journalctl@ceph.mon.trial171.trial171.stdout:Feb 20 03:27:28 trial171 ceph-mon[38955]: from='mgr.14118 10.20.193.171:0/450408155' entity='mgr.trial171.oqsrjk'
2026-02-20T03:27:28.389 INFO:journalctl@ceph.mon.trial171.trial171.stdout:Feb 20 03:27:28 trial171 ceph-mon[38955]: from='mgr.14118 10.20.193.171:0/450408155' entity='mgr.trial171.oqsrjk'
2026-02-20T03:27:28.389 INFO:journalctl@ceph.mon.trial171.trial171.stdout:Feb 20 03:27:28 trial171 ceph-mon[38955]: from='mgr.14118 10.20.193.171:0/450408155' entity='mgr.trial171.oqsrjk' cmd=[{"prefix": "config dump", "format": "json"}]: dispatch
2026-02-20T03:27:28.389 INFO:journalctl@ceph.mon.trial171.trial171.stdout:Feb 20 03:27:28 trial171 ceph-mon[38955]: from='mgr.14118 10.20.193.171:0/450408155' entity='mgr.trial171.oqsrjk' cmd=[{"prefix": "config dump", "format": "json"}]: dispatch
2026-02-20T03:27:28.389 INFO:journalctl@ceph.mon.trial171.trial171.stdout:Feb 20 03:27:28 trial171 ceph-mon[38955]: from='mgr.14118 10.20.193.171:0/450408155' entity='mgr.trial171.oqsrjk' cmd=[{"prefix":"config rm","who":"mgr","name":"mgr/rbd_support/trial171.oqsrjk/mirror_snapshot_schedule"}]: dispatch
2026-02-20T03:27:28.389 INFO:journalctl@ceph.mon.trial171.trial171.stdout:Feb 20 03:27:28 trial171 ceph-mon[38955]: from='mgr.14118 10.20.193.171:0/450408155' entity='mgr.trial171.oqsrjk' cmd=[{"prefix":"config rm","who":"mgr","name":"mgr/rbd_support/trial171.oqsrjk/trash_purge_schedule"}]: dispatch
2026-02-20T03:27:29.096 INFO:teuthology.orchestra.run.trial171.stdout:/usr/bin/ceph: stdout {
2026-02-20T03:27:29.096 INFO:teuthology.orchestra.run.trial171.stdout:/usr/bin/ceph: stdout "mgrmap_epoch": 7,
2026-02-20T03:27:29.096 INFO:teuthology.orchestra.run.trial171.stdout:/usr/bin/ceph: stdout "initialized": true
2026-02-20T03:27:29.096 INFO:teuthology.orchestra.run.trial171.stdout:/usr/bin/ceph: stdout }
2026-02-20T03:27:29.096 INFO:teuthology.orchestra.run.trial171.stdout:/usr/bin/ceph: stderr
2026-02-20T03:27:25.779+0000 7fd5ad132640 1 Processor -- start
2026-02-20T03:27:29.096 INFO:teuthology.orchestra.run.trial171.stdout:/usr/bin/ceph: stderr
2026-02-20T03:27:25.779+0000 7fd5ad132640 1 -- start start
2026-02-20T03:27:29.096 INFO:teuthology.orchestra.run.trial171.stdout:/usr/bin/ceph: stderr
2026-02-20T03:27:25.779+0000 7fd5ad132640 1 --2- >> [v2:10.20.193.171:3300/0,v1:10.20.193.171:6789/0] conn(0x7fd5a8109880 0x7fd5a8109c80 unknown :-1 s=NONE pgs=0 cs=0 l=0 rev1=0 crypto rx=0 tx=0 comp rx=0 tx=0).connect
2026-02-20T03:27:29.096 INFO:teuthology.orchestra.run.trial171.stdout:/usr/bin/ceph: stderr
2026-02-20T03:27:25.779+0000 7fd5ad132640 1 -- --> [v2:10.20.193.171:3300/0,v1:10.20.193.171:6789/0] -- mon_getmap magic: 0 -- 0x7fd5a810a250 con 0x7fd5a8109880
2026-02-20T03:27:29.096 INFO:teuthology.orchestra.run.trial171.stdout:/usr/bin/ceph: stderr
2026-02-20T03:27:25.779+0000 7fd5a6d76640 1 --2- >> [v2:10.20.193.171:3300/0,v1:10.20.193.171:6789/0] conn(0x7fd5a8109880 0x7fd5a8109c80 unknown :-1 s=BANNER_CONNECTING pgs=0 cs=0 l=0 rev1=0 crypto rx=0 tx=0 comp rx=0 tx=0)._handle_peer_banner_payload supported=3 required=0
2026-02-20T03:27:29.096 INFO:teuthology.orchestra.run.trial171.stdout:/usr/bin/ceph: stderr
2026-02-20T03:27:25.779+0000 7fd5a6d76640 1 --2- >> [v2:10.20.193.171:3300/0,v1:10.20.193.171:6789/0] conn(0x7fd5a8109880 0x7fd5a8109c80 unknown :-1 s=HELLO_CONNECTING pgs=0 cs=0 l=0 rev1=1 crypto rx=0 tx=0 comp rx=0 tx=0).handle_hello peer v2:10.20.193.171:3300/0 says I am v2:10.20.193.171:51582/0 (socket says 10.20.193.171:51582)
2026-02-20T03:27:29.096 INFO:teuthology.orchestra.run.trial171.stdout:/usr/bin/ceph: stderr
2026-02-20T03:27:25.779+0000 7fd5a6d76640 1 -- 10.20.193.171:0/294584519 learned_addr learned my addr 10.20.193.171:0/294584519 (peer_addr_for_me v2:10.20.193.171:0/0)
2026-02-20T03:27:29.096 INFO:teuthology.orchestra.run.trial171.stdout:/usr/bin/ceph: stderr
2026-02-20T03:27:25.780+0000 7fd5a6d76640 1 -- 10.20.193.171:0/294584519 --> [v2:10.20.193.171:3300/0,v1:10.20.193.171:6789/0] -- mon_subscribe({config=0+,monmap=0+}) -- 0x7fd5a810aa80 con 0x7fd5a8109880
2026-02-20T03:27:29.096 INFO:teuthology.orchestra.run.trial171.stdout:/usr/bin/ceph: stderr
2026-02-20T03:27:25.780+0000 7fd5a6d76640 1 --2- 10.20.193.171:0/294584519 >> [v2:10.20.193.171:3300/0,v1:10.20.193.171:6789/0] conn(0x7fd5a8109880 0x7fd5a8109c80 secure :-1 s=READY pgs=26 cs=0 l=1 rev1=1 crypto rx=0x7fd59c009920 tx=0x7fd59c02ef20 comp rx=0 tx=0).ready entity=mon.0 client_cookie=360610c53856a44e server_cookie=0 in_seq=0 out_seq=0
2026-02-20T03:27:29.096 INFO:teuthology.orchestra.run.trial171.stdout:/usr/bin/ceph: stderr
2026-02-20T03:27:25.780+0000 7fd5a5d74640 1 -- 10.20.193.171:0/294584519 <== mon.0 v2:10.20.193.171:3300/0 1 ==== mon_map magic: 0 ==== 226+0+0 (secure 0 0 0) 0x7fd59c03c070 con 0x7fd5a8109880
2026-02-20T03:27:29.097 INFO:teuthology.orchestra.run.trial171.stdout:/usr/bin/ceph: stderr
2026-02-20T03:27:25.780+0000 7fd5a5d74640 1 -- 10.20.193.171:0/294584519 <== mon.0 v2:10.20.193.171:3300/0 2 ==== config(25 keys) ==== 1007+0+0 (secure 0 0 0) 0x7fd59c02fe00 con 0x7fd5a8109880
2026-02-20T03:27:29.097 INFO:teuthology.orchestra.run.trial171.stdout:/usr/bin/ceph: stderr
2026-02-20T03:27:25.780+0000 7fd5a5d74640 1 -- 10.20.193.171:0/294584519 <== mon.0 v2:10.20.193.171:3300/0 3 ==== mon_map magic: 0 ==== 226+0+0 (secure 0 0 0) 0x7fd59c035340 con 0x7fd5a8109880
2026-02-20T03:27:29.097 INFO:teuthology.orchestra.run.trial171.stdout:/usr/bin/ceph: stderr
2026-02-20T03:27:25.780+0000 7fd5ad132640 1 -- 10.20.193.171:0/294584519 >> [v2:10.20.193.171:3300/0,v1:10.20.193.171:6789/0] conn(0x7fd5a8109880 msgr2=0x7fd5a8109c80 secure :-1 s=STATE_CONNECTION_ESTABLISHED l=1).mark_down
2026-02-20T03:27:29.097 INFO:teuthology.orchestra.run.trial171.stdout:/usr/bin/ceph: stderr
2026-02-20T03:27:25.780+0000 7fd5ad132640 1 --2- 10.20.193.171:0/294584519 >> [v2:10.20.193.171:3300/0,v1:10.20.193.171:6789/0] conn(0x7fd5a8109880 0x7fd5a8109c80 secure :-1 s=READY pgs=26 cs=0 l=1 rev1=1 crypto rx=0x7fd59c009920 tx=0x7fd59c02ef20 comp rx=0 tx=0).stop
2026-02-20T03:27:29.097 INFO:teuthology.orchestra.run.trial171.stdout:/usr/bin/ceph: stderr
2026-02-20T03:27:25.780+0000 7fd5ad132640 1 -- 10.20.193.171:0/294584519 shutdown_connections
2026-02-20T03:27:29.097 INFO:teuthology.orchestra.run.trial171.stdout:/usr/bin/ceph: stderr
2026-02-20T03:27:25.780+0000 7fd5ad132640 1 --2- 10.20.193.171:0/294584519 >> [v2:10.20.193.171:3300/0,v1:10.20.193.171:6789/0] conn(0x7fd5a8109880 0x7fd5a8109c80 unknown :-1 s=CLOSED pgs=26 cs=0 l=1 rev1=1 crypto rx=0 tx=0 comp rx=0 tx=0).stop
2026-02-20T03:27:29.097 INFO:teuthology.orchestra.run.trial171.stdout:/usr/bin/ceph: stderr
2026-02-20T03:27:25.780+0000 7fd5ad132640 1 -- 10.20.193.171:0/294584519 >> 10.20.193.171:0/294584519 conn(0x7fd5a807cf00 msgr2=0x7fd5a807d310 unknown :-1 s=STATE_NONE l=0).mark_down
2026-02-20T03:27:29.097 INFO:teuthology.orchestra.run.trial171.stdout:/usr/bin/ceph: stderr
2026-02-20T03:27:25.780+0000 7fd5ad132640 1 -- 10.20.193.171:0/294584519 shutdown_connections
2026-02-20T03:27:29.097 INFO:teuthology.orchestra.run.trial171.stdout:/usr/bin/ceph: stderr
2026-02-20T03:27:25.780+0000 7fd5ad132640 1 -- 10.20.193.171:0/294584519 wait complete.
2026-02-20T03:27:29.097 INFO:teuthology.orchestra.run.trial171.stdout:/usr/bin/ceph: stderr
2026-02-20T03:27:25.781+0000 7fd5ad132640 1 Processor -- start
2026-02-20T03:27:29.097 INFO:teuthology.orchestra.run.trial171.stdout:/usr/bin/ceph: stderr
2026-02-20T03:27:25.781+0000 7fd5ad132640 1 -- start start
2026-02-20T03:27:29.097 INFO:teuthology.orchestra.run.trial171.stdout:/usr/bin/ceph: stderr
2026-02-20T03:27:25.781+0000 7fd5ad132640 1 --2- >> [v2:10.20.193.171:3300/0,v1:10.20.193.171:6789/0] conn(0x7fd5a8109880 0x7fd5a819f790 unknown :-1 s=NONE pgs=0 cs=0 l=1 rev1=0 crypto rx=0 tx=0 comp rx=0 tx=0).connect
2026-02-20T03:27:29.097 INFO:teuthology.orchestra.run.trial171.stdout:/usr/bin/ceph: stderr
2026-02-20T03:27:25.781+0000 7fd5ad132640 1 -- --> [v2:10.20.193.171:3300/0,v1:10.20.193.171:6789/0] -- mon_getmap magic: 0 -- 0x7fd5a810dcb0 con 0x7fd5a8109880
2026-02-20T03:27:29.097 INFO:teuthology.orchestra.run.trial171.stdout:/usr/bin/ceph: stderr
2026-02-20T03:27:25.781+0000 7fd5a6d76640 1 --2- >> [v2:10.20.193.171:3300/0,v1:10.20.193.171:6789/0] conn(0x7fd5a8109880 0x7fd5a819f790 unknown :-1 s=BANNER_CONNECTING pgs=0 cs=0 l=1 rev1=0 crypto rx=0 tx=0 comp rx=0 tx=0)._handle_peer_banner_payload supported=3 required=0
2026-02-20T03:27:29.097 INFO:teuthology.orchestra.run.trial171.stdout:/usr/bin/ceph: stderr
2026-02-20T03:27:25.781+0000 7fd5a6d76640 1 --2- >> [v2:10.20.193.171:3300/0,v1:10.20.193.171:6789/0] conn(0x7fd5a8109880 0x7fd5a819f790 unknown :-1 s=HELLO_CONNECTING pgs=0 cs=0 l=1 rev1=1 crypto rx=0 tx=0 comp rx=0 tx=0).handle_hello peer v2:10.20.193.171:3300/0 says I am v2:10.20.193.171:51584/0 (socket says 10.20.193.171:51584)
2026-02-20T03:27:29.097 INFO:teuthology.orchestra.run.trial171.stdout:/usr/bin/ceph: stderr
2026-02-20T03:27:25.781+0000 7fd5a6d76640 1 -- 10.20.193.171:0/4040390079 learned_addr learned my addr 10.20.193.171:0/4040390079 (peer_addr_for_me v2:10.20.193.171:0/0)
2026-02-20T03:27:29.097 INFO:teuthology.orchestra.run.trial171.stdout:/usr/bin/ceph: stderr
2026-02-20T03:27:25.781+0000 7fd5a6d76640 1 -- 10.20.193.171:0/4040390079 --> [v2:10.20.193.171:3300/0,v1:10.20.193.171:6789/0] -- mon_subscribe({config=0+,monmap=0+}) -- 0x7fd5a819fcd0 con 0x7fd5a8109880
2026-02-20T03:27:29.097 INFO:teuthology.orchestra.run.trial171.stdout:/usr/bin/ceph: stderr
2026-02-20T03:27:25.781+0000 7fd5a6d76640 1 --2- 10.20.193.171:0/4040390079 >> [v2:10.20.193.171:3300/0,v1:10.20.193.171:6789/0] conn(0x7fd5a8109880 0x7fd5a819f790 secure :-1 s=READY pgs=27 cs=0 l=1 rev1=1 crypto rx=0x7fd59c002410 tx=0x7fd59c037a50 comp rx=0 tx=0).ready entity=mon.0 client_cookie=0 server_cookie=0 in_seq=0 out_seq=0
2026-02-20T03:27:29.097 INFO:teuthology.orchestra.run.trial171.stdout:/usr/bin/ceph: stderr
2026-02-20T03:27:25.781+0000 7fd587fff640 1 -- 10.20.193.171:0/4040390079 <== mon.0 v2:10.20.193.171:3300/0 1 ==== mon_map magic: 0 ==== 226+0+0 (secure 0 0 0) 0x7fd59c035970 con 0x7fd5a8109880
2026-02-20T03:27:29.097 INFO:teuthology.orchestra.run.trial171.stdout:/usr/bin/ceph: stderr
2026-02-20T03:27:25.781+0000 7fd587fff640 1 -- 10.20.193.171:0/4040390079 <== mon.0 v2:10.20.193.171:3300/0 2 ==== config(25 keys) ==== 1007+0+0 (secure 0 0 0) 0x7fd59c0423f0 con 0x7fd5a8109880
2026-02-20T03:27:29.097 INFO:teuthology.orchestra.run.trial171.stdout:/usr/bin/ceph: stderr
2026-02-20T03:27:25.781+0000 7fd5ad132640 1 -- 10.20.193.171:0/4040390079 --> [v2:10.20.193.171:3300/0,v1:10.20.193.171:6789/0] -- mon_subscribe({mgrmap=0+}) -- 0x7fd5a819ff60 con 0x7fd5a8109880
2026-02-20T03:27:29.097 INFO:teuthology.orchestra.run.trial171.stdout:/usr/bin/ceph: stderr
2026-02-20T03:27:25.781+0000 7fd587fff640 1 -- 10.20.193.171:0/4040390079 <== mon.0 v2:10.20.193.171:3300/0 3 ==== mon_map magic: 0 ==== 226+0+0 (secure 0 0 0) 0x7fd59c0413a0 con 0x7fd5a8109880
2026-02-20T03:27:29.097 INFO:teuthology.orchestra.run.trial171.stdout:/usr/bin/ceph: stderr
2026-02-20T03:27:25.781+0000 7fd5ad132640 1 -- 10.20.193.171:0/4040390079 --> [v2:10.20.193.171:3300/0,v1:10.20.193.171:6789/0] -- mon_subscribe({osdmap=0}) -- 0x7fd5a81a2c50 con 0x7fd5a8109880
2026-02-20T03:27:29.097 INFO:teuthology.orchestra.run.trial171.stdout:/usr/bin/ceph: stderr
2026-02-20T03:27:25.782+0000 7fd587fff640 1 -- 10.20.193.171:0/4040390079 <== mon.0 v2:10.20.193.171:3300/0 4 ==== mgrmap(e 5) ==== 50261+0+0 (secure 0 0 0) 0x7fd59c0428a0 con 0x7fd5a8109880
2026-02-20T03:27:29.097 INFO:teuthology.orchestra.run.trial171.stdout:/usr/bin/ceph: stderr
2026-02-20T03:27:25.782+0000 7fd587fff640 1 --2- 10.20.193.171:0/4040390079 >> [v2:10.20.193.171:6800/4195486869,v1:10.20.193.171:6801/4195486869] conn(0x7fd57c03dbf0 0x7fd57c0400b0 unknown :-1 s=NONE pgs=0 cs=0 l=1 rev1=0 crypto rx=0 tx=0 comp rx=0 tx=0).connect
2026-02-20T03:27:29.097 INFO:teuthology.orchestra.run.trial171.stdout:/usr/bin/ceph: stderr
2026-02-20T03:27:25.782+0000 7fd587fff640 1 -- 10.20.193.171:0/4040390079 --> [v2:10.20.193.171:6800/4195486869,v1:10.20.193.171:6801/4195486869] -- command(tid 0: {"prefix": "get_command_descriptions"}) -- 0x7fd57c0407c0 con 0x7fd57c03dbf0
2026-02-20T03:27:29.097 INFO:teuthology.orchestra.run.trial171.stdout:/usr/bin/ceph: stderr
2026-02-20T03:27:25.782+0000 7fd5a6575640 1 -- 10.20.193.171:0/4040390079 >> [v2:10.20.193.171:6800/4195486869,v1:10.20.193.171:6801/4195486869] conn(0x7fd57c03dbf0 msgr2=0x7fd57c0400b0 unknown :-1 s=STATE_CONNECTING_RE l=1).process reconnect failed to v2:10.20.193.171:6800/4195486869
2026-02-20T03:27:29.097 INFO:teuthology.orchestra.run.trial171.stdout:/usr/bin/ceph: stderr
2026-02-20T03:27:25.782+0000 7fd587fff640 1 -- 10.20.193.171:0/4040390079 <== mon.0 v2:10.20.193.171:3300/0 5 ==== osd_map(1..1 src has 1..1) ==== 725+0+0 (secure 0 0 0) 0x7fd59c076190 con 0x7fd5a8109880
2026-02-20T03:27:29.097 INFO:teuthology.orchestra.run.trial171.stdout:/usr/bin/ceph: stderr
2026-02-20T03:27:25.782+0000 7fd5a6575640 1 --2- 10.20.193.171:0/4040390079 >> [v2:10.20.193.171:6800/4195486869,v1:10.20.193.171:6801/4195486869] conn(0x7fd57c03dbf0 0x7fd57c0400b0 unknown :-1 s=START_CONNECT pgs=0 cs=0 l=1 rev1=0 crypto rx=0 tx=0 comp rx=0 tx=0)._fault waiting 0.200000
2026-02-20T03:27:29.097 INFO:teuthology.orchestra.run.trial171.stdout:/usr/bin/ceph: stderr
2026-02-20T03:27:25.983+0000 7fd5a6575640 1 -- 10.20.193.171:0/4040390079 >> [v2:10.20.193.171:6800/4195486869,v1:10.20.193.171:6801/4195486869] conn(0x7fd57c03dbf0 msgr2=0x7fd57c0400b0 unknown :-1 s=STATE_CONNECTING_RE l=1).process reconnect failed to v2:10.20.193.171:6800/4195486869
2026-02-20T03:27:29.097 INFO:teuthology.orchestra.run.trial171.stdout:/usr/bin/ceph: stderr
2026-02-20T03:27:25.983+0000 7fd5a6575640 1 --2- 10.20.193.171:0/4040390079 >> [v2:10.20.193.171:6800/4195486869,v1:10.20.193.171:6801/4195486869] conn(0x7fd57c03dbf0 0x7fd57c0400b0 unknown :-1 s=START_CONNECT pgs=0 cs=0 l=1 rev1=0 crypto rx=0 tx=0 comp rx=0 tx=0)._fault waiting 0.400000
2026-02-20T03:27:29.097 INFO:teuthology.orchestra.run.trial171.stdout:/usr/bin/ceph: stderr
2026-02-20T03:27:26.384+0000 7fd5a6575640 1 -- 10.20.193.171:0/4040390079 >> [v2:10.20.193.171:6800/4195486869,v1:10.20.193.171:6801/4195486869] conn(0x7fd57c03dbf0 msgr2=0x7fd57c0400b0 unknown :-1 s=STATE_CONNECTING_RE l=1).process reconnect failed to v2:10.20.193.171:6800/4195486869
2026-02-20T03:27:29.097 INFO:teuthology.orchestra.run.trial171.stdout:/usr/bin/ceph: stderr
2026-02-20T03:27:26.384+0000 7fd5a6575640 1 --2- 10.20.193.171:0/4040390079 >> [v2:10.20.193.171:6800/4195486869,v1:10.20.193.171:6801/4195486869] conn(0x7fd57c03dbf0 0x7fd57c0400b0 unknown :-1 s=START_CONNECT pgs=0 cs=0 l=1 rev1=0 crypto rx=0 tx=0 comp rx=0 tx=0)._fault waiting 0.800000
2026-02-20T03:27:29.097 INFO:teuthology.orchestra.run.trial171.stdout:/usr/bin/ceph: stderr
2026-02-20T03:27:27.185+0000 7fd5a6575640 1 -- 10.20.193.171:0/4040390079 >> [v2:10.20.193.171:6800/4195486869,v1:10.20.193.171:6801/4195486869] conn(0x7fd57c03dbf0 msgr2=0x7fd57c0400b0 unknown :-1 s=STATE_CONNECTING_RE l=1).process reconnect failed to v2:10.20.193.171:6800/4195486869
2026-02-20T03:27:29.097 INFO:teuthology.orchestra.run.trial171.stdout:/usr/bin/ceph: stderr
2026-02-20T03:27:27.185+0000 7fd5a6575640 1 --2- 10.20.193.171:0/4040390079 >> [v2:10.20.193.171:6800/4195486869,v1:10.20.193.171:6801/4195486869] conn(0x7fd57c03dbf0 0x7fd57c0400b0 unknown :-1 s=START_CONNECT pgs=0 cs=0 l=1 rev1=0 crypto rx=0 tx=0 comp rx=0 tx=0)._fault waiting 1.600000
2026-02-20T03:27:29.097 INFO:teuthology.orchestra.run.trial171.stdout:/usr/bin/ceph: stderr
2026-02-20T03:27:28.067+0000 7fd587fff640 1 -- 10.20.193.171:0/4040390079 <== mon.0 v2:10.20.193.171:3300/0 6 ==== mgrmap(e 6) ==== 50028+0+0 (secure 0 0 0) 0x7fd59c074f90 con 0x7fd5a8109880
2026-02-20T03:27:29.097 INFO:teuthology.orchestra.run.trial171.stdout:/usr/bin/ceph: stderr
2026-02-20T03:27:28.067+0000 7fd587fff640 1 -- 10.20.193.171:0/4040390079 >> [v2:10.20.193.171:6800/4195486869,v1:10.20.193.171:6801/4195486869] conn(0x7fd57c03dbf0 msgr2=0x7fd57c0400b0 unknown :-1 s=STATE_CONNECTING l=1).mark_down
2026-02-20T03:27:29.097 INFO:teuthology.orchestra.run.trial171.stdout:/usr/bin/ceph: stderr
2026-02-20T03:27:28.067+0000 7fd587fff640 1 --2- 10.20.193.171:0/4040390079 >> [v2:10.20.193.171:6800/4195486869,v1:10.20.193.171:6801/4195486869] conn(0x7fd57c03dbf0 0x7fd57c0400b0 unknown :-1 s=START_CONNECT pgs=0 cs=0 l=1 rev1=0 crypto rx=0 tx=0 comp rx=0 tx=0).stop
2026-02-20T03:27:29.097 INFO:teuthology.orchestra.run.trial171.stdout:/usr/bin/ceph: stderr
2026-02-20T03:27:29.067+0000 7fd587fff640 1 -- 10.20.193.171:0/4040390079 <== mon.0 v2:10.20.193.171:3300/0 7 ==== mgrmap(e 7) ==== 50155+0+0 (secure 0 0 0) 0x7fd59c075310 con 0x7fd5a8109880
2026-02-20T03:27:29.097 INFO:teuthology.orchestra.run.trial171.stdout:/usr/bin/ceph: stderr
2026-02-20T03:27:29.067+0000 7fd587fff640 1 --2- 10.20.193.171:0/4040390079 >> [v2:10.20.193.171:6800/304570144,v1:10.20.193.171:6801/304570144] conn(0x7fd57c041540 0x7fd57c043930 unknown :-1 s=NONE pgs=0 cs=0 l=1 rev1=0 crypto rx=0 tx=0 comp rx=0 tx=0).connect
2026-02-20T03:27:29.097 INFO:teuthology.orchestra.run.trial171.stdout:/usr/bin/ceph: stderr
2026-02-20T03:27:29.067+0000 7fd587fff640 1 -- 10.20.193.171:0/4040390079 --> [v2:10.20.193.171:6800/304570144,v1:10.20.193.171:6801/304570144] -- command(tid 0: {"prefix": "get_command_descriptions"}) -- 0x7fd59c04ae50 con 0x7fd57c041540
2026-02-20T03:27:29.098 INFO:teuthology.orchestra.run.trial171.stdout:/usr/bin/ceph: stderr
2026-02-20T03:27:29.068+0000 7fd5a6575640 1 --2- 10.20.193.171:0/4040390079 >> [v2:10.20.193.171:6800/304570144,v1:10.20.193.171:6801/304570144] conn(0x7fd57c041540 0x7fd57c043930 unknown :-1 s=BANNER_CONNECTING pgs=0 cs=0 l=1 rev1=0 crypto rx=0 tx=0 comp rx=0 tx=0)._handle_peer_banner_payload supported=3 required=0
2026-02-20T03:27:29.098 INFO:teuthology.orchestra.run.trial171.stdout:/usr/bin/ceph: stderr
2026-02-20T03:27:29.068+0000 7fd5a6575640 1 --2- 10.20.193.171:0/4040390079 >> [v2:10.20.193.171:6800/304570144,v1:10.20.193.171:6801/304570144] conn(0x7fd57c041540 0x7fd57c043930 secure :-1 s=READY pgs=1 cs=0 l=1 rev1=1 crypto rx=0x7fd590003a80 tx=0x7fd5900092b0 comp rx=0 tx=0).ready entity=mgr.14118 client_cookie=0 server_cookie=0 in_seq=0 out_seq=0
2026-02-20T03:27:29.098 INFO:teuthology.orchestra.run.trial171.stdout:/usr/bin/ceph: stderr
2026-02-20T03:27:29.068+0000 7fd587fff640 1 -- 10.20.193.171:0/4040390079 <== mgr.14118 v2:10.20.193.171:6800/304570144 1 ==== command_reply(tid 0: 0 ) ==== 8+0+8901 (secure 0 0 0) 0x7fd59c04ae50 con 0x7fd57c041540
2026-02-20T03:27:29.098 INFO:teuthology.orchestra.run.trial171.stdout:/usr/bin/ceph: stderr
2026-02-20T03:27:29.072+0000 7fd5ad132640 1 -- 10.20.193.171:0/4040390079 --> [v2:10.20.193.171:6800/304570144,v1:10.20.193.171:6801/304570144] -- command(tid 1: {"prefix": "mgr_status"}) -- 0x7fd5a8109d00 con 0x7fd57c041540
2026-02-20T03:27:29.098 INFO:teuthology.orchestra.run.trial171.stdout:/usr/bin/ceph: stderr
2026-02-20T03:27:29.072+0000 7fd587fff640 1 -- 10.20.193.171:0/4040390079 <== mgr.14118 v2:10.20.193.171:6800/304570144 2 ==== command_reply(tid 1: 0 ) ==== 8+0+51 (secure 0 0 0) 0x7fd5a8109d00 con 0x7fd57c041540
2026-02-20T03:27:29.098 INFO:teuthology.orchestra.run.trial171.stdout:/usr/bin/ceph: stderr
2026-02-20T03:27:29.073+0000 7fd5ad132640 1 -- 10.20.193.171:0/4040390079 >> [v2:10.20.193.171:6800/304570144,v1:10.20.193.171:6801/304570144] conn(0x7fd57c041540 msgr2=0x7fd57c043930 secure :-1 s=STATE_CONNECTION_ESTABLISHED l=1).mark_down
2026-02-20T03:27:29.098 INFO:teuthology.orchestra.run.trial171.stdout:/usr/bin/ceph: stderr
2026-02-20T03:27:29.073+0000 7fd5ad132640 1 --2- 10.20.193.171:0/4040390079 >> [v2:10.20.193.171:6800/304570144,v1:10.20.193.171:6801/304570144] conn(0x7fd57c041540 0x7fd57c043930 secure :-1 s=READY pgs=1 cs=0 l=1 rev1=1 crypto rx=0x7fd590003a80 tx=0x7fd5900092b0 comp rx=0 tx=0).stop
2026-02-20T03:27:29.098 INFO:teuthology.orchestra.run.trial171.stdout:/usr/bin/ceph: stderr
2026-02-20T03:27:29.073+0000 7fd5ad132640 1 -- 10.20.193.171:0/4040390079 >> [v2:10.20.193.171:3300/0,v1:10.20.193.171:6789/0] conn(0x7fd5a8109880 msgr2=0x7fd5a819f790 secure :-1 s=STATE_CONNECTION_ESTABLISHED l=1).mark_down
2026-02-20T03:27:29.098 INFO:teuthology.orchestra.run.trial171.stdout:/usr/bin/ceph: stderr
2026-02-20T03:27:29.073+0000 7fd5ad132640 1 --2- 10.20.193.171:0/4040390079 >> [v2:10.20.193.171:3300/0,v1:10.20.193.171:6789/0] conn(0x7fd5a8109880 0x7fd5a819f790 secure :-1 s=READY pgs=27 cs=0 l=1 rev1=1 crypto rx=0x7fd59c002410 tx=0x7fd59c037a50 comp rx=0 tx=0).stop
2026-02-20T03:27:29.098 INFO:teuthology.orchestra.run.trial171.stdout:/usr/bin/ceph: stderr
2026-02-20T03:27:29.073+0000 7fd5ad132640 1 -- 10.20.193.171:0/4040390079 shutdown_connections
2026-02-20T03:27:29.098 INFO:teuthology.orchestra.run.trial171.stdout:/usr/bin/ceph: stderr
2026-02-20T03:27:29.073+0000 7fd5ad132640 1 --2- 10.20.193.171:0/4040390079 >> [v2:10.20.193.171:6800/304570144,v1:10.20.193.171:6801/304570144] conn(0x7fd57c041540 0x7fd57c043930 unknown :-1 s=CLOSED pgs=1 cs=0 l=1 rev1=1 crypto rx=0 tx=0 comp rx=0 tx=0).stop
2026-02-20T03:27:29.098 INFO:teuthology.orchestra.run.trial171.stdout:/usr/bin/ceph: stderr
2026-02-20T03:27:29.073+0000 7fd5ad132640 1 --2- 10.20.193.171:0/4040390079 >> [v2:10.20.193.171:6800/4195486869,v1:10.20.193.171:6801/4195486869] conn(0x7fd57c03dbf0 0x7fd57c0400b0 unknown :-1 s=CLOSED pgs=0 cs=0 l=1 rev1=0 crypto rx=0 tx=0 comp rx=0 tx=0).stop
2026-02-20T03:27:29.098 INFO:teuthology.orchestra.run.trial171.stdout:/usr/bin/ceph: stderr
2026-02-20T03:27:29.073+0000 7fd5ad132640 1 --2- 10.20.193.171:0/4040390079 >> [v2:10.20.193.171:3300/0,v1:10.20.193.171:6789/0] conn(0x7fd5a8109880 0x7fd5a819f790 unknown :-1 s=CLOSED pgs=27 cs=0 l=1 rev1=1 crypto rx=0 tx=0 comp rx=0 tx=0).stop
2026-02-20T03:27:29.098 INFO:teuthology.orchestra.run.trial171.stdout:/usr/bin/ceph: stderr
2026-02-20T03:27:29.073+0000 7fd5ad132640 1 -- 10.20.193.171:0/4040390079 >> 10.20.193.171:0/4040390079 conn(0x7fd5a807cf00 msgr2=0x7fd5a81070a0 unknown :-1 s=STATE_NONE l=0).mark_down
2026-02-20T03:27:29.098 INFO:teuthology.orchestra.run.trial171.stdout:/usr/bin/ceph: stderr
2026-02-20T03:27:29.073+0000 7fd5ad132640 1 -- 10.20.193.171:0/4040390079 shutdown_connections
2026-02-20T03:27:29.098 INFO:teuthology.orchestra.run.trial171.stdout:/usr/bin/ceph: stderr
2026-02-20T03:27:29.073+0000 7fd5ad132640 1 -- 10.20.193.171:0/4040390079 wait complete.
2026-02-20T03:27:29.098 INFO:teuthology.orchestra.run.trial171.stdout:mgr epoch 5 is available
2026-02-20T03:27:29.098 INFO:teuthology.orchestra.run.trial171.stdout:Setting orchestrator backend to cephadm...
2026-02-20T03:27:29.326 INFO:teuthology.orchestra.run.trial171.stdout:/usr/bin/ceph: stderr
2026-02-20T03:27:29.200+0000 7ff8c0ec7640 1 Processor -- start
2026-02-20T03:27:29.327 INFO:teuthology.orchestra.run.trial171.stdout:/usr/bin/ceph: stderr
2026-02-20T03:27:29.200+0000 7ff8c0ec7640 1 -- start start
2026-02-20T03:27:29.327 INFO:teuthology.orchestra.run.trial171.stdout:/usr/bin/ceph: stderr
2026-02-20T03:27:29.200+0000 7ff8c0ec7640 1 --2- >> [v2:10.20.193.171:3300/0,v1:10.20.193.171:6789/0] conn(0x7ff8bc1075f0 0x7ff8bc1079f0 unknown :-1 s=NONE pgs=0 cs=0 l=0 rev1=0 crypto rx=0 tx=0 comp rx=0 tx=0).connect
2026-02-20T03:27:29.327 INFO:teuthology.orchestra.run.trial171.stdout:/usr/bin/ceph: stderr
2026-02-20T03:27:29.200+0000 7ff8c0ec7640 1 -- --> [v2:10.20.193.171:3300/0,v1:10.20.193.171:6789/0] -- mon_getmap magic: 0 -- 0x7ff8bc107fc0 con 0x7ff8bc1075f0
2026-02-20T03:27:29.327 INFO:teuthology.orchestra.run.trial171.stdout:/usr/bin/ceph: stderr
2026-02-20T03:27:29.200+0000 7ff8ba575640 1 --2- >> [v2:10.20.193.171:3300/0,v1:10.20.193.171:6789/0] conn(0x7ff8bc1075f0 0x7ff8bc1079f0 unknown :-1 s=BANNER_CONNECTING pgs=0 cs=0 l=0 rev1=0 crypto rx=0 tx=0 comp rx=0 tx=0)._handle_peer_banner_payload supported=3 required=0
2026-02-20T03:27:29.327 INFO:teuthology.orchestra.run.trial171.stdout:/usr/bin/ceph: stderr
2026-02-20T03:27:29.200+0000 7ff8ba575640 1 --2- >> [v2:10.20.193.171:3300/0,v1:10.20.193.171:6789/0] conn(0x7ff8bc1075f0 0x7ff8bc1079f0 unknown :-1 s=HELLO_CONNECTING pgs=0 cs=0 l=0 rev1=1 crypto rx=0 tx=0 comp rx=0 tx=0).handle_hello peer v2:10.20.193.171:3300/0 says I am v2:10.20.193.171:51666/0 (socket says 10.20.193.171:51666)
2026-02-20T03:27:29.327 INFO:teuthology.orchestra.run.trial171.stdout:/usr/bin/ceph: stderr
2026-02-20T03:27:29.200+0000 7ff8ba575640 1 -- 10.20.193.171:0/471006105 learned_addr learned my addr 10.20.193.171:0/471006105 (peer_addr_for_me v2:10.20.193.171:0/0)
2026-02-20T03:27:29.327 INFO:teuthology.orchestra.run.trial171.stdout:/usr/bin/ceph: stderr
2026-02-20T03:27:29.200+0000 7ff8ba575640 1 -- 10.20.193.171:0/471006105 --> [v2:10.20.193.171:3300/0,v1:10.20.193.171:6789/0] -- mon_subscribe({config=0+,monmap=0+}) -- 0x7ff8bc1087f0 con 0x7ff8bc1075f0
2026-02-20T03:27:29.327 INFO:teuthology.orchestra.run.trial171.stdout:/usr/bin/ceph: stderr
2026-02-20T03:27:29.201+0000 7ff8ba575640 1 --2- 10.20.193.171:0/471006105 >> [v2:10.20.193.171:3300/0,v1:10.20.193.171:6789/0] conn(0x7ff8bc1075f0 0x7ff8bc1079f0 secure :-1 s=READY pgs=35 cs=0 l=1 rev1=1 crypto rx=0x7ff8b0009920 tx=0x7ff8b002ef20 comp rx=0 tx=0).ready entity=mon.0 client_cookie=e42b5eaa25fe1752 server_cookie=0 in_seq=0 out_seq=0
2026-02-20T03:27:29.327 INFO:teuthology.orchestra.run.trial171.stdout:/usr/bin/ceph: stderr
2026-02-20T03:27:29.201+0000 7ff8b9573640 1 -- 10.20.193.171:0/471006105 <== mon.0 v2:10.20.193.171:3300/0 1 ==== mon_map magic: 0 ==== 226+0+0 (secure 0 0 0) 0x7ff8b003c070 con 0x7ff8bc1075f0
2026-02-20T03:27:29.327 INFO:teuthology.orchestra.run.trial171.stdout:/usr/bin/ceph: stderr
2026-02-20T03:27:29.201+0000 7ff8b9573640 1 -- 10.20.193.171:0/471006105 <== mon.0 v2:10.20.193.171:3300/0 2 ==== config(25 keys) ==== 1007+0+0 (secure 0 0 0) 0x7ff8b002fe00 con 0x7ff8bc1075f0
2026-02-20T03:27:29.328 INFO:teuthology.orchestra.run.trial171.stdout:/usr/bin/ceph: stderr
2026-02-20T03:27:29.201+0000 7ff8b9573640 1 -- 10.20.193.171:0/471006105 <== mon.0 v2:10.20.193.171:3300/0 3 ==== mon_map magic: 0 ==== 226+0+0 (secure 0 0 0) 0x7ff8b0035340 con 0x7ff8bc1075f0
2026-02-20T03:27:29.328 INFO:teuthology.orchestra.run.trial171.stdout:/usr/bin/ceph: stderr
2026-02-20T03:27:29.201+0000 7ff8c0ec7640 1 -- 10.20.193.171:0/471006105 >> [v2:10.20.193.171:3300/0,v1:10.20.193.171:6789/0] conn(0x7ff8bc1075f0 msgr2=0x7ff8bc1079f0 secure :-1 s=STATE_CONNECTION_ESTABLISHED l=1).mark_down
2026-02-20T03:27:29.328 INFO:teuthology.orchestra.run.trial171.stdout:/usr/bin/ceph: stderr
2026-02-20T03:27:29.201+0000 7ff8c0ec7640 1 --2- 10.20.193.171:0/471006105 >> [v2:10.20.193.171:3300/0,v1:10.20.193.171:6789/0] conn(0x7ff8bc1075f0 0x7ff8bc1079f0 secure :-1 s=READY pgs=35 cs=0 l=1 rev1=1 crypto rx=0x7ff8b0009920 tx=0x7ff8b002ef20 comp rx=0 tx=0).stop
2026-02-20T03:27:29.328 INFO:teuthology.orchestra.run.trial171.stdout:/usr/bin/ceph: stderr
2026-02-20T03:27:29.201+0000 7ff8c0ec7640 1 -- 10.20.193.171:0/471006105 shutdown_connections
2026-02-20T03:27:29.328 INFO:teuthology.orchestra.run.trial171.stdout:/usr/bin/ceph: stderr
2026-02-20T03:27:29.201+0000 7ff8c0ec7640 1 --2- 10.20.193.171:0/471006105 >> [v2:10.20.193.171:3300/0,v1:10.20.193.171:6789/0] conn(0x7ff8bc1075f0 0x7ff8bc1079f0 unknown :-1 s=CLOSED pgs=35 cs=0 l=1 rev1=1 crypto rx=0 tx=0 comp rx=0 tx=0).stop
2026-02-20T03:27:29.328 INFO:teuthology.orchestra.run.trial171.stdout:/usr/bin/ceph: stderr
2026-02-20T03:27:29.201+0000 7ff8c0ec7640 1 -- 10.20.193.171:0/471006105 >> 10.20.193.171:0/471006105 conn(0x7ff8bc102d80 msgr2=0x7ff8bc1051c0 unknown :-1 s=STATE_NONE l=0).mark_down
2026-02-20T03:27:29.328 INFO:teuthology.orchestra.run.trial171.stdout:/usr/bin/ceph: stderr
2026-02-20T03:27:29.201+0000 7ff8c0ec7640 1 -- 10.20.193.171:0/471006105 shutdown_connections
2026-02-20T03:27:29.328 INFO:teuthology.orchestra.run.trial171.stdout:/usr/bin/ceph: stderr
2026-02-20T03:27:29.201+0000 7ff8c0ec7640 1 -- 10.20.193.171:0/471006105 wait complete.
2026-02-20T03:27:29.328 INFO:teuthology.orchestra.run.trial171.stdout:/usr/bin/ceph: stderr
2026-02-20T03:27:29.202+0000 7ff8c0ec7640 1 Processor -- start
2026-02-20T03:27:29.328 INFO:teuthology.orchestra.run.trial171.stdout:/usr/bin/ceph: stderr
2026-02-20T03:27:29.202+0000 7ff8c0ec7640 1 -- start start
2026-02-20T03:27:29.328 INFO:teuthology.orchestra.run.trial171.stdout:/usr/bin/ceph: stderr
2026-02-20T03:27:29.202+0000 7ff8c0ec7640 1 --2- >> [v2:10.20.193.171:3300/0,v1:10.20.193.171:6789/0] conn(0x7ff8bc1075f0 0x7ff8bc19f7a0 unknown :-1 s=NONE pgs=0 cs=0 l=1 rev1=0 crypto rx=0 tx=0 comp rx=0 tx=0).connect
2026-02-20T03:27:29.328 INFO:teuthology.orchestra.run.trial171.stdout:/usr/bin/ceph: stderr
2026-02-20T03:27:29.202+0000 7ff8c0ec7640 1 -- --> [v2:10.20.193.171:3300/0,v1:10.20.193.171:6789/0] -- mon_getmap magic: 0 -- 0x7ff8bc10ba20 con 0x7ff8bc1075f0
2026-02-20T03:27:29.329 INFO:teuthology.orchestra.run.trial171.stdout:/usr/bin/ceph: stderr
2026-02-20T03:27:29.202+0000 7ff8ba575640 1 --2- >> [v2:10.20.193.171:3300/0,v1:10.20.193.171:6789/0] conn(0x7ff8bc1075f0 0x7ff8bc19f7a0 unknown :-1 s=BANNER_CONNECTING pgs=0 cs=0 l=1 rev1=0 crypto rx=0 tx=0 comp rx=0 tx=0)._handle_peer_banner_payload supported=3 required=0
2026-02-20T03:27:29.329 INFO:teuthology.orchestra.run.trial171.stdout:/usr/bin/ceph: stderr
2026-02-20T03:27:29.202+0000 7ff8ba575640 1 --2- >> [v2:10.20.193.171:3300/0,v1:10.20.193.171:6789/0] conn(0x7ff8bc1075f0 0x7ff8bc19f7a0 unknown :-1 s=HELLO_CONNECTING pgs=0 cs=0 l=1 rev1=1 crypto rx=0 tx=0 comp rx=0 tx=0).handle_hello peer v2:10.20.193.171:3300/0 says I am v2:10.20.193.171:51670/0 (socket says 10.20.193.171:51670)
2026-02-20T03:27:29.329 INFO:teuthology.orchestra.run.trial171.stdout:/usr/bin/ceph: stderr
2026-02-20T03:27:29.202+0000 7ff8ba575640 1 -- 10.20.193.171:0/1984070346 learned_addr learned my addr 10.20.193.171:0/1984070346 (peer_addr_for_me v2:10.20.193.171:0/0)
2026-02-20T03:27:29.329 INFO:teuthology.orchestra.run.trial171.stdout:/usr/bin/ceph: stderr
2026-02-20T03:27:29.202+0000 7ff8ba575640 1 -- 10.20.193.171:0/1984070346 --> [v2:10.20.193.171:3300/0,v1:10.20.193.171:6789/0] -- mon_subscribe({config=0+,monmap=0+}) -- 0x7ff8bc19fce0 con 0x7ff8bc1075f0
2026-02-20T03:27:29.329 INFO:teuthology.orchestra.run.trial171.stdout:/usr/bin/ceph: stderr
2026-02-20T03:27:29.202+0000 7ff8ba575640 1 --2- 10.20.193.171:0/1984070346 >> [v2:10.20.193.171:3300/0,v1:10.20.193.171:6789/0] conn(0x7ff8bc1075f0 0x7ff8bc19f7a0 secure :-1 s=READY pgs=36 cs=0 l=1 rev1=1 crypto rx=0x7ff8b0037b20 tx=0x7ff8b00358c0 comp rx=0 tx=0).ready entity=mon.0 client_cookie=0 server_cookie=0 in_seq=0 out_seq=0
2026-02-20T03:27:29.329 INFO:teuthology.orchestra.run.trial171.stdout:/usr/bin/ceph: stderr
2026-02-20T03:27:29.202+0000 7ff8a37fe640 1 -- 10.20.193.171:0/1984070346 <== mon.0 v2:10.20.193.171:3300/0 1 ==== mon_map magic: 0 ==== 226+0+0 (secure 0 0 0) 0x7ff8b0035c10 con 0x7ff8bc1075f0
2026-02-20T03:27:29.329 INFO:teuthology.orchestra.run.trial171.stdout:/usr/bin/ceph: stderr
2026-02-20T03:27:29.202+0000 7ff8a37fe640 1 -- 10.20.193.171:0/1984070346 <== mon.0 v2:10.20.193.171:3300/0 2 ==== config(25 keys) ==== 1007+0+0 (secure 0 0 0) 0x7ff8b0035db0 con 0x7ff8bc1075f0
2026-02-20T03:27:29.329 INFO:teuthology.orchestra.run.trial171.stdout:/usr/bin/ceph: stderr
2026-02-20T03:27:29.202+0000 7ff8a37fe640 1 -- 10.20.193.171:0/1984070346 <== mon.0 v2:10.20.193.171:3300/0 3 ==== mon_map magic: 0 ==== 226+0+0 (secure 0 0 0) 0x7ff8b00413a0 con 0x7ff8bc1075f0
2026-02-20T03:27:29.329 INFO:teuthology.orchestra.run.trial171.stdout:/usr/bin/ceph: stderr
2026-02-20T03:27:29.202+0000 7ff8c0ec7640 1 -- 10.20.193.171:0/1984070346 --> [v2:10.20.193.171:3300/0,v1:10.20.193.171:6789/0] -- mon_subscribe({mgrmap=0+}) -- 0x7ff8bc19ff70 con 0x7ff8bc1075f0
2026-02-20T03:27:29.329 INFO:teuthology.orchestra.run.trial171.stdout:/usr/bin/ceph: stderr
2026-02-20T03:27:29.202+0000 7ff8c0ec7640 1 -- 10.20.193.171:0/1984070346 --> [v2:10.20.193.171:3300/0,v1:10.20.193.171:6789/0] -- mon_subscribe({osdmap=0}) -- 0x7ff8bc1a2c60 con 0x7ff8bc1075f0
2026-02-20T03:27:29.329 INFO:teuthology.orchestra.run.trial171.stdout:/usr/bin/ceph: stderr
2026-02-20T03:27:29.203+0000 7ff8a37fe640 1 -- 10.20.193.171:0/1984070346 <== mon.0 v2:10.20.193.171:3300/0 4 ==== mgrmap(e 7) ==== 50155+0+0 (secure 0 0 0) 0x7ff8b00423f0 con 0x7ff8bc1075f0
2026-02-20T03:27:29.329 INFO:teuthology.orchestra.run.trial171.stdout:/usr/bin/ceph: stderr
2026-02-20T03:27:29.203+0000 7ff8c0ec7640 1 -- 10.20.193.171:0/1984070346 --> [v2:10.20.193.171:3300/0,v1:10.20.193.171:6789/0] -- mon_command({"prefix": "get_command_descriptions"} v 0) -- 0x7ff8bc107a70 con 0x7ff8bc1075f0
2026-02-20T03:27:29.330 INFO:teuthology.orchestra.run.trial171.stdout:/usr/bin/ceph: stderr
2026-02-20T03:27:29.203+0000 7ff8a37fe640 1 --2- 10.20.193.171:0/1984070346 >> [v2:10.20.193.171:6800/304570144,v1:10.20.193.171:6801/304570144] conn(0x7ff89403dad0 0x7ff89403ff90 unknown :-1 s=NONE pgs=0 cs=0 l=1 rev1=0 crypto rx=0 tx=0 comp rx=0 tx=0).connect
2026-02-20T03:27:29.330 INFO:teuthology.orchestra.run.trial171.stdout:/usr/bin/ceph: stderr
2026-02-20T03:27:29.203+0000 7ff8a37fe640 1 -- 10.20.193.171:0/1984070346 <== mon.0 v2:10.20.193.171:3300/0 5 ==== osd_map(2..2 src has 1..2) ==== 940+0+0 (secure 0 0 0) 0x7ff8b0076520 con 0x7ff8bc1075f0
2026-02-20T03:27:29.330 INFO:teuthology.orchestra.run.trial171.stdout:/usr/bin/ceph: stderr
2026-02-20T03:27:29.203+0000 7ff8b9d74640 1 --2- 10.20.193.171:0/1984070346 >> [v2:10.20.193.171:6800/304570144,v1:10.20.193.171:6801/304570144] conn(0x7ff89403dad0 0x7ff89403ff90 unknown :-1 s=BANNER_CONNECTING pgs=0 cs=0 l=1 rev1=0 crypto rx=0 tx=0 comp rx=0 tx=0)._handle_peer_banner_payload supported=3 required=0
2026-02-20T03:27:29.330 INFO:teuthology.orchestra.run.trial171.stdout:/usr/bin/ceph: stderr
2026-02-20T03:27:29.203+0000 7ff8b9d74640 1 --2- 10.20.193.171:0/1984070346 >> [v2:10.20.193.171:6800/304570144,v1:10.20.193.171:6801/304570144] conn(0x7ff89403dad0 0x7ff89403ff90 secure :-1 s=READY pgs=7 cs=0 l=1 rev1=1 crypto rx=0x7ff8a40099c0 tx=0x7ff8a4006eb0 comp rx=0 tx=0).ready entity=mgr.14118 client_cookie=0 server_cookie=0 in_seq=0 out_seq=0
2026-02-20T03:27:29.330 INFO:teuthology.orchestra.run.trial171.stdout:/usr/bin/ceph: stderr
2026-02-20T03:27:29.206+0000 7ff8a37fe640 1 -- 10.20.193.171:0/1984070346 <== mon.0 v2:10.20.193.171:3300/0 6 ==== mon_command_ack([{"prefix": "get_command_descriptions"}]=0 v0) ==== 72+0+195341 (secure 0 0 0) 0x7ff8b0041650 con 0x7ff8bc1075f0
2026-02-20T03:27:29.330 INFO:teuthology.orchestra.run.trial171.stdout:/usr/bin/ceph: stderr
2026-02-20T03:27:29.295+0000 7ff8c0ec7640 1 -- 10.20.193.171:0/1984070346 --> [v2:10.20.193.171:6800/304570144,v1:10.20.193.171:6801/304570144] -- mgr_command(tid 0: {"prefix": "orch set backend", "module_name": "cephadm", "target": ["mon-mgr", ""]}) -- 0x7ff8bc1040c0 con 0x7ff89403dad0
2026-02-20T03:27:29.330 INFO:teuthology.orchestra.run.trial171.stdout:/usr/bin/ceph: stderr
2026-02-20T03:27:29.299+0000 7ff8a37fe640 1 -- 10.20.193.171:0/1984070346 <== mgr.14118 v2:10.20.193.171:6800/304570144 1 ==== mgr_command_reply(tid 0: 0 ) ==== 8+0+0 (secure 0 0 0) 0x7ff8bc1040c0 con 0x7ff89403dad0
2026-02-20T03:27:29.330 INFO:teuthology.orchestra.run.trial171.stdout:/usr/bin/ceph: stderr
2026-02-20T03:27:29.300+0000 7ff8c0ec7640 1 -- 10.20.193.171:0/1984070346 >> [v2:10.20.193.171:6800/304570144,v1:10.20.193.171:6801/304570144] conn(0x7ff89403dad0 msgr2=0x7ff89403ff90 secure :-1 s=STATE_CONNECTION_ESTABLISHED l=1).mark_down
2026-02-20T03:27:29.330 INFO:teuthology.orchestra.run.trial171.stdout:/usr/bin/ceph: stderr
2026-02-20T03:27:29.300+0000 7ff8c0ec7640 1 --2- 10.20.193.171:0/1984070346 >> [v2:10.20.193.171:6800/304570144,v1:10.20.193.171:6801/304570144] conn(0x7ff89403dad0 0x7ff89403ff90 secure :-1 s=READY pgs=7 cs=0 l=1 rev1=1 crypto rx=0x7ff8a40099c0 tx=0x7ff8a4006eb0 comp rx=0 tx=0).stop
2026-02-20T03:27:29.330 INFO:teuthology.orchestra.run.trial171.stdout:/usr/bin/ceph: stderr
2026-02-20T03:27:29.300+0000 7ff8c0ec7640 1 -- 10.20.193.171:0/1984070346 >> [v2:10.20.193.171:3300/0,v1:10.20.193.171:6789/0] conn(0x7ff8bc1075f0 msgr2=0x7ff8bc19f7a0 secure :-1 s=STATE_CONNECTION_ESTABLISHED l=1).mark_down
2026-02-20T03:27:29.330 INFO:teuthology.orchestra.run.trial171.stdout:/usr/bin/ceph: stderr
2026-02-20T03:27:29.300+0000 7ff8c0ec7640 1 --2- 10.20.193.171:0/1984070346 >> [v2:10.20.193.171:3300/0,v1:10.20.193.171:6789/0] conn(0x7ff8bc1075f0 0x7ff8bc19f7a0 secure :-1 s=READY pgs=36 cs=0 l=1 rev1=1 crypto rx=0x7ff8b0037b20 tx=0x7ff8b00358c0 comp rx=0 tx=0).stop
2026-02-20T03:27:29.330 INFO:teuthology.orchestra.run.trial171.stdout:/usr/bin/ceph: stderr
2026-02-20T03:27:29.300+0000 7ff8c0ec7640 1 -- 10.20.193.171:0/1984070346 shutdown_connections
2026-02-20T03:27:29.331 INFO:teuthology.orchestra.run.trial171.stdout:/usr/bin/ceph: stderr
2026-02-20T03:27:29.300+0000 7ff8c0ec7640 1 --2- 10.20.193.171:0/1984070346 >> [v2:10.20.193.171:6800/304570144,v1:10.20.193.171:6801/304570144] conn(0x7ff89403dad0 0x7ff89403ff90 unknown :-1 s=CLOSED pgs=7 cs=0 l=1 rev1=1 crypto rx=0 tx=0 comp rx=0 tx=0).stop
2026-02-20T03:27:29.331 INFO:teuthology.orchestra.run.trial171.stdout:/usr/bin/ceph: stderr
2026-02-20T03:27:29.300+0000 7ff8c0ec7640 1 --2- 10.20.193.171:0/1984070346 >> [v2:10.20.193.171:3300/0,v1:10.20.193.171:6789/0] conn(0x7ff8bc1075f0 0x7ff8bc19f7a0 unknown :-1 s=CLOSED pgs=36 cs=0 l=1 rev1=1 crypto rx=0 tx=0 comp rx=0 tx=0).stop
2026-02-20T03:27:29.331 INFO:teuthology.orchestra.run.trial171.stdout:/usr/bin/ceph: stderr
2026-02-20T03:27:29.300+0000 7ff8c0ec7640 1 -- 10.20.193.171:0/1984070346 >> 10.20.193.171:0/1984070346 conn(0x7ff8bc102d80 msgr2=0x7ff8bc1039b0 unknown :-1 s=STATE_NONE l=0).mark_down
2026-02-20T03:27:29.331 INFO:teuthology.orchestra.run.trial171.stdout:/usr/bin/ceph: stderr
2026-02-20T03:27:29.300+0000 7ff8c0ec7640 1 -- 10.20.193.171:0/1984070346 shutdown_connections
2026-02-20T03:27:29.331 INFO:teuthology.orchestra.run.trial171.stdout:/usr/bin/ceph: stderr
2026-02-20T03:27:29.300+0000 7ff8c0ec7640 1 -- 10.20.193.171:0/1984070346 wait complete.
2026-02-20T03:27:29.331 INFO:journalctl@ceph.mon.trial171.trial171.stdout:Feb 20 03:27:29 trial171 ceph-mon[38955]: Found migration_current of "None". Setting to last migration.
2026-02-20T03:27:29.331 INFO:journalctl@ceph.mon.trial171.trial171.stdout:Feb 20 03:27:29 trial171 ceph-mon[38955]: from='mgr.14118 10.20.193.171:0/450408155' entity='mgr.trial171.oqsrjk'
2026-02-20T03:27:29.331 INFO:journalctl@ceph.mon.trial171.trial171.stdout:Feb 20 03:27:29 trial171 ceph-mon[38955]: from='mgr.14118 10.20.193.171:0/450408155' entity='mgr.trial171.oqsrjk'
2026-02-20T03:27:29.331 INFO:journalctl@ceph.mon.trial171.trial171.stdout:Feb 20 03:27:29 trial171 ceph-mon[38955]: mgrmap e7: trial171.oqsrjk(active, since 1.0035s)
2026-02-20T03:27:29.543 INFO:teuthology.orchestra.run.trial171.stdout:/usr/bin/ceph: stdout value unchanged
2026-02-20T03:27:29.543 INFO:teuthology.orchestra.run.trial171.stdout:/usr/bin/ceph: stderr
2026-02-20T03:27:29.423+0000 7f70e2185640 1 Processor -- start
2026-02-20T03:27:29.543 INFO:teuthology.orchestra.run.trial171.stdout:/usr/bin/ceph: stderr
2026-02-20T03:27:29.423+0000 7f70e2185640 1 -- start start
2026-02-20T03:27:29.544 INFO:teuthology.orchestra.run.trial171.stdout:/usr/bin/ceph: stderr
2026-02-20T03:27:29.423+0000 7f70e2185640 1 --2- >> [v2:10.20.193.171:3300/0,v1:10.20.193.171:6789/0] conn(0x7f70dc107600 0x7f70dc107a00 unknown :-1 s=NONE pgs=0 cs=0 l=0 rev1=0 crypto rx=0 tx=0 comp rx=0 tx=0).connect
2026-02-20T03:27:29.544 INFO:teuthology.orchestra.run.trial171.stdout:/usr/bin/ceph: stderr
2026-02-20T03:27:29.423+0000 7f70e2185640 1 -- --> [v2:10.20.193.171:3300/0,v1:10.20.193.171:6789/0] -- mon_getmap magic: 0 -- 0x7f70dc107fd0 con 0x7f70dc107600
2026-02-20T03:27:29.544 INFO:teuthology.orchestra.run.trial171.stdout:/usr/bin/ceph: stderr
2026-02-20T03:27:29.423+0000 7f70db7fe640 1 --2- >> [v2:10.20.193.171:3300/0,v1:10.20.193.171:6789/0] conn(0x7f70dc107600 0x7f70dc107a00 unknown :-1 s=BANNER_CONNECTING pgs=0 cs=0 l=0 rev1=0 crypto rx=0 tx=0 comp rx=0 tx=0)._handle_peer_banner_payload supported=3 required=0
2026-02-20T03:27:29.544 INFO:teuthology.orchestra.run.trial171.stdout:/usr/bin/ceph: stderr
2026-02-20T03:27:29.423+0000 7f70db7fe640 1 --2- >> [v2:10.20.193.171:3300/0,v1:10.20.193.171:6789/0] conn(0x7f70dc107600 0x7f70dc107a00 unknown :-1 s=HELLO_CONNECTING pgs=0 cs=0 l=0 rev1=1 crypto rx=0 tx=0 comp rx=0 tx=0).handle_hello peer v2:10.20.193.171:3300/0 says I am v2:10.20.193.171:51686/0 (socket says 10.20.193.171:51686)
