2026-02-20T03:27:24.370 INFO:teuthology.orchestra.run.trial171.stdout:/usr/bin/ceph: stderr
2026-02-20T03:27:24.216+0000 7ff1f9e53640 1 -- 10.20.193.171:0/873130655 --> [v2:10.20.193.171:3300/0,v1:10.20.193.171:6789/0] -- mon_subscribe({osdmap=0}) -- 0x7ff1f41a2bf0 con 0x7ff1f4109880
2026-02-20T03:27:24.370 INFO:teuthology.orchestra.run.trial171.stdout:/usr/bin/ceph: stderr
2026-02-20T03:27:24.216+0000 7ff1f9e53640 1 -- 10.20.193.171:0/873130655 --> [v2:10.20.193.171:3300/0,v1:10.20.193.171:6789/0] -- mon_command({"prefix": "get_command_descriptions"} v 0) -- 0x7ff1f4109d00 con 0x7ff1f4109880
2026-02-20T03:27:24.370 INFO:teuthology.orchestra.run.trial171.stdout:/usr/bin/ceph: stderr
2026-02-20T03:27:24.216+0000 7ff1f0ff9640 1 -- 10.20.193.171:0/873130655 <== mon.0 v2:10.20.193.171:3300/0 4 ==== mgrmap(e 3) ==== 50144+0+0 (secure 0 0 0) 0x7ff1e00423f0 con 0x7ff1f4109880
2026-02-20T03:27:24.370 INFO:teuthology.orchestra.run.trial171.stdout:/usr/bin/ceph: stderr
2026-02-20T03:27:24.217+0000 7ff1f0ff9640 1 --2- 10.20.193.171:0/873130655 >> [v2:10.20.193.171:6800/4195486869,v1:10.20.193.171:6801/4195486869] conn(0x7ff1c803da80 0x7ff1c803ff40 unknown :-1 s=NONE pgs=0 cs=0 l=1 rev1=0 crypto rx=0 tx=0 comp rx=0 tx=0).connect
2026-02-20T03:27:24.371 INFO:teuthology.orchestra.run.trial171.stdout:/usr/bin/ceph: stderr
2026-02-20T03:27:24.217+0000 7ff1f0ff9640 1 -- 10.20.193.171:0/873130655 <== mon.0 v2:10.20.193.171:3300/0 5 ==== osd_map(1..1 src has 1..1) ==== 725+0+0 (secure 0 0 0) 0x7ff1e00760d0 con 0x7ff1f4109880
2026-02-20T03:27:24.371 INFO:teuthology.orchestra.run.trial171.stdout:/usr/bin/ceph: stderr
2026-02-20T03:27:24.217+0000 7ff1f2ffd640 1 --2- 10.20.193.171:0/873130655 >> [v2:10.20.193.171:6800/4195486869,v1:10.20.193.171:6801/4195486869] conn(0x7ff1c803da80 0x7ff1c803ff40 unknown :-1 s=BANNER_CONNECTING pgs=0 cs=0 l=1 rev1=0 crypto rx=0 tx=0 comp rx=0 tx=0)._handle_peer_banner_payload supported=3 required=0
2026-02-20T03:27:24.371 INFO:teuthology.orchestra.run.trial171.stdout:/usr/bin/ceph: stderr
2026-02-20T03:27:24.217+0000 7ff1f2ffd640 1 --2- 10.20.193.171:0/873130655 >> [v2:10.20.193.171:6800/4195486869,v1:10.20.193.171:6801/4195486869] conn(0x7ff1c803da80 0x7ff1c803ff40 secure :-1 s=READY pgs=6 cs=0 l=1 rev1=1 crypto rx=0x7ff1e40099c0 tx=0x7ff1e4006eb0 comp rx=0 tx=0).ready entity=mgr.14100 client_cookie=0 server_cookie=0 in_seq=0 out_seq=0
2026-02-20T03:27:24.371 INFO:teuthology.orchestra.run.trial171.stdout:/usr/bin/ceph: stderr
2026-02-20T03:27:24.220+0000 7ff1f0ff9640 1 -- 10.20.193.171:0/873130655 <== mon.0 v2:10.20.193.171:3300/0 6 ==== mon_command_ack([{"prefix": "get_command_descriptions"}]=0 v0) ==== 72+0+195341 (secure 0 0 0) 0x7ff1e0042710 con 0x7ff1f4109880
2026-02-20T03:27:24.371 INFO:teuthology.orchestra.run.trial171.stdout:/usr/bin/ceph: stderr
2026-02-20T03:27:24.332+0000 7ff1f9e53640 1 -- 10.20.193.171:0/873130655 --> [v2:10.20.193.171:3300/0,v1:10.20.193.171:6789/0] -- mon_command({"prefix": "status", "format": "json-pretty"} v 0) -- 0x7ff1f41a3350 con 0x7ff1f4109880
2026-02-20T03:27:24.371 INFO:teuthology.orchestra.run.trial171.stdout:/usr/bin/ceph: stderr
2026-02-20T03:27:24.332+0000 7ff1f0ff9640 1 -- 10.20.193.171:0/873130655 <== mon.0 v2:10.20.193.171:3300/0 7 ==== mon_command_ack([{"prefix": "status", "format": "json-pretty"}]=0 v0) ==== 79+0+1297 (secure 0 0 0) 0x7ff1e0036c70 con 0x7ff1f4109880
2026-02-20T03:27:24.371 INFO:teuthology.orchestra.run.trial171.stdout:/usr/bin/ceph: stderr
2026-02-20T03:27:24.333+0000 7ff1f9e53640 1 -- 10.20.193.171:0/873130655 >> [v2:10.20.193.171:6800/4195486869,v1:10.20.193.171:6801/4195486869] conn(0x7ff1c803da80 msgr2=0x7ff1c803ff40 secure :-1 s=STATE_CONNECTION_ESTABLISHED l=1).mark_down
2026-02-20T03:27:24.371 INFO:teuthology.orchestra.run.trial171.stdout:/usr/bin/ceph: stderr
2026-02-20T03:27:24.333+0000 7ff1f9e53640 1 --2- 10.20.193.171:0/873130655 >> [v2:10.20.193.171:6800/4195486869,v1:10.20.193.171:6801/4195486869] conn(0x7ff1c803da80 0x7ff1c803ff40 secure :-1 s=READY pgs=6 cs=0 l=1 rev1=1 crypto rx=0x7ff1e40099c0 tx=0x7ff1e4006eb0 comp rx=0 tx=0).stop
2026-02-20T03:27:24.371 INFO:teuthology.orchestra.run.trial171.stdout:/usr/bin/ceph: stderr
2026-02-20T03:27:24.333+0000 7ff1f9e53640 1 -- 10.20.193.171:0/873130655 >> [v2:10.20.193.171:3300/0,v1:10.20.193.171:6789/0] conn(0x7ff1f4109880 msgr2=0x7ff1f419f730 secure :-1 s=STATE_CONNECTION_ESTABLISHED l=1).mark_down
2026-02-20T03:27:24.371 INFO:teuthology.orchestra.run.trial171.stdout:/usr/bin/ceph: stderr
2026-02-20T03:27:24.333+0000 7ff1f9e53640 1 --2- 10.20.193.171:0/873130655 >> [v2:10.20.193.171:3300/0,v1:10.20.193.171:6789/0] conn(0x7ff1f4109880 0x7ff1f419f730 secure :-1 s=READY pgs=17 cs=0 l=1 rev1=1 crypto rx=0x7ff1e0037b20 tx=0x7ff1e00358c0 comp rx=0 tx=0).stop
2026-02-20T03:27:24.371 INFO:teuthology.orchestra.run.trial171.stdout:/usr/bin/ceph: stderr
2026-02-20T03:27:24.333+0000 7ff1f9e53640 1 -- 10.20.193.171:0/873130655 shutdown_connections
2026-02-20T03:27:24.371 INFO:teuthology.orchestra.run.trial171.stdout:/usr/bin/ceph: stderr
2026-02-20T03:27:24.333+0000 7ff1f9e53640 1 --2- 10.20.193.171:0/873130655 >> [v2:10.20.193.171:6800/4195486869,v1:10.20.193.171:6801/4195486869] conn(0x7ff1c803da80 0x7ff1c803ff40 unknown :-1 s=CLOSED pgs=6 cs=0 l=1 rev1=1 crypto rx=0 tx=0 comp rx=0 tx=0).stop
2026-02-20T03:27:24.371 INFO:teuthology.orchestra.run.trial171.stdout:/usr/bin/ceph: stderr
2026-02-20T03:27:24.333+0000 7ff1f9e53640 1 --2- 10.20.193.171:0/873130655 >> [v2:10.20.193.171:3300/0,v1:10.20.193.171:6789/0] conn(0x7ff1f4109880 0x7ff1f419f730 unknown :-1 s=CLOSED pgs=17 cs=0 l=1 rev1=1 crypto rx=0 tx=0 comp rx=0 tx=0).stop
2026-02-20T03:27:24.371 INFO:teuthology.orchestra.run.trial171.stdout:/usr/bin/ceph: stderr
2026-02-20T03:27:24.333+0000 7ff1f9e53640 1 -- 10.20.193.171:0/873130655 >> 10.20.193.171:0/873130655 conn(0x7ff1f407ce10 msgr2=0x7ff1f4107090 unknown :-1 s=STATE_NONE l=0).mark_down
2026-02-20T03:27:24.371 INFO:teuthology.orchestra.run.trial171.stdout:/usr/bin/ceph: stderr
2026-02-20T03:27:24.333+0000 7ff1f9e53640 1 -- 10.20.193.171:0/873130655 shutdown_connections
2026-02-20T03:27:24.372 INFO:teuthology.orchestra.run.trial171.stdout:/usr/bin/ceph: stderr
2026-02-20T03:27:24.333+0000 7ff1f9e53640 1 -- 10.20.193.171:0/873130655 wait complete.
2026-02-20T03:27:24.372 INFO:teuthology.orchestra.run.trial171.stdout:mgr is available
2026-02-20T03:27:24.580 INFO:teuthology.orchestra.run.trial171.stdout:/usr/bin/ceph: stdout
2026-02-20T03:27:24.581 INFO:teuthology.orchestra.run.trial171.stdout:/usr/bin/ceph: stdout [global]
2026-02-20T03:27:24.581 INFO:teuthology.orchestra.run.trial171.stdout:/usr/bin/ceph: stdout fsid = 07c0a47d-0e0c-11f1-bfe8-d404e6e7d460
2026-02-20T03:27:24.581 INFO:teuthology.orchestra.run.trial171.stdout:/usr/bin/ceph: stdout mon_cluster_log_file_level = debug
2026-02-20T03:27:24.581 INFO:teuthology.orchestra.run.trial171.stdout:/usr/bin/ceph: stdout mon_host = [v2:10.20.193.171:3300,v1:10.20.193.171:6789]
2026-02-20T03:27:24.581 INFO:teuthology.orchestra.run.trial171.stdout:/usr/bin/ceph: stdout mon_osd_allow_pg_remap = true
2026-02-20T03:27:24.582 INFO:teuthology.orchestra.run.trial171.stdout:/usr/bin/ceph: stdout mon_osd_allow_primary_affinity = true
2026-02-20T03:27:24.582 INFO:teuthology.orchestra.run.trial171.stdout:/usr/bin/ceph: stdout mon_warn_on_no_sortbitwise = false
2026-02-20T03:27:24.582 INFO:teuthology.orchestra.run.trial171.stdout:/usr/bin/ceph: stdout osd_crush_chooseleaf_type = 0
2026-02-20T03:27:24.582 INFO:teuthology.orchestra.run.trial171.stdout:/usr/bin/ceph: stdout
2026-02-20T03:27:24.582 INFO:teuthology.orchestra.run.trial171.stdout:/usr/bin/ceph: stdout [mgr]
2026-02-20T03:27:24.583 INFO:teuthology.orchestra.run.trial171.stdout:/usr/bin/ceph: stdout mgr/telemetry/nag = false
2026-02-20T03:27:24.583 INFO:teuthology.orchestra.run.trial171.stdout:/usr/bin/ceph: stdout
2026-02-20T03:27:24.583 INFO:teuthology.orchestra.run.trial171.stdout:/usr/bin/ceph: stdout [osd]
2026-02-20T03:27:24.583 INFO:teuthology.orchestra.run.trial171.stdout:/usr/bin/ceph: stdout osd_map_max_advance = 10
2026-02-20T03:27:24.583 INFO:teuthology.orchestra.run.trial171.stdout:/usr/bin/ceph: stdout osd_sloppy_crc = true
2026-02-20T03:27:24.583 INFO:teuthology.orchestra.run.trial171.stdout:/usr/bin/ceph: stderr
2026-02-20T03:27:24.457+0000 7f303a79e640 1 Processor -- start
2026-02-20T03:27:24.584 INFO:teuthology.orchestra.run.trial171.stdout:/usr/bin/ceph: stderr
2026-02-20T03:27:24.457+0000 7f303a79e640 1 -- start start
2026-02-20T03:27:24.584 INFO:teuthology.orchestra.run.trial171.stdout:/usr/bin/ceph: stderr
2026-02-20T03:27:24.457+0000 7f303a79e640 1 --2- >> [v2:10.20.193.171:3300/0,v1:10.20.193.171:6789/0] conn(0x7f3034109880 0x7f3034109c80 unknown :-1 s=NONE pgs=0 cs=0 l=0 rev1=0 crypto rx=0 tx=0 comp rx=0 tx=0).connect
2026-02-20T03:27:24.584 INFO:teuthology.orchestra.run.trial171.stdout:/usr/bin/ceph: stderr
2026-02-20T03:27:24.457+0000 7f303a79e640 1 -- --> [v2:10.20.193.171:3300/0,v1:10.20.193.171:6789/0] -- mon_getmap magic: 0 -- 0x7f303410a250 con 0x7f3034109880
2026-02-20T03:27:24.584 INFO:teuthology.orchestra.run.trial171.stdout:/usr/bin/ceph: stderr
2026-02-20T03:27:24.457+0000 7f3033fff640 1 --2- >> [v2:10.20.193.171:3300/0,v1:10.20.193.171:6789/0] conn(0x7f3034109880 0x7f3034109c80 unknown :-1 s=BANNER_CONNECTING pgs=0 cs=0 l=0 rev1=0 crypto rx=0 tx=0 comp rx=0 tx=0)._handle_peer_banner_payload supported=3 required=0
2026-02-20T03:27:24.584 INFO:teuthology.orchestra.run.trial171.stdout:/usr/bin/ceph: stderr
2026-02-20T03:27:24.457+0000 7f3033fff640 1 --2- >> [v2:10.20.193.171:3300/0,v1:10.20.193.171:6789/0] conn(0x7f3034109880 0x7f3034109c80 unknown :-1 s=HELLO_CONNECTING pgs=0 cs=0 l=0 rev1=1 crypto rx=0 tx=0 comp rx=0 tx=0).handle_hello peer v2:10.20.193.171:3300/0 says I am v2:10.20.193.171:51494/0 (socket says 10.20.193.171:51494)
2026-02-20T03:27:24.585 INFO:teuthology.orchestra.run.trial171.stdout:/usr/bin/ceph: stderr
2026-02-20T03:27:24.457+0000 7f3033fff640 1 -- 10.20.193.171:0/740004009 learned_addr learned my addr 10.20.193.171:0/740004009 (peer_addr_for_me v2:10.20.193.171:0/0)
2026-02-20T03:27:24.585 INFO:teuthology.orchestra.run.trial171.stdout:/usr/bin/ceph: stderr
2026-02-20T03:27:24.457+0000 7f3033fff640 1 -- 10.20.193.171:0/740004009 --> [v2:10.20.193.171:3300/0,v1:10.20.193.171:6789/0] -- mon_subscribe({config=0+,monmap=0+}) -- 0x7f303410aa80 con 0x7f3034109880
2026-02-20T03:27:24.585 INFO:teuthology.orchestra.run.trial171.stdout:/usr/bin/ceph: stderr
2026-02-20T03:27:24.458+0000 7f3033fff640 1 --2- 10.20.193.171:0/740004009 >> [v2:10.20.193.171:3300/0,v1:10.20.193.171:6789/0] conn(0x7f3034109880 0x7f3034109c80 secure :-1 s=READY pgs=18 cs=0 l=1 rev1=1 crypto rx=0x7f3020009920 tx=0x7f302002ef20 comp rx=0 tx=0).ready entity=mon.0 client_cookie=e1ea2a652165aa10 server_cookie=0 in_seq=0 out_seq=0
2026-02-20T03:27:24.585 INFO:teuthology.orchestra.run.trial171.stdout:/usr/bin/ceph: stderr
2026-02-20T03:27:24.458+0000 7f3032ffd640 1 -- 10.20.193.171:0/740004009 <== mon.0 v2:10.20.193.171:3300/0 1 ==== mon_map magic: 0 ==== 226+0+0 (secure 0 0 0) 0x7f302003c070 con 0x7f3034109880
2026-02-20T03:27:24.585 INFO:teuthology.orchestra.run.trial171.stdout:/usr/bin/ceph: stderr
2026-02-20T03:27:24.458+0000 7f3032ffd640 1 -- 10.20.193.171:0/740004009 <== mon.0 v2:10.20.193.171:3300/0 2 ==== config(25 keys) ==== 1007+0+0 (secure 0 0 0) 0x7f302002fe00 con 0x7f3034109880
2026-02-20T03:27:24.585 INFO:teuthology.orchestra.run.trial171.stdout:/usr/bin/ceph: stderr
2026-02-20T03:27:24.458+0000 7f3032ffd640 1 -- 10.20.193.171:0/740004009 <== mon.0 v2:10.20.193.171:3300/0 3 ==== mon_map magic: 0 ==== 226+0+0 (secure 0 0 0) 0x7f3020035340 con 0x7f3034109880
2026-02-20T03:27:24.586 INFO:teuthology.orchestra.run.trial171.stdout:/usr/bin/ceph: stderr
2026-02-20T03:27:24.458+0000 7f303a79e640 1 -- 10.20.193.171:0/740004009 >> [v2:10.20.193.171:3300/0,v1:10.20.193.171:6789/0] conn(0x7f3034109880 msgr2=0x7f3034109c80 secure :-1 s=STATE_CONNECTION_ESTABLISHED l=1).mark_down
2026-02-20T03:27:24.586 INFO:teuthology.orchestra.run.trial171.stdout:/usr/bin/ceph: stderr
2026-02-20T03:27:24.458+0000 7f303a79e640 1 --2- 10.20.193.171:0/740004009 >> [v2:10.20.193.171:3300/0,v1:10.20.193.171:6789/0] conn(0x7f3034109880 0x7f3034109c80 secure :-1 s=READY pgs=18 cs=0 l=1 rev1=1 crypto rx=0x7f3020009920 tx=0x7f302002ef20 comp rx=0 tx=0).stop
2026-02-20T03:27:24.586 INFO:teuthology.orchestra.run.trial171.stdout:/usr/bin/ceph: stderr
2026-02-20T03:27:24.458+0000 7f303a79e640 1 -- 10.20.193.171:0/740004009 shutdown_connections
2026-02-20T03:27:24.586 INFO:teuthology.orchestra.run.trial171.stdout:/usr/bin/ceph: stderr
2026-02-20T03:27:24.458+0000 7f303a79e640 1 --2- 10.20.193.171:0/740004009 >> [v2:10.20.193.171:3300/0,v1:10.20.193.171:6789/0] conn(0x7f3034109880 0x7f3034109c80 unknown :-1 s=CLOSED pgs=18 cs=0 l=1 rev1=1 crypto rx=0 tx=0 comp rx=0 tx=0).stop
2026-02-20T03:27:24.586 INFO:teuthology.orchestra.run.trial171.stdout:/usr/bin/ceph: stderr
2026-02-20T03:27:24.458+0000 7f303a79e640 1 -- 10.20.193.171:0/740004009 >> 10.20.193.171:0/740004009 conn(0x7f303407ce10 msgr2=0x7f303407d220 unknown :-1 s=STATE_NONE l=0).mark_down
2026-02-20T03:27:24.587 INFO:teuthology.orchestra.run.trial171.stdout:/usr/bin/ceph: stderr
2026-02-20T03:27:24.458+0000 7f303a79e640 1 -- 10.20.193.171:0/740004009 shutdown_connections
2026-02-20T03:27:24.587 INFO:teuthology.orchestra.run.trial171.stdout:/usr/bin/ceph: stderr
2026-02-20T03:27:24.458+0000 7f303a79e640 1 -- 10.20.193.171:0/740004009 wait complete.
2026-02-20T03:27:24.587 INFO:teuthology.orchestra.run.trial171.stdout:/usr/bin/ceph: stderr
2026-02-20T03:27:24.458+0000 7f303a79e640 1 Processor -- start
2026-02-20T03:27:24.587 INFO:teuthology.orchestra.run.trial171.stdout:/usr/bin/ceph: stderr
2026-02-20T03:27:24.459+0000 7f303a79e640 1 -- start start
2026-02-20T03:27:24.587 INFO:teuthology.orchestra.run.trial171.stdout:/usr/bin/ceph: stderr
2026-02-20T03:27:24.459+0000 7f303a79e640 1 --2- >> [v2:10.20.193.171:3300/0,v1:10.20.193.171:6789/0] conn(0x7f3034109880 0x7f303419f730 unknown :-1 s=NONE pgs=0 cs=0 l=1 rev1=0 crypto rx=0 tx=0 comp rx=0 tx=0).connect
2026-02-20T03:27:24.587 INFO:teuthology.orchestra.run.trial171.stdout:/usr/bin/ceph: stderr
2026-02-20T03:27:24.459+0000 7f303a79e640 1 -- --> [v2:10.20.193.171:3300/0,v1:10.20.193.171:6789/0] -- mon_getmap magic: 0 -- 0x7f303410dcb0 con 0x7f3034109880
2026-02-20T03:27:24.588 INFO:teuthology.orchestra.run.trial171.stdout:/usr/bin/ceph: stderr
2026-02-20T03:27:24.459+0000 7f3033fff640 1 --2- >> [v2:10.20.193.171:3300/0,v1:10.20.193.171:6789/0] conn(0x7f3034109880 0x7f303419f730 unknown :-1 s=BANNER_CONNECTING pgs=0 cs=0 l=1 rev1=0 crypto rx=0 tx=0 comp rx=0 tx=0)._handle_peer_banner_payload supported=3 required=0
2026-02-20T03:27:24.588 INFO:teuthology.orchestra.run.trial171.stdout:/usr/bin/ceph: stderr
2026-02-20T03:27:24.459+0000 7f3033fff640 1 --2- >> [v2:10.20.193.171:3300/0,v1:10.20.193.171:6789/0] conn(0x7f3034109880 0x7f303419f730 unknown :-1 s=HELLO_CONNECTING pgs=0 cs=0 l=1 rev1=1 crypto rx=0 tx=0 comp rx=0 tx=0).handle_hello peer v2:10.20.193.171:3300/0 says I am v2:10.20.193.171:51502/0 (socket says 10.20.193.171:51502)
2026-02-20T03:27:24.588 INFO:teuthology.orchestra.run.trial171.stdout:/usr/bin/ceph: stderr
2026-02-20T03:27:24.459+0000 7f3033fff640 1 -- 10.20.193.171:0/718124395 learned_addr learned my addr 10.20.193.171:0/718124395 (peer_addr_for_me v2:10.20.193.171:0/0)
2026-02-20T03:27:24.588 INFO:teuthology.orchestra.run.trial171.stdout:/usr/bin/ceph: stderr
2026-02-20T03:27:24.459+0000 7f3033fff640 1 -- 10.20.193.171:0/718124395 --> [v2:10.20.193.171:3300/0,v1:10.20.193.171:6789/0] -- mon_subscribe({config=0+,monmap=0+}) -- 0x7f303419fc70 con 0x7f3034109880
2026-02-20T03:27:24.588 INFO:teuthology.orchestra.run.trial171.stdout:/usr/bin/ceph: stderr
2026-02-20T03:27:24.459+0000 7f3033fff640 1 --2- 10.20.193.171:0/718124395 >> [v2:10.20.193.171:3300/0,v1:10.20.193.171:6789/0] conn(0x7f3034109880 0x7f303419f730 secure :-1 s=READY pgs=19 cs=0 l=1 rev1=1 crypto rx=0x7f3020037b20 tx=0x7f30200358c0 comp rx=0 tx=0).ready entity=mon.0 client_cookie=0 server_cookie=0 in_seq=0 out_seq=0
2026-02-20T03:27:24.588 INFO:teuthology.orchestra.run.trial171.stdout:/usr/bin/ceph: stderr
2026-02-20T03:27:24.459+0000 7f30317fa640 1 -- 10.20.193.171:0/718124395 <== mon.0 v2:10.20.193.171:3300/0 1 ==== mon_map magic: 0 ==== 226+0+0 (secure 0 0 0) 0x7f3020035c10 con 0x7f3034109880
2026-02-20T03:27:24.589 INFO:teuthology.orchestra.run.trial171.stdout:/usr/bin/ceph: stderr
2026-02-20T03:27:24.459+0000 7f30317fa640 1 -- 10.20.193.171:0/718124395 <== mon.0 v2:10.20.193.171:3300/0 2 ==== config(25 keys) ==== 1007+0+0 (secure 0 0 0) 0x7f3020035db0 con 0x7f3034109880
2026-02-20T03:27:24.589 INFO:teuthology.orchestra.run.trial171.stdout:/usr/bin/ceph: stderr
2026-02-20T03:27:24.459+0000 7f303a79e640 1 -- 10.20.193.171:0/718124395 --> [v2:10.20.193.171:3300/0,v1:10.20.193.171:6789/0] -- mon_subscribe({mgrmap=0+}) -- 0x7f303419ff00 con 0x7f3034109880
2026-02-20T03:27:24.589 INFO:teuthology.orchestra.run.trial171.stdout:/usr/bin/ceph: stderr
2026-02-20T03:27:24.459+0000 7f30317fa640 1 -- 10.20.193.171:0/718124395 <== mon.0 v2:10.20.193.171:3300/0 3 ==== mon_map magic: 0 ==== 226+0+0 (secure 0 0 0) 0x7f30200413a0 con 0x7f3034109880
2026-02-20T03:27:24.589 INFO:teuthology.orchestra.run.trial171.stdout:/usr/bin/ceph: stderr
2026-02-20T03:27:24.459+0000 7f303a79e640 1 -- 10.20.193.171:0/718124395 --> [v2:10.20.193.171:3300/0,v1:10.20.193.171:6789/0] -- mon_subscribe({osdmap=0}) -- 0x7f30341a2bf0 con 0x7f3034109880
2026-02-20T03:27:24.589 INFO:teuthology.orchestra.run.trial171.stdout:/usr/bin/ceph: stderr
2026-02-20T03:27:24.459+0000 7f30317fa640 1 -- 10.20.193.171:0/718124395 <== mon.0 v2:10.20.193.171:3300/0 4 ==== mgrmap(e 4) ==== 50250+0+0 (secure 0 0 0) 0x7f30200423f0 con 0x7f3034109880
2026-02-20T03:27:24.590 INFO:teuthology.orchestra.run.trial171.stdout:/usr/bin/ceph: stderr
2026-02-20T03:27:24.460+0000 7f303a79e640 1 -- 10.20.193.171:0/718124395 --> [v2:10.20.193.171:3300/0,v1:10.20.193.171:6789/0] -- mon_command({"prefix": "get_command_descriptions"} v 0) -- 0x7f3034109d00 con 0x7f3034109880
2026-02-20T03:27:24.590 INFO:teuthology.orchestra.run.trial171.stdout:/usr/bin/ceph: stderr
2026-02-20T03:27:24.460+0000 7f30317fa640 1 --2- 10.20.193.171:0/718124395 >> [v2:10.20.193.171:6800/4195486869,v1:10.20.193.171:6801/4195486869] conn(0x7f300803dba0 0x7f3008040060 unknown :-1 s=NONE pgs=0 cs=0 l=1 rev1=0 crypto rx=0 tx=0 comp rx=0 tx=0).connect
2026-02-20T03:27:24.590 INFO:teuthology.orchestra.run.trial171.stdout:/usr/bin/ceph: stderr
2026-02-20T03:27:24.460+0000 7f30317fa640 1 -- 10.20.193.171:0/718124395 <== mon.0 v2:10.20.193.171:3300/0 5 ==== osd_map(1..1 src has 1..1) ==== 725+0+0 (secure 0 0 0) 0x7f3020076330 con 0x7f3034109880
2026-02-20T03:27:24.590 INFO:teuthology.orchestra.run.trial171.stdout:/usr/bin/ceph: stderr
2026-02-20T03:27:24.460+0000 7f30337fe640 1 --2- 10.20.193.171:0/718124395 >> [v2:10.20.193.171:6800/4195486869,v1:10.20.193.171:6801/4195486869] conn(0x7f300803dba0 0x7f3008040060 unknown :-1 s=BANNER_CONNECTING pgs=0 cs=0 l=1 rev1=0 crypto rx=0 tx=0 comp rx=0 tx=0)._handle_peer_banner_payload supported=3 required=0
2026-02-20T03:27:24.590 INFO:teuthology.orchestra.run.trial171.stdout:/usr/bin/ceph: stderr
2026-02-20T03:27:24.460+0000 7f30337fe640 1 --2- 10.20.193.171:0/718124395 >> [v2:10.20.193.171:6800/4195486869,v1:10.20.193.171:6801/4195486869] conn(0x7f300803dba0 0x7f3008040060 secure :-1 s=READY pgs=7 cs=0 l=1 rev1=1 crypto rx=0x7f30240099c0 tx=0x7f3024006eb0 comp rx=0 tx=0).ready entity=mgr.14100 client_cookie=0 server_cookie=0 in_seq=0 out_seq=0
2026-02-20T03:27:24.591 INFO:teuthology.orchestra.run.trial171.stdout:/usr/bin/ceph: stderr
2026-02-20T03:27:24.462+0000 7f30317fa640 1 -- 10.20.193.171:0/718124395 <== mon.0 v2:10.20.193.171:3300/0 6 ==== mon_command_ack([{"prefix": "get_command_descriptions"}]=0 v0) ==== 72+0+195341 (secure 0 0 0) 0x7f3020076090 con 0x7f3034109880
2026-02-20T03:27:24.591 INFO:teuthology.orchestra.run.trial171.stdout:/usr/bin/ceph: stderr
2026-02-20T03:27:24.548+0000 7f303a79e640 1 -- 10.20.193.171:0/718124395 --> [v2:10.20.193.171:3300/0,v1:10.20.193.171:6789/0] -- mon_command({"prefix": "config assimilate-conf"} v 0) -- 0x7f30341a44d0 con 0x7f3034109880
2026-02-20T03:27:24.591 INFO:teuthology.orchestra.run.trial171.stdout:/usr/bin/ceph: stderr
2026-02-20T03:27:24.548+0000 7f30317fa640 1 -- 10.20.193.171:0/718124395 <== mon.0 v2:10.20.193.171:3300/0 7 ==== mon_command_ack([{"prefix": "config assimilate-conf"}]=0 v3) ==== 70+0+376 (secure 0 0 0) 0x7f3020042710 con 0x7f3034109880
2026-02-20T03:27:24.591 INFO:teuthology.orchestra.run.trial171.stdout:/usr/bin/ceph: stderr
2026-02-20T03:27:24.549+0000 7f303a79e640 1 -- 10.20.193.171:0/718124395 >> [v2:10.20.193.171:6800/4195486869,v1:10.20.193.171:6801/4195486869] conn(0x7f300803dba0 msgr2=0x7f3008040060 secure :-1 s=STATE_CONNECTION_ESTABLISHED l=1).mark_down
2026-02-20T03:27:24.591 INFO:teuthology.orchestra.run.trial171.stdout:/usr/bin/ceph: stderr
2026-02-20T03:27:24.549+0000 7f303a79e640 1 --2- 10.20.193.171:0/718124395 >> [v2:10.20.193.171:6800/4195486869,v1:10.20.193.171:6801/4195486869] conn(0x7f300803dba0 0x7f3008040060 secure :-1 s=READY pgs=7 cs=0 l=1 rev1=1 crypto rx=0x7f30240099c0 tx=0x7f3024006eb0 comp rx=0 tx=0).stop
2026-02-20T03:27:24.591 INFO:teuthology.orchestra.run.trial171.stdout:/usr/bin/ceph: stderr
2026-02-20T03:27:24.549+0000 7f303a79e640 1 -- 10.20.193.171:0/718124395 >> [v2:10.20.193.171:3300/0,v1:10.20.193.171:6789/0] conn(0x7f3034109880 msgr2=0x7f303419f730 secure :-1 s=STATE_CONNECTION_ESTABLISHED l=1).mark_down
2026-02-20T03:27:24.592 INFO:teuthology.orchestra.run.trial171.stdout:/usr/bin/ceph: stderr
2026-02-20T03:27:24.549+0000 7f303a79e640 1 --2- 10.20.193.171:0/718124395 >> [v2:10.20.193.171:3300/0,v1:10.20.193.171:6789/0] conn(0x7f3034109880 0x7f303419f730 secure :-1 s=READY pgs=19 cs=0 l=1 rev1=1 crypto rx=0x7f3020037b20 tx=0x7f30200358c0 comp rx=0 tx=0).stop
2026-02-20T03:27:24.592 INFO:teuthology.orchestra.run.trial171.stdout:/usr/bin/ceph: stderr
2026-02-20T03:27:24.549+0000 7f303a79e640 1 -- 10.20.193.171:0/718124395 shutdown_connections
2026-02-20T03:27:24.592 INFO:teuthology.orchestra.run.trial171.stdout:/usr/bin/ceph: stderr
2026-02-20T03:27:24.549+0000 7f303a79e640 1 --2- 10.20.193.171:0/718124395 >> [v2:10.20.193.171:6800/4195486869,v1:10.20.193.171:6801/4195486869] conn(0x7f300803dba0 0x7f3008040060 unknown :-1 s=CLOSED pgs=7 cs=0 l=1 rev1=1 crypto rx=0 tx=0 comp rx=0 tx=0).stop
2026-02-20T03:27:24.592 INFO:teuthology.orchestra.run.trial171.stdout:/usr/bin/ceph: stderr
2026-02-20T03:27:24.549+0000 7f303a79e640 1 --2- 10.20.193.171:0/718124395 >> [v2:10.20.193.171:3300/0,v1:10.20.193.171:6789/0] conn(0x7f3034109880 0x7f303419f730 unknown :-1 s=CLOSED pgs=19 cs=0 l=1 rev1=1 crypto rx=0 tx=0 comp rx=0 tx=0).stop
2026-02-20T03:27:24.592 INFO:teuthology.orchestra.run.trial171.stdout:/usr/bin/ceph: stderr
2026-02-20T03:27:24.549+0000 7f303a79e640 1 -- 10.20.193.171:0/718124395 >> 10.20.193.171:0/718124395 conn(0x7f303407ce10 msgr2=0x7f3034107090 unknown :-1 s=STATE_NONE l=0).mark_down
2026-02-20T03:27:24.593 INFO:teuthology.orchestra.run.trial171.stdout:/usr/bin/ceph: stderr
2026-02-20T03:27:24.550+0000 7f303a79e640 1 -- 10.20.193.171:0/718124395 shutdown_connections
2026-02-20T03:27:24.593 INFO:teuthology.orchestra.run.trial171.stdout:/usr/bin/ceph: stderr
2026-02-20T03:27:24.550+0000 7f303a79e640 1 -- 10.20.193.171:0/718124395 wait complete.
2026-02-20T03:27:24.593 INFO:teuthology.orchestra.run.trial171.stdout:Enabling cephadm module...
2026-02-20T03:27:24.664 INFO:journalctl@ceph.mon.trial171.trial171.stdout:Feb 20 03:27:24 trial171 ceph-mon[38955]: mgrmap e3: trial171.oqsrjk(active, since 1.00543s)
2026-02-20T03:27:24.665 INFO:journalctl@ceph.mon.trial171.trial171.stdout:Feb 20 03:27:24 trial171 ceph-mon[38955]: from='client.? 10.20.193.171:0/873130655' entity='client.admin' cmd=[{"prefix": "status", "format": "json-pretty"}]: dispatch
2026-02-20T03:27:25.449 INFO:teuthology.orchestra.run.trial171.stdout:/usr/bin/ceph: stderr
2026-02-20T03:27:24.662+0000 7f5630acb640 1 Processor -- start
2026-02-20T03:27:25.449 INFO:teuthology.orchestra.run.trial171.stdout:/usr/bin/ceph: stderr
2026-02-20T03:27:24.662+0000 7f5630acb640 1 -- start start
2026-02-20T03:27:25.449 INFO:teuthology.orchestra.run.trial171.stdout:/usr/bin/ceph: stderr
2026-02-20T03:27:24.663+0000 7f5630acb640 1 --2- >> [v2:10.20.193.171:3300/0,v1:10.20.193.171:6789/0] conn(0x7f562c07b370 0x7f562c10c600 unknown :-1 s=NONE pgs=0 cs=0 l=0 rev1=0 crypto rx=0 tx=0 comp rx=0 tx=0).connect
2026-02-20T03:27:25.449 INFO:teuthology.orchestra.run.trial171.stdout:/usr/bin/ceph: stderr
2026-02-20T03:27:24.663+0000 7f5630acb640 1 -- --> [v2:10.20.193.171:3300/0,v1:10.20.193.171:6789/0] -- mon_getmap magic: 0 -- 0x7f562c07b800 con 0x7f562c07b370
2026-02-20T03:27:25.450 INFO:teuthology.orchestra.run.trial171.stdout:/usr/bin/ceph: stderr
2026-02-20T03:27:24.663+0000 7f562a575640 1 --2- >> [v2:10.20.193.171:3300/0,v1:10.20.193.171:6789/0] conn(0x7f562c07b370 0x7f562c10c600 unknown :-1 s=BANNER_CONNECTING pgs=0 cs=0 l=0 rev1=0 crypto rx=0 tx=0 comp rx=0 tx=0)._handle_peer_banner_payload supported=3 required=0
2026-02-20T03:27:25.450 INFO:teuthology.orchestra.run.trial171.stdout:/usr/bin/ceph: stderr
2026-02-20T03:27:24.663+0000 7f562a575640 1 --2- >> [v2:10.20.193.171:3300/0,v1:10.20.193.171:6789/0] conn(0x7f562c07b370 0x7f562c10c600 unknown :-1 s=HELLO_CONNECTING pgs=0 cs=0 l=0 rev1=1 crypto rx=0 tx=0 comp rx=0 tx=0).handle_hello peer v2:10.20.193.171:3300/0 says I am v2:10.20.193.171:51518/0 (socket says 10.20.193.171:51518)
2026-02-20T03:27:25.450 INFO:teuthology.orchestra.run.trial171.stdout:/usr/bin/ceph: stderr
2026-02-20T03:27:24.663+0000 7f562a575640 1 -- 10.20.193.171:0/2780213509 learned_addr learned my addr 10.20.193.171:0/2780213509 (peer_addr_for_me v2:10.20.193.171:0/0)
2026-02-20T03:27:25.450 INFO:teuthology.orchestra.run.trial171.stdout:/usr/bin/ceph: stderr
2026-02-20T03:27:24.663+0000 7f562a575640 1 -- 10.20.193.171:0/2780213509 --> [v2:10.20.193.171:3300/0,v1:10.20.193.171:6789/0] -- mon_subscribe({config=0+,monmap=0+}) -- 0x7f562c10cb40 con 0x7f562c07b370
2026-02-20T03:27:25.450 INFO:teuthology.orchestra.run.trial171.stdout:/usr/bin/ceph: stderr
2026-02-20T03:27:24.663+0000 7f562a575640 1 --2- 10.20.193.171:0/2780213509 >> [v2:10.20.193.171:3300/0,v1:10.20.193.171:6789/0] conn(0x7f562c07b370 0x7f562c10c600 secure :-1 s=READY pgs=20 cs=0 l=1 rev1=1 crypto rx=0x7f5620009920 tx=0x7f562002ef20 comp rx=0 tx=0).ready entity=mon.0 client_cookie=54f23c8f83044db6 server_cookie=0 in_seq=0 out_seq=0
2026-02-20T03:27:25.450 INFO:teuthology.orchestra.run.trial171.stdout:/usr/bin/ceph: stderr
2026-02-20T03:27:24.663+0000 7f5629573640 1 -- 10.20.193.171:0/2780213509 <== mon.0 v2:10.20.193.171:3300/0 1 ==== mon_map magic: 0 ==== 226+0+0 (secure 0 0 0) 0x7f562003c070 con 0x7f562c07b370
2026-02-20T03:27:25.450 INFO:teuthology.orchestra.run.trial171.stdout:/usr/bin/ceph: stderr
2026-02-20T03:27:24.664+0000 7f5629573640 1 -- 10.20.193.171:0/2780213509 <== mon.0 v2:10.20.193.171:3300/0 2 ==== config(25 keys) ==== 1007+0+0 (secure 0 0 0) 0x7f562002fe00 con 0x7f562c07b370
2026-02-20T03:27:25.450 INFO:teuthology.orchestra.run.trial171.stdout:/usr/bin/ceph: stderr
2026-02-20T03:27:24.664+0000 7f5629573640 1 -- 10.20.193.171:0/2780213509 <== mon.0 v2:10.20.193.171:3300/0 3 ==== mon_map magic: 0 ==== 226+0+0 (secure 0 0 0) 0x7f5620035340 con 0x7f562c07b370
2026-02-20T03:27:25.450 INFO:teuthology.orchestra.run.trial171.stdout:/usr/bin/ceph: stderr
2026-02-20T03:27:24.664+0000 7f5630acb640 1 -- 10.20.193.171:0/2780213509 >> [v2:10.20.193.171:3300/0,v1:10.20.193.171:6789/0] conn(0x7f562c07b370 msgr2=0x7f562c10c600 secure :-1 s=STATE_CONNECTION_ESTABLISHED l=1).mark_down
2026-02-20T03:27:25.450 INFO:teuthology.orchestra.run.trial171.stdout:/usr/bin/ceph: stderr
2026-02-20T03:27:24.664+0000 7f5630acb640 1 --2- 10.20.193.171:0/2780213509 >> [v2:10.20.193.171:3300/0,v1:10.20.193.171:6789/0] conn(0x7f562c07b370 0x7f562c10c600 secure :-1 s=READY pgs=20 cs=0 l=1 rev1=1 crypto rx=0x7f5620009920 tx=0x7f562002ef20 comp rx=0 tx=0).stop
2026-02-20T03:27:25.450 INFO:teuthology.orchestra.run.trial171.stdout:/usr/bin/ceph: stderr
2026-02-20T03:27:24.664+0000 7f5630acb640 1 -- 10.20.193.171:0/2780213509 shutdown_connections
2026-02-20T03:27:25.451 INFO:teuthology.orchestra.run.trial171.stdout:/usr/bin/ceph: stderr
2026-02-20T03:27:24.664+0000 7f5630acb640 1 --2- 10.20.193.171:0/2780213509 >> [v2:10.20.193.171:3300/0,v1:10.20.193.171:6789/0] conn(0x7f562c07b370 0x7f562c10c600 unknown :-1 s=CLOSED pgs=20 cs=0 l=1 rev1=1 crypto rx=0 tx=0 comp rx=0 tx=0).stop
2026-02-20T03:27:25.451 INFO:teuthology.orchestra.run.trial171.stdout:/usr/bin/ceph: stderr
2026-02-20T03:27:24.664+0000 7f5630acb640 1 -- 10.20.193.171:0/2780213509 >> 10.20.193.171:0/2780213509 conn(0x7f562c101c10 msgr2=0x7f562c104030 unknown :-1 s=STATE_NONE l=0).mark_down
2026-02-20T03:27:25.451 INFO:teuthology.orchestra.run.trial171.stdout:/usr/bin/ceph: stderr
2026-02-20T03:27:24.664+0000 7f5630acb640 1 -- 10.20.193.171:0/2780213509 shutdown_connections
2026-02-20T03:27:25.451 INFO:teuthology.orchestra.run.trial171.stdout:/usr/bin/ceph: stderr
2026-02-20T03:27:24.664+0000 7f5630acb640 1 -- 10.20.193.171:0/2780213509 wait complete.
2026-02-20T03:27:25.451 INFO:teuthology.orchestra.run.trial171.stdout:/usr/bin/ceph: stderr
2026-02-20T03:27:24.664+0000 7f5630acb640 1 Processor -- start
2026-02-20T03:27:25.451 INFO:teuthology.orchestra.run.trial171.stdout:/usr/bin/ceph: stderr
2026-02-20T03:27:24.664+0000 7f5630acb640 1 -- start start
2026-02-20T03:27:25.451 INFO:teuthology.orchestra.run.trial171.stdout:/usr/bin/ceph: stderr
2026-02-20T03:27:24.665+0000 7f5630acb640 1 --2- >> [v2:10.20.193.171:3300/0,v1:10.20.193.171:6789/0] conn(0x7f562c07b370 0x7f562c19f6c0 unknown :-1 s=NONE pgs=0 cs=0 l=1 rev1=0 crypto rx=0 tx=0 comp rx=0 tx=0).connect
2026-02-20T03:27:25.451 INFO:teuthology.orchestra.run.trial171.stdout:/usr/bin/ceph: stderr
2026-02-20T03:27:24.665+0000 7f5630acb640 1 -- --> [v2:10.20.193.171:3300/0,v1:10.20.193.171:6789/0] -- mon_getmap magic: 0 -- 0x7f562c10da80 con 0x7f562c07b370
2026-02-20T03:27:25.451 INFO:teuthology.orchestra.run.trial171.stdout:/usr/bin/ceph: stderr
2026-02-20T03:27:24.665+0000 7f562a575640 1 --2- >> [v2:10.20.193.171:3300/0,v1:10.20.193.171:6789/0] conn(0x7f562c07b370 0x7f562c19f6c0 unknown :-1 s=BANNER_CONNECTING pgs=0 cs=0 l=1 rev1=0 crypto rx=0 tx=0 comp rx=0 tx=0)._handle_peer_banner_payload supported=3 required=0
2026-02-20T03:27:25.451 INFO:teuthology.orchestra.run.trial171.stdout:/usr/bin/ceph: stderr
2026-02-20T03:27:24.665+0000 7f562a575640 1 --2- >> [v2:10.20.193.171:3300/0,v1:10.20.193.171:6789/0] conn(0x7f562c07b370 0x7f562c19f6c0 unknown :-1 s=HELLO_CONNECTING pgs=0 cs=0 l=1 rev1=1 crypto rx=0 tx=0 comp rx=0 tx=0).handle_hello peer v2:10.20.193.171:3300/0 says I am v2:10.20.193.171:51528/0 (socket says 10.20.193.171:51528)
2026-02-20T03:27:25.451 INFO:teuthology.orchestra.run.trial171.stdout:/usr/bin/ceph: stderr
2026-02-20T03:27:24.665+0000 7f562a575640 1 -- 10.20.193.171:0/4186930951 learned_addr learned my addr 10.20.193.171:0/4186930951 (peer_addr_for_me v2:10.20.193.171:0/0)
2026-02-20T03:27:25.451 INFO:teuthology.orchestra.run.trial171.stdout:/usr/bin/ceph: stderr
2026-02-20T03:27:24.665+0000 7f562a575640 1 -- 10.20.193.171:0/4186930951 --> [v2:10.20.193.171:3300/0,v1:10.20.193.171:6789/0] -- mon_subscribe({config=0+,monmap=0+}) -- 0x7f562c19fc00 con 0x7f562c07b370
2026-02-20T03:27:25.452 INFO:teuthology.orchestra.run.trial171.stdout:/usr/bin/ceph: stderr
2026-02-20T03:27:24.665+0000 7f562a575640 1 --2- 10.20.193.171:0/4186930951 >> [v2:10.20.193.171:3300/0,v1:10.20.193.171:6789/0] conn(0x7f562c07b370 0x7f562c19f6c0 secure :-1 s=READY pgs=21 cs=0 l=1 rev1=1 crypto rx=0x7f5620006fd0 tx=0x7f56200358c0 comp rx=0 tx=0).ready entity=mon.0 client_cookie=0 server_cookie=0 in_seq=0 out_seq=0
2026-02-20T03:27:25.452 INFO:teuthology.orchestra.run.trial171.stdout:/usr/bin/ceph: stderr
2026-02-20T03:27:24.665+0000 7f56137fe640 1 -- 10.20.193.171:0/4186930951 <== mon.0 v2:10.20.193.171:3300/0 1 ==== mon_map magic: 0 ==== 226+0+0 (secure 0 0 0) 0x7f56200378f0 con 0x7f562c07b370
2026-02-20T03:27:25.452 INFO:teuthology.orchestra.run.trial171.stdout:/usr/bin/ceph: stderr
2026-02-20T03:27:24.665+0000 7f56137fe640 1 -- 10.20.193.171:0/4186930951 <== mon.0 v2:10.20.193.171:3300/0 2 ==== config(25 keys) ==== 1007+0+0 (secure 0 0 0) 0x7f5620035cc0 con 0x7f562c07b370
2026-02-20T03:27:25.452 INFO:teuthology.orchestra.run.trial171.stdout:/usr/bin/ceph: stderr
2026-02-20T03:27:24.665+0000 7f5630acb640 1 -- 10.20.193.171:0/4186930951 --> [v2:10.20.193.171:3300/0,v1:10.20.193.171:6789/0] -- mon_subscribe({mgrmap=0+}) -- 0x7f562c19fe90 con 0x7f562c07b370
2026-02-20T03:27:25.452 INFO:teuthology.orchestra.run.trial171.stdout:/usr/bin/ceph: stderr
2026-02-20T03:27:24.665+0000 7f56137fe640 1 -- 10.20.193.171:0/4186930951 <== mon.0 v2:10.20.193.171:3300/0 3 ==== mon_map magic: 0 ==== 226+0+0 (secure 0 0 0) 0x7f5620041550 con 0x7f562c07b370
2026-02-20T03:27:25.452 INFO:teuthology.orchestra.run.trial171.stdout:/usr/bin/ceph: stderr
2026-02-20T03:27:24.665+0000 7f5630acb640 1 -- 10.20.193.171:0/4186930951 --> [v2:10.20.193.171:3300/0,v1:10.20.193.171:6789/0] -- mon_subscribe({osdmap=0}) -- 0x7f562c1a2b80 con 0x7f562c07b370
2026-02-20T03:27:25.452 INFO:teuthology.orchestra.run.trial171.stdout:/usr/bin/ceph: stderr
2026-02-20T03:27:24.665+0000 7f56137fe640 1 -- 10.20.193.171:0/4186930951 <== mon.0 v2:10.20.193.171:3300/0 4 ==== mgrmap(e 4) ==== 50250+0+0 (secure 0 0 0) 0x7f56200423f0 con 0x7f562c07b370
2026-02-20T03:27:25.452 INFO:teuthology.orchestra.run.trial171.stdout:/usr/bin/ceph: stderr
2026-02-20T03:27:24.665+0000 7f5630acb640 1 -- 10.20.193.171:0/4186930951 --> [v2:10.20.193.171:3300/0,v1:10.20.193.171:6789/0] -- mon_command({"prefix": "get_command_descriptions"} v 0) -- 0x7f562c10c680 con 0x7f562c07b370
2026-02-20T03:27:25.452 INFO:teuthology.orchestra.run.trial171.stdout:/usr/bin/ceph: stderr
2026-02-20T03:27:24.666+0000 7f56137fe640 1 --2- 10.20.193.171:0/4186930951 >> [v2:10.20.193.171:6800/4195486869,v1:10.20.193.171:6801/4195486869] conn(0x7f560403dba0 0x7f5604040060 unknown :-1 s=NONE pgs=0 cs=0 l=1 rev1=0 crypto rx=0 tx=0 comp rx=0 tx=0).connect
2026-02-20T03:27:25.452 INFO:teuthology.orchestra.run.trial171.stdout:/usr/bin/ceph: stderr
2026-02-20T03:27:24.666+0000 7f56137fe640 1 -- 10.20.193.171:0/4186930951 <== mon.0 v2:10.20.193.171:3300/0 5 ==== osd_map(1..1 src has 1..1) ==== 725+0+0 (secure 0 0 0) 0x7f56200763c0 con 0x7f562c07b370
2026-02-20T03:27:25.452 INFO:teuthology.orchestra.run.trial171.stdout:/usr/bin/ceph: stderr
2026-02-20T03:27:24.666+0000 7f5629d74640 1 --2- 10.20.193.171:0/4186930951 >> [v2:10.20.193.171:6800/4195486869,v1:10.20.193.171:6801/4195486869] conn(0x7f560403dba0 0x7f5604040060 unknown :-1 s=BANNER_CONNECTING pgs=0 cs=0 l=1 rev1=0 crypto rx=0 tx=0 comp rx=0 tx=0)._handle_peer_banner_payload supported=3 required=0
2026-02-20T03:27:25.452 INFO:teuthology.orchestra.run.trial171.stdout:/usr/bin/ceph: stderr
2026-02-20T03:27:24.666+0000 7f5629d74640 1 --2- 10.20.193.171:0/4186930951 >> [v2:10.20.193.171:6800/4195486869,v1:10.20.193.171:6801/4195486869] conn(0x7f560403dba0 0x7f5604040060 secure :-1 s=READY pgs=8 cs=0 l=1 rev1=1 crypto rx=0x7f56140099c0 tx=0x7f5614006eb0 comp rx=0 tx=0).ready entity=mgr.14100 client_cookie=0 server_cookie=0 in_seq=0 out_seq=0
2026-02-20T03:27:25.453 INFO:teuthology.orchestra.run.trial171.stdout:/usr/bin/ceph: stderr
2026-02-20T03:27:24.668+0000 7f56137fe640 1 -- 10.20.193.171:0/4186930951 <== mon.0 v2:10.20.193.171:3300/0 6 ==== mon_command_ack([{"prefix": "get_command_descriptions"}]=0 v0) ==== 72+0+195341 (secure 0 0 0) 0x7f562003e200 con 0x7f562c07b370
2026-02-20T03:27:25.453 INFO:teuthology.orchestra.run.trial171.stdout:/usr/bin/ceph: stderr
2026-02-20T03:27:24.770+0000 7f5630acb640 1 -- 10.20.193.171:0/4186930951 --> [v2:10.20.193.171:3300/0,v1:10.20.193.171:6789/0] -- mon_command({"prefix": "mgr module enable", "module": "cephadm"} v 0) -- 0x7f562c1a32e0 con 0x7f562c07b370
2026-02-20T03:27:25.453 INFO:teuthology.orchestra.run.trial171.stdout:/usr/bin/ceph: stderr
2026-02-20T03:27:25.418+0000 7f56137fe640 1 -- 10.20.193.171:0/4186930951 <== mon.0 v2:10.20.193.171:3300/0 7 ==== mon_command_ack([{"prefix": "mgr module enable", "module": "cephadm"}]=0 v5) ==== 86+0+0 (secure 0 0 0) 0x7f5620036e50 con 0x7f562c07b370
2026-02-20T03:27:25.453 INFO:teuthology.orchestra.run.trial171.stdout:/usr/bin/ceph: stderr
2026-02-20T03:27:25.419+0000 7f5630acb640 1 -- 10.20.193.171:0/4186930951 >> [v2:10.20.193.171:6800/4195486869,v1:10.20.193.171:6801/4195486869] conn(0x7f560403dba0 msgr2=0x7f5604040060 secure :-1 s=STATE_CONNECTION_ESTABLISHED l=1).mark_down
2026-02-20T03:27:25.453 INFO:teuthology.orchestra.run.trial171.stdout:/usr/bin/ceph: stderr
2026-02-20T03:27:25.419+0000 7f5630acb640 1 --2- 10.20.193.171:0/4186930951 >> [v2:10.20.193.171:6800/4195486869,v1:10.20.193.171:6801/4195486869] conn(0x7f560403dba0 0x7f5604040060 secure :-1 s=READY pgs=8 cs=0 l=1 rev1=1 crypto rx=0x7f56140099c0 tx=0x7f5614006eb0 comp rx=0 tx=0).stop
2026-02-20T03:27:25.453 INFO:teuthology.orchestra.run.trial171.stdout:/usr/bin/ceph: stderr
2026-02-20T03:27:25.419+0000 7f5630acb640 1 -- 10.20.193.171:0/4186930951 >> [v2:10.20.193.171:3300/0,v1:10.20.193.171:6789/0] conn(0x7f562c07b370 msgr2=0x7f562c19f6c0 secure :-1 s=STATE_CONNECTION_ESTABLISHED l=1).mark_down
2026-02-20T03:27:25.453 INFO:teuthology.orchestra.run.trial171.stdout:/usr/bin/ceph: stderr
2026-02-20T03:27:25.419+0000 7f5630acb640 1 --2- 10.20.193.171:0/4186930951 >> [v2:10.20.193.171:3300/0,v1:10.20.193.171:6789/0] conn(0x7f562c07b370 0x7f562c19f6c0 secure :-1 s=READY pgs=21 cs=0 l=1 rev1=1 crypto rx=0x7f5620006fd0 tx=0x7f56200358c0 comp rx=0 tx=0).stop
2026-02-20T03:27:25.453 INFO:teuthology.orchestra.run.trial171.stdout:/usr/bin/ceph: stderr
2026-02-20T03:27:25.419+0000 7f5630acb640 1 -- 10.20.193.171:0/4186930951 shutdown_connections
2026-02-20T03:27:25.453 INFO:teuthology.orchestra.run.trial171.stdout:/usr/bin/ceph: stderr
2026-02-20T03:27:25.419+0000 7f5630acb640 1 --2- 10.20.193.171:0/4186930951 >> [v2:10.20.193.171:6800/4195486869,v1:10.20.193.171:6801/4195486869] conn(0x7f560403dba0 0x7f5604040060 unknown :-1 s=CLOSED pgs=8 cs=0 l=1 rev1=1 crypto rx=0 tx=0 comp rx=0 tx=0).stop
2026-02-20T03:27:25.453 INFO:teuthology.orchestra.run.trial171.stdout:/usr/bin/ceph: stderr
2026-02-20T03:27:25.419+0000 7f5630acb640 1 --2- 10.20.193.171:0/4186930951 >> [v2:10.20.193.171:3300/0,v1:10.20.193.171:6789/0] conn(0x7f562c07b370 0x7f562c19f6c0 unknown :-1 s=CLOSED pgs=21 cs=0 l=1 rev1=1 crypto rx=0 tx=0 comp rx=0 tx=0).stop
2026-02-20T03:27:25.453 INFO:teuthology.orchestra.run.trial171.stdout:/usr/bin/ceph: stderr
2026-02-20T03:27:25.419+0000 7f5630acb640 1 -- 10.20.193.171:0/4186930951 >> 10.20.193.171:0/4186930951 conn(0x7f562c101c10 msgr2=0x7f562c102860 unknown :-1 s=STATE_NONE l=0).mark_down
2026-02-20T03:27:25.453 INFO:teuthology.orchestra.run.trial171.stdout:/usr/bin/ceph: stderr
2026-02-20T03:27:25.419+0000 7f5630acb640 1 -- 10.20.193.171:0/4186930951 shutdown_connections
2026-02-20T03:27:25.454 INFO:teuthology.orchestra.run.trial171.stdout:/usr/bin/ceph: stderr
2026-02-20T03:27:25.419+0000 7f5630acb640 1 -- 10.20.193.171:0/4186930951 wait complete.
2026-02-20T03:27:25.670 INFO:journalctl@ceph.mon.trial171.trial171.stdout:Feb 20 03:27:25 trial171 ceph-mon[38955]: mgrmap e4: trial171.oqsrjk(active, since 2s)
2026-02-20T03:27:25.670 INFO:journalctl@ceph.mon.trial171.trial171.stdout:Feb 20 03:27:25 trial171 ceph-mon[38955]: from='client.? 10.20.193.171:0/718124395' entity='client.admin' cmd=[{"prefix": "config assimilate-conf"}]: dispatch
2026-02-20T03:27:25.670 INFO:journalctl@ceph.mon.trial171.trial171.stdout:Feb 20 03:27:25 trial171 ceph-mon[38955]: from='client.? 10.20.193.171:0/4186930951' entity='client.admin' cmd=[{"prefix": "mgr module enable", "module": "cephadm"}]: dispatch
2026-02-20T03:27:25.681 INFO:teuthology.orchestra.run.trial171.stdout:/usr/bin/ceph: stdout {
2026-02-20T03:27:25.681 INFO:teuthology.orchestra.run.trial171.stdout:/usr/bin/ceph: stdout "epoch": 5,
2026-02-20T03:27:25.681 INFO:teuthology.orchestra.run.trial171.stdout:/usr/bin/ceph: stdout "available": true,
2026-02-20T03:27:25.681 INFO:teuthology.orchestra.run.trial171.stdout:/usr/bin/ceph: stdout "active_name": "trial171.oqsrjk",
2026-02-20T03:27:25.681 INFO:teuthology.orchestra.run.trial171.stdout:/usr/bin/ceph: stdout "num_standby": 0
2026-02-20T03:27:25.681 INFO:teuthology.orchestra.run.trial171.stdout:/usr/bin/ceph: stdout }
2026-02-20T03:27:25.681 INFO:teuthology.orchestra.run.trial171.stdout:/usr/bin/ceph: stderr
2026-02-20T03:27:25.543+0000 7ffafdbe1640 1 Processor -- start
2026-02-20T03:27:25.681 INFO:teuthology.orchestra.run.trial171.stdout:/usr/bin/ceph: stderr
2026-02-20T03:27:25.543+0000 7ffafdbe1640 1 -- start start
2026-02-20T03:27:25.681 INFO:teuthology.orchestra.run.trial171.stdout:/usr/bin/ceph: stderr
2026-02-20T03:27:25.543+0000 7ffafdbe1640 1 --2- >> [v2:10.20.193.171:3300/0,v1:10.20.193.171:6789/0] conn(0x7ffaf8109880 0x7ffaf8109c80 unknown :-1 s=NONE pgs=0 cs=0 l=0 rev1=0 crypto rx=0 tx=0 comp rx=0 tx=0).connect
2026-02-20T03:27:25.682 INFO:teuthology.orchestra.run.trial171.stdout:/usr/bin/ceph: stderr
2026-02-20T03:27:25.543+0000 7ffafdbe1640 1 -- --> [v2:10.20.193.171:3300/0,v1:10.20.193.171:6789/0] -- mon_getmap magic: 0 -- 0x7ffaf810a250 con 0x7ffaf8109880
2026-02-20T03:27:25.682 INFO:teuthology.orchestra.run.trial171.stdout:/usr/bin/ceph: stderr
2026-02-20T03:27:25.543+0000 7ffaf77fe640 1 --2- >> [v2:10.20.193.171:3300/0,v1:10.20.193.171:6789/0] conn(0x7ffaf8109880 0x7ffaf8109c80 unknown :-1 s=BANNER_CONNECTING pgs=0 cs=0 l=0 rev1=0 crypto rx=0 tx=0 comp rx=0 tx=0)._handle_peer_banner_payload supported=3 required=0
2026-02-20T03:27:25.682 INFO:teuthology.orchestra.run.trial171.stdout:/usr/bin/ceph: stderr
2026-02-20T03:27:25.543+0000 7ffaf77fe640 1 --2- >> [v2:10.20.193.171:3300/0,v1:10.20.193.171:6789/0] conn(0x7ffaf8109880 0x7ffaf8109c80 unknown :-1 s=HELLO_CONNECTING pgs=0 cs=0 l=0 rev1=1 crypto rx=0 tx=0 comp rx=0 tx=0).handle_hello peer v2:10.20.193.171:3300/0 says I am v2:10.20.193.171:51560/0 (socket says 10.20.193.171:51560)
2026-02-20T03:27:25.682 INFO:teuthology.orchestra.run.trial171.stdout:/usr/bin/ceph: stderr
2026-02-20T03:27:25.543+0000 7ffaf77fe640 1 -- 10.20.193.171:0/2672831598 learned_addr learned my addr 10.20.193.171:0/2672831598 (peer_addr_for_me v2:10.20.193.171:0/0)
2026-02-20T03:27:25.682 INFO:teuthology.orchestra.run.trial171.stdout:/usr/bin/ceph: stderr
2026-02-20T03:27:25.543+0000 7ffaf77fe640 1 -- 10.20.193.171:0/2672831598 --> [v2:10.20.193.171:3300/0,v1:10.20.193.171:6789/0] -- mon_subscribe({config=0+,monmap=0+}) -- 0x7ffaf810aa80 con 0x7ffaf8109880
2026-02-20T03:27:25.682 INFO:teuthology.orchestra.run.trial171.stdout:/usr/bin/ceph: stderr
2026-02-20T03:27:25.544+0000 7ffaf77fe640 1 --2- 10.20.193.171:0/2672831598 >> [v2:10.20.193.171:3300/0,v1:10.20.193.171:6789/0] conn(0x7ffaf8109880 0x7ffaf8109c80 secure :-1 s=READY pgs=24 cs=0 l=1 rev1=1 crypto rx=0x7ffae4009920 tx=0x7ffae402ef20 comp rx=0 tx=0).ready entity=mon.0 client_cookie=e0c3e7b7b8379a3b server_cookie=0 in_seq=0 out_seq=0
2026-02-20T03:27:25.682 INFO:teuthology.orchestra.run.trial171.stdout:/usr/bin/ceph: stderr
2026-02-20T03:27:25.544+0000 7ffaf67fc640 1 -- 10.20.193.171:0/2672831598 <== mon.0 v2:10.20.193.171:3300/0 1 ==== mon_map magic: 0 ==== 226+0+0 (secure 0 0 0) 0x7ffae403c070 con 0x7ffaf8109880
2026-02-20T03:27:25.682 INFO:teuthology.orchestra.run.trial171.stdout:/usr/bin/ceph: stderr
2026-02-20T03:27:25.544+0000 7ffaf67fc640 1 -- 10.20.193.171:0/2672831598 <== mon.0 v2:10.20.193.171:3300/0 2 ==== config(25 keys) ==== 1007+0+0 (secure 0 0 0) 0x7ffae402fe00 con 0x7ffaf8109880
2026-02-20T03:27:25.682 INFO:teuthology.orchestra.run.trial171.stdout:/usr/bin/ceph: stderr
2026-02-20T03:27:25.544+0000 7ffaf67fc640 1 -- 10.20.193.171:0/2672831598 <== mon.0 v2:10.20.193.171:3300/0 3 ==== mon_map magic: 0 ==== 226+0+0 (secure 0 0 0) 0x7ffae4035340 con 0x7ffaf8109880
2026-02-20T03:27:25.682 INFO:teuthology.orchestra.run.trial171.stdout:/usr/bin/ceph: stderr
2026-02-20T03:27:25.544+0000 7ffafdbe1640 1 -- 10.20.193.171:0/2672831598 >> [v2:10.20.193.171:3300/0,v1:10.20.193.171:6789/0] conn(0x7ffaf8109880 msgr2=0x7ffaf8109c80 secure :-1 s=STATE_CONNECTION_ESTABLISHED l=1).mark_down
2026-02-20T03:27:25.682 INFO:teuthology.orchestra.run.trial171.stdout:/usr/bin/ceph: stderr
2026-02-20T03:27:25.544+0000 7ffafdbe1640 1 --2- 10.20.193.171:0/2672831598 >> [v2:10.20.193.171:3300/0,v1:10.20.193.171:6789/0] conn(0x7ffaf8109880 0x7ffaf8109c80 secure :-1 s=READY pgs=24 cs=0 l=1 rev1=1 crypto rx=0x7ffae4009920 tx=0x7ffae402ef20 comp rx=0 tx=0).stop
2026-02-20T03:27:25.682 INFO:teuthology.orchestra.run.trial171.stdout:/usr/bin/ceph: stderr
2026-02-20T03:27:25.544+0000 7ffafdbe1640 1 -- 10.20.193.171:0/2672831598 shutdown_connections
2026-02-20T03:27:25.683 INFO:teuthology.orchestra.run.trial171.stdout:/usr/bin/ceph: stderr
2026-02-20T03:27:25.544+0000 7ffafdbe1640 1 --2- 10.20.193.171:0/2672831598 >> [v2:10.20.193.171:3300/0,v1:10.20.193.171:6789/0] conn(0x7ffaf8109880 0x7ffaf8109c80 unknown :-1 s=CLOSED pgs=24 cs=0 l=1 rev1=1 crypto rx=0 tx=0 comp rx=0 tx=0).stop
2026-02-20T03:27:25.683 INFO:teuthology.orchestra.run.trial171.stdout:/usr/bin/ceph: stderr
2026-02-20T03:27:25.544+0000 7ffafdbe1640 1 -- 10.20.193.171:0/2672831598 >> 10.20.193.171:0/2672831598 conn(0x7ffaf807cf00 msgr2=0x7ffaf807d310 unknown :-1 s=STATE_NONE l=0).mark_down
2026-02-20T03:27:25.683 INFO:teuthology.orchestra.run.trial171.stdout:/usr/bin/ceph: stderr
2026-02-20T03:27:25.544+0000 7ffafdbe1640 1 -- 10.20.193.171:0/2672831598 shutdown_connections
2026-02-20T03:27:25.683 INFO:teuthology.orchestra.run.trial171.stdout:/usr/bin/ceph: stderr
2026-02-20T03:27:25.544+0000 7ffafdbe1640 1 -- 10.20.193.171:0/2672831598 wait complete.
2026-02-20T03:27:25.683 INFO:teuthology.orchestra.run.trial171.stdout:/usr/bin/ceph: stderr
2026-02-20T03:27:25.545+0000 7ffafdbe1640 1 Processor -- start
2026-02-20T03:27:25.683 INFO:teuthology.orchestra.run.trial171.stdout:/usr/bin/ceph: stderr
2026-02-20T03:27:25.545+0000 7ffafdbe1640 1 -- start start
2026-02-20T03:27:25.683 INFO:teuthology.orchestra.run.trial171.stdout:/usr/bin/ceph: stderr
2026-02-20T03:27:25.545+0000 7ffafdbe1640 1 --2- >> [v2:10.20.193.171:3300/0,v1:10.20.193.171:6789/0] conn(0x7ffaf8109880 0x7ffaf819f7a0 unknown :-1 s=NONE pgs=0 cs=0 l=1 rev1=0 crypto rx=0 tx=0 comp rx=0 tx=0).connect
2026-02-20T03:27:25.683 INFO:teuthology.orchestra.run.trial171.stdout:/usr/bin/ceph: stderr
2026-02-20T03:27:25.545+0000 7ffafdbe1640 1 -- --> [v2:10.20.193.171:3300/0,v1:10.20.193.171:6789/0] -- mon_getmap magic: 0 -- 0x7ffaf810dcb0 con 0x7ffaf8109880
2026-02-20T03:27:25.683 INFO:teuthology.orchestra.run.trial171.stdout:/usr/bin/ceph: stderr
2026-02-20T03:27:25.545+0000 7ffaf77fe640 1 --2- >> [v2:10.20.193.171:3300/0,v1:10.20.193.171:6789/0] conn(0x7ffaf8109880 0x7ffaf819f7a0 unknown :-1 s=BANNER_CONNECTING pgs=0 cs=0 l=1 rev1=0 crypto rx=0 tx=0 comp rx=0 tx=0)._handle_peer_banner_payload supported=3 required=0
2026-02-20T03:27:25.683 INFO:teuthology.orchestra.run.trial171.stdout:/usr/bin/ceph: stderr
2026-02-20T03:27:25.545+0000 7ffaf77fe640 1 --2- >> [v2:10.20.193.171:3300/0,v1:10.20.193.171:6789/0] conn(0x7ffaf8109880 0x7ffaf819f7a0 unknown :-1 s=HELLO_CONNECTING pgs=0 cs=0 l=1 rev1=1 crypto rx=0 tx=0 comp rx=0 tx=0).handle_hello peer v2:10.20.193.171:3300/0 says I am v2:10.20.193.171:51566/0 (socket says 10.20.193.171:51566)
2026-02-20T03:27:25.683 INFO:teuthology.orchestra.run.trial171.stdout:/usr/bin/ceph: stderr
2026-02-20T03:27:25.545+0000 7ffaf77fe640 1 -- 10.20.193.171:0/2724394144 learned_addr learned my addr 10.20.193.171:0/2724394144 (peer_addr_for_me v2:10.20.193.171:0/0)
2026-02-20T03:27:25.683 INFO:teuthology.orchestra.run.trial171.stdout:/usr/bin/ceph: stderr
2026-02-20T03:27:25.545+0000 7ffaf77fe640 1 -- 10.20.193.171:0/2724394144 --> [v2:10.20.193.171:3300/0,v1:10.20.193.171:6789/0] -- mon_subscribe({config=0+,monmap=0+}) -- 0x7ffaf819fce0 con 0x7ffaf8109880
2026-02-20T03:27:25.684 INFO:teuthology.orchestra.run.trial171.stdout:/usr/bin/ceph: stderr
2026-02-20T03:27:25.545+0000 7ffaf77fe640 1 --2- 10.20.193.171:0/2724394144 >> [v2:10.20.193.171:3300/0,v1:10.20.193.171:6789/0] conn(0x7ffaf8109880 0x7ffaf819f7a0 secure :-1 s=READY pgs=25 cs=0 l=1 rev1=1 crypto rx=0x7ffae4002410 tx=0x7ffae4037a50 comp rx=0 tx=0).ready entity=mon.0 client_cookie=0 server_cookie=0 in_seq=0 out_seq=0
2026-02-20T03:27:25.684 INFO:teuthology.orchestra.run.trial171.stdout:/usr/bin/ceph: stderr
2026-02-20T03:27:25.545+0000 7ffaf4ff9640 1 -- 10.20.193.171:0/2724394144 <== mon.0 v2:10.20.193.171:3300/0 1 ==== mon_map magic: 0 ==== 226+0+0 (secure 0 0 0) 0x7ffae4035970 con 0x7ffaf8109880
2026-02-20T03:27:25.684 INFO:teuthology.orchestra.run.trial171.stdout:/usr/bin/ceph: stderr
2026-02-20T03:27:25.545+0000 7ffaf4ff9640 1 -- 10.20.193.171:0/2724394144 <== mon.0 v2:10.20.193.171:3300/0 2 ==== config(25 keys) ==== 1007+0+0 (secure 0 0 0) 0x7ffae40423f0 con 0x7ffaf8109880
2026-02-20T03:27:25.684 INFO:teuthology.orchestra.run.trial171.stdout:/usr/bin/ceph: stderr
2026-02-20T03:27:25.545+0000 7ffafdbe1640 1 -- 10.20.193.171:0/2724394144 --> [v2:10.20.193.171:3300/0,v1:10.20.193.171:6789/0] -- mon_subscribe({mgrmap=0+}) -- 0x7ffaf819ff70 con 0x7ffaf8109880
2026-02-20T03:27:25.684 INFO:teuthology.orchestra.run.trial171.stdout:/usr/bin/ceph: stderr
