2026-02-20T03:41:04.156 INFO:teuthology.orchestra.run.trial069.stdout:/usr/bin/ceph: stdout value unchanged
2026-02-20T03:41:04.157 INFO:teuthology.orchestra.run.trial069.stdout:/usr/bin/ceph: stderr
2026-02-20T03:41:03.939+0000 7f2db2eea640 1 Processor -- start
2026-02-20T03:41:04.157 INFO:teuthology.orchestra.run.trial069.stdout:/usr/bin/ceph: stderr
2026-02-20T03:41:03.940+0000 7f2db2eea640 1 -- start start
2026-02-20T03:41:04.157 INFO:teuthology.orchestra.run.trial069.stdout:/usr/bin/ceph: stderr
2026-02-20T03:41:03.940+0000 7f2db2eea640 1 --2- >> [v2:10.20.193.69:3300/0,v1:10.20.193.69:6789/0] conn(0x7f2dac10a2f0 0x7f2dac10a6f0 unknown :-1 s=NONE pgs=0 cs=0 l=0 rev1=0 crypto rx=0 tx=0 comp rx=0 tx=0).connect
2026-02-20T03:41:04.157 INFO:teuthology.orchestra.run.trial069.stdout:/usr/bin/ceph: stderr
2026-02-20T03:41:03.940+0000 7f2db2eea640 1 -- --> [v2:10.20.193.69:3300/0,v1:10.20.193.69:6789/0] -- mon_getmap magic: 0 -- 0x7f2dac10acc0 con 0x7f2dac10a2f0
2026-02-20T03:41:04.157 INFO:teuthology.orchestra.run.trial069.stdout:/usr/bin/ceph: stderr
2026-02-20T03:41:03.940+0000 7f2db1ee8640 1 --2- >> [v2:10.20.193.69:3300/0,v1:10.20.193.69:6789/0] conn(0x7f2dac10a2f0 0x7f2dac10a6f0 unknown :-1 s=BANNER_CONNECTING pgs=0 cs=0 l=0 rev1=0 crypto rx=0 tx=0 comp rx=0 tx=0)._handle_peer_banner_payload supported=3 required=0
2026-02-20T03:41:04.157 INFO:teuthology.orchestra.run.trial069.stdout:/usr/bin/ceph: stderr
2026-02-20T03:41:03.940+0000 7f2db1ee8640 1 --2- >> [v2:10.20.193.69:3300/0,v1:10.20.193.69:6789/0] conn(0x7f2dac10a2f0 0x7f2dac10a6f0 unknown :-1 s=HELLO_CONNECTING pgs=0 cs=0 l=0 rev1=1 crypto rx=0 tx=0 comp rx=0 tx=0).handle_hello peer v2:10.20.193.69:3300/0 says I am v2:10.20.193.69:35168/0 (socket says 10.20.193.69:35168)
2026-02-20T03:41:04.157 INFO:teuthology.orchestra.run.trial069.stdout:/usr/bin/ceph: stderr
2026-02-20T03:41:03.940+0000 7f2db1ee8640 1 -- 10.20.193.69:0/102685132 learned_addr learned my addr 10.20.193.69:0/102685132 (peer_addr_for_me v2:10.20.193.69:0/0)
2026-02-20T03:41:04.157 INFO:teuthology.orchestra.run.trial069.stdout:/usr/bin/ceph: stderr
2026-02-20T03:41:03.940+0000 7f2db1ee8640 1 -- 10.20.193.69:0/102685132 --> [v2:10.20.193.69:3300/0,v1:10.20.193.69:6789/0] -- mon_subscribe({config=0+,monmap=0+}) -- 0x7f2dac10b490 con 0x7f2dac10a2f0
2026-02-20T03:41:04.157 INFO:teuthology.orchestra.run.trial069.stdout:/usr/bin/ceph: stderr
2026-02-20T03:41:03.941+0000 7f2db1ee8640 1 --2- 10.20.193.69:0/102685132 >> [v2:10.20.193.69:3300/0,v1:10.20.193.69:6789/0] conn(0x7f2dac10a2f0 0x7f2dac10a6f0 secure :-1 s=READY pgs=37 cs=0 l=1 rev1=1 crypto rx=0x7f2d9c009920 tx=0x7f2d9c02ef20 comp rx=0 tx=0).ready entity=mon.0 client_cookie=1fbe83152a2646ee server_cookie=0 in_seq=0 out_seq=0
2026-02-20T03:41:04.158 INFO:teuthology.orchestra.run.trial069.stdout:/usr/bin/ceph: stderr
2026-02-20T03:41:03.941+0000 7f2db0ee6640 1 -- 10.20.193.69:0/102685132 <== mon.0 v2:10.20.193.69:3300/0 1 ==== mon_map magic: 0 ==== 205+0+0 (secure 0 0 0) 0x7f2d9c03c070 con 0x7f2dac10a2f0
2026-02-20T03:41:04.158 INFO:teuthology.orchestra.run.trial069.stdout:/usr/bin/ceph: stderr
2026-02-20T03:41:03.941+0000 7f2db0ee6640 1 -- 10.20.193.69:0/102685132 <== mon.0 v2:10.20.193.69:3300/0 2 ==== config(26 keys) ==== 1045+0+0 (secure 0 0 0) 0x7f2d9c037440 con 0x7f2dac10a2f0
2026-02-20T03:41:04.158 INFO:teuthology.orchestra.run.trial069.stdout:/usr/bin/ceph: stderr
2026-02-20T03:41:03.941+0000 7f2db0ee6640 1 -- 10.20.193.69:0/102685132 <== mon.0 v2:10.20.193.69:3300/0 3 ==== mon_map magic: 0 ==== 205+0+0 (secure 0 0 0) 0x7f2d9c0354b0 con 0x7f2dac10a2f0
2026-02-20T03:41:04.158 INFO:teuthology.orchestra.run.trial069.stdout:/usr/bin/ceph: stderr
2026-02-20T03:41:03.942+0000 7f2db2eea640 1 -- 10.20.193.69:0/102685132 >> [v2:10.20.193.69:3300/0,v1:10.20.193.69:6789/0] conn(0x7f2dac10a2f0 msgr2=0x7f2dac10a6f0 secure :-1 s=STATE_CONNECTION_ESTABLISHED l=1).mark_down
2026-02-20T03:41:04.158 INFO:teuthology.orchestra.run.trial069.stdout:/usr/bin/ceph: stderr
2026-02-20T03:41:03.942+0000 7f2db2eea640 1 --2- 10.20.193.69:0/102685132 >> [v2:10.20.193.69:3300/0,v1:10.20.193.69:6789/0] conn(0x7f2dac10a2f0 0x7f2dac10a6f0 secure :-1 s=READY pgs=37 cs=0 l=1 rev1=1 crypto rx=0x7f2d9c009920 tx=0x7f2d9c02ef20 comp rx=0 tx=0).stop
2026-02-20T03:41:04.158 INFO:teuthology.orchestra.run.trial069.stdout:/usr/bin/ceph: stderr
2026-02-20T03:41:03.942+0000 7f2db2eea640 1 -- 10.20.193.69:0/102685132 shutdown_connections
2026-02-20T03:41:04.158 INFO:teuthology.orchestra.run.trial069.stdout:/usr/bin/ceph: stderr
2026-02-20T03:41:03.942+0000 7f2db2eea640 1 --2- 10.20.193.69:0/102685132 >> [v2:10.20.193.69:3300/0,v1:10.20.193.69:6789/0] conn(0x7f2dac10a2f0 0x7f2dac10a6f0 unknown :-1 s=CLOSED pgs=37 cs=0 l=1 rev1=1 crypto rx=0 tx=0 comp rx=0 tx=0).stop
2026-02-20T03:41:04.158 INFO:teuthology.orchestra.run.trial069.stdout:/usr/bin/ceph: stderr
2026-02-20T03:41:03.942+0000 7f2db2eea640 1 -- 10.20.193.69:0/102685132 >> 10.20.193.69:0/102685132 conn(0x7f2dac07da00 msgr2=0x7f2dac1086a0 unknown :-1 s=STATE_NONE l=0).mark_down
2026-02-20T03:41:04.158 INFO:teuthology.orchestra.run.trial069.stdout:/usr/bin/ceph: stderr
2026-02-20T03:41:03.942+0000 7f2db2eea640 1 -- 10.20.193.69:0/102685132 shutdown_connections
2026-02-20T03:41:04.158 INFO:teuthology.orchestra.run.trial069.stdout:/usr/bin/ceph: stderr
2026-02-20T03:41:03.942+0000 7f2db2eea640 1 -- 10.20.193.69:0/102685132 wait complete.
2026-02-20T03:41:04.158 INFO:teuthology.orchestra.run.trial069.stdout:/usr/bin/ceph: stderr
2026-02-20T03:41:03.943+0000 7f2db2eea640 1 Processor -- start
2026-02-20T03:41:04.159 INFO:teuthology.orchestra.run.trial069.stdout:/usr/bin/ceph: stderr
2026-02-20T03:41:03.943+0000 7f2db2eea640 1 -- start start
2026-02-20T03:41:04.159 INFO:teuthology.orchestra.run.trial069.stdout:/usr/bin/ceph: stderr
2026-02-20T03:41:03.943+0000 7f2db2eea640 1 --2- >> [v2:10.20.193.69:3300/0,v1:10.20.193.69:6789/0] conn(0x7f2dac10a2f0 0x7f2dac1a00c0 unknown :-1 s=NONE pgs=0 cs=0 l=1 rev1=0 crypto rx=0 tx=0 comp rx=0 tx=0).connect
2026-02-20T03:41:04.159 INFO:teuthology.orchestra.run.trial069.stdout:/usr/bin/ceph: stderr
2026-02-20T03:41:03.943+0000 7f2db2eea640 1 -- --> [v2:10.20.193.69:3300/0,v1:10.20.193.69:6789/0] -- mon_getmap magic: 0 -- 0x7f2dac10e6c0 con 0x7f2dac10a2f0
2026-02-20T03:41:04.159 INFO:teuthology.orchestra.run.trial069.stdout:/usr/bin/ceph: stderr
2026-02-20T03:41:03.943+0000 7f2db1ee8640 1 --2- >> [v2:10.20.193.69:3300/0,v1:10.20.193.69:6789/0] conn(0x7f2dac10a2f0 0x7f2dac1a00c0 unknown :-1 s=BANNER_CONNECTING pgs=0 cs=0 l=1 rev1=0 crypto rx=0 tx=0 comp rx=0 tx=0)._handle_peer_banner_payload supported=3 required=0
2026-02-20T03:41:04.159 INFO:teuthology.orchestra.run.trial069.stdout:/usr/bin/ceph: stderr
2026-02-20T03:41:03.943+0000 7f2db1ee8640 1 --2- >> [v2:10.20.193.69:3300/0,v1:10.20.193.69:6789/0] conn(0x7f2dac10a2f0 0x7f2dac1a00c0 unknown :-1 s=HELLO_CONNECTING pgs=0 cs=0 l=1 rev1=1 crypto rx=0 tx=0 comp rx=0 tx=0).handle_hello peer v2:10.20.193.69:3300/0 says I am v2:10.20.193.69:35172/0 (socket says 10.20.193.69:35172)
2026-02-20T03:41:04.159 INFO:teuthology.orchestra.run.trial069.stdout:/usr/bin/ceph: stderr
2026-02-20T03:41:03.943+0000 7f2db1ee8640 1 -- 10.20.193.69:0/3111814665 learned_addr learned my addr 10.20.193.69:0/3111814665 (peer_addr_for_me v2:10.20.193.69:0/0)
2026-02-20T03:41:04.159 INFO:teuthology.orchestra.run.trial069.stdout:/usr/bin/ceph: stderr
2026-02-20T03:41:03.943+0000 7f2db1ee8640 1 -- 10.20.193.69:0/3111814665 --> [v2:10.20.193.69:3300/0,v1:10.20.193.69:6789/0] -- mon_subscribe({config=0+,monmap=0+}) -- 0x7f2dac1a0600 con 0x7f2dac10a2f0
2026-02-20T03:41:04.159 INFO:teuthology.orchestra.run.trial069.stdout:/usr/bin/ceph: stderr
2026-02-20T03:41:03.943+0000 7f2db1ee8640 1 --2- 10.20.193.69:0/3111814665 >> [v2:10.20.193.69:3300/0,v1:10.20.193.69:6789/0] conn(0x7f2dac10a2f0 0x7f2dac1a00c0 secure :-1 s=READY pgs=38 cs=0 l=1 rev1=1 crypto rx=0x7f2d9c037cd0 tx=0x7f2d9c037b90 comp rx=0 tx=0).ready entity=mon.0 client_cookie=0 server_cookie=0 in_seq=0 out_seq=0
2026-02-20T03:41:04.159 INFO:teuthology.orchestra.run.trial069.stdout:/usr/bin/ceph: stderr
2026-02-20T03:41:03.944+0000 7f2d9affd640 1 -- 10.20.193.69:0/3111814665 <== mon.0 v2:10.20.193.69:3300/0 1 ==== mon_map magic: 0 ==== 205+0+0 (secure 0 0 0) 0x7f2d9c045070 con 0x7f2dac10a2f0
2026-02-20T03:41:04.159 INFO:teuthology.orchestra.run.trial069.stdout:/usr/bin/ceph: stderr
2026-02-20T03:41:03.944+0000 7f2d9affd640 1 -- 10.20.193.69:0/3111814665 <== mon.0 v2:10.20.193.69:3300/0 2 ==== config(26 keys) ==== 1045+0+0 (secure 0 0 0) 0x7f2d9c040450 con 0x7f2dac10a2f0
2026-02-20T03:41:04.159 INFO:teuthology.orchestra.run.trial069.stdout:/usr/bin/ceph: stderr
2026-02-20T03:41:03.944+0000 7f2d9affd640 1 -- 10.20.193.69:0/3111814665 <== mon.0 v2:10.20.193.69:3300/0 3 ==== mon_map magic: 0 ==== 205+0+0 (secure 0 0 0) 0x7f2d9c03c070 con 0x7f2dac10a2f0
2026-02-20T03:41:04.159 INFO:teuthology.orchestra.run.trial069.stdout:/usr/bin/ceph: stderr
2026-02-20T03:41:03.944+0000 7f2db2eea640 1 -- 10.20.193.69:0/3111814665 --> [v2:10.20.193.69:3300/0,v1:10.20.193.69:6789/0] -- mon_subscribe({mgrmap=0+}) -- 0x7f2dac1a0890 con 0x7f2dac10a2f0
2026-02-20T03:41:04.160 INFO:teuthology.orchestra.run.trial069.stdout:/usr/bin/ceph: stderr
2026-02-20T03:41:03.944+0000 7f2db2eea640 1 -- 10.20.193.69:0/3111814665 --> [v2:10.20.193.69:3300/0,v1:10.20.193.69:6789/0] -- mon_subscribe({osdmap=0}) -- 0x7f2dac1a3580 con 0x7f2dac10a2f0
2026-02-20T03:41:04.160 INFO:teuthology.orchestra.run.trial069.stdout:/usr/bin/ceph: stderr
2026-02-20T03:41:03.945+0000 7f2d9affd640 1 -- 10.20.193.69:0/3111814665 <== mon.0 v2:10.20.193.69:3300/0 4 ==== mgrmap(e 6) ==== 50141+0+0 (secure 0 0 0) 0x7f2d9c040920 con 0x7f2dac10a2f0
2026-02-20T03:41:04.160 INFO:teuthology.orchestra.run.trial069.stdout:/usr/bin/ceph: stderr
2026-02-20T03:41:03.945+0000 7f2d9affd640 1 --2- 10.20.193.69:0/3111814665 >> [v2:10.20.193.69:6800/927262023,v1:10.20.193.69:6801/927262023] conn(0x7f2d8803dad0 0x7f2d8803ff90 unknown :-1 s=NONE pgs=0 cs=0 l=1 rev1=0 crypto rx=0 tx=0 comp rx=0 tx=0).connect
2026-02-20T03:41:04.160 INFO:teuthology.orchestra.run.trial069.stdout:/usr/bin/ceph: stderr
2026-02-20T03:41:03.945+0000 7f2db2eea640 1 -- 10.20.193.69:0/3111814665 --> [v2:10.20.193.69:3300/0,v1:10.20.193.69:6789/0] -- mon_command({"prefix": "get_command_descriptions"} v 0) -- 0x7f2dac10a770 con 0x7f2dac10a2f0
2026-02-20T03:41:04.160 INFO:teuthology.orchestra.run.trial069.stdout:/usr/bin/ceph: stderr
2026-02-20T03:41:03.945+0000 7f2d9affd640 1 -- 10.20.193.69:0/3111814665 <== mon.0 v2:10.20.193.69:3300/0 5 ==== osd_map(2..2 src has 1..2) ==== 940+0+0 (secure 0 0 0) 0x7f2d9c076490 con 0x7f2dac10a2f0
2026-02-20T03:41:04.160 INFO:teuthology.orchestra.run.trial069.stdout:/usr/bin/ceph: stderr
2026-02-20T03:41:03.945+0000 7f2db16e7640 1 --2- 10.20.193.69:0/3111814665 >> [v2:10.20.193.69:6800/927262023,v1:10.20.193.69:6801/927262023] conn(0x7f2d8803dad0 0x7f2d8803ff90 unknown :-1 s=BANNER_CONNECTING pgs=0 cs=0 l=1 rev1=0 crypto rx=0 tx=0 comp rx=0 tx=0)._handle_peer_banner_payload supported=3 required=0
2026-02-20T03:41:04.160 INFO:teuthology.orchestra.run.trial069.stdout:/usr/bin/ceph: stderr
2026-02-20T03:41:03.946+0000 7f2db16e7640 1 --2- 10.20.193.69:0/3111814665 >> [v2:10.20.193.69:6800/927262023,v1:10.20.193.69:6801/927262023] conn(0x7f2d8803dad0 0x7f2d8803ff90 secure :-1 s=READY pgs=8 cs=0 l=1 rev1=1 crypto rx=0x7f2da00099c0 tx=0x7f2da0006eb0 comp rx=0 tx=0).ready entity=mgr.14118 client_cookie=0 server_cookie=0 in_seq=0 out_seq=0
2026-02-20T03:41:04.160 INFO:teuthology.orchestra.run.trial069.stdout:/usr/bin/ceph: stderr
2026-02-20T03:41:03.948+0000 7f2d9affd640 1 -- 10.20.193.69:0/3111814665 <== mon.0 v2:10.20.193.69:3300/0 6 ==== mon_command_ack([{"prefix": "get_command_descriptions"}]=0 v0) ==== 72+0+195341 (secure 0 0 0) 0x7f2d9c033200 con 0x7f2dac10a2f0
2026-02-20T03:41:04.160 INFO:teuthology.orchestra.run.trial069.stdout:/usr/bin/ceph: stderr
2026-02-20T03:41:04.039+0000 7f2db2eea640 1 -- 10.20.193.69:0/3111814665 --> [v2:10.20.193.69:6800/927262023,v1:10.20.193.69:6801/927262023] -- mgr_command(tid 0: {"prefix": "cephadm set-user", "user": "root", "target": ["mon-mgr", ""]}) -- 0x7f2dac108550 con 0x7f2d8803dad0
2026-02-20T03:41:04.160 INFO:teuthology.orchestra.run.trial069.stdout:/usr/bin/ceph: stderr
2026-02-20T03:41:04.040+0000 7f2d9affd640 1 -- 10.20.193.69:0/3111814665 <== mgr.14118 v2:10.20.193.69:6800/927262023 1 ==== mgr_command_reply(tid 0: 0 ) ==== 8+0+16 (secure 0 0 0) 0x7f2dac108550 con 0x7f2d8803dad0
2026-02-20T03:41:04.160 INFO:teuthology.orchestra.run.trial069.stdout:/usr/bin/ceph: stderr
2026-02-20T03:41:04.040+0000 7f2db2eea640 1 -- 10.20.193.69:0/3111814665 >> [v2:10.20.193.69:6800/927262023,v1:10.20.193.69:6801/927262023] conn(0x7f2d8803dad0 msgr2=0x7f2d8803ff90 secure :-1 s=STATE_CONNECTION_ESTABLISHED l=1).mark_down
2026-02-20T03:41:04.160 INFO:teuthology.orchestra.run.trial069.stdout:/usr/bin/ceph: stderr
2026-02-20T03:41:04.040+0000 7f2db2eea640 1 --2- 10.20.193.69:0/3111814665 >> [v2:10.20.193.69:6800/927262023,v1:10.20.193.69:6801/927262023] conn(0x7f2d8803dad0 0x7f2d8803ff90 secure :-1 s=READY pgs=8 cs=0 l=1 rev1=1 crypto rx=0x7f2da00099c0 tx=0x7f2da0006eb0 comp rx=0 tx=0).stop
2026-02-20T03:41:04.161 INFO:teuthology.orchestra.run.trial069.stdout:/usr/bin/ceph: stderr
2026-02-20T03:41:04.040+0000 7f2db2eea640 1 -- 10.20.193.69:0/3111814665 >> [v2:10.20.193.69:3300/0,v1:10.20.193.69:6789/0] conn(0x7f2dac10a2f0 msgr2=0x7f2dac1a00c0 secure :-1 s=STATE_CONNECTION_ESTABLISHED l=1).mark_down
2026-02-20T03:41:04.161 INFO:teuthology.orchestra.run.trial069.stdout:/usr/bin/ceph: stderr
2026-02-20T03:41:04.040+0000 7f2db2eea640 1 --2- 10.20.193.69:0/3111814665 >> [v2:10.20.193.69:3300/0,v1:10.20.193.69:6789/0] conn(0x7f2dac10a2f0 0x7f2dac1a00c0 secure :-1 s=READY pgs=38 cs=0 l=1 rev1=1 crypto rx=0x7f2d9c037cd0 tx=0x7f2d9c037b90 comp rx=0 tx=0).stop
2026-02-20T03:41:04.161 INFO:teuthology.orchestra.run.trial069.stdout:/usr/bin/ceph: stderr
2026-02-20T03:41:04.041+0000 7f2db2eea640 1 -- 10.20.193.69:0/3111814665 shutdown_connections
2026-02-20T03:41:04.161 INFO:teuthology.orchestra.run.trial069.stdout:/usr/bin/ceph: stderr
2026-02-20T03:41:04.041+0000 7f2db2eea640 1 --2- 10.20.193.69:0/3111814665 >> [v2:10.20.193.69:6800/927262023,v1:10.20.193.69:6801/927262023] conn(0x7f2d8803dad0 0x7f2d8803ff90 unknown :-1 s=CLOSED pgs=8 cs=0 l=1 rev1=1 crypto rx=0 tx=0 comp rx=0 tx=0).stop
2026-02-20T03:41:04.161 INFO:teuthology.orchestra.run.trial069.stdout:/usr/bin/ceph: stderr
2026-02-20T03:41:04.041+0000 7f2db2eea640 1 --2- 10.20.193.69:0/3111814665 >> [v2:10.20.193.69:3300/0,v1:10.20.193.69:6789/0] conn(0x7f2dac10a2f0 0x7f2dac1a00c0 unknown :-1 s=CLOSED pgs=38 cs=0 l=1 rev1=1 crypto rx=0 tx=0 comp rx=0 tx=0).stop
2026-02-20T03:41:04.161 INFO:teuthology.orchestra.run.trial069.stdout:/usr/bin/ceph: stderr
2026-02-20T03:41:04.041+0000 7f2db2eea640 1 -- 10.20.193.69:0/3111814665 >> 10.20.193.69:0/3111814665 conn(0x7f2dac07da00 msgr2=0x7f2dac107e40 unknown :-1 s=STATE_NONE l=0).mark_down
2026-02-20T03:41:04.161 INFO:teuthology.orchestra.run.trial069.stdout:/usr/bin/ceph: stderr
2026-02-20T03:41:04.041+0000 7f2db2eea640 1 -- 10.20.193.69:0/3111814665 shutdown_connections
2026-02-20T03:41:04.161 INFO:teuthology.orchestra.run.trial069.stdout:/usr/bin/ceph: stderr
2026-02-20T03:41:04.041+0000 7f2db2eea640 1 -- 10.20.193.69:0/3111814665 wait complete.
2026-02-20T03:41:04.161 INFO:teuthology.orchestra.run.trial069.stdout:Generating ssh key...
2026-02-20T03:41:04.519 INFO:teuthology.orchestra.run.trial069.stdout:/usr/bin/ceph: stderr
2026-02-20T03:41:04.305+0000 7ff35a921640 1 Processor -- start
2026-02-20T03:41:04.520 INFO:teuthology.orchestra.run.trial069.stdout:/usr/bin/ceph: stderr
2026-02-20T03:41:04.305+0000 7ff35a921640 1 -- start start
2026-02-20T03:41:04.520 INFO:teuthology.orchestra.run.trial069.stdout:/usr/bin/ceph: stderr
2026-02-20T03:41:04.305+0000 7ff35a921640 1 --2- >> [v2:10.20.193.69:3300/0,v1:10.20.193.69:6789/0] conn(0x7ff35410f0a0 0x7ff354111490 unknown :-1 s=NONE pgs=0 cs=0 l=0 rev1=0 crypto rx=0 tx=0 comp rx=0 tx=0).connect
2026-02-20T03:41:04.520 INFO:teuthology.orchestra.run.trial069.stdout:/usr/bin/ceph: stderr
2026-02-20T03:41:04.305+0000 7ff35a921640 1 -- --> [v2:10.20.193.69:3300/0,v1:10.20.193.69:6789/0] -- mon_getmap magic: 0 -- 0x7ff3541119d0 con 0x7ff35410f0a0
2026-02-20T03:41:04.520 INFO:teuthology.orchestra.run.trial069.stdout:/usr/bin/ceph: stderr
2026-02-20T03:41:04.305+0000 7ff35991f640 1 --2- >> [v2:10.20.193.69:3300/0,v1:10.20.193.69:6789/0] conn(0x7ff35410f0a0 0x7ff354111490 unknown :-1 s=BANNER_CONNECTING pgs=0 cs=0 l=0 rev1=0 crypto rx=0 tx=0 comp rx=0 tx=0)._handle_peer_banner_payload supported=3 required=0
2026-02-20T03:41:04.520 INFO:teuthology.orchestra.run.trial069.stdout:/usr/bin/ceph: stderr
2026-02-20T03:41:04.305+0000 7ff35991f640 1 --2- >> [v2:10.20.193.69:3300/0,v1:10.20.193.69:6789/0] conn(0x7ff35410f0a0 0x7ff354111490 unknown :-1 s=HELLO_CONNECTING pgs=0 cs=0 l=0 rev1=1 crypto rx=0 tx=0 comp rx=0 tx=0).handle_hello peer v2:10.20.193.69:3300/0 says I am v2:10.20.193.69:35186/0 (socket says 10.20.193.69:35186)
2026-02-20T03:41:04.520 INFO:teuthology.orchestra.run.trial069.stdout:/usr/bin/ceph: stderr
2026-02-20T03:41:04.305+0000 7ff35991f640 1 -- 10.20.193.69:0/2644451695 learned_addr learned my addr 10.20.193.69:0/2644451695 (peer_addr_for_me v2:10.20.193.69:0/0)
2026-02-20T03:41:04.520 INFO:teuthology.orchestra.run.trial069.stdout:/usr/bin/ceph: stderr
2026-02-20T03:41:04.306+0000 7ff35991f640 1 -- 10.20.193.69:0/2644451695 --> [v2:10.20.193.69:3300/0,v1:10.20.193.69:6789/0] -- mon_subscribe({config=0+,monmap=0+}) -- 0x7ff354111b50 con 0x7ff35410f0a0
2026-02-20T03:41:04.520 INFO:teuthology.orchestra.run.trial069.stdout:/usr/bin/ceph: stderr
2026-02-20T03:41:04.306+0000 7ff35991f640 1 --2- 10.20.193.69:0/2644451695 >> [v2:10.20.193.69:3300/0,v1:10.20.193.69:6789/0] conn(0x7ff35410f0a0 0x7ff354111490 secure :-1 s=READY pgs=39 cs=0 l=1 rev1=1 crypto rx=0x7ff344009920 tx=0x7ff34402ef20 comp rx=0 tx=0).ready entity=mon.0 client_cookie=13c82bff26608aa7 server_cookie=0 in_seq=0 out_seq=0
2026-02-20T03:41:04.520 INFO:teuthology.orchestra.run.trial069.stdout:/usr/bin/ceph: stderr
2026-02-20T03:41:04.306+0000 7ff35891d640 1 -- 10.20.193.69:0/2644451695 <== mon.0 v2:10.20.193.69:3300/0 1 ==== mon_map magic: 0 ==== 205+0+0 (secure 0 0 0) 0x7ff34403c070 con 0x7ff35410f0a0
2026-02-20T03:41:04.521 INFO:teuthology.orchestra.run.trial069.stdout:/usr/bin/ceph: stderr
2026-02-20T03:41:04.306+0000 7ff35891d640 1 -- 10.20.193.69:0/2644451695 <== mon.0 v2:10.20.193.69:3300/0 2 ==== config(26 keys) ==== 1045+0+0 (secure 0 0 0) 0x7ff344037440 con 0x7ff35410f0a0
2026-02-20T03:41:04.521 INFO:teuthology.orchestra.run.trial069.stdout:/usr/bin/ceph: stderr
2026-02-20T03:41:04.306+0000 7ff35891d640 1 -- 10.20.193.69:0/2644451695 <== mon.0 v2:10.20.193.69:3300/0 3 ==== mon_map magic: 0 ==== 205+0+0 (secure 0 0 0) 0x7ff3440354b0 con 0x7ff35410f0a0
2026-02-20T03:41:04.521 INFO:teuthology.orchestra.run.trial069.stdout:/usr/bin/ceph: stderr
2026-02-20T03:41:04.307+0000 7ff35a921640 1 -- 10.20.193.69:0/2644451695 >> [v2:10.20.193.69:3300/0,v1:10.20.193.69:6789/0] conn(0x7ff35410f0a0 msgr2=0x7ff354111490 secure :-1 s=STATE_CONNECTION_ESTABLISHED l=1).mark_down
2026-02-20T03:41:04.521 INFO:teuthology.orchestra.run.trial069.stdout:/usr/bin/ceph: stderr
2026-02-20T03:41:04.307+0000 7ff35a921640 1 --2- 10.20.193.69:0/2644451695 >> [v2:10.20.193.69:3300/0,v1:10.20.193.69:6789/0] conn(0x7ff35410f0a0 0x7ff354111490 secure :-1 s=READY pgs=39 cs=0 l=1 rev1=1 crypto rx=0x7ff344009920 tx=0x7ff34402ef20 comp rx=0 tx=0).stop
2026-02-20T03:41:04.521 INFO:teuthology.orchestra.run.trial069.stdout:/usr/bin/ceph: stderr
2026-02-20T03:41:04.307+0000 7ff35a921640 1 -- 10.20.193.69:0/2644451695 shutdown_connections
2026-02-20T03:41:04.521 INFO:teuthology.orchestra.run.trial069.stdout:/usr/bin/ceph: stderr
2026-02-20T03:41:04.307+0000 7ff35a921640 1 --2- 10.20.193.69:0/2644451695 >> [v2:10.20.193.69:3300/0,v1:10.20.193.69:6789/0] conn(0x7ff35410f0a0 0x7ff354111490 unknown :-1 s=CLOSED pgs=39 cs=0 l=1 rev1=1 crypto rx=0 tx=0 comp rx=0 tx=0).stop
2026-02-20T03:41:04.521 INFO:teuthology.orchestra.run.trial069.stdout:/usr/bin/ceph: stderr
2026-02-20T03:41:04.307+0000 7ff35a921640 1 -- 10.20.193.69:0/2644451695 >> 10.20.193.69:0/2644451695 conn(0x7ff35407d770 msgr2=0x7ff35407fbb0 unknown :-1 s=STATE_NONE l=0).mark_down
2026-02-20T03:41:04.521 INFO:teuthology.orchestra.run.trial069.stdout:/usr/bin/ceph: stderr
2026-02-20T03:41:04.307+0000 7ff35a921640 1 -- 10.20.193.69:0/2644451695 shutdown_connections
2026-02-20T03:41:04.521 INFO:teuthology.orchestra.run.trial069.stdout:/usr/bin/ceph: stderr
2026-02-20T03:41:04.307+0000 7ff35a921640 1 -- 10.20.193.69:0/2644451695 wait complete.
2026-02-20T03:41:04.521 INFO:teuthology.orchestra.run.trial069.stdout:/usr/bin/ceph: stderr
2026-02-20T03:41:04.308+0000 7ff35a921640 1 Processor -- start
2026-02-20T03:41:04.521 INFO:teuthology.orchestra.run.trial069.stdout:/usr/bin/ceph: stderr
2026-02-20T03:41:04.308+0000 7ff35a921640 1 -- start start
2026-02-20T03:41:04.521 INFO:teuthology.orchestra.run.trial069.stdout:/usr/bin/ceph: stderr
2026-02-20T03:41:04.308+0000 7ff35a921640 1 --2- >> [v2:10.20.193.69:3300/0,v1:10.20.193.69:6789/0] conn(0x7ff35410f0a0 0x7ff3541a4620 unknown :-1 s=NONE pgs=0 cs=0 l=1 rev1=0 crypto rx=0 tx=0 comp rx=0 tx=0).connect
2026-02-20T03:41:04.521 INFO:teuthology.orchestra.run.trial069.stdout:/usr/bin/ceph: stderr
2026-02-20T03:41:04.308+0000 7ff35a921640 1 -- --> [v2:10.20.193.69:3300/0,v1:10.20.193.69:6789/0] -- mon_getmap magic: 0 -- 0x7ff354112a40 con 0x7ff35410f0a0
2026-02-20T03:41:04.522 INFO:teuthology.orchestra.run.trial069.stdout:/usr/bin/ceph: stderr
2026-02-20T03:41:04.308+0000 7ff35991f640 1 --2- >> [v2:10.20.193.69:3300/0,v1:10.20.193.69:6789/0] conn(0x7ff35410f0a0 0x7ff3541a4620 unknown :-1 s=BANNER_CONNECTING pgs=0 cs=0 l=1 rev1=0 crypto rx=0 tx=0 comp rx=0 tx=0)._handle_peer_banner_payload supported=3 required=0
2026-02-20T03:41:04.522 INFO:teuthology.orchestra.run.trial069.stdout:/usr/bin/ceph: stderr
2026-02-20T03:41:04.308+0000 7ff35991f640 1 --2- >> [v2:10.20.193.69:3300/0,v1:10.20.193.69:6789/0] conn(0x7ff35410f0a0 0x7ff3541a4620 unknown :-1 s=HELLO_CONNECTING pgs=0 cs=0 l=1 rev1=1 crypto rx=0 tx=0 comp rx=0 tx=0).handle_hello peer v2:10.20.193.69:3300/0 says I am v2:10.20.193.69:35190/0 (socket says 10.20.193.69:35190)
2026-02-20T03:41:04.522 INFO:teuthology.orchestra.run.trial069.stdout:/usr/bin/ceph: stderr
2026-02-20T03:41:04.308+0000 7ff35991f640 1 -- 10.20.193.69:0/3785714683 learned_addr learned my addr 10.20.193.69:0/3785714683 (peer_addr_for_me v2:10.20.193.69:0/0)
2026-02-20T03:41:04.522 INFO:teuthology.orchestra.run.trial069.stdout:/usr/bin/ceph: stderr
2026-02-20T03:41:04.308+0000 7ff35991f640 1 -- 10.20.193.69:0/3785714683 --> [v2:10.20.193.69:3300/0,v1:10.20.193.69:6789/0] -- mon_subscribe({config=0+,monmap=0+}) -- 0x7ff3541a4b60 con 0x7ff35410f0a0
2026-02-20T03:41:04.522 INFO:teuthology.orchestra.run.trial069.stdout:/usr/bin/ceph: stderr
2026-02-20T03:41:04.308+0000 7ff35991f640 1 --2- 10.20.193.69:0/3785714683 >> [v2:10.20.193.69:3300/0,v1:10.20.193.69:6789/0] conn(0x7ff35410f0a0 0x7ff3541a4620 secure :-1 s=READY pgs=40 cs=0 l=1 rev1=1 crypto rx=0x7ff344009a50 tx=0x7ff344037b90 comp rx=0 tx=0).ready entity=mon.0 client_cookie=0 server_cookie=0 in_seq=0 out_seq=0
2026-02-20T03:41:04.522 INFO:teuthology.orchestra.run.trial069.stdout:/usr/bin/ceph: stderr
2026-02-20T03:41:04.309+0000 7ff342ffd640 1 -- 10.20.193.69:0/3785714683 <== mon.0 v2:10.20.193.69:3300/0 1 ==== mon_map magic: 0 ==== 205+0+0 (secure 0 0 0) 0x7ff344045070 con 0x7ff35410f0a0
2026-02-20T03:41:04.522 INFO:teuthology.orchestra.run.trial069.stdout:/usr/bin/ceph: stderr
2026-02-20T03:41:04.309+0000 7ff342ffd640 1 -- 10.20.193.69:0/3785714683 <== mon.0 v2:10.20.193.69:3300/0 2 ==== config(26 keys) ==== 1045+0+0 (secure 0 0 0) 0x7ff344040450 con 0x7ff35410f0a0
2026-02-20T03:41:04.522 INFO:teuthology.orchestra.run.trial069.stdout:/usr/bin/ceph: stderr
2026-02-20T03:41:04.309+0000 7ff342ffd640 1 -- 10.20.193.69:0/3785714683 <== mon.0 v2:10.20.193.69:3300/0 3 ==== mon_map magic: 0 ==== 205+0+0 (secure 0 0 0) 0x7ff34403c070 con 0x7ff35410f0a0
2026-02-20T03:41:04.522 INFO:teuthology.orchestra.run.trial069.stdout:/usr/bin/ceph: stderr
2026-02-20T03:41:04.309+0000 7ff35a921640 1 -- 10.20.193.69:0/3785714683 --> [v2:10.20.193.69:3300/0,v1:10.20.193.69:6789/0] -- mon_subscribe({mgrmap=0+}) -- 0x7ff3541a4df0 con 0x7ff35410f0a0
2026-02-20T03:41:04.522 INFO:teuthology.orchestra.run.trial069.stdout:/usr/bin/ceph: stderr
2026-02-20T03:41:04.309+0000 7ff35a921640 1 -- 10.20.193.69:0/3785714683 --> [v2:10.20.193.69:3300/0,v1:10.20.193.69:6789/0] -- mon_subscribe({osdmap=0}) -- 0x7ff3541a7ae0 con 0x7ff35410f0a0
2026-02-20T03:41:04.522 INFO:teuthology.orchestra.run.trial069.stdout:/usr/bin/ceph: stderr
2026-02-20T03:41:04.309+0000 7ff35a921640 1 -- 10.20.193.69:0/3785714683 --> [v2:10.20.193.69:3300/0,v1:10.20.193.69:6789/0] -- mon_command({"prefix": "get_command_descriptions"} v 0) -- 0x7ff35410f500 con 0x7ff35410f0a0
2026-02-20T03:41:04.522 INFO:teuthology.orchestra.run.trial069.stdout:/usr/bin/ceph: stderr
2026-02-20T03:41:04.310+0000 7ff342ffd640 1 -- 10.20.193.69:0/3785714683 <== mon.0 v2:10.20.193.69:3300/0 4 ==== mgrmap(e 6) ==== 50141+0+0 (secure 0 0 0) 0x7ff344040900 con 0x7ff35410f0a0
2026-02-20T03:41:04.523 INFO:teuthology.orchestra.run.trial069.stdout:/usr/bin/ceph: stderr
2026-02-20T03:41:04.310+0000 7ff342ffd640 1 --2- 10.20.193.69:0/3785714683 >> [v2:10.20.193.69:6800/927262023,v1:10.20.193.69:6801/927262023] conn(0x7ff33003dad0 0x7ff33003ff90 unknown :-1 s=NONE pgs=0 cs=0 l=1 rev1=0 crypto rx=0 tx=0 comp rx=0 tx=0).connect
2026-02-20T03:41:04.523 INFO:teuthology.orchestra.run.trial069.stdout:/usr/bin/ceph: stderr
2026-02-20T03:41:04.310+0000 7ff342ffd640 1 -- 10.20.193.69:0/3785714683 <== mon.0 v2:10.20.193.69:3300/0 5 ==== osd_map(2..2 src has 1..2) ==== 940+0+0 (secure 0 0 0) 0x7ff344076560 con 0x7ff35410f0a0
2026-02-20T03:41:04.523 INFO:teuthology.orchestra.run.trial069.stdout:/usr/bin/ceph: stderr
2026-02-20T03:41:04.310+0000 7ff35911e640 1 --2- 10.20.193.69:0/3785714683 >> [v2:10.20.193.69:6800/927262023,v1:10.20.193.69:6801/927262023] conn(0x7ff33003dad0 0x7ff33003ff90 unknown :-1 s=BANNER_CONNECTING pgs=0 cs=0 l=1 rev1=0 crypto rx=0 tx=0 comp rx=0 tx=0)._handle_peer_banner_payload supported=3 required=0
2026-02-20T03:41:04.523 INFO:teuthology.orchestra.run.trial069.stdout:/usr/bin/ceph: stderr
2026-02-20T03:41:04.311+0000 7ff35911e640 1 --2- 10.20.193.69:0/3785714683 >> [v2:10.20.193.69:6800/927262023,v1:10.20.193.69:6801/927262023] conn(0x7ff33003dad0 0x7ff33003ff90 secure :-1 s=READY pgs=9 cs=0 l=1 rev1=1 crypto rx=0x7ff348009a10 tx=0x7ff348006eb0 comp rx=0 tx=0).ready entity=mgr.14118 client_cookie=0 server_cookie=0 in_seq=0 out_seq=0
2026-02-20T03:41:04.523 INFO:teuthology.orchestra.run.trial069.stdout:/usr/bin/ceph: stderr
2026-02-20T03:41:04.313+0000 7ff342ffd640 1 -- 10.20.193.69:0/3785714683 <== mon.0 v2:10.20.193.69:3300/0 6 ==== mon_command_ack([{"prefix": "get_command_descriptions"}]=0 v0) ==== 72+0+195341 (secure 0 0 0) 0x7ff34403fe40 con 0x7ff35410f0a0
2026-02-20T03:41:04.523 INFO:teuthology.orchestra.run.trial069.stdout:/usr/bin/ceph: stderr
2026-02-20T03:41:04.404+0000 7ff35a921640 1 -- 10.20.193.69:0/3785714683 --> [v2:10.20.193.69:6800/927262023,v1:10.20.193.69:6801/927262023] -- mgr_command(tid 0: {"prefix": "cephadm generate-key", "target": ["mon-mgr", ""]}) -- 0x7ff35407eab0 con 0x7ff33003dad0
2026-02-20T03:41:04.523 INFO:teuthology.orchestra.run.trial069.stdout:/usr/bin/ceph: stderr
2026-02-20T03:41:04.437+0000 7ff342ffd640 1 -- 10.20.193.69:0/3785714683 <== mgr.14118 v2:10.20.193.69:6800/927262023 1 ==== mgr_command_reply(tid 0: 0 ) ==== 8+0+0 (secure 0 0 0) 0x7ff35407eab0 con 0x7ff33003dad0
2026-02-20T03:41:04.523 INFO:teuthology.orchestra.run.trial069.stdout:/usr/bin/ceph: stderr
2026-02-20T03:41:04.439+0000 7ff35a921640 1 -- 10.20.193.69:0/3785714683 >> [v2:10.20.193.69:6800/927262023,v1:10.20.193.69:6801/927262023] conn(0x7ff33003dad0 msgr2=0x7ff33003ff90 secure :-1 s=STATE_CONNECTION_ESTABLISHED l=1).mark_down
2026-02-20T03:41:04.523 INFO:teuthology.orchestra.run.trial069.stdout:/usr/bin/ceph: stderr
2026-02-20T03:41:04.439+0000 7ff35a921640 1 --2- 10.20.193.69:0/3785714683 >> [v2:10.20.193.69:6800/927262023,v1:10.20.193.69:6801/927262023] conn(0x7ff33003dad0 0x7ff33003ff90 secure :-1 s=READY pgs=9 cs=0 l=1 rev1=1 crypto rx=0x7ff348009a10 tx=0x7ff348006eb0 comp rx=0 tx=0).stop
2026-02-20T03:41:04.523 INFO:teuthology.orchestra.run.trial069.stdout:/usr/bin/ceph: stderr
2026-02-20T03:41:04.439+0000 7ff35a921640 1 -- 10.20.193.69:0/3785714683 >> [v2:10.20.193.69:3300/0,v1:10.20.193.69:6789/0] conn(0x7ff35410f0a0 msgr2=0x7ff3541a4620 secure :-1 s=STATE_CONNECTION_ESTABLISHED l=1).mark_down
2026-02-20T03:41:04.523 INFO:teuthology.orchestra.run.trial069.stdout:/usr/bin/ceph: stderr
2026-02-20T03:41:04.439+0000 7ff35a921640 1 --2- 10.20.193.69:0/3785714683 >> [v2:10.20.193.69:3300/0,v1:10.20.193.69:6789/0] conn(0x7ff35410f0a0 0x7ff3541a4620 secure :-1 s=READY pgs=40 cs=0 l=1 rev1=1 crypto rx=0x7ff344009a50 tx=0x7ff344037b90 comp rx=0 tx=0).stop
2026-02-20T03:41:04.524 INFO:teuthology.orchestra.run.trial069.stdout:/usr/bin/ceph: stderr
2026-02-20T03:41:04.439+0000 7ff35a921640 1 -- 10.20.193.69:0/3785714683 shutdown_connections
2026-02-20T03:41:04.524 INFO:teuthology.orchestra.run.trial069.stdout:/usr/bin/ceph: stderr
2026-02-20T03:41:04.439+0000 7ff35a921640 1 --2- 10.20.193.69:0/3785714683 >> [v2:10.20.193.69:6800/927262023,v1:10.20.193.69:6801/927262023] conn(0x7ff33003dad0 0x7ff33003ff90 unknown :-1 s=CLOSED pgs=9 cs=0 l=1 rev1=1 crypto rx=0 tx=0 comp rx=0 tx=0).stop
2026-02-20T03:41:04.524 INFO:teuthology.orchestra.run.trial069.stdout:/usr/bin/ceph: stderr
2026-02-20T03:41:04.439+0000 7ff35a921640 1 --2- 10.20.193.69:0/3785714683 >> [v2:10.20.193.69:3300/0,v1:10.20.193.69:6789/0] conn(0x7ff35410f0a0 0x7ff3541a4620 unknown :-1 s=CLOSED pgs=40 cs=0 l=1 rev1=1 crypto rx=0 tx=0 comp rx=0 tx=0).stop
2026-02-20T03:41:04.524 INFO:teuthology.orchestra.run.trial069.stdout:/usr/bin/ceph: stderr
2026-02-20T03:41:04.439+0000 7ff35a921640 1 -- 10.20.193.69:0/3785714683 >> 10.20.193.69:0/3785714683 conn(0x7ff35407d770 msgr2=0x7ff35407e3a0 unknown :-1 s=STATE_NONE l=0).mark_down
2026-02-20T03:41:04.524 INFO:teuthology.orchestra.run.trial069.stdout:/usr/bin/ceph: stderr
2026-02-20T03:41:04.439+0000 7ff35a921640 1 -- 10.20.193.69:0/3785714683 shutdown_connections
2026-02-20T03:41:04.524 INFO:teuthology.orchestra.run.trial069.stdout:/usr/bin/ceph: stderr
2026-02-20T03:41:04.439+0000 7ff35a921640 1 -- 10.20.193.69:0/3785714683 wait complete.
2026-02-20T03:41:04.602 INFO:journalctl@ceph.mon.a.trial069.stdout:Feb 20 03:41:04 trial069 ceph-mon[38557]: from='client.14122 -' entity='client.admin' cmd=[{"prefix": "get_command_descriptions"}]: dispatch
2026-02-20T03:41:04.603 INFO:journalctl@ceph.mon.a.trial069.stdout:Feb 20 03:41:04 trial069 ceph-mon[38557]: from='client.14122 -' entity='client.admin' cmd=[{"prefix": "mgr_status"}]: dispatch
2026-02-20T03:41:04.603 INFO:journalctl@ceph.mon.a.trial069.stdout:Feb 20 03:41:04 trial069 ceph-mon[38557]: [20/Feb/2026:03:41:03] ENGINE Bus STARTING
2026-02-20T03:41:04.603 INFO:journalctl@ceph.mon.a.trial069.stdout:Feb 20 03:41:04 trial069 ceph-mon[38557]: [20/Feb/2026:03:41:03] ENGINE Serving on http://10.20.193.69:8765
2026-02-20T03:41:04.603 INFO:journalctl@ceph.mon.a.trial069.stdout:Feb 20 03:41:04 trial069 ceph-mon[38557]: [20/Feb/2026:03:41:03] ENGINE Serving on https://10.20.193.69:7150
2026-02-20T03:41:04.603 INFO:journalctl@ceph.mon.a.trial069.stdout:Feb 20 03:41:04 trial069 ceph-mon[38557]: [20/Feb/2026:03:41:03] ENGINE Bus STARTED
2026-02-20T03:41:04.603 INFO:journalctl@ceph.mon.a.trial069.stdout:Feb 20 03:41:04 trial069 ceph-mon[38557]: [20/Feb/2026:03:41:03] ENGINE Client ('10.20.193.69', 40230) lost — peer dropped the TLS connection suddenly, during handshake: (6, 'TLS/SSL connection has been closed (EOF) (_ssl.c:1147)')
2026-02-20T03:41:04.603 INFO:journalctl@ceph.mon.a.trial069.stdout:Feb 20 03:41:04 trial069 ceph-mon[38557]: from='mgr.14118 10.20.193.69:0/1422337512' entity='mgr.x' cmd=[{"prefix": "config dump", "format": "json"}]: dispatch
2026-02-20T03:41:04.603 INFO:journalctl@ceph.mon.a.trial069.stdout:Feb 20 03:41:04 trial069 ceph-mon[38557]: from='mgr.14118 10.20.193.69:0/1422337512' entity='mgr.x'
2026-02-20T03:41:04.603 INFO:journalctl@ceph.mon.a.trial069.stdout:Feb 20 03:41:04 trial069 ceph-mon[38557]: from='mgr.14118 10.20.193.69:0/1422337512' entity='mgr.x' cmd=[{"prefix": "config dump", "format": "json"}]: dispatch
2026-02-20T03:41:04.604 INFO:journalctl@ceph.mgr.x.trial069.stdout:Feb 20 03:41:04 trial069 ceph-e953eafa-0e0d-11f1-974a-d404e6e7d460-mgr-x[38792]: Generating public/private ed25519 key pair.
2026-02-20T03:41:04.604 INFO:journalctl@ceph.mgr.x.trial069.stdout:Feb 20 03:41:04 trial069 ceph-e953eafa-0e0d-11f1-974a-d404e6e7d460-mgr-x[38792]: Your identification has been saved in /tmp/tmpv8rlkjai/key
2026-02-20T03:41:04.604 INFO:journalctl@ceph.mgr.x.trial069.stdout:Feb 20 03:41:04 trial069 ceph-e953eafa-0e0d-11f1-974a-d404e6e7d460-mgr-x[38792]: Your public key has been saved in /tmp/tmpv8rlkjai/key.pub
2026-02-20T03:41:04.604 INFO:journalctl@ceph.mgr.x.trial069.stdout:Feb 20 03:41:04 trial069 ceph-e953eafa-0e0d-11f1-974a-d404e6e7d460-mgr-x[38792]: The key fingerprint is:
2026-02-20T03:41:04.604 INFO:journalctl@ceph.mgr.x.trial069.stdout:Feb 20 03:41:04 trial069 ceph-e953eafa-0e0d-11f1-974a-d404e6e7d460-mgr-x[38792]: SHA256:RO3O1NmV5g2AwM/+4b/bj9oF7cyZ+6zIzd8y0pBf6DQ ceph-e953eafa-0e0d-11f1-974a-d404e6e7d460
2026-02-20T03:41:04.604 INFO:journalctl@ceph.mgr.x.trial069.stdout:Feb 20 03:41:04 trial069 ceph-e953eafa-0e0d-11f1-974a-d404e6e7d460-mgr-x[38792]: The key's randomart image is:
2026-02-20T03:41:04.604 INFO:journalctl@ceph.mgr.x.trial069.stdout:Feb 20 03:41:04 trial069 ceph-e953eafa-0e0d-11f1-974a-d404e6e7d460-mgr-x[38792]: +--[ED25519 256]--+
2026-02-20T03:41:04.604 INFO:journalctl@ceph.mgr.x.trial069.stdout:Feb 20 03:41:04 trial069 ceph-e953eafa-0e0d-11f1-974a-d404e6e7d460-mgr-x[38792]: | .oo ... .|
2026-02-20T03:41:04.604 INFO:journalctl@ceph.mgr.x.trial069.stdout:Feb 20 03:41:04 trial069 ceph-e953eafa-0e0d-11f1-974a-d404e6e7d460-mgr-x[38792]: | .. o .o.|
2026-02-20T03:41:04.605 INFO:journalctl@ceph.mgr.x.trial069.stdout:Feb 20 03:41:04 trial069 ceph-e953eafa-0e0d-11f1-974a-d404e6e7d460-mgr-x[38792]: | .+ . ooo.|
2026-02-20T03:41:04.605 INFO:journalctl@ceph.mgr.x.trial069.stdout:Feb 20 03:41:04 trial069 ceph-e953eafa-0e0d-11f1-974a-d404e6e7d460-mgr-x[38792]: | . = o .o.|
2026-02-20T03:41:04.605 INFO:journalctl@ceph.mgr.x.trial069.stdout:Feb 20 03:41:04 trial069 ceph-e953eafa-0e0d-11f1-974a-d404e6e7d460-mgr-x[38792]: | S= ....|
2026-02-20T03:41:04.605 INFO:journalctl@ceph.mgr.x.trial069.stdout:Feb 20 03:41:04 trial069 ceph-e953eafa-0e0d-11f1-974a-d404e6e7d460-mgr-x[38792]: | + + E=+|
2026-02-20T03:41:04.605 INFO:journalctl@ceph.mgr.x.trial069.stdout:Feb 20 03:41:04 trial069 ceph-e953eafa-0e0d-11f1-974a-d404e6e7d460-mgr-x[38792]: | o B ==|
2026-02-20T03:41:04.605 INFO:journalctl@ceph.mgr.x.trial069.stdout:Feb 20 03:41:04 trial069 ceph-e953eafa-0e0d-11f1-974a-d404e6e7d460-mgr-x[38792]: | .+=*=o|
2026-02-20T03:41:04.605 INFO:journalctl@ceph.mgr.x.trial069.stdout:Feb 20 03:41:04 trial069 ceph-e953eafa-0e0d-11f1-974a-d404e6e7d460-mgr-x[38792]: | ++XOX|
2026-02-20T03:41:04.605 INFO:journalctl@ceph.mgr.x.trial069.stdout:Feb 20 03:41:04 trial069 ceph-e953eafa-0e0d-11f1-974a-d404e6e7d460-mgr-x[38792]: +----[SHA256]-----+
2026-02-20T03:41:04.854 INFO:teuthology.orchestra.run.trial069.stdout:/usr/bin/ceph: stdout ssh-ed25519 AAAAC3NzaC1lZDI1NTE5AAAAIF/bUShiJbHviM1OTMq1l4I8vHvqW+5MdCgWbNHZ5Lj+ ceph-e953eafa-0e0d-11f1-974a-d404e6e7d460
2026-02-20T03:41:04.854 INFO:teuthology.orchestra.run.trial069.stdout:/usr/bin/ceph: stderr
2026-02-20T03:41:04.676+0000 7fba1d720640 1 Processor -- start
2026-02-20T03:41:04.854 INFO:teuthology.orchestra.run.trial069.stdout:/usr/bin/ceph: stderr
2026-02-20T03:41:04.677+0000 7fba1d720640 1 -- start start
2026-02-20T03:41:04.854 INFO:teuthology.orchestra.run.trial069.stdout:/usr/bin/ceph: stderr
2026-02-20T03:41:04.677+0000 7fba1d720640 1 --2- >> [v2:10.20.193.69:3300/0,v1:10.20.193.69:6789/0] conn(0x7fba1810f0a0 0x7fba18111490 unknown :-1 s=NONE pgs=0 cs=0 l=0 rev1=0 crypto rx=0 tx=0 comp rx=0 tx=0).connect
2026-02-20T03:41:04.854 INFO:teuthology.orchestra.run.trial069.stdout:/usr/bin/ceph: stderr
2026-02-20T03:41:04.677+0000 7fba1d720640 1 -- --> [v2:10.20.193.69:3300/0,v1:10.20.193.69:6789/0] -- mon_getmap magic: 0 -- 0x7fba181119d0 con 0x7fba1810f0a0
2026-02-20T03:41:04.855 INFO:teuthology.orchestra.run.trial069.stdout:/usr/bin/ceph: stderr
2026-02-20T03:41:04.677+0000 7fba17fff640 1 --2- >> [v2:10.20.193.69:3300/0,v1:10.20.193.69:6789/0] conn(0x7fba1810f0a0 0x7fba18111490 unknown :-1 s=BANNER_CONNECTING pgs=0 cs=0 l=0 rev1=0 crypto rx=0 tx=0 comp rx=0 tx=0)._handle_peer_banner_payload supported=3 required=0
2026-02-20T03:41:04.855 INFO:teuthology.orchestra.run.trial069.stdout:/usr/bin/ceph: stderr
2026-02-20T03:41:04.677+0000 7fba17fff640 1 --2- >> [v2:10.20.193.69:3300/0,v1:10.20.193.69:6789/0] conn(0x7fba1810f0a0 0x7fba18111490 unknown :-1 s=HELLO_CONNECTING pgs=0 cs=0 l=0 rev1=1 crypto rx=0 tx=0 comp rx=0 tx=0).handle_hello peer v2:10.20.193.69:3300/0 says I am v2:10.20.193.69:35206/0 (socket says 10.20.193.69:35206)
2026-02-20T03:41:04.855 INFO:teuthology.orchestra.run.trial069.stdout:/usr/bin/ceph: stderr
2026-02-20T03:41:04.677+0000 7fba17fff640 1 -- 10.20.193.69:0/2165153719 learned_addr learned my addr 10.20.193.69:0/2165153719 (peer_addr_for_me v2:10.20.193.69:0/0)
2026-02-20T03:41:04.855 INFO:teuthology.orchestra.run.trial069.stdout:/usr/bin/ceph: stderr
2026-02-20T03:41:04.677+0000 7fba17fff640 1 -- 10.20.193.69:0/2165153719 --> [v2:10.20.193.69:3300/0,v1:10.20.193.69:6789/0] -- mon_subscribe({config=0+,monmap=0+}) -- 0x7fba18111b50 con 0x7fba1810f0a0
2026-02-20T03:41:04.855 INFO:teuthology.orchestra.run.trial069.stdout:/usr/bin/ceph: stderr
2026-02-20T03:41:04.678+0000 7fba17fff640 1 --2- 10.20.193.69:0/2165153719 >> [v2:10.20.193.69:3300/0,v1:10.20.193.69:6789/0] conn(0x7fba1810f0a0 0x7fba18111490 secure :-1 s=READY pgs=41 cs=0 l=1 rev1=1 crypto rx=0x7fba04009920 tx=0x7fba0402ef20 comp rx=0 tx=0).ready entity=mon.0 client_cookie=96ee36cd86e96643 server_cookie=0 in_seq=0 out_seq=0
2026-02-20T03:41:04.855 INFO:teuthology.orchestra.run.trial069.stdout:/usr/bin/ceph: stderr
2026-02-20T03:41:04.678+0000 7fba16ffd640 1 -- 10.20.193.69:0/2165153719 <== mon.0 v2:10.20.193.69:3300/0 1 ==== mon_map magic: 0 ==== 205+0+0 (secure 0 0 0) 0x7fba0403c070 con 0x7fba1810f0a0
2026-02-20T03:41:04.855 INFO:teuthology.orchestra.run.trial069.stdout:/usr/bin/ceph: stderr
2026-02-20T03:41:04.678+0000 7fba16ffd640 1 -- 10.20.193.69:0/2165153719 <== mon.0 v2:10.20.193.69:3300/0 2 ==== config(26 keys) ==== 1045+0+0 (secure 0 0 0) 0x7fba04037440 con 0x7fba1810f0a0
2026-02-20T03:41:04.855 INFO:teuthology.orchestra.run.trial069.stdout:/usr/bin/ceph: stderr
2026-02-20T03:41:04.678+0000 7fba16ffd640 1 -- 10.20.193.69:0/2165153719 <== mon.0 v2:10.20.193.69:3300/0 3 ==== mon_map magic: 0 ==== 205+0+0 (secure 0 0 0) 0x7fba040354b0 con 0x7fba1810f0a0
2026-02-20T03:41:04.855 INFO:teuthology.orchestra.run.trial069.stdout:/usr/bin/ceph: stderr
2026-02-20T03:41:04.678+0000 7fba1d720640 1 -- 10.20.193.69:0/2165153719 >> [v2:10.20.193.69:3300/0,v1:10.20.193.69:6789/0] conn(0x7fba1810f0a0 msgr2=0x7fba18111490 secure :-1 s=STATE_CONNECTION_ESTABLISHED l=1).mark_down
2026-02-20T03:41:04.855 INFO:teuthology.orchestra.run.trial069.stdout:/usr/bin/ceph: stderr
2026-02-20T03:41:04.678+0000 7fba1d720640 1 --2- 10.20.193.69:0/2165153719 >> [v2:10.20.193.69:3300/0,v1:10.20.193.69:6789/0] conn(0x7fba1810f0a0 0x7fba18111490 secure :-1 s=READY pgs=41 cs=0 l=1 rev1=1 crypto rx=0x7fba04009920 tx=0x7fba0402ef20 comp rx=0 tx=0).stop
2026-02-20T03:41:04.855 INFO:teuthology.orchestra.run.trial069.stdout:/usr/bin/ceph: stderr
2026-02-20T03:41:04.679+0000 7fba1d720640 1 -- 10.20.193.69:0/2165153719 shutdown_connections
2026-02-20T03:41:04.856 INFO:teuthology.orchestra.run.trial069.stdout:/usr/bin/ceph: stderr
2026-02-20T03:41:04.679+0000 7fba1d720640 1 --2- 10.20.193.69:0/2165153719 >> [v2:10.20.193.69:3300/0,v1:10.20.193.69:6789/0] conn(0x7fba1810f0a0 0x7fba18111490 unknown :-1 s=CLOSED pgs=41 cs=0 l=1 rev1=1 crypto rx=0 tx=0 comp rx=0 tx=0).stop
2026-02-20T03:41:04.856 INFO:teuthology.orchestra.run.trial069.stdout:/usr/bin/ceph: stderr
2026-02-20T03:41:04.679+0000 7fba1d720640 1 -- 10.20.193.69:0/2165153719 >> 10.20.193.69:0/2165153719 conn(0x7fba1807d770 msgr2=0x7fba1807fbb0 unknown :-1 s=STATE_NONE l=0).mark_down
2026-02-20T03:41:04.856 INFO:teuthology.orchestra.run.trial069.stdout:/usr/bin/ceph: stderr
2026-02-20T03:41:04.679+0000 7fba1d720640 1 -- 10.20.193.69:0/2165153719 shutdown_connections
2026-02-20T03:41:04.856 INFO:teuthology.orchestra.run.trial069.stdout:/usr/bin/ceph: stderr
2026-02-20T03:41:04.679+0000 7fba1d720640 1 -- 10.20.193.69:0/2165153719 wait complete.
2026-02-20T03:41:04.856 INFO:teuthology.orchestra.run.trial069.stdout:/usr/bin/ceph: stderr
2026-02-20T03:41:04.679+0000 7fba1d720640 1 Processor -- start
2026-02-20T03:41:04.856 INFO:teuthology.orchestra.run.trial069.stdout:/usr/bin/ceph: stderr
2026-02-20T03:41:04.679+0000 7fba1d720640 1 -- start start
2026-02-20T03:41:04.856 INFO:teuthology.orchestra.run.trial069.stdout:/usr/bin/ceph: stderr
2026-02-20T03:41:04.680+0000 7fba1d720640 1 --2- >> [v2:10.20.193.69:3300/0,v1:10.20.193.69:6789/0] conn(0x7fba1810f0a0 0x7fba181a4620 unknown :-1 s=NONE pgs=0 cs=0 l=1 rev1=0 crypto rx=0 tx=0 comp rx=0 tx=0).connect
2026-02-20T03:41:04.856 INFO:teuthology.orchestra.run.trial069.stdout:/usr/bin/ceph: stderr
2026-02-20T03:41:04.680+0000 7fba1d720640 1 -- --> [v2:10.20.193.69:3300/0,v1:10.20.193.69:6789/0] -- mon_getmap magic: 0 -- 0x7fba18112a40 con 0x7fba1810f0a0
2026-02-20T03:41:04.856 INFO:teuthology.orchestra.run.trial069.stdout:/usr/bin/ceph: stderr
2026-02-20T03:41:04.680+0000 7fba17fff640 1 --2- >> [v2:10.20.193.69:3300/0,v1:10.20.193.69:6789/0] conn(0x7fba1810f0a0 0x7fba181a4620 unknown :-1 s=BANNER_CONNECTING pgs=0 cs=0 l=1 rev1=0 crypto rx=0 tx=0 comp rx=0 tx=0)._handle_peer_banner_payload supported=3 required=0
2026-02-20T03:41:04.856 INFO:teuthology.orchestra.run.trial069.stdout:/usr/bin/ceph: stderr
2026-02-20T03:41:04.680+0000 7fba17fff640 1 --2- >> [v2:10.20.193.69:3300/0,v1:10.20.193.69:6789/0] conn(0x7fba1810f0a0 0x7fba181a4620 unknown :-1 s=HELLO_CONNECTING pgs=0 cs=0 l=1 rev1=1 crypto rx=0 tx=0 comp rx=0 tx=0).handle_hello peer v2:10.20.193.69:3300/0 says I am v2:10.20.193.69:35222/0 (socket says 10.20.193.69:35222)
2026-02-20T03:41:04.856 INFO:teuthology.orchestra.run.trial069.stdout:/usr/bin/ceph: stderr
2026-02-20T03:41:04.680+0000 7fba17fff640 1 -- 10.20.193.69:0/241999092 learned_addr learned my addr 10.20.193.69:0/241999092 (peer_addr_for_me v2:10.20.193.69:0/0)
2026-02-20T03:41:04.856 INFO:teuthology.orchestra.run.trial069.stdout:/usr/bin/ceph: stderr
2026-02-20T03:41:04.680+0000 7fba17fff640 1 -- 10.20.193.69:0/241999092 --> [v2:10.20.193.69:3300/0,v1:10.20.193.69:6789/0] -- mon_subscribe({config=0+,monmap=0+}) -- 0x7fba181a4b60 con 0x7fba1810f0a0
2026-02-20T03:41:04.857 INFO:teuthology.orchestra.run.trial069.stdout:/usr/bin/ceph: stderr
2026-02-20T03:41:04.680+0000 7fba17fff640 1 --2- 10.20.193.69:0/241999092 >> [v2:10.20.193.69:3300/0,v1:10.20.193.69:6789/0] conn(0x7fba1810f0a0 0x7fba181a4620 secure :-1 s=READY pgs=42 cs=0 l=1 rev1=1 crypto rx=0x7fba04009a50 tx=0x7fba04037b90 comp rx=0 tx=0).ready entity=mon.0 client_cookie=0 server_cookie=0 in_seq=0 out_seq=0
2026-02-20T03:41:04.857 INFO:teuthology.orchestra.run.trial069.stdout:/usr/bin/ceph: stderr
2026-02-20T03:41:04.680+0000 7fba157fa640 1 -- 10.20.193.69:0/241999092 <== mon.0 v2:10.20.193.69:3300/0 1 ==== mon_map magic: 0 ==== 205+0+0 (secure 0 0 0) 0x7fba04045070 con 0x7fba1810f0a0
2026-02-20T03:41:04.857 INFO:teuthology.orchestra.run.trial069.stdout:/usr/bin/ceph: stderr
2026-02-20T03:41:04.680+0000 7fba157fa640 1 -- 10.20.193.69:0/241999092 <== mon.0 v2:10.20.193.69:3300/0 2 ==== config(26 keys) ==== 1045+0+0 (secure 0 0 0) 0x7fba04040450 con 0x7fba1810f0a0
2026-02-20T03:41:04.857 INFO:teuthology.orchestra.run.trial069.stdout:/usr/bin/ceph: stderr
2026-02-20T03:41:04.680+0000 7fba157fa640 1 -- 10.20.193.69:0/241999092 <== mon.0 v2:10.20.193.69:3300/0 3 ==== mon_map magic: 0 ==== 205+0+0 (secure 0 0 0) 0x7fba0403c070 con 0x7fba1810f0a0
2026-02-20T03:41:04.857 INFO:teuthology.orchestra.run.trial069.stdout:/usr/bin/ceph: stderr
2026-02-20T03:41:04.681+0000 7fba1d720640 1 -- 10.20.193.69:0/241999092 --> [v2:10.20.193.69:3300/0,v1:10.20.193.69:6789/0] -- mon_subscribe({mgrmap=0+}) -- 0x7fba181a4df0 con 0x7fba1810f0a0
2026-02-20T03:41:04.857 INFO:teuthology.orchestra.run.trial069.stdout:/usr/bin/ceph: stderr
2026-02-20T03:41:04.681+0000 7fba1d720640 1 -- 10.20.193.69:0/241999092 --> [v2:10.20.193.69:3300/0,v1:10.20.193.69:6789/0] -- mon_subscribe({osdmap=0}) -- 0x7fba181a7ae0 con 0x7fba1810f0a0
2026-02-20T03:41:04.857 INFO:teuthology.orchestra.run.trial069.stdout:/usr/bin/ceph: stderr
2026-02-20T03:41:04.681+0000 7fb9eaffd640 1 -- 10.20.193.69:0/241999092 --> [v2:10.20.193.69:3300/0,v1:10.20.193.69:6789/0] -- mon_command({"prefix": "get_command_descriptions"} v 0) -- 0x7fba1810f500 con 0x7fba1810f0a0
2026-02-20T03:41:04.857 INFO:teuthology.orchestra.run.trial069.stdout:/usr/bin/ceph: stderr
2026-02-20T03:41:04.681+0000 7fba157fa640 1 -- 10.20.193.69:0/241999092 <== mon.0 v2:10.20.193.69:3300/0 4 ==== mgrmap(e 6) ==== 50141+0+0 (secure 0 0 0) 0x7fba04040900 con 0x7fba1810f0a0
2026-02-20T03:41:04.857 INFO:teuthology.orchestra.run.trial069.stdout:/usr/bin/ceph: stderr
2026-02-20T03:41:04.682+0000 7fba157fa640 1 --2- 10.20.193.69:0/241999092 >> [v2:10.20.193.69:6800/927262023,v1:10.20.193.69:6801/927262023] conn(0x7fb9ec03dad0 0x7fb9ec03ff90 unknown :-1 s=NONE pgs=0 cs=0 l=1 rev1=0 crypto rx=0 tx=0 comp rx=0 tx=0).connect
2026-02-20T03:41:04.857 INFO:teuthology.orchestra.run.trial069.stdout:/usr/bin/ceph: stderr
2026-02-20T03:41:04.682+0000 7fba157fa640 1 -- 10.20.193.69:0/241999092 <== mon.0 v2:10.20.193.69:3300/0 5 ==== osd_map(2..2 src has 1..2) ==== 940+0+0 (secure 0 0 0) 0x7fba04076580 con 0x7fba1810f0a0
2026-02-20T03:41:04.857 INFO:teuthology.orchestra.run.trial069.stdout:/usr/bin/ceph: stderr
2026-02-20T03:41:04.682+0000 7fba177fe640 1 --2- 10.20.193.69:0/241999092 >> [v2:10.20.193.69:6800/927262023,v1:10.20.193.69:6801/927262023] conn(0x7fb9ec03dad0 0x7fb9ec03ff90 unknown :-1 s=BANNER_CONNECTING pgs=0 cs=0 l=1 rev1=0 crypto rx=0 tx=0 comp rx=0 tx=0)._handle_peer_banner_payload supported=3 required=0
2026-02-20T03:41:04.857 INFO:teuthology.orchestra.run.trial069.stdout:/usr/bin/ceph: stderr
2026-02-20T03:41:04.683+0000 7fba177fe640 1 --2- 10.20.193.69:0/241999092 >> [v2:10.20.193.69:6800/927262023,v1:10.20.193.69:6801/927262023] conn(0x7fb9ec03dad0 0x7fb9ec03ff90 secure :-1 s=READY pgs=10 cs=0 l=1 rev1=1 crypto rx=0x7fba080099c0 tx=0x7fba08006eb0 comp rx=0 tx=0).ready entity=mgr.14118 client_cookie=0 server_cookie=0 in_seq=0 out_seq=0
2026-02-20T03:41:04.858 INFO:teuthology.orchestra.run.trial069.stdout:/usr/bin/ceph: stderr
2026-02-20T03:41:04.684+0000 7fba157fa640 1 -- 10.20.193.69:0/241999092 <== mon.0 v2:10.20.193.69:3300/0 6 ==== mon_command_ack([{"prefix": "get_command_descriptions"}]=0 v0) ==== 72+0+195341 (secure 0 0 0) 0x7fba0403fe40 con 0x7fba1810f0a0
2026-02-20T03:41:04.858 INFO:teuthology.orchestra.run.trial069.stdout:/usr/bin/ceph: stderr
2026-02-20T03:41:04.701+0000 7fba157fa640 1 -- 10.20.193.69:0/241999092 <== mon.0 v2:10.20.193.69:3300/0 7 ==== mgrmap(e 7) ==== 50247+0+0 (secure 0 0 0) 0x7fba04035aa0 con 0x7fba1810f0a0
2026-02-20T03:41:04.858 INFO:teuthology.orchestra.run.trial069.stdout:/usr/bin/ceph: stderr
2026-02-20T03:41:04.774+0000 7fb9eaffd640 1 -- 10.20.193.69:0/241999092 --> [v2:10.20.193.69:6800/927262023,v1:10.20.193.69:6801/927262023] -- mgr_command(tid 0: {"prefix": "cephadm get-pub-key", "target": ["mon-mgr", ""]}) -- 0x7fba181a52d0 con 0x7fb9ec03dad0
2026-02-20T03:41:04.858 INFO:teuthology.orchestra.run.trial069.stdout:/usr/bin/ceph: stderr
2026-02-20T03:41:04.775+0000 7fba157fa640 1 -- 10.20.193.69:0/241999092 <== mgr.14118 v2:10.20.193.69:6800/927262023 1 ==== mgr_command_reply(tid 0: 0 ) ==== 8+0+123 (secure 0 0 0) 0x7fba181a52d0 con 0x7fb9ec03dad0
2026-02-20T03:41:04.858 INFO:teuthology.orchestra.run.trial069.stdout:/usr/bin/ceph: stderr
2026-02-20T03:41:04.776+0000 7fb9eaffd640 1 -- 10.20.193.69:0/241999092 >> [v2:10.20.193.69:6800/927262023,v1:10.20.193.69:6801/927262023] conn(0x7fb9ec03dad0 msgr2=0x7fb9ec03ff90 secure :-1 s=STATE_CONNECTION_ESTABLISHED l=1).mark_down
2026-02-20T03:41:04.858 INFO:teuthology.orchestra.run.trial069.stdout:/usr/bin/ceph: stderr
2026-02-20T03:41:04.776+0000 7fb9eaffd640 1 --2- 10.20.193.69:0/241999092 >> [v2:10.20.193.69:6800/927262023,v1:10.20.193.69:6801/927262023] conn(0x7fb9ec03dad0 0x7fb9ec03ff90 secure :-1 s=READY pgs=10 cs=0 l=1 rev1=1 crypto rx=0x7fba080099c0 tx=0x7fba08006eb0 comp rx=0 tx=0).stop
2026-02-20T03:41:04.858 INFO:teuthology.orchestra.run.trial069.stdout:/usr/bin/ceph: stderr
2026-02-20T03:41:04.776+0000 7fb9eaffd640 1 -- 10.20.193.69:0/241999092 >> [v2:10.20.193.69:3300/0,v1:10.20.193.69:6789/0] conn(0x7fba1810f0a0 msgr2=0x7fba181a4620 secure :-1 s=STATE_CONNECTION_ESTABLISHED l=1).mark_down
2026-02-20T03:41:04.858 INFO:teuthology.orchestra.run.trial069.stdout:/usr/bin/ceph: stderr
