2026-02-20T03:41:04.776+0000 7fb9eaffd640 1 --2- 10.20.193.69:0/241999092 >> [v2:10.20.193.69:3300/0,v1:10.20.193.69:6789/0] conn(0x7fba1810f0a0 0x7fba181a4620 secure :-1 s=READY pgs=42 cs=0 l=1 rev1=1 crypto rx=0x7fba04009a50 tx=0x7fba04037b90 comp rx=0 tx=0).stop
2026-02-20T03:41:04.858 INFO:teuthology.orchestra.run.trial069.stdout:/usr/bin/ceph: stderr
2026-02-20T03:41:04.776+0000 7fb9eaffd640 1 -- 10.20.193.69:0/241999092 shutdown_connections
2026-02-20T03:41:04.858 INFO:teuthology.orchestra.run.trial069.stdout:/usr/bin/ceph: stderr
2026-02-20T03:41:04.776+0000 7fb9eaffd640 1 --2- 10.20.193.69:0/241999092 >> [v2:10.20.193.69:6800/927262023,v1:10.20.193.69:6801/927262023] conn(0x7fb9ec03dad0 0x7fb9ec03ff90 unknown :-1 s=CLOSED pgs=10 cs=0 l=1 rev1=1 crypto rx=0 tx=0 comp rx=0 tx=0).stop
2026-02-20T03:41:04.858 INFO:teuthology.orchestra.run.trial069.stdout:/usr/bin/ceph: stderr
2026-02-20T03:41:04.776+0000 7fb9eaffd640 1 --2- 10.20.193.69:0/241999092 >> [v2:10.20.193.69:3300/0,v1:10.20.193.69:6789/0] conn(0x7fba1810f0a0 0x7fba181a4620 unknown :-1 s=CLOSED pgs=42 cs=0 l=1 rev1=1 crypto rx=0 tx=0 comp rx=0 tx=0).stop
2026-02-20T03:41:04.858 INFO:teuthology.orchestra.run.trial069.stdout:/usr/bin/ceph: stderr
2026-02-20T03:41:04.776+0000 7fb9eaffd640 1 -- 10.20.193.69:0/241999092 >> 10.20.193.69:0/241999092 conn(0x7fba1807d770 msgr2=0x7fba1807e3a0 unknown :-1 s=STATE_NONE l=0).mark_down
2026-02-20T03:41:04.859 INFO:teuthology.orchestra.run.trial069.stdout:/usr/bin/ceph: stderr
2026-02-20T03:41:04.776+0000 7fb9eaffd640 1 -- 10.20.193.69:0/241999092 shutdown_connections
2026-02-20T03:41:04.859 INFO:teuthology.orchestra.run.trial069.stdout:/usr/bin/ceph: stderr
2026-02-20T03:41:04.776+0000 7fb9eaffd640 1 -- 10.20.193.69:0/241999092 wait complete.
2026-02-20T03:41:04.859 INFO:teuthology.orchestra.run.trial069.stdout:Wrote public SSH key to /home/ubuntu/cephtest/ceph.pub
2026-02-20T03:41:04.859 INFO:teuthology.orchestra.run.trial069.stdout:Adding key to root@localhost authorized_keys...
2026-02-20T03:41:04.859 INFO:teuthology.orchestra.run.trial069.stdout:Adding host trial069...
2026-02-20T03:41:05.688 INFO:journalctl@ceph.mon.a.trial069.stdout:Feb 20 03:41:05 trial069 ceph-mon[38557]: from='client.14130 -' entity='client.admin' cmd=[{"prefix": "orch set backend", "module_name": "cephadm", "target": ["mon-mgr", ""]}]: dispatch
2026-02-20T03:41:05.688 INFO:journalctl@ceph.mon.a.trial069.stdout:Feb 20 03:41:05 trial069 ceph-mon[38557]: from='client.14132 -' entity='client.admin' cmd=[{"prefix": "cephadm set-user", "user": "root", "target": ["mon-mgr", ""]}]: dispatch
2026-02-20T03:41:05.688 INFO:journalctl@ceph.mon.a.trial069.stdout:Feb 20 03:41:05 trial069 ceph-mon[38557]: from='client.14134 -' entity='client.admin' cmd=[{"prefix": "cephadm generate-key", "target": ["mon-mgr", ""]}]: dispatch
2026-02-20T03:41:05.688 INFO:journalctl@ceph.mon.a.trial069.stdout:Feb 20 03:41:05 trial069 ceph-mon[38557]: Generating ssh key...
2026-02-20T03:41:05.688 INFO:journalctl@ceph.mon.a.trial069.stdout:Feb 20 03:41:05 trial069 ceph-mon[38557]: from='mgr.14118 10.20.193.69:0/1422337512' entity='mgr.x'
2026-02-20T03:41:05.689 INFO:journalctl@ceph.mon.a.trial069.stdout:Feb 20 03:41:05 trial069 ceph-mon[38557]: from='mgr.14118 10.20.193.69:0/1422337512' entity='mgr.x'
2026-02-20T03:41:05.689 INFO:journalctl@ceph.mon.a.trial069.stdout:Feb 20 03:41:05 trial069 ceph-mon[38557]: mgrmap e7: x(active, since 2s)
2026-02-20T03:41:06.688 INFO:journalctl@ceph.mon.a.trial069.stdout:Feb 20 03:41:06 trial069 ceph-mon[38557]: from='client.14136 -' entity='client.admin' cmd=[{"prefix": "cephadm get-pub-key", "target": ["mon-mgr", ""]}]: dispatch
2026-02-20T03:41:06.688 INFO:journalctl@ceph.mon.a.trial069.stdout:Feb 20 03:41:06 trial069 ceph-mon[38557]: from='client.14138 -' entity='client.admin' cmd=[{"prefix": "orch host add", "hostname": "trial069", "addr": "10.20.193.69", "target": ["mon-mgr", ""]}]: dispatch
2026-02-20T03:41:07.177 INFO:teuthology.orchestra.run.trial069.stdout:/usr/bin/ceph: stdout Added host 'trial069' with addr '10.20.193.69'
2026-02-20T03:41:07.177 INFO:teuthology.orchestra.run.trial069.stdout:/usr/bin/ceph: stderr
2026-02-20T03:41:05.015+0000 7f4b220ec640 1 Processor -- start
2026-02-20T03:41:07.177 INFO:teuthology.orchestra.run.trial069.stdout:/usr/bin/ceph: stderr
2026-02-20T03:41:05.015+0000 7f4b220ec640 1 -- start start
2026-02-20T03:41:07.177 INFO:teuthology.orchestra.run.trial069.stdout:/usr/bin/ceph: stderr
2026-02-20T03:41:05.015+0000 7f4b220ec640 1 --2- >> [v2:10.20.193.69:3300/0,v1:10.20.193.69:6789/0] conn(0x7f4b1c0701e0 0x7f4b1c0705e0 unknown :-1 s=NONE pgs=0 cs=0 l=0 rev1=0 crypto rx=0 tx=0 comp rx=0 tx=0).connect
2026-02-20T03:41:07.177 INFO:teuthology.orchestra.run.trial069.stdout:/usr/bin/ceph: stderr
2026-02-20T03:41:05.015+0000 7f4b220ec640 1 -- --> [v2:10.20.193.69:3300/0,v1:10.20.193.69:6789/0] -- mon_getmap magic: 0 -- 0x7f4b1c070bb0 con 0x7f4b1c0701e0
2026-02-20T03:41:07.177 INFO:teuthology.orchestra.run.trial069.stdout:/usr/bin/ceph: stderr
2026-02-20T03:41:05.015+0000 7f4b210ea640 1 --2- >> [v2:10.20.193.69:3300/0,v1:10.20.193.69:6789/0] conn(0x7f4b1c0701e0 0x7f4b1c0705e0 unknown :-1 s=BANNER_CONNECTING pgs=0 cs=0 l=0 rev1=0 crypto rx=0 tx=0 comp rx=0 tx=0)._handle_peer_banner_payload supported=3 required=0
2026-02-20T03:41:07.177 INFO:teuthology.orchestra.run.trial069.stdout:/usr/bin/ceph: stderr
2026-02-20T03:41:05.015+0000 7f4b210ea640 1 --2- >> [v2:10.20.193.69:3300/0,v1:10.20.193.69:6789/0] conn(0x7f4b1c0701e0 0x7f4b1c0705e0 unknown :-1 s=HELLO_CONNECTING pgs=0 cs=0 l=0 rev1=1 crypto rx=0 tx=0 comp rx=0 tx=0).handle_hello peer v2:10.20.193.69:3300/0 says I am v2:10.20.193.69:35238/0 (socket says 10.20.193.69:35238)
2026-02-20T03:41:07.177 INFO:teuthology.orchestra.run.trial069.stdout:/usr/bin/ceph: stderr
2026-02-20T03:41:05.015+0000 7f4b210ea640 1 -- 10.20.193.69:0/3440528601 learned_addr learned my addr 10.20.193.69:0/3440528601 (peer_addr_for_me v2:10.20.193.69:0/0)
2026-02-20T03:41:07.178 INFO:teuthology.orchestra.run.trial069.stdout:/usr/bin/ceph: stderr
2026-02-20T03:41:05.016+0000 7f4b210ea640 1 -- 10.20.193.69:0/3440528601 --> [v2:10.20.193.69:3300/0,v1:10.20.193.69:6789/0] -- mon_subscribe({config=0+,monmap=0+}) -- 0x7f4b1c0713e0 con 0x7f4b1c0701e0
2026-02-20T03:41:07.178 INFO:teuthology.orchestra.run.trial069.stdout:/usr/bin/ceph: stderr
2026-02-20T03:41:05.016+0000 7f4b210ea640 1 --2- 10.20.193.69:0/3440528601 >> [v2:10.20.193.69:3300/0,v1:10.20.193.69:6789/0] conn(0x7f4b1c0701e0 0x7f4b1c0705e0 secure :-1 s=READY pgs=43 cs=0 l=1 rev1=1 crypto rx=0x7f4b0c009920 tx=0x7f4b0c02ef20 comp rx=0 tx=0).ready entity=mon.0 client_cookie=3416261fe3ea1dfa server_cookie=0 in_seq=0 out_seq=0
2026-02-20T03:41:07.178 INFO:teuthology.orchestra.run.trial069.stdout:/usr/bin/ceph: stderr
2026-02-20T03:41:05.017+0000 7f4b0bfff640 1 -- 10.20.193.69:0/3440528601 <== mon.0 v2:10.20.193.69:3300/0 1 ==== mon_map magic: 0 ==== 205+0+0 (secure 0 0 0) 0x7f4b0c03c070 con 0x7f4b1c0701e0
2026-02-20T03:41:07.178 INFO:teuthology.orchestra.run.trial069.stdout:/usr/bin/ceph: stderr
2026-02-20T03:41:05.017+0000 7f4b0bfff640 1 -- 10.20.193.69:0/3440528601 <== mon.0 v2:10.20.193.69:3300/0 2 ==== config(26 keys) ==== 1045+0+0 (secure 0 0 0) 0x7f4b0c037440 con 0x7f4b1c0701e0
2026-02-20T03:41:07.178 INFO:teuthology.orchestra.run.trial069.stdout:/usr/bin/ceph: stderr
2026-02-20T03:41:05.017+0000 7f4b0bfff640 1 -- 10.20.193.69:0/3440528601 <== mon.0 v2:10.20.193.69:3300/0 3 ==== mon_map magic: 0 ==== 205+0+0 (secure 0 0 0) 0x7f4b0c0354b0 con 0x7f4b1c0701e0
2026-02-20T03:41:07.178 INFO:teuthology.orchestra.run.trial069.stdout:/usr/bin/ceph: stderr
2026-02-20T03:41:05.017+0000 7f4b220ec640 1 -- 10.20.193.69:0/3440528601 >> [v2:10.20.193.69:3300/0,v1:10.20.193.69:6789/0] conn(0x7f4b1c0701e0 msgr2=0x7f4b1c0705e0 secure :-1 s=STATE_CONNECTION_ESTABLISHED l=1).mark_down
2026-02-20T03:41:07.178 INFO:teuthology.orchestra.run.trial069.stdout:/usr/bin/ceph: stderr
2026-02-20T03:41:05.017+0000 7f4b220ec640 1 --2- 10.20.193.69:0/3440528601 >> [v2:10.20.193.69:3300/0,v1:10.20.193.69:6789/0] conn(0x7f4b1c0701e0 0x7f4b1c0705e0 secure :-1 s=READY pgs=43 cs=0 l=1 rev1=1 crypto rx=0x7f4b0c009920 tx=0x7f4b0c02ef20 comp rx=0 tx=0).stop
2026-02-20T03:41:07.178 INFO:teuthology.orchestra.run.trial069.stdout:/usr/bin/ceph: stderr
2026-02-20T03:41:05.017+0000 7f4b220ec640 1 -- 10.20.193.69:0/3440528601 shutdown_connections
2026-02-20T03:41:07.178 INFO:teuthology.orchestra.run.trial069.stdout:/usr/bin/ceph: stderr
2026-02-20T03:41:05.017+0000 7f4b220ec640 1 --2- 10.20.193.69:0/3440528601 >> [v2:10.20.193.69:3300/0,v1:10.20.193.69:6789/0] conn(0x7f4b1c0701e0 0x7f4b1c0705e0 unknown :-1 s=CLOSED pgs=43 cs=0 l=1 rev1=1 crypto rx=0 tx=0 comp rx=0 tx=0).stop
2026-02-20T03:41:07.178 INFO:teuthology.orchestra.run.trial069.stdout:/usr/bin/ceph: stderr
2026-02-20T03:41:05.017+0000 7f4b220ec640 1 -- 10.20.193.69:0/3440528601 >> 10.20.193.69:0/3440528601 conn(0x7f4b1c06e0b0 msgr2=0x7f4b1c06e4c0 unknown :-1 s=STATE_NONE l=0).mark_down
2026-02-20T03:41:07.178 INFO:teuthology.orchestra.run.trial069.stdout:/usr/bin/ceph: stderr
2026-02-20T03:41:05.017+0000 7f4b220ec640 1 -- 10.20.193.69:0/3440528601 shutdown_connections
2026-02-20T03:41:07.179 INFO:teuthology.orchestra.run.trial069.stdout:/usr/bin/ceph: stderr
2026-02-20T03:41:05.017+0000 7f4b220ec640 1 -- 10.20.193.69:0/3440528601 wait complete.
2026-02-20T03:41:07.179 INFO:teuthology.orchestra.run.trial069.stdout:/usr/bin/ceph: stderr
2026-02-20T03:41:05.018+0000 7f4b220ec640 1 Processor -- start
2026-02-20T03:41:07.179 INFO:teuthology.orchestra.run.trial069.stdout:/usr/bin/ceph: stderr
2026-02-20T03:41:05.018+0000 7f4b220ec640 1 -- start start
2026-02-20T03:41:07.179 INFO:teuthology.orchestra.run.trial069.stdout:/usr/bin/ceph: stderr
2026-02-20T03:41:05.018+0000 7f4b220ec640 1 --2- >> [v2:10.20.193.69:3300/0,v1:10.20.193.69:6789/0] conn(0x7f4b1c0701e0 0x7f4b1c1acfd0 unknown :-1 s=NONE pgs=0 cs=0 l=1 rev1=0 crypto rx=0 tx=0 comp rx=0 tx=0).connect
2026-02-20T03:41:07.179 INFO:teuthology.orchestra.run.trial069.stdout:/usr/bin/ceph: stderr
2026-02-20T03:41:05.018+0000 7f4b220ec640 1 -- --> [v2:10.20.193.69:3300/0,v1:10.20.193.69:6789/0] -- mon_getmap magic: 0 -- 0x7f4b1c072620 con 0x7f4b1c0701e0
2026-02-20T03:41:07.179 INFO:teuthology.orchestra.run.trial069.stdout:/usr/bin/ceph: stderr
2026-02-20T03:41:05.018+0000 7f4b210ea640 1 --2- >> [v2:10.20.193.69:3300/0,v1:10.20.193.69:6789/0] conn(0x7f4b1c0701e0 0x7f4b1c1acfd0 unknown :-1 s=BANNER_CONNECTING pgs=0 cs=0 l=1 rev1=0 crypto rx=0 tx=0 comp rx=0 tx=0)._handle_peer_banner_payload supported=3 required=0
2026-02-20T03:41:07.179 INFO:teuthology.orchestra.run.trial069.stdout:/usr/bin/ceph: stderr
2026-02-20T03:41:05.018+0000 7f4b210ea640 1 --2- >> [v2:10.20.193.69:3300/0,v1:10.20.193.69:6789/0] conn(0x7f4b1c0701e0 0x7f4b1c1acfd0 unknown :-1 s=HELLO_CONNECTING pgs=0 cs=0 l=1 rev1=1 crypto rx=0 tx=0 comp rx=0 tx=0).handle_hello peer v2:10.20.193.69:3300/0 says I am v2:10.20.193.69:35244/0 (socket says 10.20.193.69:35244)
2026-02-20T03:41:07.179 INFO:teuthology.orchestra.run.trial069.stdout:/usr/bin/ceph: stderr
2026-02-20T03:41:05.018+0000 7f4b210ea640 1 -- 10.20.193.69:0/3748974066 learned_addr learned my addr 10.20.193.69:0/3748974066 (peer_addr_for_me v2:10.20.193.69:0/0)
2026-02-20T03:41:07.179 INFO:teuthology.orchestra.run.trial069.stdout:/usr/bin/ceph: stderr
2026-02-20T03:41:05.018+0000 7f4b210ea640 1 -- 10.20.193.69:0/3748974066 --> [v2:10.20.193.69:3300/0,v1:10.20.193.69:6789/0] -- mon_subscribe({config=0+,monmap=0+}) -- 0x7f4b1c1ad510 con 0x7f4b1c0701e0
2026-02-20T03:41:07.179 INFO:teuthology.orchestra.run.trial069.stdout:/usr/bin/ceph: stderr
2026-02-20T03:41:05.019+0000 7f4b210ea640 1 --2- 10.20.193.69:0/3748974066 >> [v2:10.20.193.69:3300/0,v1:10.20.193.69:6789/0] conn(0x7f4b1c0701e0 0x7f4b1c1acfd0 secure :-1 s=READY pgs=44 cs=0 l=1 rev1=1 crypto rx=0x7f4b0c006fd0 tx=0x7f4b0c037bb0 comp rx=0 tx=0).ready entity=mon.0 client_cookie=0 server_cookie=0 in_seq=0 out_seq=0
2026-02-20T03:41:07.179 INFO:teuthology.orchestra.run.trial069.stdout:/usr/bin/ceph: stderr
2026-02-20T03:41:05.019+0000 7f4b0a7fc640 1 -- 10.20.193.69:0/3748974066 <== mon.0 v2:10.20.193.69:3300/0 1 ==== mon_map magic: 0 ==== 205+0+0 (secure 0 0 0) 0x7f4b0c045070 con 0x7f4b1c0701e0
2026-02-20T03:41:07.179 INFO:teuthology.orchestra.run.trial069.stdout:/usr/bin/ceph: stderr
2026-02-20T03:41:05.019+0000 7f4b0a7fc640 1 -- 10.20.193.69:0/3748974066 <== mon.0 v2:10.20.193.69:3300/0 2 ==== config(26 keys) ==== 1045+0+0 (secure 0 0 0) 0x7f4b0c040450 con 0x7f4b1c0701e0
2026-02-20T03:41:07.179 INFO:teuthology.orchestra.run.trial069.stdout:/usr/bin/ceph: stderr
2026-02-20T03:41:05.019+0000 7f4b0a7fc640 1 -- 10.20.193.69:0/3748974066 <== mon.0 v2:10.20.193.69:3300/0 3 ==== mon_map magic: 0 ==== 205+0+0 (secure 0 0 0) 0x7f4b0c03c070 con 0x7f4b1c0701e0
2026-02-20T03:41:07.180 INFO:teuthology.orchestra.run.trial069.stdout:/usr/bin/ceph: stderr
2026-02-20T03:41:05.019+0000 7f4b220ec640 1 -- 10.20.193.69:0/3748974066 --> [v2:10.20.193.69:3300/0,v1:10.20.193.69:6789/0] -- mon_subscribe({mgrmap=0+}) -- 0x7f4b1c1ad7a0 con 0x7f4b1c0701e0
2026-02-20T03:41:07.180 INFO:teuthology.orchestra.run.trial069.stdout:/usr/bin/ceph: stderr
2026-02-20T03:41:05.019+0000 7f4b220ec640 1 -- 10.20.193.69:0/3748974066 --> [v2:10.20.193.69:3300/0,v1:10.20.193.69:6789/0] -- mon_subscribe({osdmap=0}) -- 0x7f4b1c1b0490 con 0x7f4b1c0701e0
2026-02-20T03:41:07.180 INFO:teuthology.orchestra.run.trial069.stdout:/usr/bin/ceph: stderr
2026-02-20T03:41:05.019+0000 7f4b220ec640 1 -- 10.20.193.69:0/3748974066 --> [v2:10.20.193.69:3300/0,v1:10.20.193.69:6789/0] -- mon_command({"prefix": "get_command_descriptions"} v 0) -- 0x7f4b1c0705e0 con 0x7f4b1c0701e0
2026-02-20T03:41:07.180 INFO:teuthology.orchestra.run.trial069.stdout:/usr/bin/ceph: stderr
2026-02-20T03:41:05.020+0000 7f4b0a7fc640 1 -- 10.20.193.69:0/3748974066 <== mon.0 v2:10.20.193.69:3300/0 4 ==== mgrmap(e 7) ==== 50247+0+0 (secure 0 0 0) 0x7f4b0c040600 con 0x7f4b1c0701e0
2026-02-20T03:41:07.180 INFO:teuthology.orchestra.run.trial069.stdout:/usr/bin/ceph: stderr
2026-02-20T03:41:05.020+0000 7f4b0a7fc640 1 --2- 10.20.193.69:0/3748974066 >> [v2:10.20.193.69:6800/927262023,v1:10.20.193.69:6801/927262023] conn(0x7f4af803db50 0x7f4af8040010 unknown :-1 s=NONE pgs=0 cs=0 l=1 rev1=0 crypto rx=0 tx=0 comp rx=0 tx=0).connect
2026-02-20T03:41:07.180 INFO:teuthology.orchestra.run.trial069.stdout:/usr/bin/ceph: stderr
2026-02-20T03:41:05.020+0000 7f4b0a7fc640 1 -- 10.20.193.69:0/3748974066 <== mon.0 v2:10.20.193.69:3300/0 5 ==== osd_map(2..2 src has 1..2) ==== 940+0+0 (secure 0 0 0) 0x7f4b0c076740 con 0x7f4b1c0701e0
2026-02-20T03:41:07.180 INFO:teuthology.orchestra.run.trial069.stdout:/usr/bin/ceph: stderr
2026-02-20T03:41:05.020+0000 7f4b208e9640 1 --2- 10.20.193.69:0/3748974066 >> [v2:10.20.193.69:6800/927262023,v1:10.20.193.69:6801/927262023] conn(0x7f4af803db50 0x7f4af8040010 unknown :-1 s=BANNER_CONNECTING pgs=0 cs=0 l=1 rev1=0 crypto rx=0 tx=0 comp rx=0 tx=0)._handle_peer_banner_payload supported=3 required=0
2026-02-20T03:41:07.180 INFO:teuthology.orchestra.run.trial069.stdout:/usr/bin/ceph: stderr
2026-02-20T03:41:05.021+0000 7f4b208e9640 1 --2- 10.20.193.69:0/3748974066 >> [v2:10.20.193.69:6800/927262023,v1:10.20.193.69:6801/927262023] conn(0x7f4af803db50 0x7f4af8040010 secure :-1 s=READY pgs=11 cs=0 l=1 rev1=1 crypto rx=0x7f4b100099c0 tx=0x7f4b10006eb0 comp rx=0 tx=0).ready entity=mgr.14118 client_cookie=0 server_cookie=0 in_seq=0 out_seq=0
2026-02-20T03:41:07.180 INFO:teuthology.orchestra.run.trial069.stdout:/usr/bin/ceph: stderr
2026-02-20T03:41:05.023+0000 7f4b0a7fc640 1 -- 10.20.193.69:0/3748974066 <== mon.0 v2:10.20.193.69:3300/0 6 ==== mon_command_ack([{"prefix": "get_command_descriptions"}]=0 v0) ==== 72+0+195341 (secure 0 0 0) 0x7f4b0c033200 con 0x7f4b1c0701e0
2026-02-20T03:41:07.180 INFO:teuthology.orchestra.run.trial069.stdout:/usr/bin/ceph: stderr
2026-02-20T03:41:05.115+0000 7f4b220ec640 1 -- 10.20.193.69:0/3748974066 --> [v2:10.20.193.69:6800/927262023,v1:10.20.193.69:6801/927262023] -- mgr_command(tid 0: {"prefix": "orch host add", "hostname": "trial069", "addr": "10.20.193.69", "target": ["mon-mgr", ""]}) -- 0x7f4b1c1a6420 con 0x7f4af803db50
2026-02-20T03:41:07.180 INFO:teuthology.orchestra.run.trial069.stdout:/usr/bin/ceph: stderr
2026-02-20T03:41:07.054+0000 7f4b0a7fc640 1 -- 10.20.193.69:0/3748974066 <== mgr.14118 v2:10.20.193.69:6800/927262023 1 ==== mgr_command_reply(tid 0: 0 ) ==== 8+0+47 (secure 0 0 0) 0x7f4b1c1a6420 con 0x7f4af803db50
2026-02-20T03:41:07.181 INFO:teuthology.orchestra.run.trial069.stdout:/usr/bin/ceph: stderr
2026-02-20T03:41:07.056+0000 7f4b220ec640 1 -- 10.20.193.69:0/3748974066 >> [v2:10.20.193.69:6800/927262023,v1:10.20.193.69:6801/927262023] conn(0x7f4af803db50 msgr2=0x7f4af8040010 secure :-1 s=STATE_CONNECTION_ESTABLISHED l=1).mark_down
2026-02-20T03:41:07.181 INFO:teuthology.orchestra.run.trial069.stdout:/usr/bin/ceph: stderr
2026-02-20T03:41:07.056+0000 7f4b220ec640 1 --2- 10.20.193.69:0/3748974066 >> [v2:10.20.193.69:6800/927262023,v1:10.20.193.69:6801/927262023] conn(0x7f4af803db50 0x7f4af8040010 secure :-1 s=READY pgs=11 cs=0 l=1 rev1=1 crypto rx=0x7f4b100099c0 tx=0x7f4b10006eb0 comp rx=0 tx=0).stop
2026-02-20T03:41:07.181 INFO:teuthology.orchestra.run.trial069.stdout:/usr/bin/ceph: stderr
2026-02-20T03:41:07.056+0000 7f4b220ec640 1 -- 10.20.193.69:0/3748974066 >> [v2:10.20.193.69:3300/0,v1:10.20.193.69:6789/0] conn(0x7f4b1c0701e0 msgr2=0x7f4b1c1acfd0 secure :-1 s=STATE_CONNECTION_ESTABLISHED l=1).mark_down
2026-02-20T03:41:07.181 INFO:teuthology.orchestra.run.trial069.stdout:/usr/bin/ceph: stderr
2026-02-20T03:41:07.056+0000 7f4b220ec640 1 --2- 10.20.193.69:0/3748974066 >> [v2:10.20.193.69:3300/0,v1:10.20.193.69:6789/0] conn(0x7f4b1c0701e0 0x7f4b1c1acfd0 secure :-1 s=READY pgs=44 cs=0 l=1 rev1=1 crypto rx=0x7f4b0c006fd0 tx=0x7f4b0c037bb0 comp rx=0 tx=0).stop
2026-02-20T03:41:07.181 INFO:teuthology.orchestra.run.trial069.stdout:/usr/bin/ceph: stderr
2026-02-20T03:41:07.056+0000 7f4b220ec640 1 -- 10.20.193.69:0/3748974066 shutdown_connections
2026-02-20T03:41:07.181 INFO:teuthology.orchestra.run.trial069.stdout:/usr/bin/ceph: stderr
2026-02-20T03:41:07.056+0000 7f4b220ec640 1 --2- 10.20.193.69:0/3748974066 >> [v2:10.20.193.69:6800/927262023,v1:10.20.193.69:6801/927262023] conn(0x7f4af803db50 0x7f4af8040010 unknown :-1 s=CLOSED pgs=11 cs=0 l=1 rev1=1 crypto rx=0 tx=0 comp rx=0 tx=0).stop
2026-02-20T03:41:07.181 INFO:teuthology.orchestra.run.trial069.stdout:/usr/bin/ceph: stderr
2026-02-20T03:41:07.056+0000 7f4b220ec640 1 --2- 10.20.193.69:0/3748974066 >> [v2:10.20.193.69:3300/0,v1:10.20.193.69:6789/0] conn(0x7f4b1c0701e0 0x7f4b1c1acfd0 unknown :-1 s=CLOSED pgs=44 cs=0 l=1 rev1=1 crypto rx=0 tx=0 comp rx=0 tx=0).stop
2026-02-20T03:41:07.181 INFO:teuthology.orchestra.run.trial069.stdout:/usr/bin/ceph: stderr
2026-02-20T03:41:07.056+0000 7f4b220ec640 1 -- 10.20.193.69:0/3748974066 >> 10.20.193.69:0/3748974066 conn(0x7f4b1c06e0b0 msgr2=0x7f4b1c111450 unknown :-1 s=STATE_NONE l=0).mark_down
2026-02-20T03:41:07.181 INFO:teuthology.orchestra.run.trial069.stdout:/usr/bin/ceph: stderr
2026-02-20T03:41:07.057+0000 7f4b220ec640 1 -- 10.20.193.69:0/3748974066 shutdown_connections
2026-02-20T03:41:07.181 INFO:teuthology.orchestra.run.trial069.stdout:/usr/bin/ceph: stderr
2026-02-20T03:41:07.057+0000 7f4b220ec640 1 -- 10.20.193.69:0/3748974066 wait complete.
2026-02-20T03:41:07.181 INFO:teuthology.orchestra.run.trial069.stdout:Deploying unmanaged mon service...
2026-02-20T03:41:07.542 INFO:teuthology.orchestra.run.trial069.stdout:/usr/bin/ceph: stdout Scheduled mon update...
2026-02-20T03:41:07.542 INFO:teuthology.orchestra.run.trial069.stdout:/usr/bin/ceph: stderr
2026-02-20T03:41:07.351+0000 7fee53de2640 1 Processor -- start
2026-02-20T03:41:07.542 INFO:teuthology.orchestra.run.trial069.stdout:/usr/bin/ceph: stderr
2026-02-20T03:41:07.351+0000 7fee53de2640 1 -- start start
2026-02-20T03:41:07.542 INFO:teuthology.orchestra.run.trial069.stdout:/usr/bin/ceph: stderr
2026-02-20T03:41:07.352+0000 7fee53de2640 1 --2- >> [v2:10.20.193.69:3300/0,v1:10.20.193.69:6789/0] conn(0x7fee4c1069e0 0x7fee4c108df0 unknown :-1 s=NONE pgs=0 cs=0 l=0 rev1=0 crypto rx=0 tx=0 comp rx=0 tx=0).connect
2026-02-20T03:41:07.542 INFO:teuthology.orchestra.run.trial069.stdout:/usr/bin/ceph: stderr
2026-02-20T03:41:07.352+0000 7fee53de2640 1 -- --> [v2:10.20.193.69:3300/0,v1:10.20.193.69:6789/0] -- mon_getmap magic: 0 -- 0x7fee4c07bec0 con 0x7fee4c1069e0
2026-02-20T03:41:07.542 INFO:teuthology.orchestra.run.trial069.stdout:/usr/bin/ceph: stderr
2026-02-20T03:41:07.352+0000 7fee51b57640 1 --2- >> [v2:10.20.193.69:3300/0,v1:10.20.193.69:6789/0] conn(0x7fee4c1069e0 0x7fee4c108df0 unknown :-1 s=BANNER_CONNECTING pgs=0 cs=0 l=0 rev1=0 crypto rx=0 tx=0 comp rx=0 tx=0)._handle_peer_banner_payload supported=3 required=0
2026-02-20T03:41:07.542 INFO:teuthology.orchestra.run.trial069.stdout:/usr/bin/ceph: stderr
2026-02-20T03:41:07.352+0000 7fee51b57640 1 --2- >> [v2:10.20.193.69:3300/0,v1:10.20.193.69:6789/0] conn(0x7fee4c1069e0 0x7fee4c108df0 unknown :-1 s=HELLO_CONNECTING pgs=0 cs=0 l=0 rev1=1 crypto rx=0 tx=0 comp rx=0 tx=0).handle_hello peer v2:10.20.193.69:3300/0 says I am v2:10.20.193.69:47660/0 (socket says 10.20.193.69:47660)
2026-02-20T03:41:07.543 INFO:teuthology.orchestra.run.trial069.stdout:/usr/bin/ceph: stderr
2026-02-20T03:41:07.352+0000 7fee51b57640 1 -- 10.20.193.69:0/84947362 learned_addr learned my addr 10.20.193.69:0/84947362 (peer_addr_for_me v2:10.20.193.69:0/0)
2026-02-20T03:41:07.543 INFO:teuthology.orchestra.run.trial069.stdout:/usr/bin/ceph: stderr
2026-02-20T03:41:07.352+0000 7fee51b57640 1 -- 10.20.193.69:0/84947362 --> [v2:10.20.193.69:3300/0,v1:10.20.193.69:6789/0] -- mon_subscribe({config=0+,monmap=0+}) -- 0x7fee4c109330 con 0x7fee4c1069e0
2026-02-20T03:41:07.543 INFO:teuthology.orchestra.run.trial069.stdout:/usr/bin/ceph: stderr
2026-02-20T03:41:07.353+0000 7fee51b57640 1 --2- 10.20.193.69:0/84947362 >> [v2:10.20.193.69:3300/0,v1:10.20.193.69:6789/0] conn(0x7fee4c1069e0 0x7fee4c108df0 secure :-1 s=READY pgs=45 cs=0 l=1 rev1=1 crypto rx=0x7fee3c009920 tx=0x7fee3c02ef20 comp rx=0 tx=0).ready entity=mon.0 client_cookie=b1d2d863cbb07c80 server_cookie=0 in_seq=0 out_seq=0
2026-02-20T03:41:07.543 INFO:teuthology.orchestra.run.trial069.stdout:/usr/bin/ceph: stderr
2026-02-20T03:41:07.353+0000 7fee50b55640 1 -- 10.20.193.69:0/84947362 <== mon.0 v2:10.20.193.69:3300/0 1 ==== mon_map magic: 0 ==== 205+0+0 (secure 0 0 0) 0x7fee3c03c070 con 0x7fee4c1069e0
2026-02-20T03:41:07.543 INFO:teuthology.orchestra.run.trial069.stdout:/usr/bin/ceph: stderr
2026-02-20T03:41:07.353+0000 7fee50b55640 1 -- 10.20.193.69:0/84947362 <== mon.0 v2:10.20.193.69:3300/0 2 ==== config(26 keys) ==== 1045+0+0 (secure 0 0 0) 0x7fee3c037440 con 0x7fee4c1069e0
2026-02-20T03:41:07.543 INFO:teuthology.orchestra.run.trial069.stdout:/usr/bin/ceph: stderr
2026-02-20T03:41:07.353+0000 7fee50b55640 1 -- 10.20.193.69:0/84947362 <== mon.0 v2:10.20.193.69:3300/0 3 ==== mon_map magic: 0 ==== 205+0+0 (secure 0 0 0) 0x7fee3c0354b0 con 0x7fee4c1069e0
2026-02-20T03:41:07.543 INFO:teuthology.orchestra.run.trial069.stdout:/usr/bin/ceph: stderr
2026-02-20T03:41:07.353+0000 7fee53de2640 1 -- 10.20.193.69:0/84947362 >> [v2:10.20.193.69:3300/0,v1:10.20.193.69:6789/0] conn(0x7fee4c1069e0 msgr2=0x7fee4c108df0 secure :-1 s=STATE_CONNECTION_ESTABLISHED l=1).mark_down
2026-02-20T03:41:07.543 INFO:teuthology.orchestra.run.trial069.stdout:/usr/bin/ceph: stderr
2026-02-20T03:41:07.353+0000 7fee53de2640 1 --2- 10.20.193.69:0/84947362 >> [v2:10.20.193.69:3300/0,v1:10.20.193.69:6789/0] conn(0x7fee4c1069e0 0x7fee4c108df0 secure :-1 s=READY pgs=45 cs=0 l=1 rev1=1 crypto rx=0x7fee3c009920 tx=0x7fee3c02ef20 comp rx=0 tx=0).stop
2026-02-20T03:41:07.543 INFO:teuthology.orchestra.run.trial069.stdout:/usr/bin/ceph: stderr
2026-02-20T03:41:07.353+0000 7fee53de2640 1 -- 10.20.193.69:0/84947362 shutdown_connections
2026-02-20T03:41:07.543 INFO:teuthology.orchestra.run.trial069.stdout:/usr/bin/ceph: stderr
2026-02-20T03:41:07.353+0000 7fee53de2640 1 --2- 10.20.193.69:0/84947362 >> [v2:10.20.193.69:3300/0,v1:10.20.193.69:6789/0] conn(0x7fee4c1069e0 0x7fee4c108df0 unknown :-1 s=CLOSED pgs=45 cs=0 l=1 rev1=1 crypto rx=0 tx=0 comp rx=0 tx=0).stop
2026-02-20T03:41:07.543 INFO:teuthology.orchestra.run.trial069.stdout:/usr/bin/ceph: stderr
2026-02-20T03:41:07.353+0000 7fee53de2640 1 -- 10.20.193.69:0/84947362 >> 10.20.193.69:0/84947362 conn(0x7fee4c102870 msgr2=0x7fee4c104c90 unknown :-1 s=STATE_NONE l=0).mark_down
2026-02-20T03:41:07.543 INFO:teuthology.orchestra.run.trial069.stdout:/usr/bin/ceph: stderr
2026-02-20T03:41:07.353+0000 7fee53de2640 1 -- 10.20.193.69:0/84947362 shutdown_connections
2026-02-20T03:41:07.544 INFO:teuthology.orchestra.run.trial069.stdout:/usr/bin/ceph: stderr
2026-02-20T03:41:07.353+0000 7fee53de2640 1 -- 10.20.193.69:0/84947362 wait complete.
2026-02-20T03:41:07.544 INFO:teuthology.orchestra.run.trial069.stdout:/usr/bin/ceph: stderr
2026-02-20T03:41:07.354+0000 7fee53de2640 1 Processor -- start
2026-02-20T03:41:07.544 INFO:teuthology.orchestra.run.trial069.stdout:/usr/bin/ceph: stderr
2026-02-20T03:41:07.354+0000 7fee53de2640 1 -- start start
2026-02-20T03:41:07.544 INFO:teuthology.orchestra.run.trial069.stdout:/usr/bin/ceph: stderr
2026-02-20T03:41:07.354+0000 7fee53de2640 1 --2- >> [v2:10.20.193.69:3300/0,v1:10.20.193.69:6789/0] conn(0x7fee4c1069e0 0x7fee4c1a4720 unknown :-1 s=NONE pgs=0 cs=0 l=1 rev1=0 crypto rx=0 tx=0 comp rx=0 tx=0).connect
2026-02-20T03:41:07.544 INFO:teuthology.orchestra.run.trial069.stdout:/usr/bin/ceph: stderr
2026-02-20T03:41:07.354+0000 7fee53de2640 1 -- --> [v2:10.20.193.69:3300/0,v1:10.20.193.69:6789/0] -- mon_getmap magic: 0 -- 0x7fee4c10a2d0 con 0x7fee4c1069e0
2026-02-20T03:41:07.544 INFO:teuthology.orchestra.run.trial069.stdout:/usr/bin/ceph: stderr
2026-02-20T03:41:07.354+0000 7fee51b57640 1 --2- >> [v2:10.20.193.69:3300/0,v1:10.20.193.69:6789/0] conn(0x7fee4c1069e0 0x7fee4c1a4720 unknown :-1 s=BANNER_CONNECTING pgs=0 cs=0 l=1 rev1=0 crypto rx=0 tx=0 comp rx=0 tx=0)._handle_peer_banner_payload supported=3 required=0
2026-02-20T03:41:07.544 INFO:teuthology.orchestra.run.trial069.stdout:/usr/bin/ceph: stderr
2026-02-20T03:41:07.355+0000 7fee51b57640 1 --2- >> [v2:10.20.193.69:3300/0,v1:10.20.193.69:6789/0] conn(0x7fee4c1069e0 0x7fee4c1a4720 unknown :-1 s=HELLO_CONNECTING pgs=0 cs=0 l=1 rev1=1 crypto rx=0 tx=0 comp rx=0 tx=0).handle_hello peer v2:10.20.193.69:3300/0 says I am v2:10.20.193.69:47676/0 (socket says 10.20.193.69:47676)
2026-02-20T03:41:07.544 INFO:teuthology.orchestra.run.trial069.stdout:/usr/bin/ceph: stderr
2026-02-20T03:41:07.355+0000 7fee51b57640 1 -- 10.20.193.69:0/671425823 learned_addr learned my addr 10.20.193.69:0/671425823 (peer_addr_for_me v2:10.20.193.69:0/0)
2026-02-20T03:41:07.544 INFO:teuthology.orchestra.run.trial069.stdout:/usr/bin/ceph: stderr
2026-02-20T03:41:07.355+0000 7fee51b57640 1 -- 10.20.193.69:0/671425823 --> [v2:10.20.193.69:3300/0,v1:10.20.193.69:6789/0] -- mon_subscribe({config=0+,monmap=0+}) -- 0x7fee4c1a4c60 con 0x7fee4c1069e0
2026-02-20T03:41:07.544 INFO:teuthology.orchestra.run.trial069.stdout:/usr/bin/ceph: stderr
2026-02-20T03:41:07.355+0000 7fee51b57640 1 --2- 10.20.193.69:0/671425823 >> [v2:10.20.193.69:3300/0,v1:10.20.193.69:6789/0] conn(0x7fee4c1069e0 0x7fee4c1a4720 secure :-1 s=READY pgs=46 cs=0 l=1 rev1=1 crypto rx=0x7fee3c006b90 tx=0x7fee3c0365d0 comp rx=0 tx=0).ready entity=mon.0 client_cookie=0 server_cookie=0 in_seq=0 out_seq=0
2026-02-20T03:41:07.544 INFO:teuthology.orchestra.run.trial069.stdout:/usr/bin/ceph: stderr
2026-02-20T03:41:07.355+0000 7fee3affd640 1 -- 10.20.193.69:0/671425823 <== mon.0 v2:10.20.193.69:3300/0 1 ==== mon_map magic: 0 ==== 205+0+0 (secure 0 0 0) 0x7fee3c045070 con 0x7fee4c1069e0
2026-02-20T03:41:07.544 INFO:teuthology.orchestra.run.trial069.stdout:/usr/bin/ceph: stderr
2026-02-20T03:41:07.355+0000 7fee3affd640 1 -- 10.20.193.69:0/671425823 <== mon.0 v2:10.20.193.69:3300/0 2 ==== config(26 keys) ==== 1045+0+0 (secure 0 0 0) 0x7fee3c036ea0 con 0x7fee4c1069e0
2026-02-20T03:41:07.545 INFO:teuthology.orchestra.run.trial069.stdout:/usr/bin/ceph: stderr
2026-02-20T03:41:07.355+0000 7fee3affd640 1 -- 10.20.193.69:0/671425823 <== mon.0 v2:10.20.193.69:3300/0 3 ==== mon_map magic: 0 ==== 205+0+0 (secure 0 0 0) 0x7fee3c03c030 con 0x7fee4c1069e0
2026-02-20T03:41:07.545 INFO:teuthology.orchestra.run.trial069.stdout:/usr/bin/ceph: stderr
2026-02-20T03:41:07.355+0000 7fee53de2640 1 -- 10.20.193.69:0/671425823 --> [v2:10.20.193.69:3300/0,v1:10.20.193.69:6789/0] -- mon_subscribe({mgrmap=0+}) -- 0x7fee4c1a4ef0 con 0x7fee4c1069e0
2026-02-20T03:41:07.545 INFO:teuthology.orchestra.run.trial069.stdout:/usr/bin/ceph: stderr
2026-02-20T03:41:07.355+0000 7fee53de2640 1 -- 10.20.193.69:0/671425823 --> [v2:10.20.193.69:3300/0,v1:10.20.193.69:6789/0] -- mon_subscribe({osdmap=0}) -- 0x7fee4c1a7be0 con 0x7fee4c1069e0
2026-02-20T03:41:07.545 INFO:teuthology.orchestra.run.trial069.stdout:/usr/bin/ceph: stderr
2026-02-20T03:41:07.356+0000 7fee53de2640 1 -- 10.20.193.69:0/671425823 --> [v2:10.20.193.69:3300/0,v1:10.20.193.69:6789/0] -- mon_command({"prefix": "get_command_descriptions"} v 0) -- 0x7fee4c106de0 con 0x7fee4c1069e0
2026-02-20T03:41:07.545 INFO:teuthology.orchestra.run.trial069.stdout:/usr/bin/ceph: stderr
2026-02-20T03:41:07.356+0000 7fee3affd640 1 -- 10.20.193.69:0/671425823 <== mon.0 v2:10.20.193.69:3300/0 4 ==== mgrmap(e 7) ==== 50247+0+0 (secure 0 0 0) 0x7fee3c0405a0 con 0x7fee4c1069e0
2026-02-20T03:41:07.545 INFO:teuthology.orchestra.run.trial069.stdout:/usr/bin/ceph: stderr
2026-02-20T03:41:07.357+0000 7fee3affd640 1 --2- 10.20.193.69:0/671425823 >> [v2:10.20.193.69:6800/927262023,v1:10.20.193.69:6801/927262023] conn(0x7fee2803dbf0 0x7fee280400b0 unknown :-1 s=NONE pgs=0 cs=0 l=1 rev1=0 crypto rx=0 tx=0 comp rx=0 tx=0).connect
2026-02-20T03:41:07.545 INFO:teuthology.orchestra.run.trial069.stdout:/usr/bin/ceph: stderr
2026-02-20T03:41:07.357+0000 7fee3affd640 1 -- 10.20.193.69:0/671425823 <== mon.0 v2:10.20.193.69:3300/0 5 ==== osd_map(2..2 src has 1..2) ==== 940+0+0 (secure 0 0 0) 0x7fee3c03d070 con 0x7fee4c1069e0
2026-02-20T03:41:07.545 INFO:teuthology.orchestra.run.trial069.stdout:/usr/bin/ceph: stderr
2026-02-20T03:41:07.357+0000 7fee51356640 1 --2- 10.20.193.69:0/671425823 >> [v2:10.20.193.69:6800/927262023,v1:10.20.193.69:6801/927262023] conn(0x7fee2803dbf0 0x7fee280400b0 unknown :-1 s=BANNER_CONNECTING pgs=0 cs=0 l=1 rev1=0 crypto rx=0 tx=0 comp rx=0 tx=0)._handle_peer_banner_payload supported=3 required=0
2026-02-20T03:41:07.545 INFO:teuthology.orchestra.run.trial069.stdout:/usr/bin/ceph: stderr
2026-02-20T03:41:07.357+0000 7fee51356640 1 --2- 10.20.193.69:0/671425823 >> [v2:10.20.193.69:6800/927262023,v1:10.20.193.69:6801/927262023] conn(0x7fee2803dbf0 0x7fee280400b0 secure :-1 s=READY pgs=12 cs=0 l=1 rev1=1 crypto rx=0x7fee400099c0 tx=0x7fee40006eb0 comp rx=0 tx=0).ready entity=mgr.14118 client_cookie=0 server_cookie=0 in_seq=0 out_seq=0
2026-02-20T03:41:07.545 INFO:teuthology.orchestra.run.trial069.stdout:/usr/bin/ceph: stderr
2026-02-20T03:41:07.359+0000 7fee3affd640 1 -- 10.20.193.69:0/671425823 <== mon.0 v2:10.20.193.69:3300/0 6 ==== mon_command_ack([{"prefix": "get_command_descriptions"}]=0 v0) ==== 72+0+195341 (secure 0 0 0) 0x7fee3c03fe00 con 0x7fee4c1069e0
2026-02-20T03:41:07.545 INFO:teuthology.orchestra.run.trial069.stdout:/usr/bin/ceph: stderr
2026-02-20T03:41:07.455+0000 7fee53de2640 1 -- 10.20.193.69:0/671425823 --> [v2:10.20.193.69:6800/927262023,v1:10.20.193.69:6801/927262023] -- mgr_command(tid 0: {"prefix": "orch apply", "service_type": "mon", "unmanaged": true, "target": ["mon-mgr", ""]}) -- 0x7fee4c19de30 con 0x7fee2803dbf0
2026-02-20T03:41:07.546 INFO:teuthology.orchestra.run.trial069.stdout:/usr/bin/ceph: stderr
2026-02-20T03:41:07.459+0000 7fee3affd640 1 -- 10.20.193.69:0/671425823 <== mgr.14118 v2:10.20.193.69:6800/927262023 1 ==== mgr_command_reply(tid 0: 0 ) ==== 8+0+24 (secure 0 0 0) 0x7fee4c19de30 con 0x7fee2803dbf0
2026-02-20T03:41:07.546 INFO:teuthology.orchestra.run.trial069.stdout:/usr/bin/ceph: stderr
2026-02-20T03:41:07.459+0000 7fee53de2640 1 -- 10.20.193.69:0/671425823 >> [v2:10.20.193.69:6800/927262023,v1:10.20.193.69:6801/927262023] conn(0x7fee2803dbf0 msgr2=0x7fee280400b0 secure :-1 s=STATE_CONNECTION_ESTABLISHED l=1).mark_down
2026-02-20T03:41:07.546 INFO:teuthology.orchestra.run.trial069.stdout:/usr/bin/ceph: stderr
2026-02-20T03:41:07.459+0000 7fee53de2640 1 --2- 10.20.193.69:0/671425823 >> [v2:10.20.193.69:6800/927262023,v1:10.20.193.69:6801/927262023] conn(0x7fee2803dbf0 0x7fee280400b0 secure :-1 s=READY pgs=12 cs=0 l=1 rev1=1 crypto rx=0x7fee400099c0 tx=0x7fee40006eb0 comp rx=0 tx=0).stop
2026-02-20T03:41:07.546 INFO:teuthology.orchestra.run.trial069.stdout:/usr/bin/ceph: stderr
2026-02-20T03:41:07.459+0000 7fee53de2640 1 -- 10.20.193.69:0/671425823 >> [v2:10.20.193.69:3300/0,v1:10.20.193.69:6789/0] conn(0x7fee4c1069e0 msgr2=0x7fee4c1a4720 secure :-1 s=STATE_CONNECTION_ESTABLISHED l=1).mark_down
2026-02-20T03:41:07.546 INFO:teuthology.orchestra.run.trial069.stdout:/usr/bin/ceph: stderr
2026-02-20T03:41:07.459+0000 7fee53de2640 1 --2- 10.20.193.69:0/671425823 >> [v2:10.20.193.69:3300/0,v1:10.20.193.69:6789/0] conn(0x7fee4c1069e0 0x7fee4c1a4720 secure :-1 s=READY pgs=46 cs=0 l=1 rev1=1 crypto rx=0x7fee3c006b90 tx=0x7fee3c0365d0 comp rx=0 tx=0).stop
2026-02-20T03:41:07.546 INFO:teuthology.orchestra.run.trial069.stdout:/usr/bin/ceph: stderr
2026-02-20T03:41:07.460+0000 7fee53de2640 1 -- 10.20.193.69:0/671425823 shutdown_connections
2026-02-20T03:41:07.546 INFO:teuthology.orchestra.run.trial069.stdout:/usr/bin/ceph: stderr
2026-02-20T03:41:07.460+0000 7fee53de2640 1 --2- 10.20.193.69:0/671425823 >> [v2:10.20.193.69:6800/927262023,v1:10.20.193.69:6801/927262023] conn(0x7fee2803dbf0 0x7fee280400b0 unknown :-1 s=CLOSED pgs=12 cs=0 l=1 rev1=1 crypto rx=0 tx=0 comp rx=0 tx=0).stop
2026-02-20T03:41:07.546 INFO:teuthology.orchestra.run.trial069.stdout:/usr/bin/ceph: stderr
2026-02-20T03:41:07.460+0000 7fee53de2640 1 --2- 10.20.193.69:0/671425823 >> [v2:10.20.193.69:3300/0,v1:10.20.193.69:6789/0] conn(0x7fee4c1069e0 0x7fee4c1a4720 unknown :-1 s=CLOSED pgs=46 cs=0 l=1 rev1=1 crypto rx=0 tx=0 comp rx=0 tx=0).stop
2026-02-20T03:41:07.546 INFO:teuthology.orchestra.run.trial069.stdout:/usr/bin/ceph: stderr
2026-02-20T03:41:07.460+0000 7fee53de2640 1 -- 10.20.193.69:0/671425823 >> 10.20.193.69:0/671425823 conn(0x7fee4c102870 msgr2=0x7fee4c10c9a0 unknown :-1 s=STATE_NONE l=0).mark_down
2026-02-20T03:41:07.546 INFO:teuthology.orchestra.run.trial069.stdout:/usr/bin/ceph: stderr
2026-02-20T03:41:07.460+0000 7fee53de2640 1 -- 10.20.193.69:0/671425823 shutdown_connections
2026-02-20T03:41:07.546 INFO:teuthology.orchestra.run.trial069.stdout:/usr/bin/ceph: stderr
2026-02-20T03:41:07.460+0000 7fee53de2640 1 -- 10.20.193.69:0/671425823 wait complete.
2026-02-20T03:41:07.546 INFO:teuthology.orchestra.run.trial069.stdout:Deploying unmanaged mgr service...
2026-02-20T03:41:07.610 INFO:journalctl@ceph.mon.a.trial069.stdout:Feb 20 03:41:07 trial069 ceph-mon[38557]: Deploying cephadm binary to trial069
2026-02-20T03:41:07.610 INFO:journalctl@ceph.mon.a.trial069.stdout:Feb 20 03:41:07 trial069 ceph-mon[38557]: from='mgr.14118 10.20.193.69:0/1422337512' entity='mgr.x'
2026-02-20T03:41:07.610 INFO:journalctl@ceph.mon.a.trial069.stdout:Feb 20 03:41:07 trial069 ceph-mon[38557]: from='mgr.14118 10.20.193.69:0/1422337512' entity='mgr.x' cmd=[{"prefix": "config dump", "format": "json"}]: dispatch
2026-02-20T03:41:07.936 INFO:teuthology.orchestra.run.trial069.stdout:/usr/bin/ceph: stdout Scheduled mgr update...
2026-02-20T03:41:07.936 INFO:teuthology.orchestra.run.trial069.stdout:/usr/bin/ceph: stderr
2026-02-20T03:41:07.738+0000 7f70a1af3640 1 Processor -- start
2026-02-20T03:41:07.936 INFO:teuthology.orchestra.run.trial069.stdout:/usr/bin/ceph: stderr
2026-02-20T03:41:07.738+0000 7f70a1af3640 1 -- start start
2026-02-20T03:41:07.936 INFO:teuthology.orchestra.run.trial069.stdout:/usr/bin/ceph: stderr
2026-02-20T03:41:07.738+0000 7f70a1af3640 1 --2- >> [v2:10.20.193.69:3300/0,v1:10.20.193.69:6789/0] conn(0x7f709c10a480 0x7f709c10a880 unknown :-1 s=NONE pgs=0 cs=0 l=0 rev1=0 crypto rx=0 tx=0 comp rx=0 tx=0).connect
2026-02-20T03:41:07.936 INFO:teuthology.orchestra.run.trial069.stdout:/usr/bin/ceph: stderr
2026-02-20T03:41:07.738+0000 7f70a1af3640 1 -- --> [v2:10.20.193.69:3300/0,v1:10.20.193.69:6789/0] -- mon_getmap magic: 0 -- 0x7f709c10ae50 con 0x7f709c10a480
2026-02-20T03:41:07.936 INFO:teuthology.orchestra.run.trial069.stdout:/usr/bin/ceph: stderr
2026-02-20T03:41:07.738+0000 7f709b7fe640 1 --2- >> [v2:10.20.193.69:3300/0,v1:10.20.193.69:6789/0] conn(0x7f709c10a480 0x7f709c10a880 unknown :-1 s=BANNER_CONNECTING pgs=0 cs=0 l=0 rev1=0 crypto rx=0 tx=0 comp rx=0 tx=0)._handle_peer_banner_payload supported=3 required=0
2026-02-20T03:41:07.937 INFO:teuthology.orchestra.run.trial069.stdout:/usr/bin/ceph: stderr
2026-02-20T03:41:07.738+0000 7f709b7fe640 1 --2- >> [v2:10.20.193.69:3300/0,v1:10.20.193.69:6789/0] conn(0x7f709c10a480 0x7f709c10a880 unknown :-1 s=HELLO_CONNECTING pgs=0 cs=0 l=0 rev1=1 crypto rx=0 tx=0 comp rx=0 tx=0).handle_hello peer v2:10.20.193.69:3300/0 says I am v2:10.20.193.69:47686/0 (socket says 10.20.193.69:47686)
2026-02-20T03:41:07.937 INFO:teuthology.orchestra.run.trial069.stdout:/usr/bin/ceph: stderr
2026-02-20T03:41:07.738+0000 7f709b7fe640 1 -- 10.20.193.69:0/1358815610 learned_addr learned my addr 10.20.193.69:0/1358815610 (peer_addr_for_me v2:10.20.193.69:0/0)
2026-02-20T03:41:07.937 INFO:teuthology.orchestra.run.trial069.stdout:/usr/bin/ceph: stderr
2026-02-20T03:41:07.739+0000 7f709b7fe640 1 -- 10.20.193.69:0/1358815610 --> [v2:10.20.193.69:3300/0,v1:10.20.193.69:6789/0] -- mon_subscribe({config=0+,monmap=0+}) -- 0x7f709c10b630 con 0x7f709c10a480
2026-02-20T03:41:07.937 INFO:teuthology.orchestra.run.trial069.stdout:/usr/bin/ceph: stderr
2026-02-20T03:41:07.740+0000 7f709b7fe640 1 --2- 10.20.193.69:0/1358815610 >> [v2:10.20.193.69:3300/0,v1:10.20.193.69:6789/0] conn(0x7f709c10a480 0x7f709c10a880 secure :-1 s=READY pgs=47 cs=0 l=1 rev1=1 crypto rx=0x7f7088009920 tx=0x7f708802ef20 comp rx=0 tx=0).ready entity=mon.0 client_cookie=6c414f1db65eae50 server_cookie=0 in_seq=0 out_seq=0
2026-02-20T03:41:07.937 INFO:teuthology.orchestra.run.trial069.stdout:/usr/bin/ceph: stderr
2026-02-20T03:41:07.740+0000 7f709a7fc640 1 -- 10.20.193.69:0/1358815610 <== mon.0 v2:10.20.193.69:3300/0 1 ==== mon_map magic: 0 ==== 205+0+0 (secure 0 0 0) 0x7f708803c070 con 0x7f709c10a480
2026-02-20T03:41:07.937 INFO:teuthology.orchestra.run.trial069.stdout:/usr/bin/ceph: stderr
2026-02-20T03:41:07.740+0000 7f709a7fc640 1 -- 10.20.193.69:0/1358815610 <== mon.0 v2:10.20.193.69:3300/0 2 ==== config(26 keys) ==== 1045+0+0 (secure 0 0 0) 0x7f7088037440 con 0x7f709c10a480
2026-02-20T03:41:07.937 INFO:teuthology.orchestra.run.trial069.stdout:/usr/bin/ceph: stderr
2026-02-20T03:41:07.740+0000 7f709a7fc640 1 -- 10.20.193.69:0/1358815610 <== mon.0 v2:10.20.193.69:3300/0 3 ==== mon_map magic: 0 ==== 205+0+0 (secure 0 0 0) 0x7f70880354b0 con 0x7f709c10a480
2026-02-20T03:41:07.937 INFO:teuthology.orchestra.run.trial069.stdout:/usr/bin/ceph: stderr
2026-02-20T03:41:07.741+0000 7f70a1af3640 1 -- 10.20.193.69:0/1358815610 >> [v2:10.20.193.69:3300/0,v1:10.20.193.69:6789/0] conn(0x7f709c10a480 msgr2=0x7f709c10a880 secure :-1 s=STATE_CONNECTION_ESTABLISHED l=1).mark_down
2026-02-20T03:41:07.937 INFO:teuthology.orchestra.run.trial069.stdout:/usr/bin/ceph: stderr
2026-02-20T03:41:07.741+0000 7f70a1af3640 1 --2- 10.20.193.69:0/1358815610 >> [v2:10.20.193.69:3300/0,v1:10.20.193.69:6789/0] conn(0x7f709c10a480 0x7f709c10a880 secure :-1 s=READY pgs=47 cs=0 l=1 rev1=1 crypto rx=0x7f7088009920 tx=0x7f708802ef20 comp rx=0 tx=0).stop
2026-02-20T03:41:07.938 INFO:teuthology.orchestra.run.trial069.stdout:/usr/bin/ceph: stderr
2026-02-20T03:41:07.741+0000 7f70a1af3640 1 -- 10.20.193.69:0/1358815610 shutdown_connections
2026-02-20T03:41:07.938 INFO:teuthology.orchestra.run.trial069.stdout:/usr/bin/ceph: stderr
2026-02-20T03:41:07.741+0000 7f70a1af3640 1 --2- 10.20.193.69:0/1358815610 >> [v2:10.20.193.69:3300/0,v1:10.20.193.69:6789/0] conn(0x7f709c10a480 0x7f709c10a880 unknown :-1 s=CLOSED pgs=47 cs=0 l=1 rev1=1 crypto rx=0 tx=0 comp rx=0 tx=0).stop
2026-02-20T03:41:07.938 INFO:teuthology.orchestra.run.trial069.stdout:/usr/bin/ceph: stderr
2026-02-20T03:41:07.741+0000 7f70a1af3640 1 -- 10.20.193.69:0/1358815610 >> 10.20.193.69:0/1358815610 conn(0x7f709c07dbd0 msgr2=0x7f709c1086a0 unknown :-1 s=STATE_NONE l=0).mark_down
2026-02-20T03:41:07.938 INFO:teuthology.orchestra.run.trial069.stdout:/usr/bin/ceph: stderr
2026-02-20T03:41:07.741+0000 7f70a1af3640 1 -- 10.20.193.69:0/1358815610 shutdown_connections
2026-02-20T03:41:07.938 INFO:teuthology.orchestra.run.trial069.stdout:/usr/bin/ceph: stderr
2026-02-20T03:41:07.741+0000 7f70a1af3640 1 -- 10.20.193.69:0/1358815610 wait complete.
2026-02-20T03:41:07.938 INFO:teuthology.orchestra.run.trial069.stdout:/usr/bin/ceph: stderr
2026-02-20T03:41:07.742+0000 7f70a1af3640 1 Processor -- start
2026-02-20T03:41:07.938 INFO:teuthology.orchestra.run.trial069.stdout:/usr/bin/ceph: stderr
2026-02-20T03:41:07.742+0000 7f70a1af3640 1 -- start start
2026-02-20T03:41:07.938 INFO:teuthology.orchestra.run.trial069.stdout:/usr/bin/ceph: stderr
2026-02-20T03:41:07.742+0000 7f70a1af3640 1 --2- >> [v2:10.20.193.69:3300/0,v1:10.20.193.69:6789/0] conn(0x7f709c10a480 0x7f709c1a0260 unknown :-1 s=NONE pgs=0 cs=0 l=1 rev1=0 crypto rx=0 tx=0 comp rx=0 tx=0).connect
2026-02-20T03:41:07.938 INFO:teuthology.orchestra.run.trial069.stdout:/usr/bin/ceph: stderr
2026-02-20T03:41:07.742+0000 7f70a1af3640 1 -- --> [v2:10.20.193.69:3300/0,v1:10.20.193.69:6789/0] -- mon_getmap magic: 0 -- 0x7f709c10e860 con 0x7f709c10a480
2026-02-20T03:41:07.938 INFO:teuthology.orchestra.run.trial069.stdout:/usr/bin/ceph: stderr
2026-02-20T03:41:07.743+0000 7f709b7fe640 1 --2- >> [v2:10.20.193.69:3300/0,v1:10.20.193.69:6789/0] conn(0x7f709c10a480 0x7f709c1a0260 unknown :-1 s=BANNER_CONNECTING pgs=0 cs=0 l=1 rev1=0 crypto rx=0 tx=0 comp rx=0 tx=0)._handle_peer_banner_payload supported=3 required=0
2026-02-20T03:41:07.939 INFO:teuthology.orchestra.run.trial069.stdout:/usr/bin/ceph: stderr
2026-02-20T03:41:07.743+0000 7f709b7fe640 1 --2- >> [v2:10.20.193.69:3300/0,v1:10.20.193.69:6789/0] conn(0x7f709c10a480 0x7f709c1a0260 unknown :-1 s=HELLO_CONNECTING pgs=0 cs=0 l=1 rev1=1 crypto rx=0 tx=0 comp rx=0 tx=0).handle_hello peer v2:10.20.193.69:3300/0 says I am v2:10.20.193.69:47688/0 (socket says 10.20.193.69:47688)
2026-02-20T03:41:07.939 INFO:teuthology.orchestra.run.trial069.stdout:/usr/bin/ceph: stderr
2026-02-20T03:41:07.743+0000 7f709b7fe640 1 -- 10.20.193.69:0/995596571 learned_addr learned my addr 10.20.193.69:0/995596571 (peer_addr_for_me v2:10.20.193.69:0/0)
2026-02-20T03:41:07.939 INFO:teuthology.orchestra.run.trial069.stdout:/usr/bin/ceph: stderr
2026-02-20T03:41:07.743+0000 7f709b7fe640 1 -- 10.20.193.69:0/995596571 --> [v2:10.20.193.69:3300/0,v1:10.20.193.69:6789/0] -- mon_subscribe({config=0+,monmap=0+}) -- 0x7f709c1a07a0 con 0x7f709c10a480
2026-02-20T03:41:07.939 INFO:teuthology.orchestra.run.trial069.stdout:/usr/bin/ceph: stderr
2026-02-20T03:41:07.743+0000 7f709b7fe640 1 --2- 10.20.193.69:0/995596571 >> [v2:10.20.193.69:3300/0,v1:10.20.193.69:6789/0] conn(0x7f709c10a480 0x7f709c1a0260 secure :-1 s=READY pgs=48 cs=0 l=1 rev1=1 crypto rx=0x7f7088009a50 tx=0x7f70880365d0 comp rx=0 tx=0).ready entity=mon.0 client_cookie=0 server_cookie=0 in_seq=0 out_seq=0
2026-02-20T03:41:07.939 INFO:teuthology.orchestra.run.trial069.stdout:/usr/bin/ceph: stderr
2026-02-20T03:41:07.743+0000 7f7098ff9640 1 -- 10.20.193.69:0/995596571 <== mon.0 v2:10.20.193.69:3300/0 1 ==== mon_map magic: 0 ==== 205+0+0 (secure 0 0 0) 0x7f7088045070 con 0x7f709c10a480
2026-02-20T03:41:07.939 INFO:teuthology.orchestra.run.trial069.stdout:/usr/bin/ceph: stderr
2026-02-20T03:41:07.743+0000 7f7098ff9640 1 -- 10.20.193.69:0/995596571 <== mon.0 v2:10.20.193.69:3300/0 2 ==== config(26 keys) ==== 1045+0+0 (secure 0 0 0) 0x7f7088036d70 con 0x7f709c10a480
2026-02-20T03:41:07.939 INFO:teuthology.orchestra.run.trial069.stdout:/usr/bin/ceph: stderr
2026-02-20T03:41:07.743+0000 7f7098ff9640 1 -- 10.20.193.69:0/995596571 <== mon.0 v2:10.20.193.69:3300/0 3 ==== mon_map magic: 0 ==== 205+0+0 (secure 0 0 0) 0x7f708803c030 con 0x7f709c10a480
2026-02-20T03:41:07.939 INFO:teuthology.orchestra.run.trial069.stdout:/usr/bin/ceph: stderr
2026-02-20T03:41:07.743+0000 7f70a1af3640 1 -- 10.20.193.69:0/995596571 --> [v2:10.20.193.69:3300/0,v1:10.20.193.69:6789/0] -- mon_subscribe({mgrmap=0+}) -- 0x7f709c1a0a30 con 0x7f709c10a480
2026-02-20T03:41:07.939 INFO:teuthology.orchestra.run.trial069.stdout:/usr/bin/ceph: stderr
2026-02-20T03:41:07.744+0000 7f70a1af3640 1 -- 10.20.193.69:0/995596571 --> [v2:10.20.193.69:3300/0,v1:10.20.193.69:6789/0] -- mon_subscribe({osdmap=0}) -- 0x7f709c1a3720 con 0x7f709c10a480
2026-02-20T03:41:07.939 INFO:teuthology.orchestra.run.trial069.stdout:/usr/bin/ceph: stderr
2026-02-20T03:41:07.744+0000 7f70767fc640 1 -- 10.20.193.69:0/995596571 --> [v2:10.20.193.69:3300/0,v1:10.20.193.69:6789/0] -- mon_command({"prefix": "get_command_descriptions"} v 0) -- 0x7f709c10a900 con 0x7f709c10a480
2026-02-20T03:41:07.940 INFO:teuthology.orchestra.run.trial069.stdout:/usr/bin/ceph: stderr
2026-02-20T03:41:07.745+0000 7f7098ff9640 1 -- 10.20.193.69:0/995596571 <== mon.0 v2:10.20.193.69:3300/0 4 ==== mgrmap(e 7) ==== 50247+0+0 (secure 0 0 0) 0x7f70880404a0 con 0x7f709c10a480
2026-02-20T03:41:07.940 INFO:teuthology.orchestra.run.trial069.stdout:/usr/bin/ceph: stderr
2026-02-20T03:41:07.746+0000 7f7098ff9640 1 --2- 10.20.193.69:0/995596571 >> [v2:10.20.193.69:6800/927262023,v1:10.20.193.69:6801/927262023] conn(0x7f707003dc40 0x7f7070040100 unknown :-1 s=NONE pgs=0 cs=0 l=1 rev1=0 crypto rx=0 tx=0 comp rx=0 tx=0).connect
2026-02-20T03:41:07.940 INFO:teuthology.orchestra.run.trial069.stdout:/usr/bin/ceph: stderr
2026-02-20T03:41:07.746+0000 7f7098ff9640 1 -- 10.20.193.69:0/995596571 <== mon.0 v2:10.20.193.69:3300/0 5 ==== osd_map(2..2 src has 1..2) ==== 940+0+0 (secure 0 0 0) 0x7f708803d070 con 0x7f709c10a480
2026-02-20T03:41:07.940 INFO:teuthology.orchestra.run.trial069.stdout:/usr/bin/ceph: stderr
2026-02-20T03:41:07.746+0000 7f709affd640 1 --2- 10.20.193.69:0/995596571 >> [v2:10.20.193.69:6800/927262023,v1:10.20.193.69:6801/927262023] conn(0x7f707003dc40 0x7f7070040100 unknown :-1 s=BANNER_CONNECTING pgs=0 cs=0 l=1 rev1=0 crypto rx=0 tx=0 comp rx=0 tx=0)._handle_peer_banner_payload supported=3 required=0
2026-02-20T03:41:07.940 INFO:teuthology.orchestra.run.trial069.stdout:/usr/bin/ceph: stderr
2026-02-20T03:41:07.747+0000 7f709affd640 1 --2- 10.20.193.69:0/995596571 >> [v2:10.20.193.69:6800/927262023,v1:10.20.193.69:6801/927262023] conn(0x7f707003dc40 0x7f7070040100 secure :-1 s=READY pgs=13 cs=0 l=1 rev1=1 crypto rx=0x7f708c0099c0 tx=0x7f708c006eb0 comp rx=0 tx=0).ready entity=mgr.14118 client_cookie=0 server_cookie=0 in_seq=0 out_seq=0
2026-02-20T03:41:07.940 INFO:teuthology.orchestra.run.trial069.stdout:/usr/bin/ceph: stderr
2026-02-20T03:41:07.749+0000 7f7098ff9640 1 -- 10.20.193.69:0/995596571 <== mon.0 v2:10.20.193.69:3300/0 6 ==== mon_command_ack([{"prefix": "get_command_descriptions"}]=0 v0) ==== 72+0+195341 (secure 0 0 0) 0x7f7088048de0 con 0x7f709c10a480
2026-02-20T03:41:07.940 INFO:teuthology.orchestra.run.trial069.stdout:/usr/bin/ceph: stderr
2026-02-20T03:41:07.834+0000 7f7098ff9640 1 -- 10.20.193.69:0/995596571 <== mon.0 v2:10.20.193.69:3300/0 7 ==== config(26 keys) ==== 1076+0+0 (secure 0 0 0) 0x7f708803e4d0 con 0x7f709c10a480
2026-02-20T03:41:07.940 INFO:teuthology.orchestra.run.trial069.stdout:/usr/bin/ceph: stderr
2026-02-20T03:41:07.848+0000 7f70767fc640 1 -- 10.20.193.69:0/995596571 --> [v2:10.20.193.69:6800/927262023,v1:10.20.193.69:6801/927262023] -- mgr_command(tid 0: {"prefix": "orch apply", "service_type": "mgr", "unmanaged": true, "target": ["mon-mgr", ""]}) -- 0x7f709c0630c0 con 0x7f707003dc40
2026-02-20T03:41:07.940 INFO:teuthology.orchestra.run.trial069.stdout:/usr/bin/ceph: stderr
2026-02-20T03:41:07.850+0000 7f7098ff9640 1 -- 10.20.193.69:0/995596571 <== mgr.14118 v2:10.20.193.69:6800/927262023 1 ==== mgr_command_reply(tid 0: 0 ) ==== 8+0+24 (secure 0 0 0) 0x7f709c0630c0 con 0x7f707003dc40
2026-02-20T03:41:07.940 INFO:teuthology.orchestra.run.trial069.stdout:/usr/bin/ceph: stderr
2026-02-20T03:41:07.852+0000 7f70767fc640 1 -- 10.20.193.69:0/995596571 >> [v2:10.20.193.69:6800/927262023,v1:10.20.193.69:6801/927262023] conn(0x7f707003dc40 msgr2=0x7f7070040100 secure :-1 s=STATE_CONNECTION_ESTABLISHED l=1).mark_down
2026-02-20T03:41:07.941 INFO:teuthology.orchestra.run.trial069.stdout:/usr/bin/ceph: stderr
2026-02-20T03:41:07.852+0000 7f70767fc640 1 --2- 10.20.193.69:0/995596571 >> [v2:10.20.193.69:6800/927262023,v1:10.20.193.69:6801/927262023] conn(0x7f707003dc40 0x7f7070040100 secure :-1 s=READY pgs=13 cs=0 l=1 rev1=1 crypto rx=0x7f708c0099c0 tx=0x7f708c006eb0 comp rx=0 tx=0).stop
2026-02-20T03:41:07.941 INFO:teuthology.orchestra.run.trial069.stdout:/usr/bin/ceph: stderr
2026-02-20T03:41:07.852+0000 7f70767fc640 1 -- 10.20.193.69:0/995596571 >> [v2:10.20.193.69:3300/0,v1:10.20.193.69:6789/0] conn(0x7f709c10a480 msgr2=0x7f709c1a0260 secure :-1 s=STATE_CONNECTION_ESTABLISHED l=1).mark_down
2026-02-20T03:41:07.941 INFO:teuthology.orchestra.run.trial069.stdout:/usr/bin/ceph: stderr
2026-02-20T03:41:07.852+0000 7f70767fc640 1 --2- 10.20.193.69:0/995596571 >> [v2:10.20.193.69:3300/0,v1:10.20.193.69:6789/0] conn(0x7f709c10a480 0x7f709c1a0260 secure :-1 s=READY pgs=48 cs=0 l=1 rev1=1 crypto rx=0x7f7088009a50 tx=0x7f70880365d0 comp rx=0 tx=0).stop
