2026-02-20T03:39:42.935+0000 7f6034e67640 1 -- 10.20.193.10:0/4243970861 >> [v2:10.20.193.10:3300/0,v1:10.20.193.10:6789/0] conn(0x7f603010ba70 msgr2=0x7f603010be70 secure :-1 s=STATE_CONNECTION_ESTABLISHED l=1).mark_down
2026-02-20T03:39:43.070 INFO:teuthology.orchestra.run.trial010.stdout:/usr/bin/ceph: stderr
2026-02-20T03:39:42.935+0000 7f6034e67640 1 --2- 10.20.193.10:0/4243970861 >> [v2:10.20.193.10:3300/0,v1:10.20.193.10:6789/0] conn(0x7f603010ba70 0x7f603010be70 secure :-1 s=READY pgs=39 cs=0 l=1 rev1=1 crypto rx=0x7f6024009920 tx=0x7f602402ef20 comp rx=0 tx=0).stop
2026-02-20T03:39:43.070 INFO:teuthology.orchestra.run.trial010.stdout:/usr/bin/ceph: stderr
2026-02-20T03:39:42.936+0000 7f6034e67640 1 -- 10.20.193.10:0/4243970861 shutdown_connections
2026-02-20T03:39:43.070 INFO:teuthology.orchestra.run.trial010.stdout:/usr/bin/ceph: stderr
2026-02-20T03:39:42.936+0000 7f6034e67640 1 --2- 10.20.193.10:0/4243970861 >> [v2:10.20.193.10:3300/0,v1:10.20.193.10:6789/0] conn(0x7f603010ba70 0x7f603010be70 unknown :-1 s=CLOSED pgs=39 cs=0 l=1 rev1=1 crypto rx=0 tx=0 comp rx=0 tx=0).stop
2026-02-20T03:39:43.070 INFO:teuthology.orchestra.run.trial010.stdout:/usr/bin/ceph: stderr
2026-02-20T03:39:42.936+0000 7f6034e67640 1 -- 10.20.193.10:0/4243970861 >> 10.20.193.10:0/4243970861 conn(0x7f603007d9d0 msgr2=0x7f603007dde0 unknown :-1 s=STATE_NONE l=0).mark_down
2026-02-20T03:39:43.071 INFO:teuthology.orchestra.run.trial010.stdout:/usr/bin/ceph: stderr
2026-02-20T03:39:42.936+0000 7f6034e67640 1 -- 10.20.193.10:0/4243970861 shutdown_connections
2026-02-20T03:39:43.071 INFO:teuthology.orchestra.run.trial010.stdout:/usr/bin/ceph: stderr
2026-02-20T03:39:42.936+0000 7f6034e67640 1 -- 10.20.193.10:0/4243970861 wait complete.
2026-02-20T03:39:43.071 INFO:teuthology.orchestra.run.trial010.stdout:/usr/bin/ceph: stderr
2026-02-20T03:39:42.936+0000 7f6034e67640 1 Processor -- start
2026-02-20T03:39:43.071 INFO:teuthology.orchestra.run.trial010.stdout:/usr/bin/ceph: stderr
2026-02-20T03:39:42.936+0000 7f6034e67640 1 -- start start
2026-02-20T03:39:43.071 INFO:teuthology.orchestra.run.trial010.stdout:/usr/bin/ceph: stderr
2026-02-20T03:39:42.936+0000 7f6034e67640 1 --2- >> [v2:10.20.193.10:3300/0,v1:10.20.193.10:6789/0] conn(0x7f603010ba70 0x7f60301a03c0 unknown :-1 s=NONE pgs=0 cs=0 l=1 rev1=0 crypto rx=0 tx=0 comp rx=0 tx=0).connect
2026-02-20T03:39:43.071 INFO:teuthology.orchestra.run.trial010.stdout:/usr/bin/ceph: stderr
2026-02-20T03:39:42.936+0000 7f6034e67640 1 -- --> [v2:10.20.193.10:3300/0,v1:10.20.193.10:6789/0] -- mon_getmap magic: 0 -- 0x7f603010e8c0 con 0x7f603010ba70
2026-02-20T03:39:43.071 INFO:teuthology.orchestra.run.trial010.stdout:/usr/bin/ceph: stderr
2026-02-20T03:39:42.936+0000 7f602e575640 1 --2- >> [v2:10.20.193.10:3300/0,v1:10.20.193.10:6789/0] conn(0x7f603010ba70 0x7f60301a03c0 unknown :-1 s=BANNER_CONNECTING pgs=0 cs=0 l=1 rev1=0 crypto rx=0 tx=0 comp rx=0 tx=0)._handle_peer_banner_payload supported=3 required=0
2026-02-20T03:39:43.071 INFO:teuthology.orchestra.run.trial010.stdout:/usr/bin/ceph: stderr
2026-02-20T03:39:42.936+0000 7f602e575640 1 --2- >> [v2:10.20.193.10:3300/0,v1:10.20.193.10:6789/0] conn(0x7f603010ba70 0x7f60301a03c0 unknown :-1 s=HELLO_CONNECTING pgs=0 cs=0 l=1 rev1=1 crypto rx=0 tx=0 comp rx=0 tx=0).handle_hello peer v2:10.20.193.10:3300/0 says I am v2:10.20.193.10:46476/0 (socket says 10.20.193.10:46476)
2026-02-20T03:39:43.071 INFO:teuthology.orchestra.run.trial010.stdout:/usr/bin/ceph: stderr
2026-02-20T03:39:42.936+0000 7f602e575640 1 -- 10.20.193.10:0/3270618288 learned_addr learned my addr 10.20.193.10:0/3270618288 (peer_addr_for_me v2:10.20.193.10:0/0)
2026-02-20T03:39:43.071 INFO:teuthology.orchestra.run.trial010.stdout:/usr/bin/ceph: stderr
2026-02-20T03:39:42.936+0000 7f602e575640 1 -- 10.20.193.10:0/3270618288 --> [v2:10.20.193.10:3300/0,v1:10.20.193.10:6789/0] -- mon_subscribe({config=0+,monmap=0+}) -- 0x7f60301a0900 con 0x7f603010ba70
2026-02-20T03:39:43.071 INFO:teuthology.orchestra.run.trial010.stdout:/usr/bin/ceph: stderr
2026-02-20T03:39:42.936+0000 7f602e575640 1 --2- 10.20.193.10:0/3270618288 >> [v2:10.20.193.10:3300/0,v1:10.20.193.10:6789/0] conn(0x7f603010ba70 0x7f60301a03c0 secure :-1 s=READY pgs=40 cs=0 l=1 rev1=1 crypto rx=0x7f6024006fd0 tx=0x7f6024037bb0 comp rx=0 tx=0).ready entity=mon.0 client_cookie=0 server_cookie=0 in_seq=0 out_seq=0
2026-02-20T03:39:43.072 INFO:teuthology.orchestra.run.trial010.stdout:/usr/bin/ceph: stderr
2026-02-20T03:39:42.936+0000 7f60177fe640 1 -- 10.20.193.10:0/3270618288 <== mon.0 v2:10.20.193.10:3300/0 1 ==== mon_map magic: 0 ==== 205+0+0 (secure 0 0 0) 0x7f6024045070 con 0x7f603010ba70
2026-02-20T03:39:43.072 INFO:teuthology.orchestra.run.trial010.stdout:/usr/bin/ceph: stderr
2026-02-20T03:39:42.936+0000 7f6034e67640 1 -- 10.20.193.10:0/3270618288 --> [v2:10.20.193.10:3300/0,v1:10.20.193.10:6789/0] -- mon_subscribe({mgrmap=0+}) -- 0x7f60301a0b90 con 0x7f603010ba70
2026-02-20T03:39:43.072 INFO:teuthology.orchestra.run.trial010.stdout:/usr/bin/ceph: stderr
2026-02-20T03:39:42.936+0000 7f60177fe640 1 -- 10.20.193.10:0/3270618288 <== mon.0 v2:10.20.193.10:3300/0 2 ==== config(26 keys) ==== 1045+0+0 (secure 0 0 0) 0x7f6024040450 con 0x7f603010ba70
2026-02-20T03:39:43.072 INFO:teuthology.orchestra.run.trial010.stdout:/usr/bin/ceph: stderr
2026-02-20T03:39:42.936+0000 7f60177fe640 1 -- 10.20.193.10:0/3270618288 <== mon.0 v2:10.20.193.10:3300/0 3 ==== mon_map magic: 0 ==== 205+0+0 (secure 0 0 0) 0x7f602403c070 con 0x7f603010ba70
2026-02-20T03:39:43.072 INFO:teuthology.orchestra.run.trial010.stdout:/usr/bin/ceph: stderr
2026-02-20T03:39:42.936+0000 7f6034e67640 1 -- 10.20.193.10:0/3270618288 --> [v2:10.20.193.10:3300/0,v1:10.20.193.10:6789/0] -- mon_subscribe({osdmap=0}) -- 0x7f60301a3880 con 0x7f603010ba70
2026-02-20T03:39:43.072 INFO:teuthology.orchestra.run.trial010.stdout:/usr/bin/ceph: stderr
2026-02-20T03:39:42.937+0000 7f6034e67640 1 -- 10.20.193.10:0/3270618288 --> [v2:10.20.193.10:3300/0,v1:10.20.193.10:6789/0] -- mon_command({"prefix": "get_command_descriptions"} v 0) -- 0x7f603010bef0 con 0x7f603010ba70
2026-02-20T03:39:43.072 INFO:teuthology.orchestra.run.trial010.stdout:/usr/bin/ceph: stderr
2026-02-20T03:39:42.937+0000 7f60177fe640 1 -- 10.20.193.10:0/3270618288 <== mon.0 v2:10.20.193.10:3300/0 4 ==== mgrmap(e 7) ==== 50141+0+0 (secure 0 0 0) 0x7f6024035af0 con 0x7f603010ba70
2026-02-20T03:39:43.072 INFO:teuthology.orchestra.run.trial010.stdout:/usr/bin/ceph: stderr
2026-02-20T03:39:42.937+0000 7f60177fe640 1 --2- 10.20.193.10:0/3270618288 >> [v2:10.20.193.10:6800/3639433945,v1:10.20.193.10:6801/3639433945] conn(0x7f600803dad0 0x7f600803ff90 unknown :-1 s=NONE pgs=0 cs=0 l=1 rev1=0 crypto rx=0 tx=0 comp rx=0 tx=0).connect
2026-02-20T03:39:43.072 INFO:teuthology.orchestra.run.trial010.stdout:/usr/bin/ceph: stderr
2026-02-20T03:39:42.937+0000 7f60177fe640 1 -- 10.20.193.10:0/3270618288 <== mon.0 v2:10.20.193.10:3300/0 5 ==== osd_map(2..2 src has 1..2) ==== 940+0+0 (secure 0 0 0) 0x7f6024076480 con 0x7f603010ba70
2026-02-20T03:39:43.072 INFO:teuthology.orchestra.run.trial010.stdout:/usr/bin/ceph: stderr
2026-02-20T03:39:42.937+0000 7f602dd74640 1 --2- 10.20.193.10:0/3270618288 >> [v2:10.20.193.10:6800/3639433945,v1:10.20.193.10:6801/3639433945] conn(0x7f600803dad0 0x7f600803ff90 unknown :-1 s=BANNER_CONNECTING pgs=0 cs=0 l=1 rev1=0 crypto rx=0 tx=0 comp rx=0 tx=0)._handle_peer_banner_payload supported=3 required=0
2026-02-20T03:39:43.072 INFO:teuthology.orchestra.run.trial010.stdout:/usr/bin/ceph: stderr
2026-02-20T03:39:42.938+0000 7f602dd74640 1 --2- 10.20.193.10:0/3270618288 >> [v2:10.20.193.10:6800/3639433945,v1:10.20.193.10:6801/3639433945] conn(0x7f600803dad0 0x7f600803ff90 secure :-1 s=READY pgs=9 cs=0 l=1 rev1=1 crypto rx=0x7f60180099c0 tx=0x7f6018006eb0 comp rx=0 tx=0).ready entity=mgr.14118 client_cookie=0 server_cookie=0 in_seq=0 out_seq=0
2026-02-20T03:39:43.072 INFO:teuthology.orchestra.run.trial010.stdout:/usr/bin/ceph: stderr
2026-02-20T03:39:42.940+0000 7f60177fe640 1 -- 10.20.193.10:0/3270618288 <== mon.0 v2:10.20.193.10:3300/0 6 ==== mon_command_ack([{"prefix": "get_command_descriptions"}]=0 v0) ==== 72+0+195341 (secure 0 0 0) 0x7f6024033200 con 0x7f603010ba70
2026-02-20T03:39:43.073 INFO:teuthology.orchestra.run.trial010.stdout:/usr/bin/ceph: stderr
2026-02-20T03:39:43.022+0000 7f6034e67640 1 -- 10.20.193.10:0/3270618288 --> [v2:10.20.193.10:6800/3639433945,v1:10.20.193.10:6801/3639433945] -- mgr_command(tid 0: {"prefix": "cephadm generate-key", "target": ["mon-mgr", ""]}) -- 0x7f6030108da0 con 0x7f600803dad0
2026-02-20T03:39:43.073 INFO:teuthology.orchestra.run.trial010.stdout:/usr/bin/ceph: stderr
2026-02-20T03:39:43.043+0000 7f60177fe640 1 -- 10.20.193.10:0/3270618288 <== mgr.14118 v2:10.20.193.10:6800/3639433945 1 ==== mgr_command_reply(tid 0: 0 ) ==== 8+0+0 (secure 0 0 0) 0x7f6030108da0 con 0x7f600803dad0
2026-02-20T03:39:43.073 INFO:teuthology.orchestra.run.trial010.stdout:/usr/bin/ceph: stderr
2026-02-20T03:39:43.044+0000 7f6034e67640 1 -- 10.20.193.10:0/3270618288 >> [v2:10.20.193.10:6800/3639433945,v1:10.20.193.10:6801/3639433945] conn(0x7f600803dad0 msgr2=0x7f600803ff90 secure :-1 s=STATE_CONNECTION_ESTABLISHED l=1).mark_down
2026-02-20T03:39:43.073 INFO:teuthology.orchestra.run.trial010.stdout:/usr/bin/ceph: stderr
2026-02-20T03:39:43.044+0000 7f6034e67640 1 --2- 10.20.193.10:0/3270618288 >> [v2:10.20.193.10:6800/3639433945,v1:10.20.193.10:6801/3639433945] conn(0x7f600803dad0 0x7f600803ff90 secure :-1 s=READY pgs=9 cs=0 l=1 rev1=1 crypto rx=0x7f60180099c0 tx=0x7f6018006eb0 comp rx=0 tx=0).stop
2026-02-20T03:39:43.073 INFO:teuthology.orchestra.run.trial010.stdout:/usr/bin/ceph: stderr
2026-02-20T03:39:43.044+0000 7f6034e67640 1 -- 10.20.193.10:0/3270618288 >> [v2:10.20.193.10:3300/0,v1:10.20.193.10:6789/0] conn(0x7f603010ba70 msgr2=0x7f60301a03c0 secure :-1 s=STATE_CONNECTION_ESTABLISHED l=1).mark_down
2026-02-20T03:39:43.073 INFO:teuthology.orchestra.run.trial010.stdout:/usr/bin/ceph: stderr
2026-02-20T03:39:43.044+0000 7f6034e67640 1 --2- 10.20.193.10:0/3270618288 >> [v2:10.20.193.10:3300/0,v1:10.20.193.10:6789/0] conn(0x7f603010ba70 0x7f60301a03c0 secure :-1 s=READY pgs=40 cs=0 l=1 rev1=1 crypto rx=0x7f6024006fd0 tx=0x7f6024037bb0 comp rx=0 tx=0).stop
2026-02-20T03:39:43.073 INFO:teuthology.orchestra.run.trial010.stdout:/usr/bin/ceph: stderr
2026-02-20T03:39:43.044+0000 7f6034e67640 1 -- 10.20.193.10:0/3270618288 shutdown_connections
2026-02-20T03:39:43.073 INFO:teuthology.orchestra.run.trial010.stdout:/usr/bin/ceph: stderr
2026-02-20T03:39:43.044+0000 7f6034e67640 1 --2- 10.20.193.10:0/3270618288 >> [v2:10.20.193.10:6800/3639433945,v1:10.20.193.10:6801/3639433945] conn(0x7f600803dad0 0x7f600803ff90 unknown :-1 s=CLOSED pgs=9 cs=0 l=1 rev1=1 crypto rx=0 tx=0 comp rx=0 tx=0).stop
2026-02-20T03:39:43.073 INFO:teuthology.orchestra.run.trial010.stdout:/usr/bin/ceph: stderr
2026-02-20T03:39:43.044+0000 7f6034e67640 1 --2- 10.20.193.10:0/3270618288 >> [v2:10.20.193.10:3300/0,v1:10.20.193.10:6789/0] conn(0x7f603010ba70 0x7f60301a03c0 unknown :-1 s=CLOSED pgs=40 cs=0 l=1 rev1=1 crypto rx=0 tx=0 comp rx=0 tx=0).stop
2026-02-20T03:39:43.073 INFO:teuthology.orchestra.run.trial010.stdout:/usr/bin/ceph: stderr
2026-02-20T03:39:43.044+0000 7f6034e67640 1 -- 10.20.193.10:0/3270618288 >> 10.20.193.10:0/3270618288 conn(0x7f603007d9d0 msgr2=0x7f6030108690 unknown :-1 s=STATE_NONE l=0).mark_down
2026-02-20T03:39:43.073 INFO:teuthology.orchestra.run.trial010.stdout:/usr/bin/ceph: stderr
2026-02-20T03:39:43.044+0000 7f6034e67640 1 -- 10.20.193.10:0/3270618288 shutdown_connections
2026-02-20T03:39:43.073 INFO:teuthology.orchestra.run.trial010.stdout:/usr/bin/ceph: stderr
2026-02-20T03:39:43.044+0000 7f6034e67640 1 -- 10.20.193.10:0/3270618288 wait complete.
2026-02-20T03:39:43.248 INFO:journalctl@ceph.mgr.x.trial010.stdout:Feb 20 03:39:43 trial010 ceph-bc1737b6-0e0d-11f1-8de4-d404e6e7d460-mgr-x[41111]: Generating public/private ed25519 key pair.
2026-02-20T03:39:43.248 INFO:journalctl@ceph.mgr.x.trial010.stdout:Feb 20 03:39:43 trial010 ceph-bc1737b6-0e0d-11f1-8de4-d404e6e7d460-mgr-x[41111]: Your identification has been saved in /tmp/tmp8xaqwkpb/key
2026-02-20T03:39:43.248 INFO:journalctl@ceph.mgr.x.trial010.stdout:Feb 20 03:39:43 trial010 ceph-bc1737b6-0e0d-11f1-8de4-d404e6e7d460-mgr-x[41111]: Your public key has been saved in /tmp/tmp8xaqwkpb/key.pub
2026-02-20T03:39:43.248 INFO:journalctl@ceph.mgr.x.trial010.stdout:Feb 20 03:39:43 trial010 ceph-bc1737b6-0e0d-11f1-8de4-d404e6e7d460-mgr-x[41111]: The key fingerprint is:
2026-02-20T03:39:43.248 INFO:journalctl@ceph.mgr.x.trial010.stdout:Feb 20 03:39:43 trial010 ceph-bc1737b6-0e0d-11f1-8de4-d404e6e7d460-mgr-x[41111]: SHA256:8BbfyK1EMrS4dUJc02d7YjDVDrFHtNR7UMPJZhkxMXs ceph-bc1737b6-0e0d-11f1-8de4-d404e6e7d460
2026-02-20T03:39:43.248 INFO:journalctl@ceph.mgr.x.trial010.stdout:Feb 20 03:39:43 trial010 ceph-bc1737b6-0e0d-11f1-8de4-d404e6e7d460-mgr-x[41111]: The key's randomart image is:
2026-02-20T03:39:43.249 INFO:journalctl@ceph.mgr.x.trial010.stdout:Feb 20 03:39:43 trial010 ceph-bc1737b6-0e0d-11f1-8de4-d404e6e7d460-mgr-x[41111]: +--[ED25519 256]--+
2026-02-20T03:39:43.249 INFO:journalctl@ceph.mgr.x.trial010.stdout:Feb 20 03:39:43 trial010 ceph-bc1737b6-0e0d-11f1-8de4-d404e6e7d460-mgr-x[41111]: | .o.o. .=&@|
2026-02-20T03:39:43.249 INFO:journalctl@ceph.mgr.x.trial010.stdout:Feb 20 03:39:43 trial010 ceph-bc1737b6-0e0d-11f1-8de4-d404e6e7d460-mgr-x[41111]: | +.. .+ *XO|
2026-02-20T03:39:43.249 INFO:journalctl@ceph.mgr.x.trial010.stdout:Feb 20 03:39:43 trial010 ceph-bc1737b6-0e0d-11f1-8de4-d404e6e7d460-mgr-x[41111]: | o B o =+BE|
2026-02-20T03:39:43.249 INFO:journalctl@ceph.mgr.x.trial010.stdout:Feb 20 03:39:43 trial010 ceph-bc1737b6-0e0d-11f1-8de4-d404e6e7d460-mgr-x[41111]: | = X + +o=|
2026-02-20T03:39:43.249 INFO:journalctl@ceph.mgr.x.trial010.stdout:Feb 20 03:39:43 trial010 ceph-bc1737b6-0e0d-11f1-8de4-d404e6e7d460-mgr-x[41111]: | . S = o. o.|
2026-02-20T03:39:43.249 INFO:journalctl@ceph.mgr.x.trial010.stdout:Feb 20 03:39:43 trial010 ceph-bc1737b6-0e0d-11f1-8de4-d404e6e7d460-mgr-x[41111]: | . . . |
2026-02-20T03:39:43.249 INFO:journalctl@ceph.mgr.x.trial010.stdout:Feb 20 03:39:43 trial010 ceph-bc1737b6-0e0d-11f1-8de4-d404e6e7d460-mgr-x[41111]: | . |
2026-02-20T03:39:43.249 INFO:journalctl@ceph.mgr.x.trial010.stdout:Feb 20 03:39:43 trial010 ceph-bc1737b6-0e0d-11f1-8de4-d404e6e7d460-mgr-x[41111]: | |
2026-02-20T03:39:43.249 INFO:journalctl@ceph.mgr.x.trial010.stdout:Feb 20 03:39:43 trial010 ceph-bc1737b6-0e0d-11f1-8de4-d404e6e7d460-mgr-x[41111]: | |
2026-02-20T03:39:43.249 INFO:journalctl@ceph.mgr.x.trial010.stdout:Feb 20 03:39:43 trial010 ceph-bc1737b6-0e0d-11f1-8de4-d404e6e7d460-mgr-x[41111]: +----[SHA256]-----+
2026-02-20T03:39:43.274 INFO:teuthology.orchestra.run.trial010.stdout:/usr/bin/ceph: stdout ssh-ed25519 AAAAC3NzaC1lZDI1NTE5AAAAIJAV/fmsw0gQ6qMrxF6zrO9HRMouTxalXS29vFN1mY19 ceph-bc1737b6-0e0d-11f1-8de4-d404e6e7d460
2026-02-20T03:39:43.274 INFO:teuthology.orchestra.run.trial010.stdout:/usr/bin/ceph: stderr
2026-02-20T03:39:43.158+0000 7f63df338640 1 Processor -- start
2026-02-20T03:39:43.274 INFO:teuthology.orchestra.run.trial010.stdout:/usr/bin/ceph: stderr
2026-02-20T03:39:43.159+0000 7f63df338640 1 -- start start
2026-02-20T03:39:43.274 INFO:teuthology.orchestra.run.trial010.stdout:/usr/bin/ceph: stderr
2026-02-20T03:39:43.159+0000 7f63df338640 1 --2- >> [v2:10.20.193.10:3300/0,v1:10.20.193.10:6789/0] conn(0x7f63d810ba70 0x7f63d810be70 unknown :-1 s=NONE pgs=0 cs=0 l=0 rev1=0 crypto rx=0 tx=0 comp rx=0 tx=0).connect
2026-02-20T03:39:43.275 INFO:teuthology.orchestra.run.trial010.stdout:/usr/bin/ceph: stderr
2026-02-20T03:39:43.159+0000 7f63df338640 1 -- --> [v2:10.20.193.10:3300/0,v1:10.20.193.10:6789/0] -- mon_getmap magic: 0 -- 0x7f63d810c440 con 0x7f63d810ba70
2026-02-20T03:39:43.275 INFO:teuthology.orchestra.run.trial010.stdout:/usr/bin/ceph: stderr
2026-02-20T03:39:43.159+0000 7f63dd0ad640 1 --2- >> [v2:10.20.193.10:3300/0,v1:10.20.193.10:6789/0] conn(0x7f63d810ba70 0x7f63d810be70 unknown :-1 s=BANNER_CONNECTING pgs=0 cs=0 l=0 rev1=0 crypto rx=0 tx=0 comp rx=0 tx=0)._handle_peer_banner_payload supported=3 required=0
2026-02-20T03:39:43.275 INFO:teuthology.orchestra.run.trial010.stdout:/usr/bin/ceph: stderr
2026-02-20T03:39:43.159+0000 7f63dd0ad640 1 --2- >> [v2:10.20.193.10:3300/0,v1:10.20.193.10:6789/0] conn(0x7f63d810ba70 0x7f63d810be70 unknown :-1 s=HELLO_CONNECTING pgs=0 cs=0 l=0 rev1=1 crypto rx=0 tx=0 comp rx=0 tx=0).handle_hello peer v2:10.20.193.10:3300/0 says I am v2:10.20.193.10:46480/0 (socket says 10.20.193.10:46480)
2026-02-20T03:39:43.275 INFO:teuthology.orchestra.run.trial010.stdout:/usr/bin/ceph: stderr
2026-02-20T03:39:43.159+0000 7f63dd0ad640 1 -- 10.20.193.10:0/1639708851 learned_addr learned my addr 10.20.193.10:0/1639708851 (peer_addr_for_me v2:10.20.193.10:0/0)
2026-02-20T03:39:43.275 INFO:teuthology.orchestra.run.trial010.stdout:/usr/bin/ceph: stderr
2026-02-20T03:39:43.159+0000 7f63dd0ad640 1 -- 10.20.193.10:0/1639708851 --> [v2:10.20.193.10:3300/0,v1:10.20.193.10:6789/0] -- mon_subscribe({config=0+,monmap=0+}) -- 0x7f63d810a680 con 0x7f63d810ba70
2026-02-20T03:39:43.275 INFO:teuthology.orchestra.run.trial010.stdout:/usr/bin/ceph: stderr
2026-02-20T03:39:43.159+0000 7f63dd0ad640 1 --2- 10.20.193.10:0/1639708851 >> [v2:10.20.193.10:3300/0,v1:10.20.193.10:6789/0] conn(0x7f63d810ba70 0x7f63d810be70 secure :-1 s=READY pgs=41 cs=0 l=1 rev1=1 crypto rx=0x7f63c8009920 tx=0x7f63c802ef20 comp rx=0 tx=0).ready entity=mon.0 client_cookie=3dd4e30e4fbad06a server_cookie=0 in_seq=0 out_seq=0
2026-02-20T03:39:43.275 INFO:teuthology.orchestra.run.trial010.stdout:/usr/bin/ceph: stderr
2026-02-20T03:39:43.160+0000 7f63c7fff640 1 -- 10.20.193.10:0/1639708851 <== mon.0 v2:10.20.193.10:3300/0 1 ==== mon_map magic: 0 ==== 205+0+0 (secure 0 0 0) 0x7f63c803c070 con 0x7f63d810ba70
2026-02-20T03:39:43.275 INFO:teuthology.orchestra.run.trial010.stdout:/usr/bin/ceph: stderr
2026-02-20T03:39:43.160+0000 7f63c7fff640 1 -- 10.20.193.10:0/1639708851 <== mon.0 v2:10.20.193.10:3300/0 2 ==== config(26 keys) ==== 1045+0+0 (secure 0 0 0) 0x7f63c8037440 con 0x7f63d810ba70
2026-02-20T03:39:43.275 INFO:teuthology.orchestra.run.trial010.stdout:/usr/bin/ceph: stderr
2026-02-20T03:39:43.160+0000 7f63c7fff640 1 -- 10.20.193.10:0/1639708851 <== mon.0 v2:10.20.193.10:3300/0 3 ==== mon_map magic: 0 ==== 205+0+0 (secure 0 0 0) 0x7f63c80354b0 con 0x7f63d810ba70
2026-02-20T03:39:43.275 INFO:teuthology.orchestra.run.trial010.stdout:/usr/bin/ceph: stderr
2026-02-20T03:39:43.160+0000 7f63df338640 1 -- 10.20.193.10:0/1639708851 >> [v2:10.20.193.10:3300/0,v1:10.20.193.10:6789/0] conn(0x7f63d810ba70 msgr2=0x7f63d810be70 secure :-1 s=STATE_CONNECTION_ESTABLISHED l=1).mark_down
2026-02-20T03:39:43.275 INFO:teuthology.orchestra.run.trial010.stdout:/usr/bin/ceph: stderr
2026-02-20T03:39:43.160+0000 7f63df338640 1 --2- 10.20.193.10:0/1639708851 >> [v2:10.20.193.10:3300/0,v1:10.20.193.10:6789/0] conn(0x7f63d810ba70 0x7f63d810be70 secure :-1 s=READY pgs=41 cs=0 l=1 rev1=1 crypto rx=0x7f63c8009920 tx=0x7f63c802ef20 comp rx=0 tx=0).stop
2026-02-20T03:39:43.276 INFO:teuthology.orchestra.run.trial010.stdout:/usr/bin/ceph: stderr
2026-02-20T03:39:43.160+0000 7f63df338640 1 -- 10.20.193.10:0/1639708851 shutdown_connections
2026-02-20T03:39:43.276 INFO:teuthology.orchestra.run.trial010.stdout:/usr/bin/ceph: stderr
2026-02-20T03:39:43.160+0000 7f63df338640 1 --2- 10.20.193.10:0/1639708851 >> [v2:10.20.193.10:3300/0,v1:10.20.193.10:6789/0] conn(0x7f63d810ba70 0x7f63d810be70 unknown :-1 s=CLOSED pgs=41 cs=0 l=1 rev1=1 crypto rx=0 tx=0 comp rx=0 tx=0).stop
2026-02-20T03:39:43.276 INFO:teuthology.orchestra.run.trial010.stdout:/usr/bin/ceph: stderr
2026-02-20T03:39:43.160+0000 7f63df338640 1 -- 10.20.193.10:0/1639708851 >> 10.20.193.10:0/1639708851 conn(0x7f63d807d9d0 msgr2=0x7f63d807dde0 unknown :-1 s=STATE_NONE l=0).mark_down
2026-02-20T03:39:43.276 INFO:teuthology.orchestra.run.trial010.stdout:/usr/bin/ceph: stderr
2026-02-20T03:39:43.160+0000 7f63df338640 1 -- 10.20.193.10:0/1639708851 shutdown_connections
2026-02-20T03:39:43.276 INFO:teuthology.orchestra.run.trial010.stdout:/usr/bin/ceph: stderr
2026-02-20T03:39:43.160+0000 7f63df338640 1 -- 10.20.193.10:0/1639708851 wait complete.
2026-02-20T03:39:43.276 INFO:teuthology.orchestra.run.trial010.stdout:/usr/bin/ceph: stderr
2026-02-20T03:39:43.160+0000 7f63df338640 1 Processor -- start
2026-02-20T03:39:43.276 INFO:teuthology.orchestra.run.trial010.stdout:/usr/bin/ceph: stderr
2026-02-20T03:39:43.160+0000 7f63df338640 1 -- start start
2026-02-20T03:39:43.276 INFO:teuthology.orchestra.run.trial010.stdout:/usr/bin/ceph: stderr
2026-02-20T03:39:43.160+0000 7f63df338640 1 --2- >> [v2:10.20.193.10:3300/0,v1:10.20.193.10:6789/0] conn(0x7f63d810ba70 0x7f63d81a03c0 unknown :-1 s=NONE pgs=0 cs=0 l=1 rev1=0 crypto rx=0 tx=0 comp rx=0 tx=0).connect
2026-02-20T03:39:43.276 INFO:teuthology.orchestra.run.trial010.stdout:/usr/bin/ceph: stderr
2026-02-20T03:39:43.160+0000 7f63df338640 1 -- --> [v2:10.20.193.10:3300/0,v1:10.20.193.10:6789/0] -- mon_getmap magic: 0 -- 0x7f63d810e8c0 con 0x7f63d810ba70
2026-02-20T03:39:43.276 INFO:teuthology.orchestra.run.trial010.stdout:/usr/bin/ceph: stderr
2026-02-20T03:39:43.160+0000 7f63dd0ad640 1 --2- >> [v2:10.20.193.10:3300/0,v1:10.20.193.10:6789/0] conn(0x7f63d810ba70 0x7f63d81a03c0 unknown :-1 s=BANNER_CONNECTING pgs=0 cs=0 l=1 rev1=0 crypto rx=0 tx=0 comp rx=0 tx=0)._handle_peer_banner_payload supported=3 required=0
2026-02-20T03:39:43.276 INFO:teuthology.orchestra.run.trial010.stdout:/usr/bin/ceph: stderr
2026-02-20T03:39:43.161+0000 7f63dd0ad640 1 --2- >> [v2:10.20.193.10:3300/0,v1:10.20.193.10:6789/0] conn(0x7f63d810ba70 0x7f63d81a03c0 unknown :-1 s=HELLO_CONNECTING pgs=0 cs=0 l=1 rev1=1 crypto rx=0 tx=0 comp rx=0 tx=0).handle_hello peer v2:10.20.193.10:3300/0 says I am v2:10.20.193.10:46496/0 (socket says 10.20.193.10:46496)
2026-02-20T03:39:43.276 INFO:teuthology.orchestra.run.trial010.stdout:/usr/bin/ceph: stderr
2026-02-20T03:39:43.161+0000 7f63dd0ad640 1 -- 10.20.193.10:0/284049388 learned_addr learned my addr 10.20.193.10:0/284049388 (peer_addr_for_me v2:10.20.193.10:0/0)
2026-02-20T03:39:43.277 INFO:teuthology.orchestra.run.trial010.stdout:/usr/bin/ceph: stderr
2026-02-20T03:39:43.161+0000 7f63dd0ad640 1 -- 10.20.193.10:0/284049388 --> [v2:10.20.193.10:3300/0,v1:10.20.193.10:6789/0] -- mon_subscribe({config=0+,monmap=0+}) -- 0x7f63d81a0900 con 0x7f63d810ba70
2026-02-20T03:39:43.277 INFO:teuthology.orchestra.run.trial010.stdout:/usr/bin/ceph: stderr
2026-02-20T03:39:43.161+0000 7f63dd0ad640 1 --2- 10.20.193.10:0/284049388 >> [v2:10.20.193.10:3300/0,v1:10.20.193.10:6789/0] conn(0x7f63d810ba70 0x7f63d81a03c0 secure :-1 s=READY pgs=42 cs=0 l=1 rev1=1 crypto rx=0x7f63c8006fd0 tx=0x7f63c8037bb0 comp rx=0 tx=0).ready entity=mon.0 client_cookie=0 server_cookie=0 in_seq=0 out_seq=0
2026-02-20T03:39:43.277 INFO:teuthology.orchestra.run.trial010.stdout:/usr/bin/ceph: stderr
2026-02-20T03:39:43.161+0000 7f63c67fc640 1 -- 10.20.193.10:0/284049388 <== mon.0 v2:10.20.193.10:3300/0 1 ==== mon_map magic: 0 ==== 205+0+0 (secure 0 0 0) 0x7f63c8045070 con 0x7f63d810ba70
2026-02-20T03:39:43.277 INFO:teuthology.orchestra.run.trial010.stdout:/usr/bin/ceph: stderr
2026-02-20T03:39:43.161+0000 7f63c67fc640 1 -- 10.20.193.10:0/284049388 <== mon.0 v2:10.20.193.10:3300/0 2 ==== config(26 keys) ==== 1045+0+0 (secure 0 0 0) 0x7f63c8040450 con 0x7f63d810ba70
2026-02-20T03:39:43.277 INFO:teuthology.orchestra.run.trial010.stdout:/usr/bin/ceph: stderr
2026-02-20T03:39:43.161+0000 7f63df338640 1 -- 10.20.193.10:0/284049388 --> [v2:10.20.193.10:3300/0,v1:10.20.193.10:6789/0] -- mon_subscribe({mgrmap=0+}) -- 0x7f63d81a0b90 con 0x7f63d810ba70
2026-02-20T03:39:43.277 INFO:teuthology.orchestra.run.trial010.stdout:/usr/bin/ceph: stderr
2026-02-20T03:39:43.161+0000 7f63c67fc640 1 -- 10.20.193.10:0/284049388 <== mon.0 v2:10.20.193.10:3300/0 3 ==== mon_map magic: 0 ==== 205+0+0 (secure 0 0 0) 0x7f63c803c070 con 0x7f63d810ba70
2026-02-20T03:39:43.277 INFO:teuthology.orchestra.run.trial010.stdout:/usr/bin/ceph: stderr
2026-02-20T03:39:43.161+0000 7f63df338640 1 -- 10.20.193.10:0/284049388 --> [v2:10.20.193.10:3300/0,v1:10.20.193.10:6789/0] -- mon_subscribe({osdmap=0}) -- 0x7f63d81a3880 con 0x7f63d810ba70
2026-02-20T03:39:43.277 INFO:teuthology.orchestra.run.trial010.stdout:/usr/bin/ceph: stderr
2026-02-20T03:39:43.161+0000 7f63df338640 1 -- 10.20.193.10:0/284049388 --> [v2:10.20.193.10:3300/0,v1:10.20.193.10:6789/0] -- mon_command({"prefix": "get_command_descriptions"} v 0) -- 0x7f63d810bef0 con 0x7f63d810ba70
2026-02-20T03:39:43.277 INFO:teuthology.orchestra.run.trial010.stdout:/usr/bin/ceph: stderr
2026-02-20T03:39:43.161+0000 7f63c67fc640 1 -- 10.20.193.10:0/284049388 <== mon.0 v2:10.20.193.10:3300/0 4 ==== mgrmap(e 7) ==== 50141+0+0 (secure 0 0 0) 0x7f63c8035af0 con 0x7f63d810ba70
2026-02-20T03:39:43.277 INFO:teuthology.orchestra.run.trial010.stdout:/usr/bin/ceph: stderr
2026-02-20T03:39:43.162+0000 7f63c67fc640 1 --2- 10.20.193.10:0/284049388 >> [v2:10.20.193.10:6800/3639433945,v1:10.20.193.10:6801/3639433945] conn(0x7f63b403da80 0x7f63b403ff40 unknown :-1 s=NONE pgs=0 cs=0 l=1 rev1=0 crypto rx=0 tx=0 comp rx=0 tx=0).connect
2026-02-20T03:39:43.277 INFO:teuthology.orchestra.run.trial010.stdout:/usr/bin/ceph: stderr
2026-02-20T03:39:43.162+0000 7f63c67fc640 1 -- 10.20.193.10:0/284049388 <== mon.0 v2:10.20.193.10:3300/0 5 ==== osd_map(2..2 src has 1..2) ==== 940+0+0 (secure 0 0 0) 0x7f63c8076530 con 0x7f63d810ba70
2026-02-20T03:39:43.277 INFO:teuthology.orchestra.run.trial010.stdout:/usr/bin/ceph: stderr
2026-02-20T03:39:43.162+0000 7f63dc8ac640 1 --2- 10.20.193.10:0/284049388 >> [v2:10.20.193.10:6800/3639433945,v1:10.20.193.10:6801/3639433945] conn(0x7f63b403da80 0x7f63b403ff40 unknown :-1 s=BANNER_CONNECTING pgs=0 cs=0 l=1 rev1=0 crypto rx=0 tx=0 comp rx=0 tx=0)._handle_peer_banner_payload supported=3 required=0
2026-02-20T03:39:43.278 INFO:teuthology.orchestra.run.trial010.stdout:/usr/bin/ceph: stderr
2026-02-20T03:39:43.162+0000 7f63dc8ac640 1 --2- 10.20.193.10:0/284049388 >> [v2:10.20.193.10:6800/3639433945,v1:10.20.193.10:6801/3639433945] conn(0x7f63b403da80 0x7f63b403ff40 secure :-1 s=READY pgs=10 cs=0 l=1 rev1=1 crypto rx=0x7f63cc0099c0 tx=0x7f63cc006eb0 comp rx=0 tx=0).ready entity=mgr.14118 client_cookie=0 server_cookie=0 in_seq=0 out_seq=0
2026-02-20T03:39:43.278 INFO:teuthology.orchestra.run.trial010.stdout:/usr/bin/ceph: stderr
2026-02-20T03:39:43.164+0000 7f63c67fc640 1 -- 10.20.193.10:0/284049388 <== mon.0 v2:10.20.193.10:3300/0 6 ==== mon_command_ack([{"prefix": "get_command_descriptions"}]=0 v0) ==== 72+0+195341 (secure 0 0 0) 0x7f63c8033200 con 0x7f63d810ba70
2026-02-20T03:39:43.278 INFO:teuthology.orchestra.run.trial010.stdout:/usr/bin/ceph: stderr
2026-02-20T03:39:43.246+0000 7f63df338640 1 -- 10.20.193.10:0/284049388 --> [v2:10.20.193.10:6800/3639433945,v1:10.20.193.10:6801/3639433945] -- mgr_command(tid 0: {"prefix": "cephadm get-pub-key", "target": ["mon-mgr", ""]}) -- 0x7f63d8108da0 con 0x7f63b403da80
2026-02-20T03:39:43.278 INFO:teuthology.orchestra.run.trial010.stdout:/usr/bin/ceph: stderr
2026-02-20T03:39:43.247+0000 7f63c67fc640 1 -- 10.20.193.10:0/284049388 <== mgr.14118 v2:10.20.193.10:6800/3639433945 1 ==== mgr_command_reply(tid 0: 0 ) ==== 8+0+123 (secure 0 0 0) 0x7f63d8108da0 con 0x7f63b403da80
2026-02-20T03:39:43.278 INFO:teuthology.orchestra.run.trial010.stdout:/usr/bin/ceph: stderr
2026-02-20T03:39:43.248+0000 7f63df338640 1 -- 10.20.193.10:0/284049388 >> [v2:10.20.193.10:6800/3639433945,v1:10.20.193.10:6801/3639433945] conn(0x7f63b403da80 msgr2=0x7f63b403ff40 secure :-1 s=STATE_CONNECTION_ESTABLISHED l=1).mark_down
2026-02-20T03:39:43.278 INFO:teuthology.orchestra.run.trial010.stdout:/usr/bin/ceph: stderr
2026-02-20T03:39:43.248+0000 7f63df338640 1 --2- 10.20.193.10:0/284049388 >> [v2:10.20.193.10:6800/3639433945,v1:10.20.193.10:6801/3639433945] conn(0x7f63b403da80 0x7f63b403ff40 secure :-1 s=READY pgs=10 cs=0 l=1 rev1=1 crypto rx=0x7f63cc0099c0 tx=0x7f63cc006eb0 comp rx=0 tx=0).stop
2026-02-20T03:39:43.278 INFO:teuthology.orchestra.run.trial010.stdout:/usr/bin/ceph: stderr
2026-02-20T03:39:43.248+0000 7f63df338640 1 -- 10.20.193.10:0/284049388 >> [v2:10.20.193.10:3300/0,v1:10.20.193.10:6789/0] conn(0x7f63d810ba70 msgr2=0x7f63d81a03c0 secure :-1 s=STATE_CONNECTION_ESTABLISHED l=1).mark_down
2026-02-20T03:39:43.278 INFO:teuthology.orchestra.run.trial010.stdout:/usr/bin/ceph: stderr
2026-02-20T03:39:43.248+0000 7f63df338640 1 --2- 10.20.193.10:0/284049388 >> [v2:10.20.193.10:3300/0,v1:10.20.193.10:6789/0] conn(0x7f63d810ba70 0x7f63d81a03c0 secure :-1 s=READY pgs=42 cs=0 l=1 rev1=1 crypto rx=0x7f63c8006fd0 tx=0x7f63c8037bb0 comp rx=0 tx=0).stop
2026-02-20T03:39:43.278 INFO:teuthology.orchestra.run.trial010.stdout:/usr/bin/ceph: stderr
2026-02-20T03:39:43.248+0000 7f63df338640 1 -- 10.20.193.10:0/284049388 shutdown_connections
2026-02-20T03:39:43.278 INFO:teuthology.orchestra.run.trial010.stdout:/usr/bin/ceph: stderr
2026-02-20T03:39:43.248+0000 7f63df338640 1 --2- 10.20.193.10:0/284049388 >> [v2:10.20.193.10:6800/3639433945,v1:10.20.193.10:6801/3639433945] conn(0x7f63b403da80 0x7f63b403ff40 unknown :-1 s=CLOSED pgs=10 cs=0 l=1 rev1=1 crypto rx=0 tx=0 comp rx=0 tx=0).stop
2026-02-20T03:39:43.278 INFO:teuthology.orchestra.run.trial010.stdout:/usr/bin/ceph: stderr
2026-02-20T03:39:43.248+0000 7f63df338640 1 --2- 10.20.193.10:0/284049388 >> [v2:10.20.193.10:3300/0,v1:10.20.193.10:6789/0] conn(0x7f63d810ba70 0x7f63d81a03c0 unknown :-1 s=CLOSED pgs=42 cs=0 l=1 rev1=1 crypto rx=0 tx=0 comp rx=0 tx=0).stop
2026-02-20T03:39:43.279 INFO:teuthology.orchestra.run.trial010.stdout:/usr/bin/ceph: stderr
2026-02-20T03:39:43.248+0000 7f63df338640 1 -- 10.20.193.10:0/284049388 >> 10.20.193.10:0/284049388 conn(0x7f63d807d9d0 msgr2=0x7f63d8108690 unknown :-1 s=STATE_NONE l=0).mark_down
2026-02-20T03:39:43.279 INFO:teuthology.orchestra.run.trial010.stdout:/usr/bin/ceph: stderr
2026-02-20T03:39:43.248+0000 7f63df338640 1 -- 10.20.193.10:0/284049388 shutdown_connections
2026-02-20T03:39:43.279 INFO:teuthology.orchestra.run.trial010.stdout:/usr/bin/ceph: stderr
2026-02-20T03:39:43.248+0000 7f63df338640 1 -- 10.20.193.10:0/284049388 wait complete.
2026-02-20T03:39:43.279 INFO:teuthology.orchestra.run.trial010.stdout:Wrote public SSH key to /home/ubuntu/cephtest/ceph.pub
2026-02-20T03:39:43.279 INFO:teuthology.orchestra.run.trial010.stdout:Adding key to root@localhost authorized_keys...
2026-02-20T03:39:43.279 INFO:teuthology.orchestra.run.trial010.stdout:Adding host trial010...
2026-02-20T03:39:43.766 INFO:journalctl@ceph.mon.a.trial010.stdout:Feb 20 03:39:43 trial010 ceph-mon[40841]: [20/Feb/2026:03:39:42] ENGINE Bus STARTING
2026-02-20T03:39:43.766 INFO:journalctl@ceph.mon.a.trial010.stdout:Feb 20 03:39:43 trial010 ceph-mon[40841]: from='client.14122 -' entity='client.admin' cmd=[{"prefix": "get_command_descriptions"}]: dispatch
2026-02-20T03:39:43.766 INFO:journalctl@ceph.mon.a.trial010.stdout:Feb 20 03:39:43 trial010 ceph-mon[40841]: from='client.14122 -' entity='client.admin' cmd=[{"prefix": "mgr_status"}]: dispatch
2026-02-20T03:39:43.766 INFO:journalctl@ceph.mon.a.trial010.stdout:Feb 20 03:39:43 trial010 ceph-mon[40841]: [20/Feb/2026:03:39:42] ENGINE Serving on https://10.20.193.10:7150
2026-02-20T03:39:43.767 INFO:journalctl@ceph.mon.a.trial010.stdout:Feb 20 03:39:43 trial010 ceph-mon[40841]: [20/Feb/2026:03:39:42] ENGINE Client ('10.20.193.10', 42218) lost — peer dropped the TLS connection suddenly, during handshake: (6, 'TLS/SSL connection has been closed (EOF) (_ssl.c:1147)')
2026-02-20T03:39:43.767 INFO:journalctl@ceph.mon.a.trial010.stdout:Feb 20 03:39:43 trial010 ceph-mon[40841]: [20/Feb/2026:03:39:42] ENGINE Serving on http://10.20.193.10:8765
2026-02-20T03:39:43.767 INFO:journalctl@ceph.mon.a.trial010.stdout:Feb 20 03:39:43 trial010 ceph-mon[40841]: [20/Feb/2026:03:39:42] ENGINE Bus STARTED
2026-02-20T03:39:43.767 INFO:journalctl@ceph.mon.a.trial010.stdout:Feb 20 03:39:43 trial010 ceph-mon[40841]: from='client.14130 -' entity='client.admin' cmd=[{"prefix": "orch set backend", "module_name": "cephadm", "target": ["mon-mgr", ""]}]: dispatch
2026-02-20T03:39:43.767 INFO:journalctl@ceph.mon.a.trial010.stdout:Feb 20 03:39:43 trial010 ceph-mon[40841]: from='mgr.14118 10.20.193.10:0/392779667' entity='mgr.x'
2026-02-20T03:39:43.767 INFO:journalctl@ceph.mon.a.trial010.stdout:Feb 20 03:39:43 trial010 ceph-mon[40841]: from='mgr.14118 10.20.193.10:0/392779667' entity='mgr.x'
2026-02-20T03:39:44.822 INFO:journalctl@ceph.mon.a.trial010.stdout:Feb 20 03:39:44 trial010 ceph-mon[40841]: from='client.14132 -' entity='client.admin' cmd=[{"prefix": "cephadm set-user", "user": "root", "target": ["mon-mgr", ""]}]: dispatch
2026-02-20T03:39:44.822 INFO:journalctl@ceph.mon.a.trial010.stdout:Feb 20 03:39:44 trial010 ceph-mon[40841]: from='client.14134 -' entity='client.admin' cmd=[{"prefix": "cephadm generate-key", "target": ["mon-mgr", ""]}]: dispatch
2026-02-20T03:39:44.822 INFO:journalctl@ceph.mon.a.trial010.stdout:Feb 20 03:39:44 trial010 ceph-mon[40841]: Generating ssh key...
2026-02-20T03:39:44.822 INFO:journalctl@ceph.mon.a.trial010.stdout:Feb 20 03:39:44 trial010 ceph-mon[40841]: from='client.14136 -' entity='client.admin' cmd=[{"prefix": "cephadm get-pub-key", "target": ["mon-mgr", ""]}]: dispatch
2026-02-20T03:39:44.822 INFO:journalctl@ceph.mon.a.trial010.stdout:Feb 20 03:39:44 trial010 ceph-mon[40841]: from='client.14138 -' entity='client.admin' cmd=[{"prefix": "orch host add", "hostname": "trial010", "addr": "10.20.193.10", "target": ["mon-mgr", ""]}]: dispatch
2026-02-20T03:39:44.822 INFO:journalctl@ceph.mon.a.trial010.stdout:Feb 20 03:39:44 trial010 ceph-mon[40841]: mgrmap e8: x(active, since 2s)
2026-02-20T03:39:44.907 INFO:teuthology.orchestra.run.trial010.stdout:/usr/bin/ceph: stdout Added host 'trial010' with addr '10.20.193.10'
2026-02-20T03:39:44.907 INFO:teuthology.orchestra.run.trial010.stdout:/usr/bin/ceph: stderr
2026-02-20T03:39:43.362+0000 7f26c7dae640 1 Processor -- start
2026-02-20T03:39:44.907 INFO:teuthology.orchestra.run.trial010.stdout:/usr/bin/ceph: stderr
2026-02-20T03:39:43.362+0000 7f26c7dae640 1 -- start start
2026-02-20T03:39:44.907 INFO:teuthology.orchestra.run.trial010.stdout:/usr/bin/ceph: stderr
2026-02-20T03:39:43.362+0000 7f26c7dae640 1 --2- >> [v2:10.20.193.10:3300/0,v1:10.20.193.10:6789/0] conn(0x7f26c007eea0 0x7f26c007d300 unknown :-1 s=NONE pgs=0 cs=0 l=0 rev1=0 crypto rx=0 tx=0 comp rx=0 tx=0).connect
2026-02-20T03:39:44.907 INFO:teuthology.orchestra.run.trial010.stdout:/usr/bin/ceph: stderr
2026-02-20T03:39:43.362+0000 7f26c7dae640 1 -- --> [v2:10.20.193.10:3300/0,v1:10.20.193.10:6789/0] -- mon_getmap magic: 0 -- 0x7f26c007d840 con 0x7f26c007eea0
2026-02-20T03:39:44.907 INFO:teuthology.orchestra.run.trial010.stdout:/usr/bin/ceph: stderr
2026-02-20T03:39:43.362+0000 7f26c5b23640 1 --2- >> [v2:10.20.193.10:3300/0,v1:10.20.193.10:6789/0] conn(0x7f26c007eea0 0x7f26c007d300 unknown :-1 s=BANNER_CONNECTING pgs=0 cs=0 l=0 rev1=0 crypto rx=0 tx=0 comp rx=0 tx=0)._handle_peer_banner_payload supported=3 required=0
2026-02-20T03:39:44.907 INFO:teuthology.orchestra.run.trial010.stdout:/usr/bin/ceph: stderr
2026-02-20T03:39:43.362+0000 7f26c5b23640 1 --2- >> [v2:10.20.193.10:3300/0,v1:10.20.193.10:6789/0] conn(0x7f26c007eea0 0x7f26c007d300 unknown :-1 s=HELLO_CONNECTING pgs=0 cs=0 l=0 rev1=1 crypto rx=0 tx=0 comp rx=0 tx=0).handle_hello peer v2:10.20.193.10:3300/0 says I am v2:10.20.193.10:46512/0 (socket says 10.20.193.10:46512)
2026-02-20T03:39:44.908 INFO:teuthology.orchestra.run.trial010.stdout:/usr/bin/ceph: stderr
2026-02-20T03:39:43.362+0000 7f26c5b23640 1 -- 10.20.193.10:0/3148531056 learned_addr learned my addr 10.20.193.10:0/3148531056 (peer_addr_for_me v2:10.20.193.10:0/0)
2026-02-20T03:39:44.908 INFO:teuthology.orchestra.run.trial010.stdout:/usr/bin/ceph: stderr
2026-02-20T03:39:43.363+0000 7f26c5b23640 1 -- 10.20.193.10:0/3148531056 --> [v2:10.20.193.10:3300/0,v1:10.20.193.10:6789/0] -- mon_subscribe({config=0+,monmap=0+}) -- 0x7f26c007d9c0 con 0x7f26c007eea0
2026-02-20T03:39:44.908 INFO:teuthology.orchestra.run.trial010.stdout:/usr/bin/ceph: stderr
2026-02-20T03:39:43.363+0000 7f26c5b23640 1 --2- 10.20.193.10:0/3148531056 >> [v2:10.20.193.10:3300/0,v1:10.20.193.10:6789/0] conn(0x7f26c007eea0 0x7f26c007d300 secure :-1 s=READY pgs=43 cs=0 l=1 rev1=1 crypto rx=0x7f26b0009920 tx=0x7f26b002ef20 comp rx=0 tx=0).ready entity=mon.0 client_cookie=13561a3e2651a568 server_cookie=0 in_seq=0 out_seq=0
2026-02-20T03:39:44.908 INFO:teuthology.orchestra.run.trial010.stdout:/usr/bin/ceph: stderr
2026-02-20T03:39:43.363+0000 7f26c4b21640 1 -- 10.20.193.10:0/3148531056 <== mon.0 v2:10.20.193.10:3300/0 1 ==== mon_map magic: 0 ==== 205+0+0 (secure 0 0 0) 0x7f26b003c070 con 0x7f26c007eea0
2026-02-20T03:39:44.908 INFO:teuthology.orchestra.run.trial010.stdout:/usr/bin/ceph: stderr
2026-02-20T03:39:43.363+0000 7f26c4b21640 1 -- 10.20.193.10:0/3148531056 <== mon.0 v2:10.20.193.10:3300/0 2 ==== config(26 keys) ==== 1045+0+0 (secure 0 0 0) 0x7f26b0037440 con 0x7f26c007eea0
2026-02-20T03:39:44.908 INFO:teuthology.orchestra.run.trial010.stdout:/usr/bin/ceph: stderr
2026-02-20T03:39:43.363+0000 7f26c4b21640 1 -- 10.20.193.10:0/3148531056 <== mon.0 v2:10.20.193.10:3300/0 3 ==== mon_map magic: 0 ==== 205+0+0 (secure 0 0 0) 0x7f26b00354b0 con 0x7f26c007eea0
2026-02-20T03:39:44.908 INFO:teuthology.orchestra.run.trial010.stdout:/usr/bin/ceph: stderr
2026-02-20T03:39:43.363+0000 7f26c7dae640 1 -- 10.20.193.10:0/3148531056 >> [v2:10.20.193.10:3300/0,v1:10.20.193.10:6789/0] conn(0x7f26c007eea0 msgr2=0x7f26c007d300 secure :-1 s=STATE_CONNECTION_ESTABLISHED l=1).mark_down
2026-02-20T03:39:44.908 INFO:teuthology.orchestra.run.trial010.stdout:/usr/bin/ceph: stderr
2026-02-20T03:39:43.363+0000 7f26c7dae640 1 --2- 10.20.193.10:0/3148531056 >> [v2:10.20.193.10:3300/0,v1:10.20.193.10:6789/0] conn(0x7f26c007eea0 0x7f26c007d300 secure :-1 s=READY pgs=43 cs=0 l=1 rev1=1 crypto rx=0x7f26b0009920 tx=0x7f26b002ef20 comp rx=0 tx=0).stop
2026-02-20T03:39:44.908 INFO:teuthology.orchestra.run.trial010.stdout:/usr/bin/ceph: stderr
2026-02-20T03:39:43.363+0000 7f26c7dae640 1 -- 10.20.193.10:0/3148531056 shutdown_connections
2026-02-20T03:39:44.908 INFO:teuthology.orchestra.run.trial010.stdout:/usr/bin/ceph: stderr
2026-02-20T03:39:43.363+0000 7f26c7dae640 1 --2- 10.20.193.10:0/3148531056 >> [v2:10.20.193.10:3300/0,v1:10.20.193.10:6789/0] conn(0x7f26c007eea0 0x7f26c007d300 unknown :-1 s=CLOSED pgs=43 cs=0 l=1 rev1=1 crypto rx=0 tx=0 comp rx=0 tx=0).stop
2026-02-20T03:39:44.908 INFO:teuthology.orchestra.run.trial010.stdout:/usr/bin/ceph: stderr
2026-02-20T03:39:43.363+0000 7f26c7dae640 1 -- 10.20.193.10:0/3148531056 >> 10.20.193.10:0/3148531056 conn(0x7f26c01039d0 msgr2=0x7f26c0105df0 unknown :-1 s=STATE_NONE l=0).mark_down
2026-02-20T03:39:44.909 INFO:teuthology.orchestra.run.trial010.stdout:/usr/bin/ceph: stderr
2026-02-20T03:39:43.363+0000 7f26c7dae640 1 -- 10.20.193.10:0/3148531056 shutdown_connections
2026-02-20T03:39:44.909 INFO:teuthology.orchestra.run.trial010.stdout:/usr/bin/ceph: stderr
2026-02-20T03:39:43.363+0000 7f26c7dae640 1 -- 10.20.193.10:0/3148531056 wait complete.
2026-02-20T03:39:44.909 INFO:teuthology.orchestra.run.trial010.stdout:/usr/bin/ceph: stderr
2026-02-20T03:39:43.364+0000 7f26c7dae640 1 Processor -- start
2026-02-20T03:39:44.909 INFO:teuthology.orchestra.run.trial010.stdout:/usr/bin/ceph: stderr
2026-02-20T03:39:43.364+0000 7f26c7dae640 1 -- start start
2026-02-20T03:39:44.909 INFO:teuthology.orchestra.run.trial010.stdout:/usr/bin/ceph: stderr
2026-02-20T03:39:43.364+0000 7f26c7dae640 1 --2- >> [v2:10.20.193.10:3300/0,v1:10.20.193.10:6789/0] conn(0x7f26c007eea0 0x7f26c010b4b0 unknown :-1 s=NONE pgs=0 cs=0 l=1 rev1=0 crypto rx=0 tx=0 comp rx=0 tx=0).connect
2026-02-20T03:39:44.909 INFO:teuthology.orchestra.run.trial010.stdout:/usr/bin/ceph: stderr
2026-02-20T03:39:43.364+0000 7f26c7dae640 1 -- --> [v2:10.20.193.10:3300/0,v1:10.20.193.10:6789/0] -- mon_getmap magic: 0 -- 0x7f26c010e730 con 0x7f26c007eea0
2026-02-20T03:39:44.909 INFO:teuthology.orchestra.run.trial010.stdout:/usr/bin/ceph: stderr
2026-02-20T03:39:43.364+0000 7f26c5b23640 1 --2- >> [v2:10.20.193.10:3300/0,v1:10.20.193.10:6789/0] conn(0x7f26c007eea0 0x7f26c010b4b0 unknown :-1 s=BANNER_CONNECTING pgs=0 cs=0 l=1 rev1=0 crypto rx=0 tx=0 comp rx=0 tx=0)._handle_peer_banner_payload supported=3 required=0
2026-02-20T03:39:44.909 INFO:teuthology.orchestra.run.trial010.stdout:/usr/bin/ceph: stderr
2026-02-20T03:39:43.364+0000 7f26c5b23640 1 --2- >> [v2:10.20.193.10:3300/0,v1:10.20.193.10:6789/0] conn(0x7f26c007eea0 0x7f26c010b4b0 unknown :-1 s=HELLO_CONNECTING pgs=0 cs=0 l=1 rev1=1 crypto rx=0 tx=0 comp rx=0 tx=0).handle_hello peer v2:10.20.193.10:3300/0 says I am v2:10.20.193.10:46524/0 (socket says 10.20.193.10:46524)
2026-02-20T03:39:44.909 INFO:teuthology.orchestra.run.trial010.stdout:/usr/bin/ceph: stderr
2026-02-20T03:39:43.364+0000 7f26c5b23640 1 -- 10.20.193.10:0/1022881410 learned_addr learned my addr 10.20.193.10:0/1022881410 (peer_addr_for_me v2:10.20.193.10:0/0)
2026-02-20T03:39:44.909 INFO:teuthology.orchestra.run.trial010.stdout:/usr/bin/ceph: stderr
2026-02-20T03:39:43.364+0000 7f26c5b23640 1 -- 10.20.193.10:0/1022881410 --> [v2:10.20.193.10:3300/0,v1:10.20.193.10:6789/0] -- mon_subscribe({config=0+,monmap=0+}) -- 0x7f26c010b9f0 con 0x7f26c007eea0
2026-02-20T03:39:44.909 INFO:teuthology.orchestra.run.trial010.stdout:/usr/bin/ceph: stderr
2026-02-20T03:39:43.364+0000 7f26c5b23640 1 --2- 10.20.193.10:0/1022881410 >> [v2:10.20.193.10:3300/0,v1:10.20.193.10:6789/0] conn(0x7f26c007eea0 0x7f26c010b4b0 secure :-1 s=READY pgs=44 cs=0 l=1 rev1=1 crypto rx=0x7f26b0009a50 tx=0x7f26b0037b90 comp rx=0 tx=0).ready entity=mon.0 client_cookie=0 server_cookie=0 in_seq=0 out_seq=0
2026-02-20T03:39:44.910 INFO:teuthology.orchestra.run.trial010.stdout:/usr/bin/ceph: stderr
2026-02-20T03:39:43.364+0000 7f26aeffd640 1 -- 10.20.193.10:0/1022881410 <== mon.0 v2:10.20.193.10:3300/0 1 ==== mon_map magic: 0 ==== 205+0+0 (secure 0 0 0) 0x7f26b0045070 con 0x7f26c007eea0
2026-02-20T03:39:44.910 INFO:teuthology.orchestra.run.trial010.stdout:/usr/bin/ceph: stderr
2026-02-20T03:39:43.364+0000 7f26aeffd640 1 -- 10.20.193.10:0/1022881410 <== mon.0 v2:10.20.193.10:3300/0 2 ==== config(26 keys) ==== 1045+0+0 (secure 0 0 0) 0x7f26b0040450 con 0x7f26c007eea0
2026-02-20T03:39:44.910 INFO:teuthology.orchestra.run.trial010.stdout:/usr/bin/ceph: stderr
2026-02-20T03:39:43.364+0000 7f26c7dae640 1 -- 10.20.193.10:0/1022881410 --> [v2:10.20.193.10:3300/0,v1:10.20.193.10:6789/0] -- mon_subscribe({mgrmap=0+}) -- 0x7f26c010bc80 con 0x7f26c007eea0
2026-02-20T03:39:44.910 INFO:teuthology.orchestra.run.trial010.stdout:/usr/bin/ceph: stderr
2026-02-20T03:39:43.364+0000 7f26aeffd640 1 -- 10.20.193.10:0/1022881410 <== mon.0 v2:10.20.193.10:3300/0 3 ==== mon_map magic: 0 ==== 205+0+0 (secure 0 0 0) 0x7f26b003c070 con 0x7f26c007eea0
2026-02-20T03:39:44.910 INFO:teuthology.orchestra.run.trial010.stdout:/usr/bin/ceph: stderr
2026-02-20T03:39:43.364+0000 7f26c7dae640 1 -- 10.20.193.10:0/1022881410 --> [v2:10.20.193.10:3300/0,v1:10.20.193.10:6789/0] -- mon_subscribe({osdmap=0}) -- 0x7f26c0107ff0 con 0x7f26c007eea0
2026-02-20T03:39:44.910 INFO:teuthology.orchestra.run.trial010.stdout:/usr/bin/ceph: stderr
2026-02-20T03:39:43.365+0000 7f26c7dae640 1 -- 10.20.193.10:0/1022881410 --> [v2:10.20.193.10:3300/0,v1:10.20.193.10:6789/0] -- mon_command({"prefix": "get_command_descriptions"} v 0) -- 0x7f26c007d380 con 0x7f26c007eea0
2026-02-20T03:39:44.910 INFO:teuthology.orchestra.run.trial010.stdout:/usr/bin/ceph: stderr
2026-02-20T03:39:43.365+0000 7f26aeffd640 1 -- 10.20.193.10:0/1022881410 <== mon.0 v2:10.20.193.10:3300/0 4 ==== mgrmap(e 7) ==== 50141+0+0 (secure 0 0 0) 0x7f26b0040900 con 0x7f26c007eea0
2026-02-20T03:39:44.910 INFO:teuthology.orchestra.run.trial010.stdout:/usr/bin/ceph: stderr
2026-02-20T03:39:43.365+0000 7f26aeffd640 1 --2- 10.20.193.10:0/1022881410 >> [v2:10.20.193.10:6800/3639433945,v1:10.20.193.10:6801/3639433945] conn(0x7f269c03dad0 0x7f269c03ff90 unknown :-1 s=NONE pgs=0 cs=0 l=1 rev1=0 crypto rx=0 tx=0 comp rx=0 tx=0).connect
2026-02-20T03:39:44.910 INFO:teuthology.orchestra.run.trial010.stdout:/usr/bin/ceph: stderr
2026-02-20T03:39:43.365+0000 7f26aeffd640 1 -- 10.20.193.10:0/1022881410 <== mon.0 v2:10.20.193.10:3300/0 5 ==== osd_map(2..2 src has 1..2) ==== 940+0+0 (secure 0 0 0) 0x7f26b0076560 con 0x7f26c007eea0
2026-02-20T03:39:44.910 INFO:teuthology.orchestra.run.trial010.stdout:/usr/bin/ceph: stderr
2026-02-20T03:39:43.365+0000 7f26c5322640 1 --2- 10.20.193.10:0/1022881410 >> [v2:10.20.193.10:6800/3639433945,v1:10.20.193.10:6801/3639433945] conn(0x7f269c03dad0 0x7f269c03ff90 unknown :-1 s=BANNER_CONNECTING pgs=0 cs=0 l=1 rev1=0 crypto rx=0 tx=0 comp rx=0 tx=0)._handle_peer_banner_payload supported=3 required=0
2026-02-20T03:39:44.910 INFO:teuthology.orchestra.run.trial010.stdout:/usr/bin/ceph: stderr
2026-02-20T03:39:43.365+0000 7f26c5322640 1 --2- 10.20.193.10:0/1022881410 >> [v2:10.20.193.10:6800/3639433945,v1:10.20.193.10:6801/3639433945] conn(0x7f269c03dad0 0x7f269c03ff90 secure :-1 s=READY pgs=11 cs=0 l=1 rev1=1 crypto rx=0x7f26b40099c0 tx=0x7f26b4006eb0 comp rx=0 tx=0).ready entity=mgr.14118 client_cookie=0 server_cookie=0 in_seq=0 out_seq=0
2026-02-20T03:39:44.910 INFO:teuthology.orchestra.run.trial010.stdout:/usr/bin/ceph: stderr
2026-02-20T03:39:43.368+0000 7f26aeffd640 1 -- 10.20.193.10:0/1022881410 <== mon.0 v2:10.20.193.10:3300/0 6 ==== mon_command_ack([{"prefix": "get_command_descriptions"}]=0 v0) ==== 72+0+195341 (secure 0 0 0) 0x7f26b003fe40 con 0x7f26c007eea0
2026-02-20T03:39:44.911 INFO:teuthology.orchestra.run.trial010.stdout:/usr/bin/ceph: stderr
2026-02-20T03:39:43.453+0000 7f26c7dae640 1 -- 10.20.193.10:0/1022881410 --> [v2:10.20.193.10:6800/3639433945,v1:10.20.193.10:6801/3639433945] -- mgr_command(tid 0: {"prefix": "orch host add", "hostname": "trial010", "addr": "10.20.193.10", "target": ["mon-mgr", ""]}) -- 0x7f26c0108980 con 0x7f269c03dad0
2026-02-20T03:39:44.911 INFO:teuthology.orchestra.run.trial010.stdout:/usr/bin/ceph: stderr
2026-02-20T03:39:44.044+0000 7f26aeffd640 1 -- 10.20.193.10:0/1022881410 <== mon.0 v2:10.20.193.10:3300/0 7 ==== mgrmap(e 8) ==== 50247+0+0 (secure 0 0 0) 0x7f26b0035aa0 con 0x7f26c007eea0
2026-02-20T03:39:44.911 INFO:teuthology.orchestra.run.trial010.stdout:/usr/bin/ceph: stderr
2026-02-20T03:39:44.858+0000 7f26aeffd640 1 -- 10.20.193.10:0/1022881410 <== mgr.14118 v2:10.20.193.10:6800/3639433945 1 ==== mgr_command_reply(tid 0: 0 ) ==== 8+0+47 (secure 0 0 0) 0x7f26c0108980 con 0x7f269c03dad0
2026-02-20T03:39:44.911 INFO:teuthology.orchestra.run.trial010.stdout:/usr/bin/ceph: stderr
2026-02-20T03:39:44.860+0000 7f26c7dae640 1 -- 10.20.193.10:0/1022881410 >> [v2:10.20.193.10:6800/3639433945,v1:10.20.193.10:6801/3639433945] conn(0x7f269c03dad0 msgr2=0x7f269c03ff90 secure :-1 s=STATE_CONNECTION_ESTABLISHED l=1).mark_down
2026-02-20T03:39:44.911 INFO:teuthology.orchestra.run.trial010.stdout:/usr/bin/ceph: stderr
2026-02-20T03:39:44.860+0000 7f26c7dae640 1 --2- 10.20.193.10:0/1022881410 >> [v2:10.20.193.10:6800/3639433945,v1:10.20.193.10:6801/3639433945] conn(0x7f269c03dad0 0x7f269c03ff90 secure :-1 s=READY pgs=11 cs=0 l=1 rev1=1 crypto rx=0x7f26b40099c0 tx=0x7f26b4006eb0 comp rx=0 tx=0).stop
2026-02-20T03:39:44.911 INFO:teuthology.orchestra.run.trial010.stdout:/usr/bin/ceph: stderr
2026-02-20T03:39:44.860+0000 7f26c7dae640 1 -- 10.20.193.10:0/1022881410 >> [v2:10.20.193.10:3300/0,v1:10.20.193.10:6789/0] conn(0x7f26c007eea0 msgr2=0x7f26c010b4b0 secure :-1 s=STATE_CONNECTION_ESTABLISHED l=1).mark_down
2026-02-20T03:39:44.911 INFO:teuthology.orchestra.run.trial010.stdout:/usr/bin/ceph: stderr
2026-02-20T03:39:44.860+0000 7f26c7dae640 1 --2- 10.20.193.10:0/1022881410 >> [v2:10.20.193.10:3300/0,v1:10.20.193.10:6789/0] conn(0x7f26c007eea0 0x7f26c010b4b0 secure :-1 s=READY pgs=44 cs=0 l=1 rev1=1 crypto rx=0x7f26b0009a50 tx=0x7f26b0037b90 comp rx=0 tx=0).stop
2026-02-20T03:39:44.911 INFO:teuthology.orchestra.run.trial010.stdout:/usr/bin/ceph: stderr
2026-02-20T03:39:44.861+0000 7f26c7dae640 1 -- 10.20.193.10:0/1022881410 shutdown_connections
2026-02-20T03:39:44.911 INFO:teuthology.orchestra.run.trial010.stdout:/usr/bin/ceph: stderr
2026-02-20T03:39:44.861+0000 7f26c7dae640 1 --2- 10.20.193.10:0/1022881410 >> [v2:10.20.193.10:6800/3639433945,v1:10.20.193.10:6801/3639433945] conn(0x7f269c03dad0 0x7f269c03ff90 unknown :-1 s=CLOSED pgs=11 cs=0 l=1 rev1=1 crypto rx=0 tx=0 comp rx=0 tx=0).stop
2026-02-20T03:39:44.911 INFO:teuthology.orchestra.run.trial010.stdout:/usr/bin/ceph: stderr
2026-02-20T03:39:44.861+0000 7f26c7dae640 1 --2- 10.20.193.10:0/1022881410 >> [v2:10.20.193.10:3300/0,v1:10.20.193.10:6789/0] conn(0x7f26c007eea0 0x7f26c010b4b0 unknown :-1 s=CLOSED pgs=44 cs=0 l=1 rev1=1 crypto rx=0 tx=0 comp rx=0 tx=0).stop
2026-02-20T03:39:44.911 INFO:teuthology.orchestra.run.trial010.stdout:/usr/bin/ceph: stderr
2026-02-20T03:39:44.861+0000 7f26c7dae640 1 -- 10.20.193.10:0/1022881410 >> 10.20.193.10:0/1022881410 conn(0x7f26c01039d0 msgr2=0x7f26c0104500 unknown :-1 s=STATE_NONE l=0).mark_down
2026-02-20T03:39:44.911 INFO:teuthology.orchestra.run.trial010.stdout:/usr/bin/ceph: stderr
2026-02-20T03:39:44.861+0000 7f26c7dae640 1 -- 10.20.193.10:0/1022881410 shutdown_connections
2026-02-20T03:39:44.912 INFO:teuthology.orchestra.run.trial010.stdout:/usr/bin/ceph: stderr
2026-02-20T03:39:44.861+0000 7f26c7dae640 1 -- 10.20.193.10:0/1022881410 wait complete.
2026-02-20T03:39:44.912 INFO:teuthology.orchestra.run.trial010.stdout:Deploying unmanaged mon service...
2026-02-20T03:39:45.146 INFO:teuthology.orchestra.run.trial010.stdout:/usr/bin/ceph: stdout Scheduled mon update...
2026-02-20T03:39:45.146 INFO:teuthology.orchestra.run.trial010.stdout:/usr/bin/ceph: stderr
