2026-02-11T23:30:21.111+0000 7feb32fea640 20 osd.1 31 tick_without_osd_lock max_waiting_epoch 32, requesting new map
2026-02-11T23:30:21.111+0000 7feb32fea640 10 monclient: _renew_subs
2026-02-11T23:30:21.111+0000 7feb32fea640 10 monclient: _send_mon_message to mon.a at v2:127.0.0.1:7180/0
2026-02-11T23:30:21.111+0000 7feb32fea640 1 -- [v2:127.0.0.1:6810/4244365097,v1:127.0.0.1:6811/4244365097] --> v2:127.0.0.1:7180/0 -- mon_subscribe({osdmap=32}) -- 0x4d6eb60 con 0x420fc00
2026-02-11T23:30:21.111+0000 7feb32fea640 20 osd.1 osd-scrub:scrub_time_permit: should run between 0 - 0 now 23 = yes
2026-02-11T23:30:21.111+0000 7feb32fea640 20 osd.1 osd-scrub:scrub_load_below_threshold: loadavg per cpu 0.166 < max 2000.000 (#CPUs:24) = yes
2026-02-11T23:30:21.111+0000 7feb32fea640 10 osd.1 osd-scrub:initiate_scrub: scrub scheduling (@tick) starts. time now:2026-02-11T23:30:21.111, recovery is active?:false restrictions:<....>
2026-02-11T23:30:21.111+0000 7feb32fea640 20 osd.1 osd-scrub: scrub-queue jobs: 1.0/sh,nb:2026-02-13T08:49:08.071,(periodic-regular,tr:2026-02-13T08:49:08.071)
2026-02-11T23:30:21.111+0000 7feb32fea640 20 osd.1 osd-scrub: scrub-queue jobs: 1.0/dp,nb:2026-02-18T01:41:47.690,(periodic-regular,tr:2026-02-18T01:41:47.690)
2026-02-11T23:30:21.111+0000 7feb32fea640 20 osd.1 osd-scrub:initiate_scrub: no PGs are ready for scrubbing
2026-02-11T23:30:21.111+0000 7feb32fea640 10 osd.1 31 promote_throttle_recalibrate 0 attempts, promoted 0 objects and 0 B; target 25 obj/sec or 5 MiB/sec
2026-02-11T23:30:21.111+0000 7feb32fea640 20 osd.1 31 promote_throttle_recalibrate new_prob 1000
2026-02-11T23:30:21.111+0000 7feb32fea640 10 osd.1 31 promote_throttle_recalibrate actual 0, actual/prob ratio 1, adjusted new_prob 1000, prob 1000 -> 1000
2026-02-11T23:30:21.111+0000 7feb32fea640 20 osd.1 31 maybe_send_beacon beacon would be too frequent; skipping
2026-02-11T23:30:21.111+0000 7feb2d2e0640 1 -- [v2:127.0.0.1:6810/4244365097,v1:127.0.0.1:6811/4244365097] <== mon.0 v2:127.0.0.1:7180/0 29 ==== osd_map(32..32 src has 1..32) ==== 296+0+0 (crc 0 0 0) 0x48c3a40 con 0x420fc00
2026-02-11T23:30:21.111+0000 7feb2d2e0640 20 osd.1 31 OSD::ms_dispatch: osd_map(32..32 src has 1..32)
2026-02-11T23:30:21.111+0000 7feb2d2e0640 20 osd.1 31 _dispatch 0x48c3a40 osd_map(32..32 src has 1..32)
2026-02-11T23:30:21.111+0000 7feb2d2e0640 3 osd.1 31 handle_osd_map epochs [32,32], i have 31, src has [1,32]
2026-02-11T23:30:21.111+0000 7feb2d2e0640 10 osd.1 31 handle_osd_map: received 0 full maps and 1 incremental maps
2026-02-11T23:30:21.111+0000 7feb2d2e0640 10 osd.1 31 handle_osd_map got inc map for epoch 32
2026-02-11T23:30:21.111+0000 7feb2d2e0640 20 osd.1 31 got_full_map 32, nothing requested
2026-02-11T23:30:21.111+0000 7feb2d2e0640 20 osd.1 31 trim_maps: min=0 oldest_map=1
2026-02-11T23:30:21.111+0000 7feb2d2e0640 20 osd.1 31 handle_osd_map pg_num_history pg_num_history(e32 pg_nums {1={24=1},2={31=1}} deleted_pools )
2026-02-11T23:30:21.111+0000 7feb2d2e0640 10 snap_mapper record_purged_snaps purged_snaps {32={}}
2026-02-11T23:30:21.111+0000 7feb2d2e0640 10 snap_mapper record_purged_snaps rm 0 keys, set 0 keys
2026-02-11T23:30:21.111+0000 7feb2d2e0640 10 write_superblock sb(c7e182d9-676d-4eeb-80b1-915a88d421e5 osd.1 3395b6b5-e3fc-4ea5-a967-ca9cbc43ca79 e32 maps [1~32] lci=[9,32] tlb=1)
2026-02-11T23:30:21.111+0000 7feb29583640 10 osd.1 31 _committed_osd_maps 32..32
2026-02-11T23:30:21.111+0000 7feb29583640 10 osd.1 31 advance to epoch 32 (<= last 32 <= newest_map 32)
2026-02-11T23:30:21.111+0000 7feb29583640 20 osd.1 32 consume_map version 32
2026-02-11T23:30:21.111+0000 7feb29583640 20 osd.1 31 await_reserved_maps epoch:32
2026-02-11T23:30:21.111+0000 7feb29583640 20 osd.1 31 await_reserved_maps done 0
2026-02-11T23:30:21.111+0000 7feb29583640 20 osd.1 32 consume_map 32 -- publish done
2026-02-11T23:30:21.111+0000 7feb29583640 20 osd.1:0.identify_splits_and_merges identify_splits_and_merges 2 slots
2026-02-11T23:30:21.111+0000 7feb29583640 20 osd.1:0.identify_splits_and_merges identify_splits_and_merges slot pgid:2.0slot:0x2e802c0
2026-02-11T23:30:21.111+0000 7feb29583640 20 osd.1:0.identify_splits_and_merges identify_splits_and_merges slot 2.0 has no pg and waiting_for_split
2026-02-11T23:30:21.111+0000 7feb29583640 20 osd.1:0.identify_splits_and_merges identify_splits_and_merges slot pgid:1.0slot:0x2e28dc0
2026-02-11T23:30:21.111+0000 7feb29583640 20 osd.1 32 identify_splits_and_merges 1.0 e31 to e32
2026-02-11T23:30:21.111+0000 7feb29583640 20 osd.1 32 identify_splits_and_merges 1.0 e31 to e32 pg_nums {24=1}
2026-02-11T23:30:21.111+0000 7feb29583640 20 osd.1:0.identify_splits_and_merges identify_splits_and_merges 0 splits, 0 merges
2026-02-11T23:30:21.111+0000 7feb29583640 20 osd.1:1.identify_splits_and_merges identify_splits_and_merges 0 slots
2026-02-11T23:30:21.111+0000 7feb29583640 20 osd.1:1.identify_splits_and_merges identify_splits_and_merges 0 splits, 0 merges
2026-02-11T23:30:21.111+0000 7feb29583640 20 osd.1:2.identify_splits_and_merges identify_splits_and_merges 0 slots
2026-02-11T23:30:21.111+0000 7feb29583640 20 osd.1:2.identify_splits_and_merges identify_splits_and_merges 0 splits, 0 merges
2026-02-11T23:30:21.111+0000 7feb29583640 20 osd.1:3.identify_splits_and_merges identify_splits_and_merges 0 slots
2026-02-11T23:30:21.111+0000 7feb29583640 20 osd.1:3.identify_splits_and_merges identify_splits_and_merges 0 splits, 0 merges
2026-02-11T23:30:21.111+0000 7feb29583640 20 osd.1:4.identify_splits_and_merges identify_splits_and_merges 0 slots
2026-02-11T23:30:21.111+0000 7feb29583640 20 osd.1:4.identify_splits_and_merges identify_splits_and_merges 0 splits, 0 merges
2026-02-11T23:30:21.111+0000 7feb29583640 20 osd.1:5.identify_splits_and_merges identify_splits_and_merges 0 slots
2026-02-11T23:30:21.111+0000 7feb29583640 20 osd.1:5.identify_splits_and_merges identify_splits_and_merges 0 splits, 0 merges
2026-02-11T23:30:21.111+0000 7feb29583640 20 osd.1:6.identify_splits_and_merges identify_splits_and_merges 0 slots
2026-02-11T23:30:21.111+0000 7feb29583640 20 osd.1:6.identify_splits_and_merges identify_splits_and_merges 0 splits, 0 merges
2026-02-11T23:30:21.111+0000 7feb29583640 20 osd.1:7.identify_splits_and_merges identify_splits_and_merges 0 slots
2026-02-11T23:30:21.111+0000 7feb29583640 20 osd.1:7.identify_splits_and_merges identify_splits_and_merges 0 splits, 0 merges
2026-02-11T23:30:21.111+0000 7feb29583640 20 osd.1 32 prune_pg_created
2026-02-11T23:30:21.111+0000 7feb29583640 10 osd.1:0.consume_map 32 (was 31)
2026-02-11T23:30:21.111+0000 7feb29583640 20 osd.1:0.consume_map consume_map 2.0
2026-02-11T23:30:21.111+0000 7feb29583640 20 osd.1:0.consume_map consume_map 2.0 pending_peering first epoch 32 <= 32, requeueing
2026-02-11T23:30:21.111+0000 7feb29583640 20 osd.1:0._wake_pg_slot _wake_pg_slot 2.0 to_process <> waiting <> waiting_peering {32=}
2026-02-11T23:30:21.111+0000 7feb29583640 20 osd.1:0.consume_map consume_map 1.0
2026-02-11T23:30:21.111+0000 7feb29583640 10 osd.1:1.consume_map 32 (was 31)
2026-02-11T23:30:21.111+0000 7feb29583640 10 osd.1:2.consume_map 32 (was 31)
2026-02-11T23:30:21.111+0000 7feb29583640 10 osd.1:3.consume_map 32 (was 31)
2026-02-11T23:30:21.111+0000 7feb29583640 10 osd.1:4.consume_map 32 (was 31)
2026-02-11T23:30:21.111+0000 7feb29583640 10 osd.1:5.consume_map 32 (was 31)
2026-02-11T23:30:21.111+0000 7feb29583640 10 osd.1:6.consume_map 32 (was 31)
2026-02-11T23:30:21.111+0000 7feb29583640 10 osd.1:7.consume_map 32 (was 31)
2026-02-11T23:30:21.111+0000 7feb29583640 10 osd.1 32 release_reserved_pushes(0), recovery_ops_reserved 0 -> 0
2026-02-11T23:30:21.111+0000 7feb29583640 15 osd.1 32 enqueue_peering_evt 1.0 epoch_sent: 32 epoch_requested: 32 NullEvt
2026-02-11T23:30:21.111+0000 7feb29583640 20 osd.1 op_wq(0) _enqueue OpSchedulerItem(1.0 PGPeeringEvent(epoch_sent: 32 epoch_requested: 32 NullEvt) class_id 2 prio 255 cost 10 e32)
2026-02-11T23:30:21.111+0000 7feb29583640 7 osd.1 32 activate_map version 32
2026-02-11T23:30:21.111+0000 7feb1bd68640 20 osd.1 op_wq(0) _process 2.0 to_process <> waiting <> waiting_peering {}
2026-02-11T23:30:21.111+0000 7feb1bd68640 20 osd.1 op_wq(0) _process OpSchedulerItem(2.0 PGPeeringEvent(epoch_sent: 32 epoch_requested: 31 MLogRec from 3 log log((0'0,0'0], crt=0'0) pi ([0,0] all_participants={} intervals=[]) pg_lease(ru 0.000000000s ub 22.419069290s int 16.000000000s) +create_info) class_id 2immediate prio 255 cost 10 e32) queued
2026-02-11T23:30:21.111+0000 7feb1bd68640 20 osd.1 op_wq(0) _process 2.0 to_process waiting <> waiting_peering {}
2026-02-11T23:30:21.111+0000 7feb1bd68640 20 osd.1 op_wq(0) _process OpSchedulerItem(2.0 PGPeeringEvent(epoch_sent: 32 epoch_requested: 31 MLogRec from 3 log log((0'0,0'0], crt=0'0) pi ([0,0] all_participants={} intervals=[]) pg_lease(ru 0.000000000s ub 22.419069290s int 16.000000000s) +create_info) class_id 2immediate prio 255 cost 10 e32) pg 0
2026-02-11T23:30:21.111+0000 7feb20571640 20 osd.1 32 agent_entry empty queue
2026-02-11T23:30:21.111+0000 7feb1bd68640 20 osd.1 op_wq(0) _process 2.0 no pg, should create on OpSchedulerItem(2.0 PGPeeringEvent(epoch_sent: 32 epoch_requested: 31 MLogRec from 3 log log((0'0,0'0], crt=0'0) pi ([0,0] all_participants={} intervals=[]) pg_lease(ru 0.000000000s ub 22.419069290s int 16.000000000s) +create_info) class_id 2immediate prio 255 cost 10 e32)
2026-02-11T23:30:21.111+0000 7feb1bd68640 10 osd.1 32 _make_pg 2.0
2026-02-11T23:30:21.111+0000 7feb1bd68640 10 snap_mapper [pg_id:0, match:0, mask_bits:0, last_key_checked:, pool:2, shard:-1, shard_prefix: , prefixes: {}] SnapMapper
2026-02-11T23:30:21.111+0000 7feb1bd68640 20 snap_mapper [pg_id:0, match:0, mask_bits:0, last_key_checked:, pool:2, shard:-1, shard_prefix: , prefixes: {}] update_bits new_bits: 0
2026-02-11T23:30:21.111+0000 7feb1bd68640 20 snap_mapper [pg_id:0, match:0, mask_bits:0, last_key_checked:, pool:2, shard:-1, shard_prefix: , prefixes: {"0000000000000002."}] update_bits prefix updated
2026-02-11T23:30:21.111+0000 7feb1bd68640 10 snap_mapper [pg_id:0, match:0, mask_bits:0, last_key_checked:, pool:2, shard:-1, shard_prefix: , prefixes: {"0000000000000002."}] reset_prefix_itr::from <0> to ::update_bits
2026-02-11T23:30:21.111+0000 7feb1bd68640 5 osd.1 pg_epoch: 31 pg[2.0(unlocked)] enter Initial
2026-02-11T23:30:21.111+0000 7feb1bd68640 20 osd.1 pg_epoch: 31 pg[2.0(unlocked)] enter NotTrimming
2026-02-11T23:30:21.111+0000 7feb1bd68640 10 osd.1 pg_epoch: 31 pg[2.0(unlocked)] scrubber: FSM: -- state -->> NotActive
2026-02-11T23:30:21.111+0000 7feb1bd68640 10 osd.1 pg_epoch: 31 pg[2.0( DNE empty local-lis/les=0/0 n=0 ec=0/0 lis/c=0/0 les/c/f=0/0/0 sis=0) [] r=-1 lpr=0 crt=0'0 unknown mbc={}] PeeringState::init init role 1 up [3,1,0] acting [3,1,0] history ec=31/31 lis/c=0/0 les/c/f=0/0/0 sis=31 past_intervals ([0,0] all_participants={} intervals=[])
2026-02-11T23:30:21.112+0000 7feb1bd68640 20 osd.1 pg_epoch: 31 pg[2.0( empty local-lis/les=0/0 n=0 ec=31/31 lis/c=0/0 les/c/f=0/0/0 sis=31) [3,1,0] r=1 lpr=0 crt=0'0 unknown mbc={}] PeeringState::on_new_interval
2026-02-11T23:30:21.112+0000 7feb1bd68640 20 osd.1 pg_epoch: 31 pg[2.0( empty local-lis/les=0/0 n=0 ec=31/31 lis/c=0/0 les/c/f=0/0/0 sis=31) [3,1,0] r=1 lpr=0 crt=0'0 unknown mbc={}] PeeringState::on_new_interval upacting_features 0x3f0ffffffffdffff from [3,1,0]+[3,1,0]
2026-02-11T23:30:21.112+0000 7feb1bd68640 20 osd.1 pg_epoch: 31 pg[2.0( empty local-lis/les=0/0 n=0 ec=31/31 lis/c=0/0 les/c/f=0/0/0 sis=31) [3,1,0] r=1 lpr=0 crt=0'0 unknown mbc={}] PeeringState::on_new_interval checking missing set deletes flag. missing = missing(0 may_include_deletes = 1)
2026-02-11T23:30:21.112+0000 7feb1bd68640 10 osd.1 pg_epoch: 31 pg[2.0( empty local-lis/les=0/0 n=0 ec=31/31 lis/c=0/0 les/c/f=0/0/0 sis=31) [3,1,0] r=1 lpr=0 crt=0'0 unknown mbc={}] PeeringState::init_hb_stamps now [0x4dd52d0]
2026-02-11T23:30:21.112+0000 7feb1bd68640 10 osd.1 pg_epoch: 31 pg[2.0( empty local-lis/les=0/0 n=0 ec=31/31 lis/c=0/0 les/c/f=0/0/0 sis=31) [3,1,0] r=1 lpr=0 crt=0'0 unknown mbc={}] PeeringState::on_new_interval prior_readable_until_ub 0.000000000s (mnow 11.965994835s + 0.000000000s)
2026-02-11T23:30:21.112+0000 7feb1bd68640 10 osd.1 pg_epoch: 31 pg[2.0( empty local-lis/les=0/0 n=0 ec=31/31 lis/c=0/0 les/c/f=0/0/0 sis=31) [3,1,0] r=1 lpr=0 crt=0'0 unknown mbc={}] cancel_recovery
2026-02-11T23:30:21.112+0000 7feb1bd68640 10 osd.1 pg_epoch: 31 pg[2.0( empty local-lis/les=0/0 n=0 ec=31/31 lis/c=0/0 les/c/f=0/0/0 sis=31) [3,1,0] r=1 lpr=0 crt=0'0 unknown mbc={}] clear_recovery_state
2026-02-11T23:30:21.112+0000 7feb1bd68640 15 osd.1 pg_epoch: 31 pg[2.0( empty local-lis/les=0/0 n=0 ec=31/31 lis/c=0/0 les/c/f=0/0/0 sis=31) [3,1,0] r=1 lpr=0 crt=0'0 unknown mbc={}] _clear_recovery_state
2026-02-11T23:30:21.112+0000 7feb1bd68640 10 osd.1 pg_epoch: 31 pg[2.0( empty local-lis/les=0/0 n=0 ec=31/31 lis/c=0/0 les/c/f=0/0/0 sis=31) [3,1,0] r=1 lpr=0 crt=0'0 unknown mbc={}] scrubber: on_new_interval: current role:Replica/other active?false q/a:false
2026-02-11T23:30:21.112+0000 7feb1bd68640 20 scrubberFSM event: --vvvv---- IntervalChanged
2026-02-11T23:30:21.112+0000 7feb1bd68640 20 scrubberFSM event: --^^^^---- IntervalChanged
2026-02-11T23:30:21.112+0000 7feb1bd68640 6 write_log_and_missing with: dirty_to: 0'0, dirty_from: 4294967295'18446744073709551615, writeout_from: 4294967295'18446744073709551615, trimmed: , trimmed_dups: , clear_divergent_priors: 0
2026-02-11T23:30:21.112+0000 7feb1bd68640 10 _write_log_and_missing clearing up to 0'0 dirty_to_dups=0'0 dirty_from_dups=4294967295'18446744073709551615 write_from_dups=4294967295'18446744073709551615 trimmed_dups.size()=0
2026-02-11T23:30:21.112+0000 7feb1bd68640 10 _write_log_and_missing going to encode log.dups.size()=0
2026-02-11T23:30:21.112+0000 7feb1bd68640 10 _write_log_and_missing 1st round encoded log.dups.size()=0
2026-02-11T23:30:21.112+0000 7feb1bd68640 10 _write_log_and_missing 2st round encoded log.dups.size()=0
2026-02-11T23:30:21.112+0000 7feb1bd68640 10 end of _write_log_and_missing
2026-02-11T23:30:21.112+0000 7feb1bd68640 10 osd.1 pg_epoch: 31 pg[2.0( empty local-lis/les=0/0 n=0 ec=31/31 lis/c=0/0 les/c/f=0/0/0 sis=31) [3,1,0] r=1 lpr=0 crt=0'0 unknown mbc={}] handle_initialize
2026-02-11T23:30:21.112+0000 7feb1bd68640 5 osd.1 pg_epoch: 31 pg[2.0( empty local-lis/les=0/0 n=0 ec=31/31 lis/c=0/0 les/c/f=0/0/0 sis=31) [3,1,0] r=1 lpr=0 crt=0'0 unknown mbc={}] exit Initial 0.000109 0 0.000000
2026-02-11T23:30:21.112+0000 7feb1bd68640 5 osd.1 pg_epoch: 31 pg[2.0( empty local-lis/les=0/0 n=0 ec=31/31 lis/c=0/0 les/c/f=0/0/0 sis=31) [3,1,0] r=1 lpr=0 crt=0'0 unknown mbc={}] enter Reset
2026-02-11T23:30:21.112+0000 7feb1bd68640 20 osd.1 pg_epoch: 31 pg[2.0( empty local-lis/les=0/0 n=0 ec=31/31 lis/c=0/0 les/c/f=0/0/0 sis=31) [3,1,0] r=1 lpr=0 crt=0'0 unknown mbc={}] PeeringState::set_last_peering_reset set_last_peering_reset 31
2026-02-11T23:30:21.112+0000 7feb1bd68640 10 osd.1 pg_epoch: 31 pg[2.0( empty local-lis/les=0/0 n=0 ec=31/31 lis/c=0/0 les/c/f=0/0/0 sis=31) [3,1,0] r=1 lpr=31 crt=0'0 unknown mbc={}] PeeringState::set_last_peering_reset Clearing blocked outgoing recovery messages
2026-02-11T23:30:21.112+0000 7feb1bd68640 10 osd.1 pg_epoch: 31 pg[2.0( empty local-lis/les=0/0 n=0 ec=31/31 lis/c=0/0 les/c/f=0/0/0 sis=31) [3,1,0] r=1 lpr=31 crt=0'0 unknown mbc={}] PeeringState::set_last_peering_reset Not blocking outgoing recovery messages
2026-02-11T23:30:21.112+0000 7feb1bd68640 10 osd.1 pg_epoch: 31 pg[2.0( empty local-lis/les=0/0 n=0 ec=31/31 lis/c=0/0 les/c/f=0/0/0 sis=31) [3,1,0] r=1 lpr=31 crt=0'0 unknown mbc={}] handle_activate_map: epoch range: 31..31
2026-02-11T23:30:21.112+0000 7feb1bd68640 10 osd.1 pg_epoch: 31 pg[2.0( empty local-lis/les=0/0 n=0 ec=31/31 lis/c=0/0 les/c/f=0/0/0 sis=31) [3,1,0] r=1 lpr=31 crt=0'0 unknown mbc={}] PeeringState::activate_map
2026-02-11T23:30:21.112+0000 7feb1bd68640 5 osd.1 pg_epoch: 31 pg[2.0( empty local-lis/les=0/0 n=0 ec=31/31 lis/c=0/0 les/c/f=0/0/0 sis=31) [3,1,0] r=1 lpr=31 crt=0'0 unknown mbc={}] exit Reset 0.000019 1 0.000016
2026-02-11T23:30:21.112+0000 7feb1bd68640 5 osd.1 pg_epoch: 31 pg[2.0( empty local-lis/les=0/0 n=0 ec=31/31 lis/c=0/0 les/c/f=0/0/0 sis=31) [3,1,0] r=1 lpr=31 crt=0'0 unknown mbc={}] enter Started
2026-02-11T23:30:21.112+0000 7feb1bd68640 5 osd.1 pg_epoch: 31 pg[2.0( empty local-lis/les=0/0 n=0 ec=31/31 lis/c=0/0 les/c/f=0/0/0 sis=31) [3,1,0] r=1 lpr=31 crt=0'0 unknown mbc={}] enter Start
2026-02-11T23:30:21.112+0000 7feb1bd68640 1 osd.1 pg_epoch: 31 pg[2.0( empty local-lis/les=0/0 n=0 ec=31/31 lis/c=0/0 les/c/f=0/0/0 sis=31) [3,1,0] r=1 lpr=31 crt=0'0 unknown mbc={}] state: transitioning to Stray
2026-02-11T23:30:21.112+0000 7feb1bd68640 5 osd.1 pg_epoch: 31 pg[2.0( empty local-lis/les=0/0 n=0 ec=31/31 lis/c=0/0 les/c/f=0/0/0 sis=31) [3,1,0] r=1 lpr=31 crt=0'0 unknown mbc={}] exit Start 0.000003 0 0.000000
2026-02-11T23:30:21.112+0000 7feb1bd68640 5 osd.1 pg_epoch: 31 pg[2.0( empty local-lis/les=0/0 n=0 ec=31/31 lis/c=0/0 les/c/f=0/0/0 sis=31) [3,1,0] r=1 lpr=31 crt=0'0 unknown mbc={}] enter Started/Stray
2026-02-11T23:30:21.112+0000 7feb1bd68640 20 osd.1 pg_epoch: 31 pg[2.0( empty local-lis/les=0/0 n=0 ec=31/31 lis/c=0/0 les/c/f=0/0/0 sis=31) [3,1,0] r=1 lpr=31 crt=0'0 unknown mbc={}] PeeringState::activate_map : Not dirtying info: last_persisted is 31 while current is 31
2026-02-11T23:30:21.112+0000 7feb1bd68640 10 log is not dirty
2026-02-11T23:30:21.112+0000 7feb1bd68640 10 osd.1 pg_epoch: 31 pg[2.0( empty local-lis/les=0/0 n=0 ec=31/31 lis/c=0/0 les/c/f=0/0/0 sis=31) [3,1,0] r=1 lpr=31 crt=0'0 unknown mbc={}] on_scrub_schedule_input_change: inactive, non-primary - or already scrubbing
2026-02-11T23:30:21.112+0000 7feb1bd68640 10 osd.1 32 handle_pg_create_info new pg pg[2.0( empty local-lis/les=0/0 n=0 ec=31/31 lis/c=0/0 les/c/f=0/0/0 sis=31) [3,1,0] r=1 lpr=31 crt=0'0 unknown mbc={}]
2026-02-11T23:30:21.112+0000 7feb1bd68640 10 osd.1:0._attach_pg 2.0 0x50c2000
2026-02-11T23:30:21.112+0000 7feb1bd68640 20 osd.1:0._wake_pg_slot _wake_pg_slot 2.0 to_process <> waiting <> waiting_peering {}
2026-02-11T23:30:21.112+0000 7feb1bd68640 20 osd.1 32 identify_splits_and_merges 2.0 e31 to e32
2026-02-11T23:30:21.112+0000 7feb1bd68640 20 osd.1 32 identify_splits_and_merges 2.0 e31 to e32 pg_nums {31=1}
2026-02-11T23:30:21.112+0000 7feb1bd68640 10 osd.1:0._prime_splits
2026-02-11T23:30:21.112+0000 7feb1bd68640 10 osd.1 pg_epoch: 31 pg[2.0( empty local-lis/les=0/0 n=0 ec=31/31 lis/c=0/0 les/c/f=0/0/0 sis=31) [3,1,0] r=1 lpr=31 crt=0'0 unknown mbc={}] handle_advance_map: 32
2026-02-11T23:30:21.112+0000 7feb1fd70640 20 osd.1 op_wq(0) _process 1.0 to_process <> waiting <> waiting_peering {}
2026-02-11T23:30:21.112+0000 7feb1fd70640 20 osd.1 op_wq(0) _process OpSchedulerItem(1.0 PGPeeringEvent(epoch_sent: 32 epoch_requested: 32 NullEvt) class_id 2immediate prio 255 cost 10 e32) queued
2026-02-11T23:30:21.112+0000 7feb1fd70640 20 osd.1 op_wq(0) _process 1.0 to_process waiting <> waiting_peering {}
2026-02-11T23:30:21.112+0000 7feb1fd70640 20 osd.1 op_wq(0) _process OpSchedulerItem(1.0 PGPeeringEvent(epoch_sent: 32 epoch_requested: 32 NullEvt) class_id 2immediate prio 255 cost 10 e32) pg 0x4f6e000
2026-02-11T23:30:21.112+0000 7feb1bd68640 20 osd.1:0.update_pg_epoch 2.0 31 -> 32
2026-02-11T23:30:21.112+0000 7feb1bd68640 10 osd.1 pg_epoch: 31 pg[2.0( empty local-lis/les=0/0 n=0 ec=31/31 lis/c=0/0 les/c/f=0/0/0 sis=31) [3,1,0] r=1 lpr=31 crt=0'0 unknown mbc={}] PeeringState::advance_map handle_advance_map [3,1,0]/[3,1,0] -- 3/3
2026-02-11T23:30:21.112+0000 7feb1fd70640 10 osd.1 pg_epoch: 31 pg[1.0( empty local-lis/les=27/28 n=0 ec=24/24 lis/c=27/27 les/c/f=28/28/0 sis=27) [1,0] r=0 lpr=27 crt=0'0 mlcod 0'0 active+clean] handle_advance_map: 32
2026-02-11T23:30:21.112+0000 7feb1fd70640 20 osd.1:0.update_pg_epoch 1.0 31 -> 32
2026-02-11T23:30:21.112+0000 7feb1bd68640 10 osd.1 pg_epoch: 32 pg[2.0( empty local-lis/les=0/0 n=0 ec=31/31 lis/c=0/0 les/c/f=0/0/0 sis=31) [3,1,0] r=1 lpr=31 crt=0'0 unknown mbc={}] state: Started advmap
2026-02-11T23:30:21.112+0000 7feb1fd70640 10 osd.1 pg_epoch: 31 pg[1.0( empty local-lis/les=27/28 n=0 ec=24/24 lis/c=27/27 les/c/f=28/28/0 sis=27) [1,0] r=0 lpr=27 crt=0'0 mlcod 0'0 active+clean] PeeringState::advance_map handle_advance_map [1,0]/[1,0] -- 1/1
2026-02-11T23:30:21.112+0000 7feb1bd68640 10 osd.1 pg_epoch: 32 pg[2.0( empty local-lis/les=0/0 n=0 ec=31/31 lis/c=0/0 les/c/f=0/0/0 sis=31) [3,1,0] r=1 lpr=31 crt=0'0 unknown mbc={}] check_recovery_sources no source osds () went down
2026-02-11T23:30:21.112+0000 7feb1bd68640 20 osd.1 32 advance_pg new pool opts old pool opts
2026-02-11T23:30:21.112+0000 7feb1fd70640 10 osd.1 pg_epoch: 32 pg[1.0( empty local-lis/les=27/28 n=0 ec=24/24 lis/c=27/27 les/c/f=28/28/0 sis=27) [1,0] r=0 lpr=27 crt=0'0 mlcod 0'0 active+clean] state: Active advmap
2026-02-11T23:30:21.112+0000 7feb1bd68640 10 osd.1 pg_epoch: 32 pg[2.0( empty local-lis/les=0/0 n=0 ec=31/31 lis/c=0/0 les/c/f=0/0/0 sis=31) [3,1,0] r=1 lpr=31 crt=0'0 unknown mbc={}] handle_activate_map: epoch range: 32..32
2026-02-11T23:30:21.112+0000 7feb1bd68640 10 osd.1 pg_epoch: 32 pg[2.0( empty local-lis/les=0/0 n=0 ec=31/31 lis/c=0/0 les/c/f=0/0/0 sis=31) [3,1,0] r=1 lpr=31 crt=0'0 unknown mbc={}] PeeringState::activate_map
2026-02-11T23:30:21.112+0000 7feb1fd70640 20 osd.1 pg_epoch: 32 pg[1.0( empty local-lis/les=27/28 n=0 ec=24/24 lis/c=27/27 les/c/f=28/28/0 sis=27) [1,0] r=0 lpr=27 crt=0'0 mlcod 0'0 active+clean] PeeringState::prepare_stats_for_publish reporting purged_snaps []
2026-02-11T23:30:21.112+0000 7feb1bd68640 20 osd.1 pg_epoch: 32 pg[2.0( empty local-lis/les=0/0 n=0 ec=31/31 lis/c=0/0 les/c/f=0/0/0 sis=31) [3,1,0] r=1 lpr=31 crt=0'0 unknown mbc={}] PeeringState::activate_map : Not dirtying info: last_persisted is 31 while current is 32
2026-02-11T23:30:21.112+0000 7feb1bd68640 10 log is not dirty
2026-02-11T23:30:21.112+0000 7feb1bd68640 10 osd.1 pg_epoch: 32 pg[2.0( empty local-lis/les=0/0 n=0 ec=31/31 lis/c=0/0 les/c/f=0/0/0 sis=31) [3,1,0] r=1 lpr=31 crt=0'0 unknown mbc={}] do_peering_event: epoch_sent: 32 epoch_requested: 31 MLogRec from 3 log log((0'0,0'0], crt=0'0) pi ([0,0] all_participants={} intervals=[]) pg_lease(ru 0.000000000s ub 22.419069290s int 16.000000000s) +create_info
2026-02-11T23:30:21.112+0000 7feb1fd70640 15 osd.1 pg_epoch: 32 pg[1.0( empty local-lis/les=27/28 n=0 ec=24/24 lis/c=27/27 les/c/f=28/28/0 sis=27) [1,0] r=0 lpr=27 crt=0'0 mlcod 0'0 active+clean] PeeringState::prepare_stats_for_publish publish_stats_to_osd 31:30
2026-02-11T23:30:21.112+0000 7feb1bd68640 10 osd.1 pg_epoch: 32 pg[2.0( empty local-lis/les=0/0 n=0 ec=31/31 lis/c=0/0 les/c/f=0/0/0 sis=31) [3,1,0] r=1 lpr=31 crt=0'0 unknown mbc={}] state: got info+log from osd.3 2.0( empty local-lis/les=31/32 n=0 ec=31/31 lis/c=0/0 les/c/f=0/0/0 sis=31) log((0'0,0'0], crt=0'0)
2026-02-11T23:30:21.112+0000 7feb1fd70640 10 osd.1 pg_epoch: 32 pg[1.0( empty local-lis/les=27/28 n=0 ec=24/24 lis/c=27/27 les/c/f=28/28/0 sis=27) [1,0] r=0 lpr=27 crt=0'0 mlcod 0'0 active+clean] state: Started advmap
2026-02-11T23:30:21.112+0000 7feb1bd68640 10 merge_log log((0'0,0'0], crt=0'0) from osd.3 into log((0'0,0'0], crt=0'0)
2026-02-11T23:30:21.112+0000 7feb1fd70640 10 osd.1 pg_epoch: 32 pg[1.0( empty local-lis/les=27/28 n=0 ec=24/24 lis/c=27/27 les/c/f=28/28/0 sis=27) [1,0] r=0 lpr=27 crt=0'0 mlcod 0'0 active+clean] check_recovery_sources no source osds () went down
2026-02-11T23:30:21.112+0000 7feb1bd68640 5 merge_log_dups log.dups.size()=0olog.dups.size()=0
2026-02-11T23:30:21.112+0000 7feb1bd68640 5 end of merge_log_dups changed=0 log.dups.size()=0 olog.dups.size()=0
2026-02-11T23:30:21.112+0000 7feb1fd70640 20 osd.1 32 advance_pg new pool opts old pool opts
2026-02-11T23:30:21.112+0000 7feb1fd70640 10 osd.1 pg_epoch: 32 pg[1.0( empty local-lis/les=27/28 n=0 ec=24/24 lis/c=27/27 les/c/f=28/28/0 sis=27) [1,0] r=0 lpr=27 crt=0'0 mlcod 0'0 active+clean] handle_activate_map: epoch range: 32..32
2026-02-11T23:30:21.112+0000 7feb1fd70640 10 osd.1 pg_epoch: 32 pg[1.0( empty local-lis/les=27/28 n=0 ec=24/24 lis/c=27/27 les/c/f=28/28/0 sis=27) [1,0] r=0 lpr=27 crt=0'0 mlcod 0'0 active+clean] PeeringState::activate_map
2026-02-11T23:30:21.112+0000 7feb1fd70640 10 osd.1 pg_epoch: 32 pg[1.0( empty local-lis/les=27/28 n=0 ec=24/24 lis/c=27/27 les/c/f=28/28/0 sis=27) [1,0] r=0 lpr=27 crt=0'0 mlcod 0'0 active+clean] state: Active: handling ActMap
2026-02-11T23:30:21.112+0000 7feb1bd68640 10 merge_log result log((0'0,0'0], crt=0'0) missing(0 may_include_deletes = 1) changed=0
2026-02-11T23:30:21.112+0000 7feb1fd70640 10 osd.1 pg_epoch: 32 pg[1.0( empty local-lis/les=27/28 n=0 ec=24/24 lis/c=27/27 les/c/f=28/28/0 sis=27) [1,0] r=0 lpr=27 crt=0'0 mlcod 0'0 active+clean] Active: kicking snap trim
2026-02-11T23:30:21.112+0000 7feb1fd70640 7 osd.1 pg_epoch: 32 pg[1.0( empty local-lis/les=27/28 n=0 ec=24/24 lis/c=27/27 les/c/f=28/28/0 sis=27) [1,0] r=0 lpr=27 crt=0'0 mlcod 0'0 active+clean] state: handle ActMap primary
2026-02-11T23:30:21.112+0000 7feb1bd68640 10 osd.1 pg_epoch: 32 pg[2.0( empty local-lis/les=0/0 n=0 ec=31/31 lis/c=0/0 les/c/f=0/0/0 sis=31) [3,1,0] r=1 lpr=31 crt=0'0 unknown mbc={}] PeeringState::proc_lease pg_lease(ru 0.000000000s ub 22.419069290s int 16.000000000s)
2026-02-11T23:30:21.112+0000 7feb1fd70640 20 osd.1 pg_epoch: 32 pg[1.0( empty local-lis/les=27/28 n=0 ec=24/24 lis/c=27/27 les/c/f=28/28/0 sis=27) [1,0] r=0 lpr=27 crt=0'0 mlcod 0'0 active+clean] PeeringState::prepare_stats_for_publish reporting purged_snaps []
2026-02-11T23:30:21.112+0000 7feb1bd68640 20 osd.1 pg_epoch: 32 pg[2.0( empty local-lis/les=0/0 n=0 ec=31/31 lis/c=0/0 les/c/f=0/0/0 sis=31) [3,1,0] r=1 lpr=31 crt=0'0 unknown mbc={}] PeeringState::proc_lease peer_clock_delta_lb -5.330000401s -> ruub 27.749069214s
2026-02-11T23:30:21.112+0000 7feb1fd70640 15 osd.1 pg_epoch: 32 pg[1.0( empty local-lis/les=27/28 n=0 ec=24/24 lis/c=27/27 les/c/f=28/28/0 sis=27) [1,0] r=0 lpr=27 crt=0'0 mlcod 0'0 active+clean] PeeringState::prepare_stats_for_publish publish_stats_to_osd 32:31
2026-02-11T23:30:21.112+0000 7feb1bd68640 20 osd.1 pg_epoch: 32 pg[2.0( empty local-lis/les=0/0 n=0 ec=31/31 lis/c=0/0 les/c/f=0/0/0 sis=31) [3,1,0] r=1 lpr=31 crt=0'0 unknown mbc={}] PeeringState::proc_lease readable_until_ub now 27.749069214s
2026-02-11T23:30:21.112+0000 7feb1fd70640 20 osd.1 pg_epoch: 32 pg[1.0( empty local-lis/les=27/28 n=0 ec=24/24 lis/c=27/27 les/c/f=28/28/0 sis=27) [1,0] r=0 lpr=27 crt=0'0 mlcod 0'0 active+clean] PeeringState::activate_map : Not dirtying info: last_persisted is 28 while current is 32
2026-02-11T23:30:21.112+0000 7feb1bd68640 5 osd.1 pg_epoch: 32 pg[2.0( empty local-lis/les=0/0 n=0 ec=31/31 lis/c=0/0 les/c/f=0/0/0 sis=31) [3,1,0] r=1 lpr=31 crt=0'0 unknown mbc={}] exit Started/Stray 0.000144 3 0.000018
2026-02-11T23:30:21.112+0000 7feb1fd70640 10 log is not dirty
2026-02-11T23:30:21.112+0000 7feb1bd68640 5 osd.1 pg_epoch: 32 pg[2.0( empty local-lis/les=0/0 n=0 ec=31/31 lis/c=0/0 les/c/f=0/0/0 sis=31) [3,1,0] r=1 lpr=31 crt=0'0 unknown mbc={}] enter Started/ReplicaActive
2026-02-11T23:30:21.112+0000 7feb1fd70640 10 osd.1 pg_epoch: 32 pg[1.0( empty local-lis/les=27/28 n=0 ec=24/24 lis/c=27/27 les/c/f=28/28/0 sis=27) [1,0] r=0 lpr=27 crt=0'0 mlcod 0'0 active+clean] do_peering_event: epoch_sent: 32 epoch_requested: 32 NullEvt
2026-02-11T23:30:21.112+0000 7feb1bd68640 5 osd.1 pg_epoch: 32 pg[2.0( empty local-lis/les=0/0 n=0 ec=31/31 lis/c=0/0 les/c/f=0/0/0 sis=31) [3,1,0] r=1 lpr=31 crt=0'0 unknown mbc={}] enter Started/ReplicaActive/RepNotRecovering
2026-02-11T23:30:21.112+0000 7feb1fd70640 10 log is not dirty
2026-02-11T23:30:21.112+0000 7feb1bd68640 10 osd.1 pg_epoch: 32 pg[2.0( empty local-lis/les=0/0 n=0 ec=31/31 lis/c=0/0 les/c/f=0/0/0 sis=31) [3,1,0] r=1 lpr=31 crt=0'0 unknown mbc={}] state: In ReplicaActive, about to call activate
2026-02-11T23:30:21.112+0000 7feb1fd70640 20 osd.1 op_wq(0) _process empty q, waiting
2026-02-11T23:30:21.112+0000 7feb1bd68640 10 osd.1 pg_epoch: 32 pg[2.0( empty local-lis/les=31/32 n=0 ec=31/31 lis/c=0/0 les/c/f=0/0/0 sis=31) [3,1,0] r=1 lpr=31 crt=0'0 unknown mbc={}] PeeringState::activate activate - no missing, moving last_complete 0'0 -> 0'0
2026-02-11T23:30:21.112+0000 7feb1bd68640 10 osd.1 pg_epoch: 32 pg[2.0( empty local-lis/les=31/32 n=0 ec=31/31 lis/c=0/0 les/c/f=0/0/0 sis=31) [3,1,0] r=1 lpr=31 crt=0'0 unknown mbc={}] scrubber: on_replica_activate
2026-02-11T23:30:21.112+0000 7feb1bd68640 20 scrubberFSM event: --vvvv---- ReplicaActivate
2026-02-11T23:30:21.112+0000 7feb1bd68640 10 osd.1 pg_epoch: 32 pg[2.0( empty local-lis/les=31/32 n=0 ec=31/31 lis/c=0/0 les/c/f=0/0/0 sis=31) [3,1,0] r=1 lpr=31 crt=0'0 unknown mbc={}] scrubber: FSM: -- state -->> ReplicaActive
2026-02-11T23:30:21.112+0000 7feb1bd68640 10 osd.1 pg_epoch: 32 pg[2.0( empty local-lis/les=31/32 n=0 ec=31/31 lis/c=0/0 les/c/f=0/0/0 sis=31) [3,1,0] r=1 lpr=31 crt=0'0 unknown mbc={}] scrubber: FSM: -- state -->> ReplicaActive/ReplicaIdle
2026-02-11T23:30:21.112+0000 7feb1bd68640 20 scrubberFSM event: --^^^^---- ReplicaActivate
2026-02-11T23:30:21.112+0000 7feb1bd68640 10 osd.1 pg_epoch: 32 pg[2.0( empty local-lis/les=31/32 n=0 ec=31/31 lis/c=0/0 les/c/f=0/0/0 sis=31) [3,1,0] r=1 lpr=31 crt=0'0 unknown mbc={}] state: Activate Finished
2026-02-11T23:30:21.112+0000 7feb1bd68640 10 log is not dirty
2026-02-11T23:30:21.112+0000 7feb1bd68640 20 osd.1 op_wq(0) _process empty q, waiting
2026-02-11T23:30:21.112+0000 7feb1fd70640 20 osd.1 op_wq(0) _process empty q, waiting
2026-02-11T23:30:21.112+0000 7feb1fd70640 20 osd.1 op_wq(0) _process empty q, waiting
2026-02-11T23:30:21.112+0000 7feb1bd68640 20 osd.1 op_wq(0) _process empty q, waiting
2026-02-11T23:30:21.112+0000 7feb1bd68640 20 osd.1 op_wq(0) _process empty q, waiting
2026-02-11T23:30:21.112+0000 7feb1fd70640 15 osd.1 32 enqueue_peering_evt 2.0 epoch_sent: 32 epoch_requested: 32 ActivateCommitted from 32 processed at 32
2026-02-11T23:30:21.112+0000 7feb1fd70640 20 osd.1 op_wq(0) _enqueue OpSchedulerItem(2.0 PGPeeringEvent(epoch_sent: 32 epoch_requested: 32 ActivateCommitted from 32 processed at 32) class_id 2 prio 255 cost 10 e32)
2026-02-11T23:30:21.112+0000 7feb1fd70640 20 osd.1 op_wq(0) _process 2.0 to_process <> waiting <> waiting_peering {}
2026-02-11T23:30:21.112+0000 7feb1fd70640 20 osd.1 op_wq(0) _process OpSchedulerItem(2.0 PGPeeringEvent(epoch_sent: 32 epoch_requested: 32 ActivateCommitted from 32 processed at 32) class_id 2immediate prio 255 cost 10 e32) queued
2026-02-11T23:30:21.112+0000 7feb1fd70640 20 osd.1 op_wq(0) _process 2.0 to_process waiting <> waiting_peering {}
2026-02-11T23:30:21.112+0000 7feb1fd70640 20 osd.1 op_wq(0) _process OpSchedulerItem(2.0 PGPeeringEvent(epoch_sent: 32 epoch_requested: 32 ActivateCommitted from 32 processed at 32) class_id 2immediate prio 255 cost 10 e32) pg 0x50c2000
2026-02-11T23:30:21.112+0000 7feb1fd70640 10 osd.1 pg_epoch: 32 pg[2.0( empty local-lis/les=31/32 n=0 ec=31/31 lis/c=0/0 les/c/f=0/0/0 sis=31) [3,1,0] r=1 lpr=31 crt=0'0 unknown mbc={}] do_peering_event: epoch_sent: 32 epoch_requested: 32 ActivateCommitted from 32 processed at 32
2026-02-11T23:30:21.112+0000 7feb1bd68640 20 osd.1 op_wq(0) _process empty q, waiting
2026-02-11T23:30:21.112+0000 7feb1fd70640 10 osd.1 pg_epoch: 32 pg[2.0( empty local-lis/les=31/32 n=0 ec=31/31 lis/c=0/0 les/c/f=0/0/0 sis=31) [3,1,0] r=1 lpr=31 crt=0'0 unknown mbc={}] state: react 32 telling primary
2026-02-11T23:30:21.112+0000 7feb1fd70640 10 log is not dirty
2026-02-11T23:30:21.112+0000 7feb1fd70640 20 osd.1 32 get_con_osd_cluster to osd.3 from_epoch 32
2026-02-11T23:30:21.112+0000 7feb1fd70640 20 osd.1 32 get_nextmap_reserved map_reservations: {32=1}
2026-02-11T23:30:21.112+0000 7feb1fd70640 20 osd.1 32 release_map epoch: 32
2026-02-11T23:30:21.112+0000 7feb1fd70640 10 osd.1 32 maybe_share_map: con v2:127.0.0.1:6828/1114810440 map epoch 31 -> 32 (shared)
2026-02-11T23:30:21.112+0000 7feb1fd70640 10 osd.1 32 send_incremental_map epoch range: (32, 32] to v2:127.0.0.1:6828/1114810440
2026-02-11T23:30:21.112+0000 7feb1fd70640 10 osd.1 32 add_map_inc_bl 32 252 bytes
2026-02-11T23:30:21.112+0000 7feb1fd70640 1 -- [v2:127.0.0.1:6812/4244365097,v1:127.0.0.1:6813/4244365097] --> [v2:127.0.0.1:6828/1114810440,v1:127.0.0.1:6829/1114810440] -- osd_map(32..32 src has 1..32) -- 0x4e9e380 con 0x4998000
2026-02-11T23:30:21.112+0000 7feb1fd70640 1 -- [v2:127.0.0.1:6812/4244365097,v1:127.0.0.1:6813/4244365097] --> [v2:127.0.0.1:6828/1114810440,v1:127.0.0.1:6829/1114810440] -- pg_info2(2.0 2.0 2.0( empty local-lis/les=31/32 n=0 ec=31/31 lis/c=31/0 les/c/f=32/0/0 sis=31) e32/32) -- 0x50ca000 con 0x4998000
2026-02-11T23:30:21.112+0000 7feb1fd70640 20 osd.1 op_wq(0) _process empty q, waiting
2026-02-11T23:30:21.148+0000 7feb2c2de640 10 monclient: tick
2026-02-11T23:30:21.148+0000 7feb2c2de640 10 monclient: _check_auth_tickets
2026-02-11T23:30:21.148+0000 7feb2c2de640 10 monclient: _check_auth_rotating renewing rotating keys (they expired before
2026-02-11T23:29:51.148618+0000)
2026-02-11T23:30:21.267+0000 7feb3cffe640 1 -- [v2:127.0.0.1:6812/4244365097,v1:127.0.0.1:6813/4244365097] <== osd.3 v2:127.0.0.1:6828/1114810440 4 ==== pg_lease(2.0 pg_lease(ru 22.419069290s ub 22.791692734s int 16.000000000s) e32/32) ==== 58+0+0 (crc 0 0 0) 0x2e60a80 con 0x4998000
2026-02-11T23:30:21.267+0000 7feb3cffe640 15 osd.1 32 enqueue_peering_evt 2.0 epoch_sent: 32 epoch_requested: 32 MLease epoch 32 from osd.3 pg_lease(ru 22.419069290s ub 22.791692734s int 16.000000000s)
2026-02-11T23:30:21.267+0000 7feb3cffe640 20 osd.1 op_wq(0) _enqueue OpSchedulerItem(2.0 PGPeeringEvent(epoch_sent: 32 epoch_requested: 32 MLease epoch 32 from osd.3 pg_lease(ru 22.419069290s ub 22.791692734s int 16.000000000s)) class_id 2 prio 255 cost 10 e32)
2026-02-11T23:30:21.267+0000 7feb1fd70640 20 osd.1 op_wq(0) _process 2.0 to_process <> waiting <> waiting_peering {}
2026-02-11T23:30:21.267+0000 7feb1fd70640 20 osd.1 op_wq(0) _process OpSchedulerItem(2.0 PGPeeringEvent(epoch_sent: 32 epoch_requested: 32 MLease epoch 32 from osd.3 pg_lease(ru 22.419069290s ub 22.791692734s int 16.000000000s)) class_id 2immediate prio 255 cost 10 e32) queued
2026-02-11T23:30:21.267+0000 7feb1fd70640 20 osd.1 op_wq(0) _process 2.0 to_process waiting <> waiting_peering {}
2026-02-11T23:30:21.267+0000 7feb1fd70640 20 osd.1 op_wq(0) _process OpSchedulerItem(2.0 PGPeeringEvent(epoch_sent: 32 epoch_requested: 32 MLease epoch 32 from osd.3 pg_lease(ru 22.419069290s ub 22.791692734s int 16.000000000s)) class_id 2immediate prio 255 cost 10 e32) pg 0x50c2000
2026-02-11T23:30:21.267+0000 7feb1fd70640 10 osd.1 pg_epoch: 32 pg[2.0( empty local-lis/les=31/32 n=0 ec=31/31 lis/c=0/0 les/c/f=0/0/0 sis=31) [3,1,0] r=1 lpr=31 crt=0'0 active mbc={}] do_peering_event: epoch_sent: 32 epoch_requested: 32 MLease epoch 32 from osd.3 pg_lease(ru 22.419069290s ub 22.791692734s int 16.000000000s)
2026-02-11T23:30:21.267+0000 7feb1bd68640 20 osd.1 op_wq(0) _process empty q, waiting
2026-02-11T23:30:21.267+0000 7feb1fd70640 10 osd.1 pg_epoch: 32 pg[2.0( empty local-lis/les=31/32 n=0 ec=31/31 lis/c=0/0 les/c/f=0/0/0 sis=31) [3,1,0] r=1 lpr=31 crt=0'0 active mbc={}] PeeringState::proc_lease pg_lease(ru 22.419069290s ub 22.791692734s int 16.000000000s)
2026-02-11T23:30:21.267+0000 7feb1fd70640 20 osd.1 pg_epoch: 32 pg[2.0( empty local-lis/les=31/32 n=0 ec=31/31 lis/c=0/0 les/c/f=0/0/0 sis=31) [3,1,0] r=1 lpr=31 crt=0'0 active mbc={}] PeeringState::proc_lease peer_clock_delta_ub -5.329456806s -> ru 27.748523712s
2026-02-11T23:30:21.267+0000 7feb1fd70640 20 osd.1 pg_epoch: 32 pg[2.0( empty local-lis/les=31/32 n=0 ec=31/31 lis/c=0/0 les/c/f=0/0/0 sis=31) [3,1,0] r=1 lpr=31 crt=0'0 active mbc={}] PeeringState::proc_lease readable_until now 27.748523712s
2026-02-11T23:30:21.267+0000 7feb1fd70640 20 osd.1 pg_epoch: 32 pg[2.0( empty local-lis/les=31/32 n=0 ec=31/31 lis/c=0/0 les/c/f=0/0/0 sis=31) [3,1,0] r=1 lpr=31 crt=0'0 active mbc={}] PeeringState::proc_lease peer_clock_delta_lb -5.330000401s -> ruub 28.121694565s
2026-02-11T23:30:21.267+0000 7feb1fd70640 20 osd.1 pg_epoch: 32 pg[2.0( empty local-lis/les=31/32 n=0 ec=31/31 lis/c=0/0 les/c/f=0/0/0 sis=31) [3,1,0] r=1 lpr=31 crt=0'0 active mbc={}] PeeringState::proc_lease readable_until_ub now 28.121694565s
2026-02-11T23:30:21.267+0000 7feb1fd70640 20 osd.1 32 get_con_osd_cluster to osd.3 from_epoch 32
2026-02-11T23:30:21.267+0000 7feb1fd70640 20 osd.1 32 get_nextmap_reserved map_reservations: {32=1}
2026-02-11T23:30:21.267+0000 7feb1fd70640 20 osd.1 32 release_map epoch: 32
2026-02-11T23:30:21.267+0000 7feb1fd70640 1 -- [v2:127.0.0.1:6812/4244365097,v1:127.0.0.1:6813/4244365097] --> [v2:127.0.0.1:6828/1114810440,v1:127.0.0.1:6829/1114810440] -- pg_lease_ack(2.0 pg_lease_ack(ruub 22.791692734s) e32/32) -- 0x2e28160 con 0x4998000
2026-02-11T23:30:21.267+0000 7feb1fd70640 10 log is not dirty
2026-02-11T23:30:21.267+0000 7feb1fd70640 20 osd.1 op_wq(0) _process empty q, waiting
2026-02-11T23:30:21.267+0000 7feb3cffe640 1 -- [v2:127.0.0.1:6812/4244365097,v1:127.0.0.1:6813/4244365097] <== osd.3 v2:127.0.0.1:6828/1114810440 5 ==== pg_info2(2.0 2.0 2.0( empty local-lis/les=31/32 n=0 ec=31/31 lis/c=31/0 les/c/f=32/0/0 sis=31) e32/32) ==== 1126+0+0 (crc 0 0 0) 0x50ca000 con 0x4998000
2026-02-11T23:30:21.267+0000 7feb3cffe640 15 osd.1 32 enqueue_peering_evt 2.0 epoch_sent: 32 epoch_requested: 32 MInfoRec from 3 info: 2.0( empty local-lis/les=31/32 n=0 ec=31/31 lis/c=31/0 les/c/f=32/0/0 sis=31) pg_lease(ru 22.419069290s ub 22.791692734s int 16.000000000s)
2026-02-11T23:30:21.267+0000 7feb3cffe640 20 osd.1 op_wq(0) _enqueue OpSchedulerItem(2.0 PGPeeringEvent(epoch_sent: 32 epoch_requested: 32 MInfoRec from 3 info: 2.0( empty local-lis/les=31/32 n=0 ec=31/31 lis/c=31/0 les/c/f=32/0/0 sis=31) pg_lease(ru 22.419069290s ub 22.791692734s int 16.000000000s)) class_id 2 prio 255 cost 10 e32)
2026-02-11T23:30:21.267+0000 7feb1fd70640 20 osd.1 op_wq(0) _process 2.0 to_process <> waiting <> waiting_peering {}
2026-02-11T23:30:21.267+0000 7feb1fd70640 20 osd.1 op_wq(0) _process OpSchedulerItem(2.0 PGPeeringEvent(epoch_sent: 32 epoch_requested: 32 MInfoRec from 3 info: 2.0( empty local-lis/les=31/32 n=0 ec=31/31 lis/c=31/0 les/c/f=32/0/0 sis=31) pg_lease(ru 22.419069290s ub 22.791692734s int 16.000000000s)) class_id 2immediate prio 255 cost 10 e32) queued
2026-02-11T23:30:21.267+0000 7feb1fd70640 20 osd.1 op_wq(0) _process 2.0 to_process waiting <> waiting_peering {}
2026-02-11T23:30:21.267+0000 7feb1fd70640 20 osd.1 op_wq(0) _process OpSchedulerItem(2.0 PGPeeringEvent(epoch_sent: 32 epoch_requested: 32 MInfoRec from 3 info: 2.0( empty local-lis/les=31/32 n=0 ec=31/31 lis/c=31/0 les/c/f=32/0/0 sis=31) pg_lease(ru 22.419069290s ub 22.791692734s int 16.000000000s)) class_id 2immediate prio 255 cost 10 e32) pg 0x50c2000
2026-02-11T23:30:21.267+0000 7feb1fd70640 10 osd.1 pg_epoch: 32 pg[2.0( empty local-lis/les=31/32 n=0 ec=31/31 lis/c=0/0 les/c/f=0/0/0 sis=31) [3,1,0] r=1 lpr=31 crt=0'0 active mbc={}] do_peering_event: epoch_sent: 32 epoch_requested: 32 MInfoRec from 3 info: 2.0( empty local-lis/les=31/32 n=0 ec=31/31 lis/c=31/0 les/c/f=32/0/0 sis=31) pg_lease(ru 22.419069290s ub 22.791692734s int 16.000000000s)
2026-02-11T23:30:21.267+0000 7feb1fd70640 20 osd.1 pg_epoch: 32 pg[2.0( empty local-lis/les=31/32 n=0 ec=31/31 lis/c=31/0 les/c/f=32/0/0 sis=31) [3,1,0] r=1 lpr=31 crt=0'0 active mbc={}] PeeringState::update_history advanced history from ec=31/31 lis/c=31/0 les/c/f=32/0/0 sis=31
2026-02-11T23:30:21.267+0000 7feb1bd68640 20 osd.1 op_wq(0) _process empty q, waiting
2026-02-11T23:30:21.267+0000 7feb1fd70640 10 log is not dirty
2026-02-11T23:30:21.267+0000 7feb1fd70640 20 osd.1 op_wq(0) _process empty q, waiting
2026-02-11T23:30:21.267+0000 7feb1fd70640 20 osd.1 op_wq(0) _process empty q, waiting
2026-02-11T23:30:21.267+0000 7feb1bd68640 20 osd.1 op_wq(0) _process empty q, waiting
2026-02-11T23:30:21.267+0000 7feb3cffe640 1 -- [v2:127.0.0.1:6812/4244365097,v1:127.0.0.1:6813/4244365097] <== osd.3 v2:127.0.0.1:6828/1114810440 6 ==== pg_info2(2.0 2.0 2.0( empty local-lis/les=31/32 n=0 ec=31/31 lis/c=31/31 les/c/f=32/32/0 sis=31) e32/32) ==== 1126+0+0 (crc 0 0 0) 0x50ca000 con 0x4998000
2026-02-11T23:30:21.267+0000 7feb3cffe640 15 osd.1 32 enqueue_peering_evt 2.0 epoch_sent: 32 epoch_requested: 32 MInfoRec from 3 info: 2.0( empty local-lis/les=31/32 n=0 ec=31/31 lis/c=31/31 les/c/f=32/32/0 sis=31) pg_lease(ru 22.419069290s ub 22.791692734s int 16.000000000s)
2026-02-11T23:30:21.267+0000 7feb3cffe640 20 osd.1 op_wq(0) _enqueue OpSchedulerItem(2.0 PGPeeringEvent(epoch_sent: 32 epoch_requested: 32 MInfoRec from 3 info: 2.0( empty local-lis/les=31/32 n=0 ec=31/31 lis/c=31/31 les/c/f=32/32/0 sis=31) pg_lease(ru 22.419069290s ub 22.791692734s int 16.000000000s)) class_id 2 prio 255 cost 10 e32)
2026-02-11T23:30:21.267+0000 7feb1fd70640 20 osd.1 op_wq(0) _process 2.0 to_process <> waiting <> waiting_peering {}
2026-02-11T23:30:21.267+0000 7feb1fd70640 20 osd.1 op_wq(0) _process OpSchedulerItem(2.0 PGPeeringEvent(epoch_sent: 32 epoch_requested: 32 MInfoRec from 3 info: 2.0( empty local-lis/les=31/32 n=0 ec=31/31 lis/c=31/31 les/c/f=32/32/0 sis=31) pg_lease(ru 22.419069290s ub 22.791692734s int 16.000000000s)) class_id 2immediate prio 255 cost 10 e32) queued
2026-02-11T23:30:21.267+0000 7feb1fd70640 20 osd.1 op_wq(0) _process 2.0 to_process waiting <> waiting_peering {}
2026-02-11T23:30:21.267+0000 7feb1fd70640 20 osd.1 op_wq(0) _process OpSchedulerItem(2.0 PGPeeringEvent(epoch_sent: 32 epoch_requested: 32 MInfoRec from 3 info: 2.0( empty local-lis/les=31/32 n=0 ec=31/31 lis/c=31/31 les/c/f=32/32/0 sis=31) pg_lease(ru 22.419069290s ub 22.791692734s int 16.000000000s)) class_id 2immediate prio 255 cost 10 e32) pg 0x50c2000
2026-02-11T23:30:21.267+0000 7feb1fd70640 10 osd.1 pg_epoch: 32 pg[2.0( empty local-lis/les=31/32 n=0 ec=31/31 lis/c=31/0 les/c/f=32/0/0 sis=31) [3,1,0] r=1 lpr=31 crt=0'0 active mbc={}] do_peering_event: epoch_sent: 32 epoch_requested: 32 MInfoRec from 3 info: 2.0( empty local-lis/les=31/32 n=0 ec=31/31 lis/c=31/31 les/c/f=32/32/0 sis=31) pg_lease(ru 22.419069290s ub 22.791692734s int 16.000000000s)
2026-02-11T23:30:21.267+0000 7feb1bd68640 20 osd.1 op_wq(0) _process empty q, waiting
2026-02-11T23:30:21.267+0000 7feb1fd70640 20 osd.1 pg_epoch: 32 pg[2.0( empty local-lis/les=31/32 n=0 ec=31/31 lis/c=31/31 les/c/f=32/32/0 sis=31) [3,1,0] r=1 lpr=31 crt=0'0 active mbc={}] PeeringState::update_history advanced history from ec=31/31 lis/c=31/31 les/c/f=32/32/0 sis=31
2026-02-11T23:30:21.267+0000 7feb1fd70640 20 osd.1 pg_epoch: 32 pg[2.0( empty local-lis/les=31/32 n=0 ec=31/31 lis/c=31/31 les/c/f=32/32/0 sis=31) [3,1,0] r=1 lpr=31 crt=0'0 active mbc={}] PeeringState::update_history clearing past_intervals
2026-02-11T23:30:21.267+0000 7feb1fd70640 10 log is not dirty
2026-02-11T23:30:21.267+0000 7feb1fd70640 20 osd.1 op_wq(0) _process empty q, waiting
2026-02-11T23:30:21.267+0000 7feb1fd70640 20 osd.1 op_wq(0) _process empty q, waiting
2026-02-11T23:30:21.267+0000 7feb1bd68640 20 osd.1 op_wq(0) _process empty q, waiting
2026-02-11T23:30:21.669+0000 7feb3cffe640 1 -- [v2:127.0.0.1:6816/4244365097,v1:127.0.0.1:6817/4244365097] <== osd.0 127.0.0.1:0/460666604 4 ==== osd_ping(ping e32 up_from 5 ping_stamp
2026-02-11T23:30:21.669217+0000/14.503632545s send_stamp 14.503632545s delta_ub 1.981160998s) ==== 2033+0+0 (crc 0 0 0) 0x2e60a80 con 0x420f000
2026-02-11T23:30:21.669+0000 7feb3cffe640 20 osd.1 32 handle_osd_ping new stamps hbstamp(osd.0 up_from 5 peer_clock_delta [1.980761290s,1.981160998s])
2026-02-11T23:30:21.669+0000 7feb3affa640 1 -- [v2:127.0.0.1:6814/4244365097,v1:127.0.0.1:6815/4244365097] <== osd.0 127.0.0.1:0/460666604 4 ==== osd_ping(ping e32 up_from 5 ping_stamp
2026-02-11T23:30:21.669217+0000/14.503632545s send_stamp 14.503632545s delta_ub 1.981160998s) ==== 2033+0+0 (crc 0 0 0) 0x2e61380 con 0x420f400
2026-02-11T23:30:21.669+0000 7feb3cffe640 1 -- [v2:127.0.0.1:6816/4244365097,v1:127.0.0.1:6817/4244365097] --> 127.0.0.1:0/460666604 -- osd_ping(ping_reply e32 up_from 9 ping_stamp
2026-02-11T23:30:21.669217+0000/14.503632545s send_stamp 12.522871017s delta_ub -1.980761290s) -- 0x2e61080 con 0x420f000
2026-02-11T23:30:21.669+0000 7feb3cffe640 20 osd.1 32 get_con_osd_cluster to osd.0 from_epoch 32
2026-02-11T23:30:21.669+0000 7feb3cffe640 20 osd.1 32 get_nextmap_reserved map_reservations: {32=1}
2026-02-11T23:30:21.669+0000 7feb3cffe640 20 osd.1 32 release_map epoch: 32
2026-02-11T23:30:21.669+0000 7feb3cffe640 10 osd.1 32 maybe_share_map: con v2:127.0.0.1:6802/460666604 updating session's projected_epoch from 27 to ping map epoch of 32
2026-02-11T23:30:21.669+0000 7feb3cffe640 10 osd.1 32 maybe_share_map: con v2:127.0.0.1:6802/460666604 our osdmap epoch of 32 is not newer than session's projected_epoch of 32
2026-02-11T23:30:21.669+0000 7feb3affa640 20 osd.1 32 handle_osd_ping new stamps hbstamp(osd.0 up_from 5 peer_clock_delta [1.980729818s,1.981160998s])
2026-02-11T23:30:21.669+0000 7feb3affa640 1 -- [v2:127.0.0.1:6814/4244365097,v1:127.0.0.1:6815/4244365097] --> 127.0.0.1:0/460666604 -- osd_ping(ping_reply e32 up_from 9 ping_stamp
2026-02-11T23:30:21.669217+0000/14.503632545s send_stamp 12.522902489s delta_ub -1.980729818s) -- 0x2e60c00 con 0x420f400
2026-02-11T23:30:21.669+0000 7feb3affa640 20 osd.1 32 get_con_osd_cluster to osd.0 from_epoch 32
2026-02-11T23:30:21.669+0000 7feb3affa640 20 osd.1 32 get_nextmap_reserved map_reservations: {32=1}
2026-02-11T23:30:21.669+0000 7feb3affa640 20 osd.1 32 release_map epoch: 32
2026-02-11T23:30:21.669+0000 7feb3affa640 10 osd.1 32 maybe_share_map: con v2:127.0.0.1:6802/460666604 our osdmap epoch of 32 is not newer than session's projected_epoch of 32
2026-02-11T23:30:21.978+0000 7feb337eb640 10 osd.1 32 tick
2026-02-11T23:30:21.978+0000 7feb337eb640 20 osd.1 32 tick last_purged_snaps_scrub
2026-02-11T23:30:10.172962+0000 next
2026-02-13T04:59:56.110462+0000
2026-02-11T23:30:21.978+0000 7feb3cffe640 1 -- [v2:127.0.0.1:6812/4244365097,v1:127.0.0.1:6813/4244365097] <== osd.3 v2:127.0.0.1:6828/1114810440 7 ==== pg_query2(2.0 2.0 query(info 0'0 epoch_sent 34) e34/34) ==== 158+0+0 (crc 0 0 0) 0x41cd4a0 con 0x4998000
2026-02-11T23:30:21.979+0000 7feb3cffe640 15 osd.1 32 enqueue_peering_evt 2.0 epoch_sent: 34 epoch_requested: 34 MQuery 2.0 from 3 query_epoch 34 query: query(info 0'0 epoch_sent 34)
2026-02-11T23:30:21.979+0000 7feb3cffe640 20 osd.1 op_wq(0) _enqueue OpSchedulerItem(2.0 PGPeeringEvent(epoch_sent: 34 epoch_requested: 34 MQuery 2.0 from 3 query_epoch 34 query: query(info 0'0 epoch_sent 34)) class_id 2 prio 255 cost 10 e34)
2026-02-11T23:30:21.979+0000 7feb1bd68640 20 osd.1 op_wq(0) _process 2.0 to_process <> waiting <> waiting_peering {}
2026-02-11T23:30:21.979+0000 7feb1bd68640 20 osd.1 op_wq(0) _process OpSchedulerItem(2.0 PGPeeringEvent(epoch_sent: 34 epoch_requested: 34 MQuery 2.0 from 3 query_epoch 34 query: query(info 0'0 epoch_sent 34)) class_id 2immediate prio 255 cost 10 e34) queued
2026-02-11T23:30:21.979+0000 7feb1bd68640 20 osd.1 op_wq(0) _process 2.0 to_process waiting <> waiting_peering {}
2026-02-11T23:30:21.979+0000 7feb1bd68640 20 osd.1 op_wq(0) _process OpSchedulerItem(2.0 PGPeeringEvent(epoch_sent: 34 epoch_requested: 34 MQuery 2.0 from 3 query_epoch 34 query: query(info 0'0 epoch_sent 34)) class_id 2immediate prio 255 cost 10 e34) pg 0x50c2000
2026-02-11T23:30:21.979+0000 7feb1bd68640 20 osd.1 op_wq _add_slot_waiter 2.0 peering, item epoch is 34, will wait on OpSchedulerItem(2.0 PGPeeringEvent(epoch_sent: 34 epoch_requested: 34 MQuery 2.0 from 3 query_epoch 34 query: query(info 0'0 epoch_sent 34)) class_id 2immediate prio 255 cost 10 e34)
2026-02-11T23:30:21.979+0000 7feb1bd68640 20 osd.1 op_wq(0) _process empty q, waiting
2026-02-11T23:30:21.979+0000 7feb1fd70640 20 osd.1 op_wq(0) _process empty q, waiting
2026-02-11T23:30:21.979+0000 7feb2b2dc640 1 -- [v2:127.0.0.1:6812/4244365097,v1:127.0.0.1:6813/4244365097] <== osd.3 v2:127.0.0.1:6828/1114810440 8 ==== osd_map(32..34 src has 1..34) ==== 1460+0+0 (crc 0 0 0) 0x4e9e380 con 0x4998000
2026-02-11T23:30:21.979+0000 7feb2b2dc640 20 osd.1 32 OSD::ms_dispatch: osd_map(32..34 src has 1..34)
2026-02-11T23:30:21.979+0000 7feb2b2dc640 20 osd.1 32 _dispatch 0x4e9e380 osd_map(32..34 src has 1..34)
2026-02-11T23:30:21.979+0000 7feb2b2dc640 3 osd.1 32 handle_osd_map epochs [32,34], i have 32, src has [1,34]
2026-02-11T23:30:21.979+0000 7feb2b2dc640 10 osd.1 32 handle_osd_map: received 0 full maps and 3 incremental maps
2026-02-11T23:30:21.979+0000 7feb2b2dc640 10 osd.1 32 handle_osd_map got inc map for epoch 33
2026-02-11T23:30:21.979+0000 7feb2b2dc640 20 osd.1 32 got_full_map 33, nothing requested
2026-02-11T23:30:21.979+0000 7feb2b2dc640 10 osd.1 32 handle_osd_map got inc map for epoch 34
2026-02-11T23:30:21.979+0000 7feb2b2dc640 20 osd.1 32 got_full_map 34, nothing requested
2026-02-11T23:30:21.979+0000 7feb2b2dc640 20 osd.1 32 trim_maps: min=0 oldest_map=1
2026-02-11T23:30:21.979+0000 7feb2b2dc640 20 osd.1 32 handle_osd_map pg_num_history pg_num_history(e34 pg_nums {1={24=1},2={31=1}} deleted_pools )
2026-02-11T23:30:21.979+0000 7feb2b2dc640 10 snap_mapper record_purged_snaps purged_snaps {33={},34={}}
2026-02-11T23:30:21.979+0000 7feb2b2dc640 10 snap_mapper record_purged_snaps rm 0 keys, set 0 keys
2026-02-11T23:30:21.979+0000 7feb2b2dc640 10 write_superblock sb(c7e182d9-676d-4eeb-80b1-915a88d421e5 osd.1 3395b6b5-e3fc-4ea5-a967-ca9cbc43ca79 e34 maps [1~34] lci=[9,34] tlb=1)
2026-02-11T23:30:21.979+0000 7feb29583640 10 osd.1 32 _committed_osd_maps 33..34
2026-02-11T23:30:21.979+0000 7feb29583640 10 osd.1 32 advance to epoch 33 (<= last 34 <= newest_map 34)
2026-02-11T23:30:21.979+0000 7feb29583640 10 osd.1 33 advance to epoch 34 (<= last 34 <= newest_map 34)
2026-02-11T23:30:21.979+0000 7feb29583640 20 osd.1 34 consume_map version 34
2026-02-11T23:30:21.979+0000 7feb29583640 20 osd.1 32 await_reserved_maps epoch:34
