2026-02-11T23:30:22.089+0000 7feb1bd68640 20 osd.1 pg_epoch: 35 pg[2.0( empty local-lis/les=31/32 n=0 ec=31/31 lis/c=31/31 les/c/f=32/32/0 sis=34 pruub=15.178449631s) [3,1] r=1 lpr=34 pi=[31,34)/1 crt=0'0 unknown NOTIFY pruub 28.121694565s@ mbc={}] PeeringState::activate_map : Not dirtying info: last_persisted is 34 while current is 35
2026-02-11T23:30:22.089+0000 7feb1bd68640 10 log is not dirty
2026-02-11T23:30:22.089+0000 7feb1bd68640 10 osd.1 pg_epoch: 35 pg[2.0( empty local-lis/les=31/32 n=0 ec=31/31 lis/c=31/31 les/c/f=32/32/0 sis=34 pruub=15.178449631s) [3,1] r=1 lpr=34 pi=[31,34)/1 crt=0'0 unknown NOTIFY pruub 28.121694565s@ mbc={}] on_scrub_schedule_input_change: inactive, non-primary - or already scrubbing
2026-02-11T23:30:22.089+0000 7feb1bd68640 10 osd.1 pg_epoch: 35 pg[2.0( empty local-lis/les=31/32 n=0 ec=31/31 lis/c=31/31 les/c/f=32/32/0 sis=34 pruub=15.178449631s) [3,1] r=1 lpr=34 pi=[31,34)/1 crt=0'0 unknown NOTIFY pruub 28.121694565s@ mbc={}] do_peering_event: epoch_sent: 35 epoch_requested: 34 MLogRec from 3 log log((0'0,0'0], crt=0'0) pi ([0,0] all_participants={} intervals=[]) pg_lease(ru 0.000000000s ub 23.603788376s int 16.000000000s) +create_info
2026-02-11T23:30:22.089+0000 7feb1bd68640 10 osd.1 pg_epoch: 35 pg[2.0( empty local-lis/les=31/32 n=0 ec=31/31 lis/c=31/31 les/c/f=32/32/0 sis=34 pruub=15.178449631s) [3,1] r=1 lpr=34 pi=[31,34)/1 crt=0'0 unknown NOTIFY pruub 28.121694565s@ mbc={}] state: got info+log from osd.3 2.0( empty local-lis/les=34/35 n=0 ec=31/31 lis/c=31/31 les/c/f=32/32/0 sis=34) log((0'0,0'0], crt=0'0)
2026-02-11T23:30:22.089+0000 7feb1bd68640 10 merge_log log((0'0,0'0], crt=0'0) from osd.3 into log((0'0,0'0], crt=0'0)
2026-02-11T23:30:22.089+0000 7feb1bd68640 5 merge_log_dups log.dups.size()=0olog.dups.size()=0
2026-02-11T23:30:22.089+0000 7feb1bd68640 5 end of merge_log_dups changed=0 log.dups.size()=0 olog.dups.size()=0
2026-02-11T23:30:22.089+0000 7feb1bd68640 10 merge_log result log((0'0,0'0], crt=0'0) missing(0 may_include_deletes = 1) changed=0
2026-02-11T23:30:22.089+0000 7feb1bd68640 10 osd.1 pg_epoch: 35 pg[2.0( empty local-lis/les=31/32 n=0 ec=31/31 lis/c=31/31 les/c/f=32/32/0 sis=34 pruub=15.178449631s) [3,1] r=1 lpr=34 pi=[31,34)/1 crt=0'0 unknown NOTIFY pruub 28.121694565s@ mbc={}] PeeringState::proc_lease pg_lease(ru 0.000000000s ub 23.603788376s int 16.000000000s)
2026-02-11T23:30:22.089+0000 7feb1bd68640 20 osd.1 pg_epoch: 35 pg[2.0( empty local-lis/les=31/32 n=0 ec=31/31 lis/c=31/31 les/c/f=32/32/0 sis=34 pruub=15.178449631s) [3,1] r=1 lpr=34 pi=[31,34)/1 crt=0'0 unknown NOTIFY pruub 28.121694565s@ mbc={}] PeeringState::proc_lease peer_clock_delta_lb -5.330000401s -> ruub 28.933788300s
2026-02-11T23:30:22.089+0000 7feb1bd68640 20 osd.1 pg_epoch: 35 pg[2.0( empty local-lis/les=31/32 n=0 ec=31/31 lis/c=31/31 les/c/f=32/32/0 sis=34 pruub=15.178449631s) [3,1] r=1 lpr=34 pi=[31,34)/1 crt=0'0 unknown NOTIFY pruub 28.121694565s@ mbc={}] PeeringState::proc_lease readable_until_ub now 28.933788300s
2026-02-11T23:30:22.089+0000 7feb1bd68640 5 osd.1 pg_epoch: 35 pg[2.0( empty local-lis/les=31/32 n=0 ec=31/31 lis/c=31/31 les/c/f=32/32/0 sis=34 pruub=15.178449631s) [3,1] r=1 lpr=34 pi=[31,34)/1 crt=0'0 unknown NOTIFY pruub 28.121694565s@ mbc={}] exit Started/Stray 0.109511 5 0.000030
2026-02-11T23:30:22.089+0000 7feb1bd68640 5 osd.1 pg_epoch: 35 pg[2.0( empty local-lis/les=31/32 n=0 ec=31/31 lis/c=31/31 les/c/f=32/32/0 sis=34 pruub=15.178449631s) [3,1] r=1 lpr=34 pi=[31,34)/1 crt=0'0 unknown NOTIFY pruub 28.121694565s@ mbc={}] enter Started/ReplicaActive
2026-02-11T23:30:22.089+0000 7feb1bd68640 5 osd.1 pg_epoch: 35 pg[2.0( empty local-lis/les=31/32 n=0 ec=31/31 lis/c=31/31 les/c/f=32/32/0 sis=34 pruub=15.178449631s) [3,1] r=1 lpr=34 pi=[31,34)/1 crt=0'0 unknown NOTIFY pruub 28.121694565s@ mbc={}] enter Started/ReplicaActive/RepNotRecovering
2026-02-11T23:30:22.089+0000 7feb1bd68640 10 osd.1 pg_epoch: 35 pg[2.0( empty local-lis/les=31/32 n=0 ec=31/31 lis/c=31/31 les/c/f=32/32/0 sis=34 pruub=15.178449631s) [3,1] r=1 lpr=34 pi=[31,34)/1 crt=0'0 unknown NOTIFY pruub 28.121694565s@ mbc={}] state: In ReplicaActive, about to call activate
2026-02-11T23:30:22.089+0000 7feb1bd68640 10 osd.1 pg_epoch: 35 pg[2.0( empty local-lis/les=34/35 n=0 ec=31/31 lis/c=31/31 les/c/f=32/32/0 sis=34 pruub=15.178449631s) [3,1] r=1 lpr=34 pi=[31,34)/1 crt=0'0 unknown pruub 28.121694565s@ mbc={}] PeeringState::activate activate - no missing, moving last_complete 0'0 -> 0'0
2026-02-11T23:30:22.089+0000 7feb1bd68640 10 osd.1 pg_epoch: 35 pg[2.0( empty local-lis/les=34/35 n=0 ec=31/31 lis/c=31/31 les/c/f=32/32/0 sis=34 pruub=15.178449631s) [3,1] r=1 lpr=34 pi=[31,34)/1 crt=0'0 unknown pruub 28.121694565s@ mbc={}] scrubber: on_replica_activate
2026-02-11T23:30:22.089+0000 7feb1bd68640 20 scrubberFSM event: --vvvv---- ReplicaActivate
2026-02-11T23:30:22.089+0000 7feb1bd68640 10 osd.1 pg_epoch: 35 pg[2.0( empty local-lis/les=34/35 n=0 ec=31/31 lis/c=31/31 les/c/f=32/32/0 sis=34 pruub=15.178449631s) [3,1] r=1 lpr=34 pi=[31,34)/1 crt=0'0 unknown pruub 28.121694565s@ mbc={}] scrubber: FSM: -- state -->> ReplicaActive
2026-02-11T23:30:22.089+0000 7feb1bd68640 10 osd.1 pg_epoch: 35 pg[2.0( empty local-lis/les=34/35 n=0 ec=31/31 lis/c=31/31 les/c/f=32/32/0 sis=34 pruub=15.178449631s) [3,1] r=1 lpr=34 pi=[31,34)/1 crt=0'0 unknown pruub 28.121694565s@ mbc={}] scrubber: FSM: -- state -->> ReplicaActive/ReplicaIdle
2026-02-11T23:30:22.089+0000 7feb1bd68640 20 scrubberFSM event: --^^^^---- ReplicaActivate
2026-02-11T23:30:22.089+0000 7feb1bd68640 10 osd.1 pg_epoch: 35 pg[2.0( empty local-lis/les=34/35 n=0 ec=31/31 lis/c=31/31 les/c/f=32/32/0 sis=34 pruub=15.178449631s) [3,1] r=1 lpr=34 pi=[31,34)/1 crt=0'0 unknown pruub 28.121694565s@ mbc={}] state: Activate Finished
2026-02-11T23:30:22.089+0000 7feb1bd68640 10 log is not dirty
2026-02-11T23:30:22.089+0000 7feb1bd68640 20 osd.1 35 get_con_osd_cluster to osd.3 from_epoch 35
2026-02-11T23:30:22.089+0000 7feb1bd68640 20 osd.1 35 get_nextmap_reserved map_reservations: {35=1}
2026-02-11T23:30:22.089+0000 7feb1bd68640 20 osd.1 35 release_map epoch: 35
2026-02-11T23:30:22.089+0000 7feb1bd68640 10 osd.1 35 maybe_share_map: con v2:127.0.0.1:6828/1114810440 map epoch 34 -> 35 (shared)
2026-02-11T23:30:22.089+0000 7feb1bd68640 10 osd.1 35 send_incremental_map epoch range: (35, 35] to v2:127.0.0.1:6828/1114810440
2026-02-11T23:30:22.089+0000 7feb1bd68640 10 osd.1 35 add_map_inc_bl 35 582 bytes
2026-02-11T23:30:22.089+0000 7feb1bd68640 1 -- [v2:127.0.0.1:6812/4244365097,v1:127.0.0.1:6813/4244365097] --> [v2:127.0.0.1:6828/1114810440,v1:127.0.0.1:6829/1114810440] -- osd_map(35..35 src has 1..35) -- 0x48c3c00 con 0x4998000
2026-02-11T23:30:22.089+0000 7feb1bd68640 1 -- [v2:127.0.0.1:6812/4244365097,v1:127.0.0.1:6813/4244365097] --> [v2:127.0.0.1:6828/1114810440,v1:127.0.0.1:6829/1114810440] -- pg_notify2(2.0 2.0 (query:35 sent:35 2.0( empty local-lis/les=31/32 n=0 ec=31/31 lis/c=31/31 les/c/f=32/32/0 sis=34 pruub=15.178449631s) ([31,33] all_participants={0, 1, 3} intervals=[([31,33] acting={0, 1, 3})])) e35/35) -- 0x50ca000 con 0x4998000
2026-02-11T23:30:22.089+0000 7feb1bd68640 20 osd.1 op_wq(0) _process 1.0 to_process <> waiting <> waiting_peering {}
2026-02-11T23:30:22.089+0000 7feb1bd68640 20 osd.1 op_wq(0) _process OpSchedulerItem(1.0 PGPeeringEvent(epoch_sent: 35 epoch_requested: 35 NullEvt) class_id 2immediate prio 255 cost 10 e35) queued
2026-02-11T23:30:22.089+0000 7feb1bd68640 20 osd.1 op_wq(0) _process 1.0 to_process waiting <> waiting_peering {}
2026-02-11T23:30:22.089+0000 7feb1bd68640 20 osd.1 op_wq(0) _process OpSchedulerItem(1.0 PGPeeringEvent(epoch_sent: 35 epoch_requested: 35 NullEvt) class_id 2immediate prio 255 cost 10 e35) pg 0x4f6e000
2026-02-11T23:30:22.089+0000 7feb1fd70640 20 osd.1 op_wq(0) _process 2.0 to_process waiting <> waiting_peering {}
2026-02-11T23:30:22.089+0000 7feb1fd70640 20 osd.1 op_wq(0) _process OpSchedulerItem(2.0 PGPeeringEvent(epoch_sent: 35 epoch_requested: 35 NullEvt) class_id 2immediate prio 255 cost 10 e35) pg 0x50c2000
2026-02-11T23:30:22.089+0000 7feb1bd68640 10 osd.1 pg_epoch: 34 pg[1.0( empty local-lis/les=27/28 n=0 ec=24/24 lis/c=27/27 les/c/f=28/28/0 sis=27) [1,0] r=0 lpr=27 crt=0'0 mlcod 0'0 active+clean] handle_advance_map: 35
2026-02-11T23:30:22.089+0000 7feb1bd68640 20 osd.1:0.update_pg_epoch 1.0 34 -> 35
2026-02-11T23:30:22.089+0000 7feb1bd68640 10 osd.1 pg_epoch: 34 pg[1.0( empty local-lis/les=27/28 n=0 ec=24/24 lis/c=27/27 les/c/f=28/28/0 sis=27) [1,0] r=0 lpr=27 crt=0'0 mlcod 0'0 active+clean] PeeringState::advance_map handle_advance_map [1,0]/[1,0] -- 1/1
2026-02-11T23:30:22.089+0000 7feb1bd68640 10 osd.1 pg_epoch: 35 pg[1.0( empty local-lis/les=27/28 n=0 ec=24/24 lis/c=27/27 les/c/f=28/28/0 sis=27) [1,0] r=0 lpr=27 crt=0'0 mlcod 0'0 active+clean] state: Active advmap
2026-02-11T23:30:22.089+0000 7feb1fd70640 10 osd.1 pg_epoch: 35 pg[2.0( empty local-lis/les=34/35 n=0 ec=31/31 lis/c=31/31 les/c/f=32/32/0 sis=34 pruub=15.178449631s) [3,1] r=1 lpr=34 pi=[31,34)/1 crt=0'0 unknown pruub 28.121694565s@ mbc={}] do_peering_event: epoch_sent: 35 epoch_requested: 35 NullEvt
2026-02-11T23:30:22.089+0000 7feb1bd68640 20 osd.1 pg_epoch: 35 pg[1.0( empty local-lis/les=27/28 n=0 ec=24/24 lis/c=27/27 les/c/f=28/28/0 sis=27) [1,0] r=0 lpr=27 crt=0'0 mlcod 0'0 active+clean] PeeringState::prepare_stats_for_publish reporting purged_snaps []
2026-02-11T23:30:22.089+0000 7feb1bd68640 15 osd.1 pg_epoch: 35 pg[1.0( empty local-lis/les=27/28 n=0 ec=24/24 lis/c=27/27 les/c/f=28/28/0 sis=27) [1,0] r=0 lpr=27 crt=0'0 mlcod 0'0 active+clean] PeeringState::prepare_stats_for_publish publish_stats_to_osd 34:35
2026-02-11T23:30:22.089+0000 7feb1fd70640 10 log is not dirty
2026-02-11T23:30:22.089+0000 7feb1bd68640 10 osd.1 pg_epoch: 35 pg[1.0( empty local-lis/les=27/28 n=0 ec=24/24 lis/c=27/27 les/c/f=28/28/0 sis=27) [1,0] r=0 lpr=27 crt=0'0 mlcod 0'0 active+clean] state: Started advmap
2026-02-11T23:30:22.089+0000 7feb1bd68640 10 osd.1 pg_epoch: 35 pg[1.0( empty local-lis/les=27/28 n=0 ec=24/24 lis/c=27/27 les/c/f=28/28/0 sis=27) [1,0] r=0 lpr=27 crt=0'0 mlcod 0'0 active+clean] check_recovery_sources no source osds () went down
2026-02-11T23:30:22.089+0000 7feb1bd68640 20 osd.1 35 advance_pg new pool opts old pool opts
2026-02-11T23:30:22.089+0000 7feb1bd68640 10 osd.1 pg_epoch: 35 pg[1.0( empty local-lis/les=27/28 n=0 ec=24/24 lis/c=27/27 les/c/f=28/28/0 sis=27) [1,0] r=0 lpr=27 crt=0'0 mlcod 0'0 active+clean] handle_activate_map: epoch range: 35..35
2026-02-11T23:30:22.089+0000 7feb1fd70640 20 osd.1 op_wq(0) _process empty q, waiting
2026-02-11T23:30:22.089+0000 7feb1bd68640 10 osd.1 pg_epoch: 35 pg[1.0( empty local-lis/les=27/28 n=0 ec=24/24 lis/c=27/27 les/c/f=28/28/0 sis=27) [1,0] r=0 lpr=27 crt=0'0 mlcod 0'0 active+clean] PeeringState::activate_map
2026-02-11T23:30:22.089+0000 7feb1bd68640 10 osd.1 pg_epoch: 35 pg[1.0( empty local-lis/les=27/28 n=0 ec=24/24 lis/c=27/27 les/c/f=28/28/0 sis=27) [1,0] r=0 lpr=27 crt=0'0 mlcod 0'0 active+clean] state: Active: handling ActMap
2026-02-11T23:30:22.089+0000 7feb1bd68640 10 osd.1 pg_epoch: 35 pg[1.0( empty local-lis/les=27/28 n=0 ec=24/24 lis/c=27/27 les/c/f=28/28/0 sis=27) [1,0] r=0 lpr=27 crt=0'0 mlcod 0'0 active+clean] Active: kicking snap trim
2026-02-11T23:30:22.089+0000 7feb1bd68640 7 osd.1 pg_epoch: 35 pg[1.0( empty local-lis/les=27/28 n=0 ec=24/24 lis/c=27/27 les/c/f=28/28/0 sis=27) [1,0] r=0 lpr=27 crt=0'0 mlcod 0'0 active+clean] state: handle ActMap primary
2026-02-11T23:30:22.089+0000 7feb1bd68640 20 osd.1 pg_epoch: 35 pg[1.0( empty local-lis/les=27/28 n=0 ec=24/24 lis/c=27/27 les/c/f=28/28/0 sis=27) [1,0] r=0 lpr=27 crt=0'0 mlcod 0'0 active+clean] PeeringState::prepare_stats_for_publish reporting purged_snaps []
2026-02-11T23:30:22.089+0000 7feb1bd68640 15 osd.1 pg_epoch: 35 pg[1.0( empty local-lis/les=27/28 n=0 ec=24/24 lis/c=27/27 les/c/f=28/28/0 sis=27) [1,0] r=0 lpr=27 crt=0'0 mlcod 0'0 active+clean] PeeringState::prepare_stats_for_publish publish_stats_to_osd 35:36
2026-02-11T23:30:22.089+0000 7feb1bd68640 20 osd.1 pg_epoch: 35 pg[1.0( empty local-lis/les=27/28 n=0 ec=24/24 lis/c=27/27 les/c/f=28/28/0 sis=27) [1,0] r=0 lpr=27 crt=0'0 mlcod 0'0 active+clean] PeeringState::activate_map : Not dirtying info: last_persisted is 28 while current is 35
2026-02-11T23:30:22.089+0000 7feb1bd68640 10 log is not dirty
2026-02-11T23:30:22.089+0000 7feb1bd68640 10 osd.1 pg_epoch: 35 pg[1.0( empty local-lis/les=27/28 n=0 ec=24/24 lis/c=27/27 les/c/f=28/28/0 sis=27) [1,0] r=0 lpr=27 crt=0'0 mlcod 0'0 active+clean] do_peering_event: epoch_sent: 35 epoch_requested: 35 NullEvt
2026-02-11T23:30:22.089+0000 7feb1bd68640 10 log is not dirty
2026-02-11T23:30:22.089+0000 7feb1bd68640 20 osd.1 op_wq(0) _process empty q, waiting
2026-02-11T23:30:22.089+0000 7feb1fd70640 15 osd.1 35 enqueue_peering_evt 2.0 epoch_sent: 35 epoch_requested: 35 ActivateCommitted from 35 processed at 35
2026-02-11T23:30:22.089+0000 7feb1bd68640 20 osd.1 op_wq(0) _process empty q, waiting
2026-02-11T23:30:22.089+0000 7feb1fd70640 20 osd.1 op_wq(0) _enqueue OpSchedulerItem(2.0 PGPeeringEvent(epoch_sent: 35 epoch_requested: 35 ActivateCommitted from 35 processed at 35) class_id 2 prio 255 cost 10 e35)
2026-02-11T23:30:22.089+0000 7feb1fd70640 20 osd.1 op_wq(0) _process 2.0 to_process <> waiting <> waiting_peering {}
2026-02-11T23:30:22.089+0000 7feb1fd70640 20 osd.1 op_wq(0) _process OpSchedulerItem(2.0 PGPeeringEvent(epoch_sent: 35 epoch_requested: 35 ActivateCommitted from 35 processed at 35) class_id 2immediate prio 255 cost 10 e35) queued
2026-02-11T23:30:22.089+0000 7feb1fd70640 20 osd.1 op_wq(0) _process 2.0 to_process waiting <> waiting_peering {}
2026-02-11T23:30:22.089+0000 7feb1fd70640 20 osd.1 op_wq(0) _process OpSchedulerItem(2.0 PGPeeringEvent(epoch_sent: 35 epoch_requested: 35 ActivateCommitted from 35 processed at 35) class_id 2immediate prio 255 cost 10 e35) pg 0x50c2000
2026-02-11T23:30:22.089+0000 7feb1fd70640 10 osd.1 pg_epoch: 35 pg[2.0( empty local-lis/les=34/35 n=0 ec=31/31 lis/c=31/31 les/c/f=32/32/0 sis=34 pruub=15.178449631s) [3,1] r=1 lpr=34 pi=[31,34)/1 crt=0'0 unknown pruub 28.121694565s@ mbc={}] do_peering_event: epoch_sent: 35 epoch_requested: 35 ActivateCommitted from 35 processed at 35
2026-02-11T23:30:22.089+0000 7feb1fd70640 10 osd.1 pg_epoch: 35 pg[2.0( empty local-lis/les=34/35 n=0 ec=31/31 lis/c=31/31 les/c/f=32/32/0 sis=34 pruub=15.178449631s) [3,1] r=1 lpr=34 pi=[31,34)/1 crt=0'0 unknown pruub 28.121694565s@ mbc={}] state: react 35 telling primary
2026-02-11T23:30:22.089+0000 7feb1bd68640 20 osd.1 op_wq(0) _process empty q, waiting
2026-02-11T23:30:22.089+0000 7feb1fd70640 10 log is not dirty
2026-02-11T23:30:22.089+0000 7feb1fd70640 20 osd.1 35 get_con_osd_cluster to osd.3 from_epoch 35
2026-02-11T23:30:22.089+0000 7feb1fd70640 20 osd.1 35 get_nextmap_reserved map_reservations: {35=1}
2026-02-11T23:30:22.089+0000 7feb1fd70640 20 osd.1 35 release_map epoch: 35
2026-02-11T23:30:22.089+0000 7feb1fd70640 10 osd.1 35 maybe_share_map: con v2:127.0.0.1:6828/1114810440 our osdmap epoch of 35 is not newer than session's projected_epoch of 35
2026-02-11T23:30:22.089+0000 7feb1fd70640 1 -- [v2:127.0.0.1:6812/4244365097,v1:127.0.0.1:6813/4244365097] --> [v2:127.0.0.1:6828/1114810440,v1:127.0.0.1:6829/1114810440] -- pg_info2(2.0 2.0 2.0( empty local-lis/les=34/35 n=0 ec=31/31 lis/c=34/31 les/c/f=35/32/0 sis=34 pruub=15.178449631s) e35/35) -- 0x50ca700 con 0x4998000
2026-02-11T23:30:22.089+0000 7feb1fd70640 20 osd.1 op_wq(0) _process empty q, waiting
2026-02-11T23:30:22.089+0000 7feb3cffe640 1 -- [v2:127.0.0.1:6812/4244365097,v1:127.0.0.1:6813/4244365097] <== osd.3 v2:127.0.0.1:6828/1114810440 10 ==== pg_lease(2.0 pg_lease(ru 23.603788376s ub 23.614147186s int 16.000000000s) e35/35) ==== 58+0+0 (crc 0 0 0) 0x2e61080 con 0x4998000
2026-02-11T23:30:22.089+0000 7feb3cffe640 15 osd.1 35 enqueue_peering_evt 2.0 epoch_sent: 35 epoch_requested: 35 MLease epoch 35 from osd.3 pg_lease(ru 23.603788376s ub 23.614147186s int 16.000000000s)
2026-02-11T23:30:22.089+0000 7feb3cffe640 20 osd.1 op_wq(0) _enqueue OpSchedulerItem(2.0 PGPeeringEvent(epoch_sent: 35 epoch_requested: 35 MLease epoch 35 from osd.3 pg_lease(ru 23.603788376s ub 23.614147186s int 16.000000000s)) class_id 2 prio 255 cost 10 e35)
2026-02-11T23:30:22.089+0000 7feb1fd70640 20 osd.1 op_wq(0) _process 2.0 to_process <> waiting <> waiting_peering {}
2026-02-11T23:30:22.089+0000 7feb1fd70640 20 osd.1 op_wq(0) _process OpSchedulerItem(2.0 PGPeeringEvent(epoch_sent: 35 epoch_requested: 35 MLease epoch 35 from osd.3 pg_lease(ru 23.603788376s ub 23.614147186s int 16.000000000s)) class_id 2immediate prio 255 cost 10 e35) queued
2026-02-11T23:30:22.089+0000 7feb1fd70640 20 osd.1 op_wq(0) _process 2.0 to_process waiting <> waiting_peering {}
2026-02-11T23:30:22.089+0000 7feb1fd70640 20 osd.1 op_wq(0) _process OpSchedulerItem(2.0 PGPeeringEvent(epoch_sent: 35 epoch_requested: 35 MLease epoch 35 from osd.3 pg_lease(ru 23.603788376s ub 23.614147186s int 16.000000000s)) class_id 2immediate prio 255 cost 10 e35) pg 0x50c2000
2026-02-11T23:30:22.089+0000 7feb1bd68640 20 osd.1 op_wq(0) _process empty q, waiting
2026-02-11T23:30:22.089+0000 7feb1fd70640 10 osd.1 pg_epoch: 35 pg[2.0( empty local-lis/les=34/35 n=0 ec=31/31 lis/c=31/31 les/c/f=32/32/0 sis=34 pruub=15.178449631s) [3,1] r=1 lpr=34 pi=[31,34)/1 crt=0'0 active pruub 28.121694565s@ mbc={}] do_peering_event: epoch_sent: 35 epoch_requested: 35 MLease epoch 35 from osd.3 pg_lease(ru 23.603788376s ub 23.614147186s int 16.000000000s)
2026-02-11T23:30:22.089+0000 7feb3cffe640 1 -- [v2:127.0.0.1:6812/4244365097,v1:127.0.0.1:6813/4244365097] <== osd.3 v2:127.0.0.1:6828/1114810440 11 ==== pg_info2(2.0 2.0 2.0( empty local-lis/les=34/35 n=0 ec=31/31 lis/c=34/31 les/c/f=35/32/0 sis=34) e35/35) ==== 1118+0+0 (crc 0 0 0) 0x50ca700 con 0x4998000
2026-02-11T23:30:22.089+0000 7feb1fd70640 10 osd.1 pg_epoch: 35 pg[2.0( empty local-lis/les=34/35 n=0 ec=31/31 lis/c=31/31 les/c/f=32/32/0 sis=34 pruub=15.178449631s) [3,1] r=1 lpr=34 pi=[31,34)/1 crt=0'0 active pruub 28.121694565s@ mbc={}] PeeringState::proc_lease pg_lease(ru 23.603788376s ub 23.614147186s int 16.000000000s)
2026-02-11T23:30:22.089+0000 7feb3cffe640 15 osd.1 35 enqueue_peering_evt 2.0 epoch_sent: 35 epoch_requested: 35 MInfoRec from 3 info: 2.0( empty local-lis/les=34/35 n=0 ec=31/31 lis/c=34/31 les/c/f=35/32/0 sis=34) pg_lease(ru 23.603788376s ub 23.614147186s int 16.000000000s)
2026-02-11T23:30:22.089+0000 7feb1fd70640 20 osd.1 pg_epoch: 35 pg[2.0( empty local-lis/les=34/35 n=0 ec=31/31 lis/c=31/31 les/c/f=32/32/0 sis=34 pruub=15.178449631s) [3,1] r=1 lpr=34 pi=[31,34)/1 crt=0'0 active pruub 28.121694565s@ mbc={}] PeeringState::proc_lease peer_clock_delta_ub -5.329456806s -> ru 28.933244705s
2026-02-11T23:30:22.089+0000 7feb3cffe640 20 osd.1 op_wq(0) _enqueue OpSchedulerItem(2.0 PGPeeringEvent(epoch_sent: 35 epoch_requested: 35 MInfoRec from 3 info: 2.0( empty local-lis/les=34/35 n=0 ec=31/31 lis/c=34/31 les/c/f=35/32/0 sis=34) pg_lease(ru 23.603788376s ub 23.614147186s int 16.000000000s)) class_id 2 prio 255 cost 10 e35)
2026-02-11T23:30:22.089+0000 7feb1fd70640 20 osd.1 pg_epoch: 35 pg[2.0( empty local-lis/les=34/35 n=0 ec=31/31 lis/c=31/31 les/c/f=32/32/0 sis=34 pruub=15.178449631s) [3,1] r=1 lpr=34 pi=[31,34)/1 crt=0'0 active pruub 28.121694565s@ mbc={}] PeeringState::proc_lease readable_until now 28.933244705s
2026-02-11T23:30:22.089+0000 7feb1fd70640 20 osd.1 pg_epoch: 35 pg[2.0( empty local-lis/les=34/35 n=0 ec=31/31 lis/c=31/31 les/c/f=32/32/0 sis=34 pruub=15.178449631s) [3,1] r=1 lpr=34 pi=[31,34)/1 crt=0'0 active pruub 28.121694565s@ mbc={}] PeeringState::proc_lease peer_clock_delta_lb -5.330000401s -> ruub 28.944147110s
2026-02-11T23:30:22.089+0000 7feb1bd68640 20 osd.1 op_wq(0) _process 2.0 to_process <> waiting <> waiting_peering {}
2026-02-11T23:30:22.089+0000 7feb1fd70640 20 osd.1 pg_epoch: 35 pg[2.0( empty local-lis/les=34/35 n=0 ec=31/31 lis/c=31/31 les/c/f=32/32/0 sis=34 pruub=15.178449631s) [3,1] r=1 lpr=34 pi=[31,34)/1 crt=0'0 active pruub 28.121694565s@ mbc={}] PeeringState::proc_lease readable_until_ub now 28.944147110s
2026-02-11T23:30:22.089+0000 7feb1bd68640 20 osd.1 op_wq(0) _process OpSchedulerItem(2.0 PGPeeringEvent(epoch_sent: 35 epoch_requested: 35 MInfoRec from 3 info: 2.0( empty local-lis/les=34/35 n=0 ec=31/31 lis/c=34/31 les/c/f=35/32/0 sis=34) pg_lease(ru 23.603788376s ub 23.614147186s int 16.000000000s)) class_id 2immediate prio 255 cost 10 e35) queued
2026-02-11T23:30:22.089+0000 7feb1fd70640 20 osd.1 35 get_con_osd_cluster to osd.3 from_epoch 35
2026-02-11T23:30:22.089+0000 7feb1fd70640 20 osd.1 35 get_nextmap_reserved map_reservations: {35=1}
2026-02-11T23:30:22.089+0000 7feb1fd70640 20 osd.1 35 release_map epoch: 35
2026-02-11T23:30:22.089+0000 7feb1fd70640 1 -- [v2:127.0.0.1:6812/4244365097,v1:127.0.0.1:6813/4244365097] --> [v2:127.0.0.1:6828/1114810440,v1:127.0.0.1:6829/1114810440] -- pg_lease_ack(2.0 pg_lease_ack(ruub 23.614147186s) e35/35) -- 0x2e289a0 con 0x4998000
2026-02-11T23:30:22.089+0000 7feb1fd70640 10 log is not dirty
2026-02-11T23:30:22.089+0000 7feb1fd70640 20 osd.1 op_wq(0) _process empty q, waiting
2026-02-11T23:30:22.089+0000 7feb1bd68640 20 osd.1 op_wq(0) _process 2.0 to_process waiting <> waiting_peering {}
2026-02-11T23:30:22.089+0000 7feb1bd68640 20 osd.1 op_wq(0) _process OpSchedulerItem(2.0 PGPeeringEvent(epoch_sent: 35 epoch_requested: 35 MInfoRec from 3 info: 2.0( empty local-lis/les=34/35 n=0 ec=31/31 lis/c=34/31 les/c/f=35/32/0 sis=34) pg_lease(ru 23.603788376s ub 23.614147186s int 16.000000000s)) class_id 2immediate prio 255 cost 10 e35) pg 0x50c2000
2026-02-11T23:30:22.089+0000 7feb1bd68640 10 osd.1 pg_epoch: 35 pg[2.0( empty local-lis/les=34/35 n=0 ec=31/31 lis/c=31/31 les/c/f=32/32/0 sis=34 pruub=15.178449631s) [3,1] r=1 lpr=34 pi=[31,34)/1 crt=0'0 active pruub 28.121694565s@ mbc={}] do_peering_event: epoch_sent: 35 epoch_requested: 35 MInfoRec from 3 info: 2.0( empty local-lis/les=34/35 n=0 ec=31/31 lis/c=34/31 les/c/f=35/32/0 sis=34) pg_lease(ru 23.603788376s ub 23.614147186s int 16.000000000s)
2026-02-11T23:30:22.089+0000 7feb1bd68640 20 osd.1 pg_epoch: 35 pg[2.0( empty local-lis/les=34/35 n=0 ec=31/31 lis/c=34/31 les/c/f=35/32/0 sis=34) [3,1] r=1 lpr=34 pi=[31,34)/1 crt=0'0 active pruub 28.121694565s@ mbc={}] PeeringState::update_history advanced history from ec=31/31 lis/c=34/31 les/c/f=35/32/0 sis=34
2026-02-11T23:30:22.089+0000 7feb1bd68640 10 log is not dirty
2026-02-11T23:30:22.089+0000 7feb1bd68640 20 osd.1 op_wq(0) _process empty q, waiting
2026-02-11T23:30:22.089+0000 7feb1fd70640 20 osd.1 op_wq(0) _process empty q, waiting
2026-02-11T23:30:22.089+0000 7feb3cffe640 1 -- [v2:127.0.0.1:6812/4244365097,v1:127.0.0.1:6813/4244365097] <== osd.3 v2:127.0.0.1:6828/1114810440 12 ==== pg_info2(2.0 2.0 2.0( empty local-lis/les=34/35 n=0 ec=31/31 lis/c=34/34 les/c/f=35/35/0 sis=34) e35/35) ==== 1118+0+0 (crc 0 0 0) 0x50ca700 con 0x4998000
2026-02-11T23:30:22.089+0000 7feb1bd68640 20 osd.1 op_wq(0) _process empty q, waiting
2026-02-11T23:30:22.089+0000 7feb3cffe640 15 osd.1 35 enqueue_peering_evt 2.0 epoch_sent: 35 epoch_requested: 35 MInfoRec from 3 info: 2.0( empty local-lis/les=34/35 n=0 ec=31/31 lis/c=34/34 les/c/f=35/35/0 sis=34) pg_lease(ru 23.603788376s ub 23.614147186s int 16.000000000s)
2026-02-11T23:30:22.089+0000 7feb3cffe640 20 osd.1 op_wq(0) _enqueue OpSchedulerItem(2.0 PGPeeringEvent(epoch_sent: 35 epoch_requested: 35 MInfoRec from 3 info: 2.0( empty local-lis/les=34/35 n=0 ec=31/31 lis/c=34/34 les/c/f=35/35/0 sis=34) pg_lease(ru 23.603788376s ub 23.614147186s int 16.000000000s)) class_id 2 prio 255 cost 10 e35)
2026-02-11T23:30:22.089+0000 7feb1fd70640 20 osd.1 op_wq(0) _process 2.0 to_process <> waiting <> waiting_peering {}
2026-02-11T23:30:22.089+0000 7feb1fd70640 20 osd.1 op_wq(0) _process OpSchedulerItem(2.0 PGPeeringEvent(epoch_sent: 35 epoch_requested: 35 MInfoRec from 3 info: 2.0( empty local-lis/les=34/35 n=0 ec=31/31 lis/c=34/34 les/c/f=35/35/0 sis=34) pg_lease(ru 23.603788376s ub 23.614147186s int 16.000000000s)) class_id 2immediate prio 255 cost 10 e35) queued
2026-02-11T23:30:22.089+0000 7feb1fd70640 20 osd.1 op_wq(0) _process 2.0 to_process waiting <> waiting_peering {}
2026-02-11T23:30:22.089+0000 7feb1fd70640 20 osd.1 op_wq(0) _process OpSchedulerItem(2.0 PGPeeringEvent(epoch_sent: 35 epoch_requested: 35 MInfoRec from 3 info: 2.0( empty local-lis/les=34/35 n=0 ec=31/31 lis/c=34/34 les/c/f=35/35/0 sis=34) pg_lease(ru 23.603788376s ub 23.614147186s int 16.000000000s)) class_id 2immediate prio 255 cost 10 e35) pg 0x50c2000
2026-02-11T23:30:22.089+0000 7feb1bd68640 20 osd.1 op_wq(0) _process empty q, waiting
2026-02-11T23:30:22.089+0000 7feb1fd70640 10 osd.1 pg_epoch: 35 pg[2.0( empty local-lis/les=34/35 n=0 ec=31/31 lis/c=34/31 les/c/f=35/32/0 sis=34) [3,1] r=1 lpr=34 pi=[31,34)/1 crt=0'0 active mbc={}] do_peering_event: epoch_sent: 35 epoch_requested: 35 MInfoRec from 3 info: 2.0( empty local-lis/les=34/35 n=0 ec=31/31 lis/c=34/34 les/c/f=35/35/0 sis=34) pg_lease(ru 23.603788376s ub 23.614147186s int 16.000000000s)
2026-02-11T23:30:22.089+0000 7feb1fd70640 20 osd.1 pg_epoch: 35 pg[2.0( empty local-lis/les=34/35 n=0 ec=31/31 lis/c=34/34 les/c/f=35/35/0 sis=34) [3,1] r=1 lpr=34 pi=[31,34)/1 crt=0'0 active mbc={}] PeeringState::update_history advanced history from ec=31/31 lis/c=34/34 les/c/f=35/35/0 sis=34
2026-02-11T23:30:22.089+0000 7feb1fd70640 20 osd.1 pg_epoch: 35 pg[2.0( empty local-lis/les=34/35 n=0 ec=31/31 lis/c=34/34 les/c/f=35/35/0 sis=34) [3,1] r=1 lpr=34 pi=[31,34)/1 crt=0'0 active mbc={}] PeeringState::update_history clearing past_intervals
2026-02-11T23:30:22.089+0000 7feb1fd70640 10 log is not dirty
2026-02-11T23:30:22.089+0000 7feb1fd70640 20 osd.1 op_wq(0) _process empty q, waiting
2026-02-11T23:30:22.089+0000 7feb1fd70640 20 osd.1 op_wq(0) _process empty q, waiting
2026-02-11T23:30:22.090+0000 7feb1bd68640 20 osd.1 op_wq(0) _process empty q, waiting
2026-02-11T23:30:22.148+0000 7feb2c2de640 10 monclient: tick
2026-02-11T23:30:22.148+0000 7feb2c2de640 10 monclient: _check_auth_tickets
2026-02-11T23:30:22.148+0000 7feb2c2de640 10 monclient: _check_auth_rotating renewing rotating keys (they expired before
2026-02-11T23:29:52.148686+0000)
2026-02-11T23:30:22.148+0000 7feb2c2de640 20 monclient: _un_backoff reopen_interval_multipler now 1
2026-02-11T23:30:22.549+0000 7feb17d60640 5 osd.1 35 heartbeat osd_stat(store_statfs(0x384000/0x0/0x384000, data 0x1934b/0x46000, compress 0x0/0x0/0x0, omap 0x36aa, meta 0x1a4c956), peers [0,2,3,4] op hist [])
2026-02-11T23:30:22.549+0000 7feb17d60640 20 osd.1 35 check_full_status cur ratio 0, physical ratio 0, new state none
2026-02-11T23:30:22.549+0000 7feb17d60640 1 -- 127.0.0.1:0/4244365097 --> [v2:127.0.0.1:6806/460666604,v1:127.0.0.1:6807/460666604] -- osd_ping(ping e35 up_from 9 ping_stamp
2026-02-11T23:30:22.549452+0000/13.403017044s send_stamp 13.403017044s delta_ub -1.980729818s) -- 0x2e61680 con 0x420e800
2026-02-11T23:30:22.549+0000 7feb17d60640 1 -- 127.0.0.1:0/4244365097 --> [v2:127.0.0.1:6804/460666604,v1:127.0.0.1:6805/460666604] -- osd_ping(ping e35 up_from 9 ping_stamp
2026-02-11T23:30:22.549452+0000/13.403017044s send_stamp 13.403017044s delta_ub -1.980729818s) -- 0x2e61800 con 0x420e400
2026-02-11T23:30:22.549+0000 7feb17d60640 1 -- 127.0.0.1:0/4244365097 --> [v2:127.0.0.1:6824/2662569638,v1:127.0.0.1:6825/2662569638] -- osd_ping(ping e35 up_from 9 ping_stamp
2026-02-11T23:30:22.549452+0000/13.403017044s send_stamp 13.403017044s delta_ub 2.668298006s) -- 0x2e61980 con 0x420e000
2026-02-11T23:30:22.549+0000 7feb17d60640 1 -- 127.0.0.1:0/4244365097 --> [v2:127.0.0.1:6822/2662569638,v1:127.0.0.1:6823/2662569638] -- osd_ping(ping e35 up_from 9 ping_stamp
2026-02-11T23:30:22.549452+0000/13.403017044s send_stamp 13.403017044s delta_ub 2.668298006s) -- 0x50e4000 con 0x40a0000
2026-02-11T23:30:22.549+0000 7feb17d60640 1 -- 127.0.0.1:0/4244365097 --> [v2:127.0.0.1:6832/1114810440,v1:127.0.0.1:6833/1114810440] -- osd_ping(ping e35 up_from 9 ping_stamp
2026-02-11T23:30:22.549452+0000/13.403017044s send_stamp 13.403017044s delta_ub 5.330000401s) -- 0x50e4180 con 0x40a0400
2026-02-11T23:30:22.549+0000 7feb17d60640 1 -- 127.0.0.1:0/4244365097 --> [v2:127.0.0.1:6830/1114810440,v1:127.0.0.1:6831/1114810440] -- osd_ping(ping e35 up_from 9 ping_stamp
2026-02-11T23:30:22.549452+0000/13.403017044s send_stamp 13.403017044s delta_ub 5.330000401s) -- 0x50e4300 con 0x40a0800
2026-02-11T23:30:22.549+0000 7feb17d60640 1 -- 127.0.0.1:0/4244365097 --> [v2:127.0.0.1:6840/864727417,v1:127.0.0.1:6841/864727417] -- osd_ping(ping e35 up_from 9 ping_stamp
2026-02-11T23:30:22.549452+0000/13.403017044s send_stamp 13.403017044s delta_ub 7.906215191s) -- 0x50e4480 con 0x4999400
2026-02-11T23:30:22.549+0000 7feb17d60640 1 -- 127.0.0.1:0/4244365097 --> [v2:127.0.0.1:6838/864727417,v1:127.0.0.1:6839/864727417] -- osd_ping(ping e35 up_from 9 ping_stamp
2026-02-11T23:30:22.549452+0000/13.403017044s send_stamp 13.403017044s delta_ub 7.906215191s) -- 0x50e4600 con 0x4999800
2026-02-11T23:30:22.549+0000 7feb3affa640 1 -- 127.0.0.1:0/4244365097 <== osd.0 v2:127.0.0.1:6806/460666604 4 ==== osd_ping(ping_reply e35 up_from 5 ping_stamp
2026-02-11T23:30:22.549452+0000/13.403017044s send_stamp 15.383956909s delta_ub 1.980939150s) ==== 2033+0+0 (crc 0 0 0) 0x50e4480 con 0x420e800
2026-02-11T23:30:22.549+0000 7feb3affa640 20 osd.1 35 get_con_osd_cluster to osd.0 from_epoch 35
2026-02-11T23:30:22.549+0000 7feb3affa640 20 osd.1 35 get_nextmap_reserved map_reservations: {35=1}
2026-02-11T23:30:22.549+0000 7feb3affa640 20 osd.1 35 release_map epoch: 35
2026-02-11T23:30:22.549+0000 7feb3affa640 10 osd.1 35 maybe_share_map: con v2:127.0.0.1:6802/460666604 updating session's projected_epoch from 32 to ping map epoch of 35
2026-02-11T23:30:22.549+0000 7feb3affa640 10 osd.1 35 maybe_share_map: con v2:127.0.0.1:6802/460666604 our osdmap epoch of 35 is not newer than session's projected_epoch of 35
2026-02-11T23:30:22.549+0000 7feb3cffe640 1 -- 127.0.0.1:0/4244365097 <== osd.3 v2:127.0.0.1:6830/1114810440 2 ==== osd_ping(ping_reply e35 up_from 17 ping_stamp
2026-02-11T23:30:22.549452+0000/13.403017044s send_stamp 8.073600769s delta_ub -5.329416752s) ==== 2033+0+0 (crc 0 0 0) 0x50e4300 con 0x40a0800
2026-02-11T23:30:22.549+0000 7feb3affa640 20 osd.1 35 handle_osd_ping new stamps hbstamp(osd.0 up_from 5 peer_clock_delta [1.980769873s,1.980939150s])
2026-02-11T23:30:22.549+0000 7feb3c7fd640 1 -- 127.0.0.1:0/4244365097 <== osd.0 v2:127.0.0.1:6804/460666604 4 ==== osd_ping(ping_reply e35 up_from 5 ping_stamp
2026-02-11T23:30:22.549452+0000/13.403017044s send_stamp 15.383982658s delta_ub 1.980966330s) ==== 2033+0+0 (crc 0 0 0) 0x50e4600 con 0x420e400
2026-02-11T23:30:22.549+0000 7feb3cffe640 20 osd.1 35 get_con_osd_cluster to osd.3 from_epoch 35
2026-02-11T23:30:22.549+0000 7feb3cffe640 20 osd.1 35 get_nextmap_reserved map_reservations: {35=1}
2026-02-11T23:30:22.549+0000 7feb3cffe640 20 osd.1 35 release_map epoch: 35
2026-02-11T23:30:22.549+0000 7feb3cffe640 10 osd.1 35 maybe_share_map: con v2:127.0.0.1:6828/1114810440 our osdmap epoch of 35 is not newer than session's projected_epoch of 35
2026-02-11T23:30:22.549+0000 7feb3cffe640 20 osd.1 35 handle_osd_ping new stamps hbstamp(osd.3 up_from 17 peer_clock_delta [-5.329599380s,-5.329416752s])
2026-02-11T23:30:22.549+0000 7feb3c7fd640 20 osd.1 35 get_con_osd_cluster to osd.0 from_epoch 35
2026-02-11T23:30:22.549+0000 7feb3c7fd640 20 osd.1 35 get_nextmap_reserved map_reservations: {35=1}
2026-02-11T23:30:22.549+0000 7feb3c7fd640 20 osd.1 35 release_map epoch: 35
2026-02-11T23:30:22.549+0000 7feb3c7fd640 10 osd.1 35 maybe_share_map: con v2:127.0.0.1:6802/460666604 our osdmap epoch of 35 is not newer than session's projected_epoch of 35
2026-02-11T23:30:22.549+0000 7feb3affa640 1 -- 127.0.0.1:0/4244365097 <== osd.4 v2:127.0.0.1:6840/864727417 1 ==== osd_ping(ping_reply e35 up_from 21 ping_stamp
2026-02-11T23:30:22.549452+0000/13.403017044s send_stamp 5.497124195s delta_ub -7.905892849s) ==== 2033+0+0 (crc 0 0 0) 0x50e4480 con 0x4999400
2026-02-11T23:30:22.549+0000 7feb3c7fd640 20 osd.1 35 handle_osd_ping new stamps hbstamp(osd.0 up_from 5 peer_clock_delta [1.980767488s,1.980966330s])
2026-02-11T23:30:22.549+0000 7feb3affa640 20 osd.1 35 get_con_osd_cluster to osd.4 from_epoch 35
2026-02-11T23:30:22.549+0000 7feb3affa640 20 osd.1 35 get_nextmap_reserved map_reservations: {35=1}
2026-02-11T23:30:22.549+0000 7feb3affa640 20 osd.1 35 release_map epoch: 35
2026-02-11T23:30:22.549+0000 7feb3affa640 10 osd.1 35 maybe_share_map: con v2:127.0.0.1:6836/864727417 updating session's projected_epoch from 0 to ping map epoch of 35
2026-02-11T23:30:22.549+0000 7feb3affa640 10 osd.1 35 maybe_share_map: con v2:127.0.0.1:6836/864727417 our osdmap epoch of 35 is not newer than session's projected_epoch of 35
2026-02-11T23:30:22.549+0000 7feb3affa640 20 osd.1 35 handle_osd_ping new stamps hbstamp(osd.4 up_from 21 peer_clock_delta [-7.906107903s,-7.905892849s])
2026-02-11T23:30:22.549+0000 7feb3c7fd640 1 -- 127.0.0.1:0/4244365097 <== osd.3 v2:127.0.0.1:6832/1114810440 2 ==== osd_ping(ping_reply e35 up_from 17 ping_stamp
2026-02-11T23:30:22.549452+0000/13.403017044s send_stamp 8.073621750s delta_ub -5.329395294s) ==== 2033+0+0 (crc 0 0 0) 0x50e4600 con 0x40a0400
2026-02-11T23:30:22.549+0000 7feb3c7fd640 20 osd.1 35 get_con_osd_cluster to osd.3 from_epoch 35
2026-02-11T23:30:22.549+0000 7feb3c7fd640 20 osd.1 35 get_nextmap_reserved map_reservations: {35=1}
2026-02-11T23:30:22.549+0000 7feb3c7fd640 20 osd.1 35 release_map epoch: 35
2026-02-11T23:30:22.549+0000 7feb3c7fd640 10 osd.1 35 maybe_share_map: con v2:127.0.0.1:6828/1114810440 our osdmap epoch of 35 is not newer than session's projected_epoch of 35
2026-02-11T23:30:22.549+0000 7feb3c7fd640 20 osd.1 35 handle_osd_ping new stamps hbstamp(osd.3 up_from 17 peer_clock_delta [-5.329622746s,-5.329395294s])
2026-02-11T23:30:22.549+0000 7feb3c7fd640 1 -- 127.0.0.1:0/4244365097 <== osd.4 v2:127.0.0.1:6838/864727417 1 ==== osd_ping(ping_reply e35 up_from 21 ping_stamp
2026-02-11T23:30:22.549452+0000/13.403017044s send_stamp 5.497101784s delta_ub -7.905914783s) ==== 2033+0+0 (crc 0 0 0) 0x50e4600 con 0x4999800
2026-02-11T23:30:22.549+0000 7feb3c7fd640 20 osd.1 35 get_con_osd_cluster to osd.4 from_epoch 35
2026-02-11T23:30:22.549+0000 7feb3c7fd640 20 osd.1 35 get_nextmap_reserved map_reservations: {35=1}
2026-02-11T23:30:22.549+0000 7feb3c7fd640 20 osd.1 35 release_map epoch: 35
2026-02-11T23:30:22.549+0000 7feb3c7fd640 10 osd.1 35 maybe_share_map: con v2:127.0.0.1:6836/864727417 our osdmap epoch of 35 is not newer than session's projected_epoch of 35
2026-02-11T23:30:22.549+0000 7feb3c7fd640 20 osd.1 35 handle_osd_ping new stamps hbstamp(osd.4 up_from 21 peer_clock_delta [-7.906158447s,-7.905914783s])
2026-02-11T23:30:22.549+0000 7feb3affa640 1 -- 127.0.0.1:0/4244365097 <== osd.2 v2:127.0.0.1:6822/2662569638 3 ==== osd_ping(ping_reply e37 up_from 13 ping_stamp
2026-02-11T23:30:22.549452+0000/13.403017044s send_stamp 10.734947205s delta_ub -2.668069839s) ==== 2033+0+0 (crc 0 0 0) 0x50e4480 con 0x40a0000
2026-02-11T23:30:22.549+0000 7feb3affa640 20 osd.1 35 get_con_osd_cluster to osd.2 from_epoch 35
2026-02-11T23:30:22.549+0000 7feb3affa640 20 osd.1 35 get_nextmap_reserved map_reservations: {35=1}
2026-02-11T23:30:22.549+0000 7feb3affa640 20 osd.1 35 release_map epoch: 35
2026-02-11T23:30:22.549+0000 7feb3affa640 10 osd.1 35 maybe_share_map: con v2:127.0.0.1:6820/2662569638 updating session's projected_epoch from 27 to ping map epoch of 37
2026-02-11T23:30:22.549+0000 7feb3affa640 10 osd.1 35 maybe_share_map: con v2:127.0.0.1:6820/2662569638 our osdmap epoch of 35 is not newer than session's projected_epoch of 37
2026-02-11T23:30:22.549+0000 7feb3affa640 20 osd.1 35 handle_osd_ping new stamps hbstamp(osd.2 up_from 13 peer_clock_delta [-2.668484688s,-2.668069839s])
2026-02-11T23:30:22.549+0000 7feb3cffe640 1 -- 127.0.0.1:0/4244365097 <== osd.2 v2:127.0.0.1:6824/2662569638 3 ==== osd_ping(ping_reply e37 up_from 13 ping_stamp
2026-02-11T23:30:22.549452+0000/13.403017044s send_stamp 10.735242844s delta_ub -2.667773962s) ==== 2033+0+0 (crc 0 0 0) 0x50e4300 con 0x420e000
2026-02-11T23:30:22.549+0000 7feb3cffe640 20 osd.1 35 get_con_osd_cluster to osd.2 from_epoch 35
2026-02-11T23:30:22.549+0000 7feb3cffe640 20 osd.1 35 get_nextmap_reserved map_reservations: {35=1}
2026-02-11T23:30:22.549+0000 7feb3cffe640 20 osd.1 35 release_map epoch: 35
2026-02-11T23:30:22.549+0000 7feb3cffe640 10 osd.1 35 maybe_share_map: con v2:127.0.0.1:6820/2662569638 our osdmap epoch of 35 is not newer than session's projected_epoch of 37
2026-02-11T23:30:22.549+0000 7feb3cffe640 20 osd.1 35 handle_osd_ping new stamps hbstamp(osd.2 up_from 13 peer_clock_delta [-2.668215990s,-2.667773962s])
2026-02-11T23:30:22.549+0000 7feb2b2dc640 1 -- [v2:127.0.0.1:6812/4244365097,v1:127.0.0.1:6813/4244365097] <== osd.2 v2:127.0.0.1:6820/2662569638 12 ==== osd_map(36..37 src has 1..37) ==== 1200+0+0 (crc 0 0 0) 0x48c2fc0 con 0x40a1c00
2026-02-11T23:30:22.549+0000 7feb2b2dc640 20 osd.1 35 OSD::ms_dispatch: osd_map(36..37 src has 1..37)
2026-02-11T23:30:22.549+0000 7feb2b2dc640 20 osd.1 35 _dispatch 0x48c2fc0 osd_map(36..37 src has 1..37)
2026-02-11T23:30:22.549+0000 7feb2b2dc640 3 osd.1 35 handle_osd_map epochs [36,37], i have 35, src has [1,37]
2026-02-11T23:30:22.549+0000 7feb2b2dc640 10 osd.1 35 handle_osd_map: received 0 full maps and 2 incremental maps
2026-02-11T23:30:22.549+0000 7feb2b2dc640 10 osd.1 35 handle_osd_map got inc map for epoch 36
2026-02-11T23:30:22.549+0000 7feb2b2dc640 20 osd.1 35 got_full_map 36, nothing requested
2026-02-11T23:30:22.549+0000 7feb2b2dc640 10 osd.1 35 handle_osd_map got inc map for epoch 37
2026-02-11T23:30:22.549+0000 7feb2b2dc640 20 osd.1 35 got_full_map 37, nothing requested
2026-02-11T23:30:22.549+0000 7feb2b2dc640 20 osd.1 35 trim_maps: min=0 oldest_map=1
2026-02-11T23:30:22.549+0000 7feb2b2dc640 20 osd.1 35 handle_osd_map pg_num_history pg_num_history(e37 pg_nums {1={24=1},2={31=1}} deleted_pools )
2026-02-11T23:30:22.549+0000 7feb2b2dc640 10 snap_mapper record_purged_snaps purged_snaps {36={},37={}}
2026-02-11T23:30:22.549+0000 7feb2b2dc640 10 snap_mapper record_purged_snaps rm 0 keys, set 0 keys
2026-02-11T23:30:22.549+0000 7feb2b2dc640 10 write_superblock sb(c7e182d9-676d-4eeb-80b1-915a88d421e5 osd.1 3395b6b5-e3fc-4ea5-a967-ca9cbc43ca79 e37 maps [1~37] lci=[9,37] tlb=1)
2026-02-11T23:30:22.550+0000 7feb29583640 10 osd.1 35 _committed_osd_maps 36..37
2026-02-11T23:30:22.550+0000 7feb29583640 10 osd.1 35 advance to epoch 36 (<= last 37 <= newest_map 37)
2026-02-11T23:30:22.550+0000 7feb29583640 10 osd.1 36 advance to epoch 37 (<= last 37 <= newest_map 37)
2026-02-11T23:30:22.550+0000 7feb29583640 20 osd.1 37 consume_map version 37
2026-02-11T23:30:22.550+0000 7feb29583640 20 osd.1 35 await_reserved_maps epoch:37
2026-02-11T23:30:22.550+0000 7feb29583640 20 osd.1 35 await_reserved_maps done 0
2026-02-11T23:30:22.550+0000 7feb29583640 20 osd.1 37 consume_map 37 -- publish done
2026-02-11T23:30:22.550+0000 7feb29583640 20 osd.1:0.identify_splits_and_merges identify_splits_and_merges 2 slots
2026-02-11T23:30:22.550+0000 7feb29583640 20 osd.1:0.identify_splits_and_merges identify_splits_and_merges slot pgid:2.0slot:0x2e802c0
2026-02-11T23:30:22.550+0000 7feb29583640 20 osd.1 37 identify_splits_and_merges 2.0 e35 to e37
2026-02-11T23:30:22.550+0000 7feb29583640 20 osd.1 37 identify_splits_and_merges 2.0 e35 to e37 pg_nums {31=1}
2026-02-11T23:30:22.550+0000 7feb29583640 20 osd.1:0.identify_splits_and_merges identify_splits_and_merges slot pgid:1.0slot:0x2e28dc0
2026-02-11T23:30:22.550+0000 7feb29583640 20 osd.1 37 identify_splits_and_merges 1.0 e35 to e37
2026-02-11T23:30:22.550+0000 7feb29583640 20 osd.1 37 identify_splits_and_merges 1.0 e35 to e37 pg_nums {24=1}
2026-02-11T23:30:22.550+0000 7feb29583640 20 osd.1:0.identify_splits_and_merges identify_splits_and_merges 0 splits, 0 merges
2026-02-11T23:30:22.550+0000 7feb29583640 20 osd.1:1.identify_splits_and_merges identify_splits_and_merges 0 slots
2026-02-11T23:30:22.550+0000 7feb29583640 20 osd.1:1.identify_splits_and_merges identify_splits_and_merges 0 splits, 0 merges
2026-02-11T23:30:22.550+0000 7feb29583640 20 osd.1:2.identify_splits_and_merges identify_splits_and_merges 0 slots
2026-02-11T23:30:22.550+0000 7feb29583640 20 osd.1:2.identify_splits_and_merges identify_splits_and_merges 0 splits, 0 merges
2026-02-11T23:30:22.550+0000 7feb29583640 20 osd.1:3.identify_splits_and_merges identify_splits_and_merges 0 slots
2026-02-11T23:30:22.550+0000 7feb29583640 20 osd.1:3.identify_splits_and_merges identify_splits_and_merges 0 splits, 0 merges
2026-02-11T23:30:22.550+0000 7feb29583640 20 osd.1:4.identify_splits_and_merges identify_splits_and_merges 0 slots
2026-02-11T23:30:22.550+0000 7feb29583640 20 osd.1:4.identify_splits_and_merges identify_splits_and_merges 0 splits, 0 merges
2026-02-11T23:30:22.550+0000 7feb29583640 20 osd.1:5.identify_splits_and_merges identify_splits_and_merges 0 slots
2026-02-11T23:30:22.550+0000 7feb29583640 20 osd.1:5.identify_splits_and_merges identify_splits_and_merges 0 splits, 0 merges
2026-02-11T23:30:22.550+0000 7feb29583640 20 osd.1:6.identify_splits_and_merges identify_splits_and_merges 0 slots
2026-02-11T23:30:22.550+0000 7feb29583640 20 osd.1:6.identify_splits_and_merges identify_splits_and_merges 0 splits, 0 merges
2026-02-11T23:30:22.550+0000 7feb29583640 20 osd.1:7.identify_splits_and_merges identify_splits_and_merges 0 slots
2026-02-11T23:30:22.550+0000 7feb29583640 20 osd.1:7.identify_splits_and_merges identify_splits_and_merges 0 splits, 0 merges
2026-02-11T23:30:22.550+0000 7feb29583640 20 osd.1 37 prune_pg_created
2026-02-11T23:30:22.550+0000 7feb29583640 10 osd.1:0.consume_map 37 (was 35)
2026-02-11T23:30:22.550+0000 7feb29583640 20 osd.1:0.consume_map consume_map 2.0
2026-02-11T23:30:22.550+0000 7feb29583640 20 osd.1:0.consume_map consume_map 1.0
2026-02-11T23:30:22.550+0000 7feb29583640 10 osd.1:1.consume_map 37 (was 35)
2026-02-11T23:30:22.550+0000 7feb29583640 10 osd.1:2.consume_map 37 (was 35)
2026-02-11T23:30:22.550+0000 7feb29583640 10 osd.1:3.consume_map 37 (was 35)
2026-02-11T23:30:22.550+0000 7feb29583640 10 osd.1:4.consume_map 37 (was 35)
2026-02-11T23:30:22.550+0000 7feb29583640 10 osd.1:5.consume_map 37 (was 35)
2026-02-11T23:30:22.550+0000 7feb29583640 10 osd.1:6.consume_map 37 (was 35)
2026-02-11T23:30:22.550+0000 7feb29583640 10 osd.1:7.consume_map 37 (was 35)
2026-02-11T23:30:22.550+0000 7feb29583640 10 osd.1 37 release_reserved_pushes(0), recovery_ops_reserved 0 -> 0
2026-02-11T23:30:22.550+0000 7feb29583640 15 osd.1 37 enqueue_peering_evt 2.0 epoch_sent: 37 epoch_requested: 37 NullEvt
2026-02-11T23:30:22.550+0000 7feb29583640 20 osd.1 op_wq(0) _enqueue OpSchedulerItem(2.0 PGPeeringEvent(epoch_sent: 37 epoch_requested: 37 NullEvt) class_id 2 prio 255 cost 10 e37)
2026-02-11T23:30:22.550+0000 7feb29583640 15 osd.1 37 enqueue_peering_evt 1.0 epoch_sent: 37 epoch_requested: 37 NullEvt
2026-02-11T23:30:22.550+0000 7feb29583640 20 osd.1 op_wq(0) _enqueue OpSchedulerItem(1.0 PGPeeringEvent(epoch_sent: 37 epoch_requested: 37 NullEvt) class_id 2 prio 255 cost 10 e37)
2026-02-11T23:30:22.550+0000 7feb29583640 7 osd.1 37 activate_map version 37
2026-02-11T23:30:22.550+0000 7feb20571640 20 osd.1 37 agent_entry empty queue
2026-02-11T23:30:22.550+0000 7feb1bd68640 20 osd.1 op_wq(0) _process 2.0 to_process <> waiting <> waiting_peering {}
2026-02-11T23:30:22.550+0000 7feb1bd68640 20 osd.1 op_wq(0) _process OpSchedulerItem(2.0 PGPeeringEvent(epoch_sent: 37 epoch_requested: 37 NullEvt) class_id 2immediate prio 255 cost 10 e37) queued
2026-02-11T23:30:22.550+0000 7feb1bd68640 20 osd.1 op_wq(0) _process 2.0 to_process waiting <> waiting_peering {}
2026-02-11T23:30:22.550+0000 7feb1bd68640 20 osd.1 op_wq(0) _process OpSchedulerItem(2.0 PGPeeringEvent(epoch_sent: 37 epoch_requested: 37 NullEvt) class_id 2immediate prio 255 cost 10 e37) pg 0x50c2000
2026-02-11T23:30:22.550+0000 7feb1fd70640 20 osd.1 op_wq(0) _process 1.0 to_process <> waiting <> waiting_peering {}
2026-02-11T23:30:22.550+0000 7feb1fd70640 20 osd.1 op_wq(0) _process OpSchedulerItem(1.0 PGPeeringEvent(epoch_sent: 37 epoch_requested: 37 NullEvt) class_id 2immediate prio 255 cost 10 e37) queued
2026-02-11T23:30:22.550+0000 7feb1bd68640 10 osd.1 pg_epoch: 35 pg[2.0( empty local-lis/les=34/35 n=0 ec=31/31 lis/c=34/34 les/c/f=35/35/0 sis=34) [3,1] r=1 lpr=34 crt=0'0 active mbc={}] handle_advance_map: 36
2026-02-11T23:30:22.550+0000 7feb1bd68640 20 osd.1:0.update_pg_epoch 2.0 35 -> 36
2026-02-11T23:30:22.550+0000 7feb1bd68640 10 osd.1 pg_epoch: 35 pg[2.0( empty local-lis/les=34/35 n=0 ec=31/31 lis/c=34/34 les/c/f=35/35/0 sis=34) [3,1] r=1 lpr=34 crt=0'0 active mbc={}] PeeringState::advance_map handle_advance_map [3,1]/[3,1] -- 3/3
2026-02-11T23:30:22.550+0000 7feb1fd70640 20 osd.1 op_wq(0) _process 1.0 to_process waiting <> waiting_peering {}
2026-02-11T23:30:22.550+0000 7feb1fd70640 20 osd.1 op_wq(0) _process OpSchedulerItem(1.0 PGPeeringEvent(epoch_sent: 37 epoch_requested: 37 NullEvt) class_id 2immediate prio 255 cost 10 e37) pg 0x4f6e000
2026-02-11T23:30:22.550+0000 7feb1bd68640 10 osd.1 pg_epoch: 36 pg[2.0( empty local-lis/les=34/35 n=0 ec=31/31 lis/c=34/34 les/c/f=35/35/0 sis=34) [3,1] r=1 lpr=34 crt=0'0 active mbc={}] state: Started advmap
2026-02-11T23:30:22.550+0000 7feb1bd68640 10 osd.1 pg_epoch: 36 pg[2.0( empty local-lis/les=34/35 n=0 ec=31/31 lis/c=34/34 les/c/f=35/35/0 sis=34) [3,1] r=1 lpr=34 crt=0'0 active mbc={}] check_recovery_sources no source osds () went down
2026-02-11T23:30:22.550+0000 7feb1bd68640 10 osd.1 pg_epoch: 36 pg[2.0( empty local-lis/les=34/35 n=0 ec=31/31 lis/c=34/34 les/c/f=35/35/0 sis=34) [3,1] r=1 lpr=34 crt=0'0 active mbc={}] plpg_on_pool_change
2026-02-11T23:30:22.550+0000 7feb1bd68640 20 osd.1 pg_epoch: 36 pg[2.0( empty local-lis/les=34/35 n=0 ec=31/31 lis/c=34/34 les/c/f=35/35/0 sis=34) [3,1] r=1 lpr=34 crt=0'0 active mbc={}] hit_set_clear
2026-02-11T23:30:22.550+0000 7feb1bd68640 20 osd.1 pg_epoch: 36 pg[2.0( empty local-lis/les=34/35 n=0 ec=31/31 lis/c=34/34 les/c/f=35/35/0 sis=34) [3,1] r=1 lpr=34 crt=0'0 active mbc={}] agent_stop
2026-02-11T23:30:22.550+0000 7feb1bd68640 20 osd.1 37 advance_pg new pool opts old pool opts
2026-02-11T23:30:22.550+0000 7feb1bd68640 10 osd.1 pg_epoch: 36 pg[2.0( empty local-lis/les=34/35 n=0 ec=31/31 lis/c=34/34 les/c/f=35/35/0 sis=34) [3,1] r=1 lpr=34 crt=0'0 active mbc={}] handle_advance_map: 37
2026-02-11T23:30:22.550+0000 7feb1bd68640 20 osd.1:0.update_pg_epoch 2.0 36 -> 37
2026-02-11T23:30:22.550+0000 7feb1fd70640 10 osd.1 pg_epoch: 35 pg[1.0( empty local-lis/les=27/28 n=0 ec=24/24 lis/c=27/27 les/c/f=28/28/0 sis=27) [1,0] r=0 lpr=27 crt=0'0 mlcod 0'0 active+clean] handle_advance_map: 36
2026-02-11T23:30:22.550+0000 7feb1bd68640 10 osd.1 pg_epoch: 36 pg[2.0( empty local-lis/les=34/35 n=0 ec=31/31 lis/c=34/34 les/c/f=35/35/0 sis=34) [3,1] r=1 lpr=34 crt=0'0 active mbc={}] PeeringState::advance_map handle_advance_map [3,1]/[3,1] -- 3/3
2026-02-11T23:30:22.550+0000 7feb1fd70640 20 osd.1:0.update_pg_epoch 1.0 35 -> 36
2026-02-11T23:30:22.550+0000 7feb1bd68640 10 osd.1 pg_epoch: 37 pg[2.0( empty local-lis/les=34/35 n=0 ec=31/31 lis/c=34/34 les/c/f=35/35/0 sis=34) [3,1] r=1 lpr=34 crt=0'0 active mbc={}] state: Started advmap
2026-02-11T23:30:22.550+0000 7feb1bd68640 10 osd.1 pg_epoch: 37 pg[2.0( empty local-lis/les=34/35 n=0 ec=31/31 lis/c=34/34 les/c/f=35/35/0 sis=34) [3,1] r=1 lpr=34 crt=0'0 active mbc={}] check_recovery_sources no source osds () went down
2026-02-11T23:30:22.550+0000 7feb1fd70640 10 osd.1 pg_epoch: 35 pg[1.0( empty local-lis/les=27/28 n=0 ec=24/24 lis/c=27/27 les/c/f=28/28/0 sis=27) [1,0] r=0 lpr=27 crt=0'0 mlcod 0'0 active+clean] PeeringState::advance_map handle_advance_map [1,0]/[1,0] -- 1/1
2026-02-11T23:30:22.550+0000 7feb1bd68640 10 osd.1 pg_epoch: 37 pg[2.0( empty local-lis/les=34/35 n=0 ec=31/31 lis/c=34/34 les/c/f=35/35/0 sis=34) [3,1] r=1 lpr=34 crt=0'0 active mbc={}] plpg_on_pool_change
2026-02-11T23:30:22.550+0000 7feb1bd68640 20 osd.1 pg_epoch: 37 pg[2.0( empty local-lis/les=34/35 n=0 ec=31/31 lis/c=34/34 les/c/f=35/35/0 sis=34) [3,1] r=1 lpr=34 crt=0'0 active mbc={}] hit_set_clear
2026-02-11T23:30:22.550+0000 7feb1bd68640 20 osd.1 pg_epoch: 37 pg[2.0( empty local-lis/les=34/35 n=0 ec=31/31 lis/c=34/34 les/c/f=35/35/0 sis=34) [3,1] r=1 lpr=34 crt=0'0 active mbc={}] agent_stop
2026-02-11T23:30:22.550+0000 7feb1bd68640 20 osd.1 37 advance_pg new pool opts old pool opts
2026-02-11T23:30:22.550+0000 7feb1fd70640 10 osd.1 pg_epoch: 36 pg[1.0( empty local-lis/les=27/28 n=0 ec=24/24 lis/c=27/27 les/c/f=28/28/0 sis=27) [1,0] r=0 lpr=27 crt=0'0 mlcod 0'0 active+clean] state: Active advmap
2026-02-11T23:30:22.550+0000 7feb1bd68640 10 osd.1 pg_epoch: 37 pg[2.0( empty local-lis/les=34/35 n=0 ec=31/31 lis/c=34/34 les/c/f=35/35/0 sis=34) [3,1] r=1 lpr=34 crt=0'0 active mbc={}] handle_activate_map: epoch range: 36..37
2026-02-11T23:30:22.550+0000 7feb1bd68640 10 osd.1 pg_epoch: 37 pg[2.0( empty local-lis/les=34/35 n=0 ec=31/31 lis/c=34/34 les/c/f=35/35/0 sis=34) [3,1] r=1 lpr=34 crt=0'0 active mbc={}] PeeringState::activate_map
2026-02-11T23:30:22.550+0000 7feb1bd68640 20 osd.1 pg_epoch: 37 pg[2.0( empty local-lis/les=34/35 n=0 ec=31/31 lis/c=34/34 les/c/f=35/35/0 sis=34) [3,1] r=1 lpr=34 crt=0'0 active mbc={}] PeeringState::activate_map : Not dirtying info: last_persisted is 35 while current is 37
2026-02-11T23:30:22.550+0000 7feb1bd68640 10 log is not dirty
2026-02-11T23:30:22.550+0000 7feb1bd68640 10 osd.1 pg_epoch: 37 pg[2.0( empty local-lis/les=34/35 n=0 ec=31/31 lis/c=34/34 les/c/f=35/35/0 sis=34) [3,1] r=1 lpr=34 crt=0'0 active mbc={}] on_scrub_schedule_input_change: inactive, non-primary - or already scrubbing
