2026-02-11T23:30:35.327+0000 7f896e1fd640 20 osd.2 pg_epoch: 85 pg[9.0( empty local-lis/les=84/85 n=0 ec=81/81 lis/c=81/81 les/c/f=82/82/0 sis=84 pruub=15.364192009s) [1,2] r=1 lpr=84 pi=[81,84)/1 crt=0'0 active pruub 38.877796173s@ mbc={}] PeeringState::proc_lease readable_until_ub now 39.514492035s
2026-02-11T23:30:35.327+0000 7f898d3fa640 1 -- [v2:127.0.0.1:6820/2662569638,v1:127.0.0.1:6821/2662569638] <== osd.1 v2:127.0.0.1:6812/4244365097 39 ==== pg_info2(9.0 9.0 9.0( empty local-lis/les=84/85 n=0 ec=81/81 lis/c=84/81 les/c/f=85/82/0 sis=84) e85/85) ==== 1118+0+0 (unknown 0 0 0) 0x56eca00 con 0x553d400
2026-02-11T23:30:35.327+0000 7f896e1fd640 20 osd.2 85 get_con_osd_cluster to osd.1 from_epoch 85
2026-02-11T23:30:35.327+0000 7f896e1fd640 20 osd.2 85 get_nextmap_reserved map_reservations: {85=1}
2026-02-11T23:30:35.327+0000 7f896e1fd640 20 osd.2 85 release_map epoch: 85
2026-02-11T23:30:35.327+0000 7f898d3fa640 15 osd.2 85 enqueue_peering_evt 9.0 epoch_sent: 85 epoch_requested: 85 MInfoRec from 1 info: 9.0( empty local-lis/les=84/85 n=0 ec=81/81 lis/c=84/81 les/c/f=85/82/0 sis=84) pg_lease(ru 42.182243347s ub 42.182609558s int 16.000000000s)
2026-02-11T23:30:35.327+0000 7f896e1fd640 1 -- [v2:127.0.0.1:6820/2662569638,v1:127.0.0.1:6821/2662569638] --> [v2:127.0.0.1:6812/4244365097,v1:127.0.0.1:6813/4244365097] -- pg_lease_ack(9.0 pg_lease_ack(ruub 42.182609558s) e85/85) -- 0x3634b00 con 0x553d400
2026-02-11T23:30:35.327+0000 7f898d3fa640 20 osd.2 op_wq(0) _enqueue OpSchedulerItem(9.0 PGPeeringEvent(epoch_sent: 85 epoch_requested: 85 MInfoRec from 1 info: 9.0( empty local-lis/les=84/85 n=0 ec=81/81 lis/c=84/81 les/c/f=85/82/0 sis=84) pg_lease(ru 42.182243347s ub 42.182609558s int 16.000000000s)) class_id 2 prio 255 cost 10 e85)
2026-02-11T23:30:35.327+0000 7f896e1fd640 10 log is not dirty
2026-02-11T23:30:35.327+0000 7f896e1fd640 20 osd.2 op_wq(0) _process 9.0 to_process <> waiting <> waiting_peering {}
2026-02-11T23:30:35.327+0000 7f896e1fd640 20 osd.2 op_wq(0) _process OpSchedulerItem(9.0 PGPeeringEvent(epoch_sent: 85 epoch_requested: 85 MInfoRec from 1 info: 9.0( empty local-lis/les=84/85 n=0 ec=81/81 lis/c=84/81 les/c/f=85/82/0 sis=84) pg_lease(ru 42.182243347s ub 42.182609558s int 16.000000000s)) class_id 2immediate prio 255 cost 10 e85) queued
2026-02-11T23:30:35.327+0000 7f896e1fd640 20 osd.2 op_wq(0) _process 9.0 to_process waiting <> waiting_peering {}
2026-02-11T23:30:35.327+0000 7f896e1fd640 20 osd.2 op_wq(0) _process OpSchedulerItem(9.0 PGPeeringEvent(epoch_sent: 85 epoch_requested: 85 MInfoRec from 1 info: 9.0( empty local-lis/les=84/85 n=0 ec=81/81 lis/c=84/81 les/c/f=85/82/0 sis=84) pg_lease(ru 42.182243347s ub 42.182609558s int 16.000000000s)) class_id 2immediate prio 255 cost 10 e85) pg 0x5096000
2026-02-11T23:30:35.327+0000 7f896e1fd640 10 osd.2 pg_epoch: 85 pg[9.0( empty local-lis/les=84/85 n=0 ec=81/81 lis/c=81/81 les/c/f=82/82/0 sis=84 pruub=15.364192009s) [1,2] r=1 lpr=84 pi=[81,84)/1 crt=0'0 active pruub 38.877796173s@ mbc={}] do_peering_event: epoch_sent: 85 epoch_requested: 85 MInfoRec from 1 info: 9.0( empty local-lis/les=84/85 n=0 ec=81/81 lis/c=84/81 les/c/f=85/82/0 sis=84) pg_lease(ru 42.182243347s ub 42.182609558s int 16.000000000s)
2026-02-11T23:30:35.327+0000 7f8972205640 20 osd.2 op_wq(0) _process empty q, waiting
2026-02-11T23:30:35.327+0000 7f896e1fd640 20 osd.2 pg_epoch: 85 pg[9.0( empty local-lis/les=84/85 n=0 ec=81/81 lis/c=84/81 les/c/f=85/82/0 sis=84) [1,2] r=1 lpr=84 pi=[81,84)/1 crt=0'0 active pruub 38.877796173s@ mbc={}] PeeringState::update_history advanced history from ec=81/81 lis/c=84/81 les/c/f=85/82/0 sis=84
2026-02-11T23:30:35.327+0000 7f896e1fd640 10 log is not dirty
2026-02-11T23:30:35.327+0000 7f896e1fd640 20 osd.2 op_wq(0) _process empty q, waiting
2026-02-11T23:30:35.327+0000 7f898d3fa640 1 -- [v2:127.0.0.1:6820/2662569638,v1:127.0.0.1:6821/2662569638] <== osd.1 v2:127.0.0.1:6812/4244365097 40 ==== pg_info2(9.0 9.0 9.0( empty local-lis/les=84/85 n=0 ec=81/81 lis/c=84/84 les/c/f=85/85/0 sis=84) e85/85) ==== 1118+0+0 (unknown 0 0 0) 0x56eca00 con 0x553d400
2026-02-11T23:30:35.327+0000 7f898d3fa640 15 osd.2 85 enqueue_peering_evt 9.0 epoch_sent: 85 epoch_requested: 85 MInfoRec from 1 info: 9.0( empty local-lis/les=84/85 n=0 ec=81/81 lis/c=84/84 les/c/f=85/85/0 sis=84) pg_lease(ru 42.182243347s ub 42.182609558s int 16.000000000s)
2026-02-11T23:30:35.327+0000 7f898d3fa640 20 osd.2 op_wq(0) _enqueue OpSchedulerItem(9.0 PGPeeringEvent(epoch_sent: 85 epoch_requested: 85 MInfoRec from 1 info: 9.0( empty local-lis/les=84/85 n=0 ec=81/81 lis/c=84/84 les/c/f=85/85/0 sis=84) pg_lease(ru 42.182243347s ub 42.182609558s int 16.000000000s)) class_id 2 prio 255 cost 10 e85)
2026-02-11T23:30:35.327+0000 7f896e1fd640 20 osd.2 op_wq(0) _process 9.0 to_process <> waiting <> waiting_peering {}
2026-02-11T23:30:35.327+0000 7f896e1fd640 20 osd.2 op_wq(0) _process OpSchedulerItem(9.0 PGPeeringEvent(epoch_sent: 85 epoch_requested: 85 MInfoRec from 1 info: 9.0( empty local-lis/les=84/85 n=0 ec=81/81 lis/c=84/84 les/c/f=85/85/0 sis=84) pg_lease(ru 42.182243347s ub 42.182609558s int 16.000000000s)) class_id 2immediate prio 255 cost 10 e85) queued
2026-02-11T23:30:35.327+0000 7f896e1fd640 20 osd.2 op_wq(0) _process 9.0 to_process waiting <> waiting_peering {}
2026-02-11T23:30:35.327+0000 7f896e1fd640 20 osd.2 op_wq(0) _process OpSchedulerItem(9.0 PGPeeringEvent(epoch_sent: 85 epoch_requested: 85 MInfoRec from 1 info: 9.0( empty local-lis/les=84/85 n=0 ec=81/81 lis/c=84/84 les/c/f=85/85/0 sis=84) pg_lease(ru 42.182243347s ub 42.182609558s int 16.000000000s)) class_id 2immediate prio 255 cost 10 e85) pg 0x5096000
2026-02-11T23:30:35.327+0000 7f896e1fd640 10 osd.2 pg_epoch: 85 pg[9.0( empty local-lis/les=84/85 n=0 ec=81/81 lis/c=84/81 les/c/f=85/82/0 sis=84) [1,2] r=1 lpr=84 pi=[81,84)/1 crt=0'0 active mbc={}] do_peering_event: epoch_sent: 85 epoch_requested: 85 MInfoRec from 1 info: 9.0( empty local-lis/les=84/85 n=0 ec=81/81 lis/c=84/84 les/c/f=85/85/0 sis=84) pg_lease(ru 42.182243347s ub 42.182609558s int 16.000000000s)
2026-02-11T23:30:35.327+0000 7f8972205640 20 osd.2 op_wq(0) _process empty q, waiting
2026-02-11T23:30:35.327+0000 7f896e1fd640 20 osd.2 pg_epoch: 85 pg[9.0( empty local-lis/les=84/85 n=0 ec=81/81 lis/c=84/84 les/c/f=85/85/0 sis=84) [1,2] r=1 lpr=84 pi=[81,84)/1 crt=0'0 active mbc={}] PeeringState::update_history advanced history from ec=81/81 lis/c=84/84 les/c/f=85/85/0 sis=84
2026-02-11T23:30:35.327+0000 7f896e1fd640 20 osd.2 pg_epoch: 85 pg[9.0( empty local-lis/les=84/85 n=0 ec=81/81 lis/c=84/84 les/c/f=85/85/0 sis=84) [1,2] r=1 lpr=84 pi=[81,84)/1 crt=0'0 active mbc={}] PeeringState::update_history clearing past_intervals
2026-02-11T23:30:35.327+0000 7f896e1fd640 10 log is not dirty
2026-02-11T23:30:35.327+0000 7f896e1fd640 20 osd.2 op_wq(0) _process empty q, waiting
2026-02-11T23:30:35.327+0000 7f8972205640 20 osd.2 op_wq(0) _process empty q, waiting
2026-02-11T23:30:35.327+0000 7f896e1fd640 20 osd.2 op_wq(0) _process empty q, waiting
2026-02-11T23:30:35.327+0000 7f8972205640 20 osd.2 op_wq(0) _process empty q, waiting
2026-02-11T23:30:35.327+0000 7f896e1fd640 20 osd.2 op_wq(0) _process empty q, waiting
2026-02-11T23:30:35.348+0000 7f898ebfd640 1 -- [v2:127.0.0.1:6824/2662569638,v1:127.0.0.1:6825/2662569638] <== osd.1 127.0.0.1:0/4244365097 7 ==== osd_ping(ping e85 up_from 9 ping_stamp
2026-02-11T23:30:35.350198+0000/26.203762054s send_stamp 26.203762054s delta_ub 2.668280363s) ==== 2033+0+0 (crc 0 0 0) 0x515a300 con 0x4750000
2026-02-11T23:30:35.348+0000 7f898f3fe640 1 -- [v2:127.0.0.1:6822/2662569638,v1:127.0.0.1:6823/2662569638] <== osd.1 127.0.0.1:0/4244365097 7 ==== osd_ping(ping e85 up_from 9 ping_stamp
2026-02-11T23:30:35.350198+0000/26.203762054s send_stamp 26.203762054s delta_ub 2.668280363s) ==== 2033+0+0 (crc 0 0 0) 0x515a480 con 0x452d000
2026-02-11T23:30:35.348+0000 7f898ebfd640 20 osd.2 85 handle_osd_ping new stamps hbstamp(osd.1 up_from 9 peer_clock_delta [2.668070316s,2.668280363s])
2026-02-11T23:30:35.348+0000 7f898ebfd640 1 -- [v2:127.0.0.1:6824/2662569638,v1:127.0.0.1:6825/2662569638] --> 127.0.0.1:0/4244365097 -- osd_ping(ping_reply e85 up_from 13 ping_stamp
2026-02-11T23:30:35.350198+0000/26.203762054s send_stamp 23.535692215s delta_ub -2.668070316s) -- 0x515aa80 con 0x4750000
2026-02-11T23:30:35.348+0000 7f898ebfd640 20 osd.2 85 get_con_osd_cluster to osd.1 from_epoch 85
2026-02-11T23:30:35.348+0000 7f898ebfd640 20 osd.2 85 get_nextmap_reserved map_reservations: {85=1}
2026-02-11T23:30:35.348+0000 7f898ebfd640 20 osd.2 85 release_map epoch: 85
2026-02-11T23:30:35.348+0000 7f898ebfd640 10 osd.2 85 maybe_share_map: con v2:127.0.0.1:6812/4244365097 our osdmap epoch of 85 is not newer than session's projected_epoch of 85
2026-02-11T23:30:35.348+0000 7f898f3fe640 20 osd.2 85 handle_osd_ping new stamps hbstamp(osd.1 up_from 9 peer_clock_delta [2.668051004s,2.668280363s])
2026-02-11T23:30:35.348+0000 7f898f3fe640 1 -- [v2:127.0.0.1:6822/2662569638,v1:127.0.0.1:6823/2662569638] --> 127.0.0.1:0/4244365097 -- osd_ping(ping_reply e85 up_from 13 ping_stamp
2026-02-11T23:30:35.350198+0000/26.203762054s send_stamp 23.535713196s delta_ub -2.668051004s) -- 0x515b200 con 0x452d000
2026-02-11T23:30:35.348+0000 7f898f3fe640 20 osd.2 85 get_con_osd_cluster to osd.1 from_epoch 85
2026-02-11T23:30:35.348+0000 7f898f3fe640 20 osd.2 85 get_nextmap_reserved map_reservations: {85=1}
2026-02-11T23:30:35.348+0000 7f898f3fe640 20 osd.2 85 release_map epoch: 85
2026-02-11T23:30:35.348+0000 7f898f3fe640 10 osd.2 85 maybe_share_map: con v2:127.0.0.1:6812/4244365097 our osdmap epoch of 85 is not newer than session's projected_epoch of 85
2026-02-11T23:30:35.653+0000 7f89853ea640 10 osd.2 85 tick_without_osd_lock
2026-02-11T23:30:35.653+0000 7f89853ea640 0 osd.2 85 set_statfs fake total 3686400 adjust available 3686400
2026-02-11T23:30:35.653+0000 7f89853ea640 20 osd.2 osd-scrub:scrub_random_backoff: lost coin flip, randomly backing off (ratio: 0.660)
2026-02-11T23:30:35.653+0000 7f89853ea640 15 osd.2 osd-scrub:restrictions_on_scrubbing: Lost on the dice. Regular scheduled scrubs are not permitted.
2026-02-11T23:30:35.653+0000 7f89853ea640 20 osd.2 osd-scrub:scrub_time_permit: should run between 0 - 0 now 23 = yes
2026-02-11T23:30:35.653+0000 7f89853ea640 20 osd.2 osd-scrub:scrub_load_below_threshold: loadavg per cpu 0.129 < max 2000.000 (#CPUs:24) = yes
2026-02-11T23:30:35.653+0000 7f89853ea640 10 osd.2 osd-scrub:initiate_scrub: scrub scheduling (@tick) starts. time now:2026-02-11T23:30:35.655, recovery is active?:false restrictions:<.backoff...>
2026-02-11T23:30:35.653+0000 7f89853ea640 20 osd.2 osd-scrub:initiate_scrub: no PGs are ready for scrubbing
2026-02-11T23:30:35.653+0000 7f89853ea640 10 osd.2 85 promote_throttle_recalibrate 0 attempts, promoted 0 objects and 0 B; target 25 obj/sec or 5 MiB/sec
2026-02-11T23:30:35.653+0000 7f89853ea640 20 osd.2 85 promote_throttle_recalibrate new_prob 1000
2026-02-11T23:30:35.653+0000 7f89853ea640 10 osd.2 85 promote_throttle_recalibrate actual 0, actual/prob ratio 1, adjusted new_prob 1000, prob 1000 -> 1000
2026-02-11T23:30:35.653+0000 7f89853ea640 20 osd.2 85 maybe_send_beacon beacon would be too frequent; skipping
2026-02-11T23:30:35.816+0000 7f897e7dd640 10 monclient: tick
2026-02-11T23:30:35.816+0000 7f897e7dd640 10 monclient: _check_auth_tickets
2026-02-11T23:30:35.816+0000 7f897e7dd640 10 monclient: _check_auth_rotating renewing rotating keys (they expired before
2026-02-11T23:30:05.817511+0000)
2026-02-11T23:30:35.835+0000 7f898f3fe640 1 -- [v2:127.0.0.1:6818/2662569638,v1:127.0.0.1:6819/2662569638] <== mon.0 v2:127.0.0.1:7180/0 43 ==== pg_create2(e88 {10.0=88,2026-02-11T23:30:35.833802+0000}) ==== 207+0+0 (crc 0 0 0) 0x4b4f1e0 con 0x4751c00
2026-02-11T23:30:35.835+0000 7f898f3fe640 7 osd.2 85 handle_fast_pg_create pg_create2(e88 {10.0=88,2026-02-11T23:30:35.833802+0000}) from mon.0
2026-02-11T23:30:35.835+0000 7f898f3fe640 20 osd.2 85 handle_fast_pg_create 10.0 e88@2026-02-11T23:30:35.833802+0000 history ec=88/88 lis/c=0/0 les/c/f=0/0/0 sis=88 pi ([0,0] all_participants={} intervals=[])
2026-02-11T23:30:35.835+0000 7f898f3fe640 15 osd.2 85 enqueue_peering_evt 10.0 epoch_sent: 88 epoch_requested: 88 PgCreateEvt +create_info
2026-02-11T23:30:35.835+0000 7f898f3fe640 20 osd.2 op_wq(0) _enqueue OpSchedulerItem(10.0 PGPeeringEvent(epoch_sent: 88 epoch_requested: 88 PgCreateEvt +create_info) class_id 2 prio 255 cost 10 e88)
2026-02-11T23:30:35.835+0000 7f896e1fd640 20 osd.2 op_wq(0) _process 10.0 (new) to_process <> waiting <> waiting_peering {}
2026-02-11T23:30:35.835+0000 7f896e1fd640 20 osd.2 op_wq(0) _process OpSchedulerItem(10.0 PGPeeringEvent(epoch_sent: 88 epoch_requested: 88 PgCreateEvt +create_info) class_id 2immediate prio 255 cost 10 e88) queued
2026-02-11T23:30:35.835+0000 7f896e1fd640 20 osd.2 op_wq(0) _process 10.0 to_process waiting <> waiting_peering {}
2026-02-11T23:30:35.835+0000 7f896e1fd640 20 osd.2 op_wq(0) _process OpSchedulerItem(10.0 PGPeeringEvent(epoch_sent: 88 epoch_requested: 88 PgCreateEvt +create_info) class_id 2immediate prio 255 cost 10 e88) pg 0
2026-02-11T23:30:35.835+0000 7f896e1fd640 20 osd.2 op_wq(0) _process 10.0 map 88 > 85
2026-02-11T23:30:35.835+0000 7f896e1fd640 20 osd.2 op_wq _add_slot_waiter 10.0 peering, item epoch is 88, will wait on OpSchedulerItem(10.0 PGPeeringEvent(epoch_sent: 88 epoch_requested: 88 PgCreateEvt +create_info) class_id 2immediate prio 255 cost 10 e88)
2026-02-11T23:30:35.835+0000 7f896e1fd640 20 osd.2 op_wq(0) _process empty q, waiting
2026-02-11T23:30:35.835+0000 7f8972205640 20 osd.2 op_wq(0) _process empty q, waiting
2026-02-11T23:30:35.841+0000 7f8985beb640 10 osd.2 85 tick
2026-02-11T23:30:35.841+0000 7f8985beb640 20 osd.2 85 tick last_purged_snaps_scrub
2026-02-11T23:30:12.855967+0000 next
2026-02-13T02:21:46.605967+0000
2026-02-11T23:30:36.055+0000 7f898f3fe640 1 -- [v2:127.0.0.1:6824/2662569638,v1:127.0.0.1:6825/2662569638] <== osd.4 127.0.0.1:0/864727417 8 ==== osd_ping(ping e85 up_from 21 ping_stamp
2026-02-11T23:30:36.056764+0000/19.004270554s send_stamp 19.004270554s delta_ub -5.237586975s) ==== 2033+0+0 (crc 0 0 0) 0x515b200 con 0x5488000
2026-02-11T23:30:36.055+0000 7f898f3fe640 20 osd.2 85 handle_osd_ping new stamps hbstamp(osd.4 up_from 21 peer_clock_delta [-5.238060951s,-5.237586975s])
2026-02-11T23:30:36.055+0000 7f898f3fe640 1 -- [v2:127.0.0.1:6824/2662569638,v1:127.0.0.1:6825/2662569638] --> 127.0.0.1:0/864727417 -- osd_ping(ping_reply e85 up_from 13 ping_stamp
2026-02-11T23:30:36.056764+0000/19.004270554s send_stamp 24.242332458s delta_ub 5.238060951s) -- 0x515a480 con 0x5488000
2026-02-11T23:30:36.055+0000 7f898f3fe640 20 osd.2 85 get_con_osd_cluster to osd.4 from_epoch 85
2026-02-11T23:30:36.055+0000 7f898f3fe640 20 osd.2 85 get_nextmap_reserved map_reservations: {85=1}
2026-02-11T23:30:36.055+0000 7f898f3fe640 20 osd.2 85 release_map epoch: 85
2026-02-11T23:30:36.055+0000 7f898f3fe640 10 osd.2 85 maybe_share_map: con v2:127.0.0.1:6836/864727417 updating session's projected_epoch from 83 to ping map epoch of 85
2026-02-11T23:30:36.055+0000 7f898f3fe640 10 osd.2 85 maybe_share_map: con v2:127.0.0.1:6836/864727417 our osdmap epoch of 85 is not newer than session's projected_epoch of 85
2026-02-11T23:30:36.055+0000 7f898f3fe640 1 -- [v2:127.0.0.1:6822/2662569638,v1:127.0.0.1:6823/2662569638] <== osd.4 127.0.0.1:0/864727417 8 ==== osd_ping(ping e85 up_from 21 ping_stamp
2026-02-11T23:30:36.056764+0000/19.004270554s send_stamp 19.004270554s delta_ub -5.237586975s) ==== 2033+0+0 (crc 0 0 0) 0x515a480 con 0x5488400
2026-02-11T23:30:36.055+0000 7f898f3fe640 20 osd.2 85 handle_osd_ping new stamps hbstamp(osd.4 up_from 21 peer_clock_delta [-5.238129139s,-5.237586975s])
2026-02-11T23:30:36.055+0000 7f898f3fe640 1 -- [v2:127.0.0.1:6822/2662569638,v1:127.0.0.1:6823/2662569638] --> 127.0.0.1:0/864727417 -- osd_ping(ping_reply e85 up_from 13 ping_stamp
2026-02-11T23:30:36.056764+0000/19.004270554s send_stamp 24.242399216s delta_ub 5.238129139s) -- 0x515b200 con 0x5488400
2026-02-11T23:30:36.055+0000 7f898f3fe640 20 osd.2 85 get_con_osd_cluster to osd.4 from_epoch 85
2026-02-11T23:30:36.055+0000 7f898f3fe640 20 osd.2 85 get_nextmap_reserved map_reservations: {85=1}
2026-02-11T23:30:36.055+0000 7f898f3fe640 20 osd.2 85 release_map epoch: 85
2026-02-11T23:30:36.055+0000 7f898f3fe640 10 osd.2 85 maybe_share_map: con v2:127.0.0.1:6836/864727417 our osdmap epoch of 85 is not newer than session's projected_epoch of 85
2026-02-11T23:30:36.269+0000 7f898d3fa640 1 -- [v2:127.0.0.1:6824/2662569638,v1:127.0.0.1:6825/2662569638] <== osd.0 127.0.0.1:0/460666604 7 ==== osd_ping(ping e85 up_from 5 ping_stamp
2026-02-11T23:30:36.270125+0000/29.104541779s send_stamp 29.104541779s delta_ub 4.649364471s) ==== 2033+0+0 (crc 0 0 0) 0x55bb080 con 0x4750800
2026-02-11T23:30:36.269+0000 7f898d3fa640 20 osd.2 85 handle_osd_ping new stamps hbstamp(osd.0 up_from 5 peer_clock_delta [4.648889065s,4.649364471s])
2026-02-11T23:30:36.269+0000 7f898d3fa640 1 -- [v2:127.0.0.1:6824/2662569638,v1:127.0.0.1:6825/2662569638] --> 127.0.0.1:0/460666604 -- osd_ping(ping_reply e85 up_from 13 ping_stamp
2026-02-11T23:30:36.270125+0000/29.104541779s send_stamp 24.455652237s delta_ub -4.648889065s) -- 0x55bac00 con 0x4750800
2026-02-11T23:30:36.269+0000 7f898ebfd640 1 -- [v2:127.0.0.1:6822/2662569638,v1:127.0.0.1:6823/2662569638] <== osd.0 127.0.0.1:0/460666604 7 ==== osd_ping(ping e85 up_from 5 ping_stamp
2026-02-11T23:30:36.270125+0000/29.104541779s send_stamp 29.104541779s delta_ub 4.649364471s) ==== 2033+0+0 (crc 0 0 0) 0x515aa80 con 0x4750400
2026-02-11T23:30:36.269+0000 7f898d3fa640 20 osd.2 85 get_con_osd_cluster to osd.0 from_epoch 85
2026-02-11T23:30:36.269+0000 7f898d3fa640 20 osd.2 85 get_nextmap_reserved map_reservations: {85=1}
2026-02-11T23:30:36.269+0000 7f898d3fa640 20 osd.2 85 release_map epoch: 85
2026-02-11T23:30:36.269+0000 7f898d3fa640 10 osd.2 85 maybe_share_map: con v2:127.0.0.1:6802/460666604 updating session's projected_epoch from 84 to ping map epoch of 85
2026-02-11T23:30:36.269+0000 7f898d3fa640 10 osd.2 85 maybe_share_map: con v2:127.0.0.1:6802/460666604 our osdmap epoch of 85 is not newer than session's projected_epoch of 85
2026-02-11T23:30:36.269+0000 7f898ebfd640 20 osd.2 85 handle_osd_ping new stamps hbstamp(osd.0 up_from 5 peer_clock_delta [4.648850918s,4.649364471s])
2026-02-11T23:30:36.269+0000 7f898ebfd640 1 -- [v2:127.0.0.1:6822/2662569638,v1:127.0.0.1:6823/2662569638] --> 127.0.0.1:0/460666604 -- osd_ping(ping_reply e85 up_from 13 ping_stamp
2026-02-11T23:30:36.270125+0000/29.104541779s send_stamp 24.455690384s delta_ub -4.648850918s) -- 0x515a300 con 0x4750400
2026-02-11T23:30:36.269+0000 7f898ebfd640 20 osd.2 85 get_con_osd_cluster to osd.0 from_epoch 85
2026-02-11T23:30:36.269+0000 7f898ebfd640 20 osd.2 85 get_nextmap_reserved map_reservations: {85=1}
2026-02-11T23:30:36.269+0000 7f898ebfd640 20 osd.2 85 release_map epoch: 85
2026-02-11T23:30:36.269+0000 7f898ebfd640 10 osd.2 85 maybe_share_map: con v2:127.0.0.1:6802/460666604 our osdmap epoch of 85 is not newer than session's projected_epoch of 85
2026-02-11T23:30:36.449+0000 7f898ebfd640 1 -- [v2:127.0.0.1:6824/2662569638,v1:127.0.0.1:6825/2662569638] <== osd.1 127.0.0.1:0/4244365097 8 ==== osd_ping(ping e87 up_from 9 ping_stamp
2026-02-11T23:30:36.450364+0000/27.303928375s send_stamp 27.303928375s delta_ub 2.668370247s) ==== 2033+0+0 (crc 0 0 0) 0x515a300 con 0x4750000
2026-02-11T23:30:36.449+0000 7f898ebfd640 20 osd.2 85 handle_osd_ping new stamps hbstamp(osd.1 up_from 9 peer_clock_delta [2.668071508s,2.668370247s])
2026-02-11T23:30:36.449+0000 7f898ebfd640 1 -- [v2:127.0.0.1:6824/2662569638,v1:127.0.0.1:6825/2662569638] --> 127.0.0.1:0/4244365097 -- osd_ping(ping_reply e85 up_from 13 ping_stamp
2026-02-11T23:30:36.450364+0000/27.303928375s send_stamp 24.635856628s delta_ub -2.668071508s) -- 0x515aa80 con 0x4750000
2026-02-11T23:30:36.449+0000 7f898f3fe640 1 -- [v2:127.0.0.1:6822/2662569638,v1:127.0.0.1:6823/2662569638] <== osd.1 127.0.0.1:0/4244365097 8 ==== osd_ping(ping e87 up_from 9 ping_stamp
2026-02-11T23:30:36.450364+0000/27.303928375s send_stamp 27.303928375s delta_ub 2.668370247s) ==== 2033+0+0 (crc 0 0 0) 0x515b200 con 0x452d000
2026-02-11T23:30:36.449+0000 7f898ebfd640 20 osd.2 85 get_con_osd_cluster to osd.1 from_epoch 85
2026-02-11T23:30:36.449+0000 7f898ebfd640 20 osd.2 85 get_nextmap_reserved map_reservations: {85=1}
2026-02-11T23:30:36.449+0000 7f898ebfd640 20 osd.2 85 release_map epoch: 85
2026-02-11T23:30:36.449+0000 7f898ebfd640 10 osd.2 85 maybe_share_map: con v2:127.0.0.1:6812/4244365097 updating session's projected_epoch from 85 to ping map epoch of 87
2026-02-11T23:30:36.449+0000 7f898ebfd640 10 osd.2 85 maybe_share_map: con v2:127.0.0.1:6812/4244365097 our osdmap epoch of 85 is not newer than session's projected_epoch of 87
2026-02-11T23:30:36.449+0000 7f898f3fe640 20 osd.2 85 handle_osd_ping new stamps hbstamp(osd.1 up_from 9 peer_clock_delta [2.668045759s,2.668370247s])
2026-02-11T23:30:36.449+0000 7f898f3fe640 1 -- [v2:127.0.0.1:6822/2662569638,v1:127.0.0.1:6823/2662569638] --> 127.0.0.1:0/4244365097 -- osd_ping(ping_reply e85 up_from 13 ping_stamp
2026-02-11T23:30:36.450364+0000/27.303928375s send_stamp 24.635883331s delta_ub -2.668045759s) -- 0x515a480 con 0x452d000
2026-02-11T23:30:36.449+0000 7f898f3fe640 20 osd.2 85 get_con_osd_cluster to osd.1 from_epoch 85
2026-02-11T23:30:36.449+0000 7f898f3fe640 20 osd.2 85 get_nextmap_reserved map_reservations: {85=1}
2026-02-11T23:30:36.449+0000 7f898f3fe640 20 osd.2 85 release_map epoch: 85
2026-02-11T23:30:36.449+0000 7f898f3fe640 10 osd.2 85 maybe_share_map: con v2:127.0.0.1:6812/4244365097 our osdmap epoch of 85 is not newer than session's projected_epoch of 87
2026-02-11T23:30:36.449+0000 7f897d7db640 1 -- [v2:127.0.0.1:6820/2662569638,v1:127.0.0.1:6821/2662569638] <== osd.1 v2:127.0.0.1:6812/4244365097 41 ==== osd_map(86..87 src has 1..87) ==== 1200+0+0 (unknown 0 0 0) 0x548ec40 con 0x553d400
2026-02-11T23:30:36.449+0000 7f897d7db640 20 osd.2 85 OSD::ms_dispatch: osd_map(86..87 src has 1..87)
2026-02-11T23:30:36.449+0000 7f897d7db640 20 osd.2 85 _dispatch 0x548ec40 osd_map(86..87 src has 1..87)
2026-02-11T23:30:36.449+0000 7f897d7db640 3 osd.2 85 handle_osd_map epochs [86,87], i have 85, src has [1,87]
2026-02-11T23:30:36.449+0000 7f897d7db640 10 osd.2 85 handle_osd_map: received 0 full maps and 2 incremental maps
2026-02-11T23:30:36.449+0000 7f897d7db640 10 osd.2 85 handle_osd_map got inc map for epoch 86
2026-02-11T23:30:36.449+0000 7f897d7db640 20 osd.2 85 got_full_map 86, nothing requested
2026-02-11T23:30:36.449+0000 7f897d7db640 10 osd.2 85 handle_osd_map got inc map for epoch 87
2026-02-11T23:30:36.449+0000 7f897d7db640 20 osd.2 85 got_full_map 87, nothing requested
2026-02-11T23:30:36.449+0000 7f897d7db640 20 osd.2 85 trim_maps: min=1 oldest_map=1
2026-02-11T23:30:36.449+0000 7f897d7db640 20 osd.2 85 handle_osd_map pg_num_history pg_num_history(e87 pg_nums {1={24=1},2={31=1},3={38=1},4={45=1},5={52=1},6={59=1},7={66=1},8={72=1},9={81=1}} deleted_pools )
2026-02-11T23:30:36.449+0000 7f897d7db640 10 snap_mapper record_purged_snaps purged_snaps {86={},87={}}
2026-02-11T23:30:36.449+0000 7f897d7db640 10 snap_mapper record_purged_snaps rm 0 keys, set 0 keys
2026-02-11T23:30:36.449+0000 7f897d7db640 10 write_superblock sb(c7e182d9-676d-4eeb-80b1-915a88d421e5 osd.2 b674de71-ace7-4d19-93b7-1e68d84b0574 e87 maps [1~87] lci=[13,87] tlb=1)
2026-02-11T23:30:36.449+0000 7f897ba18640 10 osd.2 85 _committed_osd_maps 86..87
2026-02-11T23:30:36.449+0000 7f897ba18640 10 osd.2 85 advance to epoch 86 (<= last 87 <= newest_map 87)
2026-02-11T23:30:36.449+0000 7f897ba18640 10 osd.2 86 advance to epoch 87 (<= last 87 <= newest_map 87)
2026-02-11T23:30:36.449+0000 7f897ba18640 20 osd.2 87 consume_map version 87
2026-02-11T23:30:36.449+0000 7f897ba18640 20 osd.2 85 await_reserved_maps epoch:87
2026-02-11T23:30:36.449+0000 7f897ba18640 20 osd.2 85 await_reserved_maps done 0
2026-02-11T23:30:36.449+0000 7f897ba18640 20 osd.2 87 consume_map 87 -- publish done
2026-02-11T23:30:36.449+0000 7f897ba18640 20 osd.2:0.identify_splits_and_merges identify_splits_and_merges 4 slots
2026-02-11T23:30:36.449+0000 7f897ba18640 20 osd.2:0.identify_splits_and_merges identify_splits_and_merges slot pgid:10.0slot:0x3635080
2026-02-11T23:30:36.449+0000 7f897ba18640 20 osd.2:0.identify_splits_and_merges identify_splits_and_merges slot 10.0 has no pg and waiting_for_split
2026-02-11T23:30:36.449+0000 7f897ba18640 20 osd.2:0.identify_splits_and_merges identify_splits_and_merges slot pgid:9.0slot:0x3634c60
2026-02-11T23:30:36.449+0000 7f897ba18640 20 osd.2 87 identify_splits_and_merges 9.0 e85 to e87
2026-02-11T23:30:36.449+0000 7f897ba18640 20 osd.2 87 identify_splits_and_merges 9.0 e85 to e87 pg_nums {81=1}
2026-02-11T23:30:36.449+0000 7f897ba18640 20 osd.2:0.identify_splits_and_merges identify_splits_and_merges slot pgid:6.0slot:0x35dc000
2026-02-11T23:30:36.449+0000 7f897ba18640 20 osd.2 87 identify_splits_and_merges 6.0 e85 to e87
2026-02-11T23:30:36.449+0000 7f897ba18640 20 osd.2 87 identify_splits_and_merges 6.0 e85 to e87 pg_nums {59=1}
2026-02-11T23:30:36.449+0000 7f897ba18640 20 osd.2:0.identify_splits_and_merges identify_splits_and_merges slot pgid:3.0slot:0x35dd080
2026-02-11T23:30:36.449+0000 7f897ba18640 20 osd.2 87 identify_splits_and_merges 3.0 e85 to e87
2026-02-11T23:30:36.449+0000 7f897ba18640 20 osd.2 87 identify_splits_and_merges 3.0 e85 to e87 pg_nums {38=1}
2026-02-11T23:30:36.449+0000 7f897ba18640 20 osd.2:0.identify_splits_and_merges identify_splits_and_merges 0 splits, 0 merges
2026-02-11T23:30:36.449+0000 7f897ba18640 20 osd.2:1.identify_splits_and_merges identify_splits_and_merges 0 slots
2026-02-11T23:30:36.449+0000 7f897ba18640 20 osd.2:1.identify_splits_and_merges identify_splits_and_merges 0 splits, 0 merges
2026-02-11T23:30:36.449+0000 7f897ba18640 20 osd.2:2.identify_splits_and_merges identify_splits_and_merges 0 slots
2026-02-11T23:30:36.449+0000 7f897ba18640 20 osd.2:2.identify_splits_and_merges identify_splits_and_merges 0 splits, 0 merges
2026-02-11T23:30:36.449+0000 7f897ba18640 20 osd.2:3.identify_splits_and_merges identify_splits_and_merges 0 slots
2026-02-11T23:30:36.449+0000 7f897ba18640 20 osd.2:3.identify_splits_and_merges identify_splits_and_merges 0 splits, 0 merges
2026-02-11T23:30:36.449+0000 7f897ba18640 20 osd.2:4.identify_splits_and_merges identify_splits_and_merges 0 slots
2026-02-11T23:30:36.449+0000 7f897ba18640 20 osd.2:4.identify_splits_and_merges identify_splits_and_merges 0 splits, 0 merges
2026-02-11T23:30:36.449+0000 7f897ba18640 20 osd.2:5.identify_splits_and_merges identify_splits_and_merges 0 slots
2026-02-11T23:30:36.449+0000 7f897ba18640 20 osd.2:5.identify_splits_and_merges identify_splits_and_merges 0 splits, 0 merges
2026-02-11T23:30:36.449+0000 7f897ba18640 20 osd.2:6.identify_splits_and_merges identify_splits_and_merges 0 slots
2026-02-11T23:30:36.449+0000 7f897ba18640 20 osd.2:6.identify_splits_and_merges identify_splits_and_merges 0 splits, 0 merges
2026-02-11T23:30:36.449+0000 7f897ba18640 20 osd.2:7.identify_splits_and_merges identify_splits_and_merges 0 slots
2026-02-11T23:30:36.449+0000 7f897ba18640 20 osd.2:7.identify_splits_and_merges identify_splits_and_merges 0 splits, 0 merges
2026-02-11T23:30:36.449+0000 7f897ba18640 20 osd.2 87 prune_pg_created
2026-02-11T23:30:36.449+0000 7f897ba18640 10 osd.2:0.consume_map 87 (was 85)
2026-02-11T23:30:36.449+0000 7f897ba18640 20 osd.2:0.consume_map consume_map 10.0
2026-02-11T23:30:36.449+0000 7f897ba18640 20 osd.2:0.consume_map consume_map 9.0
2026-02-11T23:30:36.449+0000 7f897ba18640 20 osd.2:0.consume_map consume_map 6.0
2026-02-11T23:30:36.449+0000 7f897ba18640 20 osd.2:0.consume_map consume_map 3.0
2026-02-11T23:30:36.449+0000 7f897ba18640 10 osd.2:1.consume_map 87 (was 85)
2026-02-11T23:30:36.449+0000 7f897ba18640 10 osd.2:2.consume_map 87 (was 85)
2026-02-11T23:30:36.449+0000 7f897ba18640 10 osd.2:3.consume_map 87 (was 85)
2026-02-11T23:30:36.449+0000 7f897ba18640 10 osd.2:4.consume_map 87 (was 85)
2026-02-11T23:30:36.449+0000 7f897ba18640 10 osd.2:5.consume_map 87 (was 85)
2026-02-11T23:30:36.449+0000 7f897ba18640 10 osd.2:6.consume_map 87 (was 85)
2026-02-11T23:30:36.449+0000 7f897ba18640 10 osd.2:7.consume_map 87 (was 85)
2026-02-11T23:30:36.449+0000 7f897ba18640 10 osd.2 87 release_reserved_pushes(0), recovery_ops_reserved 0 -> 0
2026-02-11T23:30:36.449+0000 7f897ba18640 15 osd.2 87 enqueue_peering_evt 9.0 epoch_sent: 87 epoch_requested: 87 NullEvt
2026-02-11T23:30:36.449+0000 7f897ba18640 20 osd.2 op_wq(0) _enqueue OpSchedulerItem(9.0 PGPeeringEvent(epoch_sent: 87 epoch_requested: 87 NullEvt) class_id 2 prio 255 cost 10 e87)
2026-02-11T23:30:36.449+0000 7f897ba18640 15 osd.2 87 enqueue_peering_evt 6.0 epoch_sent: 87 epoch_requested: 87 NullEvt
2026-02-11T23:30:36.449+0000 7f897ba18640 20 osd.2 op_wq(0) _enqueue OpSchedulerItem(6.0 PGPeeringEvent(epoch_sent: 87 epoch_requested: 87 NullEvt) class_id 2 prio 255 cost 10 e87)
2026-02-11T23:30:36.449+0000 7f897ba18640 15 osd.2 87 enqueue_peering_evt 3.0 epoch_sent: 87 epoch_requested: 87 NullEvt
2026-02-11T23:30:36.449+0000 7f897ba18640 20 osd.2 op_wq(0) _enqueue OpSchedulerItem(3.0 PGPeeringEvent(epoch_sent: 87 epoch_requested: 87 NullEvt) class_id 2 prio 255 cost 10 e87)
2026-02-11T23:30:36.449+0000 7f896e1fd640 20 osd.2 op_wq(0) _process 9.0 to_process <> waiting <> waiting_peering {}
2026-02-11T23:30:36.449+0000 7f896e1fd640 20 osd.2 op_wq(0) _process OpSchedulerItem(9.0 PGPeeringEvent(epoch_sent: 87 epoch_requested: 87 NullEvt) class_id 2immediate prio 255 cost 10 e87) queued
2026-02-11T23:30:36.449+0000 7f896e1fd640 20 osd.2 op_wq(0) _process 9.0 to_process waiting <> waiting_peering {}
2026-02-11T23:30:36.449+0000 7f896e1fd640 20 osd.2 op_wq(0) _process OpSchedulerItem(9.0 PGPeeringEvent(epoch_sent: 87 epoch_requested: 87 NullEvt) class_id 2immediate prio 255 cost 10 e87) pg 0x5096000
2026-02-11T23:30:36.449+0000 7f897ba18640 7 osd.2 87 activate_map version 87
2026-02-11T23:30:36.449+0000 7f8972205640 20 osd.2 op_wq(0) _process 6.0 to_process <> waiting <> waiting_peering {}
2026-02-11T23:30:36.449+0000 7f8972205640 20 osd.2 op_wq(0) _process OpSchedulerItem(6.0 PGPeeringEvent(epoch_sent: 87 epoch_requested: 87 NullEvt) class_id 2immediate prio 255 cost 10 e87) queued
2026-02-11T23:30:36.449+0000 7f896e1fd640 10 osd.2 pg_epoch: 85 pg[9.0( empty local-lis/les=84/85 n=0 ec=81/81 lis/c=84/84 les/c/f=85/85/0 sis=84) [1,2] r=1 lpr=84 crt=0'0 active mbc={}] handle_advance_map: 86
2026-02-11T23:30:36.449+0000 7f896e1fd640 20 osd.2:0.update_pg_epoch 9.0 85 -> 86
2026-02-11T23:30:36.449+0000 7f8972205640 20 osd.2 op_wq(0) _process 6.0 to_process waiting <> waiting_peering {}
2026-02-11T23:30:36.449+0000 7f8972a06640 20 osd.2 87 agent_entry empty queue
2026-02-11T23:30:36.449+0000 7f8972205640 20 osd.2 op_wq(0) _process OpSchedulerItem(6.0 PGPeeringEvent(epoch_sent: 87 epoch_requested: 87 NullEvt) class_id 2immediate prio 255 cost 10 e87) pg 0x50fe000
2026-02-11T23:30:36.449+0000 7f896e1fd640 10 osd.2 pg_epoch: 85 pg[9.0( empty local-lis/les=84/85 n=0 ec=81/81 lis/c=84/84 les/c/f=85/85/0 sis=84) [1,2] r=1 lpr=84 crt=0'0 active mbc={}] PeeringState::advance_map handle_advance_map [1,2]/[1,2] -- 1/1
2026-02-11T23:30:36.449+0000 7f896e1fd640 10 osd.2 pg_epoch: 86 pg[9.0( empty local-lis/les=84/85 n=0 ec=81/81 lis/c=84/84 les/c/f=85/85/0 sis=84) [1,2] r=1 lpr=84 crt=0'0 active mbc={}] state: Started advmap
2026-02-11T23:30:36.449+0000 7f896e1fd640 10 osd.2 pg_epoch: 86 pg[9.0( empty local-lis/les=84/85 n=0 ec=81/81 lis/c=84/84 les/c/f=85/85/0 sis=84) [1,2] r=1 lpr=84 crt=0'0 active mbc={}] check_recovery_sources no source osds () went down
2026-02-11T23:30:36.449+0000 7f8972205640 10 osd.2 pg_epoch: 85 pg[6.0( empty local-lis/les=62/63 n=0 ec=59/59 lis/c=62/62 les/c/f=63/63/0 sis=62) [4,2] r=1 lpr=62 crt=0'0 active mbc={}] handle_advance_map: 86
2026-02-11T23:30:36.449+0000 7f8972205640 20 osd.2:0.update_pg_epoch 6.0 85 -> 86
2026-02-11T23:30:36.449+0000 7f896e1fd640 10 osd.2 pg_epoch: 86 pg[9.0( empty local-lis/les=84/85 n=0 ec=81/81 lis/c=84/84 les/c/f=85/85/0 sis=84) [1,2] r=1 lpr=84 crt=0'0 active mbc={}] plpg_on_pool_change
2026-02-11T23:30:36.449+0000 7f896e1fd640 20 osd.2 pg_epoch: 86 pg[9.0( empty local-lis/les=84/85 n=0 ec=81/81 lis/c=84/84 les/c/f=85/85/0 sis=84) [1,2] r=1 lpr=84 crt=0'0 active mbc={}] hit_set_clear
2026-02-11T23:30:36.449+0000 7f8972205640 10 osd.2 pg_epoch: 85 pg[6.0( empty local-lis/les=62/63 n=0 ec=59/59 lis/c=62/62 les/c/f=63/63/0 sis=62) [4,2] r=1 lpr=62 crt=0'0 active mbc={}] PeeringState::advance_map handle_advance_map [4,2]/[4,2] -- 4/4
2026-02-11T23:30:36.449+0000 7f896e1fd640 20 osd.2 pg_epoch: 86 pg[9.0( empty local-lis/les=84/85 n=0 ec=81/81 lis/c=84/84 les/c/f=85/85/0 sis=84) [1,2] r=1 lpr=84 crt=0'0 active mbc={}] agent_stop
2026-02-11T23:30:36.449+0000 7f8972205640 10 osd.2 pg_epoch: 86 pg[6.0( empty local-lis/les=62/63 n=0 ec=59/59 lis/c=62/62 les/c/f=63/63/0 sis=62) [4,2] r=1 lpr=62 crt=0'0 active mbc={}] state: Started advmap
2026-02-11T23:30:36.449+0000 7f896e1fd640 20 osd.2 87 advance_pg new pool opts old pool opts
2026-02-11T23:30:36.449+0000 7f8972205640 10 osd.2 pg_epoch: 86 pg[6.0( empty local-lis/les=62/63 n=0 ec=59/59 lis/c=62/62 les/c/f=63/63/0 sis=62) [4,2] r=1 lpr=62 crt=0'0 active mbc={}] check_recovery_sources no source osds () went down
2026-02-11T23:30:36.449+0000 7f8972205640 20 osd.2 87 advance_pg new pool opts old pool opts
2026-02-11T23:30:36.449+0000 7f896e1fd640 10 osd.2 pg_epoch: 86 pg[9.0( empty local-lis/les=84/85 n=0 ec=81/81 lis/c=84/84 les/c/f=85/85/0 sis=84) [1,2] r=1 lpr=84 crt=0'0 active mbc={}] handle_advance_map: 87
2026-02-11T23:30:36.449+0000 7f896e1fd640 20 osd.2:0.update_pg_epoch 9.0 86 -> 87
2026-02-11T23:30:36.449+0000 7f8972205640 10 osd.2 pg_epoch: 86 pg[6.0( empty local-lis/les=62/63 n=0 ec=59/59 lis/c=62/62 les/c/f=63/63/0 sis=62) [4,2] r=1 lpr=62 crt=0'0 active mbc={}] handle_advance_map: 87
2026-02-11T23:30:36.449+0000 7f896e1fd640 10 osd.2 pg_epoch: 86 pg[9.0( empty local-lis/les=84/85 n=0 ec=81/81 lis/c=84/84 les/c/f=85/85/0 sis=84) [1,2] r=1 lpr=84 crt=0'0 active mbc={}] PeeringState::advance_map handle_advance_map [1,2]/[1,2] -- 1/1
2026-02-11T23:30:36.449+0000 7f896e1fd640 10 osd.2 pg_epoch: 87 pg[9.0( empty local-lis/les=84/85 n=0 ec=81/81 lis/c=84/84 les/c/f=85/85/0 sis=84) [1,2] r=1 lpr=84 crt=0'0 active mbc={}] state: Started advmap
2026-02-11T23:30:36.449+0000 7f8972205640 20 osd.2:0.update_pg_epoch 6.0 86 -> 87
2026-02-11T23:30:36.449+0000 7f896e1fd640 10 osd.2 pg_epoch: 87 pg[9.0( empty local-lis/les=84/85 n=0 ec=81/81 lis/c=84/84 les/c/f=85/85/0 sis=84) [1,2] r=1 lpr=84 crt=0'0 active mbc={}] check_recovery_sources no source osds () went down
2026-02-11T23:30:36.449+0000 7f896e1fd640 10 osd.2 pg_epoch: 87 pg[9.0( empty local-lis/les=84/85 n=0 ec=81/81 lis/c=84/84 les/c/f=85/85/0 sis=84) [1,2] r=1 lpr=84 crt=0'0 active mbc={}] plpg_on_pool_change
2026-02-11T23:30:36.449+0000 7f896e1fd640 20 osd.2 pg_epoch: 87 pg[9.0( empty local-lis/les=84/85 n=0 ec=81/81 lis/c=84/84 les/c/f=85/85/0 sis=84) [1,2] r=1 lpr=84 crt=0'0 active mbc={}] hit_set_clear
2026-02-11T23:30:36.449+0000 7f896e1fd640 20 osd.2 pg_epoch: 87 pg[9.0( empty local-lis/les=84/85 n=0 ec=81/81 lis/c=84/84 les/c/f=85/85/0 sis=84) [1,2] r=1 lpr=84 crt=0'0 active mbc={}] agent_stop
2026-02-11T23:30:36.449+0000 7f8972205640 10 osd.2 pg_epoch: 86 pg[6.0( empty local-lis/les=62/63 n=0 ec=59/59 lis/c=62/62 les/c/f=63/63/0 sis=62) [4,2] r=1 lpr=62 crt=0'0 active mbc={}] PeeringState::advance_map handle_advance_map [4,2]/[4,2] -- 4/4
2026-02-11T23:30:36.449+0000 7f896e1fd640 20 osd.2 87 advance_pg new pool opts old pool opts
2026-02-11T23:30:36.449+0000 7f8972205640 10 osd.2 pg_epoch: 87 pg[6.0( empty local-lis/les=62/63 n=0 ec=59/59 lis/c=62/62 les/c/f=63/63/0 sis=62) [4,2] r=1 lpr=62 crt=0'0 active mbc={}] state: Started advmap
2026-02-11T23:30:36.449+0000 7f896e1fd640 10 osd.2 pg_epoch: 87 pg[9.0( empty local-lis/les=84/85 n=0 ec=81/81 lis/c=84/84 les/c/f=85/85/0 sis=84) [1,2] r=1 lpr=84 crt=0'0 active mbc={}] handle_activate_map: epoch range: 86..87
2026-02-11T23:30:36.449+0000 7f8972205640 10 osd.2 pg_epoch: 87 pg[6.0( empty local-lis/les=62/63 n=0 ec=59/59 lis/c=62/62 les/c/f=63/63/0 sis=62) [4,2] r=1 lpr=62 crt=0'0 active mbc={}] check_recovery_sources no source osds () went down
2026-02-11T23:30:36.449+0000 7f896e1fd640 10 osd.2 pg_epoch: 87 pg[9.0( empty local-lis/les=84/85 n=0 ec=81/81 lis/c=84/84 les/c/f=85/85/0 sis=84) [1,2] r=1 lpr=84 crt=0'0 active mbc={}] PeeringState::activate_map
2026-02-11T23:30:36.449+0000 7f8972205640 20 osd.2 87 advance_pg new pool opts old pool opts
2026-02-11T23:30:36.449+0000 7f896e1fd640 20 osd.2 pg_epoch: 87 pg[9.0( empty local-lis/les=84/85 n=0 ec=81/81 lis/c=84/84 les/c/f=85/85/0 sis=84) [1,2] r=1 lpr=84 crt=0'0 active mbc={}] PeeringState::activate_map : Not dirtying info: last_persisted is 85 while current is 87
2026-02-11T23:30:36.449+0000 7f8972205640 10 osd.2 pg_epoch: 87 pg[6.0( empty local-lis/les=62/63 n=0 ec=59/59 lis/c=62/62 les/c/f=63/63/0 sis=62) [4,2] r=1 lpr=62 crt=0'0 active mbc={}] handle_activate_map: epoch range: 86..87
2026-02-11T23:30:36.449+0000 7f896e1fd640 10 log is not dirty
2026-02-11T23:30:36.449+0000 7f896e1fd640 10 osd.2 pg_epoch: 87 pg[9.0( empty local-lis/les=84/85 n=0 ec=81/81 lis/c=84/84 les/c/f=85/85/0 sis=84) [1,2] r=1 lpr=84 crt=0'0 active mbc={}] on_scrub_schedule_input_change: inactive, non-primary - or already scrubbing
2026-02-11T23:30:36.449+0000 7f8972205640 10 osd.2 pg_epoch: 87 pg[6.0( empty local-lis/les=62/63 n=0 ec=59/59 lis/c=62/62 les/c/f=63/63/0 sis=62) [4,2] r=1 lpr=62 crt=0'0 active mbc={}] PeeringState::activate_map
2026-02-11T23:30:36.449+0000 7f896e1fd640 10 osd.2 pg_epoch: 87 pg[9.0( empty local-lis/les=84/85 n=0 ec=81/81 lis/c=84/84 les/c/f=85/85/0 sis=84) [1,2] r=1 lpr=84 crt=0'0 active mbc={}] do_peering_event: epoch_sent: 87 epoch_requested: 87 NullEvt
2026-02-11T23:30:36.449+0000 7f896e1fd640 10 log is not dirty
2026-02-11T23:30:36.449+0000 7f8972205640 20 osd.2 pg_epoch: 87 pg[6.0( empty local-lis/les=62/63 n=0 ec=59/59 lis/c=62/62 les/c/f=63/63/0 sis=62) [4,2] r=1 lpr=62 crt=0'0 active mbc={}] PeeringState::activate_map : Not dirtying info: last_persisted is 63 while current is 87
2026-02-11T23:30:36.449+0000 7f896e1fd640 20 osd.2 op_wq(0) _process 3.0 to_process <> waiting <> waiting_peering {}
2026-02-11T23:30:36.449+0000 7f8972205640 10 log is not dirty
2026-02-11T23:30:36.449+0000 7f8972205640 10 osd.2 pg_epoch: 87 pg[6.0( empty local-lis/les=62/63 n=0 ec=59/59 lis/c=62/62 les/c/f=63/63/0 sis=62) [4,2] r=1 lpr=62 crt=0'0 active mbc={}] do_peering_event: epoch_sent: 87 epoch_requested: 87 NullEvt
2026-02-11T23:30:36.449+0000 7f8972205640 10 log is not dirty
2026-02-11T23:30:36.449+0000 7f896e1fd640 20 osd.2 op_wq(0) _process OpSchedulerItem(3.0 PGPeeringEvent(epoch_sent: 87 epoch_requested: 87 NullEvt) class_id 2immediate prio 255 cost 10 e87) queued
2026-02-11T23:30:36.449+0000 7f896e1fd640 20 osd.2 op_wq(0) _process 3.0 to_process waiting <> waiting_peering {}
2026-02-11T23:30:36.449+0000 7f896e1fd640 20 osd.2 op_wq(0) _process OpSchedulerItem(3.0 PGPeeringEvent(epoch_sent: 87 epoch_requested: 87 NullEvt) class_id 2immediate prio 255 cost 10 e87) pg 0x56a6000
2026-02-11T23:30:36.449+0000 7f8972205640 20 osd.2 op_wq(0) _process empty q, waiting
2026-02-11T23:30:36.449+0000 7f896e1fd640 10 osd.2 pg_epoch: 85 pg[3.0( empty local-lis/les=41/42 n=0 ec=38/38 lis/c=41/41 les/c/f=42/42/0 sis=41) [1,2] r=1 lpr=41 crt=0'0 active mbc={}] handle_advance_map: 86
2026-02-11T23:30:36.449+0000 7f896e1fd640 20 osd.2:0.update_pg_epoch 3.0 85 -> 86
2026-02-11T23:30:36.449+0000 7f896e1fd640 10 osd.2 pg_epoch: 85 pg[3.0( empty local-lis/les=41/42 n=0 ec=38/38 lis/c=41/41 les/c/f=42/42/0 sis=41) [1,2] r=1 lpr=41 crt=0'0 active mbc={}] PeeringState::advance_map handle_advance_map [1,2]/[1,2] -- 1/1
2026-02-11T23:30:36.449+0000 7f896e1fd640 10 osd.2 pg_epoch: 86 pg[3.0( empty local-lis/les=41/42 n=0 ec=38/38 lis/c=41/41 les/c/f=42/42/0 sis=41) [1,2] r=1 lpr=41 crt=0'0 active mbc={}] state: Started advmap
2026-02-11T23:30:36.449+0000 7f896e1fd640 10 osd.2 pg_epoch: 86 pg[3.0( empty local-lis/les=41/42 n=0 ec=38/38 lis/c=41/41 les/c/f=42/42/0 sis=41) [1,2] r=1 lpr=41 crt=0'0 active mbc={}] check_recovery_sources no source osds () went down
2026-02-11T23:30:36.449+0000 7f896e1fd640 20 osd.2 87 advance_pg new pool opts old pool opts
2026-02-11T23:30:36.449+0000 7f896e1fd640 10 osd.2 pg_epoch: 86 pg[3.0( empty local-lis/les=41/42 n=0 ec=38/38 lis/c=41/41 les/c/f=42/42/0 sis=41) [1,2] r=1 lpr=41 crt=0'0 active mbc={}] handle_advance_map: 87
2026-02-11T23:30:36.449+0000 7f896e1fd640 20 osd.2:0.update_pg_epoch 3.0 86 -> 87
2026-02-11T23:30:36.449+0000 7f896e1fd640 10 osd.2 pg_epoch: 86 pg[3.0( empty local-lis/les=41/42 n=0 ec=38/38 lis/c=41/41 les/c/f=42/42/0 sis=41) [1,2] r=1 lpr=41 crt=0'0 active mbc={}] PeeringState::advance_map handle_advance_map [1,2]/[1,2] -- 1/1
2026-02-11T23:30:36.450+0000 7f896e1fd640 10 osd.2 pg_epoch: 87 pg[3.0( empty local-lis/les=41/42 n=0 ec=38/38 lis/c=41/41 les/c/f=42/42/0 sis=41) [1,2] r=1 lpr=41 crt=0'0 active mbc={}] state: Started advmap
2026-02-11T23:30:36.450+0000 7f896e1fd640 10 osd.2 pg_epoch: 87 pg[3.0( empty local-lis/les=41/42 n=0 ec=38/38 lis/c=41/41 les/c/f=42/42/0 sis=41) [1,2] r=1 lpr=41 crt=0'0 active mbc={}] check_recovery_sources no source osds () went down
2026-02-11T23:30:36.450+0000 7f896e1fd640 20 osd.2 87 advance_pg new pool opts old pool opts
2026-02-11T23:30:36.450+0000 7f896e1fd640 10 osd.2 pg_epoch: 87 pg[3.0( empty local-lis/les=41/42 n=0 ec=38/38 lis/c=41/41 les/c/f=42/42/0 sis=41) [1,2] r=1 lpr=41 crt=0'0 active mbc={}] handle_activate_map: epoch range: 86..87
2026-02-11T23:30:36.450+0000 7f896e1fd640 10 osd.2 pg_epoch: 87 pg[3.0( empty local-lis/les=41/42 n=0 ec=38/38 lis/c=41/41 les/c/f=42/42/0 sis=41) [1,2] r=1 lpr=41 crt=0'0 active mbc={}] PeeringState::activate_map
2026-02-11T23:30:36.450+0000 7f896e1fd640 20 osd.2 pg_epoch: 87 pg[3.0( empty local-lis/les=41/42 n=0 ec=38/38 lis/c=41/41 les/c/f=42/42/0 sis=41) [1,2] r=1 lpr=41 crt=0'0 active mbc={}] PeeringState::activate_map : Not dirtying info: last_persisted is 84 while current is 87
2026-02-11T23:30:36.450+0000 7f896e1fd640 10 log is not dirty
2026-02-11T23:30:36.450+0000 7f896e1fd640 10 osd.2 pg_epoch: 87 pg[3.0( empty local-lis/les=41/42 n=0 ec=38/38 lis/c=41/41 les/c/f=42/42/0 sis=41) [1,2] r=1 lpr=41 crt=0'0 active mbc={}] do_peering_event: epoch_sent: 87 epoch_requested: 87 NullEvt
2026-02-11T23:30:36.450+0000 7f896e1fd640 10 log is not dirty
2026-02-11T23:30:36.450+0000 7f896e1fd640 20 osd.2 op_wq(0) _process empty q, waiting
2026-02-11T23:30:36.668+0000 7f89853ea640 10 osd.2 87 tick_without_osd_lock
2026-02-11T23:30:36.668+0000 7f89853ea640 0 osd.2 87 set_statfs fake total 3686400 adjust available 3686400
2026-02-11T23:30:36.668+0000 7f89853ea640 20 osd.2 87 tick_without_osd_lock max_waiting_epoch 88, requesting new map
2026-02-11T23:30:36.668+0000 7f89853ea640 10 monclient: _renew_subs
2026-02-11T23:30:36.668+0000 7f89853ea640 10 monclient: _send_mon_message to mon.a at v2:127.0.0.1:7180/0
2026-02-11T23:30:36.668+0000 7f89853ea640 1 -- [v2:127.0.0.1:6818/2662569638,v1:127.0.0.1:6819/2662569638] --> v2:127.0.0.1:7180/0 -- mon_subscribe({osdmap=88}) -- 0x4b4f040 con 0x4751c00
2026-02-11T23:30:36.668+0000 7f89853ea640 20 osd.2 osd-scrub:scrub_random_backoff: lost coin flip, randomly backing off (ratio: 0.660)
2026-02-11T23:30:36.668+0000 7f89853ea640 15 osd.2 osd-scrub:restrictions_on_scrubbing: Lost on the dice. Regular scheduled scrubs are not permitted.
2026-02-11T23:30:36.668+0000 7f89853ea640 20 osd.2 osd-scrub:scrub_time_permit: should run between 0 - 0 now 23 = yes
2026-02-11T23:30:36.668+0000 7f89853ea640 20 osd.2 osd-scrub:scrub_load_below_threshold: loadavg per cpu 0.129 < max 2000.000 (#CPUs:24) = yes
2026-02-11T23:30:36.668+0000 7f89853ea640 10 osd.2 osd-scrub:initiate_scrub: scrub scheduling (@tick) starts. time now:2026-02-11T23:30:36.669, recovery is active?:false restrictions:<.backoff...>
2026-02-11T23:30:36.668+0000 7f89853ea640 20 osd.2 osd-scrub:initiate_scrub: no PGs are ready for scrubbing
2026-02-11T23:30:36.668+0000 7f89853ea640 10 osd.2 87 promote_throttle_recalibrate 0 attempts, promoted 0 objects and 0 B; target 25 obj/sec or 5 MiB/sec
2026-02-11T23:30:36.668+0000 7f89853ea640 20 osd.2 87 promote_throttle_recalibrate new_prob 1000
2026-02-11T23:30:36.668+0000 7f89853ea640 10 osd.2 87 promote_throttle_recalibrate actual 0, actual/prob ratio 1, adjusted new_prob 1000, prob 1000 -> 1000
2026-02-11T23:30:36.668+0000 7f89853ea640 20 osd.2 87 maybe_send_beacon beacon would be too frequent; skipping
2026-02-11T23:30:36.668+0000 7f897f7df640 1 -- [v2:127.0.0.1:6818/2662569638,v1:127.0.0.1:6819/2662569638] <== mon.0 v2:127.0.0.1:7180/0 44 ==== osd_map(88..88 src has 1..88) ==== 636+0+0 (crc 0 0 0) 0x56ac540 con 0x4751c00
2026-02-11T23:30:36.668+0000 7f897f7df640 20 osd.2 87 OSD::ms_dispatch: osd_map(88..88 src has 1..88)
2026-02-11T23:30:36.668+0000 7f897f7df640 20 osd.2 87 _dispatch 0x56ac540 osd_map(88..88 src has 1..88)
2026-02-11T23:30:36.668+0000 7f897f7df640 3 osd.2 87 handle_osd_map epochs [88,88], i have 87, src has [1,88]
2026-02-11T23:30:36.668+0000 7f897f7df640 10 osd.2 87 handle_osd_map: received 0 full maps and 1 incremental maps
2026-02-11T23:30:36.668+0000 7f897f7df640 10 osd.2 87 handle_osd_map got inc map for epoch 88
2026-02-11T23:30:36.668+0000 7f897f7df640 20 osd.2 87 got_full_map 88, nothing requested
2026-02-11T23:30:36.668+0000 7f897f7df640 10 osd.2 87 _track_pools_and_pg_num_changes recording new pool 10 pg_num 1
2026-02-11T23:30:36.668+0000 7f897f7df640 20 osd.2 87 trim_maps: min=1 oldest_map=1
2026-02-11T23:30:36.668+0000 7f897f7df640 20 osd.2 87 handle_osd_map pg_num_history pg_num_history(e88 pg_nums {1={24=1},2={31=1},3={38=1},4={45=1},5={52=1},6={59=1},7={66=1},8={72=1},9={81=1},10={88=1}} deleted_pools )
2026-02-11T23:30:36.668+0000 7f897f7df640 10 snap_mapper record_purged_snaps purged_snaps {88={}}
2026-02-11T23:30:36.668+0000 7f897f7df640 10 snap_mapper record_purged_snaps rm 0 keys, set 0 keys
2026-02-11T23:30:36.668+0000 7f897f7df640 10 write_superblock sb(c7e182d9-676d-4eeb-80b1-915a88d421e5 osd.2 b674de71-ace7-4d19-93b7-1e68d84b0574 e88 maps [1~88] lci=[13,88] tlb=1)
2026-02-11T23:30:36.669+0000 7f897ba18640 10 osd.2 87 _committed_osd_maps 88..88
2026-02-11T23:30:36.669+0000 7f897ba18640 10 osd.2 87 advance to epoch 88 (<= last 88 <= newest_map 88)
2026-02-11T23:30:36.669+0000 7f897ba18640 20 osd.2 88 consume_map version 88
2026-02-11T23:30:36.669+0000 7f897ba18640 20 osd.2 87 await_reserved_maps epoch:88
2026-02-11T23:30:36.669+0000 7f897ba18640 20 osd.2 87 await_reserved_maps done 0
2026-02-11T23:30:36.669+0000 7f897ba18640 20 osd.2 88 consume_map 88 -- publish done
2026-02-11T23:30:36.669+0000 7f897ba18640 20 osd.2:0.identify_splits_and_merges identify_splits_and_merges 4 slots
2026-02-11T23:30:36.669+0000 7f897ba18640 20 osd.2:0.identify_splits_and_merges identify_splits_and_merges slot pgid:10.0slot:0x3635080
2026-02-11T23:30:36.669+0000 7f897ba18640 20 osd.2:0.identify_splits_and_merges identify_splits_and_merges slot 10.0 has no pg and waiting_for_split
2026-02-11T23:30:36.669+0000 7f897ba18640 20 osd.2:0.identify_splits_and_merges identify_splits_and_merges slot pgid:9.0slot:0x3634c60
2026-02-11T23:30:36.669+0000 7f897ba18640 20 osd.2 88 identify_splits_and_merges 9.0 e87 to e88
2026-02-11T23:30:36.669+0000 7f897ba18640 20 osd.2 88 identify_splits_and_merges 9.0 e87 to e88 pg_nums {81=1}
2026-02-11T23:30:36.669+0000 7f897ba18640 20 osd.2:0.identify_splits_and_merges identify_splits_and_merges slot pgid:6.0slot:0x35dc000
2026-02-11T23:30:36.669+0000 7f897ba18640 20 osd.2 88 identify_splits_and_merges 6.0 e87 to e88
2026-02-11T23:30:36.669+0000 7f897ba18640 20 osd.2 88 identify_splits_and_merges 6.0 e87 to e88 pg_nums {59=1}
2026-02-11T23:30:36.669+0000 7f897ba18640 20 osd.2:0.identify_splits_and_merges identify_splits_and_merges slot pgid:3.0slot:0x35dd080
2026-02-11T23:30:36.669+0000 7f897ba18640 20 osd.2 88 identify_splits_and_merges 3.0 e87 to e88
2026-02-11T23:30:36.669+0000 7f897ba18640 20 osd.2 88 identify_splits_and_merges 3.0 e87 to e88 pg_nums {38=1}
2026-02-11T23:30:36.669+0000 7f897ba18640 20 osd.2:0.identify_splits_and_merges identify_splits_and_merges 0 splits, 0 merges
2026-02-11T23:30:36.669+0000 7f897ba18640 20 osd.2:1.identify_splits_and_merges identify_splits_and_merges 0 slots
2026-02-11T23:30:36.669+0000 7f897ba18640 20 osd.2:1.identify_splits_and_merges identify_splits_and_merges 0 splits, 0 merges
2026-02-11T23:30:36.669+0000 7f897ba18640 20 osd.2:2.identify_splits_and_merges identify_splits_and_merges 0 slots
2026-02-11T23:30:36.669+0000 7f897ba18640 20 osd.2:2.identify_splits_and_merges identify_splits_and_merges 0 splits, 0 merges
2026-02-11T23:30:36.669+0000 7f897ba18640 20 osd.2:3.identify_splits_and_merges identify_splits_and_merges 0 slots
2026-02-11T23:30:36.669+0000 7f897ba18640 20 osd.2:3.identify_splits_and_merges identify_splits_and_merges 0 splits, 0 merges
2026-02-11T23:30:36.669+0000 7f897ba18640 20 osd.2:4.identify_splits_and_merges identify_splits_and_merges 0 slots
2026-02-11T23:30:36.669+0000 7f897ba18640 20 osd.2:4.identify_splits_and_merges identify_splits_and_merges 0 splits, 0 merges
2026-02-11T23:30:36.669+0000 7f897ba18640 20 osd.2:5.identify_splits_and_merges identify_splits_and_merges 0 slots
2026-02-11T23:30:36.669+0000 7f897ba18640 20 osd.2:5.identify_splits_and_merges identify_splits_and_merges 0 splits, 0 merges
2026-02-11T23:30:36.669+0000 7f897ba18640 20 osd.2:6.identify_splits_and_merges identify_splits_and_merges 0 slots
2026-02-11T23:30:36.669+0000 7f897ba18640 20 osd.2:6.identify_splits_and_merges identify_splits_and_merges 0 splits, 0 merges
