2026-02-11T23:30:28.092+0000 7f5353fda640 7 osd.3 pg_epoch: 58 pg[5.0( empty local-lis/les=55/56 n=0 ec=52/52 lis/c=55/55 les/c/f=56/57/0 sis=55) [3,4] r=0 lpr=55 crt=0'0 mlcod 0'0 active+clean] state: handle ActMap primary
2026-02-11T23:30:28.092+0000 7f53617f5640 10 osd.3 58 adding neighbor peer osd.2
2026-02-11T23:30:28.092+0000 7f53617f5640 10 osd.3 58 adding neighbor peer osd.4
2026-02-11T23:30:28.092+0000 7f5353fda640 20 osd.3 pg_epoch: 58 pg[5.0( empty local-lis/les=55/56 n=0 ec=52/52 lis/c=55/55 les/c/f=56/57/0 sis=55) [3,4] r=0 lpr=55 crt=0'0 mlcod 0'0 active+clean] PeeringState::prepare_stats_for_publish reporting purged_snaps []
2026-02-11T23:30:28.092+0000 7f53617f5640 10 osd.3 58 adding random peer osd.1
2026-02-11T23:30:28.092+0000 7f5353fda640 15 osd.3 pg_epoch: 58 pg[5.0( empty local-lis/les=55/56 n=0 ec=52/52 lis/c=55/55 les/c/f=56/57/0 sis=55) [3,4] r=0 lpr=55 crt=0'0 mlcod 0'0 active+clean] PeeringState::prepare_stats_for_publish publish_stats_to_osd 58:25
2026-02-11T23:30:28.092+0000 7f53617f5640 10 osd.3 58 maybe_update_heartbeat_peers 4 peers, extras 0,1,2,4
2026-02-11T23:30:28.092+0000 7f53617f5640 7 osd.3 58 activate_map version 58
2026-02-11T23:30:28.092+0000 7f5353fda640 20 osd.3 pg_epoch: 58 pg[5.0( empty local-lis/les=55/56 n=0 ec=52/52 lis/c=55/55 les/c/f=56/57/0 sis=55) [3,4] r=0 lpr=55 crt=0'0 mlcod 0'0 active+clean] PeeringState::activate_map : Not dirtying info: last_persisted is 57 while current is 58
2026-02-11T23:30:28.092+0000 7f5353fda640 10 log is not dirty
2026-02-11T23:30:28.092+0000 7f5353fda640 10 osd.3 pg_epoch: 58 pg[5.0( empty local-lis/les=55/56 n=0 ec=52/52 lis/c=55/55 les/c/f=56/57/0 sis=55) [3,4] r=0 lpr=55 crt=0'0 mlcod 0'0 active+clean] on_scrub_schedule_input_change: active/primary
2026-02-11T23:30:28.092+0000 7f53587e3640 20 osd.3 58 agent_entry empty queue
2026-02-11T23:30:28.092+0000 7f5353fda640 15 osd.3 pg_epoch: 58 pg[5.0( empty local-lis/les=55/56 n=0 ec=52/52 lis/c=55/55 les/c/f=56/57/0 sis=55) [3,4] r=0 lpr=55 crt=0'0 mlcod 0'0 active+clean] scrubber: update_scrub_job: job on entry:pg[5.0]:sh:5.0/sh,nb:2026-02-13T02:16:07.962,(periodic-regular,tr:2026-02-13T02:16:07.962),q:+,issue:ok/dp:5.0/dp,nb:2026-02-17T20:43:09.442,(periodic-regular,tr:2026-02-17T20:43:09.442),q:+,issue:ok
2026-02-11T23:30:28.092+0000 7f5353fda640 10 osd.3 scrub-queue:remove_from_osd_queue: removing pg[5.0] from OSD scrub queue
2026-02-11T23:30:28.092+0000 7f5353fda640 20 osd.3 pg_epoch: 58 pg[5.0( empty local-lis/les=55/56 n=0 ec=52/52 lis/c=55/55 les/c/f=56/57/0 sis=55) [3,4] r=0 lpr=55 crt=0'0 mlcod 0'0 active+clean] scrubber: update_scrub_job: PG[5.0] dequeuing for an update
2026-02-11T23:30:28.092+0000 7f5353fda640 15 osd.3 pg_epoch: 58 pg[5.0( empty local-lis/les=55/56 n=0 ec=52/52 lis/c=55/55 les/c/f=56/57/0 sis=55) [3,4] r=0 lpr=55 crt=0'0 mlcod 0'0 active+clean] scrubber: populate_config_params: inputs: intervals: sh:86400(pl:0),dp:604800(pl:0)
2026-02-11T23:30:28.092+0000 7f5353fda640 10 osd.3 pg_epoch: 58 pg[5.0( empty local-lis/les=55/56 n=0 ec=52/52 lis/c=55/55 les/c/f=56/57/0 sis=55) [3,4] r=0 lpr=55 crt=0'0 mlcod 0'0 active+clean] scrubber: populate_config_params: updated config:periods:s:86400,d:604800,iv-ratio:0.5,deep-rand:0.2,on-inv:true
2026-02-11T23:30:28.092+0000 7f5353fda640 10 osd.3 pg_epoch: 58 pg[5.0( empty local-lis/les=55/56 n=0 ec=52/52 lis/c=55/55 les/c/f=56/57/0 sis=55) [3,4] r=0 lpr=55 crt=0'0 mlcod 0'0 active+clean] scrubber: update_targets: config:periods:s:86400,d:604800,iv-ratio:0.5,deep-rand:0.2,on-inv:true job on entry:pg[5.0]:sh:5.0/sh,nb:2026-02-13T02:16:07.962,(periodic-regular,tr:2026-02-13T02:16:07.962),q:-,issue:ok/dp:5.0/dp,nb:2026-02-17T20:43:09.442,(periodic-regular,tr:2026-02-17T20:43:09.442),q:-,issue:ok
2026-02-11T23:30:28.092+0000 7f5353fda640 10 osd.3 scrub-job:pg[5.0]:adjust_shallow_schedule: at entry: shallow target:5.0/sh,nb:2026-02-13T02:16:07.962,(periodic-regular,tr:2026-02-13T02:16:07.962),q:-,issue:ok, conf:periods:s:86400,d:604800,iv-ratio:0.5,deep-rand:0.2,on-inv:true, last-stamp:2026-02-11T23:30:26.377
2026-02-11T23:30:28.092+0000 7f5353fda640 10 osd.3 scrub-job:pg[5.0]:adjust_shallow_schedule: adjusted: nb:2026-02-13T05:03:20.586 target:2026-02-13T05:03:20.586 (registered)
2026-02-11T23:30:28.092+0000 7f5353fda640 10 osd.3 scrub-job:pg[5.0]:adjust_deep_schedule: at entry: deep target:5.0/dp,nb:2026-02-17T20:43:09.442,(periodic-regular,tr:2026-02-17T20:43:09.442),q:-,issue:ok, conf:periods:s:86400,d:604800,iv-ratio:0.5,deep-rand:0.2,on-inv:true, last-stamp:2026-02-11T23:30:26.377
2026-02-11T23:30:28.092+0000 7f5353fda640 20 osd.3 scrub-job:pg[5.0]:adjust_deep_schedule: deep scrubbing: next_delay=662855 (interval=604800, ratio=0.200), adjusted:2026-02-19T15:38:01.834
2026-02-11T23:30:28.092+0000 7f5353fda640 10 osd.3 scrub-job:pg[5.0]:adjust_deep_schedule: adjusted: nb:2026-02-19T15:38:01.834 target:2026-02-19T15:38:01.834 (registered)
2026-02-11T23:30:28.092+0000 7f5353fda640 10 osd.3 pg_epoch: 58 pg[5.0( empty local-lis/les=55/56 n=0 ec=52/52 lis/c=55/55 les/c/f=56/57/0 sis=55) [3,4] r=0 lpr=55 crt=0'0 mlcod 0'0 active+clean] scrubber: update_targets: adjusted:pg[5.0]:sh:5.0/sh,nb:2026-02-13T05:03:20.586,(periodic-regular,tr:2026-02-13T05:03:20.586),q:-,issue:ok/dp:5.0/dp,nb:2026-02-19T15:38:01.834,(periodic-regular,tr:2026-02-19T15:38:01.834),q:-,issue:ok
2026-02-11T23:30:28.092+0000 7f5353fda640 20 osd.3 pg_epoch: 58 pg[5.0( empty local-lis/les=55/56 n=0 ec=52/52 lis/c=55/55 les/c/f=56/57/0 sis=55) [3,4] r=0 lpr=55 crt=0'0 mlcod 0'0 active+clean] PeeringState::prepare_stats_for_publish reporting purged_snaps []
2026-02-11T23:30:28.092+0000 7f5353fda640 15 osd.3 pg_epoch: 58 pg[5.0( empty local-lis/les=55/56 n=0 ec=52/52 lis/c=55/55 les/c/f=56/57/0 sis=55) [3,4] r=0 lpr=55 crt=0'0 mlcod 0'0 active+clean] PeeringState::prepare_stats_for_publish publish_stats_to_osd 58:26
2026-02-11T23:30:28.092+0000 7f5353fda640 10 osd.3 pg_epoch: 58 pg[5.0( empty local-lis/les=55/56 n=0 ec=52/52 lis/c=55/55 les/c/f=56/57/0 sis=55) [3,4] r=0 lpr=55 crt=0'0 mlcod 0'0 active+clean] scrubber: update_scrub_job: job on exit:pg[5.0]:sh:5.0/sh,nb:2026-02-13T05:03:20.586,(periodic-regular,tr:2026-02-13T05:03:20.586),q:+,issue:ok/dp:5.0/dp,nb:2026-02-19T15:38:01.834,(periodic-regular,tr:2026-02-19T15:38:01.834),q:+,issue:ok
2026-02-11T23:30:28.092+0000 7f5353fda640 10 osd.3 pg_epoch: 58 pg[5.0( empty local-lis/les=55/56 n=0 ec=52/52 lis/c=55/55 les/c/f=56/57/0 sis=55) [3,4] r=0 lpr=55 crt=0'0 mlcod 0'0 active+clean] do_peering_event: epoch_sent: 58 epoch_requested: 58 MNotifyRec 5.0 from 0 notify: (query:58 sent:58 5.0( empty local-lis/les=52/53 n=0 ec=52/52 lis/c=52/52 les/c/f=53/53/0 sis=55 pruub=14.997283936s) ([52,54] all_participants={0, 3, 4} intervals=[([52,54] acting={0, 3, 4})])) features: 0x3f0ffffffffdffff +create_info
2026-02-11T23:30:28.092+0000 7f5353fda640 10 osd.3 pg_epoch: 58 pg[5.0( empty local-lis/les=55/56 n=0 ec=52/52 lis/c=55/55 les/c/f=56/57/0 sis=55) [3,4] r=0 lpr=55 crt=0'0 mlcod 0'0 active+clean] state: Active: got notify from 0, already purged that peer, ignoring
2026-02-11T23:30:28.092+0000 7f5353fda640 10 log is not dirty
2026-02-11T23:30:28.092+0000 7f5357fe2640 20 osd.3 op_wq(0) _process 5.0 to_process waiting <> waiting_peering {}
2026-02-11T23:30:28.092+0000 7f5357fe2640 20 osd.3 op_wq(0) _process OpSchedulerItem(5.0 PGPeeringEvent(epoch_sent: 58 epoch_requested: 58 NullEvt) class_id 2immediate prio 255 cost 10 e58) pg 0x6527000
2026-02-11T23:30:28.092+0000 7f5353fda640 20 osd.3 op_wq(0) _process 2.0 to_process <> waiting <> waiting_peering {}
2026-02-11T23:30:28.092+0000 7f5353fda640 20 osd.3 op_wq(0) _process OpSchedulerItem(2.0 PGPeeringEvent(epoch_sent: 58 epoch_requested: 58 NullEvt) class_id 2immediate prio 255 cost 10 e58) queued
2026-02-11T23:30:28.092+0000 7f5357fe2640 10 osd.3 pg_epoch: 58 pg[5.0( empty local-lis/les=55/56 n=0 ec=52/52 lis/c=55/55 les/c/f=56/57/0 sis=55) [3,4] r=0 lpr=55 crt=0'0 mlcod 0'0 active+clean] do_peering_event: epoch_sent: 58 epoch_requested: 58 NullEvt
2026-02-11T23:30:28.092+0000 7f5353fda640 20 osd.3 op_wq(0) _process 2.0 to_process waiting <> waiting_peering {}
2026-02-11T23:30:28.092+0000 7f5353fda640 20 osd.3 op_wq(0) _process OpSchedulerItem(2.0 PGPeeringEvent(epoch_sent: 58 epoch_requested: 58 NullEvt) class_id 2immediate prio 255 cost 10 e58) pg 0x6377000
2026-02-11T23:30:28.092+0000 7f5357fe2640 10 log is not dirty
2026-02-11T23:30:28.092+0000 7f5353fda640 10 osd.3 pg_epoch: 57 pg[2.0( empty local-lis/les=34/35 n=0 ec=31/31 lis/c=34/34 les/c/f=35/35/0 sis=34) [3,1] r=0 lpr=34 crt=0'0 mlcod 0'0 active+clean] handle_advance_map: 58
2026-02-11T23:30:28.092+0000 7f5357fe2640 20 osd.3 op_wq(0) _process empty q, waiting
2026-02-11T23:30:28.093+0000 7f5353fda640 20 osd.3:0.update_pg_epoch 2.0 57 -> 58
2026-02-11T23:30:28.093+0000 7f5353fda640 10 osd.3 pg_epoch: 57 pg[2.0( empty local-lis/les=34/35 n=0 ec=31/31 lis/c=34/34 les/c/f=35/35/0 sis=34) [3,1] r=0 lpr=34 crt=0'0 mlcod 0'0 active+clean] PeeringState::advance_map handle_advance_map [3,1]/[3,1] -- 3/3
2026-02-11T23:30:28.093+0000 7f5353fda640 10 osd.3 pg_epoch: 58 pg[2.0( empty local-lis/les=34/35 n=0 ec=31/31 lis/c=34/34 les/c/f=35/35/0 sis=34) [3,1] r=0 lpr=34 crt=0'0 mlcod 0'0 active+clean] state: Active advmap
2026-02-11T23:30:28.093+0000 7f5353fda640 20 osd.3 pg_epoch: 58 pg[2.0( empty local-lis/les=34/35 n=0 ec=31/31 lis/c=34/34 les/c/f=35/35/0 sis=34) [3,1] r=0 lpr=34 crt=0'0 mlcod 0'0 active+clean] PeeringState::prepare_stats_for_publish reporting purged_snaps []
2026-02-11T23:30:28.093+0000 7f5353fda640 15 osd.3 pg_epoch: 58 pg[2.0( empty local-lis/les=34/35 n=0 ec=31/31 lis/c=34/34 les/c/f=35/35/0 sis=34) [3,1] r=0 lpr=34 crt=0'0 mlcod 0'0 active+clean] PeeringState::prepare_stats_for_publish publish_stats_to_osd 57:60
2026-02-11T23:30:28.093+0000 7f5353fda640 10 osd.3 pg_epoch: 58 pg[2.0( empty local-lis/les=34/35 n=0 ec=31/31 lis/c=34/34 les/c/f=35/35/0 sis=34) [3,1] r=0 lpr=34 crt=0'0 mlcod 0'0 active+clean] state: Started advmap
2026-02-11T23:30:28.093+0000 7f5353fda640 10 osd.3 pg_epoch: 58 pg[2.0( empty local-lis/les=34/35 n=0 ec=31/31 lis/c=34/34 les/c/f=35/35/0 sis=34) [3,1] r=0 lpr=34 crt=0'0 mlcod 0'0 active+clean] check_recovery_sources no source osds () went down
2026-02-11T23:30:28.093+0000 7f5353fda640 20 osd.3 58 advance_pg new pool opts old pool opts
2026-02-11T23:30:28.093+0000 7f5353fda640 10 osd.3 pg_epoch: 58 pg[2.0( empty local-lis/les=34/35 n=0 ec=31/31 lis/c=34/34 les/c/f=35/35/0 sis=34) [3,1] r=0 lpr=34 crt=0'0 mlcod 0'0 active+clean] handle_activate_map: epoch range: 58..58
2026-02-11T23:30:28.093+0000 7f5353fda640 10 osd.3 pg_epoch: 58 pg[2.0( empty local-lis/les=34/35 n=0 ec=31/31 lis/c=34/34 les/c/f=35/35/0 sis=34) [3,1] r=0 lpr=34 crt=0'0 mlcod 0'0 active+clean] PeeringState::activate_map
2026-02-11T23:30:28.093+0000 7f5353fda640 10 osd.3 pg_epoch: 58 pg[2.0( empty local-lis/les=34/35 n=0 ec=31/31 lis/c=34/34 les/c/f=35/35/0 sis=34) [3,1] r=0 lpr=34 crt=0'0 mlcod 0'0 active+clean] state: Active: handling ActMap
2026-02-11T23:30:28.093+0000 7f5353fda640 10 osd.3 pg_epoch: 58 pg[2.0( empty local-lis/les=34/35 n=0 ec=31/31 lis/c=34/34 les/c/f=35/35/0 sis=34) [3,1] r=0 lpr=34 crt=0'0 mlcod 0'0 active+clean] Active: kicking snap trim
2026-02-11T23:30:28.093+0000 7f5353fda640 7 osd.3 pg_epoch: 58 pg[2.0( empty local-lis/les=34/35 n=0 ec=31/31 lis/c=34/34 les/c/f=35/35/0 sis=34) [3,1] r=0 lpr=34 crt=0'0 mlcod 0'0 active+clean] state: handle ActMap primary
2026-02-11T23:30:28.093+0000 7f5353fda640 20 osd.3 pg_epoch: 58 pg[2.0( empty local-lis/les=34/35 n=0 ec=31/31 lis/c=34/34 les/c/f=35/35/0 sis=34) [3,1] r=0 lpr=34 crt=0'0 mlcod 0'0 active+clean] PeeringState::prepare_stats_for_publish reporting purged_snaps []
2026-02-11T23:30:28.093+0000 7f5353fda640 15 osd.3 pg_epoch: 58 pg[2.0( empty local-lis/les=34/35 n=0 ec=31/31 lis/c=34/34 les/c/f=35/35/0 sis=34) [3,1] r=0 lpr=34 crt=0'0 mlcod 0'0 active+clean] PeeringState::prepare_stats_for_publish publish_stats_to_osd 58:61
2026-02-11T23:30:28.093+0000 7f5353fda640 20 osd.3 pg_epoch: 58 pg[2.0( empty local-lis/les=34/35 n=0 ec=31/31 lis/c=34/34 les/c/f=35/35/0 sis=34) [3,1] r=0 lpr=34 crt=0'0 mlcod 0'0 active+clean] PeeringState::activate_map : Not dirtying info: last_persisted is 35 while current is 58
2026-02-11T23:30:28.093+0000 7f5353fda640 10 log is not dirty
2026-02-11T23:30:28.093+0000 7f5353fda640 10 osd.3 pg_epoch: 58 pg[2.0( empty local-lis/les=34/35 n=0 ec=31/31 lis/c=34/34 les/c/f=35/35/0 sis=34) [3,1] r=0 lpr=34 crt=0'0 mlcod 0'0 active+clean] do_peering_event: epoch_sent: 58 epoch_requested: 58 NullEvt
2026-02-11T23:30:28.093+0000 7f5353fda640 10 log is not dirty
2026-02-11T23:30:28.093+0000 7f5353fda640 20 osd.3 op_wq(0) _process empty q, waiting
2026-02-11T23:30:28.348+0000 7f53731fa640 1 -- [v2:127.0.0.1:6832/1114810440,v1:127.0.0.1:6833/1114810440] <== osd.1 127.0.0.1:0/4244365097 4 ==== osd_ping(ping e59 up_from 9 ping_stamp
2026-02-11T23:30:28.349831+0000/19.203395844s send_stamp 19.203395844s delta_ub 5.329663277s) ==== 2033+0+0 (crc 0 0 0) 0x631e780 con 0x6324800
2026-02-11T23:30:28.348+0000 7f53731fa640 20 osd.3 58 handle_osd_ping new stamps hbstamp(osd.1 up_from 9 peer_clock_delta [5.329419613s,5.329663277s])
2026-02-11T23:30:28.348+0000 7f53731fa640 1 -- [v2:127.0.0.1:6832/1114810440,v1:127.0.0.1:6833/1114810440] --> 127.0.0.1:0/4244365097 -- osd_ping(ping_reply e58 up_from 17 ping_stamp
2026-02-11T23:30:28.349831+0000/19.203395844s send_stamp 13.873976707s delta_ub -5.329419613s) -- 0x631e180 con 0x6324800
2026-02-11T23:30:28.348+0000 7f53731fa640 20 osd.3 58 get_con_osd_cluster to osd.1 from_epoch 58
2026-02-11T23:30:28.348+0000 7f53731fa640 20 osd.3 58 get_nextmap_reserved map_reservations: {58=1}
2026-02-11T23:30:28.348+0000 7f53731fa640 20 osd.3 58 release_map epoch: 58
2026-02-11T23:30:28.348+0000 7f53731fa640 10 osd.3 58 maybe_share_map: con v2:127.0.0.1:6812/4244365097 updating session's projected_epoch from 47 to ping map epoch of 59
2026-02-11T23:30:28.348+0000 7f53731fa640 10 osd.3 58 maybe_share_map: con v2:127.0.0.1:6812/4244365097 our osdmap epoch of 58 is not newer than session's projected_epoch of 59
2026-02-11T23:30:28.348+0000 7f53749fd640 1 -- [v2:127.0.0.1:6830/1114810440,v1:127.0.0.1:6831/1114810440] <== osd.1 127.0.0.1:0/4244365097 4 ==== osd_ping(ping e59 up_from 9 ping_stamp
2026-02-11T23:30:28.349831+0000/19.203395844s send_stamp 19.203395844s delta_ub 5.329663277s) ==== 2033+0+0 (crc 0 0 0) 0x631f500 con 0x6324c00
2026-02-11T23:30:28.348+0000 7f53749fd640 20 osd.3 58 handle_osd_ping new stamps hbstamp(osd.1 up_from 9 peer_clock_delta [5.329393387s,5.329663277s])
2026-02-11T23:30:28.348+0000 7f53749fd640 1 -- [v2:127.0.0.1:6830/1114810440,v1:127.0.0.1:6831/1114810440] --> 127.0.0.1:0/4244365097 -- osd_ping(ping_reply e58 up_from 17 ping_stamp
2026-02-11T23:30:28.349831+0000/19.203395844s send_stamp 13.874003410s delta_ub -5.329393387s) -- 0x631f800 con 0x6324c00
2026-02-11T23:30:28.348+0000 7f53749fd640 20 osd.3 58 get_con_osd_cluster to osd.1 from_epoch 58
2026-02-11T23:30:28.348+0000 7f53749fd640 20 osd.3 58 get_nextmap_reserved map_reservations: {58=1}
2026-02-11T23:30:28.348+0000 7f53749fd640 20 osd.3 58 release_map epoch: 58
2026-02-11T23:30:28.348+0000 7f53749fd640 10 osd.3 58 maybe_share_map: con v2:127.0.0.1:6812/4244365097 our osdmap epoch of 58 is not newer than session's projected_epoch of 59
2026-02-11T23:30:28.349+0000 7f5363556640 1 -- [v2:127.0.0.1:6828/1114810440,v1:127.0.0.1:6829/1114810440] <== osd.1 v2:127.0.0.1:6812/4244365097 16 ==== osd_map(59..59 src has 1..59) ==== 635+0+0 (unknown 0 0 0) 0x5cd8fc0 con 0x5746000
2026-02-11T23:30:28.349+0000 7f5363556640 20 osd.3 58 OSD::ms_dispatch: osd_map(59..59 src has 1..59)
2026-02-11T23:30:28.349+0000 7f5363556640 20 osd.3 58 _dispatch 0x5cd8fc0 osd_map(59..59 src has 1..59)
2026-02-11T23:30:28.349+0000 7f5363556640 3 osd.3 58 handle_osd_map epochs [59,59], i have 58, src has [1,59]
2026-02-11T23:30:28.349+0000 7f5363556640 10 osd.3 58 handle_osd_map: received 0 full maps and 1 incremental maps
2026-02-11T23:30:28.349+0000 7f5363556640 10 osd.3 58 handle_osd_map got inc map for epoch 59
2026-02-11T23:30:28.349+0000 7f5363556640 20 osd.3 58 got_full_map 59, nothing requested
2026-02-11T23:30:28.349+0000 7f5363556640 10 osd.3 58 _track_pools_and_pg_num_changes recording new pool 6 pg_num 1
2026-02-11T23:30:28.349+0000 7f5363556640 20 osd.3 58 trim_maps: min=1 oldest_map=1
2026-02-11T23:30:28.349+0000 7f5363556640 20 osd.3 58 handle_osd_map pg_num_history pg_num_history(e59 pg_nums {1={24=1},2={31=1},3={38=1},4={45=1},5={52=1},6={59=1}} deleted_pools )
2026-02-11T23:30:28.349+0000 7f5363556640 10 snap_mapper record_purged_snaps purged_snaps {59={}}
2026-02-11T23:30:28.349+0000 7f5363556640 10 snap_mapper record_purged_snaps rm 0 keys, set 0 keys
2026-02-11T23:30:28.349+0000 7f5363556640 10 write_superblock sb(c7e182d9-676d-4eeb-80b1-915a88d421e5 osd.3 7ba296ff-a530-4954-8418-dc654dc9b88b e59 maps [1~59] lci=[17,59] tlb=1)
2026-02-11T23:30:28.349+0000 7f53617f5640 10 osd.3 58 _committed_osd_maps 59..59
2026-02-11T23:30:28.349+0000 7f53617f5640 10 osd.3 58 advance to epoch 59 (<= last 59 <= newest_map 59)
2026-02-11T23:30:28.349+0000 7f53617f5640 20 osd.3 59 consume_map version 59
2026-02-11T23:30:28.349+0000 7f53617f5640 20 osd.3 58 await_reserved_maps epoch:59
2026-02-11T23:30:28.349+0000 7f53617f5640 20 osd.3 58 await_reserved_maps done 0
2026-02-11T23:30:28.349+0000 7f53617f5640 20 osd.3 59 consume_map 59 -- publish done
2026-02-11T23:30:28.349+0000 7f53617f5640 20 osd.3:0.identify_splits_and_merges identify_splits_and_merges 2 slots
2026-02-11T23:30:28.349+0000 7f53617f5640 20 osd.3:0.identify_splits_and_merges identify_splits_and_merges slot pgid:5.0slot:0x43c02c0
2026-02-11T23:30:28.349+0000 7f53617f5640 20 osd.3 59 identify_splits_and_merges 5.0 e58 to e59
2026-02-11T23:30:28.349+0000 7f53617f5640 20 osd.3 59 identify_splits_and_merges 5.0 e58 to e59 pg_nums {52=1}
2026-02-11T23:30:28.349+0000 7f53617f5640 20 osd.3:0.identify_splits_and_merges identify_splits_and_merges slot pgid:2.0slot:0x4368dc0
2026-02-11T23:30:28.349+0000 7f53617f5640 20 osd.3 59 identify_splits_and_merges 2.0 e58 to e59
2026-02-11T23:30:28.349+0000 7f53617f5640 20 osd.3 59 identify_splits_and_merges 2.0 e58 to e59 pg_nums {31=1}
2026-02-11T23:30:28.349+0000 7f53617f5640 20 osd.3:0.identify_splits_and_merges identify_splits_and_merges 0 splits, 0 merges
2026-02-11T23:30:28.349+0000 7f53617f5640 20 osd.3:1.identify_splits_and_merges identify_splits_and_merges 0 slots
2026-02-11T23:30:28.349+0000 7f53617f5640 20 osd.3:1.identify_splits_and_merges identify_splits_and_merges 0 splits, 0 merges
2026-02-11T23:30:28.349+0000 7f53617f5640 20 osd.3:2.identify_splits_and_merges identify_splits_and_merges 0 slots
2026-02-11T23:30:28.349+0000 7f53617f5640 20 osd.3:2.identify_splits_and_merges identify_splits_and_merges 0 splits, 0 merges
2026-02-11T23:30:28.349+0000 7f53617f5640 20 osd.3:3.identify_splits_and_merges identify_splits_and_merges 0 slots
2026-02-11T23:30:28.349+0000 7f53617f5640 20 osd.3:3.identify_splits_and_merges identify_splits_and_merges 0 splits, 0 merges
2026-02-11T23:30:28.349+0000 7f53617f5640 20 osd.3:4.identify_splits_and_merges identify_splits_and_merges 0 slots
2026-02-11T23:30:28.349+0000 7f53617f5640 20 osd.3:4.identify_splits_and_merges identify_splits_and_merges 0 splits, 0 merges
2026-02-11T23:30:28.349+0000 7f53617f5640 20 osd.3:5.identify_splits_and_merges identify_splits_and_merges 0 slots
2026-02-11T23:30:28.349+0000 7f53617f5640 20 osd.3:5.identify_splits_and_merges identify_splits_and_merges 0 splits, 0 merges
2026-02-11T23:30:28.349+0000 7f53617f5640 20 osd.3:6.identify_splits_and_merges identify_splits_and_merges 0 slots
2026-02-11T23:30:28.349+0000 7f53617f5640 20 osd.3:6.identify_splits_and_merges identify_splits_and_merges 0 splits, 0 merges
2026-02-11T23:30:28.349+0000 7f53617f5640 20 osd.3:7.identify_splits_and_merges identify_splits_and_merges 0 slots
2026-02-11T23:30:28.349+0000 7f53617f5640 20 osd.3:7.identify_splits_and_merges identify_splits_and_merges 0 splits, 0 merges
2026-02-11T23:30:28.349+0000 7f53617f5640 20 osd.3 59 prune_pg_created
2026-02-11T23:30:28.349+0000 7f53617f5640 10 osd.3:0.consume_map 59 (was 58)
2026-02-11T23:30:28.349+0000 7f53617f5640 20 osd.3:0.consume_map consume_map 5.0
2026-02-11T23:30:28.349+0000 7f53617f5640 20 osd.3:0.consume_map consume_map 2.0
2026-02-11T23:30:28.349+0000 7f53617f5640 10 osd.3:1.consume_map 59 (was 58)
2026-02-11T23:30:28.349+0000 7f53617f5640 10 osd.3:2.consume_map 59 (was 58)
2026-02-11T23:30:28.349+0000 7f53617f5640 10 osd.3:3.consume_map 59 (was 58)
2026-02-11T23:30:28.349+0000 7f53617f5640 10 osd.3:4.consume_map 59 (was 58)
2026-02-11T23:30:28.349+0000 7f53617f5640 10 osd.3:5.consume_map 59 (was 58)
2026-02-11T23:30:28.349+0000 7f53617f5640 10 osd.3:6.consume_map 59 (was 58)
2026-02-11T23:30:28.349+0000 7f53617f5640 10 osd.3:7.consume_map 59 (was 58)
2026-02-11T23:30:28.349+0000 7f53617f5640 10 osd.3 59 release_reserved_pushes(0), recovery_ops_reserved 0 -> 0
2026-02-11T23:30:28.349+0000 7f53617f5640 15 osd.3 59 enqueue_peering_evt 5.0 epoch_sent: 59 epoch_requested: 59 NullEvt
2026-02-11T23:30:28.349+0000 7f53617f5640 20 osd.3 op_wq(0) _enqueue OpSchedulerItem(5.0 PGPeeringEvent(epoch_sent: 59 epoch_requested: 59 NullEvt) class_id 2 prio 255 cost 10 e59)
2026-02-11T23:30:28.349+0000 7f53617f5640 15 osd.3 59 enqueue_peering_evt 2.0 epoch_sent: 59 epoch_requested: 59 NullEvt
2026-02-11T23:30:28.349+0000 7f53617f5640 20 osd.3 op_wq(0) _enqueue OpSchedulerItem(2.0 PGPeeringEvent(epoch_sent: 59 epoch_requested: 59 NullEvt) class_id 2 prio 255 cost 10 e59)
2026-02-11T23:30:28.349+0000 7f53617f5640 7 osd.3 59 activate_map version 59
2026-02-11T23:30:28.349+0000 7f5353fda640 20 osd.3 op_wq(0) _process 5.0 to_process <> waiting <> waiting_peering {}
2026-02-11T23:30:28.349+0000 7f5353fda640 20 osd.3 op_wq(0) _process OpSchedulerItem(5.0 PGPeeringEvent(epoch_sent: 59 epoch_requested: 59 NullEvt) class_id 2immediate prio 255 cost 10 e59) queued
2026-02-11T23:30:28.349+0000 7f53587e3640 20 osd.3 59 agent_entry empty queue
2026-02-11T23:30:28.349+0000 7f5353fda640 20 osd.3 op_wq(0) _process 5.0 to_process waiting <> waiting_peering {}
2026-02-11T23:30:28.349+0000 7f5353fda640 20 osd.3 op_wq(0) _process OpSchedulerItem(5.0 PGPeeringEvent(epoch_sent: 59 epoch_requested: 59 NullEvt) class_id 2immediate prio 255 cost 10 e59) pg 0x6527000
2026-02-11T23:30:28.349+0000 7f5353fda640 10 osd.3 pg_epoch: 58 pg[5.0( empty local-lis/les=55/56 n=0 ec=52/52 lis/c=55/55 les/c/f=56/57/0 sis=55) [3,4] r=0 lpr=55 crt=0'0 mlcod 0'0 active+clean] handle_advance_map: 59
2026-02-11T23:30:28.349+0000 7f5357fe2640 20 osd.3 op_wq(0) _process 2.0 to_process <> waiting <> waiting_peering {}
2026-02-11T23:30:28.349+0000 7f5357fe2640 20 osd.3 op_wq(0) _process OpSchedulerItem(2.0 PGPeeringEvent(epoch_sent: 59 epoch_requested: 59 NullEvt) class_id 2immediate prio 255 cost 10 e59) queued
2026-02-11T23:30:28.349+0000 7f5357fe2640 20 osd.3 op_wq(0) _process 2.0 to_process waiting <> waiting_peering {}
2026-02-11T23:30:28.349+0000 7f5357fe2640 20 osd.3 op_wq(0) _process OpSchedulerItem(2.0 PGPeeringEvent(epoch_sent: 59 epoch_requested: 59 NullEvt) class_id 2immediate prio 255 cost 10 e59) pg 0x6377000
2026-02-11T23:30:28.349+0000 7f5353fda640 20 osd.3:0.update_pg_epoch 5.0 58 -> 59
2026-02-11T23:30:28.349+0000 7f5353fda640 10 osd.3 pg_epoch: 58 pg[5.0( empty local-lis/les=55/56 n=0 ec=52/52 lis/c=55/55 les/c/f=56/57/0 sis=55) [3,4] r=0 lpr=55 crt=0'0 mlcod 0'0 active+clean] PeeringState::advance_map handle_advance_map [3,4]/[3,4] -- 3/3
2026-02-11T23:30:28.349+0000 7f5357fe2640 10 osd.3 pg_epoch: 58 pg[2.0( empty local-lis/les=34/35 n=0 ec=31/31 lis/c=34/34 les/c/f=35/35/0 sis=34) [3,1] r=0 lpr=34 crt=0'0 mlcod 0'0 active+clean] handle_advance_map: 59
2026-02-11T23:30:28.349+0000 7f5353fda640 10 osd.3 pg_epoch: 59 pg[5.0( empty local-lis/les=55/56 n=0 ec=52/52 lis/c=55/55 les/c/f=56/57/0 sis=55) [3,4] r=0 lpr=55 crt=0'0 mlcod 0'0 active+clean] state: Active advmap
2026-02-11T23:30:28.349+0000 7f5357fe2640 20 osd.3:0.update_pg_epoch 2.0 58 -> 59
2026-02-11T23:30:28.349+0000 7f5357fe2640 10 osd.3 pg_epoch: 58 pg[2.0( empty local-lis/les=34/35 n=0 ec=31/31 lis/c=34/34 les/c/f=35/35/0 sis=34) [3,1] r=0 lpr=34 crt=0'0 mlcod 0'0 active+clean] PeeringState::advance_map handle_advance_map [3,1]/[3,1] -- 3/3
2026-02-11T23:30:28.349+0000 7f5353fda640 20 osd.3 pg_epoch: 59 pg[5.0( empty local-lis/les=55/56 n=0 ec=52/52 lis/c=55/55 les/c/f=56/57/0 sis=55) [3,4] r=0 lpr=55 crt=0'0 mlcod 0'0 active+clean] PeeringState::prepare_stats_for_publish reporting purged_snaps []
2026-02-11T23:30:28.349+0000 7f5357fe2640 10 osd.3 pg_epoch: 59 pg[2.0( empty local-lis/les=34/35 n=0 ec=31/31 lis/c=34/34 les/c/f=35/35/0 sis=34) [3,1] r=0 lpr=34 crt=0'0 mlcod 0'0 active+clean] state: Active advmap
2026-02-11T23:30:28.349+0000 7f5353fda640 15 osd.3 pg_epoch: 59 pg[5.0( empty local-lis/les=55/56 n=0 ec=52/52 lis/c=55/55 les/c/f=56/57/0 sis=55) [3,4] r=0 lpr=55 crt=0'0 mlcod 0'0 active+clean] PeeringState::prepare_stats_for_publish publish_stats_to_osd 58:27
2026-02-11T23:30:28.350+0000 7f5353fda640 10 osd.3 pg_epoch: 59 pg[5.0( empty local-lis/les=55/56 n=0 ec=52/52 lis/c=55/55 les/c/f=56/57/0 sis=55) [3,4] r=0 lpr=55 crt=0'0 mlcod 0'0 active+clean] state: Started advmap
2026-02-11T23:30:28.350+0000 7f5357fe2640 20 osd.3 pg_epoch: 59 pg[2.0( empty local-lis/les=34/35 n=0 ec=31/31 lis/c=34/34 les/c/f=35/35/0 sis=34) [3,1] r=0 lpr=34 crt=0'0 mlcod 0'0 active+clean] PeeringState::prepare_stats_for_publish reporting purged_snaps []
2026-02-11T23:30:28.350+0000 7f5357fe2640 15 osd.3 pg_epoch: 59 pg[2.0( empty local-lis/les=34/35 n=0 ec=31/31 lis/c=34/34 les/c/f=35/35/0 sis=34) [3,1] r=0 lpr=34 crt=0'0 mlcod 0'0 active+clean] PeeringState::prepare_stats_for_publish publish_stats_to_osd 58:62
2026-02-11T23:30:28.350+0000 7f5357fe2640 10 osd.3 pg_epoch: 59 pg[2.0( empty local-lis/les=34/35 n=0 ec=31/31 lis/c=34/34 les/c/f=35/35/0 sis=34) [3,1] r=0 lpr=34 crt=0'0 mlcod 0'0 active+clean] state: Started advmap
2026-02-11T23:30:28.350+0000 7f5353fda640 10 osd.3 pg_epoch: 59 pg[5.0( empty local-lis/les=55/56 n=0 ec=52/52 lis/c=55/55 les/c/f=56/57/0 sis=55) [3,4] r=0 lpr=55 crt=0'0 mlcod 0'0 active+clean] check_recovery_sources no source osds () went down
2026-02-11T23:30:28.350+0000 7f5357fe2640 10 osd.3 pg_epoch: 59 pg[2.0( empty local-lis/les=34/35 n=0 ec=31/31 lis/c=34/34 les/c/f=35/35/0 sis=34) [3,1] r=0 lpr=34 crt=0'0 mlcod 0'0 active+clean] check_recovery_sources no source osds () went down
2026-02-11T23:30:28.350+0000 7f5353fda640 20 osd.3 59 advance_pg new pool opts old pool opts
2026-02-11T23:30:28.350+0000 7f5357fe2640 20 osd.3 59 advance_pg new pool opts old pool opts
2026-02-11T23:30:28.350+0000 7f5357fe2640 10 osd.3 pg_epoch: 59 pg[2.0( empty local-lis/les=34/35 n=0 ec=31/31 lis/c=34/34 les/c/f=35/35/0 sis=34) [3,1] r=0 lpr=34 crt=0'0 mlcod 0'0 active+clean] handle_activate_map: epoch range: 59..59
2026-02-11T23:30:28.350+0000 7f5353fda640 10 osd.3 pg_epoch: 59 pg[5.0( empty local-lis/les=55/56 n=0 ec=52/52 lis/c=55/55 les/c/f=56/57/0 sis=55) [3,4] r=0 lpr=55 crt=0'0 mlcod 0'0 active+clean] handle_activate_map: epoch range: 59..59
2026-02-11T23:30:28.350+0000 7f5353fda640 10 osd.3 pg_epoch: 59 pg[5.0( empty local-lis/les=55/56 n=0 ec=52/52 lis/c=55/55 les/c/f=56/57/0 sis=55) [3,4] r=0 lpr=55 crt=0'0 mlcod 0'0 active+clean] PeeringState::activate_map
2026-02-11T23:30:28.350+0000 7f5353fda640 10 osd.3 pg_epoch: 59 pg[5.0( empty local-lis/les=55/56 n=0 ec=52/52 lis/c=55/55 les/c/f=56/57/0 sis=55) [3,4] r=0 lpr=55 crt=0'0 mlcod 0'0 active+clean] state: Active: handling ActMap
2026-02-11T23:30:28.350+0000 7f5353fda640 10 osd.3 pg_epoch: 59 pg[5.0( empty local-lis/les=55/56 n=0 ec=52/52 lis/c=55/55 les/c/f=56/57/0 sis=55) [3,4] r=0 lpr=55 crt=0'0 mlcod 0'0 active+clean] Active: kicking snap trim
2026-02-11T23:30:28.350+0000 7f5357fe2640 10 osd.3 pg_epoch: 59 pg[2.0( empty local-lis/les=34/35 n=0 ec=31/31 lis/c=34/34 les/c/f=35/35/0 sis=34) [3,1] r=0 lpr=34 crt=0'0 mlcod 0'0 active+clean] PeeringState::activate_map
2026-02-11T23:30:28.350+0000 7f5353fda640 7 osd.3 pg_epoch: 59 pg[5.0( empty local-lis/les=55/56 n=0 ec=52/52 lis/c=55/55 les/c/f=56/57/0 sis=55) [3,4] r=0 lpr=55 crt=0'0 mlcod 0'0 active+clean] state: handle ActMap primary
2026-02-11T23:30:28.350+0000 7f5357fe2640 10 osd.3 pg_epoch: 59 pg[2.0( empty local-lis/les=34/35 n=0 ec=31/31 lis/c=34/34 les/c/f=35/35/0 sis=34) [3,1] r=0 lpr=34 crt=0'0 mlcod 0'0 active+clean] state: Active: handling ActMap
2026-02-11T23:30:28.350+0000 7f5357fe2640 10 osd.3 pg_epoch: 59 pg[2.0( empty local-lis/les=34/35 n=0 ec=31/31 lis/c=34/34 les/c/f=35/35/0 sis=34) [3,1] r=0 lpr=34 crt=0'0 mlcod 0'0 active+clean] Active: kicking snap trim
2026-02-11T23:30:28.350+0000 7f5353fda640 20 osd.3 pg_epoch: 59 pg[5.0( empty local-lis/les=55/56 n=0 ec=52/52 lis/c=55/55 les/c/f=56/57/0 sis=55) [3,4] r=0 lpr=55 crt=0'0 mlcod 0'0 active+clean] PeeringState::prepare_stats_for_publish reporting purged_snaps []
2026-02-11T23:30:28.350+0000 7f5357fe2640 7 osd.3 pg_epoch: 59 pg[2.0( empty local-lis/les=34/35 n=0 ec=31/31 lis/c=34/34 les/c/f=35/35/0 sis=34) [3,1] r=0 lpr=34 crt=0'0 mlcod 0'0 active+clean] state: handle ActMap primary
2026-02-11T23:30:28.350+0000 7f5353fda640 15 osd.3 pg_epoch: 59 pg[5.0( empty local-lis/les=55/56 n=0 ec=52/52 lis/c=55/55 les/c/f=56/57/0 sis=55) [3,4] r=0 lpr=55 crt=0'0 mlcod 0'0 active+clean] PeeringState::prepare_stats_for_publish publish_stats_to_osd 59:28
2026-02-11T23:30:28.350+0000 7f5357fe2640 20 osd.3 pg_epoch: 59 pg[2.0( empty local-lis/les=34/35 n=0 ec=31/31 lis/c=34/34 les/c/f=35/35/0 sis=34) [3,1] r=0 lpr=34 crt=0'0 mlcod 0'0 active+clean] PeeringState::prepare_stats_for_publish reporting purged_snaps []
2026-02-11T23:30:28.350+0000 7f5353fda640 20 osd.3 pg_epoch: 59 pg[5.0( empty local-lis/les=55/56 n=0 ec=52/52 lis/c=55/55 les/c/f=56/57/0 sis=55) [3,4] r=0 lpr=55 crt=0'0 mlcod 0'0 active+clean] PeeringState::activate_map : Not dirtying info: last_persisted is 57 while current is 59
2026-02-11T23:30:28.350+0000 7f5357fe2640 15 osd.3 pg_epoch: 59 pg[2.0( empty local-lis/les=34/35 n=0 ec=31/31 lis/c=34/34 les/c/f=35/35/0 sis=34) [3,1] r=0 lpr=34 crt=0'0 mlcod 0'0 active+clean] PeeringState::prepare_stats_for_publish publish_stats_to_osd 59:63
2026-02-11T23:30:28.350+0000 7f5353fda640 10 log is not dirty
2026-02-11T23:30:28.350+0000 7f5357fe2640 20 osd.3 pg_epoch: 59 pg[2.0( empty local-lis/les=34/35 n=0 ec=31/31 lis/c=34/34 les/c/f=35/35/0 sis=34) [3,1] r=0 lpr=34 crt=0'0 mlcod 0'0 active+clean] PeeringState::activate_map : Not dirtying info: last_persisted is 35 while current is 59
2026-02-11T23:30:28.350+0000 7f5357fe2640 10 log is not dirty
2026-02-11T23:30:28.350+0000 7f5353fda640 10 osd.3 pg_epoch: 59 pg[5.0( empty local-lis/les=55/56 n=0 ec=52/52 lis/c=55/55 les/c/f=56/57/0 sis=55) [3,4] r=0 lpr=55 crt=0'0 mlcod 0'0 active+clean] do_peering_event: epoch_sent: 59 epoch_requested: 59 NullEvt
2026-02-11T23:30:28.350+0000 7f5353fda640 10 log is not dirty
2026-02-11T23:30:28.350+0000 7f5357fe2640 10 osd.3 pg_epoch: 59 pg[2.0( empty local-lis/les=34/35 n=0 ec=31/31 lis/c=34/34 les/c/f=35/35/0 sis=34) [3,1] r=0 lpr=34 crt=0'0 mlcod 0'0 active+clean] do_peering_event: epoch_sent: 59 epoch_requested: 59 NullEvt
2026-02-11T23:30:28.350+0000 7f5357fe2640 10 log is not dirty
2026-02-11T23:30:28.350+0000 7f5353fda640 20 osd.3 op_wq(0) _process empty q, waiting
2026-02-11T23:30:28.350+0000 7f5357fe2640 20 osd.3 op_wq(0) _process empty q, waiting
2026-02-11T23:30:28.394+0000 7f536555a640 1 -- [v2:127.0.0.1:6826/1114810440,v1:127.0.0.1:6827/1114810440] <== mon.0 v2:127.0.0.1:7180/0 32 ==== osd_map(59..60 src has 1..60) ==== 895+0+0 (crc 0 0 0) 0x630afc0 con 0x574dc00
2026-02-11T23:30:28.394+0000 7f536555a640 20 osd.3 59 OSD::ms_dispatch: osd_map(59..60 src has 1..60)
2026-02-11T23:30:28.394+0000 7f536555a640 20 osd.3 59 _dispatch 0x630afc0 osd_map(59..60 src has 1..60)
2026-02-11T23:30:28.394+0000 7f536555a640 3 osd.3 59 handle_osd_map epochs [59,60], i have 59, src has [1,60]
2026-02-11T23:30:28.394+0000 7f536555a640 10 osd.3 59 handle_osd_map: received 0 full maps and 2 incremental maps
2026-02-11T23:30:28.394+0000 7f536555a640 10 osd.3 59 handle_osd_map got inc map for epoch 60
2026-02-11T23:30:28.394+0000 7f536555a640 20 osd.3 59 got_full_map 60, nothing requested
2026-02-11T23:30:28.394+0000 7f536555a640 20 osd.3 59 trim_maps: min=1 oldest_map=1
2026-02-11T23:30:28.394+0000 7f536555a640 20 osd.3 59 handle_osd_map pg_num_history pg_num_history(e60 pg_nums {1={24=1},2={31=1},3={38=1},4={45=1},5={52=1},6={59=1}} deleted_pools )
2026-02-11T23:30:28.394+0000 7f536555a640 10 snap_mapper record_purged_snaps purged_snaps {60={}}
2026-02-11T23:30:28.394+0000 7f536555a640 10 snap_mapper record_purged_snaps rm 0 keys, set 0 keys
2026-02-11T23:30:28.394+0000 7f536555a640 10 write_superblock sb(c7e182d9-676d-4eeb-80b1-915a88d421e5 osd.3 7ba296ff-a530-4954-8418-dc654dc9b88b e60 maps [1~60] lci=[17,60] tlb=1)
2026-02-11T23:30:28.395+0000 7f53617f5640 10 osd.3 59 _committed_osd_maps 60..60
2026-02-11T23:30:28.395+0000 7f53617f5640 10 osd.3 59 advance to epoch 60 (<= last 60 <= newest_map 60)
2026-02-11T23:30:28.395+0000 7f53617f5640 20 osd.3 60 consume_map version 60
2026-02-11T23:30:28.395+0000 7f53617f5640 20 osd.3 59 await_reserved_maps epoch:60
2026-02-11T23:30:28.395+0000 7f53617f5640 20 osd.3 59 await_reserved_maps done 0
2026-02-11T23:30:28.395+0000 7f53617f5640 20 osd.3 60 consume_map 60 -- publish done
2026-02-11T23:30:28.395+0000 7f53617f5640 20 osd.3:0.identify_splits_and_merges identify_splits_and_merges 2 slots
2026-02-11T23:30:28.395+0000 7f53617f5640 20 osd.3:0.identify_splits_and_merges identify_splits_and_merges slot pgid:5.0slot:0x43c02c0
2026-02-11T23:30:28.395+0000 7f53617f5640 20 osd.3 60 identify_splits_and_merges 5.0 e59 to e60
2026-02-11T23:30:28.395+0000 7f53617f5640 20 osd.3 60 identify_splits_and_merges 5.0 e59 to e60 pg_nums {52=1}
2026-02-11T23:30:28.395+0000 7f53617f5640 20 osd.3:0.identify_splits_and_merges identify_splits_and_merges slot pgid:2.0slot:0x4368dc0
2026-02-11T23:30:28.395+0000 7f53617f5640 20 osd.3 60 identify_splits_and_merges 2.0 e59 to e60
2026-02-11T23:30:28.395+0000 7f53617f5640 20 osd.3 60 identify_splits_and_merges 2.0 e59 to e60 pg_nums {31=1}
2026-02-11T23:30:28.395+0000 7f53617f5640 20 osd.3:0.identify_splits_and_merges identify_splits_and_merges 0 splits, 0 merges
2026-02-11T23:30:28.395+0000 7f53617f5640 20 osd.3:1.identify_splits_and_merges identify_splits_and_merges 0 slots
2026-02-11T23:30:28.395+0000 7f53617f5640 20 osd.3:1.identify_splits_and_merges identify_splits_and_merges 0 splits, 0 merges
2026-02-11T23:30:28.395+0000 7f53617f5640 20 osd.3:2.identify_splits_and_merges identify_splits_and_merges 0 slots
2026-02-11T23:30:28.395+0000 7f53617f5640 20 osd.3:2.identify_splits_and_merges identify_splits_and_merges 0 splits, 0 merges
2026-02-11T23:30:28.395+0000 7f53617f5640 20 osd.3:3.identify_splits_and_merges identify_splits_and_merges 0 slots
2026-02-11T23:30:28.395+0000 7f53617f5640 20 osd.3:3.identify_splits_and_merges identify_splits_and_merges 0 splits, 0 merges
2026-02-11T23:30:28.395+0000 7f53617f5640 20 osd.3:4.identify_splits_and_merges identify_splits_and_merges 0 slots
2026-02-11T23:30:28.395+0000 7f53617f5640 20 osd.3:4.identify_splits_and_merges identify_splits_and_merges 0 splits, 0 merges
2026-02-11T23:30:28.395+0000 7f53617f5640 20 osd.3:5.identify_splits_and_merges identify_splits_and_merges 0 slots
2026-02-11T23:30:28.395+0000 7f53617f5640 20 osd.3:5.identify_splits_and_merges identify_splits_and_merges 0 splits, 0 merges
2026-02-11T23:30:28.395+0000 7f53617f5640 20 osd.3:6.identify_splits_and_merges identify_splits_and_merges 0 slots
2026-02-11T23:30:28.395+0000 7f53617f5640 20 osd.3:6.identify_splits_and_merges identify_splits_and_merges 0 splits, 0 merges
2026-02-11T23:30:28.395+0000 7f53617f5640 20 osd.3:7.identify_splits_and_merges identify_splits_and_merges 0 slots
2026-02-11T23:30:28.395+0000 7f53617f5640 20 osd.3:7.identify_splits_and_merges identify_splits_and_merges 0 splits, 0 merges
2026-02-11T23:30:28.395+0000 7f53617f5640 20 osd.3 60 prune_pg_created
2026-02-11T23:30:28.395+0000 7f53617f5640 10 osd.3:0.consume_map 60 (was 59)
2026-02-11T23:30:28.395+0000 7f53617f5640 20 osd.3:0.consume_map consume_map 5.0
2026-02-11T23:30:28.395+0000 7f53617f5640 20 osd.3:0.consume_map consume_map 2.0
2026-02-11T23:30:28.395+0000 7f53617f5640 10 osd.3:1.consume_map 60 (was 59)
2026-02-11T23:30:28.395+0000 7f53617f5640 10 osd.3:2.consume_map 60 (was 59)
2026-02-11T23:30:28.395+0000 7f53617f5640 10 osd.3:3.consume_map 60 (was 59)
2026-02-11T23:30:28.395+0000 7f53617f5640 10 osd.3:4.consume_map 60 (was 59)
2026-02-11T23:30:28.395+0000 7f53617f5640 10 osd.3:5.consume_map 60 (was 59)
2026-02-11T23:30:28.395+0000 7f53617f5640 10 osd.3:6.consume_map 60 (was 59)
2026-02-11T23:30:28.395+0000 7f53617f5640 10 osd.3:7.consume_map 60 (was 59)
2026-02-11T23:30:28.395+0000 7f53617f5640 10 osd.3 60 release_reserved_pushes(0), recovery_ops_reserved 0 -> 0
2026-02-11T23:30:28.395+0000 7f53617f5640 15 osd.3 60 enqueue_peering_evt 5.0 epoch_sent: 60 epoch_requested: 60 NullEvt
2026-02-11T23:30:28.395+0000 7f53617f5640 20 osd.3 op_wq(0) _enqueue OpSchedulerItem(5.0 PGPeeringEvent(epoch_sent: 60 epoch_requested: 60 NullEvt) class_id 2 prio 255 cost 10 e60)
2026-02-11T23:30:28.395+0000 7f53617f5640 15 osd.3 60 enqueue_peering_evt 2.0 epoch_sent: 60 epoch_requested: 60 NullEvt
2026-02-11T23:30:28.395+0000 7f53617f5640 20 osd.3 op_wq(0) _enqueue OpSchedulerItem(2.0 PGPeeringEvent(epoch_sent: 60 epoch_requested: 60 NullEvt) class_id 2 prio 255 cost 10 e60)
2026-02-11T23:30:28.395+0000 7f53617f5640 7 osd.3 60 activate_map version 60
2026-02-11T23:30:28.395+0000 7f5353fda640 20 osd.3 op_wq(0) _process 5.0 to_process <> waiting <> waiting_peering {}
2026-02-11T23:30:28.395+0000 7f5353fda640 20 osd.3 op_wq(0) _process OpSchedulerItem(5.0 PGPeeringEvent(epoch_sent: 60 epoch_requested: 60 NullEvt) class_id 2immediate prio 255 cost 10 e60) queued
2026-02-11T23:30:28.395+0000 7f53587e3640 20 osd.3 60 agent_entry empty queue
2026-02-11T23:30:28.395+0000 7f5353fda640 20 osd.3 op_wq(0) _process 5.0 to_process waiting <> waiting_peering {}
2026-02-11T23:30:28.395+0000 7f5353fda640 20 osd.3 op_wq(0) _process OpSchedulerItem(5.0 PGPeeringEvent(epoch_sent: 60 epoch_requested: 60 NullEvt) class_id 2immediate prio 255 cost 10 e60) pg 0x6527000
2026-02-11T23:30:28.395+0000 7f5357fe2640 20 osd.3 op_wq(0) _process 2.0 to_process <> waiting <> waiting_peering {}
2026-02-11T23:30:28.395+0000 7f5357fe2640 20 osd.3 op_wq(0) _process OpSchedulerItem(2.0 PGPeeringEvent(epoch_sent: 60 epoch_requested: 60 NullEvt) class_id 2immediate prio 255 cost 10 e60) queued
2026-02-11T23:30:28.395+0000 7f5357fe2640 20 osd.3 op_wq(0) _process 2.0 to_process waiting <> waiting_peering {}
2026-02-11T23:30:28.395+0000 7f5357fe2640 20 osd.3 op_wq(0) _process OpSchedulerItem(2.0 PGPeeringEvent(epoch_sent: 60 epoch_requested: 60 NullEvt) class_id 2immediate prio 255 cost 10 e60) pg 0x6377000
2026-02-11T23:30:28.395+0000 7f5353fda640 10 osd.3 pg_epoch: 59 pg[5.0( empty local-lis/les=55/56 n=0 ec=52/52 lis/c=55/55 les/c/f=56/57/0 sis=55) [3,4] r=0 lpr=55 crt=0'0 mlcod 0'0 active+clean] handle_advance_map: 60
2026-02-11T23:30:28.395+0000 7f5353fda640 20 osd.3:0.update_pg_epoch 5.0 59 -> 60
2026-02-11T23:30:28.395+0000 7f5353fda640 10 osd.3 pg_epoch: 59 pg[5.0( empty local-lis/les=55/56 n=0 ec=52/52 lis/c=55/55 les/c/f=56/57/0 sis=55) [3,4] r=0 lpr=55 crt=0'0 mlcod 0'0 active+clean] PeeringState::advance_map handle_advance_map [3,4]/[3,4] -- 3/3
2026-02-11T23:30:28.395+0000 7f5357fe2640 10 osd.3 pg_epoch: 59 pg[2.0( empty local-lis/les=34/35 n=0 ec=31/31 lis/c=34/34 les/c/f=35/35/0 sis=34) [3,1] r=0 lpr=34 crt=0'0 mlcod 0'0 active+clean] handle_advance_map: 60
2026-02-11T23:30:28.395+0000 7f5357fe2640 20 osd.3:0.update_pg_epoch 2.0 59 -> 60
2026-02-11T23:30:28.395+0000 7f5353fda640 10 osd.3 pg_epoch: 60 pg[5.0( empty local-lis/les=55/56 n=0 ec=52/52 lis/c=55/55 les/c/f=56/57/0 sis=55) [3,4] r=0 lpr=55 crt=0'0 mlcod 0'0 active+clean] state: Active advmap
2026-02-11T23:30:28.395+0000 7f5357fe2640 10 osd.3 pg_epoch: 59 pg[2.0( empty local-lis/les=34/35 n=0 ec=31/31 lis/c=34/34 les/c/f=35/35/0 sis=34) [3,1] r=0 lpr=34 crt=0'0 mlcod 0'0 active+clean] PeeringState::advance_map handle_advance_map [3,1]/[3,1] -- 3/3
2026-02-11T23:30:28.395+0000 7f5357fe2640 10 osd.3 pg_epoch: 60 pg[2.0( empty local-lis/les=34/35 n=0 ec=31/31 lis/c=34/34 les/c/f=35/35/0 sis=34) [3,1] r=0 lpr=34 crt=0'0 mlcod 0'0 active+clean] state: Active advmap
2026-02-11T23:30:28.395+0000 7f5353fda640 20 osd.3 pg_epoch: 60 pg[5.0( empty local-lis/les=55/56 n=0 ec=52/52 lis/c=55/55 les/c/f=56/57/0 sis=55) [3,4] r=0 lpr=55 crt=0'0 mlcod 0'0 active+clean] PeeringState::prepare_stats_for_publish reporting purged_snaps []
2026-02-11T23:30:28.395+0000 7f5353fda640 15 osd.3 pg_epoch: 60 pg[5.0( empty local-lis/les=55/56 n=0 ec=52/52 lis/c=55/55 les/c/f=56/57/0 sis=55) [3,4] r=0 lpr=55 crt=0'0 mlcod 0'0 active+clean] PeeringState::prepare_stats_for_publish publish_stats_to_osd 59:29
2026-02-11T23:30:28.395+0000 7f5357fe2640 20 osd.3 pg_epoch: 60 pg[2.0( empty local-lis/les=34/35 n=0 ec=31/31 lis/c=34/34 les/c/f=35/35/0 sis=34) [3,1] r=0 lpr=34 crt=0'0 mlcod 0'0 active+clean] PeeringState::prepare_stats_for_publish reporting purged_snaps []
2026-02-11T23:30:28.395+0000 7f5353fda640 10 osd.3 pg_epoch: 60 pg[5.0( empty local-lis/les=55/56 n=0 ec=52/52 lis/c=55/55 les/c/f=56/57/0 sis=55) [3,4] r=0 lpr=55 crt=0'0 mlcod 0'0 active+clean] state: Started advmap
2026-02-11T23:30:28.395+0000 7f5357fe2640 15 osd.3 pg_epoch: 60 pg[2.0( empty local-lis/les=34/35 n=0 ec=31/31 lis/c=34/34 les/c/f=35/35/0 sis=34) [3,1] r=0 lpr=34 crt=0'0 mlcod 0'0 active+clean] PeeringState::prepare_stats_for_publish publish_stats_to_osd 59:64
2026-02-11T23:30:28.395+0000 7f5353fda640 10 osd.3 pg_epoch: 60 pg[5.0( empty local-lis/les=55/56 n=0 ec=52/52 lis/c=55/55 les/c/f=56/57/0 sis=55) [3,4] r=0 lpr=55 crt=0'0 mlcod 0'0 active+clean] check_recovery_sources no source osds () went down
2026-02-11T23:30:28.395+0000 7f5357fe2640 10 osd.3 pg_epoch: 60 pg[2.0( empty local-lis/les=34/35 n=0 ec=31/31 lis/c=34/34 les/c/f=35/35/0 sis=34) [3,1] r=0 lpr=34 crt=0'0 mlcod 0'0 active+clean] state: Started advmap
2026-02-11T23:30:28.395+0000 7f5357fe2640 10 osd.3 pg_epoch: 60 pg[2.0( empty local-lis/les=34/35 n=0 ec=31/31 lis/c=34/34 les/c/f=35/35/0 sis=34) [3,1] r=0 lpr=34 crt=0'0 mlcod 0'0 active+clean] check_recovery_sources no source osds () went down
2026-02-11T23:30:28.395+0000 7f5353fda640 20 osd.3 60 advance_pg new pool opts old pool opts
2026-02-11T23:30:28.395+0000 7f5353fda640 10 osd.3 pg_epoch: 60 pg[5.0( empty local-lis/les=55/56 n=0 ec=52/52 lis/c=55/55 les/c/f=56/57/0 sis=55) [3,4] r=0 lpr=55 crt=0'0 mlcod 0'0 active+clean] handle_activate_map: epoch range: 60..60
2026-02-11T23:30:28.395+0000 7f5353fda640 10 osd.3 pg_epoch: 60 pg[5.0( empty local-lis/les=55/56 n=0 ec=52/52 lis/c=55/55 les/c/f=56/57/0 sis=55) [3,4] r=0 lpr=55 crt=0'0 mlcod 0'0 active+clean] PeeringState::activate_map
2026-02-11T23:30:28.395+0000 7f5357fe2640 20 osd.3 60 advance_pg new pool opts old pool opts
2026-02-11T23:30:28.395+0000 7f5353fda640 10 osd.3 pg_epoch: 60 pg[5.0( empty local-lis/les=55/56 n=0 ec=52/52 lis/c=55/55 les/c/f=56/57/0 sis=55) [3,4] r=0 lpr=55 crt=0'0 mlcod 0'0 active+clean] state: Active: handling ActMap
2026-02-11T23:30:28.395+0000 7f5357fe2640 10 osd.3 pg_epoch: 60 pg[2.0( empty local-lis/les=34/35 n=0 ec=31/31 lis/c=34/34 les/c/f=35/35/0 sis=34) [3,1] r=0 lpr=34 crt=0'0 mlcod 0'0 active+clean] handle_activate_map: epoch range: 60..60
2026-02-11T23:30:28.395+0000 7f5353fda640 10 osd.3 pg_epoch: 60 pg[5.0( empty local-lis/les=55/56 n=0 ec=52/52 lis/c=55/55 les/c/f=56/57/0 sis=55) [3,4] r=0 lpr=55 crt=0'0 mlcod 0'0 active+clean] Active: kicking snap trim
2026-02-11T23:30:28.395+0000 7f5353fda640 7 osd.3 pg_epoch: 60 pg[5.0( empty local-lis/les=55/56 n=0 ec=52/52 lis/c=55/55 les/c/f=56/57/0 sis=55) [3,4] r=0 lpr=55 crt=0'0 mlcod 0'0 active+clean] state: handle ActMap primary
2026-02-11T23:30:28.395+0000 7f5357fe2640 10 osd.3 pg_epoch: 60 pg[2.0( empty local-lis/les=34/35 n=0 ec=31/31 lis/c=34/34 les/c/f=35/35/0 sis=34) [3,1] r=0 lpr=34 crt=0'0 mlcod 0'0 active+clean] PeeringState::activate_map
2026-02-11T23:30:28.395+0000 7f5353fda640 20 osd.3 pg_epoch: 60 pg[5.0( empty local-lis/les=55/56 n=0 ec=52/52 lis/c=55/55 les/c/f=56/57/0 sis=55) [3,4] r=0 lpr=55 crt=0'0 mlcod 0'0 active+clean] PeeringState::prepare_stats_for_publish reporting purged_snaps []
2026-02-11T23:30:28.395+0000 7f5357fe2640 10 osd.3 pg_epoch: 60 pg[2.0( empty local-lis/les=34/35 n=0 ec=31/31 lis/c=34/34 les/c/f=35/35/0 sis=34) [3,1] r=0 lpr=34 crt=0'0 mlcod 0'0 active+clean] state: Active: handling ActMap
2026-02-11T23:30:28.395+0000 7f5353fda640 15 osd.3 pg_epoch: 60 pg[5.0( empty local-lis/les=55/56 n=0 ec=52/52 lis/c=55/55 les/c/f=56/57/0 sis=55) [3,4] r=0 lpr=55 crt=0'0 mlcod 0'0 active+clean] PeeringState::prepare_stats_for_publish publish_stats_to_osd 60:30
2026-02-11T23:30:28.395+0000 7f5357fe2640 10 osd.3 pg_epoch: 60 pg[2.0( empty local-lis/les=34/35 n=0 ec=31/31 lis/c=34/34 les/c/f=35/35/0 sis=34) [3,1] r=0 lpr=34 crt=0'0 mlcod 0'0 active+clean] Active: kicking snap trim
2026-02-11T23:30:28.395+0000 7f5353fda640 20 osd.3 pg_epoch: 60 pg[5.0( empty local-lis/les=55/56 n=0 ec=52/52 lis/c=55/55 les/c/f=56/57/0 sis=55) [3,4] r=0 lpr=55 crt=0'0 mlcod 0'0 active+clean] PeeringState::activate_map : Not dirtying info: last_persisted is 57 while current is 60
2026-02-11T23:30:28.395+0000 7f5353fda640 10 log is not dirty
2026-02-11T23:30:28.395+0000 7f5357fe2640 7 osd.3 pg_epoch: 60 pg[2.0( empty local-lis/les=34/35 n=0 ec=31/31 lis/c=34/34 les/c/f=35/35/0 sis=34) [3,1] r=0 lpr=34 crt=0'0 mlcod 0'0 active+clean] state: handle ActMap primary
2026-02-11T23:30:28.395+0000 7f5353fda640 10 osd.3 pg_epoch: 60 pg[5.0( empty local-lis/les=55/56 n=0 ec=52/52 lis/c=55/55 les/c/f=56/57/0 sis=55) [3,4] r=0 lpr=55 crt=0'0 mlcod 0'0 active+clean] do_peering_event: epoch_sent: 60 epoch_requested: 60 NullEvt
2026-02-11T23:30:28.395+0000 7f5353fda640 10 log is not dirty
2026-02-11T23:30:28.395+0000 7f5357fe2640 20 osd.3 pg_epoch: 60 pg[2.0( empty local-lis/les=34/35 n=0 ec=31/31 lis/c=34/34 les/c/f=35/35/0 sis=34) [3,1] r=0 lpr=34 crt=0'0 mlcod 0'0 active+clean] PeeringState::prepare_stats_for_publish reporting purged_snaps []
2026-02-11T23:30:28.395+0000 7f5357fe2640 15 osd.3 pg_epoch: 60 pg[2.0( empty local-lis/les=34/35 n=0 ec=31/31 lis/c=34/34 les/c/f=35/35/0 sis=34) [3,1] r=0 lpr=34 crt=0'0 mlcod 0'0 active+clean] PeeringState::prepare_stats_for_publish publish_stats_to_osd 60:65
2026-02-11T23:30:28.395+0000 7f5353fda640 20 osd.3 op_wq(0) _process empty q, waiting
2026-02-11T23:30:28.395+0000 7f5357fe2640 20 osd.3 pg_epoch: 60 pg[2.0( empty local-lis/les=34/35 n=0 ec=31/31 lis/c=34/34 les/c/f=35/35/0 sis=34) [3,1] r=0 lpr=34 crt=0'0 mlcod 0'0 active+clean] PeeringState::activate_map : Not dirtying info: last_persisted is 35 while current is 60
2026-02-11T23:30:28.395+0000 7f5357fe2640 10 log is not dirty
2026-02-11T23:30:28.395+0000 7f5357fe2640 10 osd.3 pg_epoch: 60 pg[2.0( empty local-lis/les=34/35 n=0 ec=31/31 lis/c=34/34 les/c/f=35/35/0 sis=34) [3,1] r=0 lpr=34 crt=0'0 mlcod 0'0 active+clean] do_peering_event: epoch_sent: 60 epoch_requested: 60 NullEvt
2026-02-11T23:30:28.395+0000 7f5357fe2640 10 log is not dirty
2026-02-11T23:30:28.395+0000 7f5357fe2640 20 osd.3 op_wq(0) _process empty q, waiting
2026-02-11T23:30:28.477+0000 7f5364558640 10 monclient: tick
2026-02-11T23:30:28.477+0000 7f5364558640 10 monclient: _check_auth_tickets
2026-02-11T23:30:28.477+0000 7f5364558640 10 monclient: _check_auth_rotating renewing rotating keys (they expired before
2026-02-11T23:29:58.478834+0000)
2026-02-11T23:30:28.572+0000 7f536b1ea640 10 osd.3 60 tick_without_osd_lock
2026-02-11T23:30:28.572+0000 7f536b1ea640 0 osd.3 60 set_statfs fake total 3686400 adjust available 3686400
2026-02-11T23:30:28.572+0000 7f536b1ea640 20 osd.3 osd-scrub:scrub_time_permit: should run between 0 - 0 now 23 = yes
2026-02-11T23:30:28.572+0000 7f536b1ea640 20 osd.3 osd-scrub:scrub_load_below_threshold: loadavg per cpu 0.152 < max 2000.000 (#CPUs:24) = yes
2026-02-11T23:30:28.572+0000 7f536b1ea640 10 osd.3 osd-scrub:initiate_scrub: scrub scheduling (@tick) starts. time now:2026-02-11T23:30:28.573, recovery is active?:false restrictions:<....>
2026-02-11T23:30:28.572+0000 7f536b1ea640 20 osd.3 osd-scrub: scrub-queue jobs: 5.0/sh,nb:2026-02-13T05:03:20.586,(periodic-regular,tr:2026-02-13T05:03:20.586)
2026-02-11T23:30:28.572+0000 7f536b1ea640 20 osd.3 osd-scrub: scrub-queue jobs: 2.0/sh,nb:2026-02-13T09:36:26.898,(periodic-regular,tr:2026-02-13T09:36:26.898)
2026-02-11T23:30:28.572+0000 7f536b1ea640 20 osd.3 osd-scrub: scrub-queue jobs: 2.0/dp,nb:2026-02-17T22:06:26.659,(periodic-regular,tr:2026-02-17T22:06:26.659)
2026-02-11T23:30:28.572+0000 7f536b1ea640 20 osd.3 osd-scrub: scrub-queue jobs: 5.0/dp,nb:2026-02-19T15:38:01.834,(periodic-regular,tr:2026-02-19T15:38:01.834)
2026-02-11T23:30:28.572+0000 7f536b1ea640 20 osd.3 osd-scrub:initiate_scrub: no PGs are ready for scrubbing
2026-02-11T23:30:28.572+0000 7f536b1ea640 10 osd.3 60 promote_throttle_recalibrate 0 attempts, promoted 0 objects and 0 B; target 25 obj/sec or 5 MiB/sec
2026-02-11T23:30:28.572+0000 7f536b1ea640 20 osd.3 60 promote_throttle_recalibrate new_prob 1000
2026-02-11T23:30:28.572+0000 7f536b1ea640 10 osd.3 60 promote_throttle_recalibrate actual 0, actual/prob ratio 1, adjusted new_prob 1000, prob 1000 -> 1000
2026-02-11T23:30:28.572+0000 7f536b1ea640 20 osd.3 60 maybe_send_beacon beacon would be too frequent; skipping
