2026-02-11T23:30:26.579+0000 7f5357fe2640 10 osd.3 pg_epoch: 52 pg[5.0( empty local-lis/les=0/0 n=0 ec=52/52 lis/c=0/0 les/c/f=0/0/0 sis=52) [3,4,0] r=0 lpr=0 crt=0'0 mlcod 0'0 unknown mbc={}] clear_recovery_state
2026-02-11T23:30:26.579+0000 7f5357fe2640 15 osd.3 pg_epoch: 52 pg[5.0( empty local-lis/les=0/0 n=0 ec=52/52 lis/c=0/0 les/c/f=0/0/0 sis=52) [3,4,0] r=0 lpr=0 crt=0'0 mlcod 0'0 unknown mbc={}] _clear_recovery_state
2026-02-11T23:30:26.579+0000 7f5357fe2640 10 osd.3 pg_epoch: 52 pg[5.0( empty local-lis/les=0/0 n=0 ec=52/52 lis/c=0/0 les/c/f=0/0/0 sis=52) [3,4,0] r=0 lpr=0 crt=0'0 mlcod 0'0 unknown mbc={}] scrubber: on_new_interval: current role:Primary active?false q/a:false
2026-02-11T23:30:26.579+0000 7f5357fe2640 20 scrubberFSM event: --vvvv---- IntervalChanged
2026-02-11T23:30:26.579+0000 7f5357fe2640 20 scrubberFSM event: --^^^^---- IntervalChanged
2026-02-11T23:30:26.579+0000 7f5357fe2640 6 write_log_and_missing with: dirty_to: 0'0, dirty_from: 4294967295'18446744073709551615, writeout_from: 4294967295'18446744073709551615, trimmed: , trimmed_dups: , clear_divergent_priors: 0
2026-02-11T23:30:26.579+0000 7f5357fe2640 10 _write_log_and_missing clearing up to 0'0 dirty_to_dups=0'0 dirty_from_dups=4294967295'18446744073709551615 write_from_dups=4294967295'18446744073709551615 trimmed_dups.size()=0
2026-02-11T23:30:26.579+0000 7f5357fe2640 10 _write_log_and_missing going to encode log.dups.size()=0
2026-02-11T23:30:26.579+0000 7f5357fe2640 10 _write_log_and_missing 1st round encoded log.dups.size()=0
2026-02-11T23:30:26.579+0000 7f5357fe2640 10 _write_log_and_missing 2st round encoded log.dups.size()=0
2026-02-11T23:30:26.579+0000 7f5357fe2640 10 end of _write_log_and_missing
2026-02-11T23:30:26.579+0000 7f5357fe2640 10 osd.3 pg_epoch: 52 pg[5.0( empty local-lis/les=0/0 n=0 ec=52/52 lis/c=0/0 les/c/f=0/0/0 sis=52) [3,4,0] r=0 lpr=0 crt=0'0 mlcod 0'0 unknown mbc={}] handle_initialize
2026-02-11T23:30:26.579+0000 7f5357fe2640 5 osd.3 pg_epoch: 52 pg[5.0( empty local-lis/les=0/0 n=0 ec=52/52 lis/c=0/0 les/c/f=0/0/0 sis=52) [3,4,0] r=0 lpr=0 crt=0'0 mlcod 0'0 unknown mbc={}] exit Initial 0.000132 0 0.000000
2026-02-11T23:30:26.579+0000 7f5357fe2640 5 osd.3 pg_epoch: 52 pg[5.0( empty local-lis/les=0/0 n=0 ec=52/52 lis/c=0/0 les/c/f=0/0/0 sis=52) [3,4,0] r=0 lpr=0 crt=0'0 mlcod 0'0 unknown mbc={}] enter Reset
2026-02-11T23:30:26.579+0000 7f5357fe2640 20 osd.3 pg_epoch: 52 pg[5.0( empty local-lis/les=0/0 n=0 ec=52/52 lis/c=0/0 les/c/f=0/0/0 sis=52) [3,4,0] r=0 lpr=0 crt=0'0 mlcod 0'0 unknown mbc={}] PeeringState::set_last_peering_reset set_last_peering_reset 52
2026-02-11T23:30:26.579+0000 7f5357fe2640 10 osd.3 pg_epoch: 52 pg[5.0( empty local-lis/les=0/0 n=0 ec=52/52 lis/c=0/0 les/c/f=0/0/0 sis=52) [3,4,0] r=0 lpr=52 crt=0'0 mlcod 0'0 unknown mbc={}] PeeringState::set_last_peering_reset Clearing blocked outgoing recovery messages
2026-02-11T23:30:26.579+0000 7f5357fe2640 10 osd.3 pg_epoch: 52 pg[5.0( empty local-lis/les=0/0 n=0 ec=52/52 lis/c=0/0 les/c/f=0/0/0 sis=52) [3,4,0] r=0 lpr=52 crt=0'0 mlcod 0'0 unknown mbc={}] PeeringState::set_last_peering_reset Not blocking outgoing recovery messages
2026-02-11T23:30:26.579+0000 7f5357fe2640 10 osd.3 pg_epoch: 52 pg[5.0( empty local-lis/les=0/0 n=0 ec=52/52 lis/c=0/0 les/c/f=0/0/0 sis=52) [3,4,0] r=0 lpr=52 crt=0'0 mlcod 0'0 unknown mbc={}] handle_activate_map: epoch range: 52..52
2026-02-11T23:30:26.579+0000 7f5357fe2640 10 osd.3 pg_epoch: 52 pg[5.0( empty local-lis/les=0/0 n=0 ec=52/52 lis/c=0/0 les/c/f=0/0/0 sis=52) [3,4,0] r=0 lpr=52 crt=0'0 mlcod 0'0 unknown mbc={}] PeeringState::activate_map
2026-02-11T23:30:26.579+0000 7f5357fe2640 10 osd.3 pg_epoch: 52 pg[5.0( empty local-lis/les=0/0 n=0 ec=52/52 lis/c=0/0 les/c/f=0/0/0 sis=52) [3,4,0] r=0 lpr=52 crt=0'0 mlcod 0'0 unknown mbc={}] update_heartbeat_peers -> 0,3,4
2026-02-11T23:30:26.579+0000 7f5357fe2640 20 osd.3 52 need_heartbeat_peer_update
2026-02-11T23:30:26.579+0000 7f5357fe2640 5 osd.3 pg_epoch: 52 pg[5.0( empty local-lis/les=0/0 n=0 ec=52/52 lis/c=0/0 les/c/f=0/0/0 sis=52) [3,4,0] r=0 lpr=52 crt=0'0 mlcod 0'0 unknown mbc={}] exit Reset 0.000026 1 0.000023
2026-02-11T23:30:26.579+0000 7f5357fe2640 5 osd.3 pg_epoch: 52 pg[5.0( empty local-lis/les=0/0 n=0 ec=52/52 lis/c=0/0 les/c/f=0/0/0 sis=52) [3,4,0] r=0 lpr=52 crt=0'0 mlcod 0'0 unknown mbc={}] enter Started
2026-02-11T23:30:26.579+0000 7f5357fe2640 5 osd.3 pg_epoch: 52 pg[5.0( empty local-lis/les=0/0 n=0 ec=52/52 lis/c=0/0 les/c/f=0/0/0 sis=52) [3,4,0] r=0 lpr=52 crt=0'0 mlcod 0'0 unknown mbc={}] enter Start
2026-02-11T23:30:26.579+0000 7f5357fe2640 1 osd.3 pg_epoch: 52 pg[5.0( empty local-lis/les=0/0 n=0 ec=52/52 lis/c=0/0 les/c/f=0/0/0 sis=52) [3,4,0] r=0 lpr=52 crt=0'0 mlcod 0'0 unknown mbc={}] state: transitioning to Primary
2026-02-11T23:30:26.579+0000 7f5357fe2640 5 osd.3 pg_epoch: 52 pg[5.0( empty local-lis/les=0/0 n=0 ec=52/52 lis/c=0/0 les/c/f=0/0/0 sis=52) [3,4,0] r=0 lpr=52 crt=0'0 mlcod 0'0 unknown mbc={}] exit Start 0.000004 0 0.000000
2026-02-11T23:30:26.579+0000 7f5357fe2640 5 osd.3 pg_epoch: 52 pg[5.0( empty local-lis/les=0/0 n=0 ec=52/52 lis/c=0/0 les/c/f=0/0/0 sis=52) [3,4,0] r=0 lpr=52 crt=0'0 mlcod 0'0 unknown mbc={}] enter Started/Primary
2026-02-11T23:30:26.579+0000 7f5357fe2640 5 osd.3 pg_epoch: 52 pg[5.0( empty local-lis/les=0/0 n=0 ec=52/52 lis/c=0/0 les/c/f=0/0/0 sis=52) [3,4,0] r=0 lpr=52 crt=0'0 mlcod 0'0 creating mbc={}] enter Started/Primary/Peering
2026-02-11T23:30:26.579+0000 7f5357fe2640 5 osd.3 pg_epoch: 52 pg[5.0( empty local-lis/les=0/0 n=0 ec=52/52 lis/c=0/0 les/c/f=0/0/0 sis=52) [3,4,0] r=0 lpr=52 crt=0'0 mlcod 0'0 creating+peering mbc={}] enter Started/Primary/Peering/GetInfo
2026-02-11T23:30:26.579+0000 7f5357fe2640 10 osd.3 pg_epoch: 52 pg[5.0( empty local-lis/les=0/0 n=0 ec=52/52 lis/c=0/0 les/c/f=0/0/0 sis=52) [3,4,0] r=0 lpr=52 crt=0'0 mlcod 0'0 creating+peering mbc={}] build_prior all_probe
2026-02-11T23:30:26.579+0000 7f5357fe2640 10 osd.3 pg_epoch: 52 pg[5.0( empty local-lis/les=0/0 n=0 ec=52/52 lis/c=0/0 les/c/f=0/0/0 sis=52) [3,4,0] r=0 lpr=52 crt=0'0 mlcod 0'0 creating+peering mbc={}] build_prior final: probe 0,3,4 down blocked_by {}
2026-02-11T23:30:26.579+0000 7f5357fe2640 10 osd.3 pg_epoch: 52 pg[5.0( empty local-lis/les=0/0 n=0 ec=52/52 lis/c=0/0 les/c/f=0/0/0 sis=52) [3,4,0] r=0 lpr=52 crt=0'0 mlcod 0'0 creating+peering mbc={}] PeeringState::build_prior up_thru 34 < same_since 52, must notify monitor
2026-02-11T23:30:26.579+0000 7f5357fe2640 10 osd.3 pg_epoch: 52 pg[5.0( empty local-lis/les=0/0 n=0 ec=52/52 lis/c=0/0 les/c/f=0/0/0 sis=52) [3,4,0] r=0 lpr=52 crt=0'0 mlcod 0'0 creating+peering mbc={}] state: no prior_set down osds, will clear prior_readable_until_ub before activating
2026-02-11T23:30:26.579+0000 7f5357fe2640 10 osd.3 pg_epoch: 52 pg[5.0( empty local-lis/les=0/0 n=0 ec=52/52 lis/c=0/0 les/c/f=0/0/0 sis=52) [3,4,0] r=0 lpr=52 crt=0'0 mlcod 0'0 creating+peering mbc={}] state: querying info from osd.0
2026-02-11T23:30:26.579+0000 7f5357fe2640 10 osd.3 pg_epoch: 52 pg[5.0( empty local-lis/les=0/0 n=0 ec=52/52 lis/c=0/0 les/c/f=0/0/0 sis=52) [3,4,0] r=0 lpr=52 crt=0'0 mlcod 0'0 creating+peering mbc={}] state: querying info from osd.4
2026-02-11T23:30:26.579+0000 7f5357fe2640 20 osd.3 pg_epoch: 52 pg[5.0( empty local-lis/les=0/0 n=0 ec=52/52 lis/c=0/0 les/c/f=0/0/0 sis=52) [3,4,0] r=0 lpr=52 crt=0'0 mlcod 0'0 creating+peering mbc={}] PeeringState::prepare_stats_for_publish reporting purged_snaps []
2026-02-11T23:30:26.579+0000 7f5357fe2640 15 osd.3 pg_epoch: 52 pg[5.0( empty local-lis/les=0/0 n=0 ec=52/52 lis/c=0/0 les/c/f=0/0/0 sis=52) [3,4,0] r=0 lpr=52 crt=0'0 mlcod 0'0 creating+peering mbc={}] PeeringState::prepare_stats_for_publish publish_stats_to_osd 0:0
2026-02-11T23:30:26.579+0000 7f5357fe2640 20 osd.3 pg_epoch: 52 pg[5.0( empty local-lis/les=0/0 n=0 ec=52/52 lis/c=0/0 les/c/f=0/0/0 sis=52) [3,4,0] r=0 lpr=52 crt=0'0 mlcod 0'0 creating+peering mbc={}] PeeringState::activate_map : Not dirtying info: last_persisted is 52 while current is 52
2026-02-11T23:30:26.579+0000 7f5357fe2640 10 log is not dirty
2026-02-11T23:30:26.579+0000 7f5357fe2640 10 osd.3 pg_epoch: 52 pg[5.0( empty local-lis/les=0/0 n=0 ec=52/52 lis/c=0/0 les/c/f=0/0/0 sis=52) [3,4,0] r=0 lpr=52 crt=0'0 mlcod 0'0 creating+peering mbc={}] on_scrub_schedule_input_change: inactive, non-primary - or already scrubbing
2026-02-11T23:30:26.579+0000 7f5357fe2640 20 osd.3 52 get_con_osd_cluster to osd.0 from_epoch 52
2026-02-11T23:30:26.579+0000 7f5357fe2640 20 osd.3 52 get_nextmap_reserved map_reservations: {52=1}
2026-02-11T23:30:26.579+0000 7f5357fe2640 20 osd.3 52 release_map epoch: 52
2026-02-11T23:30:26.579+0000 7f5357fe2640 10 osd.3 52 maybe_share_map: con v2:127.0.0.1:6802/460666604 map epoch 47 -> 52 (shared)
2026-02-11T23:30:26.579+0000 7f5357fe2640 10 osd.3 52 send_incremental_map epoch range: (48, 52] to v2:127.0.0.1:6802/460666604
2026-02-11T23:30:26.579+0000 7f5357fe2640 10 osd.3 52 add_map_inc_bl 49 582 bytes
2026-02-11T23:30:26.579+0000 7f5357fe2640 10 osd.3 52 add_map_inc_bl 52 591 bytes
2026-02-11T23:30:26.579+0000 7f5357fe2640 1 -- [v2:127.0.0.1:6828/1114810440,v1:127.0.0.1:6829/1114810440] --> [v2:127.0.0.1:6802/460666604,v1:127.0.0.1:6803/460666604] -- osd_map(48..52 src has 1..52) -- 0x5cd88c0 con 0x5746400
2026-02-11T23:30:26.579+0000 7f5357fe2640 1 -- [v2:127.0.0.1:6828/1114810440,v1:127.0.0.1:6829/1114810440] --> [v2:127.0.0.1:6802/460666604,v1:127.0.0.1:6803/460666604] -- pg_query2(5.0 5.0 query(info 0'0 epoch_sent 52) e52/52) -- 0x5cdb4a0 con 0x5746400
2026-02-11T23:30:26.579+0000 7f5357fe2640 20 osd.3 52 get_con_osd_cluster to osd.4 from_epoch 52
2026-02-11T23:30:26.579+0000 7f5357fe2640 20 osd.3 52 get_nextmap_reserved map_reservations: {52=1}
2026-02-11T23:30:26.579+0000 7f5357fe2640 20 osd.3 52 release_map epoch: 52
2026-02-11T23:30:26.579+0000 7f5357fe2640 10 osd.3 52 maybe_share_map: con v2:127.0.0.1:6836/864727417 map epoch 51 -> 52 (shared)
2026-02-11T23:30:26.579+0000 7f5357fe2640 10 osd.3 52 send_incremental_map epoch range: (52, 52] to v2:127.0.0.1:6836/864727417
2026-02-11T23:30:26.579+0000 7f5357fe2640 1 -- [v2:127.0.0.1:6828/1114810440,v1:127.0.0.1:6829/1114810440] --> [v2:127.0.0.1:6836/864727417,v1:127.0.0.1:6837/864727417] -- osd_map(52..52 src has 1..52) -- 0x5cd8c40 con 0x5747c00
2026-02-11T23:30:26.579+0000 7f5357fe2640 1 -- [v2:127.0.0.1:6828/1114810440,v1:127.0.0.1:6829/1114810440] --> [v2:127.0.0.1:6836/864727417,v1:127.0.0.1:6837/864727417] -- pg_query2(5.0 5.0 query(info 0'0 epoch_sent 52) e52/52) -- 0x5cdb680 con 0x5747c00
2026-02-11T23:30:26.579+0000 7f5357fe2640 10 osd.3 52 handle_pg_create_info new pg pg[5.0( empty local-lis/les=0/0 n=0 ec=52/52 lis/c=0/0 les/c/f=0/0/0 sis=52) [3,4,0] r=0 lpr=52 crt=0'0 mlcod 0'0 creating+peering mbc={}]
2026-02-11T23:30:26.579+0000 7f5357fe2640 10 osd.3:0._attach_pg 5.0 0x6527000
2026-02-11T23:30:26.579+0000 7f5357fe2640 20 osd.3:0._wake_pg_slot _wake_pg_slot 5.0 to_process <> waiting <> waiting_peering {}
2026-02-11T23:30:26.579+0000 7f5357fe2640 20 osd.3 52 identify_splits_and_merges 5.0 e52 to e52
2026-02-11T23:30:26.579+0000 7f5357fe2640 20 osd.3 52 identify_splits_and_merges 5.0 e52 to e52 pg_nums {52=1}
2026-02-11T23:30:26.579+0000 7f5357fe2640 10 osd.3:0._prime_splits
2026-02-11T23:30:26.579+0000 7f5357fe2640 10 osd.3 pg_epoch: 52 pg[5.0( empty local-lis/les=0/0 n=0 ec=52/52 lis/c=0/0 les/c/f=0/0/0 sis=52) [3,4,0] r=0 lpr=52 crt=0'0 mlcod 0'0 creating+peering mbc={}] do_peering_event: epoch_sent: 52 epoch_requested: 52 PgCreateEvt +create_info
2026-02-11T23:30:26.579+0000 7f5357fe2640 10 log is not dirty
2026-02-11T23:30:26.579+0000 7f5357fe2640 10 osd.3 52 queue_want_up_thru now 52 (was 34), currently 34
2026-02-11T23:30:26.579+0000 7f5357fe2640 10 osd.3 52 send_alive up_thru currently 34 want 52
2026-02-11T23:30:26.579+0000 7f5357fe2640 10 osd.3 52 send_alive want 52
2026-02-11T23:30:26.579+0000 7f53617f5640 10 osd.3 52 release_reserved_pushes(0), recovery_ops_reserved 0 -> 0
2026-02-11T23:30:26.579+0000 7f5357fe2640 10 monclient: _send_mon_message to mon.a at v2:127.0.0.1:7180/0
2026-02-11T23:30:26.579+0000 7f5357fe2640 1 -- [v2:127.0.0.1:6826/1114810440,v1:127.0.0.1:6827/1114810440] --> v2:127.0.0.1:7180/0 -- osd_alive(want up_thru 52 have 52) -- 0x43c0b00 con 0x574dc00
2026-02-11T23:30:26.579+0000 7f53617f5640 15 osd.3 52 enqueue_peering_evt 5.0 epoch_sent: 52 epoch_requested: 52 NullEvt
2026-02-11T23:30:26.579+0000 7f53617f5640 20 osd.3 op_wq(0) _enqueue OpSchedulerItem(5.0 PGPeeringEvent(epoch_sent: 52 epoch_requested: 52 NullEvt) class_id 2 prio 255 cost 10 e52)
2026-02-11T23:30:26.579+0000 7f5357fe2640 20 osd.3 op_wq(0) _process empty q, waiting
2026-02-11T23:30:26.579+0000 7f53617f5640 15 osd.3 52 enqueue_peering_evt 2.0 epoch_sent: 52 epoch_requested: 52 NullEvt
2026-02-11T23:30:26.579+0000 7f53617f5640 20 osd.3 op_wq(0) _enqueue OpSchedulerItem(2.0 PGPeeringEvent(epoch_sent: 52 epoch_requested: 52 NullEvt) class_id 2 prio 255 cost 10 e52)
2026-02-11T23:30:26.579+0000 7f5357fe2640 20 osd.3 op_wq(0) _process 5.0 to_process <> waiting <> waiting_peering {}
2026-02-11T23:30:26.579+0000 7f5357fe2640 20 osd.3 op_wq(0) _process OpSchedulerItem(5.0 PGPeeringEvent(epoch_sent: 52 epoch_requested: 52 NullEvt) class_id 2immediate prio 255 cost 10 e52) queued
2026-02-11T23:30:26.579+0000 7f5357fe2640 20 osd.3 op_wq(0) _process 5.0 to_process waiting <> waiting_peering {}
2026-02-11T23:30:26.579+0000 7f5357fe2640 20 osd.3 op_wq(0) _process OpSchedulerItem(5.0 PGPeeringEvent(epoch_sent: 52 epoch_requested: 52 NullEvt) class_id 2immediate prio 255 cost 10 e52) pg 0x6527000
2026-02-11T23:30:26.579+0000 7f5357fe2640 10 osd.3 pg_epoch: 52 pg[5.0( empty local-lis/les=0/0 n=0 ec=52/52 lis/c=0/0 les/c/f=0/0/0 sis=52) [3,4,0] r=0 lpr=52 crt=0'0 mlcod 0'0 creating+peering mbc={}] do_peering_event: epoch_sent: 52 epoch_requested: 52 NullEvt
2026-02-11T23:30:26.579+0000 7f5357fe2640 10 log is not dirty
2026-02-11T23:30:26.579+0000 7f5357fe2640 10 osd.3 52 queue_want_up_thru want 52 <= queued 52, currently 34
2026-02-11T23:30:26.579+0000 7f5353fda640 20 osd.3 op_wq(0) _process empty q, waiting
2026-02-11T23:30:26.579+0000 7f5357fe2640 20 osd.3 op_wq(0) _process empty q, waiting
2026-02-11T23:30:26.579+0000 7f53617f5640 10 osd.3 52 maybe_update_heartbeat_peers updating
2026-02-11T23:30:26.579+0000 7f5357fe2640 20 osd.3 op_wq(0) _process 2.0 to_process <> waiting <> waiting_peering {}
2026-02-11T23:30:26.579+0000 7f5357fe2640 20 osd.3 op_wq(0) _process OpSchedulerItem(2.0 PGPeeringEvent(epoch_sent: 52 epoch_requested: 52 NullEvt) class_id 2immediate prio 255 cost 10 e52) queued
2026-02-11T23:30:26.579+0000 7f5357fe2640 20 osd.3 op_wq(0) _process 2.0 to_process waiting <> waiting_peering {}
2026-02-11T23:30:26.579+0000 7f5357fe2640 20 osd.3 op_wq(0) _process OpSchedulerItem(2.0 PGPeeringEvent(epoch_sent: 52 epoch_requested: 52 NullEvt) class_id 2immediate prio 255 cost 10 e52) pg 0x6377000
2026-02-11T23:30:26.579+0000 7f5353fda640 20 osd.3 op_wq(0) _process empty q, waiting
2026-02-11T23:30:26.579+0000 7f5357fe2640 10 osd.3 pg_epoch: 51 pg[2.0( empty local-lis/les=34/35 n=0 ec=31/31 lis/c=34/34 les/c/f=35/35/0 sis=34) [3,1] r=0 lpr=34 crt=0'0 mlcod 0'0 active+clean] handle_advance_map: 52
2026-02-11T23:30:26.579+0000 7f5357fe2640 20 osd.3:0.update_pg_epoch 2.0 51 -> 52
2026-02-11T23:30:26.579+0000 7f5357fe2640 10 osd.3 pg_epoch: 51 pg[2.0( empty local-lis/les=34/35 n=0 ec=31/31 lis/c=34/34 les/c/f=35/35/0 sis=34) [3,1] r=0 lpr=34 crt=0'0 mlcod 0'0 active+clean] PeeringState::advance_map handle_advance_map [3,1]/[3,1] -- 3/3
2026-02-11T23:30:26.579+0000 7f5357fe2640 10 osd.3 pg_epoch: 52 pg[2.0( empty local-lis/les=34/35 n=0 ec=31/31 lis/c=34/34 les/c/f=35/35/0 sis=34) [3,1] r=0 lpr=34 crt=0'0 mlcod 0'0 active+clean] state: Active advmap
2026-02-11T23:30:26.579+0000 7f5357fe2640 20 osd.3 pg_epoch: 52 pg[2.0( empty local-lis/les=34/35 n=0 ec=31/31 lis/c=34/34 les/c/f=35/35/0 sis=34) [3,1] r=0 lpr=34 crt=0'0 mlcod 0'0 active+clean] PeeringState::prepare_stats_for_publish reporting purged_snaps []
2026-02-11T23:30:26.579+0000 7f5357fe2640 15 osd.3 pg_epoch: 52 pg[2.0( empty local-lis/les=34/35 n=0 ec=31/31 lis/c=34/34 les/c/f=35/35/0 sis=34) [3,1] r=0 lpr=34 crt=0'0 mlcod 0'0 active+clean] PeeringState::prepare_stats_for_publish publish_stats_to_osd 51:49
2026-02-11T23:30:26.579+0000 7f5357fe2640 10 osd.3 pg_epoch: 52 pg[2.0( empty local-lis/les=34/35 n=0 ec=31/31 lis/c=34/34 les/c/f=35/35/0 sis=34) [3,1] r=0 lpr=34 crt=0'0 mlcod 0'0 active+clean] state: Started advmap
2026-02-11T23:30:26.579+0000 7f53617f5640 10 osd.3 52 adding neighbor peer osd.2
2026-02-11T23:30:26.579+0000 7f5357fe2640 10 osd.3 pg_epoch: 52 pg[2.0( empty local-lis/les=34/35 n=0 ec=31/31 lis/c=34/34 les/c/f=35/35/0 sis=34) [3,1] r=0 lpr=34 crt=0'0 mlcod 0'0 active+clean] check_recovery_sources no source osds () went down
2026-02-11T23:30:26.579+0000 7f53617f5640 10 osd.3 52 adding neighbor peer osd.4
2026-02-11T23:30:26.579+0000 7f53617f5640 10 osd.3 52 adding random peer osd.0
2026-02-11T23:30:26.579+0000 7f53617f5640 10 osd.3 52 adding random peer osd.1
2026-02-11T23:30:26.579+0000 7f53617f5640 10 osd.3 52 maybe_update_heartbeat_peers 4 peers, extras 0,1,2,4
2026-02-11T23:30:26.579+0000 7f5357fe2640 20 osd.3 52 advance_pg new pool opts old pool opts
2026-02-11T23:30:26.579+0000 7f53617f5640 7 osd.3 52 activate_map version 52
2026-02-11T23:30:26.579+0000 7f5357fe2640 10 osd.3 pg_epoch: 52 pg[2.0( empty local-lis/les=34/35 n=0 ec=31/31 lis/c=34/34 les/c/f=35/35/0 sis=34) [3,1] r=0 lpr=34 crt=0'0 mlcod 0'0 active+clean] handle_activate_map: epoch range: 52..52
2026-02-11T23:30:26.579+0000 7f5357fe2640 10 osd.3 pg_epoch: 52 pg[2.0( empty local-lis/les=34/35 n=0 ec=31/31 lis/c=34/34 les/c/f=35/35/0 sis=34) [3,1] r=0 lpr=34 crt=0'0 mlcod 0'0 active+clean] PeeringState::activate_map
2026-02-11T23:30:26.579+0000 7f5357fe2640 10 osd.3 pg_epoch: 52 pg[2.0( empty local-lis/les=34/35 n=0 ec=31/31 lis/c=34/34 les/c/f=35/35/0 sis=34) [3,1] r=0 lpr=34 crt=0'0 mlcod 0'0 active+clean] state: Active: handling ActMap
2026-02-11T23:30:26.579+0000 7f5357fe2640 10 osd.3 pg_epoch: 52 pg[2.0( empty local-lis/les=34/35 n=0 ec=31/31 lis/c=34/34 les/c/f=35/35/0 sis=34) [3,1] r=0 lpr=34 crt=0'0 mlcod 0'0 active+clean] Active: kicking snap trim
2026-02-11T23:30:26.579+0000 7f5357fe2640 7 osd.3 pg_epoch: 52 pg[2.0( empty local-lis/les=34/35 n=0 ec=31/31 lis/c=34/34 les/c/f=35/35/0 sis=34) [3,1] r=0 lpr=34 crt=0'0 mlcod 0'0 active+clean] state: handle ActMap primary
2026-02-11T23:30:26.579+0000 7f5357fe2640 20 osd.3 pg_epoch: 52 pg[2.0( empty local-lis/les=34/35 n=0 ec=31/31 lis/c=34/34 les/c/f=35/35/0 sis=34) [3,1] r=0 lpr=34 crt=0'0 mlcod 0'0 active+clean] PeeringState::prepare_stats_for_publish reporting purged_snaps []
2026-02-11T23:30:26.579+0000 7f53587e3640 20 osd.3 52 agent_entry empty queue
2026-02-11T23:30:26.579+0000 7f5357fe2640 15 osd.3 pg_epoch: 52 pg[2.0( empty local-lis/les=34/35 n=0 ec=31/31 lis/c=34/34 les/c/f=35/35/0 sis=34) [3,1] r=0 lpr=34 crt=0'0 mlcod 0'0 active+clean] PeeringState::prepare_stats_for_publish publish_stats_to_osd 52:50
2026-02-11T23:30:26.579+0000 7f5357fe2640 20 osd.3 pg_epoch: 52 pg[2.0( empty local-lis/les=34/35 n=0 ec=31/31 lis/c=34/34 les/c/f=35/35/0 sis=34) [3,1] r=0 lpr=34 crt=0'0 mlcod 0'0 active+clean] PeeringState::activate_map : Not dirtying info: last_persisted is 35 while current is 52
2026-02-11T23:30:26.579+0000 7f5357fe2640 10 log is not dirty
2026-02-11T23:30:26.579+0000 7f5357fe2640 10 osd.3 pg_epoch: 52 pg[2.0( empty local-lis/les=34/35 n=0 ec=31/31 lis/c=34/34 les/c/f=35/35/0 sis=34) [3,1] r=0 lpr=34 crt=0'0 mlcod 0'0 active+clean] do_peering_event: epoch_sent: 52 epoch_requested: 52 NullEvt
2026-02-11T23:30:26.579+0000 7f5357fe2640 10 log is not dirty
2026-02-11T23:30:26.579+0000 7f5357fe2640 20 osd.3 op_wq(0) _process empty q, waiting
2026-02-11T23:30:26.579+0000 7f5357fe2640 20 osd.3 op_wq(0) _process empty q, waiting
2026-02-11T23:30:26.579+0000 7f5353fda640 20 osd.3 op_wq(0) _process empty q, waiting
2026-02-11T23:30:26.580+0000 7f53751fe640 1 -- [v2:127.0.0.1:6828/1114810440,v1:127.0.0.1:6829/1114810440] <== osd.4 v2:127.0.0.1:6836/864727417 14 ==== pg_notify2(5.0 5.0 (query:52 sent:52 5.0( DNE empty local-lis/les=0/0 n=0 ec=0/0 lis/c=0/0 les/c/f=0/0/0 sis=0) ([0,0] all_participants={} intervals=[])) e52/52) ==== 1082+0+0 (crc 0 0 0) 0x5cd5c00 con 0x5747c00
2026-02-11T23:30:26.580+0000 7f5363556640 1 -- [v2:127.0.0.1:6828/1114810440,v1:127.0.0.1:6829/1114810440] <== osd.4 v2:127.0.0.1:6836/864727417 13 ==== osd_map(50..52 src has 1..52) ==== 1799+0+0 (crc 0 0 0) 0x5cd8c40 con 0x5747c00
2026-02-11T23:30:26.580+0000 7f53751fe640 15 osd.3 52 enqueue_peering_evt 5.0 epoch_sent: 52 epoch_requested: 52 MNotifyRec 5.0 from 4 notify: (query:52 sent:52 5.0( DNE empty local-lis/les=0/0 n=0 ec=0/0 lis/c=0/0 les/c/f=0/0/0 sis=0) ([0,0] all_participants={} intervals=[])) features: 0x3f0ffffffffdffff +create_info
2026-02-11T23:30:26.580+0000 7f5363556640 20 osd.3 52 OSD::ms_dispatch: osd_map(50..52 src has 1..52)
2026-02-11T23:30:26.580+0000 7f53751fe640 20 osd.3 op_wq(0) _enqueue OpSchedulerItem(5.0 PGPeeringEvent(epoch_sent: 52 epoch_requested: 52 MNotifyRec 5.0 from 4 notify: (query:52 sent:52 5.0( DNE empty local-lis/les=0/0 n=0 ec=0/0 lis/c=0/0 les/c/f=0/0/0 sis=0) ([0,0] all_participants={} intervals=[])) features: 0x3f0ffffffffdffff +create_info) class_id 2 prio 255 cost 10 e52)
2026-02-11T23:30:26.580+0000 7f5363556640 20 osd.3 52 _dispatch 0x5cd8c40 osd_map(50..52 src has 1..52)
2026-02-11T23:30:26.580+0000 7f5363556640 3 osd.3 52 handle_osd_map epochs [50,52], i have 52, src has [1,52]
2026-02-11T23:30:26.580+0000 7f5353fda640 20 osd.3 op_wq(0) _process 5.0 to_process <> waiting <> waiting_peering {}
2026-02-11T23:30:26.580+0000 7f5353fda640 20 osd.3 op_wq(0) _process OpSchedulerItem(5.0 PGPeeringEvent(epoch_sent: 52 epoch_requested: 52 MNotifyRec 5.0 from 4 notify: (query:52 sent:52 5.0( DNE empty local-lis/les=0/0 n=0 ec=0/0 lis/c=0/0 les/c/f=0/0/0 sis=0) ([0,0] all_participants={} intervals=[])) features: 0x3f0ffffffffdffff +create_info) class_id 2immediate prio 255 cost 10 e52) queued
2026-02-11T23:30:26.580+0000 7f5363556640 10 osd.3 52 handle_osd_map: received 0 full maps and 3 incremental maps
2026-02-11T23:30:26.580+0000 7f5353fda640 20 osd.3 op_wq(0) _process 5.0 to_process waiting <> waiting_peering {}
2026-02-11T23:30:26.580+0000 7f5353fda640 20 osd.3 op_wq(0) _process OpSchedulerItem(5.0 PGPeeringEvent(epoch_sent: 52 epoch_requested: 52 MNotifyRec 5.0 from 4 notify: (query:52 sent:52 5.0( DNE empty local-lis/les=0/0 n=0 ec=0/0 lis/c=0/0 les/c/f=0/0/0 sis=0) ([0,0] all_participants={} intervals=[])) features: 0x3f0ffffffffdffff +create_info) class_id 2immediate prio 255 cost 10 e52) pg 0x6527000
2026-02-11T23:30:26.580+0000 7f5357fe2640 20 osd.3 op_wq(0) _process empty q, waiting
2026-02-11T23:30:26.580+0000 7f5363556640 10 osd.3 52 no new maps here, dropping
2026-02-11T23:30:26.580+0000 7f5353fda640 10 osd.3 pg_epoch: 52 pg[5.0( empty local-lis/les=0/0 n=0 ec=52/52 lis/c=0/0 les/c/f=0/0/0 sis=52) [3,4,0] r=0 lpr=52 crt=0'0 mlcod 0'0 creating+peering mbc={}] do_peering_event: epoch_sent: 52 epoch_requested: 52 MNotifyRec 5.0 from 4 notify: (query:52 sent:52 5.0( DNE empty local-lis/les=0/0 n=0 ec=0/0 lis/c=0/0 les/c/f=0/0/0 sis=0) ([0,0] all_participants={} intervals=[])) features: 0x3f0ffffffffdffff +create_info
2026-02-11T23:30:26.580+0000 7f5353fda640 10 osd.3 pg_epoch: 52 pg[5.0( empty local-lis/les=0/0 n=0 ec=52/52 lis/c=0/0 les/c/f=0/0/0 sis=52) [3,4,0] r=0 lpr=52 crt=0'0 mlcod 0'0 creating+peering mbc={}] PeeringState::proc_replica_notify got osd.4 5.0( DNE empty local-lis/les=0/0 n=0 ec=0/0 lis/c=0/0 les/c/f=0/0/0 sis=0)
2026-02-11T23:30:26.580+0000 7f5353fda640 10 osd.3 pg_epoch: 52 pg[5.0( empty local-lis/les=0/0 n=0 ec=52/52 lis/c=0/0 les/c/f=0/0/0 sis=52) [3,4,0] r=0 lpr=52 crt=0'0 mlcod 0'0 creating+peering mbc={}] update_heartbeat_peers 0,3,4 unchanged
2026-02-11T23:30:26.580+0000 7f5353fda640 20 osd.3 pg_epoch: 52 pg[5.0( empty local-lis/les=0/0 n=0 ec=52/52 lis/c=0/0 les/c/f=0/0/0 sis=52) [3,4,0] r=0 lpr=52 crt=0'0 mlcod 0'0 creating+peering mbc={}] state: Adding osd: 4 peer features: 3f0ffffffffdffff
2026-02-11T23:30:26.580+0000 7f5353fda640 10 log is not dirty
2026-02-11T23:30:26.580+0000 7f5353fda640 10 osd.3 52 queue_want_up_thru want 52 <= queued 52, currently 34
2026-02-11T23:30:26.580+0000 7f5353fda640 20 osd.3 op_wq(0) _process empty q, waiting
2026-02-11T23:30:26.580+0000 7f5363556640 1 -- [v2:127.0.0.1:6828/1114810440,v1:127.0.0.1:6829/1114810440] <== osd.0 v2:127.0.0.1:6802/460666604 12 ==== osd_map(48..52 src has 1..52) ==== 2971+0+0 (crc 0 0 0) 0x5cd88c0 con 0x5746400
2026-02-11T23:30:26.580+0000 7f53749fd640 1 -- [v2:127.0.0.1:6828/1114810440,v1:127.0.0.1:6829/1114810440] <== osd.0 v2:127.0.0.1:6802/460666604 13 ==== pg_notify2(5.0 5.0 (query:52 sent:52 5.0( DNE empty local-lis/les=0/0 n=0 ec=0/0 lis/c=0/0 les/c/f=0/0/0 sis=0) ([0,0] all_participants={} intervals=[])) e52/52) ==== 1082+0+0 (crc 0 0 0) 0x43a2300 con 0x5746400
2026-02-11T23:30:26.580+0000 7f5363556640 20 osd.3 52 OSD::ms_dispatch: osd_map(48..52 src has 1..52)
2026-02-11T23:30:26.580+0000 7f5363556640 20 osd.3 52 _dispatch 0x5cd88c0 osd_map(48..52 src has 1..52)
2026-02-11T23:30:26.580+0000 7f5363556640 3 osd.3 52 handle_osd_map epochs [48,52], i have 52, src has [1,52]
2026-02-11T23:30:26.580+0000 7f5363556640 10 osd.3 52 handle_osd_map: received 0 full maps and 5 incremental maps
2026-02-11T23:30:26.580+0000 7f5363556640 10 osd.3 52 no new maps here, dropping
2026-02-11T23:30:26.580+0000 7f53749fd640 15 osd.3 52 enqueue_peering_evt 5.0 epoch_sent: 52 epoch_requested: 52 MNotifyRec 5.0 from 0 notify: (query:52 sent:52 5.0( DNE empty local-lis/les=0/0 n=0 ec=0/0 lis/c=0/0 les/c/f=0/0/0 sis=0) ([0,0] all_participants={} intervals=[])) features: 0x3f0ffffffffdffff +create_info
2026-02-11T23:30:26.580+0000 7f53749fd640 20 osd.3 op_wq(0) _enqueue OpSchedulerItem(5.0 PGPeeringEvent(epoch_sent: 52 epoch_requested: 52 MNotifyRec 5.0 from 0 notify: (query:52 sent:52 5.0( DNE empty local-lis/les=0/0 n=0 ec=0/0 lis/c=0/0 les/c/f=0/0/0 sis=0) ([0,0] all_participants={} intervals=[])) features: 0x3f0ffffffffdffff +create_info) class_id 2 prio 255 cost 10 e52)
2026-02-11T23:30:26.580+0000 7f5353fda640 20 osd.3 op_wq(0) _process 5.0 to_process <> waiting <> waiting_peering {}
2026-02-11T23:30:26.580+0000 7f5353fda640 20 osd.3 op_wq(0) _process OpSchedulerItem(5.0 PGPeeringEvent(epoch_sent: 52 epoch_requested: 52 MNotifyRec 5.0 from 0 notify: (query:52 sent:52 5.0( DNE empty local-lis/les=0/0 n=0 ec=0/0 lis/c=0/0 les/c/f=0/0/0 sis=0) ([0,0] all_participants={} intervals=[])) features: 0x3f0ffffffffdffff +create_info) class_id 2immediate prio 255 cost 10 e52) queued
2026-02-11T23:30:26.580+0000 7f5353fda640 20 osd.3 op_wq(0) _process 5.0 to_process waiting <> waiting_peering {}
2026-02-11T23:30:26.580+0000 7f5353fda640 20 osd.3 op_wq(0) _process OpSchedulerItem(5.0 PGPeeringEvent(epoch_sent: 52 epoch_requested: 52 MNotifyRec 5.0 from 0 notify: (query:52 sent:52 5.0( DNE empty local-lis/les=0/0 n=0 ec=0/0 lis/c=0/0 les/c/f=0/0/0 sis=0) ([0,0] all_participants={} intervals=[])) features: 0x3f0ffffffffdffff +create_info) class_id 2immediate prio 255 cost 10 e52) pg 0x6527000
2026-02-11T23:30:26.580+0000 7f5357fe2640 20 osd.3 op_wq(0) _process empty q, waiting
2026-02-11T23:30:26.580+0000 7f5353fda640 10 osd.3 pg_epoch: 52 pg[5.0( empty local-lis/les=0/0 n=0 ec=52/52 lis/c=0/0 les/c/f=0/0/0 sis=52) [3,4,0] r=0 lpr=52 crt=0'0 mlcod 0'0 creating+peering mbc={}] do_peering_event: epoch_sent: 52 epoch_requested: 52 MNotifyRec 5.0 from 0 notify: (query:52 sent:52 5.0( DNE empty local-lis/les=0/0 n=0 ec=0/0 lis/c=0/0 les/c/f=0/0/0 sis=0) ([0,0] all_participants={} intervals=[])) features: 0x3f0ffffffffdffff +create_info
2026-02-11T23:30:26.580+0000 7f5353fda640 10 osd.3 pg_epoch: 52 pg[5.0( empty local-lis/les=0/0 n=0 ec=52/52 lis/c=0/0 les/c/f=0/0/0 sis=52) [3,4,0] r=0 lpr=52 crt=0'0 mlcod 0'0 creating+peering mbc={}] PeeringState::proc_replica_notify got osd.0 5.0( DNE empty local-lis/les=0/0 n=0 ec=0/0 lis/c=0/0 les/c/f=0/0/0 sis=0)
2026-02-11T23:30:26.580+0000 7f5353fda640 10 osd.3 pg_epoch: 52 pg[5.0( empty local-lis/les=0/0 n=0 ec=52/52 lis/c=0/0 les/c/f=0/0/0 sis=52) [3,4,0] r=0 lpr=52 crt=0'0 mlcod 0'0 creating+peering mbc={}] update_heartbeat_peers 0,3,4 unchanged
2026-02-11T23:30:26.580+0000 7f5353fda640 20 osd.3 pg_epoch: 52 pg[5.0( empty local-lis/les=0/0 n=0 ec=52/52 lis/c=0/0 les/c/f=0/0/0 sis=52) [3,4,0] r=0 lpr=52 crt=0'0 mlcod 0'0 creating+peering mbc={}] state: Adding osd: 0 peer features: 3f0ffffffffdffff
2026-02-11T23:30:26.580+0000 7f5353fda640 20 osd.3 pg_epoch: 52 pg[5.0( empty local-lis/les=0/0 n=0 ec=52/52 lis/c=0/0 les/c/f=0/0/0 sis=52) [3,4,0] r=0 lpr=52 crt=0'0 mlcod 0'0 creating+peering mbc={}] state: Common peer features: 3f0ffffffffdffff
2026-02-11T23:30:26.580+0000 7f5353fda640 20 osd.3 pg_epoch: 52 pg[5.0( empty local-lis/les=0/0 n=0 ec=52/52 lis/c=0/0 les/c/f=0/0/0 sis=52) [3,4,0] r=0 lpr=52 crt=0'0 mlcod 0'0 creating+peering mbc={}] state: Common acting features: 3f0ffffffffdffff
2026-02-11T23:30:26.580+0000 7f5353fda640 20 osd.3 pg_epoch: 52 pg[5.0( empty local-lis/les=0/0 n=0 ec=52/52 lis/c=0/0 les/c/f=0/0/0 sis=52) [3,4,0] r=0 lpr=52 crt=0'0 mlcod 0'0 creating+peering mbc={}] state: Common upacting features: 3f0ffffffffdffff
2026-02-11T23:30:26.580+0000 7f5353fda640 20 osd.3 pg_epoch: 52 pg[5.0( empty local-lis/les=0/0 n=0 ec=52/52 lis/c=0/0 les/c/f=0/0/0 sis=52) [3,4,0] r=0 lpr=52 crt=0'0 mlcod 0'0 creating+peering mbc={}] state: Common pg_acting_features: 1
2026-02-11T23:30:26.580+0000 7f5353fda640 5 osd.3 pg_epoch: 52 pg[5.0( empty local-lis/les=0/0 n=0 ec=52/52 lis/c=0/0 les/c/f=0/0/0 sis=52) [3,4,0] r=0 lpr=52 crt=0'0 mlcod 0'0 creating+peering mbc={}] exit Started/Primary/Peering/GetInfo 0.001403 4 0.000072
2026-02-11T23:30:26.580+0000 7f5353fda640 5 osd.3 pg_epoch: 52 pg[5.0( empty local-lis/les=0/0 n=0 ec=52/52 lis/c=0/0 les/c/f=0/0/0 sis=52) [3,4,0] r=0 lpr=52 crt=0'0 mlcod 0'0 creating+peering mbc={}] enter Started/Primary/Peering/GetLog
2026-02-11T23:30:26.580+0000 7f5353fda640 10 osd.3 pg_epoch: 52 pg[5.0( empty local-lis/les=0/0 n=0 ec=52/52 lis/c=0/0 les/c/f=0/0/0 sis=52) [3,4,0] r=0 lpr=52 crt=0'0 mlcod 0'0 creating+peering mbc={}] PeeringState::choose_acting all_info osd.0 5.0( DNE empty local-lis/les=0/0 n=0 ec=0/0 lis/c=0/0 les/c/f=0/0/0 sis=0)
2026-02-11T23:30:26.580+0000 7f5353fda640 10 osd.3 pg_epoch: 52 pg[5.0( empty local-lis/les=0/0 n=0 ec=52/52 lis/c=0/0 les/c/f=0/0/0 sis=52) [3,4,0] r=0 lpr=52 crt=0'0 mlcod 0'0 creating+peering mbc={}] PeeringState::choose_acting all_info osd.3 5.0( empty local-lis/les=0/0 n=0 ec=52/52 lis/c=0/0 les/c/f=0/0/0 sis=52)
2026-02-11T23:30:26.580+0000 7f5353fda640 10 osd.3 pg_epoch: 52 pg[5.0( empty local-lis/les=0/0 n=0 ec=52/52 lis/c=0/0 les/c/f=0/0/0 sis=52) [3,4,0] r=0 lpr=52 crt=0'0 mlcod 0'0 creating+peering mbc={}] PeeringState::choose_acting all_info osd.4 5.0( DNE empty local-lis/les=0/0 n=0 ec=0/0 lis/c=0/0 les/c/f=0/0/0 sis=0)
2026-02-11T23:30:26.580+0000 7f5353fda640 10 osd.3 pg_epoch: 52 pg[5.0( empty local-lis/les=0/0 n=0 ec=52/52 lis/c=0/0 les/c/f=0/0/0 sis=52) [3,4,0] r=0 lpr=52 crt=0'0 mlcod 0'0 creating+peering mbc={}] PeeringState::find_best_info calc_acting prefer osd.3 because it is current primary
2026-02-11T23:30:26.580+0000 7f5353fda640 10 osd.3 pg_epoch: 52 pg[5.0( empty local-lis/les=0/0 n=0 ec=52/52 lis/c=0/0 les/c/f=0/0/0 sis=52) [3,4,0] r=0 lpr=52 crt=0'0 mlcod 0'0 creating+peering mbc={}] PeeringState::find_best_info calc_acting prefer osd.3 because it is current primary
2026-02-11T23:30:26.580+0000 7f5353fda640 10 osd.3 pg_epoch: 52 pg[5.0( empty local-lis/les=0/0 n=0 ec=52/52 lis/c=0/0 les/c/f=0/0/0 sis=52) [3,4,0] r=0 lpr=52 crt=0'0 mlcod 0'0 creating+peering mbc={}] PeeringState::choose_acting select_replicated_primary newest update on osd.3 with 5.0( empty local-lis/les=0/0 n=0 ec=52/52 lis/c=0/0 les/c/f=0/0/0 sis=52) up_primary: 3) selected as primary select_replicated_primary primary is osd.3 with 5.0( empty local-lis/les=0/0 n=0 ec=52/52 lis/c=0/0 les/c/f=0/0/0 sis=52) calc_replicated_acting osd.4 (up) accepted 5.0( DNE empty local-lis/les=0/0 n=0 ec=0/0 lis/c=0/0 les/c/f=0/0/0 sis=0) osd.0 (up) accepted 5.0( DNE empty local-lis/les=0/0 n=0 ec=0/0 lis/c=0/0 les/c/f=0/0/0 sis=0)
2026-02-11T23:30:26.580+0000 7f5353fda640 20 osd.3 pg_epoch: 52 pg[5.0( empty local-lis/les=0/0 n=0 ec=52/52 lis/c=0/0 les/c/f=0/0/0 sis=52) [3,4,0] r=0 lpr=52 crt=0'0 mlcod 0'0 creating+peering mbc={}] PeeringState::choose_async_recovery_replicated candidates by cost are:
2026-02-11T23:30:26.580+0000 7f5353fda640 20 osd.3 pg_epoch: 52 pg[5.0( empty local-lis/les=0/0 n=0 ec=52/52 lis/c=0/0 les/c/f=0/0/0 sis=52) [3,4,0] r=0 lpr=52 crt=0'0 mlcod 0'0 creating+peering mbc={}] PeeringState::choose_async_recovery_replicated result want=[3,4,0] async_recovery=
2026-02-11T23:30:26.580+0000 7f5353fda640 10 osd.3 pg_epoch: 52 pg[5.0( empty local-lis/les=0/0 n=0 ec=52/52 lis/c=0/0 les/c/f=0/0/0 sis=52) [3,4,0] r=0 lpr=52 crt=0'0 mlcod 0'0 creating+peering mbc={}] PeeringState::choose_acting acting_recovery_backfill is 0,3,4
2026-02-11T23:30:26.580+0000 7f5353fda640 10 osd.3 pg_epoch: 52 pg[5.0( empty local-lis/les=0/0 n=0 ec=52/52 lis/c=0/0 les/c/f=0/0/0 sis=52) [3,4,0] r=0 lpr=52 crt=0'0 mlcod 0'0 creating+peering mbc={}] PeeringState::choose_acting choose_acting want=[3,4,0] backfill_targets= async_recovery_targets=
2026-02-11T23:30:26.580+0000 7f5353fda640 10 osd.3 pg_epoch: 52 pg[5.0( empty local-lis/les=0/0 n=0 ec=52/52 lis/c=0/0 les/c/f=0/0/0 sis=52) [3,4,0] r=0 lpr=52 crt=0'0 mlcod 0'0 creating+peering mbc={}] state: leaving GetLog
2026-02-11T23:30:26.580+0000 7f5353fda640 5 osd.3 pg_epoch: 52 pg[5.0( empty local-lis/les=0/0 n=0 ec=52/52 lis/c=0/0 les/c/f=0/0/0 sis=52) [3,4,0] r=0 lpr=52 crt=0'0 mlcod 0'0 creating+peering mbc={}] exit Started/Primary/Peering/GetLog 0.000037 0 0.000000
2026-02-11T23:30:26.580+0000 7f5353fda640 5 osd.3 pg_epoch: 52 pg[5.0( empty local-lis/les=0/0 n=0 ec=52/52 lis/c=0/0 les/c/f=0/0/0 sis=52) [3,4,0] r=0 lpr=52 crt=0'0 mlcod 0'0 creating+peering mbc={}] enter Started/Primary/Peering/GetMissing
2026-02-11T23:30:26.580+0000 7f5353fda640 10 osd.3 pg_epoch: 52 pg[5.0( empty local-lis/les=0/0 n=0 ec=52/52 lis/c=0/0 les/c/f=0/0/0 sis=52) [3,4,0] r=0 lpr=52 crt=0'0 mlcod 0'0 creating+peering mbc={}] state: still need up_thru update before going active
2026-02-11T23:30:26.580+0000 7f5353fda640 5 osd.3 pg_epoch: 52 pg[5.0( empty local-lis/les=0/0 n=0 ec=52/52 lis/c=0/0 les/c/f=0/0/0 sis=52) [3,4,0] r=0 lpr=52 crt=0'0 mlcod 0'0 creating+peering mbc={}] exit Started/Primary/Peering/GetMissing 0.000004 0 0.000000
2026-02-11T23:30:26.580+0000 7f5353fda640 5 osd.3 pg_epoch: 52 pg[5.0( empty local-lis/les=0/0 n=0 ec=52/52 lis/c=0/0 les/c/f=0/0/0 sis=52) [3,4,0] r=0 lpr=52 crt=0'0 mlcod 0'0 creating+peering mbc={}] enter Started/Primary/Peering/WaitUpThru
2026-02-11T23:30:26.580+0000 7f5353fda640 10 log is not dirty
2026-02-11T23:30:26.580+0000 7f5353fda640 10 osd.3 52 queue_want_up_thru want 52 <= queued 52, currently 34
2026-02-11T23:30:26.580+0000 7f5353fda640 20 osd.3 op_wq(0) _process empty q, waiting
2026-02-11T23:30:26.580+0000 7f5357fe2640 20 osd.3 op_wq(0) _process empty q, waiting
2026-02-11T23:30:26.580+0000 7f5357fe2640 20 osd.3 op_wq(0) _process empty q, waiting
2026-02-11T23:30:26.580+0000 7f5353fda640 20 osd.3 op_wq(0) _process empty q, waiting
2026-02-11T23:30:26.631+0000 7f536555a640 1 -- [v2:127.0.0.1:6826/1114810440,v1:127.0.0.1:6827/1114810440] <== mon.0 v2:127.0.0.1:7180/0 29 ==== osd_map(53..53 src has 1..53) ==== 296+0+0 (crc 0 0 0) 0x56f0000 con 0x574dc00
2026-02-11T23:30:26.631+0000 7f536555a640 20 osd.3 52 OSD::ms_dispatch: osd_map(53..53 src has 1..53)
2026-02-11T23:30:26.631+0000 7f536555a640 20 osd.3 52 _dispatch 0x56f0000 osd_map(53..53 src has 1..53)
2026-02-11T23:30:26.631+0000 7f536555a640 3 osd.3 52 handle_osd_map epochs [53,53], i have 52, src has [1,53]
2026-02-11T23:30:26.631+0000 7f536555a640 10 osd.3 52 handle_osd_map: received 0 full maps and 1 incremental maps
2026-02-11T23:30:26.631+0000 7f536555a640 10 osd.3 52 handle_osd_map got inc map for epoch 53
2026-02-11T23:30:26.631+0000 7f536555a640 20 osd.3 52 got_full_map 53, nothing requested
2026-02-11T23:30:26.631+0000 7f536555a640 20 osd.3 52 trim_maps: min=1 oldest_map=1
2026-02-11T23:30:26.631+0000 7f536555a640 20 osd.3 52 handle_osd_map pg_num_history pg_num_history(e53 pg_nums {1={24=1},2={31=1},3={38=1},4={45=1},5={52=1}} deleted_pools )
2026-02-11T23:30:26.631+0000 7f536555a640 10 snap_mapper record_purged_snaps purged_snaps {53={}}
2026-02-11T23:30:26.631+0000 7f536555a640 10 snap_mapper record_purged_snaps rm 0 keys, set 0 keys
2026-02-11T23:30:26.631+0000 7f536555a640 10 write_superblock sb(c7e182d9-676d-4eeb-80b1-915a88d421e5 osd.3 7ba296ff-a530-4954-8418-dc654dc9b88b e53 maps [1~53] lci=[17,53] tlb=1)
2026-02-11T23:30:26.631+0000 7f53617f5640 10 osd.3 52 _committed_osd_maps 53..53
2026-02-11T23:30:26.631+0000 7f53617f5640 10 osd.3 52 advance to epoch 53 (<= last 53 <= newest_map 53)
2026-02-11T23:30:26.631+0000 7f53617f5640 20 osd.3 53 consume_map version 53
2026-02-11T23:30:26.631+0000 7f53617f5640 20 osd.3 52 await_reserved_maps epoch:53
2026-02-11T23:30:26.631+0000 7f53617f5640 20 osd.3 52 await_reserved_maps done 0
2026-02-11T23:30:26.631+0000 7f53617f5640 20 osd.3 53 consume_map 53 -- publish done
2026-02-11T23:30:26.631+0000 7f53617f5640 20 osd.3:0.identify_splits_and_merges identify_splits_and_merges 2 slots
2026-02-11T23:30:26.631+0000 7f53617f5640 20 osd.3:0.identify_splits_and_merges identify_splits_and_merges slot pgid:5.0slot:0x43c02c0
2026-02-11T23:30:26.631+0000 7f53617f5640 20 osd.3 53 identify_splits_and_merges 5.0 e52 to e53
2026-02-11T23:30:26.631+0000 7f53617f5640 20 osd.3 53 identify_splits_and_merges 5.0 e52 to e53 pg_nums {52=1}
2026-02-11T23:30:26.631+0000 7f53617f5640 20 osd.3:0.identify_splits_and_merges identify_splits_and_merges slot pgid:2.0slot:0x4368dc0
2026-02-11T23:30:26.631+0000 7f53617f5640 20 osd.3 53 identify_splits_and_merges 2.0 e52 to e53
2026-02-11T23:30:26.631+0000 7f53617f5640 20 osd.3 53 identify_splits_and_merges 2.0 e52 to e53 pg_nums {31=1}
2026-02-11T23:30:26.631+0000 7f53617f5640 20 osd.3:0.identify_splits_and_merges identify_splits_and_merges 0 splits, 0 merges
2026-02-11T23:30:26.631+0000 7f53617f5640 20 osd.3:1.identify_splits_and_merges identify_splits_and_merges 0 slots
2026-02-11T23:30:26.631+0000 7f53617f5640 20 osd.3:1.identify_splits_and_merges identify_splits_and_merges 0 splits, 0 merges
2026-02-11T23:30:26.631+0000 7f53617f5640 20 osd.3:2.identify_splits_and_merges identify_splits_and_merges 0 slots
2026-02-11T23:30:26.631+0000 7f53617f5640 20 osd.3:2.identify_splits_and_merges identify_splits_and_merges 0 splits, 0 merges
2026-02-11T23:30:26.631+0000 7f53617f5640 20 osd.3:3.identify_splits_and_merges identify_splits_and_merges 0 slots
2026-02-11T23:30:26.631+0000 7f53617f5640 20 osd.3:3.identify_splits_and_merges identify_splits_and_merges 0 splits, 0 merges
2026-02-11T23:30:26.631+0000 7f53617f5640 20 osd.3:4.identify_splits_and_merges identify_splits_and_merges 0 slots
2026-02-11T23:30:26.631+0000 7f53617f5640 20 osd.3:4.identify_splits_and_merges identify_splits_and_merges 0 splits, 0 merges
2026-02-11T23:30:26.631+0000 7f53617f5640 20 osd.3:5.identify_splits_and_merges identify_splits_and_merges 0 slots
2026-02-11T23:30:26.631+0000 7f53617f5640 20 osd.3:5.identify_splits_and_merges identify_splits_and_merges 0 splits, 0 merges
2026-02-11T23:30:26.631+0000 7f53617f5640 20 osd.3:6.identify_splits_and_merges identify_splits_and_merges 0 slots
2026-02-11T23:30:26.631+0000 7f53617f5640 20 osd.3:6.identify_splits_and_merges identify_splits_and_merges 0 splits, 0 merges
2026-02-11T23:30:26.631+0000 7f53617f5640 20 osd.3:7.identify_splits_and_merges identify_splits_and_merges 0 slots
2026-02-11T23:30:26.631+0000 7f53617f5640 20 osd.3:7.identify_splits_and_merges identify_splits_and_merges 0 splits, 0 merges
2026-02-11T23:30:26.631+0000 7f53617f5640 20 osd.3 53 prune_pg_created
2026-02-11T23:30:26.631+0000 7f53617f5640 10 osd.3:0.consume_map 53 (was 52)
2026-02-11T23:30:26.631+0000 7f53617f5640 20 osd.3:0.consume_map consume_map 5.0
2026-02-11T23:30:26.631+0000 7f53617f5640 20 osd.3:0.consume_map consume_map 2.0
2026-02-11T23:30:26.631+0000 7f53617f5640 10 osd.3:1.consume_map 53 (was 52)
2026-02-11T23:30:26.631+0000 7f53617f5640 10 osd.3:2.consume_map 53 (was 52)
2026-02-11T23:30:26.631+0000 7f53617f5640 10 osd.3:3.consume_map 53 (was 52)
2026-02-11T23:30:26.631+0000 7f53617f5640 10 osd.3:4.consume_map 53 (was 52)
2026-02-11T23:30:26.631+0000 7f53617f5640 10 osd.3:5.consume_map 53 (was 52)
2026-02-11T23:30:26.631+0000 7f53617f5640 10 osd.3:6.consume_map 53 (was 52)
2026-02-11T23:30:26.631+0000 7f53617f5640 10 osd.3:7.consume_map 53 (was 52)
2026-02-11T23:30:26.631+0000 7f53617f5640 10 osd.3 53 release_reserved_pushes(0), recovery_ops_reserved 0 -> 0
2026-02-11T23:30:26.631+0000 7f53617f5640 15 osd.3 53 enqueue_peering_evt 5.0 epoch_sent: 53 epoch_requested: 53 NullEvt
2026-02-11T23:30:26.631+0000 7f53617f5640 20 osd.3 op_wq(0) _enqueue OpSchedulerItem(5.0 PGPeeringEvent(epoch_sent: 53 epoch_requested: 53 NullEvt) class_id 2 prio 255 cost 10 e53)
2026-02-11T23:30:26.631+0000 7f53617f5640 15 osd.3 53 enqueue_peering_evt 2.0 epoch_sent: 53 epoch_requested: 53 NullEvt
2026-02-11T23:30:26.631+0000 7f53617f5640 20 osd.3 op_wq(0) _enqueue OpSchedulerItem(2.0 PGPeeringEvent(epoch_sent: 53 epoch_requested: 53 NullEvt) class_id 2 prio 255 cost 10 e53)
2026-02-11T23:30:26.631+0000 7f53617f5640 7 osd.3 53 activate_map version 53
2026-02-11T23:30:26.631+0000 7f5357fe2640 20 osd.3 op_wq(0) _process 5.0 to_process <> waiting <> waiting_peering {}
2026-02-11T23:30:26.631+0000 7f5357fe2640 20 osd.3 op_wq(0) _process OpSchedulerItem(5.0 PGPeeringEvent(epoch_sent: 53 epoch_requested: 53 NullEvt) class_id 2immediate prio 255 cost 10 e53) queued
2026-02-11T23:30:26.631+0000 7f5357fe2640 20 osd.3 op_wq(0) _process 5.0 to_process waiting <> waiting_peering {}
2026-02-11T23:30:26.631+0000 7f53587e3640 20 osd.3 53 agent_entry empty queue
2026-02-11T23:30:26.631+0000 7f5357fe2640 20 osd.3 op_wq(0) _process OpSchedulerItem(5.0 PGPeeringEvent(epoch_sent: 53 epoch_requested: 53 NullEvt) class_id 2immediate prio 255 cost 10 e53) pg 0x6527000
2026-02-11T23:30:26.631+0000 7f5353fda640 20 osd.3 op_wq(0) _process 2.0 to_process <> waiting <> waiting_peering {}
2026-02-11T23:30:26.631+0000 7f5353fda640 20 osd.3 op_wq(0) _process OpSchedulerItem(2.0 PGPeeringEvent(epoch_sent: 53 epoch_requested: 53 NullEvt) class_id 2immediate prio 255 cost 10 e53) queued
2026-02-11T23:30:26.631+0000 7f5357fe2640 10 osd.3 pg_epoch: 52 pg[5.0( empty local-lis/les=0/0 n=0 ec=52/52 lis/c=0/0 les/c/f=0/0/0 sis=52) [3,4,0] r=0 lpr=52 crt=0'0 mlcod 0'0 creating+peering mbc={}] handle_advance_map: 53
2026-02-11T23:30:26.631+0000 7f5353fda640 20 osd.3 op_wq(0) _process 2.0 to_process waiting <> waiting_peering {}
2026-02-11T23:30:26.631+0000 7f5353fda640 20 osd.3 op_wq(0) _process OpSchedulerItem(2.0 PGPeeringEvent(epoch_sent: 53 epoch_requested: 53 NullEvt) class_id 2immediate prio 255 cost 10 e53) pg 0x6377000
2026-02-11T23:30:26.631+0000 7f5357fe2640 20 osd.3:0.update_pg_epoch 5.0 52 -> 53
2026-02-11T23:30:26.631+0000 7f5357fe2640 10 osd.3 pg_epoch: 52 pg[5.0( empty local-lis/les=0/0 n=0 ec=52/52 lis/c=0/0 les/c/f=0/0/0 sis=52) [3,4,0] r=0 lpr=52 crt=0'0 mlcod 0'0 creating+peering mbc={}] PeeringState::advance_map handle_advance_map [3,4,0]/[3,4,0] -- 3/3
2026-02-11T23:30:26.631+0000 7f5353fda640 10 osd.3 pg_epoch: 52 pg[2.0( empty local-lis/les=34/35 n=0 ec=31/31 lis/c=34/34 les/c/f=35/35/0 sis=34) [3,1] r=0 lpr=34 crt=0'0 mlcod 0'0 active+clean] handle_advance_map: 53
2026-02-11T23:30:26.631+0000 7f5353fda640 20 osd.3:0.update_pg_epoch 2.0 52 -> 53
2026-02-11T23:30:26.631+0000 7f5357fe2640 10 osd.3 pg_epoch: 53 pg[5.0( empty local-lis/les=0/0 n=0 ec=52/52 lis/c=0/0 les/c/f=0/0/0 sis=52) [3,4,0] r=0 lpr=52 crt=0'0 mlcod 0'0 creating+peering mbc={}] state: Peering advmap
2026-02-11T23:30:26.631+0000 7f5353fda640 10 osd.3 pg_epoch: 52 pg[2.0( empty local-lis/les=34/35 n=0 ec=31/31 lis/c=34/34 les/c/f=35/35/0 sis=34) [3,1] r=0 lpr=34 crt=0'0 mlcod 0'0 active+clean] PeeringState::advance_map handle_advance_map [3,1]/[3,1] -- 3/3
2026-02-11T23:30:26.631+0000 7f5357fe2640 10 osd.3 pg_epoch: 53 pg[5.0( empty local-lis/les=0/0 n=0 ec=52/52 lis/c=0/0 les/c/f=0/0/0 sis=52) [3,4,0] r=0 lpr=52 crt=0'0 mlcod 0'0 creating+peering mbc={}] PeeringState::adjust_need_up_thru adjust_need_up_thru now 52, need_up_thru now false
2026-02-11T23:30:26.631+0000 7f5357fe2640 10 osd.3 pg_epoch: 53 pg[5.0( empty local-lis/les=0/0 n=0 ec=52/52 lis/c=0/0 les/c/f=0/0/0 sis=52) [3,4,0] r=0 lpr=52 crt=0'0 mlcod 0'0 creating+peering mbc={}] state: Started advmap
2026-02-11T23:30:26.631+0000 7f5353fda640 10 osd.3 pg_epoch: 53 pg[2.0( empty local-lis/les=34/35 n=0 ec=31/31 lis/c=34/34 les/c/f=35/35/0 sis=34) [3,1] r=0 lpr=34 crt=0'0 mlcod 0'0 active+clean] state: Active advmap
2026-02-11T23:30:26.631+0000 7f5357fe2640 10 osd.3 pg_epoch: 53 pg[5.0( empty local-lis/les=0/0 n=0 ec=52/52 lis/c=0/0 les/c/f=0/0/0 sis=52) [3,4,0] r=0 lpr=52 crt=0'0 mlcod 0'0 creating+peering mbc={}] check_recovery_sources no source osds () went down
2026-02-11T23:30:26.631+0000 7f5357fe2640 20 osd.3 53 advance_pg new pool opts old pool opts
2026-02-11T23:30:26.631+0000 7f5353fda640 20 osd.3 pg_epoch: 53 pg[2.0( empty local-lis/les=34/35 n=0 ec=31/31 lis/c=34/34 les/c/f=35/35/0 sis=34) [3,1] r=0 lpr=34 crt=0'0 mlcod 0'0 active+clean] PeeringState::prepare_stats_for_publish reporting purged_snaps []
2026-02-11T23:30:26.631+0000 7f5357fe2640 10 osd.3 pg_epoch: 53 pg[5.0( empty local-lis/les=0/0 n=0 ec=52/52 lis/c=0/0 les/c/f=0/0/0 sis=52) [3,4,0] r=0 lpr=52 crt=0'0 mlcod 0'0 creating+peering mbc={}] handle_activate_map: epoch range: 53..53
2026-02-11T23:30:26.631+0000 7f5353fda640 15 osd.3 pg_epoch: 53 pg[2.0( empty local-lis/les=34/35 n=0 ec=31/31 lis/c=34/34 les/c/f=35/35/0 sis=34) [3,1] r=0 lpr=34 crt=0'0 mlcod 0'0 active+clean] PeeringState::prepare_stats_for_publish publish_stats_to_osd 52:51
2026-02-11T23:30:26.631+0000 7f5357fe2640 10 osd.3 pg_epoch: 53 pg[5.0( empty local-lis/les=0/0 n=0 ec=52/52 lis/c=0/0 les/c/f=0/0/0 sis=52) [3,4,0] r=0 lpr=52 crt=0'0 mlcod 0'0 creating+peering mbc={}] PeeringState::activate_map
2026-02-11T23:30:26.631+0000 7f5357fe2640 7 osd.3 pg_epoch: 53 pg[5.0( empty local-lis/les=0/0 n=0 ec=52/52 lis/c=0/0 les/c/f=0/0/0 sis=52) [3,4,0] r=0 lpr=52 crt=0'0 mlcod 0'0 creating+peering mbc={}] state: handle ActMap primary
2026-02-11T23:30:26.631+0000 7f5353fda640 10 osd.3 pg_epoch: 53 pg[2.0( empty local-lis/les=34/35 n=0 ec=31/31 lis/c=34/34 les/c/f=35/35/0 sis=34) [3,1] r=0 lpr=34 crt=0'0 mlcod 0'0 active+clean] state: Started advmap
2026-02-11T23:30:26.631+0000 7f5357fe2640 20 osd.3 pg_epoch: 53 pg[5.0( empty local-lis/les=0/0 n=0 ec=52/52 lis/c=0/0 les/c/f=0/0/0 sis=52) [3,4,0] r=0 lpr=52 crt=0'0 mlcod 0'0 creating+peering mbc={}] PeeringState::prepare_stats_for_publish reporting purged_snaps []
2026-02-11T23:30:26.631+0000 7f5353fda640 10 osd.3 pg_epoch: 53 pg[2.0( empty local-lis/les=34/35 n=0 ec=31/31 lis/c=34/34 les/c/f=35/35/0 sis=34) [3,1] r=0 lpr=34 crt=0'0 mlcod 0'0 active+clean] check_recovery_sources no source osds () went down
2026-02-11T23:30:26.631+0000 7f5357fe2640 15 osd.3 pg_epoch: 53 pg[5.0( empty local-lis/les=0/0 n=0 ec=52/52 lis/c=0/0 les/c/f=0/0/0 sis=52) [3,4,0] r=0 lpr=52 crt=0'0 mlcod 0'0 creating+peering mbc={}] PeeringState::prepare_stats_for_publish publish_stats_to_osd 52:1
2026-02-11T23:30:26.631+0000 7f5353fda640 20 osd.3 53 advance_pg new pool opts old pool opts
2026-02-11T23:30:26.631+0000 7f5357fe2640 5 osd.3 pg_epoch: 53 pg[5.0( empty local-lis/les=0/0 n=0 ec=52/52 lis/c=0/0 les/c/f=0/0/0 sis=52) [3,4,0] r=0 lpr=52 crt=0'0 mlcod 0'0 creating+peering mbc={}] exit Started/Primary/Peering/WaitUpThru 0.050791 2 0.000066
2026-02-11T23:30:26.631+0000 7f5353fda640 10 osd.3 pg_epoch: 53 pg[2.0( empty local-lis/les=34/35 n=0 ec=31/31 lis/c=34/34 les/c/f=35/35/0 sis=34) [3,1] r=0 lpr=34 crt=0'0 mlcod 0'0 active+clean] handle_activate_map: epoch range: 53..53
2026-02-11T23:30:26.631+0000 7f5353fda640 10 osd.3 pg_epoch: 53 pg[2.0( empty local-lis/les=34/35 n=0 ec=31/31 lis/c=34/34 les/c/f=35/35/0 sis=34) [3,1] r=0 lpr=34 crt=0'0 mlcod 0'0 active+clean] PeeringState::activate_map
2026-02-11T23:30:26.631+0000 7f5357fe2640 10 osd.3 pg_epoch: 53 pg[5.0( empty local-lis/les=0/0 n=0 ec=52/52 lis/c=0/0 les/c/f=0/0/0 sis=52) [3,4,0] r=0 lpr=52 crt=0'0 mlcod 0'0 creating+peering mbc={}] state: Leaving Peering
2026-02-11T23:30:26.631+0000 7f5353fda640 10 osd.3 pg_epoch: 53 pg[2.0( empty local-lis/les=34/35 n=0 ec=31/31 lis/c=34/34 les/c/f=35/35/0 sis=34) [3,1] r=0 lpr=34 crt=0'0 mlcod 0'0 active+clean] state: Active: handling ActMap
2026-02-11T23:30:26.631+0000 7f5357fe2640 5 osd.3 pg_epoch: 53 pg[5.0( empty local-lis/les=0/0 n=0 ec=52/52 lis/c=0/0 les/c/f=0/0/0 sis=52) [3,4,0] r=0 lpr=52 crt=0'0 mlcod 0'0 creating+peering mbc={}] exit Started/Primary/Peering 0.052248 0 0.000000
2026-02-11T23:30:26.631+0000 7f5353fda640 10 osd.3 pg_epoch: 53 pg[2.0( empty local-lis/les=34/35 n=0 ec=31/31 lis/c=34/34 les/c/f=35/35/0 sis=34) [3,1] r=0 lpr=34 crt=0'0 mlcod 0'0 active+clean] Active: kicking snap trim
2026-02-11T23:30:26.631+0000 7f5353fda640 7 osd.3 pg_epoch: 53 pg[2.0( empty local-lis/les=34/35 n=0 ec=31/31 lis/c=34/34 les/c/f=35/35/0 sis=34) [3,1] r=0 lpr=34 crt=0'0 mlcod 0'0 active+clean] state: handle ActMap primary
