2026-02-11T23:30:27.765+0000 7f5357fe2640 7 osd.3 pg_epoch: 56 pg[2.0( empty local-lis/les=34/35 n=0 ec=31/31 lis/c=34/34 les/c/f=35/35/0 sis=34) [3,1] r=0 lpr=34 crt=0'0 mlcod 0'0 active+clean] state: handle ActMap primary
2026-02-11T23:30:27.765+0000 7f5353fda640 10 osd.3 pg_epoch: 56 pg[5.0( empty local-lis/les=52/53 n=0 ec=52/52 lis/c=52/52 les/c/f=53/53/0 sis=55 pruub=15.423931122s) [3,4] r=0 lpr=55 pi=[52,55)/1 crt=0'0 mlcod 0'0 peering pruub 28.615062714s@ mbc={}] state: Started advmap
2026-02-11T23:30:27.765+0000 7f5357fe2640 20 osd.3 pg_epoch: 56 pg[2.0( empty local-lis/les=34/35 n=0 ec=31/31 lis/c=34/34 les/c/f=35/35/0 sis=34) [3,1] r=0 lpr=34 crt=0'0 mlcod 0'0 active+clean] PeeringState::prepare_stats_for_publish reporting purged_snaps []
2026-02-11T23:30:27.765+0000 7f5353fda640 10 osd.3 pg_epoch: 56 pg[5.0( empty local-lis/les=52/53 n=0 ec=52/52 lis/c=52/52 les/c/f=53/53/0 sis=55 pruub=15.423931122s) [3,4] r=0 lpr=55 pi=[52,55)/1 crt=0'0 mlcod 0'0 peering pruub 28.615062714s@ mbc={}] check_recovery_sources no source osds () went down
2026-02-11T23:30:27.765+0000 7f5357fe2640 15 osd.3 pg_epoch: 56 pg[2.0( empty local-lis/les=34/35 n=0 ec=31/31 lis/c=34/34 les/c/f=35/35/0 sis=34) [3,1] r=0 lpr=34 crt=0'0 mlcod 0'0 active+clean] PeeringState::prepare_stats_for_publish publish_stats_to_osd 56:57
2026-02-11T23:30:27.765+0000 7f5357fe2640 20 osd.3 pg_epoch: 56 pg[2.0( empty local-lis/les=34/35 n=0 ec=31/31 lis/c=34/34 les/c/f=35/35/0 sis=34) [3,1] r=0 lpr=34 crt=0'0 mlcod 0'0 active+clean] PeeringState::activate_map : Not dirtying info: last_persisted is 35 while current is 56
2026-02-11T23:30:27.765+0000 7f5357fe2640 10 log is not dirty
2026-02-11T23:30:27.765+0000 7f5353fda640 10 osd.3 pg_epoch: 56 pg[5.0( empty local-lis/les=52/53 n=0 ec=52/52 lis/c=52/52 les/c/f=53/53/0 sis=55 pruub=15.423931122s) [3,4] r=0 lpr=55 pi=[52,55)/1 crt=0'0 mlcod 0'0 peering pruub 28.615062714s@ mbc={}] plpg_on_pool_change
2026-02-11T23:30:27.765+0000 7f5357fe2640 10 osd.3 pg_epoch: 56 pg[2.0( empty local-lis/les=34/35 n=0 ec=31/31 lis/c=34/34 les/c/f=35/35/0 sis=34) [3,1] r=0 lpr=34 crt=0'0 mlcod 0'0 active+clean] do_peering_event: epoch_sent: 56 epoch_requested: 56 NullEvt
2026-02-11T23:30:27.765+0000 7f5353fda640 20 osd.3 pg_epoch: 56 pg[5.0( empty local-lis/les=52/53 n=0 ec=52/52 lis/c=52/52 les/c/f=53/53/0 sis=55 pruub=15.423931122s) [3,4] r=0 lpr=55 pi=[52,55)/1 crt=0'0 mlcod 0'0 peering pruub 28.615062714s@ mbc={}] hit_set_clear
2026-02-11T23:30:27.765+0000 7f5357fe2640 10 log is not dirty
2026-02-11T23:30:27.765+0000 7f5353fda640 20 osd.3 pg_epoch: 56 pg[5.0( empty local-lis/les=52/53 n=0 ec=52/52 lis/c=52/52 les/c/f=53/53/0 sis=55 pruub=15.423931122s) [3,4] r=0 lpr=55 pi=[52,55)/1 crt=0'0 mlcod 0'0 peering pruub 28.615062714s@ mbc={}] agent_stop
2026-02-11T23:30:27.765+0000 7f5357fe2640 20 osd.3 op_wq(0) _process empty q, waiting
2026-02-11T23:30:27.765+0000 7f5353fda640 20 osd.3 56 advance_pg new pool opts old pool opts
2026-02-11T23:30:27.765+0000 7f5353fda640 10 osd.3 pg_epoch: 56 pg[5.0( empty local-lis/les=52/53 n=0 ec=52/52 lis/c=52/52 les/c/f=53/53/0 sis=55 pruub=15.423931122s) [3,4] r=0 lpr=55 pi=[52,55)/1 crt=0'0 mlcod 0'0 peering pruub 28.615062714s@ mbc={}] handle_activate_map: epoch range: 56..56
2026-02-11T23:30:27.765+0000 7f5353fda640 10 osd.3 pg_epoch: 56 pg[5.0( empty local-lis/les=52/53 n=0 ec=52/52 lis/c=52/52 les/c/f=53/53/0 sis=55 pruub=15.423931122s) [3,4] r=0 lpr=55 pi=[52,55)/1 crt=0'0 mlcod 0'0 peering pruub 28.615062714s@ mbc={}] PeeringState::activate_map
2026-02-11T23:30:27.765+0000 7f5353fda640 7 osd.3 pg_epoch: 56 pg[5.0( empty local-lis/les=52/53 n=0 ec=52/52 lis/c=52/52 les/c/f=53/53/0 sis=55 pruub=15.423931122s) [3,4] r=0 lpr=55 pi=[52,55)/1 crt=0'0 mlcod 0'0 peering pruub 28.615062714s@ mbc={}] state: handle ActMap primary
2026-02-11T23:30:27.765+0000 7f5353fda640 20 osd.3 pg_epoch: 56 pg[5.0( empty local-lis/les=52/53 n=0 ec=52/52 lis/c=52/52 les/c/f=53/53/0 sis=55 pruub=15.423931122s) [3,4] r=0 lpr=55 pi=[52,55)/1 crt=0'0 mlcod 0'0 peering pruub 28.615062714s@ mbc={}] PeeringState::prepare_stats_for_publish reporting purged_snaps []
2026-02-11T23:30:27.765+0000 7f5353fda640 15 osd.3 pg_epoch: 56 pg[5.0( empty local-lis/les=52/53 n=0 ec=52/52 lis/c=52/52 les/c/f=53/53/0 sis=55 pruub=15.423931122s) [3,4] r=0 lpr=55 pi=[52,55)/1 crt=0'0 mlcod 0'0 peering pruub 28.615062714s@ mbc={}] PeeringState::prepare_stats_for_publish publish_stats_to_osd 55:13
2026-02-11T23:30:27.765+0000 7f5353fda640 5 osd.3 pg_epoch: 56 pg[5.0( empty local-lis/les=52/53 n=0 ec=52/52 lis/c=52/52 les/c/f=53/53/0 sis=55 pruub=15.423931122s) [3,4] r=0 lpr=55 pi=[52,55)/1 crt=0'0 mlcod 0'0 peering pruub 28.615062714s@ mbc={}] exit Started/Primary/Peering/WaitUpThru 0.099714 3 0.000076
2026-02-11T23:30:27.765+0000 7f5353fda640 10 osd.3 pg_epoch: 56 pg[5.0( empty local-lis/les=52/53 n=0 ec=52/52 lis/c=52/52 les/c/f=53/53/0 sis=55 pruub=15.423931122s) [3,4] r=0 lpr=55 pi=[52,55)/1 crt=0'0 mlcod 0'0 peering pruub 28.615062714s@ mbc={}] state: Leaving Peering
2026-02-11T23:30:27.765+0000 7f5353fda640 5 osd.3 pg_epoch: 56 pg[5.0( empty local-lis/les=52/53 n=0 ec=52/52 lis/c=52/52 les/c/f=53/53/0 sis=55 pruub=15.423931122s) [3,4] r=0 lpr=55 pi=[52,55)/1 crt=0'0 mlcod 0'0 peering pruub 28.615062714s@ mbc={}] exit Started/Primary/Peering 0.100930 0 0.000000
2026-02-11T23:30:27.765+0000 7f5353fda640 5 osd.3 pg_epoch: 56 pg[5.0( empty local-lis/les=52/53 n=0 ec=52/52 lis/c=52/52 les/c/f=53/53/0 sis=55 pruub=15.423931122s) [3,4] r=0 lpr=55 pi=[52,55)/1 crt=0'0 mlcod 0'0 unknown pruub 28.615062714s@ mbc={}] enter Started/Primary/Active
2026-02-11T23:30:27.765+0000 7f5353fda640 10 osd.3 pg_epoch: 56 pg[5.0( empty local-lis/les=52/53 n=0 ec=52/52 lis/c=52/52 les/c/f=53/53/0 sis=55 pruub=15.423931122s) [3,4] r=0 lpr=55 pi=[52,55)/1 crt=0'0 mlcod 0'0 unknown pruub 28.615062714s@ mbc={}] state: In Active, about to call activate
2026-02-11T23:30:27.765+0000 7f5353fda640 10 osd.3 pg_epoch: 56 pg[5.0( empty local-lis/les=55/56 n=0 ec=52/52 lis/c=52/52 les/c/f=53/53/0 sis=55 pruub=15.423931122s) [3,4] r=0 lpr=55 pi=[52,55)/1 crt=0'0 mlcod 0'0 unknown pruub 28.615062714s@ mbc={}] PeeringState::activate activate - no missing, moving last_complete 0'0 -> 0'0
2026-02-11T23:30:27.765+0000 7f5353fda640 20 osd.3 pg_epoch: 56 pg[5.0( empty local-lis/les=55/56 n=0 ec=52/52 lis/c=52/52 les/c/f=53/53/0 sis=55 pruub=15.423931122s) [3,4] r=0 lpr=55 pi=[52,55)/1 crt=0'0 mlcod 0'0 unknown pruub 28.615062714s@ mbc={}] PeeringState::recalc_readable_until peer osd.4 ruub 0.000000000s
2026-02-11T23:30:27.765+0000 7f5353fda640 20 osd.3 pg_epoch: 56 pg[5.0( empty local-lis/les=55/56 n=0 ec=52/52 lis/c=52/52 les/c/f=53/53/0 sis=55 pruub=15.423931122s) [3,4] r=0 lpr=55 pi=[52,55)/1 crt=0'0 mlcod 0'0 unknown pruub 28.615062714s@ mbc={}] PeeringState::recalc_readable_until readable_until[_ub] 0.000000000s (sent 29.290922165s)
2026-02-11T23:30:27.765+0000 7f5353fda640 10 osd.3 pg_epoch: 56 pg[5.0( empty local-lis/les=55/56 n=0 ec=52/52 lis/c=52/52 les/c/f=53/53/0 sis=55 pruub=15.423931122s) [3,4] r=0 lpr=55 pi=[52,55)/1 crt=0'0 mlcod 0'0 unknown pruub 28.615062714s@ mbc={}] PeeringState::activate no prior_readable_down_osds to wait on, clearing ub
2026-02-11T23:30:27.765+0000 7f5353fda640 10 osd.3 pg_epoch: 56 pg[5.0( empty local-lis/les=55/56 n=0 ec=52/52 lis/c=52/52 les/c/f=53/53/0 sis=55) [3,4] r=0 lpr=55 pi=[52,55)/1 crt=0'0 mlcod 0'0 unknown mbc={}] PeeringState::activate activate peer osd.4 5.0( empty local-lis/les=52/53 n=0 ec=52/52 lis/c=52/52 les/c/f=53/53/0 sis=55 pruub=15.424409866s)
2026-02-11T23:30:27.765+0000 7f5353fda640 10 osd.3 pg_epoch: 56 pg[5.0( empty local-lis/les=55/56 n=0 ec=52/52 lis/c=52/52 les/c/f=53/53/0 sis=55) [3,4] r=0 lpr=55 pi=[52,55)/1 crt=0'0 mlcod 0'0 unknown mbc={}] PeeringState::activate activate peer osd.4 is up to date, but sending pg_log anyway
2026-02-11T23:30:27.765+0000 7f5353fda640 10 osd.3 pg_epoch: 56 pg[5.0( empty local-lis/les=55/56 n=0 ec=52/52 lis/c=52/52 les/c/f=53/53/0 sis=55) [3,4] r=0 lpr=55 pi=[52,55)/1 crt=0'0 mlcod 0'0 unknown mbc={}] PeeringState::activate activate peer osd.4 sending log((0'0,0'0], crt=0'0)
2026-02-11T23:30:27.765+0000 7f5353fda640 20 osd.3 56 get_con_osd_cluster to osd.4 from_epoch 56
2026-02-11T23:30:27.765+0000 7f5353fda640 20 osd.3 56 get_nextmap_reserved map_reservations: {56=1}
2026-02-11T23:30:27.765+0000 7f5353fda640 20 osd.3 56 release_map epoch: 56
2026-02-11T23:30:27.765+0000 7f5353fda640 1 -- [v2:127.0.0.1:6828/1114810440,v1:127.0.0.1:6829/1114810440] --> [v2:127.0.0.1:6836/864727417,v1:127.0.0.1:6837/864727417] -- PGlog(5.0 log log((0'0,0'0], crt=0'0) pi ([0,0] all_participants={} intervals=[]) pg_lease(ru 0.000000000s ub 29.290922165s int 16.000000000s) e56/55) -- 0x56e8800 con 0x5747c00
2026-02-11T23:30:27.765+0000 7f5353fda640 10 osd.3 pg_epoch: 56 pg[5.0( empty local-lis/les=55/56 n=0 ec=52/52 lis/c=52/52 les/c/f=53/53/0 sis=55) [3,4] r=0 lpr=55 pi=[52,55)/1 crt=0'0 mlcod 0'0 unknown mbc={}] PeeringState::activate activate peer osd.4 5.0( empty local-lis/les=52/53 n=0 ec=52/52 lis/c=52/52 les/c/f=53/53/0 sis=55 pruub=15.424409866s) uptodate
2026-02-11T23:30:27.765+0000 7f5353fda640 20 osd.3 pg_epoch: 56 pg[5.0( empty local-lis/les=55/56 n=0 ec=52/52 lis/c=52/52 les/c/f=53/53/0 sis=55) [3,4] r=0 lpr=55 pi=[52,55)/1 crt=0'0 mlcod 0'0 unknown mbc={}] PeeringState::activate setting up missing_loc from shard 3
2026-02-11T23:30:27.765+0000 7f5353fda640 20 osd.3 pg_epoch: 56 pg[5.0( empty local-lis/les=55/56 n=0 ec=52/52 lis/c=52/52 les/c/f=53/53/0 sis=55) [3,4] r=0 lpr=55 pi=[52,55)/1 crt=0'0 mlcod 0'0 unknown mbc={}] PeeringState::activate setting up missing_loc from shard 4
2026-02-11T23:30:27.765+0000 7f5353fda640 10 osd.3 pg_epoch: 56 pg[5.0( empty local-lis/les=55/56 n=0 ec=52/52 lis/c=52/52 les/c/f=53/53/0 sis=55) [3,4] r=0 lpr=55 pi=[52,55)/1 crt=0'0 mlcod 0'0 unknown mbc={}] PeeringState::needs_recovery is recovered
2026-02-11T23:30:27.765+0000 7f5353fda640 10 osd.3 pg_epoch: 56 pg[5.0( empty local-lis/les=55/56 n=0 ec=52/52 lis/c=52/52 les/c/f=53/53/0 sis=55) [3,4] r=0 lpr=55 pi=[52,55)/1 crt=0'0 mlcod 0'0 activating mbc={}] release_backoffs [5:00000000::::0,MAX)
2026-02-11T23:30:27.765+0000 7f5353fda640 20 osd.3 pg_epoch: 56 pg[5.0( empty local-lis/les=55/56 n=0 ec=52/52 lis/c=52/52 les/c/f=53/53/0 sis=55) [3,4] r=0 lpr=55 pi=[52,55)/1 crt=0'0 mlcod 0'0 activating mbc={}] PeeringState::update_calc_stats actingset 3,4 upset 3,4 acting_recovery_backfill 3,4
2026-02-11T23:30:27.765+0000 7f5353fda640 20 osd.3 pg_epoch: 56 pg[5.0( empty local-lis/les=55/56 n=0 ec=52/52 lis/c=52/52 les/c/f=53/53/0 sis=55) [3,4] r=0 lpr=55 pi=[52,55)/1 crt=0'0 mlcod 0'0 activating mbc={}] PeeringState::update_calc_stats shard 3 primary objects 0 missing 0
2026-02-11T23:30:27.765+0000 7f5353fda640 20 osd.3 pg_epoch: 56 pg[5.0( empty local-lis/les=55/56 n=0 ec=52/52 lis/c=52/52 les/c/f=53/53/0 sis=55) [3,4] r=0 lpr=55 pi=[52,55)/1 crt=0'0 mlcod 0'0 activating mbc={}] PeeringState::update_calc_stats no peer_missing found for 0
2026-02-11T23:30:27.765+0000 7f5353fda640 20 osd.3 pg_epoch: 56 pg[5.0( empty local-lis/les=55/56 n=0 ec=52/52 lis/c=52/52 les/c/f=53/53/0 sis=55) [3,4] r=0 lpr=55 pi=[52,55)/1 crt=0'0 mlcod 0'0 activating mbc={}] PeeringState::update_calc_stats shard 0 objects 0 missing 0
2026-02-11T23:30:27.765+0000 7f5353fda640 20 osd.3 pg_epoch: 56 pg[5.0( empty local-lis/les=55/56 n=0 ec=52/52 lis/c=52/52 les/c/f=53/53/0 sis=55) [3,4] r=0 lpr=55 pi=[52,55)/1 crt=0'0 mlcod 0'0 activating mbc={}] PeeringState::update_calc_stats shard 4 objects 0 missing 0
2026-02-11T23:30:27.765+0000 7f5353fda640 20 osd.3 pg_epoch: 56 pg[5.0( empty local-lis/les=55/56 n=0 ec=52/52 lis/c=52/52 les/c/f=53/53/0 sis=55) [3,4] r=0 lpr=55 pi=[52,55)/1 crt=0'0 mlcod 0'0 activating mbc={}] PeeringState::update_calc_stats object_location_counts {}
2026-02-11T23:30:27.765+0000 7f5353fda640 20 osd.3 pg_epoch: 56 pg[5.0( empty local-lis/les=55/56 n=0 ec=52/52 lis/c=52/52 les/c/f=53/53/0 sis=55) [3,4] r=0 lpr=55 pi=[52,55)/1 crt=0'0 mlcod 0'0 activating mbc={}] PeeringState::update_calc_stats missing shard 3 missing= 0
2026-02-11T23:30:27.765+0000 7f5353fda640 20 osd.3 pg_epoch: 56 pg[5.0( empty local-lis/les=55/56 n=0 ec=52/52 lis/c=52/52 les/c/f=53/53/0 sis=55) [3,4] r=0 lpr=55 pi=[52,55)/1 crt=0'0 mlcod 0'0 activating mbc={}] PeeringState::update_calc_stats missing shard 4 missing= 0
2026-02-11T23:30:27.765+0000 7f5353fda640 20 osd.3 pg_epoch: 56 pg[5.0( empty local-lis/les=55/56 n=0 ec=52/52 lis/c=52/52 les/c/f=53/53/0 sis=55) [3,4] r=0 lpr=55 pi=[52,55)/1 crt=0'0 mlcod 0'0 activating mbc={}] PeeringState::update_calc_stats degraded 0
2026-02-11T23:30:27.765+0000 7f5353fda640 20 osd.3 pg_epoch: 56 pg[5.0( empty local-lis/les=55/56 n=0 ec=52/52 lis/c=52/52 les/c/f=53/53/0 sis=55) [3,4] r=0 lpr=55 pi=[52,55)/1 crt=0'0 mlcod 0'0 activating mbc={}] PeeringState::update_calc_stats misplaced 0
2026-02-11T23:30:27.765+0000 7f5353fda640 20 osd.3 pg_epoch: 56 pg[5.0( empty local-lis/les=55/56 n=0 ec=52/52 lis/c=52/52 les/c/f=53/53/0 sis=55) [3,4] r=0 lpr=55 pi=[52,55)/1 crt=0'0 mlcod 0'0 activating mbc={}] PeeringState::prepare_stats_for_publish reporting purged_snaps []
2026-02-11T23:30:27.765+0000 7f5353fda640 15 osd.3 pg_epoch: 56 pg[5.0( empty local-lis/les=55/56 n=0 ec=52/52 lis/c=52/52 les/c/f=53/53/0 sis=55) [3,4] r=0 lpr=55 pi=[52,55)/1 crt=0'0 mlcod 0'0 activating mbc={}] PeeringState::prepare_stats_for_publish publish_stats_to_osd 56:14
2026-02-11T23:30:27.765+0000 7f5353fda640 10 osd.3 pg_epoch: 56 pg[5.0( empty local-lis/les=55/56 n=0 ec=52/52 lis/c=52/52 les/c/f=53/53/0 sis=55) [3,4] r=0 lpr=55 pi=[52,55)/1 crt=0'0 mlcod 0'0 activating mbc={}] state: Activate Finished
2026-02-11T23:30:27.765+0000 7f5353fda640 5 osd.3 pg_epoch: 56 pg[5.0( empty local-lis/les=55/56 n=0 ec=52/52 lis/c=52/52 les/c/f=53/53/0 sis=55) [3,4] r=0 lpr=55 pi=[52,55)/1 crt=0'0 mlcod 0'0 activating mbc={}] enter Started/Primary/Active/Activating
2026-02-11T23:30:27.765+0000 7f5353fda640 20 osd.3 pg_epoch: 56 pg[5.0( empty local-lis/les=55/56 n=0 ec=52/52 lis/c=52/52 les/c/f=53/53/0 sis=55) [3,4] r=0 lpr=55 pi=[52,55)/1 crt=0'0 mlcod 0'0 activating mbc={}] PeeringState::activate_map : Not dirtying info: last_persisted is 55 while current is 56
2026-02-11T23:30:27.765+0000 7f5353fda640 10 log is not dirty
2026-02-11T23:30:27.765+0000 7f5353fda640 10 osd.3 pg_epoch: 56 pg[5.0( empty local-lis/les=55/56 n=0 ec=52/52 lis/c=52/52 les/c/f=53/53/0 sis=55) [3,4] r=0 lpr=55 pi=[52,55)/1 crt=0'0 mlcod 0'0 activating mbc={}] on_scrub_schedule_input_change: inactive, non-primary - or already scrubbing
2026-02-11T23:30:27.765+0000 7f5353fda640 10 osd.3 pg_epoch: 56 pg[5.0( empty local-lis/les=55/56 n=0 ec=52/52 lis/c=52/52 les/c/f=53/53/0 sis=55) [3,4] r=0 lpr=55 pi=[52,55)/1 crt=0'0 mlcod 0'0 activating mbc={}] do_peering_event: epoch_sent: 56 epoch_requested: 56 NullEvt
2026-02-11T23:30:27.765+0000 7f5353fda640 10 log is not dirty
2026-02-11T23:30:27.765+0000 7f5353fda640 20 osd.3 op_wq(0) _process empty q, waiting
2026-02-11T23:30:27.765+0000 7f5357fe2640 20 osd.3 op_wq(0) _process empty q, waiting
2026-02-11T23:30:27.765+0000 7f5353fda640 20 osd.3 op_wq(0) _process empty q, waiting
2026-02-11T23:30:27.765+0000 7f5357fe2640 15 osd.3 56 enqueue_peering_evt 5.0 epoch_sent: 56 epoch_requested: 56 ActivateCommitted from 56 processed at 56
2026-02-11T23:30:27.765+0000 7f5357fe2640 20 osd.3 op_wq(0) _enqueue OpSchedulerItem(5.0 PGPeeringEvent(epoch_sent: 56 epoch_requested: 56 ActivateCommitted from 56 processed at 56) class_id 2 prio 255 cost 10 e56)
2026-02-11T23:30:27.765+0000 7f5357fe2640 20 osd.3 op_wq(0) _process 5.0 to_process <> waiting <> waiting_peering {}
2026-02-11T23:30:27.765+0000 7f5357fe2640 20 osd.3 op_wq(0) _process OpSchedulerItem(5.0 PGPeeringEvent(epoch_sent: 56 epoch_requested: 56 ActivateCommitted from 56 processed at 56) class_id 2immediate prio 255 cost 10 e56) queued
2026-02-11T23:30:27.765+0000 7f5357fe2640 20 osd.3 op_wq(0) _process 5.0 to_process waiting <> waiting_peering {}
2026-02-11T23:30:27.765+0000 7f5357fe2640 20 osd.3 op_wq(0) _process OpSchedulerItem(5.0 PGPeeringEvent(epoch_sent: 56 epoch_requested: 56 ActivateCommitted from 56 processed at 56) class_id 2immediate prio 255 cost 10 e56) pg 0x6527000
2026-02-11T23:30:27.765+0000 7f5353fda640 20 osd.3 op_wq(0) _process empty q, waiting
2026-02-11T23:30:27.765+0000 7f5357fe2640 10 osd.3 pg_epoch: 56 pg[5.0( empty local-lis/les=55/56 n=0 ec=52/52 lis/c=52/52 les/c/f=53/53/0 sis=55) [3,4] r=0 lpr=55 pi=[52,55)/1 crt=0'0 mlcod 0'0 activating mbc={}] do_peering_event: epoch_sent: 56 epoch_requested: 56 ActivateCommitted from 56 processed at 56
2026-02-11T23:30:27.765+0000 7f5357fe2640 10 osd.3 pg_epoch: 56 pg[5.0( empty local-lis/les=55/56 n=0 ec=52/52 lis/c=52/52 les/c/f=53/53/0 sis=55) [3,4] r=0 lpr=55 pi=[52,55)/1 crt=0'0 mlcod 0'0 activating mbc={}] state: _activate_committed 56 peer_activated now 3 last_interval_started 52 last_epoch_started 53 same_interval_since 55
2026-02-11T23:30:27.765+0000 7f5357fe2640 10 log is not dirty
2026-02-11T23:30:27.765+0000 7f5357fe2640 20 osd.3 op_wq(0) _process empty q, waiting
2026-02-11T23:30:28.070+0000 7f5363556640 1 -- [v2:127.0.0.1:6828/1114810440,v1:127.0.0.1:6829/1114810440] <== osd.4 v2:127.0.0.1:6836/864727417 21 ==== osd_map(56..57 src has 1..57) ==== 1208+0+0 (crc 0 0 0) 0x5cd8e00 con 0x5747c00
2026-02-11T23:30:28.070+0000 7f5363556640 20 osd.3 56 OSD::ms_dispatch: osd_map(56..57 src has 1..57)
2026-02-11T23:30:28.070+0000 7f5363556640 20 osd.3 56 _dispatch 0x5cd8e00 osd_map(56..57 src has 1..57)
2026-02-11T23:30:28.070+0000 7f53751fe640 1 -- [v2:127.0.0.1:6828/1114810440,v1:127.0.0.1:6829/1114810440] <== osd.4 v2:127.0.0.1:6836/864727417 22 ==== pg_notify2(5.0 5.0 (query:57 sent:57 5.0( empty local-lis/les=52/53 n=0 ec=52/52 lis/c=52/52 les/c/f=53/53/0 sis=55 pruub=15.019373894s) ([52,54] all_participants={0, 3, 4} intervals=[([52,54] acting={0, 3, 4})])) e57/57) ==== 1182+0+0 (crc 0 0 0) 0x5cd4e00 con 0x5747c00
2026-02-11T23:30:28.070+0000 7f53751fe640 15 osd.3 56 enqueue_peering_evt 5.0 epoch_sent: 57 epoch_requested: 57 MNotifyRec 5.0 from 4 notify: (query:57 sent:57 5.0( empty local-lis/les=52/53 n=0 ec=52/52 lis/c=52/52 les/c/f=53/53/0 sis=55 pruub=15.019373894s) ([52,54] all_participants={0, 3, 4} intervals=[([52,54] acting={0, 3, 4})])) features: 0x3f0ffffffffdffff +create_info
2026-02-11T23:30:28.070+0000 7f53751fe640 20 osd.3 op_wq(0) _enqueue OpSchedulerItem(5.0 PGPeeringEvent(epoch_sent: 57 epoch_requested: 57 MNotifyRec 5.0 from 4 notify: (query:57 sent:57 5.0( empty local-lis/les=52/53 n=0 ec=52/52 lis/c=52/52 les/c/f=53/53/0 sis=55 pruub=15.019373894s) ([52,54] all_participants={0, 3, 4} intervals=[([52,54] acting={0, 3, 4})])) features: 0x3f0ffffffffdffff +create_info) class_id 2 prio 255 cost 10 e57)
2026-02-11T23:30:28.070+0000 7f5363556640 3 osd.3 56 handle_osd_map epochs [56,57], i have 56, src has [1,57]
2026-02-11T23:30:28.070+0000 7f5363556640 10 osd.3 56 handle_osd_map: received 0 full maps and 2 incremental maps
2026-02-11T23:30:28.070+0000 7f5363556640 10 osd.3 56 handle_osd_map got inc map for epoch 57
2026-02-11T23:30:28.070+0000 7f5357fe2640 20 osd.3 op_wq(0) _process 5.0 to_process <> waiting <> waiting_peering {}
2026-02-11T23:30:28.070+0000 7f5357fe2640 20 osd.3 op_wq(0) _process OpSchedulerItem(5.0 PGPeeringEvent(epoch_sent: 57 epoch_requested: 57 MNotifyRec 5.0 from 4 notify: (query:57 sent:57 5.0( empty local-lis/les=52/53 n=0 ec=52/52 lis/c=52/52 les/c/f=53/53/0 sis=55 pruub=15.019373894s) ([52,54] all_participants={0, 3, 4} intervals=[([52,54] acting={0, 3, 4})])) features: 0x3f0ffffffffdffff +create_info) class_id 2immediate prio 255 cost 10 e57) queued
2026-02-11T23:30:28.070+0000 7f5357fe2640 20 osd.3 op_wq(0) _process 5.0 to_process waiting <> waiting_peering {}
2026-02-11T23:30:28.070+0000 7f5357fe2640 20 osd.3 op_wq(0) _process OpSchedulerItem(5.0 PGPeeringEvent(epoch_sent: 57 epoch_requested: 57 MNotifyRec 5.0 from 4 notify: (query:57 sent:57 5.0( empty local-lis/les=52/53 n=0 ec=52/52 lis/c=52/52 les/c/f=53/53/0 sis=55 pruub=15.019373894s) ([52,54] all_participants={0, 3, 4} intervals=[([52,54] acting={0, 3, 4})])) features: 0x3f0ffffffffdffff +create_info) class_id 2immediate prio 255 cost 10 e57) pg 0x6527000
2026-02-11T23:30:28.070+0000 7f5357fe2640 20 osd.3 op_wq _add_slot_waiter 5.0 peering, item epoch is 57, will wait on OpSchedulerItem(5.0 PGPeeringEvent(epoch_sent: 57 epoch_requested: 57 MNotifyRec 5.0 from 4 notify: (query:57 sent:57 5.0( empty local-lis/les=52/53 n=0 ec=52/52 lis/c=52/52 les/c/f=53/53/0 sis=55 pruub=15.019373894s) ([52,54] all_participants={0, 3, 4} intervals=[([52,54] acting={0, 3, 4})])) features: 0x3f0ffffffffdffff +create_info) class_id 2immediate prio 255 cost 10 e57)
2026-02-11T23:30:28.070+0000 7f5357fe2640 20 osd.3 op_wq(0) _process empty q, waiting
2026-02-11T23:30:28.070+0000 7f5353fda640 20 osd.3 op_wq(0) _process empty q, waiting
2026-02-11T23:30:28.070+0000 7f5363556640 20 osd.3 56 got_full_map 57, nothing requested
2026-02-11T23:30:28.070+0000 7f5363556640 20 osd.3 56 trim_maps: min=1 oldest_map=1
2026-02-11T23:30:28.070+0000 7f5363556640 20 osd.3 56 handle_osd_map pg_num_history pg_num_history(e57 pg_nums {1={24=1},2={31=1},3={38=1},4={45=1},5={52=1}} deleted_pools )
2026-02-11T23:30:28.070+0000 7f5363556640 10 snap_mapper record_purged_snaps purged_snaps {57={}}
2026-02-11T23:30:28.070+0000 7f5363556640 10 snap_mapper record_purged_snaps rm 0 keys, set 0 keys
2026-02-11T23:30:28.070+0000 7f5363556640 10 write_superblock sb(c7e182d9-676d-4eeb-80b1-915a88d421e5 osd.3 7ba296ff-a530-4954-8418-dc654dc9b88b e57 maps [1~57] lci=[17,57] tlb=1)
2026-02-11T23:30:28.070+0000 7f53751fe640 1 -- [v2:127.0.0.1:6828/1114810440,v1:127.0.0.1:6829/1114810440] <== osd.4 v2:127.0.0.1:6836/864727417 23 ==== pg_info2(5.0 5.0 5.0( empty local-lis/les=55/56 n=0 ec=52/52 lis/c=55/52 les/c/f=56/53/0 sis=55 pruub=15.019373894s) e57/57) ==== 1069+0+0 (crc 0 0 0) 0x5cd4e00 con 0x5747c00
2026-02-11T23:30:28.070+0000 7f53751fe640 15 osd.3 56 enqueue_peering_evt 5.0 epoch_sent: 57 epoch_requested: 57 MInfoRec from 4 info: 5.0( empty local-lis/les=55/56 n=0 ec=52/52 lis/c=55/52 les/c/f=56/53/0 sis=55 pruub=15.019373894s) pg_lease_ack(ruub 29.290922165s)
2026-02-11T23:30:28.070+0000 7f53751fe640 20 osd.3 op_wq(0) _enqueue OpSchedulerItem(5.0 PGPeeringEvent(epoch_sent: 57 epoch_requested: 57 MInfoRec from 4 info: 5.0( empty local-lis/les=55/56 n=0 ec=52/52 lis/c=55/52 les/c/f=56/53/0 sis=55 pruub=15.019373894s) pg_lease_ack(ruub 29.290922165s)) class_id 2 prio 255 cost 10 e57)
2026-02-11T23:30:28.070+0000 7f5357fe2640 20 osd.3 op_wq(0) _process 5.0 to_process <> waiting <> waiting_peering {57=}
2026-02-11T23:30:28.070+0000 7f5357fe2640 20 osd.3 op_wq(0) _process OpSchedulerItem(5.0 PGPeeringEvent(epoch_sent: 57 epoch_requested: 57 MInfoRec from 4 info: 5.0( empty local-lis/les=55/56 n=0 ec=52/52 lis/c=55/52 les/c/f=56/53/0 sis=55 pruub=15.019373894s) pg_lease_ack(ruub 29.290922165s)) class_id 2immediate prio 255 cost 10 e57) queued
2026-02-11T23:30:28.070+0000 7f5357fe2640 20 osd.3 op_wq(0) _process 5.0 to_process waiting <> waiting_peering {57=}
2026-02-11T23:30:28.070+0000 7f5357fe2640 20 osd.3 op_wq(0) _process OpSchedulerItem(5.0 PGPeeringEvent(epoch_sent: 57 epoch_requested: 57 MInfoRec from 4 info: 5.0( empty local-lis/les=55/56 n=0 ec=52/52 lis/c=55/52 les/c/f=56/53/0 sis=55 pruub=15.019373894s) pg_lease_ack(ruub 29.290922165s)) class_id 2immediate prio 255 cost 10 e57) pg 0x6527000
2026-02-11T23:30:28.070+0000 7f5357fe2640 20 osd.3 op_wq _add_slot_waiter 5.0 peering, item epoch is 57, will wait on OpSchedulerItem(5.0 PGPeeringEvent(epoch_sent: 57 epoch_requested: 57 MInfoRec from 4 info: 5.0( empty local-lis/les=55/56 n=0 ec=52/52 lis/c=55/52 les/c/f=56/53/0 sis=55 pruub=15.019373894s) pg_lease_ack(ruub 29.290922165s)) class_id 2immediate prio 255 cost 10 e57)
2026-02-11T23:30:28.070+0000 7f5357fe2640 20 osd.3 op_wq(0) _process empty q, waiting
2026-02-11T23:30:28.070+0000 7f5353fda640 20 osd.3 op_wq(0) _process empty q, waiting
2026-02-11T23:30:28.071+0000 7f53617f5640 10 osd.3 56 _committed_osd_maps 57..57
2026-02-11T23:30:28.071+0000 7f53617f5640 10 osd.3 56 advance to epoch 57 (<= last 57 <= newest_map 57)
2026-02-11T23:30:28.071+0000 7f53617f5640 20 osd.3 57 consume_map version 57
2026-02-11T23:30:28.071+0000 7f53617f5640 20 osd.3 56 await_reserved_maps epoch:57
2026-02-11T23:30:28.071+0000 7f53617f5640 20 osd.3 56 await_reserved_maps done 0
2026-02-11T23:30:28.071+0000 7f53617f5640 20 osd.3 57 consume_map 57 -- publish done
2026-02-11T23:30:28.071+0000 7f53617f5640 20 osd.3:0.identify_splits_and_merges identify_splits_and_merges 2 slots
2026-02-11T23:30:28.071+0000 7f53617f5640 20 osd.3:0.identify_splits_and_merges identify_splits_and_merges slot pgid:5.0slot:0x43c02c0
2026-02-11T23:30:28.071+0000 7f53617f5640 20 osd.3 57 identify_splits_and_merges 5.0 e56 to e57
2026-02-11T23:30:28.071+0000 7f53617f5640 20 osd.3 57 identify_splits_and_merges 5.0 e56 to e57 pg_nums {52=1}
2026-02-11T23:30:28.071+0000 7f53617f5640 20 osd.3:0.identify_splits_and_merges identify_splits_and_merges slot pgid:2.0slot:0x4368dc0
2026-02-11T23:30:28.071+0000 7f53617f5640 20 osd.3 57 identify_splits_and_merges 2.0 e56 to e57
2026-02-11T23:30:28.071+0000 7f53617f5640 20 osd.3 57 identify_splits_and_merges 2.0 e56 to e57 pg_nums {31=1}
2026-02-11T23:30:28.071+0000 7f53617f5640 20 osd.3:0.identify_splits_and_merges identify_splits_and_merges 0 splits, 0 merges
2026-02-11T23:30:28.071+0000 7f53617f5640 20 osd.3:1.identify_splits_and_merges identify_splits_and_merges 0 slots
2026-02-11T23:30:28.071+0000 7f53617f5640 20 osd.3:1.identify_splits_and_merges identify_splits_and_merges 0 splits, 0 merges
2026-02-11T23:30:28.071+0000 7f53617f5640 20 osd.3:2.identify_splits_and_merges identify_splits_and_merges 0 slots
2026-02-11T23:30:28.071+0000 7f53617f5640 20 osd.3:2.identify_splits_and_merges identify_splits_and_merges 0 splits, 0 merges
2026-02-11T23:30:28.071+0000 7f53617f5640 20 osd.3:3.identify_splits_and_merges identify_splits_and_merges 0 slots
2026-02-11T23:30:28.071+0000 7f53617f5640 20 osd.3:3.identify_splits_and_merges identify_splits_and_merges 0 splits, 0 merges
2026-02-11T23:30:28.071+0000 7f53617f5640 20 osd.3:4.identify_splits_and_merges identify_splits_and_merges 0 slots
2026-02-11T23:30:28.071+0000 7f53617f5640 20 osd.3:4.identify_splits_and_merges identify_splits_and_merges 0 splits, 0 merges
2026-02-11T23:30:28.071+0000 7f53617f5640 20 osd.3:5.identify_splits_and_merges identify_splits_and_merges 0 slots
2026-02-11T23:30:28.071+0000 7f53617f5640 20 osd.3:5.identify_splits_and_merges identify_splits_and_merges 0 splits, 0 merges
2026-02-11T23:30:28.071+0000 7f53617f5640 20 osd.3:6.identify_splits_and_merges identify_splits_and_merges 0 slots
2026-02-11T23:30:28.071+0000 7f53617f5640 20 osd.3:6.identify_splits_and_merges identify_splits_and_merges 0 splits, 0 merges
2026-02-11T23:30:28.071+0000 7f53617f5640 20 osd.3:7.identify_splits_and_merges identify_splits_and_merges 0 slots
2026-02-11T23:30:28.071+0000 7f53617f5640 20 osd.3:7.identify_splits_and_merges identify_splits_and_merges 0 splits, 0 merges
2026-02-11T23:30:28.071+0000 7f53617f5640 20 osd.3 57 prune_pg_created
2026-02-11T23:30:28.071+0000 7f53617f5640 10 osd.3:0.consume_map 57 (was 56)
2026-02-11T23:30:28.071+0000 7f53617f5640 20 osd.3:0.consume_map consume_map 5.0
2026-02-11T23:30:28.071+0000 7f53617f5640 20 osd.3:0.consume_map consume_map 5.0 pending_peering first epoch 57 <= 57, requeueing
2026-02-11T23:30:28.071+0000 7f53617f5640 20 osd.3:0._wake_pg_slot _wake_pg_slot 5.0 to_process <> waiting <> waiting_peering {57=}
2026-02-11T23:30:28.071+0000 7f53617f5640 20 osd.3:0.consume_map consume_map 2.0
2026-02-11T23:30:28.071+0000 7f53617f5640 10 osd.3:1.consume_map 57 (was 56)
2026-02-11T23:30:28.071+0000 7f53617f5640 10 osd.3:2.consume_map 57 (was 56)
2026-02-11T23:30:28.071+0000 7f53617f5640 10 osd.3:3.consume_map 57 (was 56)
2026-02-11T23:30:28.071+0000 7f53617f5640 10 osd.3:4.consume_map 57 (was 56)
2026-02-11T23:30:28.071+0000 7f53617f5640 10 osd.3:5.consume_map 57 (was 56)
2026-02-11T23:30:28.071+0000 7f53617f5640 10 osd.3:6.consume_map 57 (was 56)
2026-02-11T23:30:28.071+0000 7f53617f5640 10 osd.3:7.consume_map 57 (was 56)
2026-02-11T23:30:28.071+0000 7f5353fda640 20 osd.3 op_wq(0) _process 5.0 to_process <> waiting <> waiting_peering {}
2026-02-11T23:30:28.071+0000 7f5353fda640 20 osd.3 op_wq(0) _process OpSchedulerItem(5.0 PGPeeringEvent(epoch_sent: 57 epoch_requested: 57 MNotifyRec 5.0 from 4 notify: (query:57 sent:57 5.0( empty local-lis/les=52/53 n=0 ec=52/52 lis/c=52/52 les/c/f=53/53/0 sis=55 pruub=15.019373894s) ([52,54] all_participants={0, 3, 4} intervals=[([52,54] acting={0, 3, 4})])) features: 0x3f0ffffffffdffff +create_info) class_id 2immediate prio 255 cost 10 e57) queued
2026-02-11T23:30:28.071+0000 7f5353fda640 20 osd.3 op_wq(0) _process 5.0 to_process waiting <> waiting_peering {}
2026-02-11T23:30:28.071+0000 7f5353fda640 20 osd.3 op_wq(0) _process OpSchedulerItem(5.0 PGPeeringEvent(epoch_sent: 57 epoch_requested: 57 MNotifyRec 5.0 from 4 notify: (query:57 sent:57 5.0( empty local-lis/les=52/53 n=0 ec=52/52 lis/c=52/52 les/c/f=53/53/0 sis=55 pruub=15.019373894s) ([52,54] all_participants={0, 3, 4} intervals=[([52,54] acting={0, 3, 4})])) features: 0x3f0ffffffffdffff +create_info) class_id 2immediate prio 255 cost 10 e57) pg 0x6527000
2026-02-11T23:30:28.071+0000 7f5357fe2640 20 osd.3 op_wq(0) _process 5.0 to_process <> waiting <> waiting_peering {}
2026-02-11T23:30:28.071+0000 7f5357fe2640 20 osd.3 op_wq(0) _process OpSchedulerItem(5.0 PGPeeringEvent(epoch_sent: 57 epoch_requested: 57 MInfoRec from 4 info: 5.0( empty local-lis/les=55/56 n=0 ec=52/52 lis/c=55/52 les/c/f=56/53/0 sis=55 pruub=15.019373894s) pg_lease_ack(ruub 29.290922165s)) class_id 2immediate prio 255 cost 10 e57) queued
2026-02-11T23:30:28.071+0000 7f53617f5640 10 osd.3 57 release_reserved_pushes(0), recovery_ops_reserved 0 -> 0
2026-02-11T23:30:28.071+0000 7f5353fda640 10 osd.3 pg_epoch: 56 pg[5.0( empty local-lis/les=55/56 n=0 ec=52/52 lis/c=52/52 les/c/f=53/53/0 sis=55) [3,4] r=0 lpr=55 pi=[52,55)/1 crt=0'0 mlcod 0'0 activating mbc={}] handle_advance_map: 57
2026-02-11T23:30:28.071+0000 7f5353fda640 20 osd.3:0.update_pg_epoch 5.0 56 -> 57
2026-02-11T23:30:28.071+0000 7f5353fda640 10 osd.3 pg_epoch: 56 pg[5.0( empty local-lis/les=55/56 n=0 ec=52/52 lis/c=52/52 les/c/f=53/53/0 sis=55) [3,4] r=0 lpr=55 pi=[52,55)/1 crt=0'0 mlcod 0'0 activating mbc={}] PeeringState::advance_map handle_advance_map [3,4]/[3,4] -- 3/3
2026-02-11T23:30:28.071+0000 7f5353fda640 10 osd.3 pg_epoch: 57 pg[5.0( empty local-lis/les=55/56 n=0 ec=52/52 lis/c=52/52 les/c/f=53/53/0 sis=55) [3,4] r=0 lpr=55 pi=[52,55)/1 crt=0'0 mlcod 0'0 activating mbc={}] state: Active advmap
2026-02-11T23:30:28.071+0000 7f53617f5640 15 osd.3 57 enqueue_peering_evt 5.0 epoch_sent: 57 epoch_requested: 57 NullEvt
2026-02-11T23:30:28.071+0000 7f53617f5640 20 osd.3 op_wq(0) _enqueue OpSchedulerItem(5.0 PGPeeringEvent(epoch_sent: 57 epoch_requested: 57 NullEvt) class_id 2 prio 255 cost 10 e57)
2026-02-11T23:30:28.071+0000 7f53617f5640 15 osd.3 57 enqueue_peering_evt 2.0 epoch_sent: 57 epoch_requested: 57 NullEvt
2026-02-11T23:30:28.071+0000 7f5353fda640 20 osd.3 pg_epoch: 57 pg[5.0( empty local-lis/les=55/56 n=0 ec=52/52 lis/c=52/52 les/c/f=53/53/0 sis=55) [3,4] r=0 lpr=55 pi=[52,55)/1 crt=0'0 mlcod 0'0 activating mbc={}] PeeringState::update_calc_stats actingset 3,4 upset 3,4 acting_recovery_backfill 3,4
2026-02-11T23:30:28.071+0000 7f53617f5640 20 osd.3 op_wq(0) _enqueue OpSchedulerItem(2.0 PGPeeringEvent(epoch_sent: 57 epoch_requested: 57 NullEvt) class_id 2 prio 255 cost 10 e57)
2026-02-11T23:30:28.071+0000 7f5353fda640 20 osd.3 pg_epoch: 57 pg[5.0( empty local-lis/les=55/56 n=0 ec=52/52 lis/c=52/52 les/c/f=53/53/0 sis=55) [3,4] r=0 lpr=55 pi=[52,55)/1 crt=0'0 mlcod 0'0 activating mbc={}] PeeringState::update_calc_stats shard 3 primary objects 0 missing 0
2026-02-11T23:30:28.071+0000 7f5353fda640 20 osd.3 pg_epoch: 57 pg[5.0( empty local-lis/les=55/56 n=0 ec=52/52 lis/c=52/52 les/c/f=53/53/0 sis=55) [3,4] r=0 lpr=55 pi=[52,55)/1 crt=0'0 mlcod 0'0 activating mbc={}] PeeringState::update_calc_stats no peer_missing found for 0
2026-02-11T23:30:28.071+0000 7f53617f5640 7 osd.3 57 activate_map version 57
2026-02-11T23:30:28.071+0000 7f5353fda640 20 osd.3 pg_epoch: 57 pg[5.0( empty local-lis/les=55/56 n=0 ec=52/52 lis/c=52/52 les/c/f=53/53/0 sis=55) [3,4] r=0 lpr=55 pi=[52,55)/1 crt=0'0 mlcod 0'0 activating mbc={}] PeeringState::update_calc_stats shard 0 objects 0 missing 0
2026-02-11T23:30:28.071+0000 7f5353fda640 20 osd.3 pg_epoch: 57 pg[5.0( empty local-lis/les=55/56 n=0 ec=52/52 lis/c=52/52 les/c/f=53/53/0 sis=55) [3,4] r=0 lpr=55 pi=[52,55)/1 crt=0'0 mlcod 0'0 activating mbc={}] PeeringState::update_calc_stats shard 4 objects 0 missing 0
2026-02-11T23:30:28.071+0000 7f5353fda640 20 osd.3 pg_epoch: 57 pg[5.0( empty local-lis/les=55/56 n=0 ec=52/52 lis/c=52/52 les/c/f=53/53/0 sis=55) [3,4] r=0 lpr=55 pi=[52,55)/1 crt=0'0 mlcod 0'0 activating mbc={}] PeeringState::update_calc_stats object_location_counts {}
2026-02-11T23:30:28.071+0000 7f5353fda640 20 osd.3 pg_epoch: 57 pg[5.0( empty local-lis/les=55/56 n=0 ec=52/52 lis/c=52/52 les/c/f=53/53/0 sis=55) [3,4] r=0 lpr=55 pi=[52,55)/1 crt=0'0 mlcod 0'0 activating mbc={}] PeeringState::update_calc_stats missing shard 3 missing= 0
2026-02-11T23:30:28.071+0000 7f5353fda640 20 osd.3 pg_epoch: 57 pg[5.0( empty local-lis/les=55/56 n=0 ec=52/52 lis/c=52/52 les/c/f=53/53/0 sis=55) [3,4] r=0 lpr=55 pi=[52,55)/1 crt=0'0 mlcod 0'0 activating mbc={}] PeeringState::update_calc_stats missing shard 4 missing= 0
2026-02-11T23:30:28.071+0000 7f5353fda640 20 osd.3 pg_epoch: 57 pg[5.0( empty local-lis/les=55/56 n=0 ec=52/52 lis/c=52/52 les/c/f=53/53/0 sis=55) [3,4] r=0 lpr=55 pi=[52,55)/1 crt=0'0 mlcod 0'0 activating mbc={}] PeeringState::update_calc_stats degraded 0
2026-02-11T23:30:28.071+0000 7f5353fda640 20 osd.3 pg_epoch: 57 pg[5.0( empty local-lis/les=55/56 n=0 ec=52/52 lis/c=52/52 les/c/f=53/53/0 sis=55) [3,4] r=0 lpr=55 pi=[52,55)/1 crt=0'0 mlcod 0'0 activating mbc={}] PeeringState::update_calc_stats misplaced 0
2026-02-11T23:30:28.071+0000 7f53587e3640 20 osd.3 57 agent_entry empty queue
2026-02-11T23:30:28.071+0000 7f5353fda640 20 osd.3 pg_epoch: 57 pg[5.0( empty local-lis/les=55/56 n=0 ec=52/52 lis/c=52/52 les/c/f=53/53/0 sis=55) [3,4] r=0 lpr=55 pi=[52,55)/1 crt=0'0 mlcod 0'0 activating mbc={}] PeeringState::prepare_stats_for_publish reporting purged_snaps []
2026-02-11T23:30:28.071+0000 7f5353fda640 15 osd.3 pg_epoch: 57 pg[5.0( empty local-lis/les=55/56 n=0 ec=52/52 lis/c=52/52 les/c/f=53/53/0 sis=55) [3,4] r=0 lpr=55 pi=[52,55)/1 crt=0'0 mlcod 0'0 activating mbc={}] PeeringState::prepare_stats_for_publish publish_stats_to_osd 56:15
2026-02-11T23:30:28.071+0000 7f5353fda640 10 osd.3 pg_epoch: 57 pg[5.0( empty local-lis/les=55/56 n=0 ec=52/52 lis/c=52/52 les/c/f=53/53/0 sis=55) [3,4] r=0 lpr=55 pi=[52,55)/1 crt=0'0 mlcod 0'0 activating mbc={}] state: Started advmap
2026-02-11T23:30:28.071+0000 7f5353fda640 10 osd.3 pg_epoch: 57 pg[5.0( empty local-lis/les=55/56 n=0 ec=52/52 lis/c=52/52 les/c/f=53/53/0 sis=55) [3,4] r=0 lpr=55 pi=[52,55)/1 crt=0'0 mlcod 0'0 activating mbc={}] check_recovery_sources no source osds () went down
2026-02-11T23:30:28.071+0000 7f5353fda640 10 osd.3 pg_epoch: 57 pg[5.0( empty local-lis/les=55/56 n=0 ec=52/52 lis/c=52/52 les/c/f=53/53/0 sis=55) [3,4] r=0 lpr=55 pi=[52,55)/1 crt=0'0 mlcod 0'0 activating mbc={}] plpg_on_pool_change
2026-02-11T23:30:28.071+0000 7f5353fda640 20 osd.3 pg_epoch: 57 pg[5.0( empty local-lis/les=55/56 n=0 ec=52/52 lis/c=52/52 les/c/f=53/53/0 sis=55) [3,4] r=0 lpr=55 pi=[52,55)/1 crt=0'0 mlcod 0'0 activating mbc={}] hit_set_clear
2026-02-11T23:30:28.071+0000 7f5353fda640 20 osd.3 pg_epoch: 57 pg[5.0( empty local-lis/les=55/56 n=0 ec=52/52 lis/c=52/52 les/c/f=53/53/0 sis=55) [3,4] r=0 lpr=55 pi=[52,55)/1 crt=0'0 mlcod 0'0 activating mbc={}] agent_stop
2026-02-11T23:30:28.071+0000 7f5353fda640 20 osd.3 57 advance_pg new pool opts old pool opts
2026-02-11T23:30:28.071+0000 7f5353fda640 10 osd.3 pg_epoch: 57 pg[5.0( empty local-lis/les=55/56 n=0 ec=52/52 lis/c=52/52 les/c/f=53/53/0 sis=55) [3,4] r=0 lpr=55 pi=[52,55)/1 crt=0'0 mlcod 0'0 activating mbc={}] handle_activate_map: epoch range: 57..57
2026-02-11T23:30:28.071+0000 7f5353fda640 10 osd.3 pg_epoch: 57 pg[5.0( empty local-lis/les=55/56 n=0 ec=52/52 lis/c=52/52 les/c/f=53/53/0 sis=55) [3,4] r=0 lpr=55 pi=[52,55)/1 crt=0'0 mlcod 0'0 activating mbc={}] PeeringState::activate_map
2026-02-11T23:30:28.071+0000 7f5353fda640 10 osd.3 pg_epoch: 57 pg[5.0( empty local-lis/les=55/56 n=0 ec=52/52 lis/c=52/52 les/c/f=53/53/0 sis=55) [3,4] r=0 lpr=55 pi=[52,55)/1 crt=0'0 mlcod 0'0 activating mbc={}] state: Active: handling ActMap
2026-02-11T23:30:28.071+0000 7f5353fda640 7 osd.3 pg_epoch: 57 pg[5.0( empty local-lis/les=55/56 n=0 ec=52/52 lis/c=52/52 les/c/f=53/53/0 sis=55) [3,4] r=0 lpr=55 pi=[52,55)/1 crt=0'0 mlcod 0'0 activating mbc={}] state: handle ActMap primary
2026-02-11T23:30:28.071+0000 7f5353fda640 20 osd.3 pg_epoch: 57 pg[5.0( empty local-lis/les=55/56 n=0 ec=52/52 lis/c=52/52 les/c/f=53/53/0 sis=55) [3,4] r=0 lpr=55 pi=[52,55)/1 crt=0'0 mlcod 0'0 activating mbc={}] PeeringState::update_calc_stats actingset 3,4 upset 3,4 acting_recovery_backfill 3,4
2026-02-11T23:30:28.071+0000 7f5353fda640 20 osd.3 pg_epoch: 57 pg[5.0( empty local-lis/les=55/56 n=0 ec=52/52 lis/c=52/52 les/c/f=53/53/0 sis=55) [3,4] r=0 lpr=55 pi=[52,55)/1 crt=0'0 mlcod 0'0 activating mbc={}] PeeringState::update_calc_stats shard 3 primary objects 0 missing 0
2026-02-11T23:30:28.071+0000 7f5353fda640 20 osd.3 pg_epoch: 57 pg[5.0( empty local-lis/les=55/56 n=0 ec=52/52 lis/c=52/52 les/c/f=53/53/0 sis=55) [3,4] r=0 lpr=55 pi=[52,55)/1 crt=0'0 mlcod 0'0 activating mbc={}] PeeringState::update_calc_stats no peer_missing found for 0
2026-02-11T23:30:28.071+0000 7f5353fda640 20 osd.3 pg_epoch: 57 pg[5.0( empty local-lis/les=55/56 n=0 ec=52/52 lis/c=52/52 les/c/f=53/53/0 sis=55) [3,4] r=0 lpr=55 pi=[52,55)/1 crt=0'0 mlcod 0'0 activating mbc={}] PeeringState::update_calc_stats shard 0 objects 0 missing 0
2026-02-11T23:30:28.071+0000 7f5353fda640 20 osd.3 pg_epoch: 57 pg[5.0( empty local-lis/les=55/56 n=0 ec=52/52 lis/c=52/52 les/c/f=53/53/0 sis=55) [3,4] r=0 lpr=55 pi=[52,55)/1 crt=0'0 mlcod 0'0 activating mbc={}] PeeringState::update_calc_stats shard 4 objects 0 missing 0
2026-02-11T23:30:28.071+0000 7f5353fda640 20 osd.3 pg_epoch: 57 pg[5.0( empty local-lis/les=55/56 n=0 ec=52/52 lis/c=52/52 les/c/f=53/53/0 sis=55) [3,4] r=0 lpr=55 pi=[52,55)/1 crt=0'0 mlcod 0'0 activating mbc={}] PeeringState::update_calc_stats object_location_counts {}
2026-02-11T23:30:28.071+0000 7f5353fda640 20 osd.3 pg_epoch: 57 pg[5.0( empty local-lis/les=55/56 n=0 ec=52/52 lis/c=52/52 les/c/f=53/53/0 sis=55) [3,4] r=0 lpr=55 pi=[52,55)/1 crt=0'0 mlcod 0'0 activating mbc={}] PeeringState::update_calc_stats missing shard 3 missing= 0
2026-02-11T23:30:28.071+0000 7f5353fda640 20 osd.3 pg_epoch: 57 pg[5.0( empty local-lis/les=55/56 n=0 ec=52/52 lis/c=52/52 les/c/f=53/53/0 sis=55) [3,4] r=0 lpr=55 pi=[52,55)/1 crt=0'0 mlcod 0'0 activating mbc={}] PeeringState::update_calc_stats missing shard 4 missing= 0
2026-02-11T23:30:28.071+0000 7f5353fda640 20 osd.3 pg_epoch: 57 pg[5.0( empty local-lis/les=55/56 n=0 ec=52/52 lis/c=52/52 les/c/f=53/53/0 sis=55) [3,4] r=0 lpr=55 pi=[52,55)/1 crt=0'0 mlcod 0'0 activating mbc={}] PeeringState::update_calc_stats degraded 0
2026-02-11T23:30:28.071+0000 7f5353fda640 20 osd.3 pg_epoch: 57 pg[5.0( empty local-lis/les=55/56 n=0 ec=52/52 lis/c=52/52 les/c/f=53/53/0 sis=55) [3,4] r=0 lpr=55 pi=[52,55)/1 crt=0'0 mlcod 0'0 activating mbc={}] PeeringState::update_calc_stats misplaced 0
2026-02-11T23:30:28.071+0000 7f5353fda640 20 osd.3 pg_epoch: 57 pg[5.0( empty local-lis/les=55/56 n=0 ec=52/52 lis/c=52/52 les/c/f=53/53/0 sis=55) [3,4] r=0 lpr=55 pi=[52,55)/1 crt=0'0 mlcod 0'0 activating mbc={}] PeeringState::prepare_stats_for_publish reporting purged_snaps []
2026-02-11T23:30:28.071+0000 7f5353fda640 15 osd.3 pg_epoch: 57 pg[5.0( empty local-lis/les=55/56 n=0 ec=52/52 lis/c=52/52 les/c/f=53/53/0 sis=55) [3,4] r=0 lpr=55 pi=[52,55)/1 crt=0'0 mlcod 0'0 activating mbc={}] PeeringState::prepare_stats_for_publish publish_stats_to_osd 57:16
2026-02-11T23:30:28.071+0000 7f5353fda640 20 osd.3 pg_epoch: 57 pg[5.0( empty local-lis/les=55/56 n=0 ec=52/52 lis/c=52/52 les/c/f=53/53/0 sis=55) [3,4] r=0 lpr=55 pi=[52,55)/1 crt=0'0 mlcod 0'0 activating mbc={}] PeeringState::activate_map : Not dirtying info: last_persisted is 56 while current is 57
2026-02-11T23:30:28.071+0000 7f5353fda640 10 log is not dirty
2026-02-11T23:30:28.071+0000 7f5353fda640 10 osd.3 pg_epoch: 57 pg[5.0( empty local-lis/les=55/56 n=0 ec=52/52 lis/c=52/52 les/c/f=53/53/0 sis=55) [3,4] r=0 lpr=55 pi=[52,55)/1 crt=0'0 mlcod 0'0 activating mbc={}] on_scrub_schedule_input_change: inactive, non-primary - or already scrubbing
2026-02-11T23:30:28.071+0000 7f5353fda640 10 osd.3 pg_epoch: 57 pg[5.0( empty local-lis/les=55/56 n=0 ec=52/52 lis/c=52/52 les/c/f=53/53/0 sis=55) [3,4] r=0 lpr=55 pi=[52,55)/1 crt=0'0 mlcod 0'0 activating mbc={}] do_peering_event: epoch_sent: 57 epoch_requested: 57 MNotifyRec 5.0 from 4 notify: (query:57 sent:57 5.0( empty local-lis/les=52/53 n=0 ec=52/52 lis/c=52/52 les/c/f=53/53/0 sis=55 pruub=15.019373894s) ([52,54] all_participants={0, 3, 4} intervals=[([52,54] acting={0, 3, 4})])) features: 0x3f0ffffffffdffff +create_info
2026-02-11T23:30:28.071+0000 7f5353fda640 10 osd.3 pg_epoch: 57 pg[5.0( empty local-lis/les=55/56 n=0 ec=52/52 lis/c=52/52 les/c/f=53/53/0 sis=55) [3,4] r=0 lpr=55 pi=[52,55)/1 crt=0'0 mlcod 0'0 activating mbc={}] state: Active: got notify from 4, already have info from that osd, ignoring
2026-02-11T23:30:28.071+0000 7f5353fda640 10 log is not dirty
2026-02-11T23:30:28.071+0000 7f5357fe2640 20 osd.3 op_wq(0) _process 5.0 to_process waiting <> waiting_peering {}
2026-02-11T23:30:28.071+0000 7f5357fe2640 20 osd.3 op_wq(0) _process OpSchedulerItem(5.0 PGPeeringEvent(epoch_sent: 57 epoch_requested: 57 MInfoRec from 4 info: 5.0( empty local-lis/les=55/56 n=0 ec=52/52 lis/c=55/52 les/c/f=56/53/0 sis=55 pruub=15.019373894s) pg_lease_ack(ruub 29.290922165s)) class_id 2immediate prio 255 cost 10 e57) pg 0x6527000
2026-02-11T23:30:28.071+0000 7f5357fe2640 10 osd.3 pg_epoch: 57 pg[5.0( empty local-lis/les=55/56 n=0 ec=52/52 lis/c=52/52 les/c/f=53/53/0 sis=55) [3,4] r=0 lpr=55 pi=[52,55)/1 crt=0'0 mlcod 0'0 activating mbc={}] do_peering_event: epoch_sent: 57 epoch_requested: 57 MInfoRec from 4 info: 5.0( empty local-lis/les=55/56 n=0 ec=52/52 lis/c=55/52 les/c/f=56/53/0 sis=55 pruub=15.019373894s) pg_lease_ack(ruub 29.290922165s)
2026-02-11T23:30:28.071+0000 7f5353fda640 20 osd.3 op_wq(0) _process 5.0 to_process <> waiting <> waiting_peering {}
2026-02-11T23:30:28.071+0000 7f5353fda640 20 osd.3 op_wq(0) _process OpSchedulerItem(5.0 PGPeeringEvent(epoch_sent: 57 epoch_requested: 57 NullEvt) class_id 2immediate prio 255 cost 10 e57) queued
2026-02-11T23:30:28.071+0000 7f5357fe2640 20 osd.3 pg_epoch: 57 pg[5.0( empty local-lis/les=55/56 n=0 ec=52/52 lis/c=52/52 les/c/f=53/53/0 sis=55) [3,4] r=0 lpr=55 pi=[52,55)/1 crt=0'0 mlcod 0'0 activating mbc={}] PeeringState::recalc_readable_until peer osd.4 ruub 29.290922165s
2026-02-11T23:30:28.071+0000 7f5357fe2640 20 osd.3 pg_epoch: 57 pg[5.0( empty local-lis/les=55/56 n=0 ec=52/52 lis/c=52/52 les/c/f=53/53/0 sis=55) [3,4] r=0 lpr=55 pi=[52,55)/1 crt=0'0 mlcod 0'0 activating mbc={}] PeeringState::recalc_readable_until readable_until[_ub] 29.290922165s (sent 29.290922165s)
2026-02-11T23:30:28.071+0000 7f5357fe2640 20 osd.3 pg_epoch: 57 pg[5.0( empty local-lis/les=55/56 n=0 ec=52/52 lis/c=52/52 les/c/f=53/53/0 sis=55) [3,4] r=0 lpr=55 pi=[52,55)/1 crt=0'0 mlcod 0'0 activating mbc={}] recheck_readable wasn't wait or laggy
2026-02-11T23:30:28.071+0000 7f5357fe2640 10 osd.3 pg_epoch: 57 pg[5.0( empty local-lis/les=55/56 n=0 ec=52/52 lis/c=52/52 les/c/f=53/53/0 sis=55) [3,4] r=0 lpr=55 pi=[52,55)/1 crt=0'0 mlcod 0'0 activating mbc={}] state: peer osd.4 activated and committed
2026-02-11T23:30:28.071+0000 7f5357fe2640 20 osd.3 pg_epoch: 57 pg[5.0( empty local-lis/les=55/56 n=0 ec=52/52 lis/c=52/52 les/c/f=53/53/0 sis=55) [3,4] r=0 lpr=55 pi=[52,55)/1 crt=0'0 mlcod 0'0 activating mbc={}] PeeringState::update_calc_stats actingset 3,4 upset 3,4 acting_recovery_backfill 3,4
2026-02-11T23:30:28.071+0000 7f5357fe2640 20 osd.3 pg_epoch: 57 pg[5.0( empty local-lis/les=55/56 n=0 ec=52/52 lis/c=52/52 les/c/f=53/53/0 sis=55) [3,4] r=0 lpr=55 pi=[52,55)/1 crt=0'0 mlcod 0'0 activating mbc={}] PeeringState::update_calc_stats shard 3 primary objects 0 missing 0
2026-02-11T23:30:28.071+0000 7f5357fe2640 20 osd.3 pg_epoch: 57 pg[5.0( empty local-lis/les=55/56 n=0 ec=52/52 lis/c=52/52 les/c/f=53/53/0 sis=55) [3,4] r=0 lpr=55 pi=[52,55)/1 crt=0'0 mlcod 0'0 activating mbc={}] PeeringState::update_calc_stats no peer_missing found for 0
2026-02-11T23:30:28.071+0000 7f5357fe2640 20 osd.3 pg_epoch: 57 pg[5.0( empty local-lis/les=55/56 n=0 ec=52/52 lis/c=52/52 les/c/f=53/53/0 sis=55) [3,4] r=0 lpr=55 pi=[52,55)/1 crt=0'0 mlcod 0'0 activating mbc={}] PeeringState::update_calc_stats shard 0 objects 0 missing 0
2026-02-11T23:30:28.071+0000 7f5357fe2640 20 osd.3 pg_epoch: 57 pg[5.0( empty local-lis/les=55/56 n=0 ec=52/52 lis/c=52/52 les/c/f=53/53/0 sis=55) [3,4] r=0 lpr=55 pi=[52,55)/1 crt=0'0 mlcod 0'0 activating mbc={}] PeeringState::update_calc_stats shard 4 objects 0 missing 0
2026-02-11T23:30:28.071+0000 7f5357fe2640 20 osd.3 pg_epoch: 57 pg[5.0( empty local-lis/les=55/56 n=0 ec=52/52 lis/c=52/52 les/c/f=53/53/0 sis=55) [3,4] r=0 lpr=55 pi=[52,55)/1 crt=0'0 mlcod 0'0 activating mbc={}] PeeringState::update_calc_stats object_location_counts {}
2026-02-11T23:30:28.071+0000 7f5357fe2640 20 osd.3 pg_epoch: 57 pg[5.0( empty local-lis/les=55/56 n=0 ec=52/52 lis/c=52/52 les/c/f=53/53/0 sis=55) [3,4] r=0 lpr=55 pi=[52,55)/1 crt=0'0 mlcod 0'0 activating mbc={}] PeeringState::update_calc_stats missing shard 3 missing= 0
2026-02-11T23:30:28.071+0000 7f5357fe2640 20 osd.3 pg_epoch: 57 pg[5.0( empty local-lis/les=55/56 n=0 ec=52/52 lis/c=52/52 les/c/f=53/53/0 sis=55) [3,4] r=0 lpr=55 pi=[52,55)/1 crt=0'0 mlcod 0'0 activating mbc={}] PeeringState::update_calc_stats missing shard 4 missing= 0
2026-02-11T23:30:28.071+0000 7f5357fe2640 20 osd.3 pg_epoch: 57 pg[5.0( empty local-lis/les=55/56 n=0 ec=52/52 lis/c=52/52 les/c/f=53/53/0 sis=55) [3,4] r=0 lpr=55 pi=[52,55)/1 crt=0'0 mlcod 0'0 activating mbc={}] PeeringState::update_calc_stats degraded 0
2026-02-11T23:30:28.071+0000 7f5357fe2640 20 osd.3 pg_epoch: 57 pg[5.0( empty local-lis/les=55/56 n=0 ec=52/52 lis/c=52/52 les/c/f=53/53/0 sis=55) [3,4] r=0 lpr=55 pi=[52,55)/1 crt=0'0 mlcod 0'0 activating mbc={}] PeeringState::update_calc_stats misplaced 0
2026-02-11T23:30:28.071+0000 7f5357fe2640 20 osd.3 pg_epoch: 57 pg[5.0( empty local-lis/les=55/56 n=0 ec=52/52 lis/c=52/52 les/c/f=53/53/0 sis=55) [3,4] r=0 lpr=55 pi=[52,55)/1 crt=0'0 mlcod 0'0 activating mbc={}] PeeringState::prepare_stats_for_publish reporting purged_snaps []
2026-02-11T23:30:28.071+0000 7f5357fe2640 15 osd.3 pg_epoch: 57 pg[5.0( empty local-lis/les=55/56 n=0 ec=52/52 lis/c=52/52 les/c/f=53/53/0 sis=55) [3,4] r=0 lpr=55 pi=[52,55)/1 crt=0'0 mlcod 0'0 activating mbc={}] PeeringState::prepare_stats_for_publish publish_stats_to_osd 57:17
2026-02-11T23:30:28.071+0000 7f5357fe2640 10 osd.3 pg_epoch: 57 pg[5.0( empty local-lis/les=55/56 n=0 ec=52/52 lis/c=52/52 les/c/f=53/53/0 sis=55) [3,4] r=0 lpr=55 pi=[52,55)/1 crt=0'0 mlcod 0'0 activating mbc={}] state: all_activated_and_committed
2026-02-11T23:30:28.071+0000 7f5357fe2640 20 osd.3 pg_epoch: 57 pg[5.0( empty local-lis/les=55/56 n=0 ec=52/52 lis/c=52/52 les/c/f=53/53/0 sis=55) [3,4] r=0 lpr=55 pi=[52,55)/1 crt=0'0 mlcod 0'0 activating mbc={}] PeeringState::recalc_readable_until peer osd.4 ruub 29.290922165s
2026-02-11T23:30:28.071+0000 7f5357fe2640 20 osd.3 pg_epoch: 57 pg[5.0( empty local-lis/les=55/56 n=0 ec=52/52 lis/c=52/52 les/c/f=53/53/0 sis=55) [3,4] r=0 lpr=55 pi=[52,55)/1 crt=0'0 mlcod 0'0 activating mbc={}] PeeringState::recalc_readable_until readable_until[_ub] 29.290922165s (sent 29.596694946s)
2026-02-11T23:30:28.071+0000 7f5357fe2640 20 osd.3 57 get_con_osd_cluster to osd.4 from_epoch 57
2026-02-11T23:30:28.071+0000 7f5357fe2640 20 osd.3 57 get_nextmap_reserved map_reservations: {57=1}
2026-02-11T23:30:28.071+0000 7f5357fe2640 20 osd.3 57 release_map epoch: 57
2026-02-11T23:30:28.071+0000 7f5357fe2640 1 -- [v2:127.0.0.1:6828/1114810440,v1:127.0.0.1:6829/1114810440] --> [v2:127.0.0.1:6836/864727417,v1:127.0.0.1:6837/864727417] -- pg_lease(5.0 pg_lease(ru 29.290922165s ub 29.596694946s int 16.000000000s) e57/57) -- 0x65bc180 con 0x5747c00
2026-02-11T23:30:28.071+0000 7f5357fe2640 20 osd.3 pg_epoch: 57 pg[5.0( empty local-lis/les=55/56 n=0 ec=52/52 lis/c=52/52 les/c/f=53/53/0 sis=55) [3,4] r=0 lpr=55 pi=[52,55)/1 crt=0'0 mlcod 0'0 activating mbc={}] PeeringState::update_calc_stats actingset 3,4 upset 3,4 acting_recovery_backfill 3,4
2026-02-11T23:30:28.071+0000 7f5357fe2640 20 osd.3 pg_epoch: 57 pg[5.0( empty local-lis/les=55/56 n=0 ec=52/52 lis/c=52/52 les/c/f=53/53/0 sis=55) [3,4] r=0 lpr=55 pi=[52,55)/1 crt=0'0 mlcod 0'0 activating mbc={}] PeeringState::update_calc_stats shard 3 primary objects 0 missing 0
2026-02-11T23:30:28.071+0000 7f5357fe2640 20 osd.3 pg_epoch: 57 pg[5.0( empty local-lis/les=55/56 n=0 ec=52/52 lis/c=52/52 les/c/f=53/53/0 sis=55) [3,4] r=0 lpr=55 pi=[52,55)/1 crt=0'0 mlcod 0'0 activating mbc={}] PeeringState::update_calc_stats no peer_missing found for 0
