2026-02-11T23:34:54.218+0000 7ff7232f9640 10 osd.2 pg_epoch: 47 pg[3.0s1( v 47'10 (0'0,47'10] local-lis/les=44/46 n=10 ec=42/42 lis/c=44/44 les/c/f=46/46/0 sis=44) [0,2,3,4,5]p0(0) r=1 lpr=44 pct=47'9 crt=47'10 active mbc={}] PeeringState::append_log dups pg log length = 0
2026-02-11T23:34:54.218+0000 7ff7232f9640 10 osd.2 pg_epoch: 47 pg[3.0s1( v 47'10 (0'0,47'10] local-lis/les=44/46 n=10 ec=42/42 lis/c=44/44 les/c/f=46/46/0 sis=44) [0,2,3,4,5]p0(0) r=1 lpr=44 pct=47'9 crt=47'10 active mbc={}] PeeringState::append_log transaction_applied = 1
2026-02-11T23:34:54.218+0000 7ff7232f9640 10 trim proposed trim_to = 0'0
2026-02-11T23:34:54.218+0000 7ff7232f9640 6 write_log_and_missing with: dirty_to: 0'0, dirty_from: 4294967295'18446744073709551615, writeout_from: 4294967295'18446744073709551615, trimmed: , trimmed_dups: , clear_divergent_priors: 0
2026-02-11T23:34:54.218+0000 7ff7232f9640 10 _write_log_and_missing clearing up to 0'0 dirty_to_dups=0'0 dirty_from_dups=4294967295'18446744073709551615 write_from_dups=4294967295'18446744073709551615 trimmed_dups.size()=0
2026-02-11T23:34:54.218+0000 7ff7232f9640 10 _write_log_and_missing going to encode log.dups.size()=0
2026-02-11T23:34:54.218+0000 7ff7232f9640 10 _write_log_and_missing 1st round encoded log.dups.size()=0
2026-02-11T23:34:54.218+0000 7ff7232f9640 10 _write_log_and_missing 2st round encoded log.dups.size()=0
2026-02-11T23:34:54.218+0000 7ff7232f9640 10 end of _write_log_and_missing
2026-02-11T23:34:54.218+0000 7ff7232f9640 10 osd.2 47 dequeue_op MOSDECSubOpWrite(3.0s1 47/44 ECSubWrite(tid=39, reqid=client.4866.0:1, at_version=0'0, trim_to=0'0, pg_committed_to=47'10)) v2 finish latency 0.000045
2026-02-11T23:34:54.218+0000 7ff727301640 20 osd.2 op_wq(0) _process empty q, waiting
2026-02-11T23:34:54.218+0000 7ff7232f9640 20 osd.2 op_wq(0) _process empty q, waiting
2026-02-11T23:34:54.218+0000 7ff7232f9640 20 osd.2 op_wq(0) _process empty q, waiting
2026-02-11T23:34:54.218+0000 7ff727301640 20 osd.2 pg_epoch: 47 pg[3.0s1( v 47'10 (0'0,47'10] local-lis/les=44/46 n=10 ec=42/42 lis/c=44/44 les/c/f=46/46/0 sis=44) [0,2,3,4,5]p0(0) r=1 lpr=44 crt=47'10 active mbc={}] PeeringState::update_last_complete_ondisk updating last_complete_ondisk to: 47'10
2026-02-11T23:34:54.218+0000 7ff727301640 20 osd.2 47 send_message_osd_cluster MOSDECSubOpWriteReply to osd.0 from_epoch 47
2026-02-11T23:34:54.218+0000 7ff727301640 20 osd.2 47 get_nextmap_reserved map_reservations: {47=1}
2026-02-11T23:34:54.218+0000 7ff727301640 10 osd.2 47 maybe_share_map: con v2:127.0.0.1:6802/677855753 our osdmap epoch of 47 is not newer than session's projected_epoch of 47
2026-02-11T23:34:54.218+0000 7ff727301640 1 -- [v2:127.0.0.1:6820/1925387730,v1:127.0.0.1:6821/1925387730] --> [v2:127.0.0.1:6802/677855753,v1:127.0.0.1:6803/677855753] -- MOSDECSubOpWriteReply(3.0s0 47/44 ECSubWriteReply(tid=39, last_complete=47'10, committed=1, applied=1)) -- 0x538ca80 con 0x3edd000
2026-02-11T23:34:54.218+0000 7ff727301640 20 osd.2 47 release_map epoch: 47
2026-02-11T23:34:54.218+0000 7ff727301640 20 osd.2 op_wq(0) _process empty q, waiting
2026-02-11T23:34:54.237+0000 7ff7445fe640 1 -- [v2:127.0.0.1:6820/1925387730,v1:127.0.0.1:6821/1925387730] <== osd.0 v2:127.0.0.1:6802/677855753 59 ==== MOSDECSubOpWrite(2.0s1 47/39 ECSubWrite(tid=40, reqid=client.4869.0:1, at_version=47'11, trim_to=0'0, pg_committed_to=47'10)) ==== 1617+0+4484 (unknown 0 0 0) 0x5376000 con 0x3edd000
2026-02-11T23:34:54.237+0000 7ff7445fe640 15 osd.2 47 enqueue_op MOSDECSubOpWrite(2.0s1 47/39 ECSubWrite(tid=40, reqid=client.4869.0:1, at_version=47'11, trim_to=0'0, pg_committed_to=47'10)) v2 prio 127 type 108 cost 0 latency 0.000014 epoch 47
2026-02-11T23:34:54.237+0000 7ff7445fe640 20 osd.2 op_wq(0) _enqueue OpSchedulerItem(2.0s1 PGOpItem(op=MOSDECSubOpWrite(2.0s1 47/39 ECSubWrite(tid=40, reqid=client.4869.0:1, at_version=47'11, trim_to=0'0, pg_committed_to=47'10)) v2) class_id 2 prio 127 cost 0 e47)
2026-02-11T23:34:54.237+0000 7ff7232f9640 20 osd.2 op_wq(0) _process 2.0s1 to_process <> waiting <> waiting_peering {}
2026-02-11T23:34:54.237+0000 7ff7232f9640 20 osd.2 op_wq(0) _process OpSchedulerItem(2.0s1 PGOpItem(op=MOSDECSubOpWrite(2.0s1 47/39 ECSubWrite(tid=40, reqid=client.4869.0:1, at_version=47'11, trim_to=0'0, pg_committed_to=47'10)) v2) class_id 2immediate prio 127 cost 0 e47) queued
2026-02-11T23:34:54.237+0000 7ff7232f9640 20 osd.2 op_wq(0) _process 2.0s1 to_process waiting <> waiting_peering {}
2026-02-11T23:34:54.237+0000 7ff7232f9640 20 osd.2 op_wq(0) _process OpSchedulerItem(2.0s1 PGOpItem(op=MOSDECSubOpWrite(2.0s1 47/39 ECSubWrite(tid=40, reqid=client.4869.0:1, at_version=47'11, trim_to=0'0, pg_committed_to=47'10)) v2) class_id 2immediate prio 127 cost 0 e47) pg 0x4252000
2026-02-11T23:34:54.237+0000 7ff727301640 20 osd.2 op_wq(0) _process empty q, waiting
2026-02-11T23:34:54.237+0000 7ff7232f9640 10 osd.2 47 dequeue_op MOSDECSubOpWrite(2.0s1 47/39 ECSubWrite(tid=40, reqid=client.4869.0:1, at_version=47'11, trim_to=0'0, pg_committed_to=47'10)) v2 prio 127 cost 0 latency 0.000035 MOSDECSubOpWrite(2.0s1 47/39 ECSubWrite(tid=40, reqid=client.4869.0:1, at_version=47'11, trim_to=0'0, pg_committed_to=47'10)) v2 pg pg[2.0s1( v 47'10 (0'0,47'10] local-lis/les=39/40 n=10 ec=38/38 lis/c=39/39 les/c/f=40/42/0 sis=39) [0,2,3,4,5]p0(0) r=1 lpr=39 crt=47'10 active mbc={}]
2026-02-11T23:34:54.237+0000 7ff7232f9640 10 osd.2 47 maybe_share_map: con v2:127.0.0.1:6802/677855753 our osdmap epoch of 47 is not newer than session's projected_epoch of 47
2026-02-11T23:34:54.237+0000 7ff7232f9640 10 osd.2 pg_epoch: 47 pg[2.0s1( v 47'10 (0'0,47'10] local-lis/les=39/40 n=10 ec=38/38 lis/c=39/39 les/c/f=40/42/0 sis=39) [0,2,3,4,5]p0(0) r=1 lpr=39 crt=47'10 active mbc={}] ECBackendL _handle_message: MOSDECSubOpWrite(2.0s1 47/39 ECSubWrite(tid=40, reqid=client.4869.0:1, at_version=47'11, trim_to=0'0, pg_committed_to=47'10)) v2
2026-02-11T23:34:54.237+0000 7ff7232f9640 10 osd.2 pg_epoch: 47 pg[2.0s1( v 47'10 (0'0,47'10] local-lis/les=39/40 n=11 ec=38/38 lis/c=39/39 les/c/f=40/42/0 sis=39) [0,2,3,4,5]p0(0) r=1 lpr=39 crt=47'10 active mbc={}] PeeringState::append_log append_log log((0'0,47'10], crt=47'10) [47'11 (0'0) modify 2:c9887444:::obj11-1:head by client.4869.0:1
2026-02-11T23:34:54.238077+0000 0 ObjectCleanRegions clean_offsets: [12288~18446744073709539327], clean_omap: true, new_object: false]
2026-02-11T23:34:54.237+0000 7ff7232f9640 10 osd.2 pg_epoch: 47 pg[2.0s1( v 47'11 (0'0,47'11] local-lis/les=39/40 n=11 ec=38/38 lis/c=39/39 les/c/f=40/42/0 sis=39) [0,2,3,4,5]p0(0) r=1 lpr=39 pct=47'10 lua=47'10 crt=47'10 lcod 47'10 active mbc={}] PeeringState::append_log approx pg log length = 11
2026-02-11T23:34:54.237+0000 7ff7232f9640 10 osd.2 pg_epoch: 47 pg[2.0s1( v 47'11 (0'0,47'11] local-lis/les=39/40 n=11 ec=38/38 lis/c=39/39 les/c/f=40/42/0 sis=39) [0,2,3,4,5]p0(0) r=1 lpr=39 pct=47'10 lua=47'10 crt=47'10 lcod 47'10 active mbc={}] PeeringState::append_log dups pg log length = 0
2026-02-11T23:34:54.237+0000 7ff7232f9640 10 osd.2 pg_epoch: 47 pg[2.0s1( v 47'11 (0'0,47'11] local-lis/les=39/40 n=11 ec=38/38 lis/c=39/39 les/c/f=40/42/0 sis=39) [0,2,3,4,5]p0(0) r=1 lpr=39 pct=47'10 lua=47'10 crt=47'10 lcod 47'10 active mbc={}] PeeringState::append_log transaction_applied = 1
2026-02-11T23:34:54.237+0000 7ff7232f9640 10 trim proposed trim_to = 0'0
2026-02-11T23:34:54.237+0000 7ff7232f9640 6 write_log_and_missing with: dirty_to: 0'0, dirty_from: 4294967295'18446744073709551615, writeout_from: 47'11, trimmed: , trimmed_dups: , clear_divergent_priors: 0
2026-02-11T23:34:54.237+0000 7ff7232f9640 10 _write_log_and_missing clearing up to 0'0 dirty_to_dups=0'0 dirty_from_dups=4294967295'18446744073709551615 write_from_dups=4294967295'18446744073709551615 trimmed_dups.size()=0
2026-02-11T23:34:54.237+0000 7ff7232f9640 10 _write_log_and_missing going to encode log.dups.size()=0
2026-02-11T23:34:54.237+0000 7ff7232f9640 10 _write_log_and_missing 1st round encoded log.dups.size()=0
2026-02-11T23:34:54.237+0000 7ff7232f9640 10 _write_log_and_missing 2st round encoded log.dups.size()=0
2026-02-11T23:34:54.237+0000 7ff7232f9640 10 end of _write_log_and_missing
2026-02-11T23:34:54.237+0000 7ff7232f9640 10 osd.2 pg_epoch: 47 pg[2.0s1( v 47'11 (0'0,47'11] local-lis/les=39/40 n=11 ec=38/38 lis/c=39/39 les/c/f=40/42/0 sis=39) [0,2,3,4,5]p0(0) r=1 lpr=39 pct=47'10 lua=47'10 crt=47'10 lcod 47'10 active mbc={}] op_applied version 47'11
2026-02-11T23:34:54.237+0000 7ff7232f9640 10 osd.2 47 dequeue_op MOSDECSubOpWrite(2.0s1 47/39 ECSubWrite(tid=40, reqid=client.4869.0:1, at_version=47'11, trim_to=0'0, pg_committed_to=47'10)) v2 finish latency 0.000073
2026-02-11T23:34:54.237+0000 7ff7232f9640 20 osd.2 op_wq(0) _process empty q, waiting
2026-02-11T23:34:54.237+0000 7ff7232f9640 20 osd.2 op_wq(0) _process empty q, waiting
2026-02-11T23:34:54.237+0000 7ff727301640 20 osd.2 pg_epoch: 47 pg[2.0s1( v 47'11 (0'0,47'11] local-lis/les=39/40 n=11 ec=38/38 lis/c=39/39 les/c/f=40/42/0 sis=39) [0,2,3,4,5]p0(0) r=1 lpr=39 pct=47'10 crt=47'10 lcod 47'10 active mbc={}] PeeringState::update_last_complete_ondisk updating last_complete_ondisk to: 47'11
2026-02-11T23:34:54.237+0000 7ff727301640 20 osd.2 47 send_message_osd_cluster MOSDECSubOpWriteReply to osd.0 from_epoch 47
2026-02-11T23:34:54.237+0000 7ff727301640 20 osd.2 47 get_nextmap_reserved map_reservations: {47=1}
2026-02-11T23:34:54.237+0000 7ff727301640 10 osd.2 47 maybe_share_map: con v2:127.0.0.1:6802/677855753 our osdmap epoch of 47 is not newer than session's projected_epoch of 47
2026-02-11T23:34:54.237+0000 7ff727301640 1 -- [v2:127.0.0.1:6820/1925387730,v1:127.0.0.1:6821/1925387730] --> [v2:127.0.0.1:6802/677855753,v1:127.0.0.1:6803/677855753] -- MOSDECSubOpWriteReply(2.0s0 47/39 ECSubWriteReply(tid=40, last_complete=47'11, committed=1, applied=1)) -- 0x538cc00 con 0x3edd000
2026-02-11T23:34:54.237+0000 7ff727301640 20 osd.2 47 release_map epoch: 47
2026-02-11T23:34:54.237+0000 7ff727301640 20 osd.2 op_wq(0) _process empty q, waiting
2026-02-11T23:34:54.238+0000 7ff7445fe640 1 -- [v2:127.0.0.1:6820/1925387730,v1:127.0.0.1:6821/1925387730] <== osd.0 v2:127.0.0.1:6802/677855753 60 ==== MOSDECSubOpWrite(2.0s1 47/39 ECSubWrite(tid=41, reqid=client.4869.0:1, at_version=0'0, trim_to=0'0, pg_committed_to=47'11)) ==== 969+0+0 (unknown 0 0 0) 0x5363000 con 0x3edd000
2026-02-11T23:34:54.238+0000 7ff7445fe640 15 osd.2 47 enqueue_op MOSDECSubOpWrite(2.0s1 47/39 ECSubWrite(tid=41, reqid=client.4869.0:1, at_version=0'0, trim_to=0'0, pg_committed_to=47'11)) v2 prio 127 type 108 cost 0 latency 0.000014 epoch 47
2026-02-11T23:34:54.238+0000 7ff7445fe640 20 osd.2 op_wq(0) _enqueue OpSchedulerItem(2.0s1 PGOpItem(op=MOSDECSubOpWrite(2.0s1 47/39 ECSubWrite(tid=41, reqid=client.4869.0:1, at_version=0'0, trim_to=0'0, pg_committed_to=47'11)) v2) class_id 2 prio 127 cost 0 e47)
2026-02-11T23:34:54.238+0000 7ff7232f9640 20 osd.2 op_wq(0) _process 2.0s1 to_process <> waiting <> waiting_peering {}
2026-02-11T23:34:54.238+0000 7ff7232f9640 20 osd.2 op_wq(0) _process OpSchedulerItem(2.0s1 PGOpItem(op=MOSDECSubOpWrite(2.0s1 47/39 ECSubWrite(tid=41, reqid=client.4869.0:1, at_version=0'0, trim_to=0'0, pg_committed_to=47'11)) v2) class_id 2immediate prio 127 cost 0 e47) queued
2026-02-11T23:34:54.238+0000 7ff7232f9640 20 osd.2 op_wq(0) _process 2.0s1 to_process waiting <> waiting_peering {}
2026-02-11T23:34:54.238+0000 7ff7232f9640 20 osd.2 op_wq(0) _process OpSchedulerItem(2.0s1 PGOpItem(op=MOSDECSubOpWrite(2.0s1 47/39 ECSubWrite(tid=41, reqid=client.4869.0:1, at_version=0'0, trim_to=0'0, pg_committed_to=47'11)) v2) class_id 2immediate prio 127 cost 0 e47) pg 0x4252000
2026-02-11T23:34:54.238+0000 7ff7232f9640 10 osd.2 47 dequeue_op MOSDECSubOpWrite(2.0s1 47/39 ECSubWrite(tid=41, reqid=client.4869.0:1, at_version=0'0, trim_to=0'0, pg_committed_to=47'11)) v2 prio 127 cost 0 latency 0.000037 MOSDECSubOpWrite(2.0s1 47/39 ECSubWrite(tid=41, reqid=client.4869.0:1, at_version=0'0, trim_to=0'0, pg_committed_to=47'11)) v2 pg pg[2.0s1( v 47'11 (0'0,47'11] local-lis/les=39/40 n=11 ec=38/38 lis/c=39/39 les/c/f=40/42/0 sis=39) [0,2,3,4,5]p0(0) r=1 lpr=39 pct=47'10 crt=47'10 active mbc={}]
2026-02-11T23:34:54.238+0000 7ff7232f9640 10 osd.2 47 maybe_share_map: con v2:127.0.0.1:6802/677855753 our osdmap epoch of 47 is not newer than session's projected_epoch of 47
2026-02-11T23:34:54.238+0000 7ff727301640 20 osd.2 op_wq(0) _process empty q, waiting
2026-02-11T23:34:54.238+0000 7ff7232f9640 10 osd.2 pg_epoch: 47 pg[2.0s1( v 47'11 (0'0,47'11] local-lis/les=39/40 n=11 ec=38/38 lis/c=39/39 les/c/f=40/42/0 sis=39) [0,2,3,4,5]p0(0) r=1 lpr=39 pct=47'10 crt=47'10 active mbc={}] ECBackendL _handle_message: MOSDECSubOpWrite(2.0s1 47/39 ECSubWrite(tid=41, reqid=client.4869.0:1, at_version=0'0, trim_to=0'0, pg_committed_to=47'11)) v2
2026-02-11T23:34:54.238+0000 7ff7232f9640 10 osd.2 pg_epoch: 47 pg[2.0s1( v 47'11 (0'0,47'11] local-lis/les=39/40 n=11 ec=38/38 lis/c=39/39 les/c/f=40/42/0 sis=39) [0,2,3,4,5]p0(0) r=1 lpr=39 pct=47'10 crt=47'10 active mbc={}] PeeringState::append_log append_log log((0'0,47'11], crt=47'10) []
2026-02-11T23:34:54.238+0000 7ff7232f9640 20 osd.2 pg_epoch: 47 pg[2.0s1( v 47'11 (0'0,47'11] local-lis/les=39/40 n=11 ec=38/38 lis/c=39/39 les/c/f=40/42/0 sis=39) [0,2,3,4,5]p0(0) r=1 lpr=39 pct=47'10 crt=47'11 active mbc={}] rollforward: entry=47'11 (0'0) modify 2:c9887444:::obj11-1:head by client.4869.0:1
2026-02-11T23:34:54.238077+0000 0 ObjectCleanRegions clean_offsets: [12288~18446744073709539327], clean_omap: true, new_object: false
2026-02-11T23:34:54.238+0000 7ff7232f9640 10 osd.2 pg_epoch: 47 pg[2.0s1( v 47'11 (0'0,47'11] local-lis/les=39/40 n=11 ec=38/38 lis/c=39/39 les/c/f=40/42/0 sis=39) [0,2,3,4,5]p0(0) r=1 lpr=39 pct=47'10 crt=47'11 active mbc={}] PeeringState::append_log approx pg log length = 11
2026-02-11T23:34:54.238+0000 7ff7232f9640 10 osd.2 pg_epoch: 47 pg[2.0s1( v 47'11 (0'0,47'11] local-lis/les=39/40 n=11 ec=38/38 lis/c=39/39 les/c/f=40/42/0 sis=39) [0,2,3,4,5]p0(0) r=1 lpr=39 pct=47'10 crt=47'11 active mbc={}] PeeringState::append_log dups pg log length = 0
2026-02-11T23:34:54.238+0000 7ff7232f9640 10 osd.2 pg_epoch: 47 pg[2.0s1( v 47'11 (0'0,47'11] local-lis/les=39/40 n=11 ec=38/38 lis/c=39/39 les/c/f=40/42/0 sis=39) [0,2,3,4,5]p0(0) r=1 lpr=39 pct=47'10 crt=47'11 active mbc={}] PeeringState::append_log transaction_applied = 1
2026-02-11T23:34:54.238+0000 7ff7232f9640 10 trim proposed trim_to = 0'0
2026-02-11T23:34:54.238+0000 7ff7232f9640 6 write_log_and_missing with: dirty_to: 0'0, dirty_from: 4294967295'18446744073709551615, writeout_from: 4294967295'18446744073709551615, trimmed: , trimmed_dups: , clear_divergent_priors: 0
2026-02-11T23:34:54.238+0000 7ff7232f9640 10 _write_log_and_missing clearing up to 0'0 dirty_to_dups=0'0 dirty_from_dups=4294967295'18446744073709551615 write_from_dups=4294967295'18446744073709551615 trimmed_dups.size()=0
2026-02-11T23:34:54.238+0000 7ff7232f9640 10 _write_log_and_missing going to encode log.dups.size()=0
2026-02-11T23:34:54.238+0000 7ff7232f9640 10 _write_log_and_missing 1st round encoded log.dups.size()=0
2026-02-11T23:34:54.238+0000 7ff7232f9640 10 _write_log_and_missing 2st round encoded log.dups.size()=0
2026-02-11T23:34:54.238+0000 7ff7232f9640 10 end of _write_log_and_missing
2026-02-11T23:34:54.238+0000 7ff7232f9640 10 osd.2 47 dequeue_op MOSDECSubOpWrite(2.0s1 47/39 ECSubWrite(tid=41, reqid=client.4869.0:1, at_version=0'0, trim_to=0'0, pg_committed_to=47'11)) v2 finish latency 0.000043
2026-02-11T23:34:54.238+0000 7ff7232f9640 20 osd.2 op_wq(0) _process empty q, waiting
2026-02-11T23:34:54.238+0000 7ff7232f9640 20 osd.2 op_wq(0) _process empty q, waiting
2026-02-11T23:34:54.238+0000 7ff727301640 20 osd.2 pg_epoch: 47 pg[2.0s1( v 47'11 (0'0,47'11] local-lis/les=39/40 n=11 ec=38/38 lis/c=39/39 les/c/f=40/42/0 sis=39) [0,2,3,4,5]p0(0) r=1 lpr=39 crt=47'11 active mbc={}] PeeringState::update_last_complete_ondisk updating last_complete_ondisk to: 47'11
2026-02-11T23:34:54.238+0000 7ff727301640 20 osd.2 47 send_message_osd_cluster MOSDECSubOpWriteReply to osd.0 from_epoch 47
2026-02-11T23:34:54.238+0000 7ff727301640 20 osd.2 47 get_nextmap_reserved map_reservations: {47=1}
2026-02-11T23:34:54.238+0000 7ff727301640 10 osd.2 47 maybe_share_map: con v2:127.0.0.1:6802/677855753 our osdmap epoch of 47 is not newer than session's projected_epoch of 47
2026-02-11T23:34:54.238+0000 7ff727301640 1 -- [v2:127.0.0.1:6820/1925387730,v1:127.0.0.1:6821/1925387730] --> [v2:127.0.0.1:6802/677855753,v1:127.0.0.1:6803/677855753] -- MOSDECSubOpWriteReply(2.0s0 47/39 ECSubWriteReply(tid=41, last_complete=47'11, committed=1, applied=1)) -- 0x538cd80 con 0x3edd000
2026-02-11T23:34:54.238+0000 7ff727301640 20 osd.2 47 release_map epoch: 47
2026-02-11T23:34:54.238+0000 7ff727301640 20 osd.2 op_wq(0) _process empty q, waiting
2026-02-11T23:34:54.257+0000 7ff7445fe640 1 -- [v2:127.0.0.1:6820/1925387730,v1:127.0.0.1:6821/1925387730] <== osd.0 v2:127.0.0.1:6802/677855753 61 ==== MOSDECSubOpWrite(3.0s1 47/44 ECSubWrite(tid=42, reqid=client.4872.0:1, at_version=47'11, trim_to=0'0, pg_committed_to=47'10)) ==== 1617+0+4484 (unknown 0 0 0) 0x5361800 con 0x3edd000
2026-02-11T23:34:54.257+0000 7ff7445fe640 15 osd.2 47 enqueue_op MOSDECSubOpWrite(3.0s1 47/44 ECSubWrite(tid=42, reqid=client.4872.0:1, at_version=47'11, trim_to=0'0, pg_committed_to=47'10)) v2 prio 127 type 108 cost 0 latency 0.000018 epoch 47
2026-02-11T23:34:54.257+0000 7ff7445fe640 20 osd.2 op_wq(0) _enqueue OpSchedulerItem(3.0s1 PGOpItem(op=MOSDECSubOpWrite(3.0s1 47/44 ECSubWrite(tid=42, reqid=client.4872.0:1, at_version=47'11, trim_to=0'0, pg_committed_to=47'10)) v2) class_id 2 prio 127 cost 0 e47)
2026-02-11T23:34:54.257+0000 7ff7232f9640 20 osd.2 op_wq(0) _process 3.0s1 to_process <> waiting <> waiting_peering {}
2026-02-11T23:34:54.257+0000 7ff7232f9640 20 osd.2 op_wq(0) _process OpSchedulerItem(3.0s1 PGOpItem(op=MOSDECSubOpWrite(3.0s1 47/44 ECSubWrite(tid=42, reqid=client.4872.0:1, at_version=47'11, trim_to=0'0, pg_committed_to=47'10)) v2) class_id 2immediate prio 127 cost 0 e47) queued
2026-02-11T23:34:54.257+0000 7ff7232f9640 20 osd.2 op_wq(0) _process 3.0s1 to_process waiting <> waiting_peering {}
2026-02-11T23:34:54.257+0000 7ff7232f9640 20 osd.2 op_wq(0) _process OpSchedulerItem(3.0s1 PGOpItem(op=MOSDECSubOpWrite(3.0s1 47/44 ECSubWrite(tid=42, reqid=client.4872.0:1, at_version=47'11, trim_to=0'0, pg_committed_to=47'10)) v2) class_id 2immediate prio 127 cost 0 e47) pg 0x5204000
2026-02-11T23:34:54.257+0000 7ff727301640 20 osd.2 op_wq(0) _process empty q, waiting
2026-02-11T23:34:54.257+0000 7ff7232f9640 10 osd.2 47 dequeue_op MOSDECSubOpWrite(3.0s1 47/44 ECSubWrite(tid=42, reqid=client.4872.0:1, at_version=47'11, trim_to=0'0, pg_committed_to=47'10)) v2 prio 127 cost 0 latency 0.000038 MOSDECSubOpWrite(3.0s1 47/44 ECSubWrite(tid=42, reqid=client.4872.0:1, at_version=47'11, trim_to=0'0, pg_committed_to=47'10)) v2 pg pg[3.0s1( v 47'10 (0'0,47'10] local-lis/les=44/46 n=10 ec=42/42 lis/c=44/44 les/c/f=46/46/0 sis=44) [0,2,3,4,5]p0(0) r=1 lpr=44 crt=47'10 active mbc={}]
2026-02-11T23:34:54.257+0000 7ff7232f9640 10 osd.2 47 maybe_share_map: con v2:127.0.0.1:6802/677855753 our osdmap epoch of 47 is not newer than session's projected_epoch of 47
2026-02-11T23:34:54.257+0000 7ff7232f9640 10 osd.2 pg_epoch: 47 pg[3.0s1( v 47'10 (0'0,47'10] local-lis/les=44/46 n=10 ec=42/42 lis/c=44/44 les/c/f=46/46/0 sis=44) [0,2,3,4,5]p0(0) r=1 lpr=44 crt=47'10 active mbc={}] ECBackendL _handle_message: MOSDECSubOpWrite(3.0s1 47/44 ECSubWrite(tid=42, reqid=client.4872.0:1, at_version=47'11, trim_to=0'0, pg_committed_to=47'10)) v2
2026-02-11T23:34:54.257+0000 7ff7232f9640 10 osd.2 pg_epoch: 47 pg[3.0s1( v 47'10 (0'0,47'10] local-lis/les=44/46 n=11 ec=42/42 lis/c=44/44 les/c/f=46/46/0 sis=44) [0,2,3,4,5]p0(0) r=1 lpr=44 crt=47'10 active mbc={}] PeeringState::append_log append_log log((0'0,47'10], crt=47'10) [47'11 (0'0) modify 3:a99a4542:::obj11-2:head by client.4872.0:1
2026-02-11T23:34:54.257794+0000 0 ObjectCleanRegions clean_offsets: [12288~18446744073709539327], clean_omap: true, new_object: false]
2026-02-11T23:34:54.257+0000 7ff7232f9640 10 osd.2 pg_epoch: 47 pg[3.0s1( v 47'11 (0'0,47'11] local-lis/les=44/46 n=11 ec=42/42 lis/c=44/44 les/c/f=46/46/0 sis=44) [0,2,3,4,5]p0(0) r=1 lpr=44 pct=47'10 lua=47'10 crt=47'10 lcod 47'10 active mbc={}] PeeringState::append_log approx pg log length = 11
2026-02-11T23:34:54.257+0000 7ff7232f9640 10 osd.2 pg_epoch: 47 pg[3.0s1( v 47'11 (0'0,47'11] local-lis/les=44/46 n=11 ec=42/42 lis/c=44/44 les/c/f=46/46/0 sis=44) [0,2,3,4,5]p0(0) r=1 lpr=44 pct=47'10 lua=47'10 crt=47'10 lcod 47'10 active mbc={}] PeeringState::append_log dups pg log length = 0
2026-02-11T23:34:54.257+0000 7ff7232f9640 10 osd.2 pg_epoch: 47 pg[3.0s1( v 47'11 (0'0,47'11] local-lis/les=44/46 n=11 ec=42/42 lis/c=44/44 les/c/f=46/46/0 sis=44) [0,2,3,4,5]p0(0) r=1 lpr=44 pct=47'10 lua=47'10 crt=47'10 lcod 47'10 active mbc={}] PeeringState::append_log transaction_applied = 1
2026-02-11T23:34:54.257+0000 7ff7232f9640 10 trim proposed trim_to = 0'0
2026-02-11T23:34:54.257+0000 7ff7232f9640 6 write_log_and_missing with: dirty_to: 0'0, dirty_from: 4294967295'18446744073709551615, writeout_from: 47'11, trimmed: , trimmed_dups: , clear_divergent_priors: 0
2026-02-11T23:34:54.257+0000 7ff7232f9640 10 _write_log_and_missing clearing up to 0'0 dirty_to_dups=0'0 dirty_from_dups=4294967295'18446744073709551615 write_from_dups=4294967295'18446744073709551615 trimmed_dups.size()=0
2026-02-11T23:34:54.257+0000 7ff7232f9640 10 _write_log_and_missing going to encode log.dups.size()=0
2026-02-11T23:34:54.257+0000 7ff7232f9640 10 _write_log_and_missing 1st round encoded log.dups.size()=0
2026-02-11T23:34:54.257+0000 7ff7232f9640 10 _write_log_and_missing 2st round encoded log.dups.size()=0
2026-02-11T23:34:54.257+0000 7ff7232f9640 10 end of _write_log_and_missing
2026-02-11T23:34:54.257+0000 7ff7232f9640 10 osd.2 pg_epoch: 47 pg[3.0s1( v 47'11 (0'0,47'11] local-lis/les=44/46 n=11 ec=42/42 lis/c=44/44 les/c/f=46/46/0 sis=44) [0,2,3,4,5]p0(0) r=1 lpr=44 pct=47'10 lua=47'10 crt=47'10 lcod 47'10 active mbc={}] op_applied version 47'11
2026-02-11T23:34:54.257+0000 7ff7232f9640 10 osd.2 47 dequeue_op MOSDECSubOpWrite(3.0s1 47/44 ECSubWrite(tid=42, reqid=client.4872.0:1, at_version=47'11, trim_to=0'0, pg_committed_to=47'10)) v2 finish latency 0.000067
2026-02-11T23:34:54.257+0000 7ff7232f9640 20 osd.2 op_wq(0) _process empty q, waiting
2026-02-11T23:34:54.257+0000 7ff7232f9640 20 osd.2 op_wq(0) _process empty q, waiting
2026-02-11T23:34:54.257+0000 7ff727301640 20 osd.2 pg_epoch: 47 pg[3.0s1( v 47'11 (0'0,47'11] local-lis/les=44/46 n=11 ec=42/42 lis/c=44/44 les/c/f=46/46/0 sis=44) [0,2,3,4,5]p0(0) r=1 lpr=44 pct=47'10 crt=47'10 lcod 47'10 active mbc={}] PeeringState::update_last_complete_ondisk updating last_complete_ondisk to: 47'11
2026-02-11T23:34:54.257+0000 7ff727301640 20 osd.2 47 send_message_osd_cluster MOSDECSubOpWriteReply to osd.0 from_epoch 47
2026-02-11T23:34:54.257+0000 7ff727301640 20 osd.2 47 get_nextmap_reserved map_reservations: {47=1}
2026-02-11T23:34:54.257+0000 7ff727301640 10 osd.2 47 maybe_share_map: con v2:127.0.0.1:6802/677855753 our osdmap epoch of 47 is not newer than session's projected_epoch of 47
2026-02-11T23:34:54.257+0000 7ff727301640 1 -- [v2:127.0.0.1:6820/1925387730,v1:127.0.0.1:6821/1925387730] --> [v2:127.0.0.1:6802/677855753,v1:127.0.0.1:6803/677855753] -- MOSDECSubOpWriteReply(3.0s0 47/44 ECSubWriteReply(tid=42, last_complete=47'11, committed=1, applied=1)) -- 0x538c000 con 0x3edd000
2026-02-11T23:34:54.257+0000 7ff727301640 20 osd.2 47 release_map epoch: 47
2026-02-11T23:34:54.257+0000 7ff727301640 20 osd.2 op_wq(0) _process empty q, waiting
2026-02-11T23:34:54.257+0000 7ff7445fe640 1 -- [v2:127.0.0.1:6820/1925387730,v1:127.0.0.1:6821/1925387730] <== osd.0 v2:127.0.0.1:6802/677855753 62 ==== MOSDECSubOpWrite(3.0s1 47/44 ECSubWrite(tid=43, reqid=client.4872.0:1, at_version=0'0, trim_to=0'0, pg_committed_to=47'11)) ==== 969+0+0 (unknown 0 0 0) 0x536b000 con 0x3edd000
2026-02-11T23:34:54.257+0000 7ff7445fe640 15 osd.2 47 enqueue_op MOSDECSubOpWrite(3.0s1 47/44 ECSubWrite(tid=43, reqid=client.4872.0:1, at_version=0'0, trim_to=0'0, pg_committed_to=47'11)) v2 prio 127 type 108 cost 0 latency 0.000012 epoch 47
2026-02-11T23:34:54.257+0000 7ff7445fe640 20 osd.2 op_wq(0) _enqueue OpSchedulerItem(3.0s1 PGOpItem(op=MOSDECSubOpWrite(3.0s1 47/44 ECSubWrite(tid=43, reqid=client.4872.0:1, at_version=0'0, trim_to=0'0, pg_committed_to=47'11)) v2) class_id 2 prio 127 cost 0 e47)
2026-02-11T23:34:54.257+0000 7ff7232f9640 20 osd.2 op_wq(0) _process 3.0s1 to_process <> waiting <> waiting_peering {}
2026-02-11T23:34:54.257+0000 7ff7232f9640 20 osd.2 op_wq(0) _process OpSchedulerItem(3.0s1 PGOpItem(op=MOSDECSubOpWrite(3.0s1 47/44 ECSubWrite(tid=43, reqid=client.4872.0:1, at_version=0'0, trim_to=0'0, pg_committed_to=47'11)) v2) class_id 2immediate prio 127 cost 0 e47) queued
2026-02-11T23:34:54.257+0000 7ff7232f9640 20 osd.2 op_wq(0) _process 3.0s1 to_process waiting <> waiting_peering {}
2026-02-11T23:34:54.257+0000 7ff7232f9640 20 osd.2 op_wq(0) _process OpSchedulerItem(3.0s1 PGOpItem(op=MOSDECSubOpWrite(3.0s1 47/44 ECSubWrite(tid=43, reqid=client.4872.0:1, at_version=0'0, trim_to=0'0, pg_committed_to=47'11)) v2) class_id 2immediate prio 127 cost 0 e47) pg 0x5204000
2026-02-11T23:34:54.257+0000 7ff7232f9640 10 osd.2 47 dequeue_op MOSDECSubOpWrite(3.0s1 47/44 ECSubWrite(tid=43, reqid=client.4872.0:1, at_version=0'0, trim_to=0'0, pg_committed_to=47'11)) v2 prio 127 cost 0 latency 0.000034 MOSDECSubOpWrite(3.0s1 47/44 ECSubWrite(tid=43, reqid=client.4872.0:1, at_version=0'0, trim_to=0'0, pg_committed_to=47'11)) v2 pg pg[3.0s1( v 47'11 (0'0,47'11] local-lis/les=44/46 n=11 ec=42/42 lis/c=44/44 les/c/f=46/46/0 sis=44) [0,2,3,4,5]p0(0) r=1 lpr=44 pct=47'10 crt=47'10 active mbc={}]
2026-02-11T23:34:54.257+0000 7ff727301640 20 osd.2 op_wq(0) _process empty q, waiting
2026-02-11T23:34:54.257+0000 7ff7232f9640 10 osd.2 47 maybe_share_map: con v2:127.0.0.1:6802/677855753 our osdmap epoch of 47 is not newer than session's projected_epoch of 47
2026-02-11T23:34:54.257+0000 7ff7232f9640 10 osd.2 pg_epoch: 47 pg[3.0s1( v 47'11 (0'0,47'11] local-lis/les=44/46 n=11 ec=42/42 lis/c=44/44 les/c/f=46/46/0 sis=44) [0,2,3,4,5]p0(0) r=1 lpr=44 pct=47'10 crt=47'10 active mbc={}] ECBackendL _handle_message: MOSDECSubOpWrite(3.0s1 47/44 ECSubWrite(tid=43, reqid=client.4872.0:1, at_version=0'0, trim_to=0'0, pg_committed_to=47'11)) v2
2026-02-11T23:34:54.257+0000 7ff7232f9640 10 osd.2 pg_epoch: 47 pg[3.0s1( v 47'11 (0'0,47'11] local-lis/les=44/46 n=11 ec=42/42 lis/c=44/44 les/c/f=46/46/0 sis=44) [0,2,3,4,5]p0(0) r=1 lpr=44 pct=47'10 crt=47'10 active mbc={}] PeeringState::append_log append_log log((0'0,47'11], crt=47'10) []
2026-02-11T23:34:54.257+0000 7ff7232f9640 20 osd.2 pg_epoch: 47 pg[3.0s1( v 47'11 (0'0,47'11] local-lis/les=44/46 n=11 ec=42/42 lis/c=44/44 les/c/f=46/46/0 sis=44) [0,2,3,4,5]p0(0) r=1 lpr=44 pct=47'10 crt=47'11 active mbc={}] rollforward: entry=47'11 (0'0) modify 3:a99a4542:::obj11-2:head by client.4872.0:1
2026-02-11T23:34:54.257794+0000 0 ObjectCleanRegions clean_offsets: [12288~18446744073709539327], clean_omap: true, new_object: false
2026-02-11T23:34:54.257+0000 7ff7232f9640 10 osd.2 pg_epoch: 47 pg[3.0s1( v 47'11 (0'0,47'11] local-lis/les=44/46 n=11 ec=42/42 lis/c=44/44 les/c/f=46/46/0 sis=44) [0,2,3,4,5]p0(0) r=1 lpr=44 pct=47'10 crt=47'11 active mbc={}] PeeringState::append_log approx pg log length = 11
2026-02-11T23:34:54.257+0000 7ff7232f9640 10 osd.2 pg_epoch: 47 pg[3.0s1( v 47'11 (0'0,47'11] local-lis/les=44/46 n=11 ec=42/42 lis/c=44/44 les/c/f=46/46/0 sis=44) [0,2,3,4,5]p0(0) r=1 lpr=44 pct=47'10 crt=47'11 active mbc={}] PeeringState::append_log dups pg log length = 0
2026-02-11T23:34:54.257+0000 7ff7232f9640 10 osd.2 pg_epoch: 47 pg[3.0s1( v 47'11 (0'0,47'11] local-lis/les=44/46 n=11 ec=42/42 lis/c=44/44 les/c/f=46/46/0 sis=44) [0,2,3,4,5]p0(0) r=1 lpr=44 pct=47'10 crt=47'11 active mbc={}] PeeringState::append_log transaction_applied = 1
2026-02-11T23:34:54.257+0000 7ff7232f9640 10 trim proposed trim_to = 0'0
2026-02-11T23:34:54.257+0000 7ff7232f9640 6 write_log_and_missing with: dirty_to: 0'0, dirty_from: 4294967295'18446744073709551615, writeout_from: 4294967295'18446744073709551615, trimmed: , trimmed_dups: , clear_divergent_priors: 0
2026-02-11T23:34:54.257+0000 7ff7232f9640 10 _write_log_and_missing clearing up to 0'0 dirty_to_dups=0'0 dirty_from_dups=4294967295'18446744073709551615 write_from_dups=4294967295'18446744073709551615 trimmed_dups.size()=0
2026-02-11T23:34:54.257+0000 7ff7232f9640 10 _write_log_and_missing going to encode log.dups.size()=0
2026-02-11T23:34:54.257+0000 7ff7232f9640 10 _write_log_and_missing 1st round encoded log.dups.size()=0
2026-02-11T23:34:54.257+0000 7ff7232f9640 10 _write_log_and_missing 2st round encoded log.dups.size()=0
2026-02-11T23:34:54.257+0000 7ff7232f9640 10 end of _write_log_and_missing
2026-02-11T23:34:54.257+0000 7ff7232f9640 10 osd.2 47 dequeue_op MOSDECSubOpWrite(3.0s1 47/44 ECSubWrite(tid=43, reqid=client.4872.0:1, at_version=0'0, trim_to=0'0, pg_committed_to=47'11)) v2 finish latency 0.000039
2026-02-11T23:34:54.257+0000 7ff7232f9640 20 osd.2 op_wq(0) _process empty q, waiting
2026-02-11T23:34:54.257+0000 7ff727301640 20 osd.2 pg_epoch: 47 pg[3.0s1( v 47'11 (0'0,47'11] local-lis/les=44/46 n=11 ec=42/42 lis/c=44/44 les/c/f=46/46/0 sis=44) [0,2,3,4,5]p0(0) r=1 lpr=44 crt=47'11 active mbc={}] PeeringState::update_last_complete_ondisk updating last_complete_ondisk to: 47'11
2026-02-11T23:34:54.257+0000 7ff727301640 20 osd.2 47 send_message_osd_cluster MOSDECSubOpWriteReply to osd.0 from_epoch 47
2026-02-11T23:34:54.257+0000 7ff727301640 20 osd.2 47 get_nextmap_reserved map_reservations: {47=1}
2026-02-11T23:34:54.257+0000 7ff727301640 10 osd.2 47 maybe_share_map: con v2:127.0.0.1:6802/677855753 our osdmap epoch of 47 is not newer than session's projected_epoch of 47
2026-02-11T23:34:54.257+0000 7ff7232f9640 20 osd.2 op_wq(0) _process empty q, waiting
2026-02-11T23:34:54.257+0000 7ff727301640 1 -- [v2:127.0.0.1:6820/1925387730,v1:127.0.0.1:6821/1925387730] --> [v2:127.0.0.1:6802/677855753,v1:127.0.0.1:6803/677855753] -- MOSDECSubOpWriteReply(3.0s0 47/44 ECSubWriteReply(tid=43, last_complete=47'11, committed=1, applied=1)) -- 0x538c180 con 0x3edd000
2026-02-11T23:34:54.257+0000 7ff727301640 20 osd.2 47 release_map epoch: 47
2026-02-11T23:34:54.257+0000 7ff727301640 20 osd.2 op_wq(0) _process empty q, waiting
2026-02-11T23:34:54.276+0000 7ff7445fe640 1 -- [v2:127.0.0.1:6820/1925387730,v1:127.0.0.1:6821/1925387730] <== osd.0 v2:127.0.0.1:6802/677855753 63 ==== MOSDECSubOpWrite(2.0s1 47/39 ECSubWrite(tid=44, reqid=client.4875.0:1, at_version=47'12, trim_to=0'0, pg_committed_to=47'11)) ==== 1617+0+4484 (unknown 0 0 0) 0x536c000 con 0x3edd000
2026-02-11T23:34:54.276+0000 7ff7445fe640 15 osd.2 47 enqueue_op MOSDECSubOpWrite(2.0s1 47/39 ECSubWrite(tid=44, reqid=client.4875.0:1, at_version=47'12, trim_to=0'0, pg_committed_to=47'11)) v2 prio 127 type 108 cost 0 latency 0.000027 epoch 47
2026-02-11T23:34:54.276+0000 7ff7445fe640 20 osd.2 op_wq(0) _enqueue OpSchedulerItem(2.0s1 PGOpItem(op=MOSDECSubOpWrite(2.0s1 47/39 ECSubWrite(tid=44, reqid=client.4875.0:1, at_version=47'12, trim_to=0'0, pg_committed_to=47'11)) v2) class_id 2 prio 127 cost 0 e47)
2026-02-11T23:34:54.276+0000 7ff727301640 20 osd.2 op_wq(0) _process 2.0s1 to_process <> waiting <> waiting_peering {}
2026-02-11T23:34:54.276+0000 7ff727301640 20 osd.2 op_wq(0) _process OpSchedulerItem(2.0s1 PGOpItem(op=MOSDECSubOpWrite(2.0s1 47/39 ECSubWrite(tid=44, reqid=client.4875.0:1, at_version=47'12, trim_to=0'0, pg_committed_to=47'11)) v2) class_id 2immediate prio 127 cost 0 e47) queued
2026-02-11T23:34:54.276+0000 7ff727301640 20 osd.2 op_wq(0) _process 2.0s1 to_process waiting <> waiting_peering {}
2026-02-11T23:34:54.276+0000 7ff727301640 20 osd.2 op_wq(0) _process OpSchedulerItem(2.0s1 PGOpItem(op=MOSDECSubOpWrite(2.0s1 47/39 ECSubWrite(tid=44, reqid=client.4875.0:1, at_version=47'12, trim_to=0'0, pg_committed_to=47'11)) v2) class_id 2immediate prio 127 cost 0 e47) pg 0x4252000
2026-02-11T23:34:54.276+0000 7ff7232f9640 20 osd.2 op_wq(0) _process empty q, waiting
2026-02-11T23:34:54.276+0000 7ff727301640 10 osd.2 47 dequeue_op MOSDECSubOpWrite(2.0s1 47/39 ECSubWrite(tid=44, reqid=client.4875.0:1, at_version=47'12, trim_to=0'0, pg_committed_to=47'11)) v2 prio 127 cost 0 latency 0.000058 MOSDECSubOpWrite(2.0s1 47/39 ECSubWrite(tid=44, reqid=client.4875.0:1, at_version=47'12, trim_to=0'0, pg_committed_to=47'11)) v2 pg pg[2.0s1( v 47'11 (0'0,47'11] local-lis/les=39/40 n=11 ec=38/38 lis/c=39/39 les/c/f=40/42/0 sis=39) [0,2,3,4,5]p0(0) r=1 lpr=39 crt=47'11 active mbc={}]
2026-02-11T23:34:54.276+0000 7ff727301640 10 osd.2 47 maybe_share_map: con v2:127.0.0.1:6802/677855753 our osdmap epoch of 47 is not newer than session's projected_epoch of 47
2026-02-11T23:34:54.276+0000 7ff727301640 10 osd.2 pg_epoch: 47 pg[2.0s1( v 47'11 (0'0,47'11] local-lis/les=39/40 n=11 ec=38/38 lis/c=39/39 les/c/f=40/42/0 sis=39) [0,2,3,4,5]p0(0) r=1 lpr=39 crt=47'11 active mbc={}] ECBackendL _handle_message: MOSDECSubOpWrite(2.0s1 47/39 ECSubWrite(tid=44, reqid=client.4875.0:1, at_version=47'12, trim_to=0'0, pg_committed_to=47'11)) v2
2026-02-11T23:34:54.276+0000 7ff727301640 10 osd.2 pg_epoch: 47 pg[2.0s1( v 47'11 (0'0,47'11] local-lis/les=39/40 n=12 ec=38/38 lis/c=39/39 les/c/f=40/42/0 sis=39) [0,2,3,4,5]p0(0) r=1 lpr=39 crt=47'11 active mbc={}] PeeringState::append_log append_log log((0'0,47'11], crt=47'11) [47'12 (0'0) modify 2:38323a80:::obj12-1:head by client.4875.0:1
2026-02-11T23:34:54.277246+0000 0 ObjectCleanRegions clean_offsets: [12288~18446744073709539327], clean_omap: true, new_object: false]
2026-02-11T23:34:54.276+0000 7ff727301640 10 osd.2 pg_epoch: 47 pg[2.0s1( v 47'12 (0'0,47'12] local-lis/les=39/40 n=12 ec=38/38 lis/c=39/39 les/c/f=40/42/0 sis=39) [0,2,3,4,5]p0(0) r=1 lpr=39 pct=47'11 lua=47'11 crt=47'11 lcod 47'11 active mbc={}] PeeringState::append_log approx pg log length = 12
2026-02-11T23:34:54.276+0000 7ff727301640 10 osd.2 pg_epoch: 47 pg[2.0s1( v 47'12 (0'0,47'12] local-lis/les=39/40 n=12 ec=38/38 lis/c=39/39 les/c/f=40/42/0 sis=39) [0,2,3,4,5]p0(0) r=1 lpr=39 pct=47'11 lua=47'11 crt=47'11 lcod 47'11 active mbc={}] PeeringState::append_log dups pg log length = 0
2026-02-11T23:34:54.276+0000 7ff727301640 10 osd.2 pg_epoch: 47 pg[2.0s1( v 47'12 (0'0,47'12] local-lis/les=39/40 n=12 ec=38/38 lis/c=39/39 les/c/f=40/42/0 sis=39) [0,2,3,4,5]p0(0) r=1 lpr=39 pct=47'11 lua=47'11 crt=47'11 lcod 47'11 active mbc={}] PeeringState::append_log transaction_applied = 1
2026-02-11T23:34:54.276+0000 7ff727301640 10 trim proposed trim_to = 0'0
2026-02-11T23:34:54.276+0000 7ff727301640 6 write_log_and_missing with: dirty_to: 0'0, dirty_from: 4294967295'18446744073709551615, writeout_from: 47'12, trimmed: , trimmed_dups: , clear_divergent_priors: 0
2026-02-11T23:34:54.276+0000 7ff727301640 10 _write_log_and_missing clearing up to 0'0 dirty_to_dups=0'0 dirty_from_dups=4294967295'18446744073709551615 write_from_dups=4294967295'18446744073709551615 trimmed_dups.size()=0
2026-02-11T23:34:54.276+0000 7ff727301640 10 _write_log_and_missing going to encode log.dups.size()=0
2026-02-11T23:34:54.276+0000 7ff727301640 10 _write_log_and_missing 1st round encoded log.dups.size()=0
2026-02-11T23:34:54.276+0000 7ff727301640 10 _write_log_and_missing 2st round encoded log.dups.size()=0
2026-02-11T23:34:54.276+0000 7ff727301640 10 end of _write_log_and_missing
2026-02-11T23:34:54.276+0000 7ff727301640 10 osd.2 pg_epoch: 47 pg[2.0s1( v 47'12 (0'0,47'12] local-lis/les=39/40 n=12 ec=38/38 lis/c=39/39 les/c/f=40/42/0 sis=39) [0,2,3,4,5]p0(0) r=1 lpr=39 pct=47'11 lua=47'11 crt=47'11 lcod 47'11 active mbc={}] op_applied version 47'12
2026-02-11T23:34:54.276+0000 7ff727301640 10 osd.2 47 dequeue_op MOSDECSubOpWrite(2.0s1 47/39 ECSubWrite(tid=44, reqid=client.4875.0:1, at_version=47'12, trim_to=0'0, pg_committed_to=47'11)) v2 finish latency 0.000124
2026-02-11T23:34:54.276+0000 7ff727301640 20 osd.2 op_wq(0) _process empty q, waiting
2026-02-11T23:34:54.276+0000 7ff727301640 20 osd.2 pg_epoch: 47 pg[2.0s1( v 47'12 (0'0,47'12] local-lis/les=39/40 n=12 ec=38/38 lis/c=39/39 les/c/f=40/42/0 sis=39) [0,2,3,4,5]p0(0) r=1 lpr=39 pct=47'11 crt=47'11 lcod 47'11 active mbc={}] PeeringState::update_last_complete_ondisk updating last_complete_ondisk to: 47'12
2026-02-11T23:34:54.276+0000 7ff727301640 20 osd.2 47 send_message_osd_cluster MOSDECSubOpWriteReply to osd.0 from_epoch 47
2026-02-11T23:34:54.277+0000 7ff727301640 20 osd.2 47 get_nextmap_reserved map_reservations: {47=1}
2026-02-11T23:34:54.276+0000 7ff7232f9640 20 osd.2 op_wq(0) _process empty q, waiting
2026-02-11T23:34:54.277+0000 7ff727301640 10 osd.2 47 maybe_share_map: con v2:127.0.0.1:6802/677855753 our osdmap epoch of 47 is not newer than session's projected_epoch of 47
2026-02-11T23:34:54.277+0000 7ff727301640 1 -- [v2:127.0.0.1:6820/1925387730,v1:127.0.0.1:6821/1925387730] --> [v2:127.0.0.1:6802/677855753,v1:127.0.0.1:6803/677855753] -- MOSDECSubOpWriteReply(2.0s0 47/39 ECSubWriteReply(tid=44, last_complete=47'12, committed=1, applied=1)) -- 0x538c480 con 0x3edd000
2026-02-11T23:34:54.277+0000 7ff727301640 20 osd.2 47 release_map epoch: 47
2026-02-11T23:34:54.277+0000 7ff727301640 20 osd.2 op_wq(0) _process empty q, waiting
2026-02-11T23:34:54.277+0000 7ff7445fe640 1 -- [v2:127.0.0.1:6820/1925387730,v1:127.0.0.1:6821/1925387730] <== osd.0 v2:127.0.0.1:6802/677855753 64 ==== MOSDECSubOpWrite(2.0s1 47/39 ECSubWrite(tid=45, reqid=client.4875.0:1, at_version=0'0, trim_to=0'0, pg_committed_to=47'12)) ==== 969+0+0 (unknown 0 0 0) 0x5378000 con 0x3edd000
2026-02-11T23:34:54.277+0000 7ff7445fe640 15 osd.2 47 enqueue_op MOSDECSubOpWrite(2.0s1 47/39 ECSubWrite(tid=45, reqid=client.4875.0:1, at_version=0'0, trim_to=0'0, pg_committed_to=47'12)) v2 prio 127 type 108 cost 0 latency 0.000015 epoch 47
2026-02-11T23:34:54.277+0000 7ff7445fe640 20 osd.2 op_wq(0) _enqueue OpSchedulerItem(2.0s1 PGOpItem(op=MOSDECSubOpWrite(2.0s1 47/39 ECSubWrite(tid=45, reqid=client.4875.0:1, at_version=0'0, trim_to=0'0, pg_committed_to=47'12)) v2) class_id 2 prio 127 cost 0 e47)
2026-02-11T23:34:54.277+0000 7ff727301640 20 osd.2 op_wq(0) _process 2.0s1 to_process <> waiting <> waiting_peering {}
2026-02-11T23:34:54.277+0000 7ff727301640 20 osd.2 op_wq(0) _process OpSchedulerItem(2.0s1 PGOpItem(op=MOSDECSubOpWrite(2.0s1 47/39 ECSubWrite(tid=45, reqid=client.4875.0:1, at_version=0'0, trim_to=0'0, pg_committed_to=47'12)) v2) class_id 2immediate prio 127 cost 0 e47) queued
2026-02-11T23:34:54.277+0000 7ff727301640 20 osd.2 op_wq(0) _process 2.0s1 to_process waiting <> waiting_peering {}
2026-02-11T23:34:54.277+0000 7ff727301640 20 osd.2 op_wq(0) _process OpSchedulerItem(2.0s1 PGOpItem(op=MOSDECSubOpWrite(2.0s1 47/39 ECSubWrite(tid=45, reqid=client.4875.0:1, at_version=0'0, trim_to=0'0, pg_committed_to=47'12)) v2) class_id 2immediate prio 127 cost 0 e47) pg 0x4252000
2026-02-11T23:34:54.277+0000 7ff727301640 10 osd.2 47 dequeue_op MOSDECSubOpWrite(2.0s1 47/39 ECSubWrite(tid=45, reqid=client.4875.0:1, at_version=0'0, trim_to=0'0, pg_committed_to=47'12)) v2 prio 127 cost 0 latency 0.000042 MOSDECSubOpWrite(2.0s1 47/39 ECSubWrite(tid=45, reqid=client.4875.0:1, at_version=0'0, trim_to=0'0, pg_committed_to=47'12)) v2 pg pg[2.0s1( v 47'12 (0'0,47'12] local-lis/les=39/40 n=12 ec=38/38 lis/c=39/39 les/c/f=40/42/0 sis=39) [0,2,3,4,5]p0(0) r=1 lpr=39 pct=47'11 crt=47'11 active mbc={}]
2026-02-11T23:34:54.277+0000 7ff727301640 10 osd.2 47 maybe_share_map: con v2:127.0.0.1:6802/677855753 our osdmap epoch of 47 is not newer than session's projected_epoch of 47
2026-02-11T23:34:54.277+0000 7ff727301640 10 osd.2 pg_epoch: 47 pg[2.0s1( v 47'12 (0'0,47'12] local-lis/les=39/40 n=12 ec=38/38 lis/c=39/39 les/c/f=40/42/0 sis=39) [0,2,3,4,5]p0(0) r=1 lpr=39 pct=47'11 crt=47'11 active mbc={}] ECBackendL _handle_message: MOSDECSubOpWrite(2.0s1 47/39 ECSubWrite(tid=45, reqid=client.4875.0:1, at_version=0'0, trim_to=0'0, pg_committed_to=47'12)) v2
2026-02-11T23:34:54.277+0000 7ff727301640 10 osd.2 pg_epoch: 47 pg[2.0s1( v 47'12 (0'0,47'12] local-lis/les=39/40 n=12 ec=38/38 lis/c=39/39 les/c/f=40/42/0 sis=39) [0,2,3,4,5]p0(0) r=1 lpr=39 pct=47'11 crt=47'11 active mbc={}] PeeringState::append_log append_log log((0'0,47'12], crt=47'11) []
2026-02-11T23:34:54.277+0000 7ff727301640 20 osd.2 pg_epoch: 47 pg[2.0s1( v 47'12 (0'0,47'12] local-lis/les=39/40 n=12 ec=38/38 lis/c=39/39 les/c/f=40/42/0 sis=39) [0,2,3,4,5]p0(0) r=1 lpr=39 pct=47'11 crt=47'12 active mbc={}] rollforward: entry=47'12 (0'0) modify 2:38323a80:::obj12-1:head by client.4875.0:1
2026-02-11T23:34:54.277246+0000 0 ObjectCleanRegions clean_offsets: [12288~18446744073709539327], clean_omap: true, new_object: false
2026-02-11T23:34:54.277+0000 7ff727301640 10 osd.2 pg_epoch: 47 pg[2.0s1( v 47'12 (0'0,47'12] local-lis/les=39/40 n=12 ec=38/38 lis/c=39/39 les/c/f=40/42/0 sis=39) [0,2,3,4,5]p0(0) r=1 lpr=39 pct=47'11 crt=47'12 active mbc={}] PeeringState::append_log approx pg log length = 12
2026-02-11T23:34:54.277+0000 7ff727301640 10 osd.2 pg_epoch: 47 pg[2.0s1( v 47'12 (0'0,47'12] local-lis/les=39/40 n=12 ec=38/38 lis/c=39/39 les/c/f=40/42/0 sis=39) [0,2,3,4,5]p0(0) r=1 lpr=39 pct=47'11 crt=47'12 active mbc={}] PeeringState::append_log dups pg log length = 0
2026-02-11T23:34:54.277+0000 7ff7232f9640 20 osd.2 op_wq(0) _process empty q, waiting
2026-02-11T23:34:54.277+0000 7ff727301640 10 osd.2 pg_epoch: 47 pg[2.0s1( v 47'12 (0'0,47'12] local-lis/les=39/40 n=12 ec=38/38 lis/c=39/39 les/c/f=40/42/0 sis=39) [0,2,3,4,5]p0(0) r=1 lpr=39 pct=47'11 crt=47'12 active mbc={}] PeeringState::append_log transaction_applied = 1
2026-02-11T23:34:54.277+0000 7ff727301640 10 trim proposed trim_to = 0'0
2026-02-11T23:34:54.277+0000 7ff727301640 6 write_log_and_missing with: dirty_to: 0'0, dirty_from: 4294967295'18446744073709551615, writeout_from: 4294967295'18446744073709551615, trimmed: , trimmed_dups: , clear_divergent_priors: 0
2026-02-11T23:34:54.277+0000 7ff727301640 10 _write_log_and_missing clearing up to 0'0 dirty_to_dups=0'0 dirty_from_dups=4294967295'18446744073709551615 write_from_dups=4294967295'18446744073709551615 trimmed_dups.size()=0
2026-02-11T23:34:54.277+0000 7ff727301640 10 _write_log_and_missing going to encode log.dups.size()=0
2026-02-11T23:34:54.277+0000 7ff727301640 10 _write_log_and_missing 1st round encoded log.dups.size()=0
2026-02-11T23:34:54.277+0000 7ff727301640 10 _write_log_and_missing 2st round encoded log.dups.size()=0
2026-02-11T23:34:54.277+0000 7ff727301640 10 end of _write_log_and_missing
2026-02-11T23:34:54.277+0000 7ff727301640 10 osd.2 47 dequeue_op MOSDECSubOpWrite(2.0s1 47/39 ECSubWrite(tid=45, reqid=client.4875.0:1, at_version=0'0, trim_to=0'0, pg_committed_to=47'12)) v2 finish latency 0.000056
2026-02-11T23:34:54.277+0000 7ff727301640 20 osd.2 op_wq(0) _process empty q, waiting
2026-02-11T23:34:54.277+0000 7ff7232f9640 20 osd.2 op_wq(0) _process empty q, waiting
2026-02-11T23:34:54.277+0000 7ff727301640 20 osd.2 pg_epoch: 47 pg[2.0s1( v 47'12 (0'0,47'12] local-lis/les=39/40 n=12 ec=38/38 lis/c=39/39 les/c/f=40/42/0 sis=39) [0,2,3,4,5]p0(0) r=1 lpr=39 crt=47'12 active mbc={}] PeeringState::update_last_complete_ondisk updating last_complete_ondisk to: 47'12
2026-02-11T23:34:54.277+0000 7ff727301640 20 osd.2 47 send_message_osd_cluster MOSDECSubOpWriteReply to osd.0 from_epoch 47
2026-02-11T23:34:54.277+0000 7ff727301640 20 osd.2 47 get_nextmap_reserved map_reservations: {47=1}
2026-02-11T23:34:54.277+0000 7ff727301640 10 osd.2 47 maybe_share_map: con v2:127.0.0.1:6802/677855753 our osdmap epoch of 47 is not newer than session's projected_epoch of 47
2026-02-11T23:34:54.277+0000 7ff727301640 1 -- [v2:127.0.0.1:6820/1925387730,v1:127.0.0.1:6821/1925387730] --> [v2:127.0.0.1:6802/677855753,v1:127.0.0.1:6803/677855753] -- MOSDECSubOpWriteReply(2.0s0 47/39 ECSubWriteReply(tid=45, last_complete=47'12, committed=1, applied=1)) -- 0x538cf00 con 0x3edd000
2026-02-11T23:34:54.277+0000 7ff727301640 20 osd.2 47 release_map epoch: 47
2026-02-11T23:34:54.277+0000 7ff727301640 20 osd.2 op_wq(0) _process empty q, waiting
2026-02-11T23:34:54.289+0000 7ff71f2f1640 5 osd.2 47 heartbeat osd_stat(store_statfs(0x384000/0x0/0x384000, data 0x29910/0x6b000, compress 0x0/0x0/0x0, omap 0x341f, meta 0x1a4cbe1), peers [0,1,3,4,5] op hist [])
2026-02-11T23:34:54.289+0000 7ff71f2f1640 20 osd.2 47 check_full_status cur ratio 0, physical ratio 0, new state none
2026-02-11T23:34:54.289+0000 7ff71f2f1640 1 -- 127.0.0.1:0/1925387730 --> [v2:127.0.0.1:6806/677855753,v1:127.0.0.1:6807/677855753] -- osd_ping(ping e47 up_from 13 ping_stamp
2026-02-11T23:34:54.290848+0000/32.504470825s send_stamp 32.504470825s delta_ub -4.590885162s) -- 0x534c900 con 0x43c9000
2026-02-11T23:34:54.289+0000 7ff71f2f1640 1 -- 127.0.0.1:0/1925387730 --> [v2:127.0.0.1:6804/677855753,v1:127.0.0.1:6805/677855753] -- osd_ping(ping e47 up_from 13 ping_stamp
2026-02-11T23:34:54.290848+0000/32.504470825s send_stamp 32.504470825s delta_ub -4.590885162s) -- 0x534ca80 con 0x43c9400
2026-02-11T23:34:54.289+0000 7ff71f2f1640 1 -- 127.0.0.1:0/1925387730 --> [v2:127.0.0.1:6816/1836975870,v1:127.0.0.1:6817/1836975870] -- osd_ping(ping e47 up_from 13 ping_stamp
2026-02-11T23:34:54.290848+0000/32.504470825s send_stamp 32.504470825s delta_ub -2.542598248s) -- 0x534cc00 con 0x43c9800
2026-02-11T23:34:54.289+0000 7ff71f2f1640 1 -- 127.0.0.1:0/1925387730 --> [v2:127.0.0.1:6814/1836975870,v1:127.0.0.1:6815/1836975870] -- osd_ping(ping e47 up_from 13 ping_stamp
2026-02-11T23:34:54.290848+0000/32.504470825s send_stamp 32.504470825s delta_ub -2.542598248s) -- 0x534cd80 con 0x3edcc00
2026-02-11T23:34:54.289+0000 7ff71f2f1640 1 -- 127.0.0.1:0/1925387730 --> [v2:127.0.0.1:6832/21571095,v1:127.0.0.1:6833/21571095] -- osd_ping(ping e47 up_from 13 ping_stamp
2026-02-11T23:34:54.290848+0000/32.504470825s send_stamp 32.504470825s delta_ub 2.607089043s) -- 0x534cf00 con 0x43ea400
2026-02-11T23:34:54.289+0000 7ff71f2f1640 1 -- 127.0.0.1:0/1925387730 --> [v2:127.0.0.1:6830/21571095,v1:127.0.0.1:6831/21571095] -- osd_ping(ping e47 up_from 13 ping_stamp
2026-02-11T23:34:54.290848+0000/32.504470825s send_stamp 32.504470825s delta_ub 2.607089043s) -- 0x534d080 con 0x43ea000
2026-02-11T23:34:54.289+0000 7ff71f2f1640 1 -- 127.0.0.1:0/1925387730 --> [v2:127.0.0.1:6840/210998005,v1:127.0.0.1:6841/210998005] -- osd_ping(ping e47 up_from 13 ping_stamp
2026-02-11T23:34:54.290848+0000/32.504470825s send_stamp 32.504470825s delta_ub 5.200809956s) -- 0x534d200 con 0x4fdd800
2026-02-11T23:34:54.289+0000 7ff71f2f1640 1 -- 127.0.0.1:0/1925387730 --> [v2:127.0.0.1:6838/210998005,v1:127.0.0.1:6839/210998005] -- osd_ping(ping e47 up_from 13 ping_stamp
2026-02-11T23:34:54.290848+0000/32.504470825s send_stamp 32.504470825s delta_ub 5.200809956s) -- 0x538d380 con 0x4fddc00
2026-02-11T23:34:54.289+0000 7ff71f2f1640 1 -- 127.0.0.1:0/1925387730 --> [v2:127.0.0.1:6848/2940165153,v1:127.0.0.1:6849/2940165153] -- osd_ping(ping e47 up_from 13 ping_stamp
2026-02-11T23:34:54.290848+0000/32.504470825s send_stamp 32.504470825s delta_ub 7.815210819s) -- 0x538d500 con 0x4f28000
2026-02-11T23:34:54.289+0000 7ff71f2f1640 1 -- 127.0.0.1:0/1925387730 --> [v2:127.0.0.1:6846/2940165153,v1:127.0.0.1:6847/2940165153] -- osd_ping(ping e47 up_from 13 ping_stamp
2026-02-11T23:34:54.290848+0000/32.504470825s send_stamp 32.504470825s delta_ub 7.815210819s) -- 0x538d680 con 0x4f28400
2026-02-11T23:34:54.289+0000 7ff7445fe640 1 -- 127.0.0.1:0/1925387730 <== osd.0 v2:127.0.0.1:6806/677855753 11 ==== osd_ping(ping_reply e47 up_from 5 ping_stamp
2026-02-11T23:34:54.290848+0000/32.504470825s send_stamp 37.095504761s delta_ub 4.591034889s) ==== 2033+0+0 (crc 0 0 0) 0x538d380 con 0x43c9000
2026-02-11T23:34:54.289+0000 7ff7445fe640 20 osd.2 47 get_con_osd_cluster to osd.0 from_epoch 47
2026-02-11T23:34:54.289+0000 7ff7445fe640 20 osd.2 47 get_nextmap_reserved map_reservations: {47=1}
2026-02-11T23:34:54.289+0000 7ff7445fe640 20 osd.2 47 release_map epoch: 47
2026-02-11T23:34:54.289+0000 7ff7445fe640 10 osd.2 47 maybe_share_map: con v2:127.0.0.1:6802/677855753 our osdmap epoch of 47 is not newer than session's projected_epoch of 47
2026-02-11T23:34:54.289+0000 7ff7445fe640 20 osd.2 47 handle_osd_ping new stamps hbstamp(osd.0 up_from 5 peer_clock_delta [4.590923309s,4.591034889s])
2026-02-11T23:34:54.289+0000 7ff7445fe640 1 -- 127.0.0.1:0/1925387730 <== osd.3 v2:127.0.0.1:6832/21571095 8 ==== osd_ping(ping_reply e47 up_from 18 ping_stamp
2026-02-11T23:34:54.290848+0000/32.504470825s send_stamp 29.897579193s delta_ub -2.606893063s) ==== 2033+0+0 (crc 0 0 0) 0x538d380 con 0x43ea400
2026-02-11T23:34:54.289+0000 7ff7425fa640 1 -- 127.0.0.1:0/1925387730 <== osd.0 v2:127.0.0.1:6804/677855753 11 ==== osd_ping(ping_reply e47 up_from 5 ping_stamp
2026-02-11T23:34:54.290848+0000/32.504470825s send_stamp 37.095531464s delta_ub 4.591056824s) ==== 2033+0+0 (crc 0 0 0) 0x538d500 con 0x43c9400
2026-02-11T23:34:54.289+0000 7ff7445fe640 20 osd.2 47 get_con_osd_cluster to osd.3 from_epoch 47
2026-02-11T23:34:54.289+0000 7ff7445fe640 20 osd.2 47 get_nextmap_reserved map_reservations: {47=1}
2026-02-11T23:34:54.289+0000 7ff7445fe640 20 osd.2 47 release_map epoch: 47
2026-02-11T23:34:54.289+0000 7ff7445fe640 10 osd.2 47 maybe_share_map: con v2:127.0.0.1:6828/21571095 our osdmap epoch of 47 is not newer than session's projected_epoch of 47
2026-02-11T23:34:54.289+0000 7ff7445fe640 20 osd.2 47 handle_osd_ping new stamps hbstamp(osd.3 up_from 18 peer_clock_delta [-2.607022762s,-2.606893063s])
2026-02-11T23:34:54.289+0000 7ff7425fa640 20 osd.2 47 get_con_osd_cluster to osd.0 from_epoch 47
2026-02-11T23:34:54.289+0000 7ff7425fa640 20 osd.2 47 get_nextmap_reserved map_reservations: {47=1}
2026-02-11T23:34:54.289+0000 7ff7425fa640 20 osd.2 47 release_map epoch: 47
