2026-02-11T23:33:20.024+0000 7f52a6ffa640 20 --2- 127.0.0.1:0/4233300883 >> v2:127.0.0.1:7180/0 conn(0xb65c000 0xb355600 crc :-1 s=THROTTLE_MESSAGE pgs=24 gs=1 cs=0 l=1 c_cookie=0 s_cookie=0 reconnecting=0 rev1=1 crypto rx=0 tx=0 comp rx=0 tx=0).throttle_message
2026-02-11T23:33:20.024+0000 7f52a6ffa640 20 --2- 127.0.0.1:0/4233300883 >> v2:127.0.0.1:7180/0 conn(0xb65c000 0xb355600 crc :-1 s=THROTTLE_BYTES pgs=24 gs=1 cs=0 l=1 c_cookie=0 s_cookie=0 reconnecting=0 rev1=1 crypto rx=0 tx=0 comp rx=0 tx=0).throttle_bytes
2026-02-11T23:33:20.024+0000 7f52a6ffa640 20 --2- 127.0.0.1:0/4233300883 >> v2:127.0.0.1:7180/0 conn(0xb65c000 0xb355600 crc :-1 s=THROTTLE_DISPATCH_QUEUE pgs=24 gs=1 cs=0 l=1 c_cookie=0 s_cookie=0 reconnecting=0 rev1=1 crypto rx=0 tx=0 comp rx=0 tx=0).throttle_dispatch_queue
2026-02-11T23:33:20.024+0000 7f52a6ffa640 20 --2- 127.0.0.1:0/4233300883 >> v2:127.0.0.1:7180/0 conn(0xb65c000 0xb355600 crc :-1 s=THROTTLE_DONE pgs=24 gs=1 cs=0 l=1 c_cookie=0 s_cookie=0 reconnecting=0 rev1=1 crypto rx=0 tx=0 comp rx=0 tx=0).read_frame_segment seg_idx=0
2026-02-11T23:33:20.024+0000 7f52a6ffa640 20 -- 127.0.0.1:0/4233300883 >> v2:127.0.0.1:7180/0 conn(0xb65c000 msgr2=0xb355600 crc :-1 s=STATE_CONNECTION_ESTABLISHED l=1).read start len=45
2026-02-11T23:33:20.024+0000 7f52a8ffe640 5 --2- 127.0.0.1:0/3181536868 >> v2:127.0.0.1:7180/0 conn(0xb330000 0xb354000 crc :-1 s=READ_MESSAGE_COMPLETE pgs=18 gs=2 cs=0 l=1 c_cookie=3917940633496780781 s_cookie=0 reconnecting=0 rev1=1 crypto rx=0 tx=0 comp rx=0 tx=0).handle_message received message m=0xb445a00 seq=25 from=mon.0 type=51 mon_command_ack([{prefix=config-key set, key=mgr/telemetry/salt}]=0 set mgr/telemetry/salt v5)=0 set mgr/telemetry/salt v5)
2026-02-11T23:33:20.024+0000 7f52a6ffa640 20 --2- 127.0.0.1:0/4233300883 >> v2:127.0.0.1:7180/0 conn(0xb65c000 0xb355600 crc :-1 s=THROTTLE_DONE pgs=24 gs=1 cs=0 l=1 c_cookie=0 s_cookie=0 reconnecting=0 rev1=1 crypto rx=0 tx=0 comp rx=0 tx=0).handle_read_frame_segment r=0
2026-02-11T23:33:20.024+0000 7f52a8ffe640 20 -- 127.0.0.1:0/3181536868 queue 0xb445a00 prio 196
2026-02-11T23:33:20.024+0000 7f52a6ffa640 20 --2- 127.0.0.1:0/4233300883 >> v2:127.0.0.1:7180/0 conn(0xb65c000 0xb355600 crc :-1 s=THROTTLE_DONE pgs=24 gs=1 cs=0 l=1 c_cookie=0 s_cookie=0 reconnecting=0 rev1=1 crypto rx=0 tx=0 comp rx=0 tx=0).read_frame_segment seg_idx=1
2026-02-11T23:33:20.024+0000 7f52a6ffa640 20 -- 127.0.0.1:0/4233300883 >> v2:127.0.0.1:7180/0 conn(0xb65c000 msgr2=0xb355600 crc :-1 s=STATE_CONNECTION_ESTABLISHED l=1).read start len=178
2026-02-11T23:33:20.024+0000 7f52a8ffe640 20 --2- 127.0.0.1:0/3181536868 >> v2:127.0.0.1:7180/0 conn(0xb330000 0xb354000 crc :-1 s=READY pgs=18 gs=2 cs=0 l=1 c_cookie=3917940633496780781 s_cookie=0 reconnecting=0 rev1=1 crypto rx=0 tx=0 comp rx=0 tx=0).read_frame
2026-02-11T23:33:20.024+0000 7f52a6ffa640 20 --2- 127.0.0.1:0/4233300883 >> v2:127.0.0.1:7180/0 conn(0xb65c000 0xb355600 crc :-1 s=THROTTLE_DONE pgs=24 gs=1 cs=0 l=1 c_cookie=0 s_cookie=0 reconnecting=0 rev1=1 crypto rx=0 tx=0 comp rx=0 tx=0).handle_read_frame_segment r=0
2026-02-11T23:33:20.024+0000 7f52a8ffe640 20 -- 127.0.0.1:0/3181536868 >> v2:127.0.0.1:7180/0 conn(0xb330000 msgr2=0xb354000 crc :-1 s=STATE_CONNECTION_ESTABLISHED l=1).read start len=32
2026-02-11T23:33:20.024+0000 7f52a6ffa640 20 -- 127.0.0.1:0/4233300883 >> v2:127.0.0.1:7180/0 conn(0xb65c000 msgr2=0xb355600 crc :-1 s=STATE_CONNECTION_ESTABLISHED l=1).read start len=13
2026-02-11T23:33:20.024+0000 7f52a6ffa640 20 --2- 127.0.0.1:0/4233300883 >> v2:127.0.0.1:7180/0 conn(0xb65c000 0xb355600 crc :-1 s=THROTTLE_DONE pgs=24 gs=1 cs=0 l=1 c_cookie=0 s_cookie=0 reconnecting=0 rev1=1 crypto rx=0 tx=0 comp rx=0 tx=0).handle_read_frame_epilogue_main r=0
2026-02-11T23:33:20.024+0000 7f52a6ffa640 10 --2- 127.0.0.1:0/4233300883 >> v2:127.0.0.1:7180/0 conn(0xb65c000 0xb355600 crc :-1 s=THROTTLE_DONE pgs=24 gs=1 cs=0 l=1 c_cookie=0 s_cookie=0 reconnecting=0 rev1=1 crypto rx=0 tx=0 comp rx=0 tx=0).handle_read_frame_dispatch tag=17
2026-02-11T23:33:20.024+0000 7f52a6ffa640 20 --2- 127.0.0.1:0/4233300883 >> v2:127.0.0.1:7180/0 conn(0xb65c000 0xb355600 crc :-1 s=THROTTLE_DONE pgs=24 gs=1 cs=0 l=1 c_cookie=0 s_cookie=0 reconnecting=0 rev1=1 crypto rx=0 tx=0 comp rx=0 tx=0).handle_message
2026-02-11T23:33:20.024+0000 7f52a6ffa640 5 --2- 127.0.0.1:0/4233300883 >> v2:127.0.0.1:7180/0 conn(0xb65c000 0xb355600 crc :-1 s=THROTTLE_DONE pgs=24 gs=1 cs=0 l=1 c_cookie=0 s_cookie=0 reconnecting=0 rev1=1 crypto rx=0 tx=0 comp rx=0 tx=0).handle_message got 178 + 0 + 0 byte message. envelope type=4 src mon.0 off 0
2026-02-11T23:33:20.024+0000 7f52a4ff6640 1 -- 127.0.0.1:0/3181536868 <== mon.0 v2:127.0.0.1:7180/0 25 ==== mon_command_ack([{prefix=config-key set, key=mgr/telemetry/salt}]=0 set mgr/telemetry/salt v5)=0 set mgr/telemetry/salt v5) ==== 155+0+0 (crc 0 0 0) 0xb445a00 con 0xb330000
2026-02-11T23:33:20.024+0000 7f52a8ffe640 20 --2- 127.0.0.1:0/3181536868 >> v2:127.0.0.1:7180/0 conn(0xb330000 0xb354000 crc :-1 s=READY pgs=18 gs=2 cs=0 l=1 c_cookie=3917940633496780781 s_cookie=0 reconnecting=0 rev1=1 crypto rx=0 tx=0 comp rx=0 tx=0).handle_read_frame_preamble_main r=0
2026-02-11T23:33:20.024+0000 7f52a6ffa640 5 --2- 127.0.0.1:0/4233300883 >> v2:127.0.0.1:7180/0 conn(0xb65c000 0xb355600 crc :-1 s=READ_MESSAGE_COMPLETE pgs=24 gs=1 cs=0 l=1 c_cookie=0 s_cookie=0 reconnecting=0 rev1=1 crypto rx=0 tx=0 comp rx=0 tx=0).handle_message received message m=0x1a57080 seq=1 from=mon.0 type=4 mon_map magic: 0
2026-02-11T23:33:20.024+0000 7f52a8ffe640 20 --2- 127.0.0.1:0/3181536868 >> v2:127.0.0.1:7180/0 conn(0xb330000 0xb354000 crc :-1 s=THROTTLE_MESSAGE pgs=18 gs=2 cs=0 l=1 c_cookie=3917940633496780781 s_cookie=0 reconnecting=0 rev1=1 crypto rx=0 tx=0 comp rx=0 tx=0).throttle_message
2026-02-11T23:33:20.024+0000 7f52a6ffa640 20 -- 127.0.0.1:0/4233300883 queue 0x1a57080 prio 196
2026-02-11T23:33:20.024+0000 7f52a8ffe640 20 --2- 127.0.0.1:0/3181536868 >> v2:127.0.0.1:7180/0 conn(0xb330000 0xb354000 crc :-1 s=THROTTLE_BYTES pgs=18 gs=2 cs=0 l=1 c_cookie=3917940633496780781 s_cookie=0 reconnecting=0 rev1=1 crypto rx=0 tx=0 comp rx=0 tx=0).throttle_bytes
2026-02-11T23:33:20.024+0000 7f52a4ff6640 10 -- 127.0.0.1:0/3181536868 dispatch_throttle_release 155 to dispatch throttler 155/104857600
2026-02-11T23:33:20.024+0000 7f52a4ff6640 20 -- 127.0.0.1:0/3181536868 done calling dispatch on 0xb445a00
2026-02-11T23:33:20.024+0000 7f52a8ffe640 20 --2- 127.0.0.1:0/3181536868 >> v2:127.0.0.1:7180/0 conn(0xb330000 0xb354000 crc :-1 s=THROTTLE_DISPATCH_QUEUE pgs=18 gs=2 cs=0 l=1 c_cookie=3917940633496780781 s_cookie=0 reconnecting=0 rev1=1 crypto rx=0 tx=0 comp rx=0 tx=0).throttle_dispatch_queue
2026-02-11T23:33:20.024+0000 7f52a6ffa640 20 --2- 127.0.0.1:0/4233300883 >> v2:127.0.0.1:7180/0 conn(0xb65c000 0xb355600 crc :-1 s=READY pgs=24 gs=1 cs=0 l=1 c_cookie=0 s_cookie=0 reconnecting=0 rev1=1 crypto rx=0 tx=0 comp rx=0 tx=0).read_frame
2026-02-11T23:33:20.024+0000 7f52a8ffe640 20 --2- 127.0.0.1:0/3181536868 >> v2:127.0.0.1:7180/0 conn(0xb330000 0xb354000 crc :-1 s=THROTTLE_DONE pgs=18 gs=2 cs=0 l=1 c_cookie=3917940633496780781 s_cookie=0 reconnecting=0 rev1=1 crypto rx=0 tx=0 comp rx=0 tx=0).read_frame_segment seg_idx=0
2026-02-11T23:33:20.024+0000 7f52a6ffa640 20 -- 127.0.0.1:0/4233300883 >> v2:127.0.0.1:7180/0 conn(0xb65c000 msgr2=0xb355600 crc :-1 s=STATE_CONNECTION_ESTABLISHED l=1).read start len=32
2026-02-11T23:33:20.024+0000 7f52a8ffe640 20 -- 127.0.0.1:0/3181536868 >> v2:127.0.0.1:7180/0 conn(0xb330000 msgr2=0xb354000 crc :-1 s=STATE_CONNECTION_ESTABLISHED l=1).read start len=45
2026-02-11T23:33:20.024+0000 7f52a8ffe640 20 --2- 127.0.0.1:0/3181536868 >> v2:127.0.0.1:7180/0 conn(0xb330000 0xb354000 crc :-1 s=THROTTLE_DONE pgs=18 gs=2 cs=0 l=1 c_cookie=3917940633496780781 s_cookie=0 reconnecting=0 rev1=1 crypto rx=0 tx=0 comp rx=0 tx=0).handle_read_frame_segment r=0
2026-02-11T23:33:20.024+0000 7f51acf0a640 1 -- 127.0.0.1:0/4233300883 <== mon.0 v2:127.0.0.1:7180/0 1 ==== mon_map magic: 0 ==== 178+0+0 (crc 0 0 0) 0x1a57080 con 0xb65c000
2026-02-11T23:33:20.024+0000 7f52a8ffe640 20 --2- 127.0.0.1:0/3181536868 >> v2:127.0.0.1:7180/0 conn(0xb330000 0xb354000 crc :-1 s=THROTTLE_DONE pgs=18 gs=2 cs=0 l=1 c_cookie=3917940633496780781 s_cookie=0 reconnecting=0 rev1=1 crypto rx=0 tx=0 comp rx=0 tx=0).read_frame_segment seg_idx=1
2026-02-11T23:33:20.024+0000 7f52a8ffe640 20 -- 127.0.0.1:0/3181536868 >> v2:127.0.0.1:7180/0 conn(0xb330000 msgr2=0xb354000 crc :-1 s=STATE_CONNECTION_ESTABLISHED l=1).read start len=24
2026-02-11T23:33:20.024+0000 7f52a8ffe640 20 --2- 127.0.0.1:0/3181536868 >> v2:127.0.0.1:7180/0 conn(0xb330000 0xb354000 crc :-1 s=THROTTLE_DONE pgs=18 gs=2 cs=0 l=1 c_cookie=3917940633496780781 s_cookie=0 reconnecting=0 rev1=1 crypto rx=0 tx=0 comp rx=0 tx=0).handle_read_frame_segment r=0
2026-02-11T23:33:20.024+0000 7f52a6ffa640 20 --2- 127.0.0.1:0/4233300883 >> v2:127.0.0.1:7180/0 conn(0xb65c000 0xb355600 crc :-1 s=READY pgs=24 gs=1 cs=0 l=1 c_cookie=0 s_cookie=0 reconnecting=0 rev1=1 crypto rx=0 tx=0 comp rx=0 tx=0).handle_read_frame_preamble_main r=0
2026-02-11T23:33:20.024+0000 7f52a8ffe640 20 -- 127.0.0.1:0/3181536868 >> v2:127.0.0.1:7180/0 conn(0xb330000 msgr2=0xb354000 crc :-1 s=STATE_CONNECTION_ESTABLISHED l=1).read start len=13
2026-02-11T23:33:20.024+0000 7f52a6ffa640 20 --2- 127.0.0.1:0/4233300883 >> v2:127.0.0.1:7180/0 conn(0xb65c000 0xb355600 crc :-1 s=THROTTLE_MESSAGE pgs=24 gs=1 cs=0 l=1 c_cookie=0 s_cookie=0 reconnecting=0 rev1=1 crypto rx=0 tx=0 comp rx=0 tx=0).throttle_message
2026-02-11T23:33:20.024+0000 7f52a8ffe640 20 --2- 127.0.0.1:0/3181536868 >> v2:127.0.0.1:7180/0 conn(0xb330000 0xb354000 crc :-1 s=THROTTLE_DONE pgs=18 gs=2 cs=0 l=1 c_cookie=3917940633496780781 s_cookie=0 reconnecting=0 rev1=1 crypto rx=0 tx=0 comp rx=0 tx=0).handle_read_frame_epilogue_main r=0
2026-02-11T23:33:20.024+0000 7f52a6ffa640 20 --2- 127.0.0.1:0/4233300883 >> v2:127.0.0.1:7180/0 conn(0xb65c000 0xb355600 crc :-1 s=THROTTLE_BYTES pgs=24 gs=1 cs=0 l=1 c_cookie=0 s_cookie=0 reconnecting=0 rev1=1 crypto rx=0 tx=0 comp rx=0 tx=0).throttle_bytes
2026-02-11T23:33:20.024+0000 7f51b1f14640 4 mgr get_store get_store key: mgr/telemetry/collection
2026-02-11T23:33:20.024+0000 7f52a8ffe640 10 --2- 127.0.0.1:0/3181536868 >> v2:127.0.0.1:7180/0 conn(0xb330000 0xb354000 crc :-1 s=THROTTLE_DONE pgs=18 gs=2 cs=0 l=1 c_cookie=3917940633496780781 s_cookie=0 reconnecting=0 rev1=1 crypto rx=0 tx=0 comp rx=0 tx=0).handle_read_frame_dispatch tag=17
2026-02-11T23:33:20.024+0000 7f51b1f14640 4 ceph_store_get collection not found
2026-02-11T23:33:20.024+0000 7f51acf0a640 10 -- 127.0.0.1:0/4233300883 dispatch_throttle_release 178 to dispatch throttler 178/104857600
2026-02-11T23:33:20.024+0000 7f52a8ffe640 20 --2- 127.0.0.1:0/3181536868 >> v2:127.0.0.1:7180/0 conn(0xb330000 0xb354000 crc :-1 s=THROTTLE_DONE pgs=18 gs=2 cs=0 l=1 c_cookie=3917940633496780781 s_cookie=0 reconnecting=0 rev1=1 crypto rx=0 tx=0 comp rx=0 tx=0).handle_message
2026-02-11T23:33:20.024+0000 7f51acf0a640 20 -- 127.0.0.1:0/4233300883 done calling dispatch on 0x1a57080
2026-02-11T23:33:20.024+0000 7f52a6ffa640 20 --2- 127.0.0.1:0/4233300883 >> v2:127.0.0.1:7180/0 conn(0xb65c000 0xb355600 crc :-1 s=THROTTLE_DISPATCH_QUEUE pgs=24 gs=1 cs=0 l=1 c_cookie=0 s_cookie=0 reconnecting=0 rev1=1 crypto rx=0 tx=0 comp rx=0 tx=0).throttle_dispatch_queue
2026-02-11T23:33:20.024+0000 7f52a8ffe640 5 --2- 127.0.0.1:0/3181536868 >> v2:127.0.0.1:7180/0 conn(0xb330000 0xb354000 crc :-1 s=THROTTLE_DONE pgs=18 gs=2 cs=0 l=1 c_cookie=3917940633496780781 s_cookie=0 reconnecting=0 rev1=1 crypto rx=0 tx=0 comp rx=0 tx=0).handle_message got 24 + 0 + 0 byte message. envelope type=54 src mon.0 off 0
2026-02-11T23:33:20.024+0000 7f52a6ffa640 20 --2- 127.0.0.1:0/4233300883 >> v2:127.0.0.1:7180/0 conn(0xb65c000 0xb355600 crc :-1 s=THROTTLE_DONE pgs=24 gs=1 cs=0 l=1 c_cookie=0 s_cookie=0 reconnecting=0 rev1=1 crypto rx=0 tx=0 comp rx=0 tx=0).read_frame_segment seg_idx=0
2026-02-11T23:33:20.024+0000 7f52a8ffe640 5 --2- 127.0.0.1:0/3181536868 >> v2:127.0.0.1:7180/0 conn(0xb330000 0xb354000 crc :-1 s=READ_MESSAGE_COMPLETE pgs=18 gs=2 cs=0 l=1 c_cookie=3917940633496780781 s_cookie=0 reconnecting=0 rev1=1 crypto rx=0 tx=0 comp rx=0 tx=0).handle_message received message m=0xb4461a0 seq=26 from=mon.0 type=54 kv_data(v5 prefix config/, incremental, 0 keys)
2026-02-11T23:33:20.024+0000 7f52a6ffa640 20 -- 127.0.0.1:0/4233300883 >> v2:127.0.0.1:7180/0 conn(0xb65c000 msgr2=0xb355600 crc :-1 s=STATE_CONNECTION_ESTABLISHED l=1).read start len=45
2026-02-11T23:33:20.024+0000 7f52a8ffe640 20 -- 127.0.0.1:0/3181536868 queue 0xb4461a0 prio 196
2026-02-11T23:33:20.024+0000 7f51c5fbc640 1 -- 127.0.0.1:0/4233300883 --> v2:127.0.0.1:7180/0 -- mon_subscribe({mgrmap=0+}) -- 0xb4c0d00 con 0xb65c000
2026-02-11T23:33:20.024+0000 7f52a6ffa640 20 --2- 127.0.0.1:0/4233300883 >> v2:127.0.0.1:7180/0 conn(0xb65c000 0xb355600 crc :-1 s=THROTTLE_DONE pgs=24 gs=1 cs=0 l=1 c_cookie=0 s_cookie=0 reconnecting=0 rev1=1 crypto rx=0 tx=0 comp rx=0 tx=0).handle_read_frame_segment r=0
2026-02-11T23:33:20.024+0000 7f51c5fbc640 5 --2- 127.0.0.1:0/4233300883 >> v2:127.0.0.1:7180/0 conn(0xb65c000 0xb355600 crc :-1 s=THROTTLE_DONE pgs=24 gs=1 cs=0 l=1 c_cookie=0 s_cookie=0 reconnecting=0 rev1=1 crypto rx=0 tx=0 comp rx=0 tx=0).send_message enqueueing message m=0xb4c0d00 type=15 mon_subscribe({mgrmap=0+})
2026-02-11T23:33:20.024+0000 7f52a6ffa640 20 --2- 127.0.0.1:0/4233300883 >> v2:127.0.0.1:7180/0 conn(0xb65c000 0xb355600 crc :-1 s=THROTTLE_DONE pgs=24 gs=1 cs=0 l=1 c_cookie=0 s_cookie=0 reconnecting=0 rev1=1 crypto rx=0 tx=0 comp rx=0 tx=0).read_frame_segment seg_idx=1
2026-02-11T23:33:20.024+0000 7f52a8ffe640 20 --2- 127.0.0.1:0/3181536868 >> v2:127.0.0.1:7180/0 conn(0xb330000 0xb354000 crc :-1 s=READY pgs=18 gs=2 cs=0 l=1 c_cookie=3917940633496780781 s_cookie=0 reconnecting=0 rev1=1 crypto rx=0 tx=0 comp rx=0 tx=0).read_frame
2026-02-11T23:33:20.024+0000 7f51c5fbc640 15 --2- 127.0.0.1:0/4233300883 >> v2:127.0.0.1:7180/0 conn(0xb65c000 0xb355600 crc :-1 s=THROTTLE_DONE pgs=24 gs=1 cs=0 l=1 c_cookie=0 s_cookie=0 reconnecting=0 rev1=1 crypto rx=0 tx=0 comp rx=0 tx=0).send_message message queued for async transmission m=0xb4c0d00
2026-02-11T23:33:20.024+0000 7f51c5fbc640 20 Event(0x18c8088 nevent=5000 time_id=5).wakeup
2026-02-11T23:33:20.024+0000 7f52a8ffe640 20 -- 127.0.0.1:0/3181536868 >> v2:127.0.0.1:7180/0 conn(0xb330000 msgr2=0xb354000 crc :-1 s=STATE_CONNECTION_ESTABLISHED l=1).read start len=32
2026-02-11T23:33:20.024+0000 7f52a6ffa640 20 -- 127.0.0.1:0/4233300883 >> v2:127.0.0.1:7180/0 conn(0xb65c000 msgr2=0xb355600 crc :-1 s=STATE_CONNECTION_ESTABLISHED l=1).read start len=25
2026-02-11T23:33:20.024+0000 7f52a4ff6640 1 -- 127.0.0.1:0/3181536868 <== mon.0 v2:127.0.0.1:7180/0 26 ==== kv_data(v5 prefix config/, incremental, 0 keys) ==== 24+0+0 (crc 0 0 0) 0xb4461a0 con 0xb330000
2026-02-11T23:33:20.024+0000 7f52a8ffe640 20 --2- 127.0.0.1:0/3181536868 >> v2:127.0.0.1:7180/0 conn(0xb330000 0xb354000 crc :-1 s=READY pgs=18 gs=2 cs=0 l=1 c_cookie=3917940633496780781 s_cookie=0 reconnecting=0 rev1=1 crypto rx=0 tx=0 comp rx=0 tx=0).handle_read_frame_preamble_main r=0
2026-02-11T23:33:20.024+0000 7f52a6ffa640 20 --2- 127.0.0.1:0/4233300883 >> v2:127.0.0.1:7180/0 conn(0xb65c000 0xb355600 crc :-1 s=THROTTLE_DONE pgs=24 gs=1 cs=0 l=1 c_cookie=0 s_cookie=0 reconnecting=0 rev1=1 crypto rx=0 tx=0 comp rx=0 tx=0).handle_read_frame_segment r=0
2026-02-11T23:33:20.024+0000 7f52a8ffe640 20 --2- 127.0.0.1:0/3181536868 >> v2:127.0.0.1:7180/0 conn(0xb330000 0xb354000 crc :-1 s=THROTTLE_MESSAGE pgs=18 gs=2 cs=0 l=1 c_cookie=3917940633496780781 s_cookie=0 reconnecting=0 rev1=1 crypto rx=0 tx=0 comp rx=0 tx=0).throttle_message
2026-02-11T23:33:20.024+0000 7f52a8ffe640 20 --2- 127.0.0.1:0/3181536868 >> v2:127.0.0.1:7180/0 conn(0xb330000 0xb354000 crc :-1 s=THROTTLE_BYTES pgs=18 gs=2 cs=0 l=1 c_cookie=3917940633496780781 s_cookie=0 reconnecting=0 rev1=1 crypto rx=0 tx=0 comp rx=0 tx=0).throttle_bytes
2026-02-11T23:33:20.024+0000 7f52a6ffa640 20 -- 127.0.0.1:0/4233300883 >> v2:127.0.0.1:7180/0 conn(0xb65c000 msgr2=0xb355600 crc :-1 s=STATE_CONNECTION_ESTABLISHED l=1).read start len=13
2026-02-11T23:33:20.024+0000 7f52a8ffe640 20 --2- 127.0.0.1:0/3181536868 >> v2:127.0.0.1:7180/0 conn(0xb330000 0xb354000 crc :-1 s=THROTTLE_DISPATCH_QUEUE pgs=18 gs=2 cs=0 l=1 c_cookie=3917940633496780781 s_cookie=0 reconnecting=0 rev1=1 crypto rx=0 tx=0 comp rx=0 tx=0).throttle_dispatch_queue
2026-02-11T23:33:20.024+0000 7f52a6ffa640 20 --2- 127.0.0.1:0/4233300883 >> v2:127.0.0.1:7180/0 conn(0xb65c000 0xb355600 crc :-1 s=THROTTLE_DONE pgs=24 gs=1 cs=0 l=1 c_cookie=0 s_cookie=0 reconnecting=0 rev1=1 crypto rx=0 tx=0 comp rx=0 tx=0).handle_read_frame_epilogue_main r=0
2026-02-11T23:33:20.024+0000 7f52a8ffe640 20 --2- 127.0.0.1:0/3181536868 >> v2:127.0.0.1:7180/0 conn(0xb330000 0xb354000 crc :-1 s=THROTTLE_DONE pgs=18 gs=2 cs=0 l=1 c_cookie=3917940633496780781 s_cookie=0 reconnecting=0 rev1=1 crypto rx=0 tx=0 comp rx=0 tx=0).read_frame_segment seg_idx=0
2026-02-11T23:33:20.024+0000 7f52a4ff6640 10 mgr.4100.objecter ms_dispatch2 0x1a36000 kv_data(v5 prefix config/, incremental, 0 keys)
2026-02-11T23:33:20.024+0000 7f52a8ffe640 20 -- 127.0.0.1:0/3181536868 >> v2:127.0.0.1:7180/0 conn(0xb330000 msgr2=0xb354000 crc :-1 s=STATE_CONNECTION_ESTABLISHED l=1).read start len=45
2026-02-11T23:33:20.024+0000 7f52a6ffa640 10 --2- 127.0.0.1:0/4233300883 >> v2:127.0.0.1:7180/0 conn(0xb65c000 0xb355600 crc :-1 s=THROTTLE_DONE pgs=24 gs=1 cs=0 l=1 c_cookie=0 s_cookie=0 reconnecting=0 rev1=1 crypto rx=0 tx=0 comp rx=0 tx=0).handle_read_frame_dispatch tag=17
2026-02-11T23:33:20.024+0000 7f52a4ff6640 10 mgr ms_dispatch2 active kv_data(v5 prefix config/, incremental, 0 keys)
2026-02-11T23:33:20.024+0000 7f52a8ffe640 20 --2- 127.0.0.1:0/3181536868 >> v2:127.0.0.1:7180/0 conn(0xb330000 0xb354000 crc :-1 s=THROTTLE_DONE pgs=18 gs=2 cs=0 l=1 c_cookie=3917940633496780781 s_cookie=0 reconnecting=0 rev1=1 crypto rx=0 tx=0 comp rx=0 tx=0).handle_read_frame_segment r=0
2026-02-11T23:33:20.024+0000 7f52a4ff6640 10 mgr ms_dispatch2 kv_data(v5 prefix config/, incremental, 0 keys)
2026-02-11T23:33:20.024+0000 7f52a6ffa640 20 --2- 127.0.0.1:0/4233300883 >> v2:127.0.0.1:7180/0 conn(0xb65c000 0xb355600 crc :-1 s=THROTTLE_DONE pgs=24 gs=1 cs=0 l=1 c_cookie=0 s_cookie=0 reconnecting=0 rev1=1 crypto rx=0 tx=0 comp rx=0 tx=0).handle_message
2026-02-11T23:33:20.024+0000 7f52a4ff6640 10 -- 127.0.0.1:0/3181536868 dispatch_throttle_release 24 to dispatch throttler 48/104857600
2026-02-11T23:33:20.024+0000 7f52a8ffe640 20 --2- 127.0.0.1:0/3181536868 >> v2:127.0.0.1:7180/0 conn(0xb330000 0xb354000 crc :-1 s=THROTTLE_DONE pgs=18 gs=2 cs=0 l=1 c_cookie=3917940633496780781 s_cookie=0 reconnecting=0 rev1=1 crypto rx=0 tx=0 comp rx=0 tx=0).read_frame_segment seg_idx=1
2026-02-11T23:33:20.024+0000 7f52a6ffa640 5 --2- 127.0.0.1:0/4233300883 >> v2:127.0.0.1:7180/0 conn(0xb65c000 0xb355600 crc :-1 s=THROTTLE_DONE pgs=24 gs=1 cs=0 l=1 c_cookie=0 s_cookie=0 reconnecting=0 rev1=1 crypto rx=0 tx=0 comp rx=0 tx=0).handle_message got 25 + 0 + 0 byte message. envelope type=62 src mon.0 off 0
2026-02-11T23:33:20.024+0000 7f52a8ffe640 20 -- 127.0.0.1:0/3181536868 >> v2:127.0.0.1:7180/0 conn(0xb330000 msgr2=0xb354000 crc :-1 s=STATE_CONNECTION_ESTABLISHED l=1).read start len=24
2026-02-11T23:33:20.024+0000 7f52a4ff6640 20 -- 127.0.0.1:0/3181536868 done calling dispatch on 0xb4461a0
2026-02-11T23:33:20.024+0000 7f52a8ffe640 20 --2- 127.0.0.1:0/3181536868 >> v2:127.0.0.1:7180/0 conn(0xb330000 0xb354000 crc :-1 s=THROTTLE_DONE pgs=18 gs=2 cs=0 l=1 c_cookie=3917940633496780781 s_cookie=0 reconnecting=0 rev1=1 crypto rx=0 tx=0 comp rx=0 tx=0).handle_read_frame_segment r=0
2026-02-11T23:33:20.024+0000 7f52a8ffe640 20 -- 127.0.0.1:0/3181536868 >> v2:127.0.0.1:7180/0 conn(0xb330000 msgr2=0xb354000 crc :-1 s=STATE_CONNECTION_ESTABLISHED l=1).read start len=13
2026-02-11T23:33:20.024+0000 7f52a6ffa640 5 --2- 127.0.0.1:0/4233300883 >> v2:127.0.0.1:7180/0 conn(0xb65c000 0xb355600 crc :-1 s=READ_MESSAGE_COMPLETE pgs=24 gs=1 cs=0 l=1 c_cookie=0 s_cookie=0 reconnecting=0 rev1=1 crypto rx=0 tx=0 comp rx=0 tx=0).handle_message received message m=0xb3afb00 seq=2 from=mon.0 type=62 config(1 keys)
2026-02-11T23:33:20.024+0000 7f52a8ffe640 20 --2- 127.0.0.1:0/3181536868 >> v2:127.0.0.1:7180/0 conn(0xb330000 0xb354000 crc :-1 s=THROTTLE_DONE pgs=18 gs=2 cs=0 l=1 c_cookie=3917940633496780781 s_cookie=0 reconnecting=0 rev1=1 crypto rx=0 tx=0 comp rx=0 tx=0).handle_read_frame_epilogue_main r=0
2026-02-11T23:33:20.024+0000 7f52a6ffa640 20 -- 127.0.0.1:0/4233300883 queue 0xb3afb00 prio 196
2026-02-11T23:33:20.024+0000 7f52a8ffe640 10 --2- 127.0.0.1:0/3181536868 >> v2:127.0.0.1:7180/0 conn(0xb330000 0xb354000 crc :-1 s=THROTTLE_DONE pgs=18 gs=2 cs=0 l=1 c_cookie=3917940633496780781 s_cookie=0 reconnecting=0 rev1=1 crypto rx=0 tx=0 comp rx=0 tx=0).handle_read_frame_dispatch tag=17
2026-02-11T23:33:20.024+0000 7f51c5fbc640 10 client.4119.objecter _maybe_request_map subscribing (onetime) to next osd map
2026-02-11T23:33:20.024+0000 7f52a8ffe640 20 --2- 127.0.0.1:0/3181536868 >> v2:127.0.0.1:7180/0 conn(0xb330000 0xb354000 crc :-1 s=THROTTLE_DONE pgs=18 gs=2 cs=0 l=1 c_cookie=3917940633496780781 s_cookie=0 reconnecting=0 rev1=1 crypto rx=0 tx=0 comp rx=0 tx=0).handle_message
2026-02-11T23:33:20.024+0000 7f52a6ffa640 20 --2- 127.0.0.1:0/4233300883 >> v2:127.0.0.1:7180/0 conn(0xb65c000 0xb355600 crc :-1 s=READY pgs=24 gs=1 cs=0 l=1 c_cookie=0 s_cookie=0 reconnecting=0 rev1=1 crypto rx=0 tx=0 comp rx=0 tx=0).read_frame
2026-02-11T23:33:20.024+0000 7f52a8ffe640 5 --2- 127.0.0.1:0/3181536868 >> v2:127.0.0.1:7180/0 conn(0xb330000 0xb354000 crc :-1 s=THROTTLE_DONE pgs=18 gs=2 cs=0 l=1 c_cookie=3917940633496780781 s_cookie=0 reconnecting=0 rev1=1 crypto rx=0 tx=0 comp rx=0 tx=0).handle_message got 24 + 0 + 0 byte message. envelope type=54 src mon.0 off 0
2026-02-11T23:33:20.024+0000 7f52a6ffa640 20 -- 127.0.0.1:0/4233300883 >> v2:127.0.0.1:7180/0 conn(0xb65c000 msgr2=0xb355600 crc :-1 s=STATE_CONNECTION_ESTABLISHED l=1).read start len=32
2026-02-11T23:33:20.024+0000 7f51c5fbc640 1 -- 127.0.0.1:0/4233300883 --> v2:127.0.0.1:7180/0 -- mon_subscribe({osdmap=0}) -- 0xb4c0ea0 con 0xb65c000
2026-02-11T23:33:20.024+0000 7f52a8ffe640 5 --2- 127.0.0.1:0/3181536868 >> v2:127.0.0.1:7180/0 conn(0xb330000 0xb354000 crc :-1 s=READ_MESSAGE_COMPLETE pgs=18 gs=2 cs=0 l=1 c_cookie=3917940633496780781 s_cookie=0 reconnecting=0 rev1=1 crypto rx=0 tx=0 comp rx=0 tx=0).handle_message received message m=0xb445ba0 seq=27 from=mon.0 type=54 kv_data(v5 prefix device/, incremental, 0 keys)
2026-02-11T23:33:20.024+0000 7f51acf0a640 1 -- 127.0.0.1:0/4233300883 <== mon.0 v2:127.0.0.1:7180/0 2 ==== config(1 keys) ==== 25+0+0 (crc 0 0 0) 0xb3afb00 con 0xb65c000
2026-02-11T23:33:20.024+0000 7f52a8ffe640 20 -- 127.0.0.1:0/3181536868 queue 0xb445ba0 prio 196
2026-02-11T23:33:20.024+0000 7f52a6ffa640 20 --2- 127.0.0.1:0/4233300883 >> v2:127.0.0.1:7180/0 conn(0xb65c000 0xb355600 crc :-1 s=READY pgs=24 gs=1 cs=0 l=1 c_cookie=0 s_cookie=0 reconnecting=0 rev1=1 crypto rx=0 tx=0 comp rx=0 tx=0).handle_read_frame_preamble_main r=0
2026-02-11T23:33:20.024+0000 7f52a8ffe640 20 --2- 127.0.0.1:0/3181536868 >> v2:127.0.0.1:7180/0 conn(0xb330000 0xb354000 crc :-1 s=READY pgs=18 gs=2 cs=0 l=1 c_cookie=3917940633496780781 s_cookie=0 reconnecting=0 rev1=1 crypto rx=0 tx=0 comp rx=0 tx=0).read_frame
2026-02-11T23:33:20.024+0000 7f51b1f14640 1 -- 127.0.0.1:0/3181536868 --> v2:127.0.0.1:7180/0 -- mon_command([{prefix=config-key set, key=mgr/telemetry/collection}] v 0) -- 0xb3ae480 con 0xb330000
2026-02-11T23:33:20.024+0000 7f51c5fbc640 5 --2- 127.0.0.1:0/4233300883 >> v2:127.0.0.1:7180/0 conn(0xb65c000 0xb355600 crc :-1 s=READY pgs=24 gs=1 cs=0 l=1 c_cookie=0 s_cookie=0 reconnecting=0 rev1=1 crypto rx=0 tx=0 comp rx=0 tx=0).send_message enqueueing message m=0xb4c0ea0 type=15 mon_subscribe({osdmap=0})
2026-02-11T23:33:20.024+0000 7f52a4ff6640 1 -- 127.0.0.1:0/3181536868 <== mon.0 v2:127.0.0.1:7180/0 27 ==== kv_data(v5 prefix device/, incremental, 0 keys) ==== 24+0+0 (crc 0 0 0) 0xb445ba0 con 0xb330000
2026-02-11T23:33:20.024+0000 7f52a4ff6640 10 mgr.4100.objecter ms_dispatch2 0x1a36000 kv_data(v5 prefix device/, incremental, 0 keys)
2026-02-11T23:33:20.024+0000 7f51c5fbc640 15 --2- 127.0.0.1:0/4233300883 >> v2:127.0.0.1:7180/0 conn(0xb65c000 0xb355600 crc :-1 s=THROTTLE_MESSAGE pgs=24 gs=1 cs=0 l=1 c_cookie=0 s_cookie=0 reconnecting=0 rev1=1 crypto rx=0 tx=0 comp rx=0 tx=0).send_message message queued for async transmission m=0xb4c0ea0
2026-02-11T23:33:20.024+0000 7f52a4ff6640 10 mgr ms_dispatch2 active kv_data(v5 prefix device/, incremental, 0 keys)
2026-02-11T23:33:20.024+0000 7f52a6ffa640 20 --2- 127.0.0.1:0/4233300883 >> v2:127.0.0.1:7180/0 conn(0xb65c000 0xb355600 crc :-1 s=THROTTLE_MESSAGE pgs=24 gs=1 cs=0 l=1 c_cookie=0 s_cookie=0 reconnecting=0 rev1=1 crypto rx=0 tx=0 comp rx=0 tx=0).throttle_message
2026-02-11T23:33:20.024+0000 7f52a4ff6640 10 mgr ms_dispatch2 kv_data(v5 prefix device/, incremental, 0 keys)
2026-02-11T23:33:20.024+0000 7f51b1f14640 5 --2- 127.0.0.1:0/3181536868 >> v2:127.0.0.1:7180/0 conn(0xb330000 0xb354000 crc :-1 s=READY pgs=18 gs=2 cs=0 l=1 c_cookie=3917940633496780781 s_cookie=0 reconnecting=0 rev1=1 crypto rx=0 tx=0 comp rx=0 tx=0).send_message enqueueing message m=0xb3ae480 type=50 mon_command([{prefix=config-key set, key=mgr/telemetry/collection}] v 0)
2026-02-11T23:33:20.024+0000 7f52a8ffe640 20 -- 127.0.0.1:0/3181536868 >> v2:127.0.0.1:7180/0 conn(0xb330000 msgr2=0xb354000 crc :-1 s=STATE_CONNECTION_ESTABLISHED l=1).read start len=32
2026-02-11T23:33:20.024+0000 7f52a6ffa640 20 --2- 127.0.0.1:0/4233300883 >> v2:127.0.0.1:7180/0 conn(0xb65c000 0xb355600 crc :-1 s=THROTTLE_BYTES pgs=24 gs=1 cs=0 l=1 c_cookie=0 s_cookie=0 reconnecting=0 rev1=1 crypto rx=0 tx=0 comp rx=0 tx=0).throttle_bytes
2026-02-11T23:33:20.024+0000 7f52a6ffa640 20 --2- 127.0.0.1:0/4233300883 >> v2:127.0.0.1:7180/0 conn(0xb65c000 0xb355600 crc :-1 s=THROTTLE_DISPATCH_QUEUE pgs=24 gs=1 cs=0 l=1 c_cookie=0 s_cookie=0 reconnecting=0 rev1=1 crypto rx=0 tx=0 comp rx=0 tx=0).throttle_dispatch_queue
2026-02-11T23:33:20.024+0000 7f52a8ffe640 20 --2- 127.0.0.1:0/3181536868 >> v2:127.0.0.1:7180/0 conn(0xb330000 0xb354000 crc :-1 s=READY pgs=18 gs=2 cs=0 l=1 c_cookie=3917940633496780781 s_cookie=0 reconnecting=0 rev1=1 crypto rx=0 tx=0 comp rx=0 tx=0).handle_read_frame_preamble_main r=0
2026-02-11T23:33:20.024+0000 7f52a6ffa640 20 --2- 127.0.0.1:0/4233300883 >> v2:127.0.0.1:7180/0 conn(0xb65c000 0xb355600 crc :-1 s=THROTTLE_DONE pgs=24 gs=1 cs=0 l=1 c_cookie=0 s_cookie=0 reconnecting=0 rev1=1 crypto rx=0 tx=0 comp rx=0 tx=0).read_frame_segment seg_idx=0
2026-02-11T23:33:20.024+0000 7f51acf0a640 10 -- 127.0.0.1:0/4233300883 dispatch_throttle_release 25 to dispatch throttler 203/104857600
2026-02-11T23:33:20.024+0000 7f52a6ffa640 20 -- 127.0.0.1:0/4233300883 >> v2:127.0.0.1:7180/0 conn(0xb65c000 msgr2=0xb355600 crc :-1 s=STATE_CONNECTION_ESTABLISHED l=1).read start len=45
2026-02-11T23:33:20.024+0000 7f51acf0a640 20 -- 127.0.0.1:0/4233300883 done calling dispatch on 0xb3afb00
2026-02-11T23:33:20.024+0000 7f52a8ffe640 20 --2- 127.0.0.1:0/3181536868 >> v2:127.0.0.1:7180/0 conn(0xb330000 0xb354000 crc :-1 s=THROTTLE_MESSAGE pgs=18 gs=2 cs=0 l=1 c_cookie=3917940633496780781 s_cookie=0 reconnecting=0 rev1=1 crypto rx=0 tx=0 comp rx=0 tx=0).throttle_message
2026-02-11T23:33:20.024+0000 7f52a6ffa640 20 --2- 127.0.0.1:0/4233300883 >> v2:127.0.0.1:7180/0 conn(0xb65c000 0xb355600 crc :-1 s=THROTTLE_DONE pgs=24 gs=1 cs=0 l=1 c_cookie=0 s_cookie=0 reconnecting=0 rev1=1 crypto rx=0 tx=0 comp rx=0 tx=0).handle_read_frame_segment r=0
2026-02-11T23:33:20.024+0000 7f51b1f14640 15 --2- 127.0.0.1:0/3181536868 >> v2:127.0.0.1:7180/0 conn(0xb330000 0xb354000 crc :-1 s=READY pgs=18 gs=2 cs=0 l=1 c_cookie=3917940633496780781 s_cookie=0 reconnecting=0 rev1=1 crypto rx=0 tx=0 comp rx=0 tx=0).send_message message queued for async transmission m=0xb3ae480
2026-02-11T23:33:20.024+0000 7f52a8ffe640 20 --2- 127.0.0.1:0/3181536868 >> v2:127.0.0.1:7180/0 conn(0xb330000 0xb354000 crc :-1 s=THROTTLE_BYTES pgs=18 gs=2 cs=0 l=1 c_cookie=3917940633496780781 s_cookie=0 reconnecting=0 rev1=1 crypto rx=0 tx=0 comp rx=0 tx=0).throttle_bytes
2026-02-11T23:33:20.024+0000 7f52a6ffa640 20 --2- 127.0.0.1:0/4233300883 >> v2:127.0.0.1:7180/0 conn(0xb65c000 0xb355600 crc :-1 s=THROTTLE_DONE pgs=24 gs=1 cs=0 l=1 c_cookie=0 s_cookie=0 reconnecting=0 rev1=1 crypto rx=0 tx=0 comp rx=0 tx=0).read_frame_segment seg_idx=1
2026-02-11T23:33:20.024+0000 7f51b1f14640 20 Event(0x18c8748 nevent=5000 time_id=9).wakeup
2026-02-11T23:33:20.024+0000 7f52a8ffe640 20 --2- 127.0.0.1:0/3181536868 >> v2:127.0.0.1:7180/0 conn(0xb330000 0xb354000 crc :-1 s=THROTTLE_DISPATCH_QUEUE pgs=18 gs=2 cs=0 l=1 c_cookie=3917940633496780781 s_cookie=0 reconnecting=0 rev1=1 crypto rx=0 tx=0 comp rx=0 tx=0).throttle_dispatch_queue
2026-02-11T23:33:20.024+0000 7f52a6ffa640 20 -- 127.0.0.1:0/4233300883 >> v2:127.0.0.1:7180/0 conn(0xb65c000 msgr2=0xb355600 crc :-1 s=STATE_CONNECTION_ESTABLISHED l=1).read start len=178
2026-02-11T23:33:20.024+0000 7f51c5fbc640 7 mgr register_client registering msgr client handle v2:127.0.0.1:0/4233300883 (replace=0)
2026-02-11T23:33:20.024+0000 7f52a8ffe640 20 --2- 127.0.0.1:0/3181536868 >> v2:127.0.0.1:7180/0 conn(0xb330000 0xb354000 crc :-1 s=THROTTLE_DONE pgs=18 gs=2 cs=0 l=1 c_cookie=3917940633496780781 s_cookie=0 reconnecting=0 rev1=1 crypto rx=0 tx=0 comp rx=0 tx=0).read_frame_segment seg_idx=0
2026-02-11T23:33:20.024+0000 7f52a6ffa640 20 --2- 127.0.0.1:0/4233300883 >> v2:127.0.0.1:7180/0 conn(0xb65c000 0xb355600 crc :-1 s=THROTTLE_DONE pgs=24 gs=1 cs=0 l=1 c_cookie=0 s_cookie=0 reconnecting=0 rev1=1 crypto rx=0 tx=0 comp rx=0 tx=0).handle_read_frame_segment r=0
2026-02-11T23:33:20.024+0000 7f52a8ffe640 20 -- 127.0.0.1:0/3181536868 >> v2:127.0.0.1:7180/0 conn(0xb330000 msgr2=0xb354000 crc :-1 s=STATE_CONNECTION_ESTABLISHED l=1).read start len=45
2026-02-11T23:33:20.024+0000 7f52a6ffa640 20 -- 127.0.0.1:0/4233300883 >> v2:127.0.0.1:7180/0 conn(0xb65c000 msgr2=0xb355600 crc :-1 s=STATE_CONNECTION_ESTABLISHED l=1).read start len=13
2026-02-11T23:33:20.024+0000 7f52a8ffe640 20 --2- 127.0.0.1:0/3181536868 >> v2:127.0.0.1:7180/0 conn(0xb330000 0xb354000 crc :-1 s=THROTTLE_DONE pgs=18 gs=2 cs=0 l=1 c_cookie=3917940633496780781 s_cookie=0 reconnecting=0 rev1=1 crypto rx=0 tx=0 comp rx=0 tx=0).handle_read_frame_segment r=0
2026-02-11T23:33:20.024+0000 7f52a4ff6640 10 -- 127.0.0.1:0/3181536868 dispatch_throttle_release 24 to dispatch throttler 108/104857600
2026-02-11T23:33:20.024+0000 7f52a8ffe640 20 --2- 127.0.0.1:0/3181536868 >> v2:127.0.0.1:7180/0 conn(0xb330000 0xb354000 crc :-1 s=THROTTLE_DONE pgs=18 gs=2 cs=0 l=1 c_cookie=3917940633496780781 s_cookie=0 reconnecting=0 rev1=1 crypto rx=0 tx=0 comp rx=0 tx=0).read_frame_segment seg_idx=1
2026-02-11T23:33:20.024+0000 7f52a6ffa640 20 --2- 127.0.0.1:0/4233300883 >> v2:127.0.0.1:7180/0 conn(0xb65c000 0xb355600 crc :-1 s=THROTTLE_DONE pgs=24 gs=1 cs=0 l=1 c_cookie=0 s_cookie=0 reconnecting=0 rev1=1 crypto rx=0 tx=0 comp rx=0 tx=0).handle_read_frame_epilogue_main r=0
2026-02-11T23:33:20.024+0000 7f52a4ff6640 20 -- 127.0.0.1:0/3181536868 done calling dispatch on 0xb445ba0
2026-02-11T23:33:20.024+0000 7f52a8ffe640 20 -- 127.0.0.1:0/3181536868 >> v2:127.0.0.1:7180/0 conn(0xb330000 msgr2=0xb354000 crc :-1 s=STATE_CONNECTION_ESTABLISHED l=1).read start len=84
2026-02-11T23:33:20.024+0000 7f52a6ffa640 10 --2- 127.0.0.1:0/4233300883 >> v2:127.0.0.1:7180/0 conn(0xb65c000 0xb355600 crc :-1 s=THROTTLE_DONE pgs=24 gs=1 cs=0 l=1 c_cookie=0 s_cookie=0 reconnecting=0 rev1=1 crypto rx=0 tx=0 comp rx=0 tx=0).handle_read_frame_dispatch tag=17
2026-02-11T23:33:20.024+0000 7f52a6ffa640 20 --2- 127.0.0.1:0/4233300883 >> v2:127.0.0.1:7180/0 conn(0xb65c000 0xb355600 crc :-1 s=THROTTLE_DONE pgs=24 gs=1 cs=0 l=1 c_cookie=0 s_cookie=0 reconnecting=0 rev1=1 crypto rx=0 tx=0 comp rx=0 tx=0).handle_message
2026-02-11T23:33:20.024+0000 7f52a8ffe640 20 --2- 127.0.0.1:0/3181536868 >> v2:127.0.0.1:7180/0 conn(0xb330000 0xb354000 crc :-1 s=THROTTLE_DONE pgs=18 gs=2 cs=0 l=1 c_cookie=3917940633496780781 s_cookie=0 reconnecting=0 rev1=1 crypto rx=0 tx=0 comp rx=0 tx=0).handle_read_frame_segment r=0
2026-02-11T23:33:20.024+0000 7f52a6ffa640 5 --2- 127.0.0.1:0/4233300883 >> v2:127.0.0.1:7180/0 conn(0xb65c000 0xb355600 crc :-1 s=THROTTLE_DONE pgs=24 gs=1 cs=0 l=1 c_cookie=0 s_cookie=0 reconnecting=0 rev1=1 crypto rx=0 tx=0 comp rx=0 tx=0).handle_message got 178 + 0 + 0 byte message. envelope type=4 src mon.0 off 0
2026-02-11T23:33:20.024+0000 7f52a8ffe640 20 -- 127.0.0.1:0/3181536868 >> v2:127.0.0.1:7180/0 conn(0xb330000 msgr2=0xb354000 crc :-1 s=STATE_CONNECTION_ESTABLISHED l=1).read start len=13
2026-02-11T23:33:20.024+0000 7f52a8ffe640 20 --2- 127.0.0.1:0/3181536868 >> v2:127.0.0.1:7180/0 conn(0xb330000 0xb354000 crc :-1 s=THROTTLE_DONE pgs=18 gs=2 cs=0 l=1 c_cookie=3917940633496780781 s_cookie=0 reconnecting=0 rev1=1 crypto rx=0 tx=0 comp rx=0 tx=0).handle_read_frame_epilogue_main r=0
2026-02-11T23:33:20.024+0000 7f52a6ffa640 5 --2- 127.0.0.1:0/4233300883 >> v2:127.0.0.1:7180/0 conn(0xb65c000 0xb355600 crc :-1 s=READ_MESSAGE_COMPLETE pgs=24 gs=1 cs=0 l=1 c_cookie=0 s_cookie=0 reconnecting=0 rev1=1 crypto rx=0 tx=0 comp rx=0 tx=0).handle_message received message m=0x1a571e0 seq=3 from=mon.0 type=4 mon_map magic: 0
2026-02-11T23:33:20.024+0000 7f52a6ffa640 20 -- 127.0.0.1:0/4233300883 queue 0x1a571e0 prio 196
2026-02-11T23:33:20.024+0000 7f52a8ffe640 10 --2- 127.0.0.1:0/3181536868 >> v2:127.0.0.1:7180/0 conn(0xb330000 0xb354000 crc :-1 s=THROTTLE_DONE pgs=18 gs=2 cs=0 l=1 c_cookie=3917940633496780781 s_cookie=0 reconnecting=0 rev1=1 crypto rx=0 tx=0 comp rx=0 tx=0).handle_read_frame_dispatch tag=17
2026-02-11T23:33:20.024+0000 7f52a6ffa640 20 --2- 127.0.0.1:0/4233300883 >> v2:127.0.0.1:7180/0 conn(0xb65c000 0xb355600 crc :-1 s=READY pgs=24 gs=1 cs=0 l=1 c_cookie=0 s_cookie=0 reconnecting=0 rev1=1 crypto rx=0 tx=0 comp rx=0 tx=0).read_frame
2026-02-11T23:33:20.024+0000 7f52a8ffe640 20 --2- 127.0.0.1:0/3181536868 >> v2:127.0.0.1:7180/0 conn(0xb330000 0xb354000 crc :-1 s=THROTTLE_DONE pgs=18 gs=2 cs=0 l=1 c_cookie=3917940633496780781 s_cookie=0 reconnecting=0 rev1=1 crypto rx=0 tx=0 comp rx=0 tx=0).handle_message
2026-02-11T23:33:20.024+0000 7f52a6ffa640 20 -- 127.0.0.1:0/4233300883 >> v2:127.0.0.1:7180/0 conn(0xb65c000 msgr2=0xb355600 crc :-1 s=STATE_CONNECTION_ESTABLISHED l=1).read start len=32
2026-02-11T23:33:20.024+0000 7f51acf0a640 1 -- 127.0.0.1:0/4233300883 <== mon.0 v2:127.0.0.1:7180/0 3 ==== mon_map magic: 0 ==== 178+0+0 (crc 0 0 0) 0x1a571e0 con 0xb65c000
2026-02-11T23:33:20.025+0000 7f52a6ffa640 10 -- 127.0.0.1:0/4233300883 >> v2:127.0.0.1:7180/0 conn(0xb65c000 msgr2=0xb355600 crc :-1 s=STATE_CONNECTION_ESTABLISHED l=1).handle_write
2026-02-11T23:33:20.025+0000 7f52a8ffe640 5 --2- 127.0.0.1:0/3181536868 >> v2:127.0.0.1:7180/0 conn(0xb330000 0xb354000 crc :-1 s=THROTTLE_DONE pgs=18 gs=2 cs=0 l=1 c_cookie=3917940633496780781 s_cookie=0 reconnecting=0 rev1=1 crypto rx=0 tx=0 comp rx=0 tx=0).handle_message got 84 + 0 + 0 byte message. envelope type=54 src mon.0 off 0
2026-02-11T23:33:20.025+0000 7f52a6ffa640 10 --2- 127.0.0.1:0/4233300883 >> v2:127.0.0.1:7180/0 conn(0xb65c000 0xb355600 crc :-1 s=READY pgs=24 gs=1 cs=0 l=1 c_cookie=0 s_cookie=0 reconnecting=0 rev1=1 crypto rx=0 tx=0 comp rx=0 tx=0).write_event
2026-02-11T23:33:20.025+0000 7f52a8ffe640 5 --2- 127.0.0.1:0/3181536868 >> v2:127.0.0.1:7180/0 conn(0xb330000 0xb354000 crc :-1 s=READ_MESSAGE_COMPLETE pgs=18 gs=2 cs=0 l=1 c_cookie=3917940633496780781 s_cookie=0 reconnecting=0 rev1=1 crypto rx=0 tx=0 comp rx=0 tx=0).handle_message received message m=0xb446000 seq=28 from=mon.0 type=54 kv_data(v5 prefix mgr/, incremental, 1 keys)
2026-02-11T23:33:20.025+0000 7f52a6ffa640 20 --2- 127.0.0.1:0/4233300883 >> v2:127.0.0.1:7180/0 conn(0xb65c000 0xb355600 crc :-1 s=READY pgs=24 gs=1 cs=0 l=1 c_cookie=0 s_cookie=0 reconnecting=0 rev1=1 crypto rx=0 tx=0 comp rx=0 tx=0).prepare_send_message m=mon_subscribe({mgrmap=0+})
2026-02-11T23:33:20.025+0000 7f52a8ffe640 20 -- 127.0.0.1:0/3181536868 queue 0xb446000 prio 196
2026-02-11T23:33:20.025+0000 7f52a6ffa640 20 --2- 127.0.0.1:0/4233300883 >> v2:127.0.0.1:7180/0 conn(0xb65c000 0xb355600 crc :-1 s=READY pgs=24 gs=1 cs=0 l=1 c_cookie=0 s_cookie=0 reconnecting=0 rev1=1 crypto rx=0 tx=0 comp rx=0 tx=0).prepare_send_message encoding features 4544132024016699391 0xb4c0d00 mon_subscribe({mgrmap=0+})
2026-02-11T23:33:20.025+0000 7f52a6ffa640 2 --2- 127.0.0.1:0/4233300883 >> v2:127.0.0.1:7180/0 conn(0xb65c000 0xb355600 crc :-1 s=READY pgs=24 gs=1 cs=0 l=1 c_cookie=0 s_cookie=0 reconnecting=0 rev1=1 crypto rx=0 tx=0 comp rx=0 tx=0).write_message sending message m=0xb4c0d00 seq=3 mon_subscribe({mgrmap=0+})
2026-02-11T23:33:20.025+0000 7f51acf0a640 10 -- 127.0.0.1:0/4233300883 dispatch_throttle_release 178 to dispatch throttler 178/104857600
2026-02-11T23:33:20.025+0000 7f51acf0a640 20 -- 127.0.0.1:0/4233300883 done calling dispatch on 0x1a571e0
2026-02-11T23:33:20.025+0000 7f52a4ff6640 1 -- 127.0.0.1:0/3181536868 <== mon.0 v2:127.0.0.1:7180/0 28 ==== kv_data(v5 prefix mgr/, incremental, 1 keys) ==== 84+0+0 (crc 0 0 0) 0xb446000 con 0xb330000
2026-02-11T23:33:20.025+0000 7f52a4ff6640 10 mgr.4100.objecter ms_dispatch2 0x1a36000 kv_data(v5 prefix mgr/, incremental, 1 keys)
2026-02-11T23:33:20.025+0000 7f52a6ffa640 20 --2- 127.0.0.1:0/4233300883 >> v2:127.0.0.1:7180/0 conn(0xb65c000 0xb355600 crc :-1 s=READY pgs=24 gs=1 cs=0 l=1 c_cookie=0 s_cookie=0 reconnecting=0 rev1=1 crypto rx=0 tx=0 comp rx=0 tx=0).write_message sending m=0xb4c0d00 seq=3 src=client.4119 off=0
2026-02-11T23:33:20.025+0000 7f52a4ff6640 10 mgr ms_dispatch2 active kv_data(v5 prefix mgr/, incremental, 1 keys)
2026-02-11T23:33:20.025+0000 7f52a4ff6640 10 mgr ms_dispatch2 kv_data(v5 prefix mgr/, incremental, 1 keys)
2026-02-11T23:33:20.025+0000 7f52a8ffe640 20 --2- 127.0.0.1:0/3181536868 >> v2:127.0.0.1:7180/0 conn(0xb330000 0xb354000 crc :-1 s=READY pgs=18 gs=2 cs=0 l=1 c_cookie=3917940633496780781 s_cookie=0 reconnecting=0 rev1=1 crypto rx=0 tx=0 comp rx=0 tx=0).read_frame
2026-02-11T23:33:20.025+0000 7f52a4ff6640 10 mgr update_kv_data incremental update on mgr/
2026-02-11T23:33:20.025+0000 7f52a4ff6640 20 mgr update_kv_data set mgr/telemetry/salt = 7f29a023-394f-47c0-9cf4-6e211f660f8d
2026-02-11T23:33:20.025+0000 7f52a6ffa640 10 -- 127.0.0.1:0/4233300883 >> v2:127.0.0.1:7180/0 conn(0xb65c000 msgr2=0xb355600 crc :-1 s=STATE_CONNECTION_ESTABLISHED l=1)._try_send sent bytes 125 remaining bytes 0
2026-02-11T23:33:20.025+0000 7f52a4ff6640 10 -- 127.0.0.1:0/3181536868 dispatch_throttle_release 84 to dispatch throttler 84/104857600
2026-02-11T23:33:20.025+0000 7f52a8ffe640 20 -- 127.0.0.1:0/3181536868 >> v2:127.0.0.1:7180/0 conn(0xb330000 msgr2=0xb354000 crc :-1 s=STATE_CONNECTION_ESTABLISHED l=1).read start len=32
2026-02-11T23:33:20.025+0000 7f52a6ffa640 10 --2- 127.0.0.1:0/4233300883 >> v2:127.0.0.1:7180/0 conn(0xb65c000 0xb355600 crc :-1 s=READY pgs=24 gs=1 cs=0 l=1 c_cookie=0 s_cookie=0 reconnecting=0 rev1=1 crypto rx=0 tx=0 comp rx=0 tx=0).write_message sending 0xb4c0d00 done.
2026-02-11T23:33:20.025+0000 7f52a4ff6640 20 -- 127.0.0.1:0/3181536868 done calling dispatch on 0xb446000
2026-02-11T23:33:20.025+0000 7f52a6ffa640 20 --2- 127.0.0.1:0/4233300883 >> v2:127.0.0.1:7180/0 conn(0xb65c000 0xb355600 crc :-1 s=READY pgs=24 gs=1 cs=0 l=1 c_cookie=0 s_cookie=0 reconnecting=0 rev1=1 crypto rx=0 tx=0 comp rx=0 tx=0).prepare_send_message m=mon_subscribe({osdmap=0})
2026-02-11T23:33:20.025+0000 7f52a8ffe640 10 -- 127.0.0.1:0/3181536868 >> v2:127.0.0.1:7180/0 conn(0xb330000 msgr2=0xb354000 crc :-1 s=STATE_CONNECTION_ESTABLISHED l=1).handle_write
2026-02-11T23:33:20.025+0000 7f52a6ffa640 20 --2- 127.0.0.1:0/4233300883 >> v2:127.0.0.1:7180/0 conn(0xb65c000 0xb355600 crc :-1 s=READY pgs=24 gs=1 cs=0 l=1 c_cookie=0 s_cookie=0 reconnecting=0 rev1=1 crypto rx=0 tx=0 comp rx=0 tx=0).prepare_send_message encoding features 4544132024016699391 0xb4c0ea0 mon_subscribe({osdmap=0})
2026-02-11T23:33:20.025+0000 7f52a8ffe640 10 --2- 127.0.0.1:0/3181536868 >> v2:127.0.0.1:7180/0 conn(0xb330000 0xb354000 crc :-1 s=READY pgs=18 gs=2 cs=0 l=1 c_cookie=3917940633496780781 s_cookie=0 reconnecting=0 rev1=1 crypto rx=0 tx=0 comp rx=0 tx=0).write_event
2026-02-11T23:33:20.025+0000 7f52a6ffa640 2 --2- 127.0.0.1:0/4233300883 >> v2:127.0.0.1:7180/0 conn(0xb65c000 0xb355600 crc :-1 s=READY pgs=24 gs=1 cs=0 l=1 c_cookie=0 s_cookie=0 reconnecting=0 rev1=1 crypto rx=0 tx=0 comp rx=0 tx=0).write_message sending message m=0xb4c0ea0 seq=4 mon_subscribe({osdmap=0})
2026-02-11T23:33:20.025+0000 7f52a6ffa640 20 --2- 127.0.0.1:0/4233300883 >> v2:127.0.0.1:7180/0 conn(0xb65c000 0xb355600 crc :-1 s=READY pgs=24 gs=1 cs=0 l=1 c_cookie=0 s_cookie=0 reconnecting=0 rev1=1 crypto rx=0 tx=0 comp rx=0 tx=0).write_message sending m=0xb4c0ea0 seq=4 src=client.4119 off=0
2026-02-11T23:33:20.025+0000 7f52a8ffe640 20 --2- 127.0.0.1:0/3181536868 >> v2:127.0.0.1:7180/0 conn(0xb330000 0xb354000 crc :-1 s=READY pgs=18 gs=2 cs=0 l=1 c_cookie=3917940633496780781 s_cookie=0 reconnecting=0 rev1=1 crypto rx=0 tx=0 comp rx=0 tx=0).prepare_send_message m=mon_command([{prefix=config-key set, key=mgr/telemetry/collection}] v 0)
2026-02-11T23:33:20.025+0000 7f52a6ffa640 10 -- 127.0.0.1:0/4233300883 >> v2:127.0.0.1:7180/0 conn(0xb65c000 msgr2=0xb355600 crc :-1 s=STATE_CONNECTION_ESTABLISHED l=1)._try_send sent bytes 125 remaining bytes 0
2026-02-11T23:33:20.025+0000 7f52a6ffa640 10 --2- 127.0.0.1:0/4233300883 >> v2:127.0.0.1:7180/0 conn(0xb65c000 0xb355600 crc :-1 s=READY pgs=24 gs=1 cs=0 l=1 c_cookie=0 s_cookie=0 reconnecting=0 rev1=1 crypto rx=0 tx=0 comp rx=0 tx=0).write_message sending 0xb4c0ea0 done.
2026-02-11T23:33:20.025+0000 7f52a8ffe640 20 --2- 127.0.0.1:0/3181536868 >> v2:127.0.0.1:7180/0 conn(0xb330000 0xb354000 crc :-1 s=READY pgs=18 gs=2 cs=0 l=1 c_cookie=3917940633496780781 s_cookie=0 reconnecting=0 rev1=1 crypto rx=0 tx=0 comp rx=0 tx=0).prepare_send_message encoding features 4544132024016699391 0xb3ae480 mon_command([{prefix=config-key set, key=mgr/telemetry/collection}] v 0)
2026-02-11T23:33:20.025+0000 7f52a8ffe640 2 --2- 127.0.0.1:0/3181536868 >> v2:127.0.0.1:7180/0 conn(0xb330000 0xb354000 crc :-1 s=READY pgs=18 gs=2 cs=0 l=1 c_cookie=3917940633496780781 s_cookie=0 reconnecting=0 rev1=1 crypto rx=0 tx=0 comp rx=0 tx=0).write_message sending message m=0xb3ae480 seq=15 mon_command([{prefix=config-key set, key=mgr/telemetry/collection}] v 0)
2026-02-11T23:33:20.025+0000 7f52a8ffe640 20 --2- 127.0.0.1:0/3181536868 >> v2:127.0.0.1:7180/0 conn(0xb330000 0xb354000 crc :-1 s=READY pgs=18 gs=2 cs=0 l=1 c_cookie=3917940633496780781 s_cookie=0 reconnecting=0 rev1=1 crypto rx=0 tx=0 comp rx=0 tx=0).write_message sending m=0xb3ae480 seq=15 src=mgr.4100 off=0
2026-02-11T23:33:20.025+0000 7f52a8ffe640 10 -- 127.0.0.1:0/3181536868 >> v2:127.0.0.1:7180/0 conn(0xb330000 msgr2=0xb354000 crc :-1 s=STATE_CONNECTION_ESTABLISHED l=1)._try_send sent bytes 203 remaining bytes 0
2026-02-11T23:33:20.025+0000 7f52a8ffe640 10 --2- 127.0.0.1:0/3181536868 >> v2:127.0.0.1:7180/0 conn(0xb330000 0xb354000 crc :-1 s=READY pgs=18 gs=2 cs=0 l=1 c_cookie=3917940633496780781 s_cookie=0 reconnecting=0 rev1=1 crypto rx=0 tx=0 comp rx=0 tx=0).write_message sending 0xb3ae480 done.
2026-02-11T23:33:20.025+0000 7f52a6ffa640 20 -- 127.0.0.1:0/4233300883 >> v2:127.0.0.1:7180/0 conn(0xb65c000 msgr2=0xb355600 crc :-1 s=STATE_CONNECTION_ESTABLISHED l=1).process
2026-02-11T23:33:20.025+0000 7f52a6ffa640 20 -- 127.0.0.1:0/4233300883 >> v2:127.0.0.1:7180/0 conn(0xb65c000 msgr2=0xb355600 crc :-1 s=STATE_CONNECTION_ESTABLISHED l=1).read continue len=32
2026-02-11T23:33:20.025+0000 7f52a6ffa640 20 --2- 127.0.0.1:0/4233300883 >> v2:127.0.0.1:7180/0 conn(0xb65c000 0xb355600 crc :-1 s=READY pgs=24 gs=1 cs=0 l=1 c_cookie=0 s_cookie=0 reconnecting=0 rev1=1 crypto rx=0 tx=0 comp rx=0 tx=0).handle_read_frame_preamble_main r=0
2026-02-11T23:33:20.025+0000 7f52a6ffa640 20 --2- 127.0.0.1:0/4233300883 >> v2:127.0.0.1:7180/0 conn(0xb65c000 0xb355600 crc :-1 s=THROTTLE_MESSAGE pgs=24 gs=1 cs=0 l=1 c_cookie=0 s_cookie=0 reconnecting=0 rev1=1 crypto rx=0 tx=0 comp rx=0 tx=0).throttle_message
2026-02-11T23:33:20.025+0000 7f52a6ffa640 20 --2- 127.0.0.1:0/4233300883 >> v2:127.0.0.1:7180/0 conn(0xb65c000 0xb355600 crc :-1 s=THROTTLE_BYTES pgs=24 gs=1 cs=0 l=1 c_cookie=0 s_cookie=0 reconnecting=0 rev1=1 crypto rx=0 tx=0 comp rx=0 tx=0).throttle_bytes
2026-02-11T23:33:20.025+0000 7f52a6ffa640 20 --2- 127.0.0.1:0/4233300883 >> v2:127.0.0.1:7180/0 conn(0xb65c000 0xb355600 crc :-1 s=THROTTLE_DISPATCH_QUEUE pgs=24 gs=1 cs=0 l=1 c_cookie=0 s_cookie=0 reconnecting=0 rev1=1 crypto rx=0 tx=0 comp rx=0 tx=0).throttle_dispatch_queue
2026-02-11T23:33:20.025+0000 7f52a6ffa640 20 --2- 127.0.0.1:0/4233300883 >> v2:127.0.0.1:7180/0 conn(0xb65c000 0xb355600 crc :-1 s=THROTTLE_DONE pgs=24 gs=1 cs=0 l=1 c_cookie=0 s_cookie=0 reconnecting=0 rev1=1 crypto rx=0 tx=0 comp rx=0 tx=0).read_frame_segment seg_idx=0
2026-02-11T23:33:20.025+0000 7f52a6ffa640 20 -- 127.0.0.1:0/4233300883 >> v2:127.0.0.1:7180/0 conn(0xb65c000 msgr2=0xb355600 crc :-1 s=STATE_CONNECTION_ESTABLISHED l=1).read start len=45
2026-02-11T23:33:20.025+0000 7f52a6ffa640 20 --2- 127.0.0.1:0/4233300883 >> v2:127.0.0.1:7180/0 conn(0xb65c000 0xb355600 crc :-1 s=THROTTLE_DONE pgs=24 gs=1 cs=0 l=1 c_cookie=0 s_cookie=0 reconnecting=0 rev1=1 crypto rx=0 tx=0 comp rx=0 tx=0).handle_read_frame_segment r=0
2026-02-11T23:33:20.025+0000 7f52a6ffa640 20 --2- 127.0.0.1:0/4233300883 >> v2:127.0.0.1:7180/0 conn(0xb65c000 0xb355600 crc :-1 s=THROTTLE_DONE pgs=24 gs=1 cs=0 l=1 c_cookie=0 s_cookie=0 reconnecting=0 rev1=1 crypto rx=0 tx=0 comp rx=0 tx=0).read_frame_segment seg_idx=1
2026-02-11T23:33:20.025+0000 7f52a6ffa640 20 -- 127.0.0.1:0/4233300883 >> v2:127.0.0.1:7180/0 conn(0xb65c000 msgr2=0xb355600 crc :-1 s=STATE_CONNECTION_ESTABLISHED l=1).read start len=53625
2026-02-11T23:33:20.025+0000 7f52a6ffa640 20 --2- 127.0.0.1:0/4233300883 >> v2:127.0.0.1:7180/0 conn(0xb65c000 0xb355600 crc :-1 s=THROTTLE_DONE pgs=24 gs=1 cs=0 l=1 c_cookie=0 s_cookie=0 reconnecting=0 rev1=1 crypto rx=0 tx=0 comp rx=0 tx=0).handle_read_frame_segment r=0
2026-02-11T23:33:20.025+0000 7f52a6ffa640 20 -- 127.0.0.1:0/4233300883 >> v2:127.0.0.1:7180/0 conn(0xb65c000 msgr2=0xb355600 crc :-1 s=STATE_CONNECTION_ESTABLISHED l=1).read start len=13
2026-02-11T23:33:20.025+0000 7f52a6ffa640 20 --2- 127.0.0.1:0/4233300883 >> v2:127.0.0.1:7180/0 conn(0xb65c000 0xb355600 crc :-1 s=THROTTLE_DONE pgs=24 gs=1 cs=0 l=1 c_cookie=0 s_cookie=0 reconnecting=0 rev1=1 crypto rx=0 tx=0 comp rx=0 tx=0).handle_read_frame_epilogue_main r=0
2026-02-11T23:33:20.025+0000 7f52a6ffa640 10 --2- 127.0.0.1:0/4233300883 >> v2:127.0.0.1:7180/0 conn(0xb65c000 0xb355600 crc :-1 s=THROTTLE_DONE pgs=24 gs=1 cs=0 l=1 c_cookie=0 s_cookie=0 reconnecting=0 rev1=1 crypto rx=0 tx=0 comp rx=0 tx=0).handle_read_frame_dispatch tag=17
2026-02-11T23:33:20.025+0000 7f52a6ffa640 20 --2- 127.0.0.1:0/4233300883 >> v2:127.0.0.1:7180/0 conn(0xb65c000 0xb355600 crc :-1 s=THROTTLE_DONE pgs=24 gs=1 cs=0 l=1 c_cookie=0 s_cookie=0 reconnecting=0 rev1=1 crypto rx=0 tx=0 comp rx=0 tx=0).handle_message
2026-02-11T23:33:20.025+0000 7f52a6ffa640 5 --2- 127.0.0.1:0/4233300883 >> v2:127.0.0.1:7180/0 conn(0xb65c000 0xb355600 crc :-1 s=THROTTLE_DONE pgs=24 gs=1 cs=0 l=1 c_cookie=0 s_cookie=0 reconnecting=0 rev1=1 crypto rx=0 tx=0 comp rx=0 tx=0).handle_message got 53625 + 0 + 0 byte message. envelope type=1796 src mon.0 off 0
2026-02-11T23:33:20.025+0000 7f51c5fbc640 0 [volumes DEBUG volumes.fs.async_job] spawning 4 to execute more jobs concurrently
2026-02-11T23:33:20.025+0000 7f51c5fbc640 0 [volumes DEBUG volumes.fs.async_job] spawning new thread with name cloner.1770852800.0265353.0
2026-02-11T23:33:20.025+0000 7f51aa705640 0 [volumes DEBUG volumes.fs.async_job] thread [cloner.1770852800.0265353.0] starting
2026-02-11T23:33:20.025+0000 7f51aa705640 0 [volumes DEBUG mgr_util] locking with 5 timeout
2026-02-11T23:33:20.025+0000 7f51aa705640 0 [volumes DEBUG mgr_util] locked
2026-02-11T23:33:20.025+0000 7f51aa705640 0 [volumes DEBUG volumes.fs.async_job] processing 0 volume entries
2026-02-11T23:33:20.025+0000 7f51c5fbc640 0 [volumes DEBUG volumes.fs.async_job] spawning new thread with name cloner.1770852800.0266857.1
2026-02-11T23:33:20.025+0000 7f52a6ffa640 5 --2- 127.0.0.1:0/4233300883 >> v2:127.0.0.1:7180/0 conn(0xb65c000 0xb355600 crc :-1 s=READ_MESSAGE_COMPLETE pgs=24 gs=1 cs=0 l=1 c_cookie=0 s_cookie=0 reconnecting=0 rev1=1 crypto rx=0 tx=0 comp rx=0 tx=0).handle_message received message m=0xb680000 seq=4 from=mon.0 type=1796 mgrmap(e 2)
2026-02-11T23:33:20.025+0000 7f52a6ffa640 20 -- 127.0.0.1:0/4233300883 queue 0xb680000 prio 196
2026-02-11T23:33:20.025+0000 7f52a6ffa640 20 --2- 127.0.0.1:0/4233300883 >> v2:127.0.0.1:7180/0 conn(0xb65c000 0xb355600 crc :-1 s=READY pgs=24 gs=1 cs=0 l=1 c_cookie=0 s_cookie=0 reconnecting=0 rev1=1 crypto rx=0 tx=0 comp rx=0 tx=0).read_frame
2026-02-11T23:33:20.025+0000 7f52a6ffa640 20 -- 127.0.0.1:0/4233300883 >> v2:127.0.0.1:7180/0 conn(0xb65c000 msgr2=0xb355600 crc :-1 s=STATE_CONNECTION_ESTABLISHED l=1).read start len=32
2026-02-11T23:33:20.025+0000 7f51acf0a640 1 -- 127.0.0.1:0/4233300883 <== mon.0 v2:127.0.0.1:7180/0 4 ==== mgrmap(e 2) ==== 53625+0+0 (crc 0 0 0) 0xb680000 con 0xb65c000
2026-02-11T23:33:20.025+0000 7f52a6ffa640 20 --2- 127.0.0.1:0/4233300883 >> v2:127.0.0.1:7180/0 conn(0xb65c000 0xb355600 crc :-1 s=READY pgs=24 gs=1 cs=0 l=1 c_cookie=0 s_cookie=0 reconnecting=0 rev1=1 crypto rx=0 tx=0 comp rx=0 tx=0).handle_read_frame_preamble_main r=0
