2026-02-11T23:33:20.112+0000 7f51c57bb640 10 -- [v2:127.0.0.1:6808/968590950,v1:127.0.0.1:6809/968590950] dispatch_throttle_release 84145 to dispatch throttler 84145/104857600
2026-02-11T23:33:20.112+0000 7f51c57bb640 20 -- [v2:127.0.0.1:6808/968590950,v1:127.0.0.1:6809/968590950] done calling dispatch on 0xb270000
2026-02-11T23:33:20.112+0000 7f52a8ffe640 1 --2- [v2:127.0.0.1:6808/968590950,v1:127.0.0.1:6809/968590950] >> conn(0xb806400 0xb3dc580 unknown :-1 s=BANNER_ACCEPTING pgs=0 gs=0 cs=0 l=0 c_cookie=0 s_cookie=0 reconnecting=0 rev1=0 crypto rx=0 tx=0 comp rx=0 tx=0)._handle_peer_banner_payload supported=3 required=0
2026-02-11T23:33:20.112+0000 7f52a6ffa640 10 -- [v2:127.0.0.1:6808/968590950,v1:127.0.0.1:6809/968590950] >> conn(0xb806800 msgr2=0xb3dcb00 unknown :-1 s=STATE_CONNECTION_ESTABLISHED l=0)._try_send sent bytes 26 remaining bytes 0
2026-02-11T23:33:20.112+0000 7f52a87fd640 10 -- [v2:127.0.0.1:6808/968590950,v1:127.0.0.1:6809/968590950] >> conn(0xb807000 msgr2=0xb3dd600 unknown :-1 s=STATE_NONE l=0).accept sd=40 listen_addr v2:127.0.0.1:6808/968590950 peer_addr v2:127.0.0.1:54022/0
2026-02-11T23:33:20.112+0000 7f52a6ffa640 20 -- [v2:127.0.0.1:6808/968590950,v1:127.0.0.1:6809/968590950] >> conn(0xb806800 msgr2=0xb3dcb00 unknown :-1 s=STATE_CONNECTION_ESTABLISHED l=0).read start len=10
2026-02-11T23:33:20.112+0000 7f52a87fd640 1 --2- [v2:127.0.0.1:6808/968590950,v1:127.0.0.1:6809/968590950] >> conn(0xb807000 0xb3dd600 unknown :-1 s=NONE pgs=0 gs=0 cs=0 l=0 c_cookie=0 s_cookie=0 reconnecting=0 rev1=0 crypto rx=0 tx=0 comp rx=0 tx=0).accept
2026-02-11T23:33:20.112+0000 7f52a87fd640 20 Event(0x18c8748 nevent=5000 time_id=11).wakeup
2026-02-11T23:33:20.112+0000 7f52a6ffa640 20 --2- [v2:127.0.0.1:6808/968590950,v1:127.0.0.1:6809/968590950] >> conn(0xb806800 0xb3dcb00 unknown :-1 s=BANNER_ACCEPTING pgs=0 gs=0 cs=0 l=0 c_cookie=0 s_cookie=0 reconnecting=0 rev1=0 crypto rx=0 tx=0 comp rx=0 tx=0)._handle_peer_banner r=0
2026-02-11T23:33:20.112+0000 7f52a6ffa640 20 -- [v2:127.0.0.1:6808/968590950,v1:127.0.0.1:6809/968590950] >> conn(0xb806800 msgr2=0xb3dcb00 unknown :-1 s=STATE_CONNECTION_ESTABLISHED l=0).read start len=16
2026-02-11T23:33:20.112+0000 7f52a87fd640 10 Processor -- accept listen_fd=26
2026-02-11T23:33:20.112+0000 7f52a6ffa640 20 --2- [v2:127.0.0.1:6808/968590950,v1:127.0.0.1:6809/968590950] >> conn(0xb806800 0xb3dcb00 unknown :-1 s=BANNER_ACCEPTING pgs=0 gs=0 cs=0 l=0 c_cookie=0 s_cookie=0 reconnecting=0 rev1=0 crypto rx=0 tx=0 comp rx=0 tx=0)._handle_peer_banner_payload r=0
2026-02-11T23:33:20.112+0000 7f52a6ffa640 1 --2- [v2:127.0.0.1:6808/968590950,v1:127.0.0.1:6809/968590950] >> conn(0xb806800 0xb3dcb00 unknown :-1 s=BANNER_ACCEPTING pgs=0 gs=0 cs=0 l=0 c_cookie=0 s_cookie=0 reconnecting=0 rev1=0 crypto rx=0 tx=0 comp rx=0 tx=0)._handle_peer_banner_payload supported=3 required=0
2026-02-11T23:33:20.112+0000 7f52a8ffe640 10 -- [v2:127.0.0.1:6808/968590950,v1:127.0.0.1:6809/968590950] >> conn(0xb806400 msgr2=0xb3dc580 unknown :-1 s=STATE_CONNECTION_ESTABLISHED l=0)._try_send sent bytes 72 remaining bytes 0
2026-02-11T23:33:20.112+0000 7f52a8ffe640 20 --2- [v2:127.0.0.1:6808/968590950,v1:127.0.0.1:6809/968590950] >> conn(0xb806400 0xb3dc580 unknown :-1 s=HELLO_ACCEPTING pgs=0 gs=0 cs=0 l=0 c_cookie=0 s_cookie=0 reconnecting=0 rev1=1 crypto rx=0 tx=0 comp rx=0 tx=0).read_frame
2026-02-11T23:33:20.112+0000 7f52a87fd640 20 -- [v2:127.0.0.1:6808/968590950,v1:127.0.0.1:6809/968590950] >> conn(0xb802400 msgr2=0xb3dc000 unknown :-1 s=STATE_ACCEPTING l=0).process
2026-02-11T23:33:20.112+0000 7f52a8ffe640 20 -- [v2:127.0.0.1:6808/968590950,v1:127.0.0.1:6809/968590950] >> conn(0xb806400 msgr2=0xb3dc580 unknown :-1 s=STATE_CONNECTION_ESTABLISHED l=0).read start len=32
2026-02-11T23:33:20.112+0000 7f52a87fd640 20 Event(0x18c8508 nevent=5000 time_id=6).create_file_event create event started fd=36 mask=1 original mask is 0
2026-02-11T23:33:20.112+0000 7f52a87fd640 20 EpollDriver.add_event add event fd=36 cur_mask=0 add_mask=1 to 10
2026-02-11T23:33:20.112+0000 7f52a87fd640 20 Event(0x18c8508 nevent=5000 time_id=6).create_file_event create event end fd=36 mask=1 current mask is 1
2026-02-11T23:33:20.112+0000 7f52a8ffe640 20 -- 127.0.0.1:0/3417905487 >> [v2:127.0.0.1:6808/968590950,v1:127.0.0.1:6809/968590950] conn(0xb804000 msgr2=0xb356100 unknown :-1 s=STATE_CONNECTION_ESTABLISHED l=1).process
2026-02-11T23:33:20.112+0000 7f52a87fd640 20 --2- [v2:127.0.0.1:6808/968590950,v1:127.0.0.1:6809/968590950] >> conn(0xb802400 0xb3dc000 unknown :-1 s=START_ACCEPT pgs=0 gs=0 cs=0 l=0 c_cookie=0 s_cookie=0 reconnecting=0 rev1=0 crypto rx=0 tx=0 comp rx=0 tx=0).read_event
2026-02-11T23:33:20.112+0000 7f52a8ffe640 20 -- 127.0.0.1:0/3417905487 >> [v2:127.0.0.1:6808/968590950,v1:127.0.0.1:6809/968590950] conn(0xb804000 msgr2=0xb356100 unknown :-1 s=STATE_CONNECTION_ESTABLISHED l=1).read continue len=10
2026-02-11T23:33:20.112+0000 7f52a87fd640 20 --2- [v2:127.0.0.1:6808/968590950,v1:127.0.0.1:6809/968590950] >> conn(0xb802400 0xb3dc000 unknown :-1 s=START_ACCEPT pgs=0 gs=0 cs=0 l=0 c_cookie=0 s_cookie=0 reconnecting=0 rev1=0 crypto rx=0 tx=0 comp rx=0 tx=0).start_server_banner_exchange
2026-02-11T23:33:20.112+0000 7f52a87fd640 20 --2- [v2:127.0.0.1:6808/968590950,v1:127.0.0.1:6809/968590950] >> conn(0xb802400 0xb3dc000 unknown :-1 s=BANNER_ACCEPTING pgs=0 gs=0 cs=0 l=0 c_cookie=0 s_cookie=0 reconnecting=0 rev1=0 crypto rx=0 tx=0 comp rx=0 tx=0)._banner_exchange
2026-02-11T23:33:20.112+0000 7f52a8ffe640 20 --2- 127.0.0.1:0/3417905487 >> [v2:127.0.0.1:6808/968590950,v1:127.0.0.1:6809/968590950] conn(0xb804000 0xb356100 unknown :-1 s=BANNER_CONNECTING pgs=0 gs=2 cs=0 l=1 c_cookie=0 s_cookie=0 reconnecting=0 rev1=0 crypto rx=0 tx=0 comp rx=0 tx=0)._handle_peer_banner r=0
2026-02-11T23:33:20.112+0000 7f52a8ffe640 20 -- 127.0.0.1:0/3417905487 >> [v2:127.0.0.1:6808/968590950,v1:127.0.0.1:6809/968590950] conn(0xb804000 msgr2=0xb356100 unknown :-1 s=STATE_CONNECTION_ESTABLISHED l=1).read start len=16
2026-02-11T23:33:20.112+0000 7f52a8ffe640 20 --2- 127.0.0.1:0/3417905487 >> [v2:127.0.0.1:6808/968590950,v1:127.0.0.1:6809/968590950] conn(0xb804000 0xb356100 unknown :-1 s=BANNER_CONNECTING pgs=0 gs=2 cs=0 l=1 c_cookie=0 s_cookie=0 reconnecting=0 rev1=0 crypto rx=0 tx=0 comp rx=0 tx=0)._handle_peer_banner_payload r=0
2026-02-11T23:33:20.112+0000 7f52a8ffe640 1 --2- 127.0.0.1:0/3417905487 >> [v2:127.0.0.1:6808/968590950,v1:127.0.0.1:6809/968590950] conn(0xb804000 0xb356100 unknown :-1 s=BANNER_CONNECTING pgs=0 gs=2 cs=0 l=1 c_cookie=0 s_cookie=0 reconnecting=0 rev1=0 crypto rx=0 tx=0 comp rx=0 tx=0)._handle_peer_banner_payload supported=3 required=0
2026-02-11T23:33:20.112+0000 7f52a6ffa640 10 -- [v2:127.0.0.1:6808/968590950,v1:127.0.0.1:6809/968590950] >> conn(0xb806800 msgr2=0xb3dcb00 unknown :-1 s=STATE_CONNECTION_ESTABLISHED l=0)._try_send sent bytes 72 remaining bytes 0
2026-02-11T23:33:20.112+0000 7f52a6ffa640 20 --2- [v2:127.0.0.1:6808/968590950,v1:127.0.0.1:6809/968590950] >> conn(0xb806800 0xb3dcb00 unknown :-1 s=HELLO_ACCEPTING pgs=0 gs=0 cs=0 l=0 c_cookie=0 s_cookie=0 reconnecting=0 rev1=1 crypto rx=0 tx=0 comp rx=0 tx=0).read_frame
2026-02-11T23:33:20.112+0000 7f52a87fd640 10 -- [v2:127.0.0.1:6808/968590950,v1:127.0.0.1:6809/968590950] >> conn(0xb802400 msgr2=0xb3dc000 unknown :-1 s=STATE_CONNECTION_ESTABLISHED l=0)._try_send sent bytes 26 remaining bytes 0
2026-02-11T23:33:20.112+0000 7f52a8ffe640 10 -- 127.0.0.1:0/3417905487 >> [v2:127.0.0.1:6808/968590950,v1:127.0.0.1:6809/968590950] conn(0xb804000 msgr2=0xb356100 unknown :-1 s=STATE_CONNECTION_ESTABLISHED l=1)._try_send sent bytes 72 remaining bytes 0
2026-02-11T23:33:20.112+0000 7f52a6ffa640 20 -- [v2:127.0.0.1:6808/968590950,v1:127.0.0.1:6809/968590950] >> conn(0xb806800 msgr2=0xb3dcb00 unknown :-1 s=STATE_CONNECTION_ESTABLISHED l=0).read start len=32
2026-02-11T23:33:20.112+0000 7f52a8ffe640 20 --2- 127.0.0.1:0/3417905487 >> [v2:127.0.0.1:6808/968590950,v1:127.0.0.1:6809/968590950] conn(0xb804000 0xb356100 unknown :-1 s=HELLO_CONNECTING pgs=0 gs=2 cs=0 l=1 c_cookie=0 s_cookie=0 reconnecting=0 rev1=1 crypto rx=0 tx=0 comp rx=0 tx=0).read_frame
2026-02-11T23:33:20.112+0000 7f52a6ffa640 20 --2- [v2:127.0.0.1:6808/968590950,v1:127.0.0.1:6809/968590950] >> conn(0xb806800 0xb3dcb00 unknown :-1 s=HELLO_ACCEPTING pgs=0 gs=0 cs=0 l=0 c_cookie=0 s_cookie=0 reconnecting=0 rev1=1 crypto rx=0 tx=0 comp rx=0 tx=0).handle_read_frame_preamble_main r=0
2026-02-11T23:33:20.112+0000 7f52a6ffa640 20 --2- [v2:127.0.0.1:6808/968590950,v1:127.0.0.1:6809/968590950] >> conn(0xb806800 0xb3dcb00 unknown :-1 s=HELLO_ACCEPTING pgs=0 gs=0 cs=0 l=0 c_cookie=0 s_cookie=0 reconnecting=0 rev1=1 crypto rx=0 tx=0 comp rx=0 tx=0).read_frame_segment seg_idx=0
2026-02-11T23:33:20.112+0000 7f52a8ffe640 20 -- 127.0.0.1:0/3417905487 >> [v2:127.0.0.1:6808/968590950,v1:127.0.0.1:6809/968590950] conn(0xb804000 msgr2=0xb356100 unknown :-1 s=STATE_CONNECTION_ESTABLISHED l=1).read start len=32
2026-02-11T23:33:20.112+0000 7f52a6ffa640 20 -- [v2:127.0.0.1:6808/968590950,v1:127.0.0.1:6809/968590950] >> conn(0xb806800 msgr2=0xb3dcb00 unknown :-1 s=STATE_CONNECTION_ESTABLISHED l=0).read start len=40
2026-02-11T23:33:20.112+0000 7f52a87fd640 20 -- [v2:127.0.0.1:6808/968590950,v1:127.0.0.1:6809/968590950] >> conn(0xb802400 msgr2=0xb3dc000 unknown :-1 s=STATE_CONNECTION_ESTABLISHED l=0).read start len=10
2026-02-11T23:33:20.112+0000 7f52a8ffe640 20 --2- 127.0.0.1:0/3417905487 >> [v2:127.0.0.1:6808/968590950,v1:127.0.0.1:6809/968590950] conn(0xb804000 0xb356100 unknown :-1 s=HELLO_CONNECTING pgs=0 gs=2 cs=0 l=1 c_cookie=0 s_cookie=0 reconnecting=0 rev1=1 crypto rx=0 tx=0 comp rx=0 tx=0).handle_read_frame_preamble_main r=0
2026-02-11T23:33:20.112+0000 7f52a6ffa640 20 --2- [v2:127.0.0.1:6808/968590950,v1:127.0.0.1:6809/968590950] >> conn(0xb806800 0xb3dcb00 unknown :-1 s=HELLO_ACCEPTING pgs=0 gs=0 cs=0 l=0 c_cookie=0 s_cookie=0 reconnecting=0 rev1=1 crypto rx=0 tx=0 comp rx=0 tx=0).handle_read_frame_segment r=0
2026-02-11T23:33:20.112+0000 7f52a8ffe640 20 --2- 127.0.0.1:0/3417905487 >> [v2:127.0.0.1:6808/968590950,v1:127.0.0.1:6809/968590950] conn(0xb804000 0xb356100 unknown :-1 s=HELLO_CONNECTING pgs=0 gs=2 cs=0 l=1 c_cookie=0 s_cookie=0 reconnecting=0 rev1=1 crypto rx=0 tx=0 comp rx=0 tx=0).read_frame_segment seg_idx=0
2026-02-11T23:33:20.112+0000 7f52a8ffe640 20 -- 127.0.0.1:0/3417905487 >> [v2:127.0.0.1:6808/968590950,v1:127.0.0.1:6809/968590950] conn(0xb804000 msgr2=0xb356100 unknown :-1 s=STATE_CONNECTION_ESTABLISHED l=1).read start len=40
2026-02-11T23:33:20.112+0000 7f52a87fd640 20 --2- [v2:127.0.0.1:6808/968590950,v1:127.0.0.1:6809/968590950] >> conn(0xb802400 0xb3dc000 unknown :-1 s=BANNER_ACCEPTING pgs=0 gs=0 cs=0 l=0 c_cookie=0 s_cookie=0 reconnecting=0 rev1=0 crypto rx=0 tx=0 comp rx=0 tx=0)._handle_peer_banner r=0
2026-02-11T23:33:20.112+0000 7f52a6ffa640 10 --2- [v2:127.0.0.1:6808/968590950,v1:127.0.0.1:6809/968590950] >> conn(0xb806800 0xb3dcb00 unknown :-1 s=HELLO_ACCEPTING pgs=0 gs=0 cs=0 l=0 c_cookie=0 s_cookie=0 reconnecting=0 rev1=1 crypto rx=0 tx=0 comp rx=0 tx=0).handle_read_frame_dispatch tag=1
2026-02-11T23:33:20.112+0000 7f52a8ffe640 20 --2- 127.0.0.1:0/3417905487 >> [v2:127.0.0.1:6808/968590950,v1:127.0.0.1:6809/968590950] conn(0xb804000 0xb356100 unknown :-1 s=HELLO_CONNECTING pgs=0 gs=2 cs=0 l=1 c_cookie=0 s_cookie=0 reconnecting=0 rev1=1 crypto rx=0 tx=0 comp rx=0 tx=0).handle_read_frame_segment r=0
2026-02-11T23:33:20.112+0000 7f52a87fd640 20 -- [v2:127.0.0.1:6808/968590950,v1:127.0.0.1:6809/968590950] >> conn(0xb802400 msgr2=0xb3dc000 unknown :-1 s=STATE_CONNECTION_ESTABLISHED l=0).read start len=16
2026-02-11T23:33:20.112+0000 7f52a6ffa640 20 --2- [v2:127.0.0.1:6808/968590950,v1:127.0.0.1:6809/968590950] >> conn(0xb806800 0xb3dcb00 unknown :-1 s=HELLO_ACCEPTING pgs=0 gs=0 cs=0 l=0 c_cookie=0 s_cookie=0 reconnecting=0 rev1=1 crypto rx=0 tx=0 comp rx=0 tx=0).handle_hello payload.length()=36
2026-02-11T23:33:20.112+0000 7f52a8ffe640 10 --2- 127.0.0.1:0/3417905487 >> [v2:127.0.0.1:6808/968590950,v1:127.0.0.1:6809/968590950] conn(0xb804000 0xb356100 unknown :-1 s=HELLO_CONNECTING pgs=0 gs=2 cs=0 l=1 c_cookie=0 s_cookie=0 reconnecting=0 rev1=1 crypto rx=0 tx=0 comp rx=0 tx=0).handle_read_frame_dispatch tag=1
2026-02-11T23:33:20.112+0000 7f52a87fd640 20 --2- [v2:127.0.0.1:6808/968590950,v1:127.0.0.1:6809/968590950] >> conn(0xb802400 0xb3dc000 unknown :-1 s=BANNER_ACCEPTING pgs=0 gs=0 cs=0 l=0 c_cookie=0 s_cookie=0 reconnecting=0 rev1=0 crypto rx=0 tx=0 comp rx=0 tx=0)._handle_peer_banner_payload r=0
2026-02-11T23:33:20.112+0000 7f52a6ffa640 5 --2- [v2:127.0.0.1:6808/968590950,v1:127.0.0.1:6809/968590950] >> conn(0xb806800 0xb3dcb00 unknown :-1 s=HELLO_ACCEPTING pgs=0 gs=0 cs=0 l=0 c_cookie=0 s_cookie=0 reconnecting=0 rev1=1 crypto rx=0 tx=0 comp rx=0 tx=0).handle_hello received hello: peer_type=8 peer_addr_for_me=v2:127.0.0.1:6808/968590950
2026-02-11T23:33:20.112+0000 7f52a87fd640 1 --2- [v2:127.0.0.1:6808/968590950,v1:127.0.0.1:6809/968590950] >> conn(0xb802400 0xb3dc000 unknown :-1 s=BANNER_ACCEPTING pgs=0 gs=0 cs=0 l=0 c_cookie=0 s_cookie=0 reconnecting=0 rev1=0 crypto rx=0 tx=0 comp rx=0 tx=0)._handle_peer_banner_payload supported=3 required=0
2026-02-11T23:33:20.112+0000 7f52a8ffe640 20 --2- 127.0.0.1:0/3417905487 >> [v2:127.0.0.1:6808/968590950,v1:127.0.0.1:6809/968590950] conn(0xb804000 0xb356100 unknown :-1 s=HELLO_CONNECTING pgs=0 gs=2 cs=0 l=1 c_cookie=0 s_cookie=0 reconnecting=0 rev1=1 crypto rx=0 tx=0 comp rx=0 tx=0).handle_hello payload.length()=36
2026-02-11T23:33:20.112+0000 7f52a8ffe640 5 --2- 127.0.0.1:0/3417905487 >> [v2:127.0.0.1:6808/968590950,v1:127.0.0.1:6809/968590950] conn(0xb804000 0xb356100 unknown :-1 s=HELLO_CONNECTING pgs=0 gs=2 cs=0 l=1 c_cookie=0 s_cookie=0 reconnecting=0 rev1=1 crypto rx=0 tx=0 comp rx=0 tx=0).handle_hello received hello: peer_type=16 peer_addr_for_me=v2:127.0.0.1:54002/0
2026-02-11T23:33:20.112+0000 7f52a6ffa640 5 --2- [v2:127.0.0.1:6808/968590950,v1:127.0.0.1:6809/968590950] >> conn(0xb806800 0xb3dcb00 unknown :-1 s=HELLO_ACCEPTING pgs=0 gs=0 cs=0 l=0 c_cookie=0 s_cookie=0 reconnecting=0 rev1=1 crypto rx=0 tx=0 comp rx=0 tx=0).handle_hello getsockname says I am 127.0.0.1:6808 when talking to v2:127.0.0.1:54008/0
2026-02-11T23:33:20.112+0000 7f52a6ffa640 10 --2- [v2:127.0.0.1:6808/968590950,v1:127.0.0.1:6809/968590950] >> conn(0xb806800 0xb3dcb00 unknown :-1 s=HELLO_ACCEPTING pgs=0 gs=0 cs=0 l=1 c_cookie=0 s_cookie=0 reconnecting=0 rev1=1 crypto rx=0 tx=0 comp rx=0 tx=0).handle_hello accept of host_type 8, policy.lossy=1 policy.server=1 policy.standby=0 policy.resetcheck=0
2026-02-11T23:33:20.112+0000 7f52a8ffe640 5 --2- 127.0.0.1:0/3417905487 >> [v2:127.0.0.1:6808/968590950,v1:127.0.0.1:6809/968590950] conn(0xb804000 0xb356100 unknown :-1 s=HELLO_CONNECTING pgs=0 gs=2 cs=0 l=1 c_cookie=0 s_cookie=0 reconnecting=0 rev1=1 crypto rx=0 tx=0 comp rx=0 tx=0).handle_hello getsockname says I am 127.0.0.1:54002 when talking to v2:127.0.0.1:6808/968590950
2026-02-11T23:33:20.112+0000 7f52a6ffa640 20 --2- [v2:127.0.0.1:6808/968590950,v1:127.0.0.1:6809/968590950] >> conn(0xb806800 0xb3dcb00 unknown :-1 s=HELLO_ACCEPTING pgs=0 gs=0 cs=0 l=1 c_cookie=0 s_cookie=0 reconnecting=0 rev1=1 crypto rx=0 tx=0 comp rx=0 tx=0).post_server_banner_exchange
2026-02-11T23:33:20.112+0000 7f52a8ffe640 20 --2- 127.0.0.1:0/3417905487 >> [v2:127.0.0.1:6808/968590950,v1:127.0.0.1:6809/968590950] conn(0xb804000 0xb356100 unknown :-1 s=HELLO_CONNECTING pgs=0 gs=2 cs=0 l=1 c_cookie=0 s_cookie=0 reconnecting=0 rev1=1 crypto rx=0 tx=0 comp rx=0 tx=0).post_client_banner_exchange
2026-02-11T23:33:20.112+0000 7f52a6ffa640 20 --2- [v2:127.0.0.1:6808/968590950,v1:127.0.0.1:6809/968590950] >> conn(0xb806800 0xb3dcb00 unknown :-1 s=AUTH_ACCEPTING pgs=0 gs=0 cs=0 l=1 c_cookie=0 s_cookie=0 reconnecting=0 rev1=1 crypto rx=0 tx=0 comp rx=0 tx=0).read_frame
2026-02-11T23:33:20.112+0000 7f52a8ffe640 20 --2- 127.0.0.1:0/3417905487 >> [v2:127.0.0.1:6808/968590950,v1:127.0.0.1:6809/968590950] conn(0xb804000 0xb356100 unknown :-1 s=AUTH_CONNECTING pgs=0 gs=2 cs=0 l=1 c_cookie=0 s_cookie=0 reconnecting=0 rev1=1 crypto rx=0 tx=0 comp rx=0 tx=0).send_auth_request peer_type 16 auth_client 0xb4610d0
2026-02-11T23:33:20.112+0000 7f52a6ffa640 20 -- [v2:127.0.0.1:6808/968590950,v1:127.0.0.1:6809/968590950] >> conn(0xb806800 msgr2=0xb3dcb00 unknown :-1 s=STATE_CONNECTION_ESTABLISHED l=1).read start len=32
2026-02-11T23:33:20.112+0000 7f52a87fd640 10 -- [v2:127.0.0.1:6808/968590950,v1:127.0.0.1:6809/968590950] >> conn(0xb802400 msgr2=0xb3dc000 unknown :-1 s=STATE_CONNECTION_ESTABLISHED l=0)._try_send sent bytes 72 remaining bytes 0
2026-02-11T23:33:20.112+0000 7f52a6ffa640 20 --2- [v2:127.0.0.1:6808/968590950,v1:127.0.0.1:6809/968590950] >> conn(0xb806800 0xb3dcb00 unknown :-1 s=AUTH_ACCEPTING pgs=0 gs=0 cs=0 l=1 c_cookie=0 s_cookie=0 reconnecting=0 rev1=1 crypto rx=0 tx=0 comp rx=0 tx=0).handle_read_frame_preamble_main r=0
2026-02-11T23:33:20.112+0000 7f52a87fd640 20 --2- [v2:127.0.0.1:6808/968590950,v1:127.0.0.1:6809/968590950] >> conn(0xb802400 0xb3dc000 unknown :-1 s=HELLO_ACCEPTING pgs=0 gs=0 cs=0 l=0 c_cookie=0 s_cookie=0 reconnecting=0 rev1=1 crypto rx=0 tx=0 comp rx=0 tx=0).read_frame
2026-02-11T23:33:20.112+0000 7f52a6ffa640 20 --2- [v2:127.0.0.1:6808/968590950,v1:127.0.0.1:6809/968590950] >> conn(0xb806800 0xb3dcb00 unknown :-1 s=AUTH_ACCEPTING pgs=0 gs=0 cs=0 l=1 c_cookie=0 s_cookie=0 reconnecting=0 rev1=1 crypto rx=0 tx=0 comp rx=0 tx=0).read_frame_segment seg_idx=0
2026-02-11T23:33:20.112+0000 7f52a87fd640 20 -- [v2:127.0.0.1:6808/968590950,v1:127.0.0.1:6809/968590950] >> conn(0xb802400 msgr2=0xb3dc000 unknown :-1 s=STATE_CONNECTION_ESTABLISHED l=0).read start len=32
2026-02-11T23:33:20.112+0000 7f52a6ffa640 20 -- [v2:127.0.0.1:6808/968590950,v1:127.0.0.1:6809/968590950] >> conn(0xb806800 msgr2=0xb3dcb00 unknown :-1 s=STATE_CONNECTION_ESTABLISHED l=1).read start len=42
2026-02-11T23:33:20.112+0000 7f52a6ffa640 20 --2- [v2:127.0.0.1:6808/968590950,v1:127.0.0.1:6809/968590950] >> conn(0xb806800 0xb3dcb00 unknown :-1 s=AUTH_ACCEPTING pgs=0 gs=0 cs=0 l=1 c_cookie=0 s_cookie=0 reconnecting=0 rev1=1 crypto rx=0 tx=0 comp rx=0 tx=0).handle_read_frame_segment r=0
2026-02-11T23:33:20.112+0000 7f52a87fd640 10 -- [v2:127.0.0.1:6808/968590950,v1:127.0.0.1:6809/968590950] >> [v2:127.0.0.1:6800/283911389,v1:127.0.0.1:6801/283911389] conn(0xb65d800 msgr2=0xb356c00 crc :-1 s=STATE_CONNECTION_ESTABLISHED l=1).handle_write
2026-02-11T23:33:20.112+0000 7f52a8ffe640 10 -- 127.0.0.1:0/3417905487 >> [v2:127.0.0.1:6808/968590950,v1:127.0.0.1:6809/968590950] conn(0xb804000 msgr2=0xb356100 unknown :-1 s=STATE_CONNECTION_ESTABLISHED l=1)._try_send sent bytes 70 remaining bytes 0
2026-02-11T23:33:20.112+0000 7f52a6ffa640 10 --2- [v2:127.0.0.1:6808/968590950,v1:127.0.0.1:6809/968590950] >> conn(0xb806800 0xb3dcb00 unknown :-1 s=AUTH_ACCEPTING pgs=0 gs=0 cs=0 l=1 c_cookie=0 s_cookie=0 reconnecting=0 rev1=1 crypto rx=0 tx=0 comp rx=0 tx=0).handle_read_frame_dispatch tag=2
2026-02-11T23:33:20.112+0000 7f52a87fd640 10 --2- [v2:127.0.0.1:6808/968590950,v1:127.0.0.1:6809/968590950] >> [v2:127.0.0.1:6800/283911389,v1:127.0.0.1:6801/283911389] conn(0xb65d800 0xb356c00 crc :-1 s=READY pgs=2 gs=1 cs=0 l=1 c_cookie=0 s_cookie=0 reconnecting=0 rev1=1 crypto rx=0 tx=0 comp rx=0 tx=0).write_event
2026-02-11T23:33:20.112+0000 7f52a8ffe640 20 --2- 127.0.0.1:0/3417905487 >> [v2:127.0.0.1:6808/968590950,v1:127.0.0.1:6809/968590950] conn(0xb804000 0xb356100 unknown :-1 s=AUTH_CONNECTING pgs=0 gs=2 cs=0 l=1 c_cookie=0 s_cookie=0 reconnecting=0 rev1=1 crypto rx=0 tx=0 comp rx=0 tx=0).read_frame
2026-02-11T23:33:20.112+0000 7f52a6ffa640 20 --2- [v2:127.0.0.1:6808/968590950,v1:127.0.0.1:6809/968590950] >> conn(0xb806800 0xb3dcb00 unknown :-1 s=AUTH_ACCEPTING pgs=0 gs=0 cs=0 l=1 c_cookie=0 s_cookie=0 reconnecting=0 rev1=1 crypto rx=0 tx=0 comp rx=0 tx=0).handle_auth_request payload.length()=38
2026-02-11T23:33:20.112+0000 7f52a8ffe640 20 -- 127.0.0.1:0/3417905487 >> [v2:127.0.0.1:6808/968590950,v1:127.0.0.1:6809/968590950] conn(0xb804000 msgr2=0xb356100 unknown :-1 s=STATE_CONNECTION_ESTABLISHED l=1).read start len=32
2026-02-11T23:33:20.112+0000 7f52a87fd640 20 --2- [v2:127.0.0.1:6808/968590950,v1:127.0.0.1:6809/968590950] >> [v2:127.0.0.1:6800/283911389,v1:127.0.0.1:6801/283911389] conn(0xb65d800 0xb356c00 crc :-1 s=READY pgs=2 gs=1 cs=0 l=1 c_cookie=0 s_cookie=0 reconnecting=0 rev1=1 crypto rx=0 tx=0 comp rx=0 tx=0).prepare_send_message m=mgrconfigure(period=5, threshold=5)
2026-02-11T23:33:20.112+0000 7f52a6ffa640 10 --2- [v2:127.0.0.1:6808/968590950,v1:127.0.0.1:6809/968590950] >> conn(0xb806800 0xb3dcb00 unknown :-1 s=AUTH_ACCEPTING pgs=0 gs=0 cs=0 l=1 c_cookie=0 s_cookie=0 reconnecting=0 rev1=1 crypto rx=0 tx=0 comp rx=0 tx=0).handle_auth_request AuthRequest(method=1, preferred_modes=[1], payload_len=22)
2026-02-11T23:33:20.112+0000 7f52a8ffe640 20 -- [v2:127.0.0.1:6808/968590950,v1:127.0.0.1:6809/968590950] >> conn(0xb807000 msgr2=0xb3dd600 unknown :-1 s=STATE_ACCEPTING l=0).process
2026-02-11T23:33:20.112+0000 7f52a87fd640 20 --2- [v2:127.0.0.1:6808/968590950,v1:127.0.0.1:6809/968590950] >> [v2:127.0.0.1:6800/283911389,v1:127.0.0.1:6801/283911389] conn(0xb65d800 0xb356c00 crc :-1 s=READY pgs=2 gs=1 cs=0 l=1 c_cookie=0 s_cookie=0 reconnecting=0 rev1=1 crypto rx=0 tx=0 comp rx=0 tx=0).prepare_send_message encoding features 4544132024016699391 0x18d1880 mgrconfigure(period=5, threshold=5)
2026-02-11T23:33:20.112+0000 7f52a8ffe640 20 Event(0x18c8748 nevent=5000 time_id=11).create_file_event create event started fd=40 mask=1 original mask is 0
2026-02-11T23:33:20.112+0000 7f52a6ffa640 10 mgr.server ms_handle_fast_authentication ms_handle_fast_authentication new session 0xb74a240 con 0xb806800 entity client.admin addr
2026-02-11T23:33:20.112+0000 7f52a8ffe640 20 EpollDriver.add_event add event fd=40 cur_mask=0 add_mask=1 to 12
2026-02-11T23:33:20.112+0000 7f52a6ffa640 10 mgr.server ms_handle_fast_authentication session 0xb74a240 client.admin allow_all
2026-02-11T23:33:20.112+0000 7f52a87fd640 2 --2- [v2:127.0.0.1:6808/968590950,v1:127.0.0.1:6809/968590950] >> [v2:127.0.0.1:6800/283911389,v1:127.0.0.1:6801/283911389] conn(0xb65d800 0xb356c00 crc :-1 s=READY pgs=2 gs=1 cs=0 l=1 c_cookie=0 s_cookie=0 reconnecting=0 rev1=1 crypto rx=0 tx=0 comp rx=0 tx=0).write_message sending message m=0x18d1880 seq=1 mgrconfigure(period=5, threshold=5)
2026-02-11T23:33:20.112+0000 7f52a8ffe640 20 Event(0x18c8748 nevent=5000 time_id=11).create_file_event create event end fd=40 mask=1 current mask is 1
2026-02-11T23:33:20.112+0000 7f52a8ffe640 20 --2- [v2:127.0.0.1:6808/968590950,v1:127.0.0.1:6809/968590950] >> conn(0xb807000 0xb3dd600 unknown :-1 s=START_ACCEPT pgs=0 gs=0 cs=0 l=0 c_cookie=0 s_cookie=0 reconnecting=0 rev1=0 crypto rx=0 tx=0 comp rx=0 tx=0).read_event
2026-02-11T23:33:20.112+0000 7f52a87fd640 20 --2- [v2:127.0.0.1:6808/968590950,v1:127.0.0.1:6809/968590950] >> [v2:127.0.0.1:6800/283911389,v1:127.0.0.1:6801/283911389] conn(0xb65d800 0xb356c00 crc :-1 s=READY pgs=2 gs=1 cs=0 l=1 c_cookie=0 s_cookie=0 reconnecting=0 rev1=1 crypto rx=0 tx=0 comp rx=0 tx=0).write_message sending m=0x18d1880 seq=1 src=mgr.4100 off=0
2026-02-11T23:33:20.112+0000 7f52a8ffe640 20 --2- [v2:127.0.0.1:6808/968590950,v1:127.0.0.1:6809/968590950] >> conn(0xb807000 0xb3dd600 unknown :-1 s=START_ACCEPT pgs=0 gs=0 cs=0 l=0 c_cookie=0 s_cookie=0 reconnecting=0 rev1=0 crypto rx=0 tx=0 comp rx=0 tx=0).start_server_banner_exchange
2026-02-11T23:33:20.112+0000 7f52a8ffe640 20 --2- [v2:127.0.0.1:6808/968590950,v1:127.0.0.1:6809/968590950] >> conn(0xb807000 0xb3dd600 unknown :-1 s=BANNER_ACCEPTING pgs=0 gs=0 cs=0 l=0 c_cookie=0 s_cookie=0 reconnecting=0 rev1=0 crypto rx=0 tx=0 comp rx=0 tx=0)._banner_exchange
2026-02-11T23:33:20.112+0000 7f52a6ffa640 10 -- [v2:127.0.0.1:6808/968590950,v1:127.0.0.1:6809/968590950] >> conn(0xb806800 msgr2=0xb3dcb00 crc :-1 s=STATE_CONNECTION_ESTABLISHED l=1)._try_send sent bytes 52 remaining bytes 0
2026-02-11T23:33:20.112+0000 7f52a87fd640 10 -- [v2:127.0.0.1:6808/968590950,v1:127.0.0.1:6809/968590950] >> [v2:127.0.0.1:6800/283911389,v1:127.0.0.1:6801/283911389] conn(0xb65d800 msgr2=0xb356c00 crc :-1 s=STATE_CONNECTION_ESTABLISHED l=1)._try_send sent bytes 103 remaining bytes 0
2026-02-11T23:33:20.112+0000 7f52a87fd640 10 --2- [v2:127.0.0.1:6808/968590950,v1:127.0.0.1:6809/968590950] >> [v2:127.0.0.1:6800/283911389,v1:127.0.0.1:6801/283911389] conn(0xb65d800 0xb356c00 crc :-1 s=READY pgs=2 gs=1 cs=0 l=1 c_cookie=0 s_cookie=0 reconnecting=0 rev1=1 crypto rx=0 tx=0 comp rx=0 tx=0).write_message sending 0x18d1880 done.
2026-02-11T23:33:20.112+0000 7f52a8ffe640 10 -- [v2:127.0.0.1:6808/968590950,v1:127.0.0.1:6809/968590950] >> conn(0xb807000 msgr2=0xb3dd600 unknown :-1 s=STATE_CONNECTION_ESTABLISHED l=0)._try_send sent bytes 26 remaining bytes 0
2026-02-11T23:33:20.112+0000 7f52a6ffa640 10 -- [v2:127.0.0.1:6808/968590950,v1:127.0.0.1:6809/968590950] >> conn(0xb806800 msgr2=0xb3dcb00 crc :-1 s=STATE_CONNECTION_ESTABLISHED l=1)._try_send sent bytes 68 remaining bytes 0
2026-02-11T23:33:20.112+0000 7f52a87fd640 20 -- [v2:127.0.0.1:6808/968590950,v1:127.0.0.1:6809/968590950] >> conn(0xb806c00 msgr2=0xb3dd080 unknown :-1 s=STATE_ACCEPTING l=0).process
2026-02-11T23:33:20.112+0000 7f52a87fd640 20 Event(0x18c8508 nevent=5000 time_id=6).create_file_event create event started fd=39 mask=1 original mask is 0
2026-02-11T23:33:20.112+0000 7f52a8ffe640 20 -- [v2:127.0.0.1:6808/968590950,v1:127.0.0.1:6809/968590950] >> conn(0xb807000 msgr2=0xb3dd600 unknown :-1 s=STATE_CONNECTION_ESTABLISHED l=0).read start len=10
2026-02-11T23:33:20.112+0000 7f52a87fd640 20 EpollDriver.add_event add event fd=39 cur_mask=0 add_mask=1 to 10
2026-02-11T23:33:20.112+0000 7f52a6ffa640 20 --2- [v2:127.0.0.1:6808/968590950,v1:127.0.0.1:6809/968590950] >> conn(0xb806800 0xb3dcb00 crc :-1 s=AUTH_ACCEPTING_SIGN pgs=0 gs=0 cs=0 l=1 c_cookie=0 s_cookie=0 reconnecting=0 rev1=1 crypto rx=0 tx=0 comp rx=0 tx=0).read_frame
2026-02-11T23:33:20.112+0000 7f52a6ffa640 20 -- [v2:127.0.0.1:6808/968590950,v1:127.0.0.1:6809/968590950] >> conn(0xb806800 msgr2=0xb3dcb00 crc :-1 s=STATE_CONNECTION_ESTABLISHED l=1).read start len=32
2026-02-11T23:33:20.112+0000 7f52a87fd640 20 Event(0x18c8508 nevent=5000 time_id=6).create_file_event create event end fd=39 mask=1 current mask is 1
2026-02-11T23:33:20.112+0000 7f52a8ffe640 20 --2- [v2:127.0.0.1:6808/968590950,v1:127.0.0.1:6809/968590950] >> conn(0xb807000 0xb3dd600 unknown :-1 s=BANNER_ACCEPTING pgs=0 gs=0 cs=0 l=0 c_cookie=0 s_cookie=0 reconnecting=0 rev1=0 crypto rx=0 tx=0 comp rx=0 tx=0)._handle_peer_banner r=0
2026-02-11T23:33:20.112+0000 7f52a87fd640 20 --2- [v2:127.0.0.1:6808/968590950,v1:127.0.0.1:6809/968590950] >> conn(0xb806c00 0xb3dd080 unknown :-1 s=START_ACCEPT pgs=0 gs=0 cs=0 l=0 c_cookie=0 s_cookie=0 reconnecting=0 rev1=0 crypto rx=0 tx=0 comp rx=0 tx=0).read_event
2026-02-11T23:33:20.112+0000 7f52a8ffe640 20 -- [v2:127.0.0.1:6808/968590950,v1:127.0.0.1:6809/968590950] >> conn(0xb807000 msgr2=0xb3dd600 unknown :-1 s=STATE_CONNECTION_ESTABLISHED l=0).read start len=16
2026-02-11T23:33:20.112+0000 7f52a87fd640 20 --2- [v2:127.0.0.1:6808/968590950,v1:127.0.0.1:6809/968590950] >> conn(0xb806c00 0xb3dd080 unknown :-1 s=START_ACCEPT pgs=0 gs=0 cs=0 l=0 c_cookie=0 s_cookie=0 reconnecting=0 rev1=0 crypto rx=0 tx=0 comp rx=0 tx=0).start_server_banner_exchange
2026-02-11T23:33:20.112+0000 7f52a8ffe640 20 --2- [v2:127.0.0.1:6808/968590950,v1:127.0.0.1:6809/968590950] >> conn(0xb807000 0xb3dd600 unknown :-1 s=BANNER_ACCEPTING pgs=0 gs=0 cs=0 l=0 c_cookie=0 s_cookie=0 reconnecting=0 rev1=0 crypto rx=0 tx=0 comp rx=0 tx=0)._handle_peer_banner_payload r=0
2026-02-11T23:33:20.112+0000 7f52a87fd640 20 --2- [v2:127.0.0.1:6808/968590950,v1:127.0.0.1:6809/968590950] >> conn(0xb806c00 0xb3dd080 unknown :-1 s=BANNER_ACCEPTING pgs=0 gs=0 cs=0 l=0 c_cookie=0 s_cookie=0 reconnecting=0 rev1=0 crypto rx=0 tx=0 comp rx=0 tx=0)._banner_exchange
2026-02-11T23:33:20.112+0000 7f52a8ffe640 1 --2- [v2:127.0.0.1:6808/968590950,v1:127.0.0.1:6809/968590950] >> conn(0xb807000 0xb3dd600 unknown :-1 s=BANNER_ACCEPTING pgs=0 gs=0 cs=0 l=0 c_cookie=0 s_cookie=0 reconnecting=0 rev1=0 crypto rx=0 tx=0 comp rx=0 tx=0)._handle_peer_banner_payload supported=3 required=0
2026-02-11T23:33:20.112+0000 7f52a6ffa640 20 -- 127.0.0.1:0/2593569183 >> [v2:127.0.0.1:6808/968590950,v1:127.0.0.1:6809/968590950] conn(0xb65dc00 msgr2=0xb354580 unknown :-1 s=STATE_CONNECTION_ESTABLISHED l=1).process
2026-02-11T23:33:20.112+0000 7f52a6ffa640 20 -- 127.0.0.1:0/2593569183 >> [v2:127.0.0.1:6808/968590950,v1:127.0.0.1:6809/968590950] conn(0xb65dc00 msgr2=0xb354580 unknown :-1 s=STATE_CONNECTION_ESTABLISHED l=1).read continue len=10
2026-02-11T23:33:20.112+0000 7f52a6ffa640 20 --2- 127.0.0.1:0/2593569183 >> [v2:127.0.0.1:6808/968590950,v1:127.0.0.1:6809/968590950] conn(0xb65dc00 0xb354580 unknown :-1 s=BANNER_CONNECTING pgs=0 gs=2 cs=0 l=1 c_cookie=0 s_cookie=0 reconnecting=0 rev1=0 crypto rx=0 tx=0 comp rx=0 tx=0)._handle_peer_banner r=0
2026-02-11T23:33:20.112+0000 7f52a6ffa640 20 -- 127.0.0.1:0/2593569183 >> [v2:127.0.0.1:6808/968590950,v1:127.0.0.1:6809/968590950] conn(0xb65dc00 msgr2=0xb354580 unknown :-1 s=STATE_CONNECTION_ESTABLISHED l=1).read start len=16
2026-02-11T23:33:20.112+0000 7f52a87fd640 10 -- [v2:127.0.0.1:6808/968590950,v1:127.0.0.1:6809/968590950] >> conn(0xb806c00 msgr2=0xb3dd080 unknown :-1 s=STATE_CONNECTION_ESTABLISHED l=0)._try_send sent bytes 26 remaining bytes 0
2026-02-11T23:33:20.112+0000 7f52a87fd640 20 -- [v2:127.0.0.1:6808/968590950,v1:127.0.0.1:6809/968590950] >> conn(0xb806c00 msgr2=0xb3dd080 unknown :-1 s=STATE_CONNECTION_ESTABLISHED l=0).read start len=10
2026-02-11T23:33:20.112+0000 7f52a6ffa640 20 --2- 127.0.0.1:0/2593569183 >> [v2:127.0.0.1:6808/968590950,v1:127.0.0.1:6809/968590950] conn(0xb65dc00 0xb354580 unknown :-1 s=BANNER_CONNECTING pgs=0 gs=2 cs=0 l=1 c_cookie=0 s_cookie=0 reconnecting=0 rev1=0 crypto rx=0 tx=0 comp rx=0 tx=0)._handle_peer_banner_payload r=0
2026-02-11T23:33:20.112+0000 7f52a6ffa640 1 --2- 127.0.0.1:0/2593569183 >> [v2:127.0.0.1:6808/968590950,v1:127.0.0.1:6809/968590950] conn(0xb65dc00 0xb354580 unknown :-1 s=BANNER_CONNECTING pgs=0 gs=2 cs=0 l=1 c_cookie=0 s_cookie=0 reconnecting=0 rev1=0 crypto rx=0 tx=0 comp rx=0 tx=0)._handle_peer_banner_payload supported=3 required=0
2026-02-11T23:33:20.112+0000 7f52a87fd640 20 --2- [v2:127.0.0.1:6808/968590950,v1:127.0.0.1:6809/968590950] >> conn(0xb806c00 0xb3dd080 unknown :-1 s=BANNER_ACCEPTING pgs=0 gs=0 cs=0 l=0 c_cookie=0 s_cookie=0 reconnecting=0 rev1=0 crypto rx=0 tx=0 comp rx=0 tx=0)._handle_peer_banner r=0
2026-02-11T23:33:20.112+0000 7f52a8ffe640 10 -- [v2:127.0.0.1:6808/968590950,v1:127.0.0.1:6809/968590950] >> conn(0xb807000 msgr2=0xb3dd600 unknown :-1 s=STATE_CONNECTION_ESTABLISHED l=0)._try_send sent bytes 72 remaining bytes 0
2026-02-11T23:33:20.112+0000 7f52a87fd640 20 -- [v2:127.0.0.1:6808/968590950,v1:127.0.0.1:6809/968590950] >> conn(0xb806c00 msgr2=0xb3dd080 unknown :-1 s=STATE_CONNECTION_ESTABLISHED l=0).read start len=16
2026-02-11T23:33:20.112+0000 7f52a8ffe640 20 --2- [v2:127.0.0.1:6808/968590950,v1:127.0.0.1:6809/968590950] >> conn(0xb807000 0xb3dd600 unknown :-1 s=HELLO_ACCEPTING pgs=0 gs=0 cs=0 l=0 c_cookie=0 s_cookie=0 reconnecting=0 rev1=1 crypto rx=0 tx=0 comp rx=0 tx=0).read_frame
2026-02-11T23:33:20.112+0000 7f52a87fd640 20 --2- [v2:127.0.0.1:6808/968590950,v1:127.0.0.1:6809/968590950] >> conn(0xb806c00 0xb3dd080 unknown :-1 s=BANNER_ACCEPTING pgs=0 gs=0 cs=0 l=0 c_cookie=0 s_cookie=0 reconnecting=0 rev1=0 crypto rx=0 tx=0 comp rx=0 tx=0)._handle_peer_banner_payload r=0
2026-02-11T23:33:20.112+0000 7f52a87fd640 1 --2- [v2:127.0.0.1:6808/968590950,v1:127.0.0.1:6809/968590950] >> conn(0xb806c00 0xb3dd080 unknown :-1 s=BANNER_ACCEPTING pgs=0 gs=0 cs=0 l=0 c_cookie=0 s_cookie=0 reconnecting=0 rev1=0 crypto rx=0 tx=0 comp rx=0 tx=0)._handle_peer_banner_payload supported=3 required=0
2026-02-11T23:33:20.112+0000 7f52a8ffe640 20 -- [v2:127.0.0.1:6808/968590950,v1:127.0.0.1:6809/968590950] >> conn(0xb807000 msgr2=0xb3dd600 unknown :-1 s=STATE_CONNECTION_ESTABLISHED l=0).read start len=32
2026-02-11T23:33:20.112+0000 7f52a8ffe640 20 --2- [v2:127.0.0.1:6808/968590950,v1:127.0.0.1:6809/968590950] >> conn(0xb807000 0xb3dd600 unknown :-1 s=HELLO_ACCEPTING pgs=0 gs=0 cs=0 l=0 c_cookie=0 s_cookie=0 reconnecting=0 rev1=1 crypto rx=0 tx=0 comp rx=0 tx=0).handle_read_frame_preamble_main r=0
2026-02-11T23:33:20.112+0000 7f52a8ffe640 20 --2- [v2:127.0.0.1:6808/968590950,v1:127.0.0.1:6809/968590950] >> conn(0xb807000 0xb3dd600 unknown :-1 s=HELLO_ACCEPTING pgs=0 gs=0 cs=0 l=0 c_cookie=0 s_cookie=0 reconnecting=0 rev1=1 crypto rx=0 tx=0 comp rx=0 tx=0).read_frame_segment seg_idx=0
2026-02-11T23:33:20.112+0000 7f52a6ffa640 10 -- 127.0.0.1:0/2593569183 >> [v2:127.0.0.1:6808/968590950,v1:127.0.0.1:6809/968590950] conn(0xb65dc00 msgr2=0xb354580 unknown :-1 s=STATE_CONNECTION_ESTABLISHED l=1)._try_send sent bytes 72 remaining bytes 0
2026-02-11T23:33:20.112+0000 7f52a8ffe640 20 -- [v2:127.0.0.1:6808/968590950,v1:127.0.0.1:6809/968590950] >> conn(0xb807000 msgr2=0xb3dd600 unknown :-1 s=STATE_CONNECTION_ESTABLISHED l=0).read start len=40
2026-02-11T23:33:20.112+0000 7f52a8ffe640 20 --2- [v2:127.0.0.1:6808/968590950,v1:127.0.0.1:6809/968590950] >> conn(0xb807000 0xb3dd600 unknown :-1 s=HELLO_ACCEPTING pgs=0 gs=0 cs=0 l=0 c_cookie=0 s_cookie=0 reconnecting=0 rev1=1 crypto rx=0 tx=0 comp rx=0 tx=0).handle_read_frame_segment r=0
2026-02-11T23:33:20.112+0000 7f52a6ffa640 20 --2- 127.0.0.1:0/2593569183 >> [v2:127.0.0.1:6808/968590950,v1:127.0.0.1:6809/968590950] conn(0xb65dc00 0xb354580 unknown :-1 s=HELLO_CONNECTING pgs=0 gs=2 cs=0 l=1 c_cookie=0 s_cookie=0 reconnecting=0 rev1=1 crypto rx=0 tx=0 comp rx=0 tx=0).read_frame
2026-02-11T23:33:20.112+0000 7f52a8ffe640 10 --2- [v2:127.0.0.1:6808/968590950,v1:127.0.0.1:6809/968590950] >> conn(0xb807000 0xb3dd600 unknown :-1 s=HELLO_ACCEPTING pgs=0 gs=0 cs=0 l=0 c_cookie=0 s_cookie=0 reconnecting=0 rev1=1 crypto rx=0 tx=0 comp rx=0 tx=0).handle_read_frame_dispatch tag=1
2026-02-11T23:33:20.112+0000 7f52a6ffa640 20 -- 127.0.0.1:0/2593569183 >> [v2:127.0.0.1:6808/968590950,v1:127.0.0.1:6809/968590950] conn(0xb65dc00 msgr2=0xb354580 unknown :-1 s=STATE_CONNECTION_ESTABLISHED l=1).read start len=32
2026-02-11T23:33:20.112+0000 7f52a8ffe640 20 --2- [v2:127.0.0.1:6808/968590950,v1:127.0.0.1:6809/968590950] >> conn(0xb807000 0xb3dd600 unknown :-1 s=HELLO_ACCEPTING pgs=0 gs=0 cs=0 l=0 c_cookie=0 s_cookie=0 reconnecting=0 rev1=1 crypto rx=0 tx=0 comp rx=0 tx=0).handle_hello payload.length()=36
2026-02-11T23:33:20.112+0000 7f52a6ffa640 20 --2- 127.0.0.1:0/2593569183 >> [v2:127.0.0.1:6808/968590950,v1:127.0.0.1:6809/968590950] conn(0xb65dc00 0xb354580 unknown :-1 s=HELLO_CONNECTING pgs=0 gs=2 cs=0 l=1 c_cookie=0 s_cookie=0 reconnecting=0 rev1=1 crypto rx=0 tx=0 comp rx=0 tx=0).handle_read_frame_preamble_main r=0
2026-02-11T23:33:20.112+0000 7f52a8ffe640 5 --2- [v2:127.0.0.1:6808/968590950,v1:127.0.0.1:6809/968590950] >> conn(0xb807000 0xb3dd600 unknown :-1 s=HELLO_ACCEPTING pgs=0 gs=0 cs=0 l=0 c_cookie=0 s_cookie=0 reconnecting=0 rev1=1 crypto rx=0 tx=0 comp rx=0 tx=0).handle_hello received hello: peer_type=1 peer_addr_for_me=v2:127.0.0.1:6808/968590950
2026-02-11T23:33:20.112+0000 7f52a87fd640 10 -- [v2:127.0.0.1:6808/968590950,v1:127.0.0.1:6809/968590950] >> conn(0xb806c00 msgr2=0xb3dd080 unknown :-1 s=STATE_CONNECTION_ESTABLISHED l=0)._try_send sent bytes 72 remaining bytes 0
2026-02-11T23:33:20.112+0000 7f52a6ffa640 20 --2- 127.0.0.1:0/2593569183 >> [v2:127.0.0.1:6808/968590950,v1:127.0.0.1:6809/968590950] conn(0xb65dc00 0xb354580 unknown :-1 s=HELLO_CONNECTING pgs=0 gs=2 cs=0 l=1 c_cookie=0 s_cookie=0 reconnecting=0 rev1=1 crypto rx=0 tx=0 comp rx=0 tx=0).read_frame_segment seg_idx=0
2026-02-11T23:33:20.112+0000 7f52a8ffe640 5 --2- [v2:127.0.0.1:6808/968590950,v1:127.0.0.1:6809/968590950] >> conn(0xb807000 0xb3dd600 unknown :-1 s=HELLO_ACCEPTING pgs=0 gs=0 cs=0 l=0 c_cookie=0 s_cookie=0 reconnecting=0 rev1=1 crypto rx=0 tx=0 comp rx=0 tx=0).handle_hello getsockname says I am 127.0.0.1:6808 when talking to v2:127.0.0.1:54022/0
2026-02-11T23:33:20.112+0000 7f52a87fd640 20 --2- [v2:127.0.0.1:6808/968590950,v1:127.0.0.1:6809/968590950] >> conn(0xb806c00 0xb3dd080 unknown :-1 s=HELLO_ACCEPTING pgs=0 gs=0 cs=0 l=0 c_cookie=0 s_cookie=0 reconnecting=0 rev1=1 crypto rx=0 tx=0 comp rx=0 tx=0).read_frame
2026-02-11T23:33:20.112+0000 7f52a6ffa640 20 -- 127.0.0.1:0/2593569183 >> [v2:127.0.0.1:6808/968590950,v1:127.0.0.1:6809/968590950] conn(0xb65dc00 msgr2=0xb354580 unknown :-1 s=STATE_CONNECTION_ESTABLISHED l=1).read start len=40
2026-02-11T23:33:20.112+0000 7f52a8ffe640 10 --2- [v2:127.0.0.1:6808/968590950,v1:127.0.0.1:6809/968590950] >> conn(0xb807000 0xb3dd600 unknown :-1 s=HELLO_ACCEPTING pgs=0 gs=0 cs=0 l=1 c_cookie=0 s_cookie=0 reconnecting=0 rev1=1 crypto rx=0 tx=0 comp rx=0 tx=0).handle_hello accept of host_type 1, policy.lossy=1 policy.server=0 policy.standby=0 policy.resetcheck=0
2026-02-11T23:33:20.112+0000 7f52a87fd640 20 -- [v2:127.0.0.1:6808/968590950,v1:127.0.0.1:6809/968590950] >> conn(0xb806c00 msgr2=0xb3dd080 unknown :-1 s=STATE_CONNECTION_ESTABLISHED l=0).read start len=32
2026-02-11T23:33:20.112+0000 7f52a8ffe640 20 --2- [v2:127.0.0.1:6808/968590950,v1:127.0.0.1:6809/968590950] >> conn(0xb807000 0xb3dd600 unknown :-1 s=HELLO_ACCEPTING pgs=0 gs=0 cs=0 l=1 c_cookie=0 s_cookie=0 reconnecting=0 rev1=1 crypto rx=0 tx=0 comp rx=0 tx=0).post_server_banner_exchange
2026-02-11T23:33:20.112+0000 7f52a6ffa640 20 --2- 127.0.0.1:0/2593569183 >> [v2:127.0.0.1:6808/968590950,v1:127.0.0.1:6809/968590950] conn(0xb65dc00 0xb354580 unknown :-1 s=HELLO_CONNECTING pgs=0 gs=2 cs=0 l=1 c_cookie=0 s_cookie=0 reconnecting=0 rev1=1 crypto rx=0 tx=0 comp rx=0 tx=0).handle_read_frame_segment r=0
2026-02-11T23:33:20.112+0000 7f52a8ffe640 20 --2- [v2:127.0.0.1:6808/968590950,v1:127.0.0.1:6809/968590950] >> conn(0xb807000 0xb3dd600 unknown :-1 s=AUTH_ACCEPTING pgs=0 gs=0 cs=0 l=1 c_cookie=0 s_cookie=0 reconnecting=0 rev1=1 crypto rx=0 tx=0 comp rx=0 tx=0).read_frame
2026-02-11T23:33:20.112+0000 7f52a87fd640 20 -- [v2:127.0.0.1:6808/968590950,v1:127.0.0.1:6809/968590950] >> conn(0xb802000 msgr2=0x19fc000 unknown :-1 s=STATE_CONNECTION_ESTABLISHED l=0).process
2026-02-11T23:33:20.112+0000 7f52a6ffa640 10 --2- 127.0.0.1:0/2593569183 >> [v2:127.0.0.1:6808/968590950,v1:127.0.0.1:6809/968590950] conn(0xb65dc00 0xb354580 unknown :-1 s=HELLO_CONNECTING pgs=0 gs=2 cs=0 l=1 c_cookie=0 s_cookie=0 reconnecting=0 rev1=1 crypto rx=0 tx=0 comp rx=0 tx=0).handle_read_frame_dispatch tag=1
2026-02-11T23:33:20.112+0000 7f52a8ffe640 20 -- [v2:127.0.0.1:6808/968590950,v1:127.0.0.1:6809/968590950] >> conn(0xb807000 msgr2=0xb3dd600 unknown :-1 s=STATE_CONNECTION_ESTABLISHED l=1).read start len=32
2026-02-11T23:33:20.112+0000 7f52a87fd640 20 -- [v2:127.0.0.1:6808/968590950,v1:127.0.0.1:6809/968590950] >> conn(0xb802000 msgr2=0x19fc000 unknown :-1 s=STATE_CONNECTION_ESTABLISHED l=0).read continue len=32
2026-02-11T23:33:20.112+0000 7f52a6ffa640 20 --2- 127.0.0.1:0/2593569183 >> [v2:127.0.0.1:6808/968590950,v1:127.0.0.1:6809/968590950] conn(0xb65dc00 0xb354580 unknown :-1 s=HELLO_CONNECTING pgs=0 gs=2 cs=0 l=1 c_cookie=0 s_cookie=0 reconnecting=0 rev1=1 crypto rx=0 tx=0 comp rx=0 tx=0).handle_hello payload.length()=36
2026-02-11T23:33:20.112+0000 7f52a8ffe640 20 -- [v2:127.0.0.1:6808/968590950,v1:127.0.0.1:6809/968590950] >> conn(0xb806400 msgr2=0xb3dc580 unknown :-1 s=STATE_CONNECTION_ESTABLISHED l=0).process
2026-02-11T23:33:20.112+0000 7f52a6ffa640 5 --2- 127.0.0.1:0/2593569183 >> [v2:127.0.0.1:6808/968590950,v1:127.0.0.1:6809/968590950] conn(0xb65dc00 0xb354580 unknown :-1 s=HELLO_CONNECTING pgs=0 gs=2 cs=0 l=1 c_cookie=0 s_cookie=0 reconnecting=0 rev1=1 crypto rx=0 tx=0 comp rx=0 tx=0).handle_hello received hello: peer_type=16 peer_addr_for_me=v2:127.0.0.1:53988/0
2026-02-11T23:33:20.112+0000 7f52a8ffe640 20 -- [v2:127.0.0.1:6808/968590950,v1:127.0.0.1:6809/968590950] >> conn(0xb806400 msgr2=0xb3dc580 unknown :-1 s=STATE_CONNECTION_ESTABLISHED l=0).read continue len=32
2026-02-11T23:33:20.112+0000 7f52a6ffa640 5 --2- 127.0.0.1:0/2593569183 >> [v2:127.0.0.1:6808/968590950,v1:127.0.0.1:6809/968590950] conn(0xb65dc00 0xb354580 unknown :-1 s=HELLO_CONNECTING pgs=0 gs=2 cs=0 l=1 c_cookie=0 s_cookie=0 reconnecting=0 rev1=1 crypto rx=0 tx=0 comp rx=0 tx=0).handle_hello getsockname says I am 127.0.0.1:53988 when talking to v2:127.0.0.1:6808/968590950
2026-02-11T23:33:20.112+0000 7f52a87fd640 20 --2- [v2:127.0.0.1:6808/968590950,v1:127.0.0.1:6809/968590950] >> conn(0xb802000 0x19fc000 unknown :-1 s=HELLO_ACCEPTING pgs=0 gs=0 cs=0 l=0 c_cookie=0 s_cookie=0 reconnecting=0 rev1=1 crypto rx=0 tx=0 comp rx=0 tx=0).handle_read_frame_preamble_main r=0
2026-02-11T23:33:20.112+0000 7f52a6ffa640 20 --2- 127.0.0.1:0/2593569183 >> [v2:127.0.0.1:6808/968590950,v1:127.0.0.1:6809/968590950] conn(0xb65dc00 0xb354580 unknown :-1 s=HELLO_CONNECTING pgs=0 gs=2 cs=0 l=1 c_cookie=0 s_cookie=0 reconnecting=0 rev1=1 crypto rx=0 tx=0 comp rx=0 tx=0).post_client_banner_exchange
2026-02-11T23:33:20.112+0000 7f52a87fd640 20 --2- [v2:127.0.0.1:6808/968590950,v1:127.0.0.1:6809/968590950] >> conn(0xb802000 0x19fc000 unknown :-1 s=HELLO_ACCEPTING pgs=0 gs=0 cs=0 l=0 c_cookie=0 s_cookie=0 reconnecting=0 rev1=1 crypto rx=0 tx=0 comp rx=0 tx=0).read_frame_segment seg_idx=0
2026-02-11T23:33:20.112+0000 7f52a8ffe640 20 --2- [v2:127.0.0.1:6808/968590950,v1:127.0.0.1:6809/968590950] >> conn(0xb806400 0xb3dc580 unknown :-1 s=HELLO_ACCEPTING pgs=0 gs=0 cs=0 l=0 c_cookie=0 s_cookie=0 reconnecting=0 rev1=1 crypto rx=0 tx=0 comp rx=0 tx=0).handle_read_frame_preamble_main r=0
2026-02-11T23:33:20.112+0000 7f52a6ffa640 20 --2- 127.0.0.1:0/2593569183 >> [v2:127.0.0.1:6808/968590950,v1:127.0.0.1:6809/968590950] conn(0xb65dc00 0xb354580 unknown :-1 s=AUTH_CONNECTING pgs=0 gs=2 cs=0 l=1 c_cookie=0 s_cookie=0 reconnecting=0 rev1=1 crypto rx=0 tx=0 comp rx=0 tx=0).send_auth_request peer_type 16 auth_client 0xb3e30d0
2026-02-11T23:33:20.112+0000 7f52a87fd640 20 -- [v2:127.0.0.1:6808/968590950,v1:127.0.0.1:6809/968590950] >> conn(0xb802000 msgr2=0x19fc000 unknown :-1 s=STATE_CONNECTION_ESTABLISHED l=0).read start len=40
2026-02-11T23:33:20.112+0000 7f52a8ffe640 20 --2- [v2:127.0.0.1:6808/968590950,v1:127.0.0.1:6809/968590950] >> conn(0xb806400 0xb3dc580 unknown :-1 s=HELLO_ACCEPTING pgs=0 gs=0 cs=0 l=0 c_cookie=0 s_cookie=0 reconnecting=0 rev1=1 crypto rx=0 tx=0 comp rx=0 tx=0).read_frame_segment seg_idx=0
2026-02-11T23:33:20.112+0000 7f52a87fd640 20 --2- [v2:127.0.0.1:6808/968590950,v1:127.0.0.1:6809/968590950] >> conn(0xb802000 0x19fc000 unknown :-1 s=HELLO_ACCEPTING pgs=0 gs=0 cs=0 l=0 c_cookie=0 s_cookie=0 reconnecting=0 rev1=1 crypto rx=0 tx=0 comp rx=0 tx=0).handle_read_frame_segment r=0
2026-02-11T23:33:20.112+0000 7f52a8ffe640 20 -- [v2:127.0.0.1:6808/968590950,v1:127.0.0.1:6809/968590950] >> conn(0xb806400 msgr2=0xb3dc580 unknown :-1 s=STATE_CONNECTION_ESTABLISHED l=0).read start len=40
2026-02-11T23:33:20.112+0000 7f52a8ffe640 20 --2- [v2:127.0.0.1:6808/968590950,v1:127.0.0.1:6809/968590950] >> conn(0xb806400 0xb3dc580 unknown :-1 s=HELLO_ACCEPTING pgs=0 gs=0 cs=0 l=0 c_cookie=0 s_cookie=0 reconnecting=0 rev1=1 crypto rx=0 tx=0 comp rx=0 tx=0).handle_read_frame_segment r=0
2026-02-11T23:33:20.112+0000 7f52a87fd640 10 --2- [v2:127.0.0.1:6808/968590950,v1:127.0.0.1:6809/968590950] >> conn(0xb802000 0x19fc000 unknown :-1 s=HELLO_ACCEPTING pgs=0 gs=0 cs=0 l=0 c_cookie=0 s_cookie=0 reconnecting=0 rev1=1 crypto rx=0 tx=0 comp rx=0 tx=0).handle_read_frame_dispatch tag=1
2026-02-11T23:33:20.112+0000 7f52a8ffe640 10 --2- [v2:127.0.0.1:6808/968590950,v1:127.0.0.1:6809/968590950] >> conn(0xb806400 0xb3dc580 unknown :-1 s=HELLO_ACCEPTING pgs=0 gs=0 cs=0 l=0 c_cookie=0 s_cookie=0 reconnecting=0 rev1=1 crypto rx=0 tx=0 comp rx=0 tx=0).handle_read_frame_dispatch tag=1
2026-02-11T23:33:20.112+0000 7f52a6ffa640 10 -- 127.0.0.1:0/2593569183 >> [v2:127.0.0.1:6808/968590950,v1:127.0.0.1:6809/968590950] conn(0xb65dc00 msgr2=0xb354580 unknown :-1 s=STATE_CONNECTION_ESTABLISHED l=1)._try_send sent bytes 70 remaining bytes 0
2026-02-11T23:33:20.112+0000 7f52a87fd640 20 --2- [v2:127.0.0.1:6808/968590950,v1:127.0.0.1:6809/968590950] >> conn(0xb802000 0x19fc000 unknown :-1 s=HELLO_ACCEPTING pgs=0 gs=0 cs=0 l=0 c_cookie=0 s_cookie=0 reconnecting=0 rev1=1 crypto rx=0 tx=0 comp rx=0 tx=0).handle_hello payload.length()=36
2026-02-11T23:33:20.112+0000 7f52a8ffe640 20 --2- [v2:127.0.0.1:6808/968590950,v1:127.0.0.1:6809/968590950] >> conn(0xb806400 0xb3dc580 unknown :-1 s=HELLO_ACCEPTING pgs=0 gs=0 cs=0 l=0 c_cookie=0 s_cookie=0 reconnecting=0 rev1=1 crypto rx=0 tx=0 comp rx=0 tx=0).handle_hello payload.length()=36
2026-02-11T23:33:20.112+0000 7f52a6ffa640 20 --2- 127.0.0.1:0/2593569183 >> [v2:127.0.0.1:6808/968590950,v1:127.0.0.1:6809/968590950] conn(0xb65dc00 0xb354580 unknown :-1 s=AUTH_CONNECTING pgs=0 gs=2 cs=0 l=1 c_cookie=0 s_cookie=0 reconnecting=0 rev1=1 crypto rx=0 tx=0 comp rx=0 tx=0).read_frame
2026-02-11T23:33:20.112+0000 7f52a87fd640 5 --2- [v2:127.0.0.1:6808/968590950,v1:127.0.0.1:6809/968590950] >> conn(0xb802000 0x19fc000 unknown :-1 s=HELLO_ACCEPTING pgs=0 gs=0 cs=0 l=0 c_cookie=0 s_cookie=0 reconnecting=0 rev1=1 crypto rx=0 tx=0 comp rx=0 tx=0).handle_hello received hello: peer_type=16 peer_addr_for_me=v2:127.0.0.1:6808/968590950
2026-02-11T23:33:20.112+0000 7f52a8ffe640 5 --2- [v2:127.0.0.1:6808/968590950,v1:127.0.0.1:6809/968590950] >> conn(0xb806400 0xb3dc580 unknown :-1 s=HELLO_ACCEPTING pgs=0 gs=0 cs=0 l=0 c_cookie=0 s_cookie=0 reconnecting=0 rev1=1 crypto rx=0 tx=0 comp rx=0 tx=0).handle_hello received hello: peer_type=8 peer_addr_for_me=v2:127.0.0.1:6808/968590950
2026-02-11T23:33:20.112+0000 7f52a6ffa640 20 -- 127.0.0.1:0/2593569183 >> [v2:127.0.0.1:6808/968590950,v1:127.0.0.1:6809/968590950] conn(0xb65dc00 msgr2=0xb354580 unknown :-1 s=STATE_CONNECTION_ESTABLISHED l=1).read start len=32
2026-02-11T23:33:20.112+0000 7f52a8ffe640 5 --2- [v2:127.0.0.1:6808/968590950,v1:127.0.0.1:6809/968590950] >> conn(0xb806400 0xb3dc580 unknown :-1 s=HELLO_ACCEPTING pgs=0 gs=0 cs=0 l=0 c_cookie=0 s_cookie=0 reconnecting=0 rev1=1 crypto rx=0 tx=0 comp rx=0 tx=0).handle_hello getsockname says I am 127.0.0.1:6808 when talking to v2:127.0.0.1:54002/0
2026-02-11T23:33:20.112+0000 7f52a87fd640 5 --2- [v2:127.0.0.1:6808/968590950,v1:127.0.0.1:6809/968590950] >> conn(0xb802000 0x19fc000 unknown :-1 s=HELLO_ACCEPTING pgs=0 gs=0 cs=0 l=0 c_cookie=0 s_cookie=0 reconnecting=0 rev1=1 crypto rx=0 tx=0 comp rx=0 tx=0).handle_hello getsockname says I am 127.0.0.1:6808 when talking to v2:127.0.0.1:53972/0
2026-02-11T23:33:20.112+0000 7f52a8ffe640 10 --2- [v2:127.0.0.1:6808/968590950,v1:127.0.0.1:6809/968590950] >> conn(0xb806400 0xb3dc580 unknown :-1 s=HELLO_ACCEPTING pgs=0 gs=0 cs=0 l=1 c_cookie=0 s_cookie=0 reconnecting=0 rev1=1 crypto rx=0 tx=0 comp rx=0 tx=0).handle_hello accept of host_type 8, policy.lossy=1 policy.server=1 policy.standby=0 policy.resetcheck=0
2026-02-11T23:33:20.112+0000 7f52a8ffe640 20 --2- [v2:127.0.0.1:6808/968590950,v1:127.0.0.1:6809/968590950] >> conn(0xb806400 0xb3dc580 unknown :-1 s=HELLO_ACCEPTING pgs=0 gs=0 cs=0 l=1 c_cookie=0 s_cookie=0 reconnecting=0 rev1=1 crypto rx=0 tx=0 comp rx=0 tx=0).post_server_banner_exchange
2026-02-11T23:33:20.112+0000 7f52a8ffe640 20 --2- [v2:127.0.0.1:6808/968590950,v1:127.0.0.1:6809/968590950] >> conn(0xb806400 0xb3dc580 unknown :-1 s=AUTH_ACCEPTING pgs=0 gs=0 cs=0 l=1 c_cookie=0 s_cookie=0 reconnecting=0 rev1=1 crypto rx=0 tx=0 comp rx=0 tx=0).read_frame
2026-02-11T23:33:20.112+0000 7f52a8ffe640 20 -- [v2:127.0.0.1:6808/968590950,v1:127.0.0.1:6809/968590950] >> conn(0xb806400 msgr2=0xb3dc580 unknown :-1 s=STATE_CONNECTION_ESTABLISHED l=1).read start len=32
2026-02-11T23:33:20.112+0000 7f52a87fd640 10 --2- [v2:127.0.0.1:6808/968590950,v1:127.0.0.1:6809/968590950] >> conn(0xb802000 0x19fc000 unknown :-1 s=HELLO_ACCEPTING pgs=0 gs=0 cs=0 l=1 c_cookie=0 s_cookie=0 reconnecting=0 rev1=1 crypto rx=0 tx=0 comp rx=0 tx=0).handle_hello accept of host_type 16, policy.lossy=1 policy.server=1 policy.standby=0 policy.resetcheck=0
2026-02-11T23:33:20.112+0000 7f52a8ffe640 20 --2- [v2:127.0.0.1:6808/968590950,v1:127.0.0.1:6809/968590950] >> conn(0xb806400 0xb3dc580 unknown :-1 s=AUTH_ACCEPTING pgs=0 gs=0 cs=0 l=1 c_cookie=0 s_cookie=0 reconnecting=0 rev1=1 crypto rx=0 tx=0 comp rx=0 tx=0).handle_read_frame_preamble_main r=0
2026-02-11T23:33:20.112+0000 7f52a87fd640 20 --2- [v2:127.0.0.1:6808/968590950,v1:127.0.0.1:6809/968590950] >> conn(0xb802000 0x19fc000 unknown :-1 s=HELLO_ACCEPTING pgs=0 gs=0 cs=0 l=1 c_cookie=0 s_cookie=0 reconnecting=0 rev1=1 crypto rx=0 tx=0 comp rx=0 tx=0).post_server_banner_exchange
2026-02-11T23:33:20.112+0000 7f52a6ffa640 20 -- 127.0.0.1:0/4233300883 >> [v2:127.0.0.1:6808/968590950,v1:127.0.0.1:6809/968590950] conn(0xb806000 msgr2=0xb356680 unknown :-1 s=STATE_CONNECTION_ESTABLISHED l=1).process
2026-02-11T23:33:20.112+0000 7f52a87fd640 20 --2- [v2:127.0.0.1:6808/968590950,v1:127.0.0.1:6809/968590950] >> conn(0xb802000 0x19fc000 unknown :-1 s=AUTH_ACCEPTING pgs=0 gs=0 cs=0 l=1 c_cookie=0 s_cookie=0 reconnecting=0 rev1=1 crypto rx=0 tx=0 comp rx=0 tx=0).read_frame
2026-02-11T23:33:20.112+0000 7f52a87fd640 20 -- [v2:127.0.0.1:6808/968590950,v1:127.0.0.1:6809/968590950] >> conn(0xb802000 msgr2=0x19fc000 unknown :-1 s=STATE_CONNECTION_ESTABLISHED l=1).read start len=32
2026-02-11T23:33:20.112+0000 7f52a6ffa640 20 -- 127.0.0.1:0/4233300883 >> [v2:127.0.0.1:6808/968590950,v1:127.0.0.1:6809/968590950] conn(0xb806000 msgr2=0xb356680 unknown :-1 s=STATE_CONNECTION_ESTABLISHED l=1).read continue len=10
