2026-02-11T23:33:20.088+0000 7f52a8ffe640 20 --2- 127.0.0.1:0/3181536868 >> v2:127.0.0.1:7180/0 conn(0xb330000 0xb354000 crc :-1 s=READY pgs=18 gs=2 cs=0 l=1 c_cookie=3917940633496780781 s_cookie=0 reconnecting=0 rev1=1 crypto rx=0 tx=0 comp rx=0 tx=0).prepare_send_message m=mon_command({"prefix": "osd metadata", "id": 1} v 0)
2026-02-11T23:33:20.088+0000 7f52a4ff6640 5 --2- 127.0.0.1:0/3181536868 >> v2:127.0.0.1:7180/0 conn(0xb330000 0xb354000 crc :-1 s=READY pgs=18 gs=2 cs=0 l=1 c_cookie=3917940633496780781 s_cookie=0 reconnecting=0 rev1=1 crypto rx=0 tx=0 comp rx=0 tx=0).send_message enqueueing message m=0xb4451e0 type=15 mon_subscribe({osdmap=7})
2026-02-11T23:33:20.088+0000 7f52a4ff6640 15 --2- 127.0.0.1:0/3181536868 >> v2:127.0.0.1:7180/0 conn(0xb330000 0xb354000 crc :-1 s=READY pgs=18 gs=2 cs=0 l=1 c_cookie=3917940633496780781 s_cookie=0 reconnecting=0 rev1=1 crypto rx=0 tx=0 comp rx=0 tx=0).send_message message queued for async transmission m=0xb4451e0
2026-02-11T23:33:20.088+0000 7f52a8ffe640 20 --2- 127.0.0.1:0/3181536868 >> v2:127.0.0.1:7180/0 conn(0xb330000 0xb354000 crc :-1 s=READY pgs=18 gs=2 cs=0 l=1 c_cookie=3917940633496780781 s_cookie=0 reconnecting=0 rev1=1 crypto rx=0 tx=0 comp rx=0 tx=0).prepare_send_message encoding features 4544132024016699391 0xb3ae600 mon_command({"prefix": "osd metadata", "id": 1} v 0)
2026-02-11T23:33:20.088+0000 7f52a4ff6640 10 -- 127.0.0.1:0/3181536868 dispatch_throttle_release 324 to dispatch throttler 324/104857600
2026-02-11T23:33:20.088+0000 7f52a4ff6640 20 -- 127.0.0.1:0/3181536868 done calling dispatch on 0xb4a6a80
2026-02-11T23:33:20.088+0000 7f52a8ffe640 2 --2- 127.0.0.1:0/3181536868 >> v2:127.0.0.1:7180/0 conn(0xb330000 0xb354000 crc :-1 s=READY pgs=18 gs=2 cs=0 l=1 c_cookie=3917940633496780781 s_cookie=0 reconnecting=0 rev1=1 crypto rx=0 tx=0 comp rx=0 tx=0).write_message sending message m=0xb3ae600 seq=16 mon_command({"prefix": "osd metadata", "id": 1} v 0)
2026-02-11T23:33:20.088+0000 7f52a8ffe640 20 --2- 127.0.0.1:0/3181536868 >> v2:127.0.0.1:7180/0 conn(0xb330000 0xb354000 crc :-1 s=READY pgs=18 gs=2 cs=0 l=1 c_cookie=3917940633496780781 s_cookie=0 reconnecting=0 rev1=1 crypto rx=0 tx=0 comp rx=0 tx=0).write_message sending m=0xb3ae600 seq=16 src=mgr.4100 off=0
2026-02-11T23:33:20.088+0000 7f52a8ffe640 10 -- 127.0.0.1:0/3181536868 >> v2:127.0.0.1:7180/0 conn(0xb330000 msgr2=0xb354000 crc :-1 s=STATE_CONNECTION_ESTABLISHED l=1)._try_send sent bytes 167 remaining bytes 0
2026-02-11T23:33:20.088+0000 7f52a8ffe640 10 --2- 127.0.0.1:0/3181536868 >> v2:127.0.0.1:7180/0 conn(0xb330000 0xb354000 crc :-1 s=READY pgs=18 gs=2 cs=0 l=1 c_cookie=3917940633496780781 s_cookie=0 reconnecting=0 rev1=1 crypto rx=0 tx=0 comp rx=0 tx=0).write_message sending 0xb3ae600 done.
2026-02-11T23:33:20.088+0000 7f52a8ffe640 20 --2- 127.0.0.1:0/3181536868 >> v2:127.0.0.1:7180/0 conn(0xb330000 0xb354000 crc :-1 s=READY pgs=18 gs=2 cs=0 l=1 c_cookie=3917940633496780781 s_cookie=0 reconnecting=0 rev1=1 crypto rx=0 tx=0 comp rx=0 tx=0).prepare_send_message m=mon_subscribe({osdmap=7})
2026-02-11T23:33:20.088+0000 7f52a8ffe640 20 --2- 127.0.0.1:0/3181536868 >> v2:127.0.0.1:7180/0 conn(0xb330000 0xb354000 crc :-1 s=READY pgs=18 gs=2 cs=0 l=1 c_cookie=3917940633496780781 s_cookie=0 reconnecting=0 rev1=1 crypto rx=0 tx=0 comp rx=0 tx=0).prepare_send_message encoding features 4544132024016699391 0xb4451e0 mon_subscribe({osdmap=7})
2026-02-11T23:33:20.088+0000 7f52a8ffe640 2 --2- 127.0.0.1:0/3181536868 >> v2:127.0.0.1:7180/0 conn(0xb330000 0xb354000 crc :-1 s=READY pgs=18 gs=2 cs=0 l=1 c_cookie=3917940633496780781 s_cookie=0 reconnecting=0 rev1=1 crypto rx=0 tx=0 comp rx=0 tx=0).write_message sending message m=0xb4451e0 seq=17 mon_subscribe({osdmap=7})
2026-02-11T23:33:20.088+0000 7f52a8ffe640 20 --2- 127.0.0.1:0/3181536868 >> v2:127.0.0.1:7180/0 conn(0xb330000 0xb354000 crc :-1 s=READY pgs=18 gs=2 cs=0 l=1 c_cookie=3917940633496780781 s_cookie=0 reconnecting=0 rev1=1 crypto rx=0 tx=0 comp rx=0 tx=0).write_message sending m=0xb4451e0 seq=17 src=mgr.4100 off=0
2026-02-11T23:33:20.088+0000 7f52a8ffe640 10 -- 127.0.0.1:0/3181536868 >> v2:127.0.0.1:7180/0 conn(0xb330000 msgr2=0xb354000 crc :-1 s=STATE_CONNECTION_ESTABLISHED l=1)._try_send sent bytes 125 remaining bytes 0
2026-02-11T23:33:20.088+0000 7f52a8ffe640 10 --2- 127.0.0.1:0/3181536868 >> v2:127.0.0.1:7180/0 conn(0xb330000 0xb354000 crc :-1 s=READY pgs=18 gs=2 cs=0 l=1 c_cookie=3917940633496780781 s_cookie=0 reconnecting=0 rev1=1 crypto rx=0 tx=0 comp rx=0 tx=0).write_message sending 0xb4451e0 done.
2026-02-11T23:33:20.089+0000 7f52a8ffe640 20 -- 127.0.0.1:0/3181536868 >> v2:127.0.0.1:7180/0 conn(0xb330000 msgr2=0xb354000 crc :-1 s=STATE_CONNECTION_ESTABLISHED l=1).process
2026-02-11T23:33:20.089+0000 7f52a8ffe640 20 -- 127.0.0.1:0/3181536868 >> v2:127.0.0.1:7180/0 conn(0xb330000 msgr2=0xb354000 crc :-1 s=STATE_CONNECTION_ESTABLISHED l=1).read continue len=32
2026-02-11T23:33:20.089+0000 7f52a8ffe640 20 --2- 127.0.0.1:0/3181536868 >> v2:127.0.0.1:7180/0 conn(0xb330000 0xb354000 crc :-1 s=READY pgs=18 gs=2 cs=0 l=1 c_cookie=3917940633496780781 s_cookie=0 reconnecting=0 rev1=1 crypto rx=0 tx=0 comp rx=0 tx=0).handle_read_frame_preamble_main r=0
2026-02-11T23:33:20.089+0000 7f52a8ffe640 20 --2- 127.0.0.1:0/3181536868 >> v2:127.0.0.1:7180/0 conn(0xb330000 0xb354000 crc :-1 s=THROTTLE_MESSAGE pgs=18 gs=2 cs=0 l=1 c_cookie=3917940633496780781 s_cookie=0 reconnecting=0 rev1=1 crypto rx=0 tx=0 comp rx=0 tx=0).throttle_message
2026-02-11T23:33:20.089+0000 7f52a8ffe640 20 --2- 127.0.0.1:0/3181536868 >> v2:127.0.0.1:7180/0 conn(0xb330000 0xb354000 crc :-1 s=THROTTLE_BYTES pgs=18 gs=2 cs=0 l=1 c_cookie=3917940633496780781 s_cookie=0 reconnecting=0 rev1=1 crypto rx=0 tx=0 comp rx=0 tx=0).throttle_bytes
2026-02-11T23:33:20.089+0000 7f52a8ffe640 20 --2- 127.0.0.1:0/3181536868 >> v2:127.0.0.1:7180/0 conn(0xb330000 0xb354000 crc :-1 s=THROTTLE_DISPATCH_QUEUE pgs=18 gs=2 cs=0 l=1 c_cookie=3917940633496780781 s_cookie=0 reconnecting=0 rev1=1 crypto rx=0 tx=0 comp rx=0 tx=0).throttle_dispatch_queue
2026-02-11T23:33:20.089+0000 7f52a8ffe640 20 --2- 127.0.0.1:0/3181536868 >> v2:127.0.0.1:7180/0 conn(0xb330000 0xb354000 crc :-1 s=THROTTLE_DONE pgs=18 gs=2 cs=0 l=1 c_cookie=3917940633496780781 s_cookie=0 reconnecting=0 rev1=1 crypto rx=0 tx=0 comp rx=0 tx=0).read_frame_segment seg_idx=0
2026-02-11T23:33:20.089+0000 7f52a8ffe640 20 -- 127.0.0.1:0/3181536868 >> v2:127.0.0.1:7180/0 conn(0xb330000 msgr2=0xb354000 crc :-1 s=STATE_CONNECTION_ESTABLISHED l=1).read start len=45
2026-02-11T23:33:20.089+0000 7f52a8ffe640 20 --2- 127.0.0.1:0/3181536868 >> v2:127.0.0.1:7180/0 conn(0xb330000 0xb354000 crc :-1 s=THROTTLE_DONE pgs=18 gs=2 cs=0 l=1 c_cookie=3917940633496780781 s_cookie=0 reconnecting=0 rev1=1 crypto rx=0 tx=0 comp rx=0 tx=0).handle_read_frame_segment r=0
2026-02-11T23:33:20.089+0000 7f52a8ffe640 20 --2- 127.0.0.1:0/3181536868 >> v2:127.0.0.1:7180/0 conn(0xb330000 0xb354000 crc :-1 s=THROTTLE_DONE pgs=18 gs=2 cs=0 l=1 c_cookie=3917940633496780781 s_cookie=0 reconnecting=0 rev1=1 crypto rx=0 tx=0 comp rx=0 tx=0).read_frame_segment seg_idx=1
2026-02-11T23:33:20.089+0000 7f52a8ffe640 20 -- 127.0.0.1:0/3181536868 >> v2:127.0.0.1:7180/0 conn(0xb330000 msgr2=0xb354000 crc :-1 s=STATE_CONNECTION_ESTABLISHED l=1).read start len=69
2026-02-11T23:33:20.089+0000 7f52a8ffe640 20 --2- 127.0.0.1:0/3181536868 >> v2:127.0.0.1:7180/0 conn(0xb330000 0xb354000 crc :-1 s=THROTTLE_DONE pgs=18 gs=2 cs=0 l=1 c_cookie=3917940633496780781 s_cookie=0 reconnecting=0 rev1=1 crypto rx=0 tx=0 comp rx=0 tx=0).handle_read_frame_segment r=0
2026-02-11T23:33:20.089+0000 7f52a8ffe640 20 -- 127.0.0.1:0/3181536868 >> v2:127.0.0.1:7180/0 conn(0xb330000 msgr2=0xb354000 crc :-1 s=STATE_CONNECTION_ESTABLISHED l=1).read start len=13
2026-02-11T23:33:20.089+0000 7f52a8ffe640 20 --2- 127.0.0.1:0/3181536868 >> v2:127.0.0.1:7180/0 conn(0xb330000 0xb354000 crc :-1 s=THROTTLE_DONE pgs=18 gs=2 cs=0 l=1 c_cookie=3917940633496780781 s_cookie=0 reconnecting=0 rev1=1 crypto rx=0 tx=0 comp rx=0 tx=0).handle_read_frame_epilogue_main r=0
2026-02-11T23:33:20.089+0000 7f52a8ffe640 10 --2- 127.0.0.1:0/3181536868 >> v2:127.0.0.1:7180/0 conn(0xb330000 0xb354000 crc :-1 s=THROTTLE_DONE pgs=18 gs=2 cs=0 l=1 c_cookie=3917940633496780781 s_cookie=0 reconnecting=0 rev1=1 crypto rx=0 tx=0 comp rx=0 tx=0).handle_read_frame_dispatch tag=17
2026-02-11T23:33:20.089+0000 7f52a8ffe640 20 --2- 127.0.0.1:0/3181536868 >> v2:127.0.0.1:7180/0 conn(0xb330000 0xb354000 crc :-1 s=THROTTLE_DONE pgs=18 gs=2 cs=0 l=1 c_cookie=3917940633496780781 s_cookie=0 reconnecting=0 rev1=1 crypto rx=0 tx=0 comp rx=0 tx=0).handle_message
2026-02-11T23:33:20.089+0000 7f52a8ffe640 5 --2- 127.0.0.1:0/3181536868 >> v2:127.0.0.1:7180/0 conn(0xb330000 0xb354000 crc :-1 s=THROTTLE_DONE pgs=18 gs=2 cs=0 l=1 c_cookie=3917940633496780781 s_cookie=0 reconnecting=0 rev1=1 crypto rx=0 tx=0 comp rx=0 tx=0).handle_message got 69 + 0 + 0 byte message. envelope type=51 src mon.0 off 0
2026-02-11T23:33:20.089+0000 7f52a8ffe640 5 --2- 127.0.0.1:0/3181536868 >> v2:127.0.0.1:7180/0 conn(0xb330000 0xb354000 crc :-1 s=READ_MESSAGE_COMPLETE pgs=18 gs=2 cs=0 l=1 c_cookie=3917940633496780781 s_cookie=0 reconnecting=0 rev1=1 crypto rx=0 tx=0 comp rx=0 tx=0).handle_message received message m=0xb4451e0 seq=35 from=mon.0 type=51 mon_command_ack([{"prefix": "osd metadata", "id": 1}]=-2 v6)
2026-02-11T23:33:20.089+0000 7f52a8ffe640 20 -- 127.0.0.1:0/3181536868 queue 0xb4451e0 prio 196
2026-02-11T23:33:20.089+0000 7f52a8ffe640 20 --2- 127.0.0.1:0/3181536868 >> v2:127.0.0.1:7180/0 conn(0xb330000 0xb354000 crc :-1 s=READY pgs=18 gs=2 cs=0 l=1 c_cookie=3917940633496780781 s_cookie=0 reconnecting=0 rev1=1 crypto rx=0 tx=0 comp rx=0 tx=0).read_frame
2026-02-11T23:33:20.089+0000 7f52a8ffe640 20 -- 127.0.0.1:0/3181536868 >> v2:127.0.0.1:7180/0 conn(0xb330000 msgr2=0xb354000 crc :-1 s=STATE_CONNECTION_ESTABLISHED l=1).read start len=32
2026-02-11T23:33:20.089+0000 7f52a4ff6640 1 -- 127.0.0.1:0/3181536868 <== mon.0 v2:127.0.0.1:7180/0 35 ==== mon_command_ack([{"prefix": "osd metadata", "id": 1}]=-2 v6) ==== 69+0+0 (crc 0 0 0) 0xb4451e0 con 0xb330000
2026-02-11T23:33:20.089+0000 7f52a4ff6640 10 -- 127.0.0.1:0/3181536868 dispatch_throttle_release 69 to dispatch throttler 69/104857600
2026-02-11T23:33:20.089+0000 7f52a4ff6640 20 -- 127.0.0.1:0/3181536868 done calling dispatch on 0xb4451e0
2026-02-11T23:33:20.089+0000 7f52a37f3640 1 mgr finish mon failed to return metadata for osd.1: (2) No such file or directory
2026-02-11T23:33:20.110+0000 7f52a8ffe640 20 -- 127.0.0.1:0/3181536868 >> v2:127.0.0.1:7180/0 conn(0xb330000 msgr2=0xb354000 crc :-1 s=STATE_CONNECTION_ESTABLISHED l=1).process
2026-02-11T23:33:20.110+0000 7f52a8ffe640 20 -- 127.0.0.1:0/3181536868 >> v2:127.0.0.1:7180/0 conn(0xb330000 msgr2=0xb354000 crc :-1 s=STATE_CONNECTION_ESTABLISHED l=1).read continue len=32
2026-02-11T23:33:20.110+0000 7f52a8ffe640 20 --2- 127.0.0.1:0/3181536868 >> v2:127.0.0.1:7180/0 conn(0xb330000 0xb354000 crc :-1 s=READY pgs=18 gs=2 cs=0 l=1 c_cookie=3917940633496780781 s_cookie=0 reconnecting=0 rev1=1 crypto rx=0 tx=0 comp rx=0 tx=0).handle_read_frame_preamble_main r=0
2026-02-11T23:33:20.110+0000 7f52a8ffe640 20 --2- 127.0.0.1:0/3181536868 >> v2:127.0.0.1:7180/0 conn(0xb330000 0xb354000 crc :-1 s=THROTTLE_MESSAGE pgs=18 gs=2 cs=0 l=1 c_cookie=3917940633496780781 s_cookie=0 reconnecting=0 rev1=1 crypto rx=0 tx=0 comp rx=0 tx=0).throttle_message
2026-02-11T23:33:20.110+0000 7f52a8ffe640 20 --2- 127.0.0.1:0/3181536868 >> v2:127.0.0.1:7180/0 conn(0xb330000 0xb354000 crc :-1 s=THROTTLE_BYTES pgs=18 gs=2 cs=0 l=1 c_cookie=3917940633496780781 s_cookie=0 reconnecting=0 rev1=1 crypto rx=0 tx=0 comp rx=0 tx=0).throttle_bytes
2026-02-11T23:33:20.110+0000 7f52a8ffe640 20 --2- 127.0.0.1:0/3181536868 >> v2:127.0.0.1:7180/0 conn(0xb330000 0xb354000 crc :-1 s=THROTTLE_DISPATCH_QUEUE pgs=18 gs=2 cs=0 l=1 c_cookie=3917940633496780781 s_cookie=0 reconnecting=0 rev1=1 crypto rx=0 tx=0 comp rx=0 tx=0).throttle_dispatch_queue
2026-02-11T23:33:20.110+0000 7f52a8ffe640 20 --2- 127.0.0.1:0/3181536868 >> v2:127.0.0.1:7180/0 conn(0xb330000 0xb354000 crc :-1 s=THROTTLE_DONE pgs=18 gs=2 cs=0 l=1 c_cookie=3917940633496780781 s_cookie=0 reconnecting=0 rev1=1 crypto rx=0 tx=0 comp rx=0 tx=0).read_frame_segment seg_idx=0
2026-02-11T23:33:20.110+0000 7f52a8ffe640 20 -- 127.0.0.1:0/3181536868 >> v2:127.0.0.1:7180/0 conn(0xb330000 msgr2=0xb354000 crc :-1 s=STATE_CONNECTION_ESTABLISHED l=1).read start len=45
2026-02-11T23:33:20.110+0000 7f52a8ffe640 20 --2- 127.0.0.1:0/3181536868 >> v2:127.0.0.1:7180/0 conn(0xb330000 0xb354000 crc :-1 s=THROTTLE_DONE pgs=18 gs=2 cs=0 l=1 c_cookie=3917940633496780781 s_cookie=0 reconnecting=0 rev1=1 crypto rx=0 tx=0 comp rx=0 tx=0).handle_read_frame_segment r=0
2026-02-11T23:33:20.110+0000 7f52a8ffe640 20 --2- 127.0.0.1:0/3181536868 >> v2:127.0.0.1:7180/0 conn(0xb330000 0xb354000 crc :-1 s=THROTTLE_DONE pgs=18 gs=2 cs=0 l=1 c_cookie=3917940633496780781 s_cookie=0 reconnecting=0 rev1=1 crypto rx=0 tx=0 comp rx=0 tx=0).read_frame_segment seg_idx=1
2026-02-11T23:33:20.110+0000 7f52a8ffe640 20 -- 127.0.0.1:0/3181536868 >> v2:127.0.0.1:7180/0 conn(0xb330000 msgr2=0xb354000 crc :-1 s=STATE_CONNECTION_ESTABLISHED l=1).read start len=53752
2026-02-11T23:33:20.110+0000 7f52a8ffe640 20 --2- 127.0.0.1:0/3181536868 >> v2:127.0.0.1:7180/0 conn(0xb330000 0xb354000 crc :-1 s=THROTTLE_DONE pgs=18 gs=2 cs=0 l=1 c_cookie=3917940633496780781 s_cookie=0 reconnecting=0 rev1=1 crypto rx=0 tx=0 comp rx=0 tx=0).handle_read_frame_segment r=0
2026-02-11T23:33:20.110+0000 7f52a8ffe640 20 -- 127.0.0.1:0/3181536868 >> v2:127.0.0.1:7180/0 conn(0xb330000 msgr2=0xb354000 crc :-1 s=STATE_CONNECTION_ESTABLISHED l=1).read start len=13
2026-02-11T23:33:20.110+0000 7f52a8ffe640 20 --2- 127.0.0.1:0/3181536868 >> v2:127.0.0.1:7180/0 conn(0xb330000 0xb354000 crc :-1 s=THROTTLE_DONE pgs=18 gs=2 cs=0 l=1 c_cookie=3917940633496780781 s_cookie=0 reconnecting=0 rev1=1 crypto rx=0 tx=0 comp rx=0 tx=0).handle_read_frame_epilogue_main r=0
2026-02-11T23:33:20.110+0000 7f52a8ffe640 10 --2- 127.0.0.1:0/3181536868 >> v2:127.0.0.1:7180/0 conn(0xb330000 0xb354000 crc :-1 s=THROTTLE_DONE pgs=18 gs=2 cs=0 l=1 c_cookie=3917940633496780781 s_cookie=0 reconnecting=0 rev1=1 crypto rx=0 tx=0 comp rx=0 tx=0).handle_read_frame_dispatch tag=17
2026-02-11T23:33:20.110+0000 7f52a8ffe640 20 --2- 127.0.0.1:0/3181536868 >> v2:127.0.0.1:7180/0 conn(0xb330000 0xb354000 crc :-1 s=THROTTLE_DONE pgs=18 gs=2 cs=0 l=1 c_cookie=3917940633496780781 s_cookie=0 reconnecting=0 rev1=1 crypto rx=0 tx=0 comp rx=0 tx=0).handle_message
2026-02-11T23:33:20.110+0000 7f52a8ffe640 5 --2- 127.0.0.1:0/3181536868 >> v2:127.0.0.1:7180/0 conn(0xb330000 0xb354000 crc :-1 s=THROTTLE_DONE pgs=18 gs=2 cs=0 l=1 c_cookie=3917940633496780781 s_cookie=0 reconnecting=0 rev1=1 crypto rx=0 tx=0 comp rx=0 tx=0).handle_message got 53752 + 0 + 0 byte message. envelope type=1796 src mon.0 off 0
2026-02-11T23:33:20.110+0000 7f52a6ffa640 20 -- 127.0.0.1:0/4233300883 >> v2:127.0.0.1:7180/0 conn(0xb65c000 msgr2=0xb355600 crc :-1 s=STATE_CONNECTION_ESTABLISHED l=1).process
2026-02-11T23:33:20.110+0000 7f52a6ffa640 20 -- 127.0.0.1:0/4233300883 >> v2:127.0.0.1:7180/0 conn(0xb65c000 msgr2=0xb355600 crc :-1 s=STATE_CONNECTION_ESTABLISHED l=1).read continue len=32
2026-02-11T23:33:20.110+0000 7f52a6ffa640 20 --2- 127.0.0.1:0/4233300883 >> v2:127.0.0.1:7180/0 conn(0xb65c000 0xb355600 crc :-1 s=READY pgs=24 gs=1 cs=0 l=1 c_cookie=0 s_cookie=0 reconnecting=0 rev1=1 crypto rx=0 tx=0 comp rx=0 tx=0).handle_read_frame_preamble_main r=0
2026-02-11T23:33:20.110+0000 7f52a6ffa640 20 --2- 127.0.0.1:0/4233300883 >> v2:127.0.0.1:7180/0 conn(0xb65c000 0xb355600 crc :-1 s=THROTTLE_MESSAGE pgs=24 gs=1 cs=0 l=1 c_cookie=0 s_cookie=0 reconnecting=0 rev1=1 crypto rx=0 tx=0 comp rx=0 tx=0).throttle_message
2026-02-11T23:33:20.110+0000 7f52a6ffa640 20 --2- 127.0.0.1:0/4233300883 >> v2:127.0.0.1:7180/0 conn(0xb65c000 0xb355600 crc :-1 s=THROTTLE_BYTES pgs=24 gs=1 cs=0 l=1 c_cookie=0 s_cookie=0 reconnecting=0 rev1=1 crypto rx=0 tx=0 comp rx=0 tx=0).throttle_bytes
2026-02-11T23:33:20.110+0000 7f52a87fd640 20 -- 127.0.0.1:0/3417905487 >> v2:127.0.0.1:7180/0 conn(0xb331c00 msgr2=0xb355080 crc :-1 s=STATE_CONNECTION_ESTABLISHED l=1).process
2026-02-11T23:33:20.110+0000 7f52a6ffa640 20 --2- 127.0.0.1:0/4233300883 >> v2:127.0.0.1:7180/0 conn(0xb65c000 0xb355600 crc :-1 s=THROTTLE_DISPATCH_QUEUE pgs=24 gs=1 cs=0 l=1 c_cookie=0 s_cookie=0 reconnecting=0 rev1=1 crypto rx=0 tx=0 comp rx=0 tx=0).throttle_dispatch_queue
2026-02-11T23:33:20.110+0000 7f52a87fd640 20 -- 127.0.0.1:0/3417905487 >> v2:127.0.0.1:7180/0 conn(0xb331c00 msgr2=0xb355080 crc :-1 s=STATE_CONNECTION_ESTABLISHED l=1).read continue len=32
2026-02-11T23:33:20.110+0000 7f52a6ffa640 20 --2- 127.0.0.1:0/4233300883 >> v2:127.0.0.1:7180/0 conn(0xb65c000 0xb355600 crc :-1 s=THROTTLE_DONE pgs=24 gs=1 cs=0 l=1 c_cookie=0 s_cookie=0 reconnecting=0 rev1=1 crypto rx=0 tx=0 comp rx=0 tx=0).read_frame_segment seg_idx=0
2026-02-11T23:33:20.110+0000 7f52a6ffa640 20 -- 127.0.0.1:0/4233300883 >> v2:127.0.0.1:7180/0 conn(0xb65c000 msgr2=0xb355600 crc :-1 s=STATE_CONNECTION_ESTABLISHED l=1).read start len=45
2026-02-11T23:33:20.110+0000 7f52a6ffa640 20 --2- 127.0.0.1:0/4233300883 >> v2:127.0.0.1:7180/0 conn(0xb65c000 0xb355600 crc :-1 s=THROTTLE_DONE pgs=24 gs=1 cs=0 l=1 c_cookie=0 s_cookie=0 reconnecting=0 rev1=1 crypto rx=0 tx=0 comp rx=0 tx=0).handle_read_frame_segment r=0
2026-02-11T23:33:20.110+0000 7f52a6ffa640 20 --2- 127.0.0.1:0/4233300883 >> v2:127.0.0.1:7180/0 conn(0xb65c000 0xb355600 crc :-1 s=THROTTLE_DONE pgs=24 gs=1 cs=0 l=1 c_cookie=0 s_cookie=0 reconnecting=0 rev1=1 crypto rx=0 tx=0 comp rx=0 tx=0).read_frame_segment seg_idx=1
2026-02-11T23:33:20.110+0000 7f52a87fd640 20 --2- 127.0.0.1:0/3417905487 >> v2:127.0.0.1:7180/0 conn(0xb331c00 0xb355080 crc :-1 s=READY pgs=22 gs=1 cs=0 l=1 c_cookie=0 s_cookie=0 reconnecting=0 rev1=1 crypto rx=0 tx=0 comp rx=0 tx=0).handle_read_frame_preamble_main r=0
2026-02-11T23:33:20.110+0000 7f52a87fd640 20 --2- 127.0.0.1:0/3417905487 >> v2:127.0.0.1:7180/0 conn(0xb331c00 0xb355080 crc :-1 s=THROTTLE_MESSAGE pgs=22 gs=1 cs=0 l=1 c_cookie=0 s_cookie=0 reconnecting=0 rev1=1 crypto rx=0 tx=0 comp rx=0 tx=0).throttle_message
2026-02-11T23:33:20.110+0000 7f52a87fd640 20 --2- 127.0.0.1:0/3417905487 >> v2:127.0.0.1:7180/0 conn(0xb331c00 0xb355080 crc :-1 s=THROTTLE_BYTES pgs=22 gs=1 cs=0 l=1 c_cookie=0 s_cookie=0 reconnecting=0 rev1=1 crypto rx=0 tx=0 comp rx=0 tx=0).throttle_bytes
2026-02-11T23:33:20.110+0000 7f52a87fd640 20 --2- 127.0.0.1:0/3417905487 >> v2:127.0.0.1:7180/0 conn(0xb331c00 0xb355080 crc :-1 s=THROTTLE_DISPATCH_QUEUE pgs=22 gs=1 cs=0 l=1 c_cookie=0 s_cookie=0 reconnecting=0 rev1=1 crypto rx=0 tx=0 comp rx=0 tx=0).throttle_dispatch_queue
2026-02-11T23:33:20.110+0000 7f52a87fd640 20 --2- 127.0.0.1:0/3417905487 >> v2:127.0.0.1:7180/0 conn(0xb331c00 0xb355080 crc :-1 s=THROTTLE_DONE pgs=22 gs=1 cs=0 l=1 c_cookie=0 s_cookie=0 reconnecting=0 rev1=1 crypto rx=0 tx=0 comp rx=0 tx=0).read_frame_segment seg_idx=0
2026-02-11T23:33:20.110+0000 7f52a87fd640 20 -- 127.0.0.1:0/3417905487 >> v2:127.0.0.1:7180/0 conn(0xb331c00 msgr2=0xb355080 crc :-1 s=STATE_CONNECTION_ESTABLISHED l=1).read start len=45
2026-02-11T23:33:20.110+0000 7f52a87fd640 20 --2- 127.0.0.1:0/3417905487 >> v2:127.0.0.1:7180/0 conn(0xb331c00 0xb355080 crc :-1 s=THROTTLE_DONE pgs=22 gs=1 cs=0 l=1 c_cookie=0 s_cookie=0 reconnecting=0 rev1=1 crypto rx=0 tx=0 comp rx=0 tx=0).handle_read_frame_segment r=0
2026-02-11T23:33:20.110+0000 7f52a87fd640 20 --2- 127.0.0.1:0/3417905487 >> v2:127.0.0.1:7180/0 conn(0xb331c00 0xb355080 crc :-1 s=THROTTLE_DONE pgs=22 gs=1 cs=0 l=1 c_cookie=0 s_cookie=0 reconnecting=0 rev1=1 crypto rx=0 tx=0 comp rx=0 tx=0).read_frame_segment seg_idx=1
2026-02-11T23:33:20.111+0000 7f52a6ffa640 20 -- 127.0.0.1:0/4233300883 >> v2:127.0.0.1:7180/0 conn(0xb65c000 msgr2=0xb355600 crc :-1 s=STATE_CONNECTION_ESTABLISHED l=1).read start len=53752
2026-02-11T23:33:20.111+0000 7f52a87fd640 20 -- 127.0.0.1:0/3417905487 >> v2:127.0.0.1:7180/0 conn(0xb331c00 msgr2=0xb355080 crc :-1 s=STATE_CONNECTION_ESTABLISHED l=1).read start len=53752
2026-02-11T23:33:20.111+0000 7f52a6ffa640 20 --2- 127.0.0.1:0/4233300883 >> v2:127.0.0.1:7180/0 conn(0xb65c000 0xb355600 crc :-1 s=THROTTLE_DONE pgs=24 gs=1 cs=0 l=1 c_cookie=0 s_cookie=0 reconnecting=0 rev1=1 crypto rx=0 tx=0 comp rx=0 tx=0).handle_read_frame_segment r=0
2026-02-11T23:33:20.111+0000 7f52a6ffa640 20 -- 127.0.0.1:0/4233300883 >> v2:127.0.0.1:7180/0 conn(0xb65c000 msgr2=0xb355600 crc :-1 s=STATE_CONNECTION_ESTABLISHED l=1).read start len=13
2026-02-11T23:33:20.111+0000 7f52a6ffa640 20 --2- 127.0.0.1:0/4233300883 >> v2:127.0.0.1:7180/0 conn(0xb65c000 0xb355600 crc :-1 s=THROTTLE_DONE pgs=24 gs=1 cs=0 l=1 c_cookie=0 s_cookie=0 reconnecting=0 rev1=1 crypto rx=0 tx=0 comp rx=0 tx=0).handle_read_frame_epilogue_main r=0
2026-02-11T23:33:20.111+0000 7f52a87fd640 20 --2- 127.0.0.1:0/3417905487 >> v2:127.0.0.1:7180/0 conn(0xb331c00 0xb355080 crc :-1 s=THROTTLE_DONE pgs=22 gs=1 cs=0 l=1 c_cookie=0 s_cookie=0 reconnecting=0 rev1=1 crypto rx=0 tx=0 comp rx=0 tx=0).handle_read_frame_segment r=0
2026-02-11T23:33:20.111+0000 7f52a6ffa640 10 --2- 127.0.0.1:0/4233300883 >> v2:127.0.0.1:7180/0 conn(0xb65c000 0xb355600 crc :-1 s=THROTTLE_DONE pgs=24 gs=1 cs=0 l=1 c_cookie=0 s_cookie=0 reconnecting=0 rev1=1 crypto rx=0 tx=0 comp rx=0 tx=0).handle_read_frame_dispatch tag=17
2026-02-11T23:33:20.111+0000 7f52a87fd640 20 -- 127.0.0.1:0/3417905487 >> v2:127.0.0.1:7180/0 conn(0xb331c00 msgr2=0xb355080 crc :-1 s=STATE_CONNECTION_ESTABLISHED l=1).read start len=13
2026-02-11T23:33:20.111+0000 7f52a6ffa640 20 --2- 127.0.0.1:0/4233300883 >> v2:127.0.0.1:7180/0 conn(0xb65c000 0xb355600 crc :-1 s=THROTTLE_DONE pgs=24 gs=1 cs=0 l=1 c_cookie=0 s_cookie=0 reconnecting=0 rev1=1 crypto rx=0 tx=0 comp rx=0 tx=0).handle_message
2026-02-11T23:33:20.111+0000 7f52a87fd640 20 --2- 127.0.0.1:0/3417905487 >> v2:127.0.0.1:7180/0 conn(0xb331c00 0xb355080 crc :-1 s=THROTTLE_DONE pgs=22 gs=1 cs=0 l=1 c_cookie=0 s_cookie=0 reconnecting=0 rev1=1 crypto rx=0 tx=0 comp rx=0 tx=0).handle_read_frame_epilogue_main r=0
2026-02-11T23:33:20.111+0000 7f52a6ffa640 5 --2- 127.0.0.1:0/4233300883 >> v2:127.0.0.1:7180/0 conn(0xb65c000 0xb355600 crc :-1 s=THROTTLE_DONE pgs=24 gs=1 cs=0 l=1 c_cookie=0 s_cookie=0 reconnecting=0 rev1=1 crypto rx=0 tx=0 comp rx=0 tx=0).handle_message got 53752 + 0 + 0 byte message. envelope type=1796 src mon.0 off 0
2026-02-11T23:33:20.111+0000 7f52a8ffe640 5 --2- 127.0.0.1:0/3181536868 >> v2:127.0.0.1:7180/0 conn(0xb330000 0xb354000 crc :-1 s=READ_MESSAGE_COMPLETE pgs=18 gs=2 cs=0 l=1 c_cookie=3917940633496780781 s_cookie=0 reconnecting=0 rev1=1 crypto rx=0 tx=0 comp rx=0 tx=0).handle_message received message m=0xb43af00 seq=36 from=mon.0 type=1796 mgrmap(e 3)
2026-02-11T23:33:20.111+0000 7f52a87fd640 10 --2- 127.0.0.1:0/3417905487 >> v2:127.0.0.1:7180/0 conn(0xb331c00 0xb355080 crc :-1 s=THROTTLE_DONE pgs=22 gs=1 cs=0 l=1 c_cookie=0 s_cookie=0 reconnecting=0 rev1=1 crypto rx=0 tx=0 comp rx=0 tx=0).handle_read_frame_dispatch tag=17
2026-02-11T23:33:20.111+0000 7f52a8ffe640 20 -- 127.0.0.1:0/3181536868 queue 0xb43af00 prio 196
2026-02-11T23:33:20.111+0000 7f52a87fd640 20 --2- 127.0.0.1:0/3417905487 >> v2:127.0.0.1:7180/0 conn(0xb331c00 0xb355080 crc :-1 s=THROTTLE_DONE pgs=22 gs=1 cs=0 l=1 c_cookie=0 s_cookie=0 reconnecting=0 rev1=1 crypto rx=0 tx=0 comp rx=0 tx=0).handle_message
2026-02-11T23:33:20.111+0000 7f52a8ffe640 20 --2- 127.0.0.1:0/3181536868 >> v2:127.0.0.1:7180/0 conn(0xb330000 0xb354000 crc :-1 s=READY pgs=18 gs=2 cs=0 l=1 c_cookie=3917940633496780781 s_cookie=0 reconnecting=0 rev1=1 crypto rx=0 tx=0 comp rx=0 tx=0).read_frame
2026-02-11T23:33:20.111+0000 7f52a87fd640 5 --2- 127.0.0.1:0/3417905487 >> v2:127.0.0.1:7180/0 conn(0xb331c00 0xb355080 crc :-1 s=THROTTLE_DONE pgs=22 gs=1 cs=0 l=1 c_cookie=0 s_cookie=0 reconnecting=0 rev1=1 crypto rx=0 tx=0 comp rx=0 tx=0).handle_message got 53752 + 0 + 0 byte message. envelope type=1796 src mon.0 off 0
2026-02-11T23:33:20.111+0000 7f52a8ffe640 20 -- 127.0.0.1:0/3181536868 >> v2:127.0.0.1:7180/0 conn(0xb330000 msgr2=0xb354000 crc :-1 s=STATE_CONNECTION_ESTABLISHED l=1).read start len=32
2026-02-11T23:33:20.111+0000 7f52a4ff6640 1 -- 127.0.0.1:0/3181536868 <== mon.0 v2:127.0.0.1:7180/0 36 ==== mgrmap(e 3) ==== 53752+0+0 (crc 0 0 0) 0xb43af00 con 0xb330000
2026-02-11T23:33:20.111+0000 7f52a4ff6640 10 mgr.4100.objecter ms_dispatch2 0x1a36000 mgrmap(e 3)
2026-02-11T23:33:20.111+0000 7f52a8ffe640 20 -- 127.0.0.1:0/2593569183 >> v2:127.0.0.1:7180/0 conn(0xb331400 msgr2=0xb354b00 crc :-1 s=STATE_CONNECTION_ESTABLISHED l=1).process
2026-02-11T23:33:20.111+0000 7f52a4ff6640 10 mgr ms_dispatch2 active mgrmap(e 3)
2026-02-11T23:33:20.111+0000 7f52a4ff6640 4 mgr handle_mgr_map received map epoch 3
2026-02-11T23:33:20.111+0000 7f52a8ffe640 20 -- 127.0.0.1:0/2593569183 >> v2:127.0.0.1:7180/0 conn(0xb331400 msgr2=0xb354b00 crc :-1 s=STATE_CONNECTION_ESTABLISHED l=1).read continue len=32
2026-02-11T23:33:20.111+0000 7f52a4ff6640 4 mgr handle_mgr_map active in map: 1 active is 4100
2026-02-11T23:33:20.111+0000 7f52a8ffe640 20 --2- 127.0.0.1:0/2593569183 >> v2:127.0.0.1:7180/0 conn(0xb331400 0xb354b00 crc :-1 s=READY pgs=20 gs=1 cs=0 l=1 c_cookie=0 s_cookie=0 reconnecting=0 rev1=1 crypto rx=0 tx=0 comp rx=0 tx=0).handle_read_frame_preamble_main r=0
2026-02-11T23:33:20.111+0000 7f52a8ffe640 20 --2- 127.0.0.1:0/2593569183 >> v2:127.0.0.1:7180/0 conn(0xb331400 0xb354b00 crc :-1 s=THROTTLE_MESSAGE pgs=20 gs=1 cs=0 l=1 c_cookie=0 s_cookie=0 reconnecting=0 rev1=1 crypto rx=0 tx=0 comp rx=0 tx=0).throttle_message
2026-02-11T23:33:20.111+0000 7f52a8ffe640 20 --2- 127.0.0.1:0/2593569183 >> v2:127.0.0.1:7180/0 conn(0xb331400 0xb354b00 crc :-1 s=THROTTLE_BYTES pgs=20 gs=1 cs=0 l=1 c_cookie=0 s_cookie=0 reconnecting=0 rev1=1 crypto rx=0 tx=0 comp rx=0 tx=0).throttle_bytes
2026-02-11T23:33:20.111+0000 7f52a8ffe640 20 --2- 127.0.0.1:0/2593569183 >> v2:127.0.0.1:7180/0 conn(0xb331400 0xb354b00 crc :-1 s=THROTTLE_DISPATCH_QUEUE pgs=20 gs=1 cs=0 l=1 c_cookie=0 s_cookie=0 reconnecting=0 rev1=1 crypto rx=0 tx=0 comp rx=0 tx=0).throttle_dispatch_queue
2026-02-11T23:33:20.111+0000 7f52a8ffe640 20 --2- 127.0.0.1:0/2593569183 >> v2:127.0.0.1:7180/0 conn(0xb331400 0xb354b00 crc :-1 s=THROTTLE_DONE pgs=20 gs=1 cs=0 l=1 c_cookie=0 s_cookie=0 reconnecting=0 rev1=1 crypto rx=0 tx=0 comp rx=0 tx=0).read_frame_segment seg_idx=0
2026-02-11T23:33:20.111+0000 7f52a8ffe640 20 -- 127.0.0.1:0/2593569183 >> v2:127.0.0.1:7180/0 conn(0xb331400 msgr2=0xb354b00 crc :-1 s=STATE_CONNECTION_ESTABLISHED l=1).read start len=45
2026-02-11T23:33:20.111+0000 7f52a8ffe640 20 --2- 127.0.0.1:0/2593569183 >> v2:127.0.0.1:7180/0 conn(0xb331400 0xb354b00 crc :-1 s=THROTTLE_DONE pgs=20 gs=1 cs=0 l=1 c_cookie=0 s_cookie=0 reconnecting=0 rev1=1 crypto rx=0 tx=0 comp rx=0 tx=0).handle_read_frame_segment r=0
2026-02-11T23:33:20.111+0000 7f52a8ffe640 20 --2- 127.0.0.1:0/2593569183 >> v2:127.0.0.1:7180/0 conn(0xb331400 0xb354b00 crc :-1 s=THROTTLE_DONE pgs=20 gs=1 cs=0 l=1 c_cookie=0 s_cookie=0 reconnecting=0 rev1=1 crypto rx=0 tx=0 comp rx=0 tx=0).read_frame_segment seg_idx=1
2026-02-11T23:33:20.111+0000 7f52a8ffe640 20 -- 127.0.0.1:0/2593569183 >> v2:127.0.0.1:7180/0 conn(0xb331400 msgr2=0xb354b00 crc :-1 s=STATE_CONNECTION_ESTABLISHED l=1).read start len=53752
2026-02-11T23:33:20.111+0000 7f52a8ffe640 20 --2- 127.0.0.1:0/2593569183 >> v2:127.0.0.1:7180/0 conn(0xb331400 0xb354b00 crc :-1 s=THROTTLE_DONE pgs=20 gs=1 cs=0 l=1 c_cookie=0 s_cookie=0 reconnecting=0 rev1=1 crypto rx=0 tx=0 comp rx=0 tx=0).handle_read_frame_segment r=0
2026-02-11T23:33:20.111+0000 7f52a8ffe640 20 -- 127.0.0.1:0/2593569183 >> v2:127.0.0.1:7180/0 conn(0xb331400 msgr2=0xb354b00 crc :-1 s=STATE_CONNECTION_ESTABLISHED l=1).read start len=13
2026-02-11T23:33:20.111+0000 7f52a8ffe640 20 --2- 127.0.0.1:0/2593569183 >> v2:127.0.0.1:7180/0 conn(0xb331400 0xb354b00 crc :-1 s=THROTTLE_DONE pgs=20 gs=1 cs=0 l=1 c_cookie=0 s_cookie=0 reconnecting=0 rev1=1 crypto rx=0 tx=0 comp rx=0 tx=0).handle_read_frame_epilogue_main r=0
2026-02-11T23:33:20.111+0000 7f52a8ffe640 10 --2- 127.0.0.1:0/2593569183 >> v2:127.0.0.1:7180/0 conn(0xb331400 0xb354b00 crc :-1 s=THROTTLE_DONE pgs=20 gs=1 cs=0 l=1 c_cookie=0 s_cookie=0 reconnecting=0 rev1=1 crypto rx=0 tx=0 comp rx=0 tx=0).handle_read_frame_dispatch tag=17
2026-02-11T23:33:20.111+0000 7f52a8ffe640 20 --2- 127.0.0.1:0/2593569183 >> v2:127.0.0.1:7180/0 conn(0xb331400 0xb354b00 crc :-1 s=THROTTLE_DONE pgs=20 gs=1 cs=0 l=1 c_cookie=0 s_cookie=0 reconnecting=0 rev1=1 crypto rx=0 tx=0 comp rx=0 tx=0).handle_message
2026-02-11T23:33:20.111+0000 7f52a8ffe640 5 --2- 127.0.0.1:0/2593569183 >> v2:127.0.0.1:7180/0 conn(0xb331400 0xb354b00 crc :-1 s=THROTTLE_DONE pgs=20 gs=1 cs=0 l=1 c_cookie=0 s_cookie=0 reconnecting=0 rev1=1 crypto rx=0 tx=0 comp rx=0 tx=0).handle_message got 53752 + 0 + 0 byte message. envelope type=1796 src mon.0 off 0
2026-02-11T23:33:20.111+0000 7f52a4ff6640 10 mgr handle_mgr_map I was already active
2026-02-11T23:33:20.111+0000 7f52a4ff6640 10 mgr got_mgr_map x(active, since 0.10352s)
2026-02-11T23:33:20.111+0000 7f52a4ff6640 4 mgr handle_mgr_map Map now says I am available
2026-02-11T23:33:20.111+0000 7f52a4ff6640 10 mgr ms_dispatch2 mgrmap(e 3)
2026-02-11T23:33:20.111+0000 7f52a87fd640 5 --2- 127.0.0.1:0/3417905487 >> v2:127.0.0.1:7180/0 conn(0xb331c00 0xb355080 crc :-1 s=READ_MESSAGE_COMPLETE pgs=22 gs=1 cs=0 l=1 c_cookie=0 s_cookie=0 reconnecting=0 rev1=1 crypto rx=0 tx=0 comp rx=0 tx=0).handle_message received message m=0xb238600 seq=7 from=mon.0 type=1796 mgrmap(e 3)
2026-02-11T23:33:20.111+0000 7f52a87fd640 20 -- 127.0.0.1:0/3417905487 queue 0xb238600 prio 196
2026-02-11T23:33:20.111+0000 7f52a6ffa640 5 --2- 127.0.0.1:0/4233300883 >> v2:127.0.0.1:7180/0 conn(0xb65c000 0xb355600 crc :-1 s=READ_MESSAGE_COMPLETE pgs=24 gs=1 cs=0 l=1 c_cookie=0 s_cookie=0 reconnecting=0 rev1=1 crypto rx=0 tx=0 comp rx=0 tx=0).handle_message received message m=0xb680300 seq=6 from=mon.0 type=1796 mgrmap(e 3)
2026-02-11T23:33:20.111+0000 7f52a6ffa640 20 -- 127.0.0.1:0/4233300883 queue 0xb680300 prio 196
2026-02-11T23:33:20.111+0000 7f52a8ffe640 5 --2- 127.0.0.1:0/2593569183 >> v2:127.0.0.1:7180/0 conn(0xb331400 0xb354b00 crc :-1 s=READ_MESSAGE_COMPLETE pgs=20 gs=1 cs=0 l=1 c_cookie=0 s_cookie=0 reconnecting=0 rev1=1 crypto rx=0 tx=0 comp rx=0 tx=0).handle_message received message m=0xb75a000 seq=6 from=mon.0 type=1796 mgrmap(e 3)
2026-02-11T23:33:20.111+0000 7f52a8ffe640 20 -- 127.0.0.1:0/2593569183 queue 0xb75a000 prio 196
2026-02-11T23:33:20.111+0000 7f52a87fd640 20 --2- 127.0.0.1:0/3417905487 >> v2:127.0.0.1:7180/0 conn(0xb331c00 0xb355080 crc :-1 s=READY pgs=22 gs=1 cs=0 l=1 c_cookie=0 s_cookie=0 reconnecting=0 rev1=1 crypto rx=0 tx=0 comp rx=0 tx=0).read_frame
2026-02-11T23:33:20.111+0000 7f52a87fd640 20 -- 127.0.0.1:0/3417905487 >> v2:127.0.0.1:7180/0 conn(0xb331c00 msgr2=0xb355080 crc :-1 s=STATE_CONNECTION_ESTABLISHED l=1).read start len=32
2026-02-11T23:33:20.111+0000 7f52a8ffe640 20 --2- 127.0.0.1:0/2593569183 >> v2:127.0.0.1:7180/0 conn(0xb331400 0xb354b00 crc :-1 s=READY pgs=20 gs=1 cs=0 l=1 c_cookie=0 s_cookie=0 reconnecting=0 rev1=1 crypto rx=0 tx=0 comp rx=0 tx=0).read_frame
2026-02-11T23:33:20.111+0000 7f52a6ffa640 20 --2- 127.0.0.1:0/4233300883 >> v2:127.0.0.1:7180/0 conn(0xb65c000 0xb355600 crc :-1 s=READY pgs=24 gs=1 cs=0 l=1 c_cookie=0 s_cookie=0 reconnecting=0 rev1=1 crypto rx=0 tx=0 comp rx=0 tx=0).read_frame
2026-02-11T23:33:20.111+0000 7f52a8ffe640 20 -- 127.0.0.1:0/2593569183 >> v2:127.0.0.1:7180/0 conn(0xb331400 msgr2=0xb354b00 crc :-1 s=STATE_CONNECTION_ESTABLISHED l=1).read start len=32
2026-02-11T23:33:20.111+0000 7f52a6ffa640 20 -- 127.0.0.1:0/4233300883 >> v2:127.0.0.1:7180/0 conn(0xb65c000 msgr2=0xb355600 crc :-1 s=STATE_CONNECTION_ESTABLISHED l=1).read start len=32
2026-02-11T23:33:20.111+0000 7f52a87fd640 10 Processor -- accept listen_fd=25
2026-02-11T23:33:20.111+0000 7f51b671d640 1 -- 127.0.0.1:0/3417905487 <== mon.0 v2:127.0.0.1:7180/0 7 ==== mgrmap(e 3) ==== 53752+0+0 (crc 0 0 0) 0xb238600 con 0xb331c00
2026-02-11T23:33:20.111+0000 7f51c1fb4640 1 -- 127.0.0.1:0/2593569183 <== mon.0 v2:127.0.0.1:7180/0 6 ==== mgrmap(e 3) ==== 53752+0+0 (crc 0 0 0) 0xb75a000 con 0xb331400
2026-02-11T23:33:20.111+0000 7f51acf0a640 1 -- 127.0.0.1:0/4233300883 <== mon.0 v2:127.0.0.1:7180/0 6 ==== mgrmap(e 3) ==== 53752+0+0 (crc 0 0 0) 0xb680300 con 0xb65c000
2026-02-11T23:33:20.111+0000 7f52a87fd640 10 Processor -- accept accepted incoming on sd 30
2026-02-11T23:33:20.111+0000 7f52a87fd640 10 -- [v2:127.0.0.1:6808/968590950,v1:127.0.0.1:6809/968590950] >> conn(0xb65d800 msgr2=0xb356c00 unknown :-1 s=STATE_NONE l=0).accept sd=30 listen_addr v2:127.0.0.1:6808/968590950 peer_addr v2:127.0.0.1:53966/0
2026-02-11T23:33:20.111+0000 7f52a87fd640 1 --2- [v2:127.0.0.1:6808/968590950,v1:127.0.0.1:6809/968590950] >> conn(0xb65d800 0xb356c00 unknown :-1 s=NONE pgs=0 gs=0 cs=0 l=0 c_cookie=0 s_cookie=0 reconnecting=0 rev1=0 crypto rx=0 tx=0 comp rx=0 tx=0).accept
2026-02-11T23:33:20.111+0000 7f52a87fd640 10 Processor -- accept listen_fd=26
2026-02-11T23:33:20.111+0000 7f52a87fd640 20 -- [v2:127.0.0.1:6808/968590950,v1:127.0.0.1:6809/968590950] >> conn(0xb65d800 msgr2=0xb356c00 unknown :-1 s=STATE_ACCEPTING l=0).process
2026-02-11T23:33:20.111+0000 7f52a87fd640 20 Event(0x18c8508 nevent=5000 time_id=5).create_file_event create event started fd=30 mask=1 original mask is 0
2026-02-11T23:33:20.111+0000 7f52a87fd640 20 EpollDriver.add_event add event fd=30 cur_mask=0 add_mask=1 to 10
2026-02-11T23:33:20.111+0000 7f52a87fd640 20 Event(0x18c8508 nevent=5000 time_id=5).create_file_event create event end fd=30 mask=1 current mask is 1
2026-02-11T23:33:20.111+0000 7f52a87fd640 20 --2- [v2:127.0.0.1:6808/968590950,v1:127.0.0.1:6809/968590950] >> conn(0xb65d800 0xb356c00 unknown :-1 s=START_ACCEPT pgs=0 gs=0 cs=0 l=0 c_cookie=0 s_cookie=0 reconnecting=0 rev1=0 crypto rx=0 tx=0 comp rx=0 tx=0).read_event
2026-02-11T23:33:20.111+0000 7f52a87fd640 20 --2- [v2:127.0.0.1:6808/968590950,v1:127.0.0.1:6809/968590950] >> conn(0xb65d800 0xb356c00 unknown :-1 s=START_ACCEPT pgs=0 gs=0 cs=0 l=0 c_cookie=0 s_cookie=0 reconnecting=0 rev1=0 crypto rx=0 tx=0 comp rx=0 tx=0).start_server_banner_exchange
2026-02-11T23:33:20.111+0000 7f52a87fd640 20 --2- [v2:127.0.0.1:6808/968590950,v1:127.0.0.1:6809/968590950] >> conn(0xb65d800 0xb356c00 unknown :-1 s=BANNER_ACCEPTING pgs=0 gs=0 cs=0 l=0 c_cookie=0 s_cookie=0 reconnecting=0 rev1=0 crypto rx=0 tx=0 comp rx=0 tx=0)._banner_exchange
2026-02-11T23:33:20.111+0000 7f52a4ff6640 10 -- 127.0.0.1:0/3181536868 create_connect [v2:127.0.0.1:6808/968590950,v1:127.0.0.1:6809/968590950], creating connection and registering
2026-02-11T23:33:20.111+0000 7f52a4ff6640 10 -- 127.0.0.1:0/3181536868 >> [v2:127.0.0.1:6808/968590950,v1:127.0.0.1:6809/968590950] conn(0x189e000 msgr2=0xb357700 unknown :-1 s=STATE_NONE l=0)._connect
2026-02-11T23:33:20.111+0000 7f52a4ff6640 1 --2- 127.0.0.1:0/3181536868 >> [v2:127.0.0.1:6808/968590950,v1:127.0.0.1:6809/968590950] conn(0x189e000 0xb357700 unknown :-1 s=NONE pgs=0 gs=0 cs=0 l=0 c_cookie=0 s_cookie=0 reconnecting=0 rev1=0 crypto rx=0 tx=0 comp rx=0 tx=0).connect
2026-02-11T23:33:20.111+0000 7f52a4ff6640 20 Event(0x18c8748 nevent=5000 time_id=9).wakeup
2026-02-11T23:33:20.111+0000 7f52a87fd640 10 -- [v2:127.0.0.1:6808/968590950,v1:127.0.0.1:6809/968590950] >> conn(0xb65d800 msgr2=0xb356c00 unknown :-1 s=STATE_CONNECTION_ESTABLISHED l=0)._try_send sent bytes 26 remaining bytes 0
2026-02-11T23:33:20.111+0000 7f52a4ff6640 10 -- 127.0.0.1:0/3181536868 create_connect 0x189e000 [v2:127.0.0.1:6808/968590950,v1:127.0.0.1:6809/968590950] [v2:127.0.0.1:6808/968590950,v1:127.0.0.1:6809/968590950]
2026-02-11T23:33:20.111+0000 7f52a87fd640 20 -- [v2:127.0.0.1:6808/968590950,v1:127.0.0.1:6809/968590950] >> conn(0xb65d800 msgr2=0xb356c00 unknown :-1 s=STATE_CONNECTION_ESTABLISHED l=0).read start len=10
2026-02-11T23:33:20.111+0000 7f52a4ff6640 10 -- 127.0.0.1:0/3181536868 connect_to [v2:127.0.0.1:6808/968590950,v1:127.0.0.1:6809/968590950] new 0x189e000
2026-02-11T23:33:20.111+0000 7f52a8ffe640 20 -- 127.0.0.1:0/3181536868 >> [v2:127.0.0.1:6808/968590950,v1:127.0.0.1:6809/968590950] conn(0x189e000 msgr2=0xb357700 unknown :-1 s=STATE_CONNECTING l=0).process
2026-02-11T23:33:20.111+0000 7f52a87fd640 20 --2- [v2:127.0.0.1:6808/968590950,v1:127.0.0.1:6809/968590950] >> conn(0xb65d800 0xb356c00 unknown :-1 s=BANNER_ACCEPTING pgs=0 gs=0 cs=0 l=0 c_cookie=0 s_cookie=0 reconnecting=0 rev1=0 crypto rx=0 tx=0 comp rx=0 tx=0)._handle_peer_banner r=0
2026-02-11T23:33:20.111+0000 7f52a87fd640 20 -- [v2:127.0.0.1:6808/968590950,v1:127.0.0.1:6809/968590950] >> conn(0xb65d800 msgr2=0xb356c00 unknown :-1 s=STATE_CONNECTION_ESTABLISHED l=0).read start len=16
2026-02-11T23:33:20.111+0000 7f52a87fd640 20 --2- [v2:127.0.0.1:6808/968590950,v1:127.0.0.1:6809/968590950] >> conn(0xb65d800 0xb356c00 unknown :-1 s=BANNER_ACCEPTING pgs=0 gs=0 cs=0 l=0 c_cookie=0 s_cookie=0 reconnecting=0 rev1=0 crypto rx=0 tx=0 comp rx=0 tx=0)._handle_peer_banner_payload r=0
2026-02-11T23:33:20.111+0000 7f52a87fd640 1 --2- [v2:127.0.0.1:6808/968590950,v1:127.0.0.1:6809/968590950] >> conn(0xb65d800 0xb356c00 unknown :-1 s=BANNER_ACCEPTING pgs=0 gs=0 cs=0 l=0 c_cookie=0 s_cookie=0 reconnecting=0 rev1=0 crypto rx=0 tx=0 comp rx=0 tx=0)._handle_peer_banner_payload supported=3 required=0
2026-02-11T23:33:20.111+0000 7f52a87fd640 10 -- [v2:127.0.0.1:6808/968590950,v1:127.0.0.1:6809/968590950] >> conn(0xb65d800 msgr2=0xb356c00 unknown :-1 s=STATE_CONNECTION_ESTABLISHED l=0)._try_send sent bytes 72 remaining bytes 0
2026-02-11T23:33:20.111+0000 7f51c1fb4640 10 -- 127.0.0.1:0/2593569183 create_connect [v2:127.0.0.1:6808/968590950,v1:127.0.0.1:6809/968590950], creating connection and registering
2026-02-11T23:33:20.111+0000 7f52a87fd640 20 --2- [v2:127.0.0.1:6808/968590950,v1:127.0.0.1:6809/968590950] >> conn(0xb65d800 0xb356c00 unknown :-1 s=HELLO_ACCEPTING pgs=0 gs=0 cs=0 l=0 c_cookie=0 s_cookie=0 reconnecting=0 rev1=1 crypto rx=0 tx=0 comp rx=0 tx=0).read_frame
2026-02-11T23:33:20.111+0000 7f52a87fd640 20 -- [v2:127.0.0.1:6808/968590950,v1:127.0.0.1:6809/968590950] >> conn(0xb65d800 msgr2=0xb356c00 unknown :-1 s=STATE_CONNECTION_ESTABLISHED l=0).read start len=32
2026-02-11T23:33:20.111+0000 7f51c1fb4640 10 -- 127.0.0.1:0/2593569183 >> [v2:127.0.0.1:6808/968590950,v1:127.0.0.1:6809/968590950] conn(0xb65dc00 msgr2=0xb354580 unknown :-1 s=STATE_NONE l=1)._connect
2026-02-11T23:33:20.111+0000 7f51c1fb4640 1 --2- 127.0.0.1:0/2593569183 >> [v2:127.0.0.1:6808/968590950,v1:127.0.0.1:6809/968590950] conn(0xb65dc00 0xb354580 unknown :-1 s=NONE pgs=0 gs=0 cs=0 l=1 c_cookie=0 s_cookie=0 reconnecting=0 rev1=0 crypto rx=0 tx=0 comp rx=0 tx=0).connect
2026-02-11T23:33:20.111+0000 7f51c1fb4640 20 Event(0x18c8088 nevent=5000 time_id=5).wakeup
2026-02-11T23:33:20.111+0000 7f52a8ffe640 20 Event(0x18c8748 nevent=5000 time_id=10).create_file_event create event started fd=31 mask=1 original mask is 0
2026-02-11T23:33:20.111+0000 7f52a8ffe640 20 EpollDriver.add_event add event fd=31 cur_mask=0 add_mask=1 to 12
2026-02-11T23:33:20.111+0000 7f51c1fb4640 10 -- 127.0.0.1:0/2593569183 create_connect 0xb65dc00 [v2:127.0.0.1:6808/968590950,v1:127.0.0.1:6809/968590950] [v2:127.0.0.1:6808/968590950,v1:127.0.0.1:6809/968590950]
2026-02-11T23:33:20.111+0000 7f52a8ffe640 20 Event(0x18c8748 nevent=5000 time_id=10).create_file_event create event end fd=31 mask=1 current mask is 1
2026-02-11T23:33:20.111+0000 7f51c1fb4640 10 -- 127.0.0.1:0/2593569183 connect_to [v2:127.0.0.1:6808/968590950,v1:127.0.0.1:6809/968590950] new 0xb65dc00
2026-02-11T23:33:20.111+0000 7f52a87fd640 10 Processor -- accept listen_fd=25
2026-02-11T23:33:20.111+0000 7f51c1fb4640 10 -- 127.0.0.1:0/2593569183 dispatch_throttle_release 53752 to dispatch throttler 53752/104857600
2026-02-11T23:33:20.111+0000 7f52a8ffe640 20 EpollDriver.del_event del event fd=31 cur_mask=1 delmask=2 to 12
2026-02-11T23:33:20.111+0000 7f51c1fb4640 20 -- 127.0.0.1:0/2593569183 done calling dispatch on 0xb75a000
2026-02-11T23:33:20.111+0000 7f52a8ffe640 10 -- 127.0.0.1:0/3181536868 >> [v2:127.0.0.1:6808/968590950,v1:127.0.0.1:6809/968590950] conn(0x189e000 msgr2=0xb357700 unknown :-1 s=STATE_CONNECTING_RE l=0).process connect successfully, ready to send banner
2026-02-11T23:33:20.111+0000 7f52a8ffe640 20 --2- 127.0.0.1:0/3181536868 >> [v2:127.0.0.1:6808/968590950,v1:127.0.0.1:6809/968590950] conn(0x189e000 0xb357700 unknown :-1 s=START_CONNECT pgs=0 gs=0 cs=0 l=0 c_cookie=0 s_cookie=0 reconnecting=0 rev1=0 crypto rx=0 tx=0 comp rx=0 tx=0).read_event
2026-02-11T23:33:20.111+0000 7f52a8ffe640 20 --2- 127.0.0.1:0/3181536868 >> [v2:127.0.0.1:6808/968590950,v1:127.0.0.1:6809/968590950] conn(0x189e000 0xb357700 unknown :-1 s=START_CONNECT pgs=0 gs=0 cs=0 l=0 c_cookie=0 s_cookie=0 reconnecting=0 rev1=0 crypto rx=0 tx=0 comp rx=0 tx=0).start_client_banner_exchange
2026-02-11T23:33:20.111+0000 7f52a8ffe640 10 -- 127.0.0.1:0/3181536868 get_global_seq increment to global_seq=3
2026-02-11T23:33:20.111+0000 7f52a6ffa640 20 -- 127.0.0.1:0/2593569183 >> [v2:127.0.0.1:6808/968590950,v1:127.0.0.1:6809/968590950] conn(0xb65dc00 msgr2=0xb354580 unknown :-1 s=STATE_CONNECTING l=1).process
2026-02-11T23:33:20.111+0000 7f52a8ffe640 20 --2- 127.0.0.1:0/3181536868 >> [v2:127.0.0.1:6808/968590950,v1:127.0.0.1:6809/968590950] conn(0x189e000 0xb357700 unknown :-1 s=BANNER_CONNECTING pgs=0 gs=3 cs=0 l=0 c_cookie=0 s_cookie=0 reconnecting=0 rev1=0 crypto rx=0 tx=0 comp rx=0 tx=0)._banner_exchange
2026-02-11T23:33:20.111+0000 7f52a87fd640 10 Processor -- accept accepted incoming on sd 32
2026-02-11T23:33:20.111+0000 7f51b671d640 10 -- 127.0.0.1:0/3417905487 create_connect [v2:127.0.0.1:6808/968590950,v1:127.0.0.1:6809/968590950], creating connection and registering
2026-02-11T23:33:20.111+0000 7f51acf0a640 10 -- 127.0.0.1:0/4233300883 create_connect [v2:127.0.0.1:6808/968590950,v1:127.0.0.1:6809/968590950], creating connection and registering
2026-02-11T23:33:20.111+0000 7f52a8ffe640 10 -- 127.0.0.1:0/3181536868 >> [v2:127.0.0.1:6808/968590950,v1:127.0.0.1:6809/968590950] conn(0x189e000 msgr2=0xb357700 unknown :-1 s=STATE_CONNECTION_ESTABLISHED l=0)._try_send sent bytes 26 remaining bytes 0
2026-02-11T23:33:20.111+0000 7f52a8ffe640 20 -- 127.0.0.1:0/3181536868 >> [v2:127.0.0.1:6808/968590950,v1:127.0.0.1:6809/968590950] conn(0x189e000 msgr2=0xb357700 unknown :-1 s=STATE_CONNECTION_ESTABLISHED l=0).read start len=10
2026-02-11T23:33:20.111+0000 7f52a87fd640 10 -- [v2:127.0.0.1:6808/968590950,v1:127.0.0.1:6809/968590950] >> conn(0xb802000 msgr2=0x19fc000 unknown :-1 s=STATE_NONE l=0).accept sd=32 listen_addr v2:127.0.0.1:6808/968590950 peer_addr v2:127.0.0.1:53972/0
2026-02-11T23:33:20.111+0000 7f52a87fd640 1 --2- [v2:127.0.0.1:6808/968590950,v1:127.0.0.1:6809/968590950] >> conn(0xb802000 0x19fc000 unknown :-1 s=NONE pgs=0 gs=0 cs=0 l=0 c_cookie=0 s_cookie=0 reconnecting=0 rev1=0 crypto rx=0 tx=0 comp rx=0 tx=0).accept
2026-02-11T23:33:20.111+0000 7f52a87fd640 10 Processor -- accept listen_fd=26
2026-02-11T23:33:20.111+0000 7f52a87fd640 20 -- [v2:127.0.0.1:6808/968590950,v1:127.0.0.1:6809/968590950] >> conn(0xb65d800 msgr2=0xb356c00 unknown :-1 s=STATE_CONNECTION_ESTABLISHED l=0).process
2026-02-11T23:33:20.111+0000 7f52a87fd640 20 -- [v2:127.0.0.1:6808/968590950,v1:127.0.0.1:6809/968590950] >> conn(0xb65d800 msgr2=0xb356c00 unknown :-1 s=STATE_CONNECTION_ESTABLISHED l=0).read continue len=32
2026-02-11T23:33:20.111+0000 7f52a6ffa640 20 Event(0x18c8088 nevent=5000 time_id=6).create_file_event create event started fd=33 mask=1 original mask is 0
2026-02-11T23:33:20.111+0000 7f52a6ffa640 20 EpollDriver.add_event add event fd=33 cur_mask=0 add_mask=1 to 14
2026-02-11T23:33:20.111+0000 7f52a87fd640 20 --2- [v2:127.0.0.1:6808/968590950,v1:127.0.0.1:6809/968590950] >> conn(0xb65d800 0xb356c00 unknown :-1 s=HELLO_ACCEPTING pgs=0 gs=0 cs=0 l=0 c_cookie=0 s_cookie=0 reconnecting=0 rev1=1 crypto rx=0 tx=0 comp rx=0 tx=0).handle_read_frame_preamble_main r=0
2026-02-11T23:33:20.111+0000 7f52a6ffa640 20 Event(0x18c8088 nevent=5000 time_id=6).create_file_event create event end fd=33 mask=1 current mask is 1
2026-02-11T23:33:20.111+0000 7f52a6ffa640 20 EpollDriver.del_event del event fd=33 cur_mask=1 delmask=2 to 14
2026-02-11T23:33:20.111+0000 7f52a87fd640 20 --2- [v2:127.0.0.1:6808/968590950,v1:127.0.0.1:6809/968590950] >> conn(0xb65d800 0xb356c00 unknown :-1 s=HELLO_ACCEPTING pgs=0 gs=0 cs=0 l=0 c_cookie=0 s_cookie=0 reconnecting=0 rev1=1 crypto rx=0 tx=0 comp rx=0 tx=0).read_frame_segment seg_idx=0
2026-02-11T23:33:20.111+0000 7f52a87fd640 20 -- [v2:127.0.0.1:6808/968590950,v1:127.0.0.1:6809/968590950] >> conn(0xb65d800 msgr2=0xb356c00 unknown :-1 s=STATE_CONNECTION_ESTABLISHED l=0).read start len=40
2026-02-11T23:33:20.111+0000 7f52a6ffa640 10 -- 127.0.0.1:0/2593569183 >> [v2:127.0.0.1:6808/968590950,v1:127.0.0.1:6809/968590950] conn(0xb65dc00 msgr2=0xb354580 unknown :-1 s=STATE_CONNECTING_RE l=1).process connect successfully, ready to send banner
2026-02-11T23:33:20.111+0000 7f52a87fd640 20 --2- [v2:127.0.0.1:6808/968590950,v1:127.0.0.1:6809/968590950] >> conn(0xb65d800 0xb356c00 unknown :-1 s=HELLO_ACCEPTING pgs=0 gs=0 cs=0 l=0 c_cookie=0 s_cookie=0 reconnecting=0 rev1=1 crypto rx=0 tx=0 comp rx=0 tx=0).handle_read_frame_segment r=0
2026-02-11T23:33:20.111+0000 7f52a6ffa640 20 --2- 127.0.0.1:0/2593569183 >> [v2:127.0.0.1:6808/968590950,v1:127.0.0.1:6809/968590950] conn(0xb65dc00 0xb354580 unknown :-1 s=START_CONNECT pgs=0 gs=0 cs=0 l=1 c_cookie=0 s_cookie=0 reconnecting=0 rev1=0 crypto rx=0 tx=0 comp rx=0 tx=0).read_event
2026-02-11T23:33:20.111+0000 7f52a87fd640 10 --2- [v2:127.0.0.1:6808/968590950,v1:127.0.0.1:6809/968590950] >> conn(0xb65d800 0xb356c00 unknown :-1 s=HELLO_ACCEPTING pgs=0 gs=0 cs=0 l=0 c_cookie=0 s_cookie=0 reconnecting=0 rev1=1 crypto rx=0 tx=0 comp rx=0 tx=0).handle_read_frame_dispatch tag=1
2026-02-11T23:33:20.111+0000 7f52a6ffa640 20 --2- 127.0.0.1:0/2593569183 >> [v2:127.0.0.1:6808/968590950,v1:127.0.0.1:6809/968590950] conn(0xb65dc00 0xb354580 unknown :-1 s=START_CONNECT pgs=0 gs=0 cs=0 l=1 c_cookie=0 s_cookie=0 reconnecting=0 rev1=0 crypto rx=0 tx=0 comp rx=0 tx=0).start_client_banner_exchange
2026-02-11T23:33:20.111+0000 7f52a87fd640 20 --2- [v2:127.0.0.1:6808/968590950,v1:127.0.0.1:6809/968590950] >> conn(0xb65d800 0xb356c00 unknown :-1 s=HELLO_ACCEPTING pgs=0 gs=0 cs=0 l=0 c_cookie=0 s_cookie=0 reconnecting=0 rev1=1 crypto rx=0 tx=0 comp rx=0 tx=0).handle_hello payload.length()=36
2026-02-11T23:33:20.111+0000 7f52a6ffa640 10 -- 127.0.0.1:0/2593569183 get_global_seq increment to global_seq=2
2026-02-11T23:33:20.111+0000 7f52a6ffa640 20 --2- 127.0.0.1:0/2593569183 >> [v2:127.0.0.1:6808/968590950,v1:127.0.0.1:6809/968590950] conn(0xb65dc00 0xb354580 unknown :-1 s=BANNER_CONNECTING pgs=0 gs=2 cs=0 l=1 c_cookie=0 s_cookie=0 reconnecting=0 rev1=0 crypto rx=0 tx=0 comp rx=0 tx=0)._banner_exchange
2026-02-11T23:33:20.111+0000 7f52a87fd640 5 --2- [v2:127.0.0.1:6808/968590950,v1:127.0.0.1:6809/968590950] >> conn(0xb65d800 0xb356c00 unknown :-1 s=HELLO_ACCEPTING pgs=0 gs=0 cs=0 l=0 c_cookie=0 s_cookie=0 reconnecting=0 rev1=1 crypto rx=0 tx=0 comp rx=0 tx=0).handle_hello received hello: peer_type=4 peer_addr_for_me=v2:127.0.0.1:6808/968590950
2026-02-11T23:33:20.111+0000 7f52a87fd640 5 --2- [v2:127.0.0.1:6808/968590950,v1:127.0.0.1:6809/968590950] >> conn(0xb65d800 0xb356c00 unknown :-1 s=HELLO_ACCEPTING pgs=0 gs=0 cs=0 l=0 c_cookie=0 s_cookie=0 reconnecting=0 rev1=1 crypto rx=0 tx=0 comp rx=0 tx=0).handle_hello getsockname says I am 127.0.0.1:6808 when talking to v2:127.0.0.1:53966/0
2026-02-11T23:33:20.111+0000 7f52a87fd640 10 --2- [v2:127.0.0.1:6808/968590950,v1:127.0.0.1:6809/968590950] >> conn(0xb65d800 0xb356c00 unknown :-1 s=HELLO_ACCEPTING pgs=0 gs=0 cs=0 l=1 c_cookie=0 s_cookie=0 reconnecting=0 rev1=1 crypto rx=0 tx=0 comp rx=0 tx=0).handle_hello accept of host_type 4, policy.lossy=1 policy.server=1 policy.standby=0 policy.resetcheck=0
2026-02-11T23:33:20.111+0000 7f51b671d640 10 -- 127.0.0.1:0/3417905487 >> [v2:127.0.0.1:6808/968590950,v1:127.0.0.1:6809/968590950] conn(0xb804000 msgr2=0xb356100 unknown :-1 s=STATE_NONE l=1)._connect
2026-02-11T23:33:20.111+0000 7f52a87fd640 20 --2- [v2:127.0.0.1:6808/968590950,v1:127.0.0.1:6809/968590950] >> conn(0xb65d800 0xb356c00 unknown :-1 s=HELLO_ACCEPTING pgs=0 gs=0 cs=0 l=1 c_cookie=0 s_cookie=0 reconnecting=0 rev1=1 crypto rx=0 tx=0 comp rx=0 tx=0).post_server_banner_exchange
2026-02-11T23:33:20.111+0000 7f52a6ffa640 10 -- 127.0.0.1:0/2593569183 >> [v2:127.0.0.1:6808/968590950,v1:127.0.0.1:6809/968590950] conn(0xb65dc00 msgr2=0xb354580 unknown :-1 s=STATE_CONNECTION_ESTABLISHED l=1)._try_send sent bytes 26 remaining bytes 0
2026-02-11T23:33:20.111+0000 7f51b671d640 1 --2- 127.0.0.1:0/3417905487 >> [v2:127.0.0.1:6808/968590950,v1:127.0.0.1:6809/968590950] conn(0xb804000 0xb356100 unknown :-1 s=NONE pgs=0 gs=0 cs=0 l=1 c_cookie=0 s_cookie=0 reconnecting=0 rev1=0 crypto rx=0 tx=0 comp rx=0 tx=0).connect
2026-02-11T23:33:20.111+0000 7f52a87fd640 20 --2- [v2:127.0.0.1:6808/968590950,v1:127.0.0.1:6809/968590950] >> conn(0xb65d800 0xb356c00 unknown :-1 s=AUTH_ACCEPTING pgs=0 gs=0 cs=0 l=1 c_cookie=0 s_cookie=0 reconnecting=0 rev1=1 crypto rx=0 tx=0 comp rx=0 tx=0).read_frame
2026-02-11T23:33:20.111+0000 7f51b671d640 20 Event(0x18c8748 nevent=5000 time_id=10).wakeup
2026-02-11T23:33:20.111+0000 7f52a6ffa640 20 -- 127.0.0.1:0/2593569183 >> [v2:127.0.0.1:6808/968590950,v1:127.0.0.1:6809/968590950] conn(0xb65dc00 msgr2=0xb354580 unknown :-1 s=STATE_CONNECTION_ESTABLISHED l=1).read start len=10
