2026-02-11T23:33:21.504+0000 7f52a8ffe640 20 --2- 127.0.0.1:0/3181536868 >> v2:127.0.0.1:7180/0 conn(0xb330000 0xb354000 crc :-1 s=THROTTLE_BYTES pgs=18 gs=2 cs=0 l=1 c_cookie=3917940633496780781 s_cookie=0 reconnecting=0 rev1=1 crypto rx=0 tx=0 comp rx=0 tx=0).throttle_bytes
2026-02-11T23:33:21.504+0000 7f52a8ffe640 20 --2- 127.0.0.1:0/3181536868 >> v2:127.0.0.1:7180/0 conn(0xb330000 0xb354000 crc :-1 s=THROTTLE_DISPATCH_QUEUE pgs=18 gs=2 cs=0 l=1 c_cookie=3917940633496780781 s_cookie=0 reconnecting=0 rev1=1 crypto rx=0 tx=0 comp rx=0 tx=0).throttle_dispatch_queue
2026-02-11T23:33:21.504+0000 7f52a8ffe640 20 --2- 127.0.0.1:0/3181536868 >> v2:127.0.0.1:7180/0 conn(0xb330000 0xb354000 crc :-1 s=THROTTLE_DONE pgs=18 gs=2 cs=0 l=1 c_cookie=3917940633496780781 s_cookie=0 reconnecting=0 rev1=1 crypto rx=0 tx=0 comp rx=0 tx=0).read_frame_segment seg_idx=0
2026-02-11T23:33:21.504+0000 7f52a8ffe640 20 -- 127.0.0.1:0/3181536868 >> v2:127.0.0.1:7180/0 conn(0xb330000 msgr2=0xb354000 crc :-1 s=STATE_CONNECTION_ESTABLISHED l=1).read start len=45
2026-02-11T23:33:21.504+0000 7f52a8ffe640 20 --2- 127.0.0.1:0/3181536868 >> v2:127.0.0.1:7180/0 conn(0xb330000 0xb354000 crc :-1 s=THROTTLE_DONE pgs=18 gs=2 cs=0 l=1 c_cookie=3917940633496780781 s_cookie=0 reconnecting=0 rev1=1 crypto rx=0 tx=0 comp rx=0 tx=0).handle_read_frame_segment r=0
2026-02-11T23:33:21.504+0000 7f52a8ffe640 20 --2- 127.0.0.1:0/3181536868 >> v2:127.0.0.1:7180/0 conn(0xb330000 0xb354000 crc :-1 s=THROTTLE_DONE pgs=18 gs=2 cs=0 l=1 c_cookie=3917940633496780781 s_cookie=0 reconnecting=0 rev1=1 crypto rx=0 tx=0 comp rx=0 tx=0).read_frame_segment seg_idx=1
2026-02-11T23:33:21.504+0000 7f52a8ffe640 20 -- 127.0.0.1:0/3181536868 >> v2:127.0.0.1:7180/0 conn(0xb330000 msgr2=0xb354000 crc :-1 s=STATE_CONNECTION_ESTABLISHED l=1).read start len=346
2026-02-11T23:33:21.504+0000 7f52a8ffe640 20 --2- 127.0.0.1:0/3181536868 >> v2:127.0.0.1:7180/0 conn(0xb330000 0xb354000 crc :-1 s=THROTTLE_DONE pgs=18 gs=2 cs=0 l=1 c_cookie=3917940633496780781 s_cookie=0 reconnecting=0 rev1=1 crypto rx=0 tx=0 comp rx=0 tx=0).handle_read_frame_segment r=0
2026-02-11T23:33:21.504+0000 7f52a8ffe640 20 -- 127.0.0.1:0/3181536868 >> v2:127.0.0.1:7180/0 conn(0xb330000 msgr2=0xb354000 crc :-1 s=STATE_CONNECTION_ESTABLISHED l=1).read start len=13
2026-02-11T23:33:21.504+0000 7f52a8ffe640 20 --2- 127.0.0.1:0/3181536868 >> v2:127.0.0.1:7180/0 conn(0xb330000 0xb354000 crc :-1 s=THROTTLE_DONE pgs=18 gs=2 cs=0 l=1 c_cookie=3917940633496780781 s_cookie=0 reconnecting=0 rev1=1 crypto rx=0 tx=0 comp rx=0 tx=0).handle_read_frame_epilogue_main r=0
2026-02-11T23:33:21.504+0000 7f52a8ffe640 10 --2- 127.0.0.1:0/3181536868 >> v2:127.0.0.1:7180/0 conn(0xb330000 0xb354000 crc :-1 s=THROTTLE_DONE pgs=18 gs=2 cs=0 l=1 c_cookie=3917940633496780781 s_cookie=0 reconnecting=0 rev1=1 crypto rx=0 tx=0 comp rx=0 tx=0).handle_read_frame_dispatch tag=17
2026-02-11T23:33:21.504+0000 7f52a8ffe640 20 --2- 127.0.0.1:0/3181536868 >> v2:127.0.0.1:7180/0 conn(0xb330000 0xb354000 crc :-1 s=THROTTLE_DONE pgs=18 gs=2 cs=0 l=1 c_cookie=3917940633496780781 s_cookie=0 reconnecting=0 rev1=1 crypto rx=0 tx=0 comp rx=0 tx=0).handle_message
2026-02-11T23:33:21.504+0000 7f52a8ffe640 5 --2- 127.0.0.1:0/3181536868 >> v2:127.0.0.1:7180/0 conn(0xb330000 0xb354000 crc :-1 s=THROTTLE_DONE pgs=18 gs=2 cs=0 l=1 c_cookie=3917940633496780781 s_cookie=0 reconnecting=0 rev1=1 crypto rx=0 tx=0 comp rx=0 tx=0).handle_message got 346 + 0 + 0 byte message. envelope type=52 src mon.0 off 0
2026-02-11T23:33:21.504+0000 7f52a8ffe640 5 --2- 127.0.0.1:0/3181536868 >> v2:127.0.0.1:7180/0 conn(0xb330000 0xb354000 crc :-1 s=READ_MESSAGE_COMPLETE pgs=18 gs=2 cs=0 l=1 c_cookie=3917940633496780781 s_cookie=0 reconnecting=0 rev1=1 crypto rx=0 tx=0 comp rx=0 tx=0).handle_message received message m=0x19f8540 seq=49 from=mon.0 type=52 log(1 entries from seq 67 at
2026-02-11T23:33:21.397030+0000)
2026-02-11T23:33:21.504+0000 7f52a8ffe640 20 -- 127.0.0.1:0/3181536868 queue 0x19f8540 prio 196
2026-02-11T23:33:21.504+0000 7f52a8ffe640 20 --2- 127.0.0.1:0/3181536868 >> v2:127.0.0.1:7180/0 conn(0xb330000 0xb354000 crc :-1 s=READY pgs=18 gs=2 cs=0 l=1 c_cookie=3917940633496780781 s_cookie=0 reconnecting=0 rev1=1 crypto rx=0 tx=0 comp rx=0 tx=0).read_frame
2026-02-11T23:33:21.504+0000 7f52a8ffe640 20 -- 127.0.0.1:0/3181536868 >> v2:127.0.0.1:7180/0 conn(0xb330000 msgr2=0xb354000 crc :-1 s=STATE_CONNECTION_ESTABLISHED l=1).read start len=32
2026-02-11T23:33:21.504+0000 7f52a4ff6640 1 -- 127.0.0.1:0/3181536868 <== mon.0 v2:127.0.0.1:7180/0 49 ==== log(1 entries from seq 67 at
2026-02-11T23:33:21.397030+0000) ==== 346+0+0 (crc 0 0 0) 0x19f8540 con 0xb330000
2026-02-11T23:33:21.504+0000 7f52a4ff6640 10 mgr.4100.objecter ms_dispatch2 0x1a36000 log(1 entries from seq 67 at
2026-02-11T23:33:21.397030+0000)
2026-02-11T23:33:21.504+0000 7f52a4ff6640 10 mgr ms_dispatch2 active log(1 entries from seq 67 at
2026-02-11T23:33:21.397030+0000)
2026-02-11T23:33:21.504+0000 7f52a4ff6640 10 mgr ms_dispatch2 log(1 entries from seq 67 at
2026-02-11T23:33:21.397030+0000)
2026-02-11T23:33:21.504+0000 7f52a4ff6640 10 mgr notify_all notify_all: notify_all (clog)
2026-02-11T23:33:21.504+0000 7f52a4ff6640 10 -- 127.0.0.1:0/3181536868 dispatch_throttle_release 346 to dispatch throttler 346/104857600
2026-02-11T23:33:21.504+0000 7f52a4ff6640 20 -- 127.0.0.1:0/3181536868 done calling dispatch on 0x19f8540
2026-02-11T23:33:21.740+0000 7f52a8ffe640 20 -- 127.0.0.1:0/3181536868 >> v2:127.0.0.1:7180/0 conn(0xb330000 msgr2=0xb354000 crc :-1 s=STATE_CONNECTION_ESTABLISHED l=1).process
2026-02-11T23:33:21.740+0000 7f52a8ffe640 20 -- 127.0.0.1:0/3181536868 >> v2:127.0.0.1:7180/0 conn(0xb330000 msgr2=0xb354000 crc :-1 s=STATE_CONNECTION_ESTABLISHED l=1).read continue len=32
2026-02-11T23:33:21.740+0000 7f52a8ffe640 20 --2- 127.0.0.1:0/3181536868 >> v2:127.0.0.1:7180/0 conn(0xb330000 0xb354000 crc :-1 s=READY pgs=18 gs=2 cs=0 l=1 c_cookie=3917940633496780781 s_cookie=0 reconnecting=0 rev1=1 crypto rx=0 tx=0 comp rx=0 tx=0).handle_read_frame_preamble_main r=0
2026-02-11T23:33:21.740+0000 7f52a8ffe640 20 --2- 127.0.0.1:0/3181536868 >> v2:127.0.0.1:7180/0 conn(0xb330000 0xb354000 crc :-1 s=THROTTLE_MESSAGE pgs=18 gs=2 cs=0 l=1 c_cookie=3917940633496780781 s_cookie=0 reconnecting=0 rev1=1 crypto rx=0 tx=0 comp rx=0 tx=0).throttle_message
2026-02-11T23:33:21.740+0000 7f52a8ffe640 20 --2- 127.0.0.1:0/3181536868 >> v2:127.0.0.1:7180/0 conn(0xb330000 0xb354000 crc :-1 s=THROTTLE_BYTES pgs=18 gs=2 cs=0 l=1 c_cookie=3917940633496780781 s_cookie=0 reconnecting=0 rev1=1 crypto rx=0 tx=0 comp rx=0 tx=0).throttle_bytes
2026-02-11T23:33:21.740+0000 7f52a8ffe640 20 --2- 127.0.0.1:0/3181536868 >> v2:127.0.0.1:7180/0 conn(0xb330000 0xb354000 crc :-1 s=THROTTLE_DISPATCH_QUEUE pgs=18 gs=2 cs=0 l=1 c_cookie=3917940633496780781 s_cookie=0 reconnecting=0 rev1=1 crypto rx=0 tx=0 comp rx=0 tx=0).throttle_dispatch_queue
2026-02-11T23:33:21.740+0000 7f52a8ffe640 20 --2- 127.0.0.1:0/3181536868 >> v2:127.0.0.1:7180/0 conn(0xb330000 0xb354000 crc :-1 s=THROTTLE_DONE pgs=18 gs=2 cs=0 l=1 c_cookie=3917940633496780781 s_cookie=0 reconnecting=0 rev1=1 crypto rx=0 tx=0 comp rx=0 tx=0).read_frame_segment seg_idx=0
2026-02-11T23:33:21.740+0000 7f52a8ffe640 20 -- 127.0.0.1:0/3181536868 >> v2:127.0.0.1:7180/0 conn(0xb330000 msgr2=0xb354000 crc :-1 s=STATE_CONNECTION_ESTABLISHED l=1).read start len=45
2026-02-11T23:33:21.740+0000 7f52a8ffe640 20 --2- 127.0.0.1:0/3181536868 >> v2:127.0.0.1:7180/0 conn(0xb330000 0xb354000 crc :-1 s=THROTTLE_DONE pgs=18 gs=2 cs=0 l=1 c_cookie=3917940633496780781 s_cookie=0 reconnecting=0 rev1=1 crypto rx=0 tx=0 comp rx=0 tx=0).handle_read_frame_segment r=0
2026-02-11T23:33:21.740+0000 7f52a8ffe640 20 --2- 127.0.0.1:0/3181536868 >> v2:127.0.0.1:7180/0 conn(0xb330000 0xb354000 crc :-1 s=THROTTLE_DONE pgs=18 gs=2 cs=0 l=1 c_cookie=3917940633496780781 s_cookie=0 reconnecting=0 rev1=1 crypto rx=0 tx=0 comp rx=0 tx=0).read_frame_segment seg_idx=1
2026-02-11T23:33:21.740+0000 7f52a8ffe640 20 -- 127.0.0.1:0/3181536868 >> v2:127.0.0.1:7180/0 conn(0xb330000 msgr2=0xb354000 crc :-1 s=STATE_CONNECTION_ESTABLISHED l=1).read start len=90
2026-02-11T23:33:21.740+0000 7f52a8ffe640 20 --2- 127.0.0.1:0/3181536868 >> v2:127.0.0.1:7180/0 conn(0xb330000 0xb354000 crc :-1 s=THROTTLE_DONE pgs=18 gs=2 cs=0 l=1 c_cookie=3917940633496780781 s_cookie=0 reconnecting=0 rev1=1 crypto rx=0 tx=0 comp rx=0 tx=0).handle_read_frame_segment r=0
2026-02-11T23:33:21.740+0000 7f52a8ffe640 20 -- 127.0.0.1:0/3181536868 >> v2:127.0.0.1:7180/0 conn(0xb330000 msgr2=0xb354000 crc :-1 s=STATE_CONNECTION_ESTABLISHED l=1).read start len=13
2026-02-11T23:33:21.740+0000 7f52a8ffe640 20 --2- 127.0.0.1:0/3181536868 >> v2:127.0.0.1:7180/0 conn(0xb330000 0xb354000 crc :-1 s=THROTTLE_DONE pgs=18 gs=2 cs=0 l=1 c_cookie=3917940633496780781 s_cookie=0 reconnecting=0 rev1=1 crypto rx=0 tx=0 comp rx=0 tx=0).handle_read_frame_epilogue_main r=0
2026-02-11T23:33:21.740+0000 7f52a8ffe640 10 --2- 127.0.0.1:0/3181536868 >> v2:127.0.0.1:7180/0 conn(0xb330000 0xb354000 crc :-1 s=THROTTLE_DONE pgs=18 gs=2 cs=0 l=1 c_cookie=3917940633496780781 s_cookie=0 reconnecting=0 rev1=1 crypto rx=0 tx=0 comp rx=0 tx=0).handle_read_frame_dispatch tag=17
2026-02-11T23:33:21.740+0000 7f52a8ffe640 20 --2- 127.0.0.1:0/3181536868 >> v2:127.0.0.1:7180/0 conn(0xb330000 0xb354000 crc :-1 s=THROTTLE_DONE pgs=18 gs=2 cs=0 l=1 c_cookie=3917940633496780781 s_cookie=0 reconnecting=0 rev1=1 crypto rx=0 tx=0 comp rx=0 tx=0).handle_message
2026-02-11T23:33:21.740+0000 7f52a8ffe640 5 --2- 127.0.0.1:0/3181536868 >> v2:127.0.0.1:7180/0 conn(0xb330000 0xb354000 crc :-1 s=THROTTLE_DONE pgs=18 gs=2 cs=0 l=1 c_cookie=3917940633496780781 s_cookie=0 reconnecting=0 rev1=1 crypto rx=0 tx=0 comp rx=0 tx=0).handle_message got 90 + 0 + 0 byte message. envelope type=54 src mon.0 off 0
2026-02-11T23:33:21.740+0000 7f52a8ffe640 5 --2- 127.0.0.1:0/3181536868 >> v2:127.0.0.1:7180/0 conn(0xb330000 0xb354000 crc :-1 s=READ_MESSAGE_COMPLETE pgs=18 gs=2 cs=0 l=1 c_cookie=3917940633496780781 s_cookie=0 reconnecting=0 rev1=1 crypto rx=0 tx=0 comp rx=0 tx=0).handle_message received message m=0xb444680 seq=50 from=mon.0 type=54 kv_data(v7 prefix config/, incremental, 1 keys)
2026-02-11T23:33:21.740+0000 7f52a8ffe640 20 -- 127.0.0.1:0/3181536868 queue 0xb444680 prio 196
2026-02-11T23:33:21.740+0000 7f52a8ffe640 20 --2- 127.0.0.1:0/3181536868 >> v2:127.0.0.1:7180/0 conn(0xb330000 0xb354000 crc :-1 s=READY pgs=18 gs=2 cs=0 l=1 c_cookie=3917940633496780781 s_cookie=0 reconnecting=0 rev1=1 crypto rx=0 tx=0 comp rx=0 tx=0).read_frame
2026-02-11T23:33:21.740+0000 7f52a8ffe640 20 -- 127.0.0.1:0/3181536868 >> v2:127.0.0.1:7180/0 conn(0xb330000 msgr2=0xb354000 crc :-1 s=STATE_CONNECTION_ESTABLISHED l=1).read start len=32
2026-02-11T23:33:21.740+0000 7f52a8ffe640 20 --2- 127.0.0.1:0/3181536868 >> v2:127.0.0.1:7180/0 conn(0xb330000 0xb354000 crc :-1 s=READY pgs=18 gs=2 cs=0 l=1 c_cookie=3917940633496780781 s_cookie=0 reconnecting=0 rev1=1 crypto rx=0 tx=0 comp rx=0 tx=0).handle_read_frame_preamble_main r=0
2026-02-11T23:33:21.740+0000 7f52a8ffe640 20 --2- 127.0.0.1:0/3181536868 >> v2:127.0.0.1:7180/0 conn(0xb330000 0xb354000 crc :-1 s=THROTTLE_MESSAGE pgs=18 gs=2 cs=0 l=1 c_cookie=3917940633496780781 s_cookie=0 reconnecting=0 rev1=1 crypto rx=0 tx=0 comp rx=0 tx=0).throttle_message
2026-02-11T23:33:21.740+0000 7f52a8ffe640 20 --2- 127.0.0.1:0/3181536868 >> v2:127.0.0.1:7180/0 conn(0xb330000 0xb354000 crc :-1 s=THROTTLE_BYTES pgs=18 gs=2 cs=0 l=1 c_cookie=3917940633496780781 s_cookie=0 reconnecting=0 rev1=1 crypto rx=0 tx=0 comp rx=0 tx=0).throttle_bytes
2026-02-11T23:33:21.740+0000 7f52a8ffe640 20 --2- 127.0.0.1:0/3181536868 >> v2:127.0.0.1:7180/0 conn(0xb330000 0xb354000 crc :-1 s=THROTTLE_DISPATCH_QUEUE pgs=18 gs=2 cs=0 l=1 c_cookie=3917940633496780781 s_cookie=0 reconnecting=0 rev1=1 crypto rx=0 tx=0 comp rx=0 tx=0).throttle_dispatch_queue
2026-02-11T23:33:21.740+0000 7f52a8ffe640 20 --2- 127.0.0.1:0/3181536868 >> v2:127.0.0.1:7180/0 conn(0xb330000 0xb354000 crc :-1 s=THROTTLE_DONE pgs=18 gs=2 cs=0 l=1 c_cookie=3917940633496780781 s_cookie=0 reconnecting=0 rev1=1 crypto rx=0 tx=0 comp rx=0 tx=0).read_frame_segment seg_idx=0
2026-02-11T23:33:21.740+0000 7f52a8ffe640 20 -- 127.0.0.1:0/3181536868 >> v2:127.0.0.1:7180/0 conn(0xb330000 msgr2=0xb354000 crc :-1 s=STATE_CONNECTION_ESTABLISHED l=1).read start len=45
2026-02-11T23:33:21.740+0000 7f52a8ffe640 20 --2- 127.0.0.1:0/3181536868 >> v2:127.0.0.1:7180/0 conn(0xb330000 0xb354000 crc :-1 s=THROTTLE_DONE pgs=18 gs=2 cs=0 l=1 c_cookie=3917940633496780781 s_cookie=0 reconnecting=0 rev1=1 crypto rx=0 tx=0 comp rx=0 tx=0).handle_read_frame_segment r=0
2026-02-11T23:33:21.740+0000 7f52a8ffe640 20 --2- 127.0.0.1:0/3181536868 >> v2:127.0.0.1:7180/0 conn(0xb330000 0xb354000 crc :-1 s=THROTTLE_DONE pgs=18 gs=2 cs=0 l=1 c_cookie=3917940633496780781 s_cookie=0 reconnecting=0 rev1=1 crypto rx=0 tx=0 comp rx=0 tx=0).read_frame_segment seg_idx=1
2026-02-11T23:33:21.740+0000 7f52a8ffe640 20 -- 127.0.0.1:0/3181536868 >> v2:127.0.0.1:7180/0 conn(0xb330000 msgr2=0xb354000 crc :-1 s=STATE_CONNECTION_ESTABLISHED l=1).read start len=24
2026-02-11T23:33:21.740+0000 7f52a8ffe640 20 --2- 127.0.0.1:0/3181536868 >> v2:127.0.0.1:7180/0 conn(0xb330000 0xb354000 crc :-1 s=THROTTLE_DONE pgs=18 gs=2 cs=0 l=1 c_cookie=3917940633496780781 s_cookie=0 reconnecting=0 rev1=1 crypto rx=0 tx=0 comp rx=0 tx=0).handle_read_frame_segment r=0
2026-02-11T23:33:21.740+0000 7f52a8ffe640 20 -- 127.0.0.1:0/3181536868 >> v2:127.0.0.1:7180/0 conn(0xb330000 msgr2=0xb354000 crc :-1 s=STATE_CONNECTION_ESTABLISHED l=1).read start len=13
2026-02-11T23:33:21.740+0000 7f52a8ffe640 20 --2- 127.0.0.1:0/3181536868 >> v2:127.0.0.1:7180/0 conn(0xb330000 0xb354000 crc :-1 s=THROTTLE_DONE pgs=18 gs=2 cs=0 l=1 c_cookie=3917940633496780781 s_cookie=0 reconnecting=0 rev1=1 crypto rx=0 tx=0 comp rx=0 tx=0).handle_read_frame_epilogue_main r=0
2026-02-11T23:33:21.740+0000 7f52a8ffe640 10 --2- 127.0.0.1:0/3181536868 >> v2:127.0.0.1:7180/0 conn(0xb330000 0xb354000 crc :-1 s=THROTTLE_DONE pgs=18 gs=2 cs=0 l=1 c_cookie=3917940633496780781 s_cookie=0 reconnecting=0 rev1=1 crypto rx=0 tx=0 comp rx=0 tx=0).handle_read_frame_dispatch tag=17
2026-02-11T23:33:21.740+0000 7f52a8ffe640 20 --2- 127.0.0.1:0/3181536868 >> v2:127.0.0.1:7180/0 conn(0xb330000 0xb354000 crc :-1 s=THROTTLE_DONE pgs=18 gs=2 cs=0 l=1 c_cookie=3917940633496780781 s_cookie=0 reconnecting=0 rev1=1 crypto rx=0 tx=0 comp rx=0 tx=0).handle_message
2026-02-11T23:33:21.740+0000 7f52a4ff6640 1 -- 127.0.0.1:0/3181536868 <== mon.0 v2:127.0.0.1:7180/0 50 ==== kv_data(v7 prefix config/, incremental, 1 keys) ==== 90+0+0 (crc 0 0 0) 0xb444680 con 0xb330000
2026-02-11T23:33:21.740+0000 7f52a8ffe640 5 --2- 127.0.0.1:0/3181536868 >> v2:127.0.0.1:7180/0 conn(0xb330000 0xb354000 crc :-1 s=THROTTLE_DONE pgs=18 gs=2 cs=0 l=1 c_cookie=3917940633496780781 s_cookie=0 reconnecting=0 rev1=1 crypto rx=0 tx=0 comp rx=0 tx=0).handle_message got 24 + 0 + 0 byte message. envelope type=54 src mon.0 off 0
2026-02-11T23:33:21.740+0000 7f52a8ffe640 5 --2- 127.0.0.1:0/3181536868 >> v2:127.0.0.1:7180/0 conn(0xb330000 0xb354000 crc :-1 s=READ_MESSAGE_COMPLETE pgs=18 gs=2 cs=0 l=1 c_cookie=3917940633496780781 s_cookie=0 reconnecting=0 rev1=1 crypto rx=0 tx=0 comp rx=0 tx=0).handle_message received message m=0xb444340 seq=51 from=mon.0 type=54 kv_data(v7 prefix device/, incremental, 0 keys)
2026-02-11T23:33:21.740+0000 7f52a4ff6640 10 mgr.4100.objecter ms_dispatch2 0x1a36000 kv_data(v7 prefix config/, incremental, 1 keys)
2026-02-11T23:33:21.740+0000 7f52a8ffe640 20 -- 127.0.0.1:0/3181536868 queue 0xb444340 prio 196
2026-02-11T23:33:21.740+0000 7f52a8ffe640 20 --2- 127.0.0.1:0/3181536868 >> v2:127.0.0.1:7180/0 conn(0xb330000 0xb354000 crc :-1 s=READY pgs=18 gs=2 cs=0 l=1 c_cookie=3917940633496780781 s_cookie=0 reconnecting=0 rev1=1 crypto rx=0 tx=0 comp rx=0 tx=0).read_frame
2026-02-11T23:33:21.740+0000 7f52a8ffe640 20 -- 127.0.0.1:0/3181536868 >> v2:127.0.0.1:7180/0 conn(0xb330000 msgr2=0xb354000 crc :-1 s=STATE_CONNECTION_ESTABLISHED l=1).read start len=32
2026-02-11T23:33:21.740+0000 7f52a8ffe640 20 --2- 127.0.0.1:0/3181536868 >> v2:127.0.0.1:7180/0 conn(0xb330000 0xb354000 crc :-1 s=READY pgs=18 gs=2 cs=0 l=1 c_cookie=3917940633496780781 s_cookie=0 reconnecting=0 rev1=1 crypto rx=0 tx=0 comp rx=0 tx=0).handle_read_frame_preamble_main r=0
2026-02-11T23:33:21.740+0000 7f52a8ffe640 20 --2- 127.0.0.1:0/3181536868 >> v2:127.0.0.1:7180/0 conn(0xb330000 0xb354000 crc :-1 s=THROTTLE_MESSAGE pgs=18 gs=2 cs=0 l=1 c_cookie=3917940633496780781 s_cookie=0 reconnecting=0 rev1=1 crypto rx=0 tx=0 comp rx=0 tx=0).throttle_message
2026-02-11T23:33:21.740+0000 7f52a4ff6640 10 mgr ms_dispatch2 active kv_data(v7 prefix config/, incremental, 1 keys)
2026-02-11T23:33:21.740+0000 7f52a8ffe640 20 --2- 127.0.0.1:0/3181536868 >> v2:127.0.0.1:7180/0 conn(0xb330000 0xb354000 crc :-1 s=THROTTLE_BYTES pgs=18 gs=2 cs=0 l=1 c_cookie=3917940633496780781 s_cookie=0 reconnecting=0 rev1=1 crypto rx=0 tx=0 comp rx=0 tx=0).throttle_bytes
2026-02-11T23:33:21.740+0000 7f52a4ff6640 10 mgr ms_dispatch2 kv_data(v7 prefix config/, incremental, 1 keys)
2026-02-11T23:33:21.740+0000 7f52a8ffe640 20 --2- 127.0.0.1:0/3181536868 >> v2:127.0.0.1:7180/0 conn(0xb330000 0xb354000 crc :-1 s=THROTTLE_DISPATCH_QUEUE pgs=18 gs=2 cs=0 l=1 c_cookie=3917940633496780781 s_cookie=0 reconnecting=0 rev1=1 crypto rx=0 tx=0 comp rx=0 tx=0).throttle_dispatch_queue
2026-02-11T23:33:21.740+0000 7f52a8ffe640 20 --2- 127.0.0.1:0/3181536868 >> v2:127.0.0.1:7180/0 conn(0xb330000 0xb354000 crc :-1 s=THROTTLE_DONE pgs=18 gs=2 cs=0 l=1 c_cookie=3917940633496780781 s_cookie=0 reconnecting=0 rev1=1 crypto rx=0 tx=0 comp rx=0 tx=0).read_frame_segment seg_idx=0
2026-02-11T23:33:21.740+0000 7f52a8ffe640 20 -- 127.0.0.1:0/3181536868 >> v2:127.0.0.1:7180/0 conn(0xb330000 msgr2=0xb354000 crc :-1 s=STATE_CONNECTION_ESTABLISHED l=1).read start len=45
2026-02-11T23:33:21.740+0000 7f52a8ffe640 20 --2- 127.0.0.1:0/3181536868 >> v2:127.0.0.1:7180/0 conn(0xb330000 0xb354000 crc :-1 s=THROTTLE_DONE pgs=18 gs=2 cs=0 l=1 c_cookie=3917940633496780781 s_cookie=0 reconnecting=0 rev1=1 crypto rx=0 tx=0 comp rx=0 tx=0).handle_read_frame_segment r=0
2026-02-11T23:33:21.740+0000 7f52a4ff6640 10 mgr update_kv_data incremental update on config/
2026-02-11T23:33:21.740+0000 7f52a8ffe640 20 --2- 127.0.0.1:0/3181536868 >> v2:127.0.0.1:7180/0 conn(0xb330000 0xb354000 crc :-1 s=THROTTLE_DONE pgs=18 gs=2 cs=0 l=1 c_cookie=3917940633496780781 s_cookie=0 reconnecting=0 rev1=1 crypto rx=0 tx=0 comp rx=0 tx=0).read_frame_segment seg_idx=1
2026-02-11T23:33:21.740+0000 7f52a4ff6640 20 mgr update_kv_data set config/osd.1/osd_mclock_max_capacity_iops_ssd = 65674.475661
2026-02-11T23:33:21.740+0000 7f52a8ffe640 20 -- 127.0.0.1:0/3181536868 >> v2:127.0.0.1:7180/0 conn(0xb330000 msgr2=0xb354000 crc :-1 s=STATE_CONNECTION_ESTABLISHED l=1).read start len=21
2026-02-11T23:33:21.740+0000 7f52a8ffe640 20 --2- 127.0.0.1:0/3181536868 >> v2:127.0.0.1:7180/0 conn(0xb330000 0xb354000 crc :-1 s=THROTTLE_DONE pgs=18 gs=2 cs=0 l=1 c_cookie=3917940633496780781 s_cookie=0 reconnecting=0 rev1=1 crypto rx=0 tx=0 comp rx=0 tx=0).handle_read_frame_segment r=0
2026-02-11T23:33:21.740+0000 7f52a4ff6640 10 mgr _refresh_config_map
2026-02-11T23:33:21.740+0000 7f52a8ffe640 20 -- 127.0.0.1:0/3181536868 >> v2:127.0.0.1:7180/0 conn(0xb330000 msgr2=0xb354000 crc :-1 s=STATE_CONNECTION_ESTABLISHED l=1).read start len=13
2026-02-11T23:33:21.740+0000 7f52a8ffe640 20 --2- 127.0.0.1:0/3181536868 >> v2:127.0.0.1:7180/0 conn(0xb330000 0xb354000 crc :-1 s=THROTTLE_DONE pgs=18 gs=2 cs=0 l=1 c_cookie=3917940633496780781 s_cookie=0 reconnecting=0 rev1=1 crypto rx=0 tx=0 comp rx=0 tx=0).handle_read_frame_epilogue_main r=0
2026-02-11T23:33:21.740+0000 7f52a8ffe640 10 --2- 127.0.0.1:0/3181536868 >> v2:127.0.0.1:7180/0 conn(0xb330000 0xb354000 crc :-1 s=THROTTLE_DONE pgs=18 gs=2 cs=0 l=1 c_cookie=3917940633496780781 s_cookie=0 reconnecting=0 rev1=1 crypto rx=0 tx=0 comp rx=0 tx=0).handle_read_frame_dispatch tag=17
2026-02-11T23:33:21.740+0000 7f52a8ffe640 20 --2- 127.0.0.1:0/3181536868 >> v2:127.0.0.1:7180/0 conn(0xb330000 0xb354000 crc :-1 s=THROTTLE_DONE pgs=18 gs=2 cs=0 l=1 c_cookie=3917940633496780781 s_cookie=0 reconnecting=0 rev1=1 crypto rx=0 tx=0 comp rx=0 tx=0).handle_message
2026-02-11T23:33:21.740+0000 7f52a8ffe640 5 --2- 127.0.0.1:0/3181536868 >> v2:127.0.0.1:7180/0 conn(0xb330000 0xb354000 crc :-1 s=THROTTLE_DONE pgs=18 gs=2 cs=0 l=1 c_cookie=3917940633496780781 s_cookie=0 reconnecting=0 rev1=1 crypto rx=0 tx=0 comp rx=0 tx=0).handle_message got 21 + 0 + 0 byte message. envelope type=54 src mon.0 off 0
2026-02-11T23:33:21.740+0000 7f52a8ffe640 5 --2- 127.0.0.1:0/3181536868 >> v2:127.0.0.1:7180/0 conn(0xb330000 0xb354000 crc :-1 s=READ_MESSAGE_COMPLETE pgs=18 gs=2 cs=0 l=1 c_cookie=3917940633496780781 s_cookie=0 reconnecting=0 rev1=1 crypto rx=0 tx=0 comp rx=0 tx=0).handle_message received message m=0xb4444e0 seq=52 from=mon.0 type=54 kv_data(v7 prefix mgr/, incremental, 0 keys)
2026-02-11T23:33:21.740+0000 7f52a8ffe640 20 -- 127.0.0.1:0/3181536868 queue 0xb4444e0 prio 196
2026-02-11T23:33:21.740+0000 7f52a8ffe640 20 --2- 127.0.0.1:0/3181536868 >> v2:127.0.0.1:7180/0 conn(0xb330000 0xb354000 crc :-1 s=READY pgs=18 gs=2 cs=0 l=1 c_cookie=3917940633496780781 s_cookie=0 reconnecting=0 rev1=1 crypto rx=0 tx=0 comp rx=0 tx=0).read_frame
2026-02-11T23:33:21.740+0000 7f52a8ffe640 20 -- 127.0.0.1:0/3181536868 >> v2:127.0.0.1:7180/0 conn(0xb330000 msgr2=0xb354000 crc :-1 s=STATE_CONNECTION_ESTABLISHED l=1).read start len=32
2026-02-11T23:33:21.740+0000 7f52a4ff6640 10 -- 127.0.0.1:0/3181536868 dispatch_throttle_release 90 to dispatch throttler 135/104857600
2026-02-11T23:33:21.740+0000 7f52a4ff6640 20 -- 127.0.0.1:0/3181536868 done calling dispatch on 0xb444680
2026-02-11T23:33:21.740+0000 7f52a4ff6640 1 -- 127.0.0.1:0/3181536868 <== mon.0 v2:127.0.0.1:7180/0 51 ==== kv_data(v7 prefix device/, incremental, 0 keys) ==== 24+0+0 (crc 0 0 0) 0xb444340 con 0xb330000
2026-02-11T23:33:21.740+0000 7f52a4ff6640 10 mgr.4100.objecter ms_dispatch2 0x1a36000 kv_data(v7 prefix device/, incremental, 0 keys)
2026-02-11T23:33:21.740+0000 7f52a4ff6640 10 mgr ms_dispatch2 active kv_data(v7 prefix device/, incremental, 0 keys)
2026-02-11T23:33:21.740+0000 7f52a4ff6640 10 mgr ms_dispatch2 kv_data(v7 prefix device/, incremental, 0 keys)
2026-02-11T23:33:21.740+0000 7f52a4ff6640 10 -- 127.0.0.1:0/3181536868 dispatch_throttle_release 24 to dispatch throttler 45/104857600
2026-02-11T23:33:21.740+0000 7f52a4ff6640 20 -- 127.0.0.1:0/3181536868 done calling dispatch on 0xb444340
2026-02-11T23:33:21.740+0000 7f52a4ff6640 1 -- 127.0.0.1:0/3181536868 <== mon.0 v2:127.0.0.1:7180/0 52 ==== kv_data(v7 prefix mgr/, incremental, 0 keys) ==== 21+0+0 (crc 0 0 0) 0xb4444e0 con 0xb330000
2026-02-11T23:33:21.740+0000 7f52a4ff6640 10 mgr.4100.objecter ms_dispatch2 0x1a36000 kv_data(v7 prefix mgr/, incremental, 0 keys)
2026-02-11T23:33:21.740+0000 7f52a4ff6640 10 mgr ms_dispatch2 active kv_data(v7 prefix mgr/, incremental, 0 keys)
2026-02-11T23:33:21.740+0000 7f52a4ff6640 10 mgr ms_dispatch2 kv_data(v7 prefix mgr/, incremental, 0 keys)
2026-02-11T23:33:21.740+0000 7f52a4ff6640 10 -- 127.0.0.1:0/3181536868 dispatch_throttle_release 21 to dispatch throttler 21/104857600
2026-02-11T23:33:21.740+0000 7f52a4ff6640 20 -- 127.0.0.1:0/3181536868 done calling dispatch on 0xb4444e0
2026-02-11T23:33:21.839+0000 7f52a8ffe640 20 -- 127.0.0.1:0/3181536868 >> v2:127.0.0.1:7180/0 conn(0xb330000 msgr2=0xb354000 crc :-1 s=STATE_CONNECTION_ESTABLISHED l=1).process
2026-02-11T23:33:21.839+0000 7f52a8ffe640 20 -- 127.0.0.1:0/3181536868 >> v2:127.0.0.1:7180/0 conn(0xb330000 msgr2=0xb354000 crc :-1 s=STATE_CONNECTION_ESTABLISHED l=1).read continue len=32
2026-02-11T23:33:21.839+0000 7f52a8ffe640 20 --2- 127.0.0.1:0/3181536868 >> v2:127.0.0.1:7180/0 conn(0xb330000 0xb354000 crc :-1 s=READY pgs=18 gs=2 cs=0 l=1 c_cookie=3917940633496780781 s_cookie=0 reconnecting=0 rev1=1 crypto rx=0 tx=0 comp rx=0 tx=0).handle_read_frame_preamble_main r=0
2026-02-11T23:33:21.839+0000 7f52a8ffe640 20 --2- 127.0.0.1:0/3181536868 >> v2:127.0.0.1:7180/0 conn(0xb330000 0xb354000 crc :-1 s=THROTTLE_MESSAGE pgs=18 gs=2 cs=0 l=1 c_cookie=3917940633496780781 s_cookie=0 reconnecting=0 rev1=1 crypto rx=0 tx=0 comp rx=0 tx=0).throttle_message
2026-02-11T23:33:21.839+0000 7f52a8ffe640 20 --2- 127.0.0.1:0/3181536868 >> v2:127.0.0.1:7180/0 conn(0xb330000 0xb354000 crc :-1 s=THROTTLE_BYTES pgs=18 gs=2 cs=0 l=1 c_cookie=3917940633496780781 s_cookie=0 reconnecting=0 rev1=1 crypto rx=0 tx=0 comp rx=0 tx=0).throttle_bytes
2026-02-11T23:33:21.839+0000 7f52a8ffe640 20 --2- 127.0.0.1:0/3181536868 >> v2:127.0.0.1:7180/0 conn(0xb330000 0xb354000 crc :-1 s=THROTTLE_DISPATCH_QUEUE pgs=18 gs=2 cs=0 l=1 c_cookie=3917940633496780781 s_cookie=0 reconnecting=0 rev1=1 crypto rx=0 tx=0 comp rx=0 tx=0).throttle_dispatch_queue
2026-02-11T23:33:21.839+0000 7f52a8ffe640 20 --2- 127.0.0.1:0/3181536868 >> v2:127.0.0.1:7180/0 conn(0xb330000 0xb354000 crc :-1 s=THROTTLE_DONE pgs=18 gs=2 cs=0 l=1 c_cookie=3917940633496780781 s_cookie=0 reconnecting=0 rev1=1 crypto rx=0 tx=0 comp rx=0 tx=0).read_frame_segment seg_idx=0
2026-02-11T23:33:21.839+0000 7f52a8ffe640 20 -- 127.0.0.1:0/3181536868 >> v2:127.0.0.1:7180/0 conn(0xb330000 msgr2=0xb354000 crc :-1 s=STATE_CONNECTION_ESTABLISHED l=1).read start len=45
2026-02-11T23:33:21.839+0000 7f52a8ffe640 20 --2- 127.0.0.1:0/3181536868 >> v2:127.0.0.1:7180/0 conn(0xb330000 0xb354000 crc :-1 s=THROTTLE_DONE pgs=18 gs=2 cs=0 l=1 c_cookie=3917940633496780781 s_cookie=0 reconnecting=0 rev1=1 crypto rx=0 tx=0 comp rx=0 tx=0).handle_read_frame_segment r=0
2026-02-11T23:33:21.839+0000 7f52a8ffe640 20 --2- 127.0.0.1:0/3181536868 >> v2:127.0.0.1:7180/0 conn(0xb330000 0xb354000 crc :-1 s=THROTTLE_DONE pgs=18 gs=2 cs=0 l=1 c_cookie=3917940633496780781 s_cookie=0 reconnecting=0 rev1=1 crypto rx=0 tx=0 comp rx=0 tx=0).read_frame_segment seg_idx=1
2026-02-11T23:33:21.839+0000 7f52a8ffe640 20 -- 127.0.0.1:0/3181536868 >> v2:127.0.0.1:7180/0 conn(0xb330000 msgr2=0xb354000 crc :-1 s=STATE_CONNECTION_ESTABLISHED l=1).read start len=662
2026-02-11T23:33:21.839+0000 7f52a8ffe640 20 --2- 127.0.0.1:0/3181536868 >> v2:127.0.0.1:7180/0 conn(0xb330000 0xb354000 crc :-1 s=THROTTLE_DONE pgs=18 gs=2 cs=0 l=1 c_cookie=3917940633496780781 s_cookie=0 reconnecting=0 rev1=1 crypto rx=0 tx=0 comp rx=0 tx=0).handle_read_frame_segment r=0
2026-02-11T23:33:21.839+0000 7f52a8ffe640 20 -- 127.0.0.1:0/3181536868 >> v2:127.0.0.1:7180/0 conn(0xb330000 msgr2=0xb354000 crc :-1 s=STATE_CONNECTION_ESTABLISHED l=1).read start len=13
2026-02-11T23:33:21.839+0000 7f52a8ffe640 20 --2- 127.0.0.1:0/3181536868 >> v2:127.0.0.1:7180/0 conn(0xb330000 0xb354000 crc :-1 s=THROTTLE_DONE pgs=18 gs=2 cs=0 l=1 c_cookie=3917940633496780781 s_cookie=0 reconnecting=0 rev1=1 crypto rx=0 tx=0 comp rx=0 tx=0).handle_read_frame_epilogue_main r=0
2026-02-11T23:33:21.839+0000 7f52a8ffe640 10 --2- 127.0.0.1:0/3181536868 >> v2:127.0.0.1:7180/0 conn(0xb330000 0xb354000 crc :-1 s=THROTTLE_DONE pgs=18 gs=2 cs=0 l=1 c_cookie=3917940633496780781 s_cookie=0 reconnecting=0 rev1=1 crypto rx=0 tx=0 comp rx=0 tx=0).handle_read_frame_dispatch tag=17
2026-02-11T23:33:21.839+0000 7f52a8ffe640 20 --2- 127.0.0.1:0/3181536868 >> v2:127.0.0.1:7180/0 conn(0xb330000 0xb354000 crc :-1 s=THROTTLE_DONE pgs=18 gs=2 cs=0 l=1 c_cookie=3917940633496780781 s_cookie=0 reconnecting=0 rev1=1 crypto rx=0 tx=0 comp rx=0 tx=0).handle_message
2026-02-11T23:33:21.839+0000 7f52a8ffe640 5 --2- 127.0.0.1:0/3181536868 >> v2:127.0.0.1:7180/0 conn(0xb330000 0xb354000 crc :-1 s=THROTTLE_DONE pgs=18 gs=2 cs=0 l=1 c_cookie=3917940633496780781 s_cookie=0 reconnecting=0 rev1=1 crypto rx=0 tx=0 comp rx=0 tx=0).handle_message got 662 + 0 + 0 byte message. envelope type=41 src mon.0 off 0
2026-02-11T23:33:21.839+0000 7f52a8ffe640 5 --2- 127.0.0.1:0/3181536868 >> v2:127.0.0.1:7180/0 conn(0xb330000 0xb354000 crc :-1 s=READ_MESSAGE_COMPLETE pgs=18 gs=2 cs=0 l=1 c_cookie=3917940633496780781 s_cookie=0 reconnecting=0 rev1=1 crypto rx=0 tx=0 comp rx=0 tx=0).handle_message received message m=0x19f8a80 seq=53 from=mon.0 type=41 osd_map(9..9 src has 1..9)
2026-02-11T23:33:21.839+0000 7f52a8ffe640 20 -- 127.0.0.1:0/3181536868 queue 0x19f8a80 prio 196
2026-02-11T23:33:21.839+0000 7f52a8ffe640 20 --2- 127.0.0.1:0/3181536868 >> v2:127.0.0.1:7180/0 conn(0xb330000 0xb354000 crc :-1 s=READY pgs=18 gs=2 cs=0 l=1 c_cookie=3917940633496780781 s_cookie=0 reconnecting=0 rev1=1 crypto rx=0 tx=0 comp rx=0 tx=0).read_frame
2026-02-11T23:33:21.839+0000 7f52a8ffe640 20 -- 127.0.0.1:0/3181536868 >> v2:127.0.0.1:7180/0 conn(0xb330000 msgr2=0xb354000 crc :-1 s=STATE_CONNECTION_ESTABLISHED l=1).read start len=32
2026-02-11T23:33:21.839+0000 7f52a4ff6640 1 -- 127.0.0.1:0/3181536868 <== mon.0 v2:127.0.0.1:7180/0 53 ==== osd_map(9..9 src has 1..9) ==== 662+0+0 (crc 0 0 0) 0x19f8a80 con 0xb330000
2026-02-11T23:33:21.839+0000 7f52a4ff6640 10 mgr.4100.objecter ms_dispatch2 0x1a36000 osd_map(9..9 src has 1..9)
2026-02-11T23:33:21.839+0000 7f52a4ff6640 3 mgr.4100.objecter handle_osd_map got epochs [9,9] > 8
2026-02-11T23:33:21.839+0000 7f52a4ff6640 3 mgr.4100.objecter handle_osd_map decoding incremental epoch 9
2026-02-11T23:33:21.839+0000 7f52a4ff6640 20 mgr.4100.objecter dump_active .. 0 homeless
2026-02-11T23:33:21.839+0000 7f52a4ff6640 10 mgr ms_dispatch2 active osd_map(9..9 src has 1..9)
2026-02-11T23:33:21.839+0000 7f52a4ff6640 10 mgr ms_dispatch2 osd_map(9..9 src has 1..9)
2026-02-11T23:33:21.839+0000 7f52a4ff6640 1 -- 127.0.0.1:0/3181536868 --> v2:127.0.0.1:7180/0 -- mon_command({"prefix": "osd metadata", "id": 1} v 0) -- 0xb3af200 con 0xb330000
2026-02-11T23:33:21.839+0000 7f52a4ff6640 5 --2- 127.0.0.1:0/3181536868 >> v2:127.0.0.1:7180/0 conn(0xb330000 0xb354000 crc :-1 s=READY pgs=18 gs=2 cs=0 l=1 c_cookie=3917940633496780781 s_cookie=0 reconnecting=0 rev1=1 crypto rx=0 tx=0 comp rx=0 tx=0).send_message enqueueing message m=0xb3af200 type=50 mon_command({"prefix": "osd metadata", "id": 1} v 0)
2026-02-11T23:33:21.839+0000 7f52a4ff6640 15 --2- 127.0.0.1:0/3181536868 >> v2:127.0.0.1:7180/0 conn(0xb330000 0xb354000 crc :-1 s=READY pgs=18 gs=2 cs=0 l=1 c_cookie=3917940633496780781 s_cookie=0 reconnecting=0 rev1=1 crypto rx=0 tx=0 comp rx=0 tx=0).send_message message queued for async transmission m=0xb3af200
2026-02-11T23:33:21.839+0000 7f52a4ff6640 20 Event(0x18c8748 nevent=5000 time_id=15).wakeup
2026-02-11T23:33:21.839+0000 7f52a4ff6640 10 mgr notify_osdmap v7
2026-02-11T23:33:21.839+0000 7f52a8ffe640 10 -- 127.0.0.1:0/3181536868 >> v2:127.0.0.1:7180/0 conn(0xb330000 msgr2=0xb354000 crc :-1 s=STATE_CONNECTION_ESTABLISHED l=1).handle_write
2026-02-11T23:33:21.839+0000 7f52a8ffe640 10 --2- 127.0.0.1:0/3181536868 >> v2:127.0.0.1:7180/0 conn(0xb330000 0xb354000 crc :-1 s=READY pgs=18 gs=2 cs=0 l=1 c_cookie=3917940633496780781 s_cookie=0 reconnecting=0 rev1=1 crypto rx=0 tx=0 comp rx=0 tx=0).write_event
2026-02-11T23:33:21.839+0000 7f52a4ff6640 10 mgr notify_all notify_all: notify_all osd_map
2026-02-11T23:33:21.839+0000 7f52a8ffe640 20 --2- 127.0.0.1:0/3181536868 >> v2:127.0.0.1:7180/0 conn(0xb330000 0xb354000 crc :-1 s=READY pgs=18 gs=2 cs=0 l=1 c_cookie=3917940633496780781 s_cookie=0 reconnecting=0 rev1=1 crypto rx=0 tx=0 comp rx=0 tx=0).prepare_send_message m=mon_command({"prefix": "osd metadata", "id": 1} v 0)
2026-02-11T23:33:21.839+0000 7f52a4ff6640 10 mgr.4100.objecter _maybe_request_map subscribing (onetime) to next osd map
2026-02-11T23:33:21.839+0000 7f52a8ffe640 20 --2- 127.0.0.1:0/3181536868 >> v2:127.0.0.1:7180/0 conn(0xb330000 0xb354000 crc :-1 s=READY pgs=18 gs=2 cs=0 l=1 c_cookie=3917940633496780781 s_cookie=0 reconnecting=0 rev1=1 crypto rx=0 tx=0 comp rx=0 tx=0).prepare_send_message encoding features 4544132024016699391 0xb3af200 mon_command({"prefix": "osd metadata", "id": 1} v 0)
2026-02-11T23:33:21.839+0000 7f52a4ff6640 1 -- 127.0.0.1:0/3181536868 --> v2:127.0.0.1:7180/0 -- mon_subscribe({osdmap=10}) -- 0xb4444e0 con 0xb330000
2026-02-11T23:33:21.839+0000 7f52a8ffe640 2 --2- 127.0.0.1:0/3181536868 >> v2:127.0.0.1:7180/0 conn(0xb330000 0xb354000 crc :-1 s=READY pgs=18 gs=2 cs=0 l=1 c_cookie=3917940633496780781 s_cookie=0 reconnecting=0 rev1=1 crypto rx=0 tx=0 comp rx=0 tx=0).write_message sending message m=0xb3af200 seq=25 mon_command({"prefix": "osd metadata", "id": 1} v 0)
2026-02-11T23:33:21.839+0000 7f52a4ff6640 5 --2- 127.0.0.1:0/3181536868 >> v2:127.0.0.1:7180/0 conn(0xb330000 0xb354000 crc :-1 s=READY pgs=18 gs=2 cs=0 l=1 c_cookie=3917940633496780781 s_cookie=0 reconnecting=0 rev1=1 crypto rx=0 tx=0 comp rx=0 tx=0).send_message enqueueing message m=0xb4444e0 type=15 mon_subscribe({osdmap=10})
2026-02-11T23:33:21.839+0000 7f52a8ffe640 20 --2- 127.0.0.1:0/3181536868 >> v2:127.0.0.1:7180/0 conn(0xb330000 0xb354000 crc :-1 s=READY pgs=18 gs=2 cs=0 l=1 c_cookie=3917940633496780781 s_cookie=0 reconnecting=0 rev1=1 crypto rx=0 tx=0 comp rx=0 tx=0).write_message sending m=0xb3af200 seq=25 src=mgr.4100 off=0
2026-02-11T23:33:21.839+0000 7f52a4ff6640 15 --2- 127.0.0.1:0/3181536868 >> v2:127.0.0.1:7180/0 conn(0xb330000 0xb354000 crc :-1 s=READY pgs=18 gs=2 cs=0 l=1 c_cookie=3917940633496780781 s_cookie=0 reconnecting=0 rev1=1 crypto rx=0 tx=0 comp rx=0 tx=0).send_message message queued for async transmission m=0xb4444e0
2026-02-11T23:33:21.839+0000 7f52a4ff6640 10 -- 127.0.0.1:0/3181536868 dispatch_throttle_release 662 to dispatch throttler 662/104857600
2026-02-11T23:33:21.839+0000 7f52a4ff6640 20 -- 127.0.0.1:0/3181536868 done calling dispatch on 0x19f8a80
2026-02-11T23:33:21.839+0000 7f52a8ffe640 10 -- 127.0.0.1:0/3181536868 >> v2:127.0.0.1:7180/0 conn(0xb330000 msgr2=0xb354000 crc :-1 s=STATE_CONNECTION_ESTABLISHED l=1)._try_send sent bytes 167 remaining bytes 0
2026-02-11T23:33:21.839+0000 7f52a8ffe640 10 --2- 127.0.0.1:0/3181536868 >> v2:127.0.0.1:7180/0 conn(0xb330000 0xb354000 crc :-1 s=READY pgs=18 gs=2 cs=0 l=1 c_cookie=3917940633496780781 s_cookie=0 reconnecting=0 rev1=1 crypto rx=0 tx=0 comp rx=0 tx=0).write_message sending 0xb3af200 done.
2026-02-11T23:33:21.839+0000 7f52a8ffe640 20 --2- 127.0.0.1:0/3181536868 >> v2:127.0.0.1:7180/0 conn(0xb330000 0xb354000 crc :-1 s=READY pgs=18 gs=2 cs=0 l=1 c_cookie=3917940633496780781 s_cookie=0 reconnecting=0 rev1=1 crypto rx=0 tx=0 comp rx=0 tx=0).prepare_send_message m=mon_subscribe({osdmap=10})
2026-02-11T23:33:21.839+0000 7f52a8ffe640 20 --2- 127.0.0.1:0/3181536868 >> v2:127.0.0.1:7180/0 conn(0xb330000 0xb354000 crc :-1 s=READY pgs=18 gs=2 cs=0 l=1 c_cookie=3917940633496780781 s_cookie=0 reconnecting=0 rev1=1 crypto rx=0 tx=0 comp rx=0 tx=0).prepare_send_message encoding features 4544132024016699391 0xb4444e0 mon_subscribe({osdmap=10})
2026-02-11T23:33:21.839+0000 7f52a8ffe640 2 --2- 127.0.0.1:0/3181536868 >> v2:127.0.0.1:7180/0 conn(0xb330000 0xb354000 crc :-1 s=READY pgs=18 gs=2 cs=0 l=1 c_cookie=3917940633496780781 s_cookie=0 reconnecting=0 rev1=1 crypto rx=0 tx=0 comp rx=0 tx=0).write_message sending message m=0xb4444e0 seq=26 mon_subscribe({osdmap=10})
2026-02-11T23:33:21.839+0000 7f52a8ffe640 20 --2- 127.0.0.1:0/3181536868 >> v2:127.0.0.1:7180/0 conn(0xb330000 0xb354000 crc :-1 s=READY pgs=18 gs=2 cs=0 l=1 c_cookie=3917940633496780781 s_cookie=0 reconnecting=0 rev1=1 crypto rx=0 tx=0 comp rx=0 tx=0).write_message sending m=0xb4444e0 seq=26 src=mgr.4100 off=0
2026-02-11T23:33:21.839+0000 7f52a8ffe640 10 -- 127.0.0.1:0/3181536868 >> v2:127.0.0.1:7180/0 conn(0xb330000 msgr2=0xb354000 crc :-1 s=STATE_CONNECTION_ESTABLISHED l=1)._try_send sent bytes 125 remaining bytes 0
2026-02-11T23:33:21.839+0000 7f52a8ffe640 10 --2- 127.0.0.1:0/3181536868 >> v2:127.0.0.1:7180/0 conn(0xb330000 0xb354000 crc :-1 s=READY pgs=18 gs=2 cs=0 l=1 c_cookie=3917940633496780781 s_cookie=0 reconnecting=0 rev1=1 crypto rx=0 tx=0 comp rx=0 tx=0).write_message sending 0xb4444e0 done.
2026-02-11T23:33:21.840+0000 7f52a8ffe640 20 -- 127.0.0.1:0/3181536868 >> v2:127.0.0.1:7180/0 conn(0xb330000 msgr2=0xb354000 crc :-1 s=STATE_CONNECTION_ESTABLISHED l=1).process
2026-02-11T23:33:21.840+0000 7f52a8ffe640 20 -- 127.0.0.1:0/3181536868 >> v2:127.0.0.1:7180/0 conn(0xb330000 msgr2=0xb354000 crc :-1 s=STATE_CONNECTION_ESTABLISHED l=1).read continue len=32
2026-02-11T23:33:21.840+0000 7f52a8ffe640 20 --2- 127.0.0.1:0/3181536868 >> v2:127.0.0.1:7180/0 conn(0xb330000 0xb354000 crc :-1 s=READY pgs=18 gs=2 cs=0 l=1 c_cookie=3917940633496780781 s_cookie=0 reconnecting=0 rev1=1 crypto rx=0 tx=0 comp rx=0 tx=0).handle_read_frame_preamble_main r=0
2026-02-11T23:33:21.840+0000 7f52a8ffe640 20 --2- 127.0.0.1:0/3181536868 >> v2:127.0.0.1:7180/0 conn(0xb330000 0xb354000 crc :-1 s=THROTTLE_MESSAGE pgs=18 gs=2 cs=0 l=1 c_cookie=3917940633496780781 s_cookie=0 reconnecting=0 rev1=1 crypto rx=0 tx=0 comp rx=0 tx=0).throttle_message
2026-02-11T23:33:21.840+0000 7f52a8ffe640 20 --2- 127.0.0.1:0/3181536868 >> v2:127.0.0.1:7180/0 conn(0xb330000 0xb354000 crc :-1 s=THROTTLE_BYTES pgs=18 gs=2 cs=0 l=1 c_cookie=3917940633496780781 s_cookie=0 reconnecting=0 rev1=1 crypto rx=0 tx=0 comp rx=0 tx=0).throttle_bytes
2026-02-11T23:33:21.840+0000 7f52a8ffe640 20 --2- 127.0.0.1:0/3181536868 >> v2:127.0.0.1:7180/0 conn(0xb330000 0xb354000 crc :-1 s=THROTTLE_DISPATCH_QUEUE pgs=18 gs=2 cs=0 l=1 c_cookie=3917940633496780781 s_cookie=0 reconnecting=0 rev1=1 crypto rx=0 tx=0 comp rx=0 tx=0).throttle_dispatch_queue
2026-02-11T23:33:21.840+0000 7f52a8ffe640 20 --2- 127.0.0.1:0/3181536868 >> v2:127.0.0.1:7180/0 conn(0xb330000 0xb354000 crc :-1 s=THROTTLE_DONE pgs=18 gs=2 cs=0 l=1 c_cookie=3917940633496780781 s_cookie=0 reconnecting=0 rev1=1 crypto rx=0 tx=0 comp rx=0 tx=0).read_frame_segment seg_idx=0
2026-02-11T23:33:21.840+0000 7f52a8ffe640 20 -- 127.0.0.1:0/3181536868 >> v2:127.0.0.1:7180/0 conn(0xb330000 msgr2=0xb354000 crc :-1 s=STATE_CONNECTION_ESTABLISHED l=1).read start len=45
2026-02-11T23:33:21.840+0000 7f52a8ffe640 20 --2- 127.0.0.1:0/3181536868 >> v2:127.0.0.1:7180/0 conn(0xb330000 0xb354000 crc :-1 s=THROTTLE_DONE pgs=18 gs=2 cs=0 l=1 c_cookie=3917940633496780781 s_cookie=0 reconnecting=0 rev1=1 crypto rx=0 tx=0 comp rx=0 tx=0).handle_read_frame_segment r=0
2026-02-11T23:33:21.840+0000 7f52a8ffe640 20 --2- 127.0.0.1:0/3181536868 >> v2:127.0.0.1:7180/0 conn(0xb330000 0xb354000 crc :-1 s=THROTTLE_DONE pgs=18 gs=2 cs=0 l=1 c_cookie=3917940633496780781 s_cookie=0 reconnecting=0 rev1=1 crypto rx=0 tx=0 comp rx=0 tx=0).read_frame_segment seg_idx=1
2026-02-11T23:33:21.840+0000 7f52a8ffe640 20 -- 127.0.0.1:0/3181536868 >> v2:127.0.0.1:7180/0 conn(0xb330000 msgr2=0xb354000 crc :-1 s=STATE_CONNECTION_ESTABLISHED l=1).read start len=69
2026-02-11T23:33:21.840+0000 7f52a8ffe640 20 --2- 127.0.0.1:0/3181536868 >> v2:127.0.0.1:7180/0 conn(0xb330000 0xb354000 crc :-1 s=THROTTLE_DONE pgs=18 gs=2 cs=0 l=1 c_cookie=3917940633496780781 s_cookie=0 reconnecting=0 rev1=1 crypto rx=0 tx=0 comp rx=0 tx=0).handle_read_frame_segment r=0
2026-02-11T23:33:21.840+0000 7f52a8ffe640 20 --2- 127.0.0.1:0/3181536868 >> v2:127.0.0.1:7180/0 conn(0xb330000 0xb354000 crc :-1 s=THROTTLE_DONE pgs=18 gs=2 cs=0 l=1 c_cookie=3917940633496780781 s_cookie=0 reconnecting=0 rev1=1 crypto rx=0 tx=0 comp rx=0 tx=0).read_frame_segment seg_idx=2
2026-02-11T23:33:21.840+0000 7f52a8ffe640 20 --2- 127.0.0.1:0/3181536868 >> v2:127.0.0.1:7180/0 conn(0xb330000 0xb354000 crc :-1 s=THROTTLE_DONE pgs=18 gs=2 cs=0 l=1 c_cookie=3917940633496780781 s_cookie=0 reconnecting=0 rev1=1 crypto rx=0 tx=0 comp rx=0 tx=0).read_frame_segment seg_idx=3
2026-02-11T23:33:21.840+0000 7f52a8ffe640 20 -- 127.0.0.1:0/3181536868 >> v2:127.0.0.1:7180/0 conn(0xb330000 msgr2=0xb354000 crc :-1 s=STATE_CONNECTION_ESTABLISHED l=1).read start len=2459
2026-02-11T23:33:21.840+0000 7f52a8ffe640 20 --2- 127.0.0.1:0/3181536868 >> v2:127.0.0.1:7180/0 conn(0xb330000 0xb354000 crc :-1 s=THROTTLE_DONE pgs=18 gs=2 cs=0 l=1 c_cookie=3917940633496780781 s_cookie=0 reconnecting=0 rev1=1 crypto rx=0 tx=0 comp rx=0 tx=0).handle_read_frame_segment r=0
2026-02-11T23:33:21.840+0000 7f52a8ffe640 20 -- 127.0.0.1:0/3181536868 >> v2:127.0.0.1:7180/0 conn(0xb330000 msgr2=0xb354000 crc :-1 s=STATE_CONNECTION_ESTABLISHED l=1).read start len=13
2026-02-11T23:33:21.840+0000 7f52a8ffe640 20 --2- 127.0.0.1:0/3181536868 >> v2:127.0.0.1:7180/0 conn(0xb330000 0xb354000 crc :-1 s=THROTTLE_DONE pgs=18 gs=2 cs=0 l=1 c_cookie=3917940633496780781 s_cookie=0 reconnecting=0 rev1=1 crypto rx=0 tx=0 comp rx=0 tx=0).handle_read_frame_epilogue_main r=0
2026-02-11T23:33:21.840+0000 7f52a8ffe640 10 --2- 127.0.0.1:0/3181536868 >> v2:127.0.0.1:7180/0 conn(0xb330000 0xb354000 crc :-1 s=THROTTLE_DONE pgs=18 gs=2 cs=0 l=1 c_cookie=3917940633496780781 s_cookie=0 reconnecting=0 rev1=1 crypto rx=0 tx=0 comp rx=0 tx=0).handle_read_frame_dispatch tag=17
2026-02-11T23:33:21.840+0000 7f52a8ffe640 20 --2- 127.0.0.1:0/3181536868 >> v2:127.0.0.1:7180/0 conn(0xb330000 0xb354000 crc :-1 s=THROTTLE_DONE pgs=18 gs=2 cs=0 l=1 c_cookie=3917940633496780781 s_cookie=0 reconnecting=0 rev1=1 crypto rx=0 tx=0 comp rx=0 tx=0).handle_message
2026-02-11T23:33:21.840+0000 7f52a8ffe640 5 --2- 127.0.0.1:0/3181536868 >> v2:127.0.0.1:7180/0 conn(0xb330000 0xb354000 crc :-1 s=THROTTLE_DONE pgs=18 gs=2 cs=0 l=1 c_cookie=3917940633496780781 s_cookie=0 reconnecting=0 rev1=1 crypto rx=0 tx=0 comp rx=0 tx=0).handle_message got 69 + 0 + 2459 byte message. envelope type=51 src mon.0 off 0
2026-02-11T23:33:21.840+0000 7f52a8ffe640 5 --2- 127.0.0.1:0/3181536868 >> v2:127.0.0.1:7180/0 conn(0xb330000 0xb354000 crc :-1 s=READ_MESSAGE_COMPLETE pgs=18 gs=2 cs=0 l=1 c_cookie=3917940633496780781 s_cookie=0 reconnecting=0 rev1=1 crypto rx=0 tx=0 comp rx=0 tx=0).handle_message received message m=0xb4444e0 seq=54 from=mon.0 type=51 mon_command_ack([{"prefix": "osd metadata", "id": 1}]=0 v9)
2026-02-11T23:33:21.840+0000 7f52a8ffe640 20 -- 127.0.0.1:0/3181536868 queue 0xb4444e0 prio 196
2026-02-11T23:33:21.840+0000 7f52a8ffe640 20 --2- 127.0.0.1:0/3181536868 >> v2:127.0.0.1:7180/0 conn(0xb330000 0xb354000 crc :-1 s=READY pgs=18 gs=2 cs=0 l=1 c_cookie=3917940633496780781 s_cookie=0 reconnecting=0 rev1=1 crypto rx=0 tx=0 comp rx=0 tx=0).read_frame
2026-02-11T23:33:21.840+0000 7f52a8ffe640 20 -- 127.0.0.1:0/3181536868 >> v2:127.0.0.1:7180/0 conn(0xb330000 msgr2=0xb354000 crc :-1 s=STATE_CONNECTION_ESTABLISHED l=1).read start len=32
2026-02-11T23:33:21.840+0000 7f52a4ff6640 1 -- 127.0.0.1:0/3181536868 <== mon.0 v2:127.0.0.1:7180/0 54 ==== mon_command_ack([{"prefix": "osd metadata", "id": 1}]=0 v9) ==== 69+0+2459 (crc 0 0 0) 0xb4444e0 con 0xb330000
2026-02-11T23:33:21.840+0000 7f52a4ff6640 10 -- 127.0.0.1:0/3181536868 dispatch_throttle_release 2528 to dispatch throttler 2528/104857600
2026-02-11T23:33:21.840+0000 7f52a4ff6640 20 -- 127.0.0.1:0/3181536868 done calling dispatch on 0xb4444e0
2026-02-11T23:33:21.840+0000 7f52a37f3640 4 mgr finish mon returned valid metadata JSON for osd.1
2026-02-11T23:33:21.841+0000 7f52a8ffe640 20 -- 127.0.0.1:0/3181536868 >> v2:127.0.0.1:7180/0 conn(0xb330000 msgr2=0xb354000 crc :-1 s=STATE_CONNECTION_ESTABLISHED l=1).process
2026-02-11T23:33:21.841+0000 7f52a8ffe640 20 -- 127.0.0.1:0/3181536868 >> v2:127.0.0.1:7180/0 conn(0xb330000 msgr2=0xb354000 crc :-1 s=STATE_CONNECTION_ESTABLISHED l=1).read continue len=32
2026-02-11T23:33:21.841+0000 7f52a8ffe640 20 --2- 127.0.0.1:0/3181536868 >> v2:127.0.0.1:7180/0 conn(0xb330000 0xb354000 crc :-1 s=READY pgs=18 gs=2 cs=0 l=1 c_cookie=3917940633496780781 s_cookie=0 reconnecting=0 rev1=1 crypto rx=0 tx=0 comp rx=0 tx=0).handle_read_frame_preamble_main r=0
2026-02-11T23:33:21.841+0000 7f52a8ffe640 20 --2- 127.0.0.1:0/3181536868 >> v2:127.0.0.1:7180/0 conn(0xb330000 0xb354000 crc :-1 s=THROTTLE_MESSAGE pgs=18 gs=2 cs=0 l=1 c_cookie=3917940633496780781 s_cookie=0 reconnecting=0 rev1=1 crypto rx=0 tx=0 comp rx=0 tx=0).throttle_message
2026-02-11T23:33:21.841+0000 7f52a8ffe640 20 --2- 127.0.0.1:0/3181536868 >> v2:127.0.0.1:7180/0 conn(0xb330000 0xb354000 crc :-1 s=THROTTLE_BYTES pgs=18 gs=2 cs=0 l=1 c_cookie=3917940633496780781 s_cookie=0 reconnecting=0 rev1=1 crypto rx=0 tx=0 comp rx=0 tx=0).throttle_bytes
2026-02-11T23:33:21.841+0000 7f52a8ffe640 20 --2- 127.0.0.1:0/3181536868 >> v2:127.0.0.1:7180/0 conn(0xb330000 0xb354000 crc :-1 s=THROTTLE_DISPATCH_QUEUE pgs=18 gs=2 cs=0 l=1 c_cookie=3917940633496780781 s_cookie=0 reconnecting=0 rev1=1 crypto rx=0 tx=0 comp rx=0 tx=0).throttle_dispatch_queue
2026-02-11T23:33:21.841+0000 7f52a8ffe640 20 --2- 127.0.0.1:0/3181536868 >> v2:127.0.0.1:7180/0 conn(0xb330000 0xb354000 crc :-1 s=THROTTLE_DONE pgs=18 gs=2 cs=0 l=1 c_cookie=3917940633496780781 s_cookie=0 reconnecting=0 rev1=1 crypto rx=0 tx=0 comp rx=0 tx=0).read_frame_segment seg_idx=0
2026-02-11T23:33:21.841+0000 7f52a8ffe640 20 -- 127.0.0.1:0/3181536868 >> v2:127.0.0.1:7180/0 conn(0xb330000 msgr2=0xb354000 crc :-1 s=STATE_CONNECTION_ESTABLISHED l=1).read start len=45
2026-02-11T23:33:21.841+0000 7f52a8ffe640 20 --2- 127.0.0.1:0/3181536868 >> v2:127.0.0.1:7180/0 conn(0xb330000 0xb354000 crc :-1 s=THROTTLE_DONE pgs=18 gs=2 cs=0 l=1 c_cookie=3917940633496780781 s_cookie=0 reconnecting=0 rev1=1 crypto rx=0 tx=0 comp rx=0 tx=0).handle_read_frame_segment r=0
2026-02-11T23:33:21.841+0000 7f52a8ffe640 20 --2- 127.0.0.1:0/3181536868 >> v2:127.0.0.1:7180/0 conn(0xb330000 0xb354000 crc :-1 s=THROTTLE_DONE pgs=18 gs=2 cs=0 l=1 c_cookie=3917940633496780781 s_cookie=0 reconnecting=0 rev1=1 crypto rx=0 tx=0 comp rx=0 tx=0).read_frame_segment seg_idx=1
2026-02-11T23:33:21.841+0000 7f52a8ffe640 20 -- 127.0.0.1:0/3181536868 >> v2:127.0.0.1:7180/0 conn(0xb330000 msgr2=0xb354000 crc :-1 s=STATE_CONNECTION_ESTABLISHED l=1).read start len=221
2026-02-11T23:33:21.841+0000 7f52a8ffe640 20 --2- 127.0.0.1:0/3181536868 >> v2:127.0.0.1:7180/0 conn(0xb330000 0xb354000 crc :-1 s=THROTTLE_DONE pgs=18 gs=2 cs=0 l=1 c_cookie=3917940633496780781 s_cookie=0 reconnecting=0 rev1=1 crypto rx=0 tx=0 comp rx=0 tx=0).handle_read_frame_segment r=0
2026-02-11T23:33:21.841+0000 7f52a8ffe640 20 -- 127.0.0.1:0/3181536868 >> v2:127.0.0.1:7180/0 conn(0xb330000 msgr2=0xb354000 crc :-1 s=STATE_CONNECTION_ESTABLISHED l=1).read start len=13
2026-02-11T23:33:21.841+0000 7f52a8ffe640 20 --2- 127.0.0.1:0/3181536868 >> v2:127.0.0.1:7180/0 conn(0xb330000 0xb354000 crc :-1 s=THROTTLE_DONE pgs=18 gs=2 cs=0 l=1 c_cookie=3917940633496780781 s_cookie=0 reconnecting=0 rev1=1 crypto rx=0 tx=0 comp rx=0 tx=0).handle_read_frame_epilogue_main r=0
2026-02-11T23:33:21.841+0000 7f52a8ffe640 10 --2- 127.0.0.1:0/3181536868 >> v2:127.0.0.1:7180/0 conn(0xb330000 0xb354000 crc :-1 s=THROTTLE_DONE pgs=18 gs=2 cs=0 l=1 c_cookie=3917940633496780781 s_cookie=0 reconnecting=0 rev1=1 crypto rx=0 tx=0 comp rx=0 tx=0).handle_read_frame_dispatch tag=17
2026-02-11T23:33:21.841+0000 7f52a8ffe640 20 --2- 127.0.0.1:0/3181536868 >> v2:127.0.0.1:7180/0 conn(0xb330000 0xb354000 crc :-1 s=THROTTLE_DONE pgs=18 gs=2 cs=0 l=1 c_cookie=3917940633496780781 s_cookie=0 reconnecting=0 rev1=1 crypto rx=0 tx=0 comp rx=0 tx=0).handle_message
2026-02-11T23:33:21.841+0000 7f52a8ffe640 5 --2- 127.0.0.1:0/3181536868 >> v2:127.0.0.1:7180/0 conn(0xb330000 0xb354000 crc :-1 s=THROTTLE_DONE pgs=18 gs=2 cs=0 l=1 c_cookie=3917940633496780781 s_cookie=0 reconnecting=0 rev1=1 crypto rx=0 tx=0 comp rx=0 tx=0).handle_message got 221 + 0 + 0 byte message. envelope type=52 src mon.0 off 0
2026-02-11T23:33:21.841+0000 7f52a8ffe640 5 --2- 127.0.0.1:0/3181536868 >> v2:127.0.0.1:7180/0 conn(0xb330000 0xb354000 crc :-1 s=READ_MESSAGE_COMPLETE pgs=18 gs=2 cs=0 l=1 c_cookie=3917940633496780781 s_cookie=0 reconnecting=0 rev1=1 crypto rx=0 tx=0 comp rx=0 tx=0).handle_message received message m=0x18d1880 seq=55 from=mon.0 type=52 log(1 entries from seq 71 at
2026-02-11T23:33:21.741074+0000)
2026-02-11T23:33:21.841+0000 7f52a8ffe640 20 -- 127.0.0.1:0/3181536868 queue 0x18d1880 prio 196
2026-02-11T23:33:21.841+0000 7f52a8ffe640 20 --2- 127.0.0.1:0/3181536868 >> v2:127.0.0.1:7180/0 conn(0xb330000 0xb354000 crc :-1 s=READY pgs=18 gs=2 cs=0 l=1 c_cookie=3917940633496780781 s_cookie=0 reconnecting=0 rev1=1 crypto rx=0 tx=0 comp rx=0 tx=0).read_frame
2026-02-11T23:33:21.841+0000 7f52a8ffe640 20 -- 127.0.0.1:0/3181536868 >> v2:127.0.0.1:7180/0 conn(0xb330000 msgr2=0xb354000 crc :-1 s=STATE_CONNECTION_ESTABLISHED l=1).read start len=32
2026-02-11T23:33:21.841+0000 7f52a4ff6640 1 -- 127.0.0.1:0/3181536868 <== mon.0 v2:127.0.0.1:7180/0 55 ==== log(1 entries from seq 71 at
2026-02-11T23:33:21.741074+0000) ==== 221+0+0 (crc 0 0 0) 0x18d1880 con 0xb330000
2026-02-11T23:33:21.841+0000 7f52a4ff6640 10 mgr.4100.objecter ms_dispatch2 0x1a36000 log(1 entries from seq 71 at
2026-02-11T23:33:21.741074+0000)
2026-02-11T23:33:21.841+0000 7f52a4ff6640 10 mgr ms_dispatch2 active log(1 entries from seq 71 at
2026-02-11T23:33:21.741074+0000)
2026-02-11T23:33:21.841+0000 7f52a4ff6640 10 mgr ms_dispatch2 log(1 entries from seq 71 at
2026-02-11T23:33:21.741074+0000)
2026-02-11T23:33:21.841+0000 7f52a4ff6640 10 mgr notify_all notify_all: notify_all (clog)
2026-02-11T23:33:21.841+0000 7f52a4ff6640 10 -- 127.0.0.1:0/3181536868 dispatch_throttle_release 221 to dispatch throttler 221/104857600
2026-02-11T23:33:21.841+0000 7f52a4ff6640 20 -- 127.0.0.1:0/3181536868 done calling dispatch on 0x18d1880
2026-02-11T23:33:21.941+0000 7f52a8ffe640 20 -- 127.0.0.1:0/3181536868 >> v2:127.0.0.1:7180/0 conn(0xb330000 msgr2=0xb354000 crc :-1 s=STATE_CONNECTION_ESTABLISHED l=1).process
2026-02-11T23:33:21.941+0000 7f52a8ffe640 20 -- 127.0.0.1:0/3181536868 >> v2:127.0.0.1:7180/0 conn(0xb330000 msgr2=0xb354000 crc :-1 s=STATE_CONNECTION_ESTABLISHED l=1).read continue len=32
2026-02-11T23:33:21.941+0000 7f52a8ffe640 20 --2- 127.0.0.1:0/3181536868 >> v2:127.0.0.1:7180/0 conn(0xb330000 0xb354000 crc :-1 s=READY pgs=18 gs=2 cs=0 l=1 c_cookie=3917940633496780781 s_cookie=0 reconnecting=0 rev1=1 crypto rx=0 tx=0 comp rx=0 tx=0).handle_read_frame_preamble_main r=0
