2026-02-11T23:33:41.781+0000 7f11127fa640 20 osd.4 47 release_map epoch: 47
2026-02-11T23:33:41.781+0000 7f11127fa640 10 osd.4 47 maybe_share_map: con v2:127.0.0.1:6820/4284559951 our osdmap epoch of 47 is not newer than session's projected_epoch of 47
2026-02-11T23:33:41.895+0000 7f10ef584640 5 osd.4 47 heartbeat osd_stat(store_statfs(0x384000/0x0/0x384000, data 0x2655b/0x65000, compress 0x0/0x0/0x0, omap 0x3194, meta 0x1a4ce6c), peers [0,1,2,3,5] op hist [])
2026-02-11T23:33:41.895+0000 7f10ef584640 20 osd.4 47 check_full_status cur ratio 0, physical ratio 0, new state none
2026-02-11T23:33:41.895+0000 7f10ef584640 1 -- 127.0.0.1:0/859404577 --> [v2:127.0.0.1:6806/283911389,v1:127.0.0.1:6807/283911389] -- osd_ping(ping e47 up_from 24 ping_stamp
2026-02-11T23:33:41.896358+0000/12.803234100s send_stamp 12.803234100s delta_ub -9.836578369s) -- 0x447b200 con 0x447d000
2026-02-11T23:33:41.895+0000 7f10ef584640 1 -- 127.0.0.1:0/859404577 --> [v2:127.0.0.1:6804/283911389,v1:127.0.0.1:6805/283911389] -- osd_ping(ping e47 up_from 24 ping_stamp
2026-02-11T23:33:41.896358+0000/12.803234100s send_stamp 12.803234100s delta_ub -9.836578369s) -- 0x447b080 con 0x447d400
2026-02-11T23:33:41.895+0000 7f10ef584640 1 -- 127.0.0.1:0/859404577 --> [v2:127.0.0.1:6816/2900465789,v1:127.0.0.1:6817/2900465789] -- osd_ping(ping e47 up_from 24 ping_stamp
2026-02-11T23:33:41.896358+0000/12.803234100s send_stamp 12.803234100s delta_ub -7.875827789s) -- 0x447ac00 con 0x3f9cc00
2026-02-11T23:33:41.895+0000 7f10ef584640 1 -- 127.0.0.1:0/859404577 --> [v2:127.0.0.1:6814/2900465789,v1:127.0.0.1:6815/2900465789] -- osd_ping(ping e47 up_from 24 ping_stamp
2026-02-11T23:33:41.896358+0000/12.803234100s send_stamp 12.803234100s delta_ub -7.875827789s) -- 0x447a180 con 0x449e000
2026-02-11T23:33:41.895+0000 7f10ef584640 1 -- 127.0.0.1:0/859404577 --> [v2:127.0.0.1:6824/4284559951,v1:127.0.0.1:6825/4284559951] -- osd_ping(ping e47 up_from 24 ping_stamp
2026-02-11T23:33:41.896358+0000/12.803234100s send_stamp 12.803234100s delta_ub -5.214954376s) -- 0x447af00 con 0x3f9dc00
2026-02-11T23:33:41.895+0000 7f10ef584640 1 -- 127.0.0.1:0/859404577 --> [v2:127.0.0.1:6822/4284559951,v1:127.0.0.1:6823/4284559951] -- osd_ping(ping e47 up_from 24 ping_stamp
2026-02-11T23:33:41.896358+0000/12.803234100s send_stamp 12.803234100s delta_ub -5.214954376s) -- 0x447aa80 con 0x3f9d000
2026-02-11T23:33:41.895+0000 7f10ef584640 1 -- 127.0.0.1:0/859404577 --> [v2:127.0.0.1:6832/12057035,v1:127.0.0.1:6833/12057035] -- osd_ping(ping e47 up_from 24 ping_stamp
2026-02-11T23:33:41.896358+0000/12.803234100s send_stamp 12.803234100s delta_ub -2.495232105s) -- 0x447be00 con 0x447d800
2026-02-11T23:33:41.895+0000 7f10ef584640 1 -- 127.0.0.1:0/859404577 --> [v2:127.0.0.1:6830/12057035,v1:127.0.0.1:6831/12057035] -- osd_ping(ping e47 up_from 24 ping_stamp
2026-02-11T23:33:41.896358+0000/12.803234100s send_stamp 12.803234100s delta_ub -2.495232105s) -- 0x447bc80 con 0x3f9d400
2026-02-11T23:33:41.895+0000 7f10ef584640 1 -- 127.0.0.1:0/859404577 --> [v2:127.0.0.1:6848/2726138014,v1:127.0.0.1:6849/2726138014] -- osd_ping(ping e47 up_from 24 ping_stamp
2026-02-11T23:33:41.896358+0000/12.803234100s send_stamp 12.803234100s delta_ub 2.682366610s) -- 0x4fbe000 con 0x4994000
2026-02-11T23:33:41.895+0000 7f10ef584640 1 -- 127.0.0.1:0/859404577 --> [v2:127.0.0.1:6846/2726138014,v1:127.0.0.1:6847/2726138014] -- osd_ping(ping e47 up_from 24 ping_stamp
2026-02-11T23:33:41.896358+0000/12.803234100s send_stamp 12.803234100s delta_ub 2.682366610s) -- 0x4fbe180 con 0x4994400
2026-02-11T23:33:41.895+0000 7f11147fe640 1 -- 127.0.0.1:0/859404577 <== osd.0 v2:127.0.0.1:6806/283911389 4 ==== osd_ping(ping_reply e47 up_from 5 ping_stamp
2026-02-11T23:33:41.896358+0000/12.803234100s send_stamp 22.640020370s delta_ub 9.836785316s) ==== 2033+0+0 (crc 0 0 0) 0x4fbe000 con 0x447d000
2026-02-11T23:33:41.895+0000 7f11147fe640 20 osd.4 47 get_con_osd_cluster to osd.0 from_epoch 47
2026-02-11T23:33:41.895+0000 7f11147fe640 20 osd.4 47 get_nextmap_reserved map_reservations: {47=1}
2026-02-11T23:33:41.895+0000 7f11147fe640 20 osd.4 47 release_map epoch: 47
2026-02-11T23:33:41.895+0000 7f11147fe640 10 osd.4 47 maybe_share_map: con v2:127.0.0.1:6802/283911389 our osdmap epoch of 47 is not newer than session's projected_epoch of 47
2026-02-11T23:33:41.895+0000 7f11147fe640 20 osd.4 47 handle_osd_ping new stamps hbstamp(osd.0 up_from 5 peer_clock_delta [9.836626053s,9.836785316s])
2026-02-11T23:33:41.895+0000 7f11127fa640 1 -- 127.0.0.1:0/859404577 <== osd.0 v2:127.0.0.1:6804/283911389 4 ==== osd_ping(ping_reply e47 up_from 5 ping_stamp
2026-02-11T23:33:41.896358+0000/12.803234100s send_stamp 22.640050888s delta_ub 9.836816788s) ==== 2033+0+0 (crc 0 0 0) 0x4fbe180 con 0x447d400
2026-02-11T23:33:41.895+0000 7f11127fa640 20 osd.4 47 get_con_osd_cluster to osd.0 from_epoch 47
2026-02-11T23:33:41.895+0000 7f11127fa640 20 osd.4 47 get_nextmap_reserved map_reservations: {47=1}
2026-02-11T23:33:41.895+0000 7f11127fa640 20 osd.4 47 release_map epoch: 47
2026-02-11T23:33:41.895+0000 7f11127fa640 10 osd.4 47 maybe_share_map: con v2:127.0.0.1:6802/283911389 our osdmap epoch of 47 is not newer than session's projected_epoch of 47
2026-02-11T23:33:41.895+0000 7f11127fa640 20 osd.4 47 handle_osd_ping new stamps hbstamp(osd.0 up_from 5 peer_clock_delta [9.836649895s,9.836816788s])
2026-02-11T23:33:41.895+0000 7f11127fa640 1 -- 127.0.0.1:0/859404577 <== osd.1 v2:127.0.0.1:6816/2900465789 4 ==== osd_ping(ping_reply e48 up_from 9 ping_stamp
2026-02-11T23:33:41.896358+0000/12.803234100s send_stamp 20.679243088s delta_ub 7.876011372s) ==== 2033+0+0 (crc 0 0 0) 0x4fbe180 con 0x3f9cc00
2026-02-11T23:33:41.895+0000 7f11127fa640 20 osd.4 47 get_con_osd_cluster to osd.1 from_epoch 47
2026-02-11T23:33:41.895+0000 7f11127fa640 20 osd.4 47 get_nextmap_reserved map_reservations: {47=1}
2026-02-11T23:33:41.895+0000 7f11127fa640 20 osd.4 47 release_map epoch: 47
2026-02-11T23:33:41.895+0000 7f11127fa640 10 osd.4 47 maybe_share_map: con v2:127.0.0.1:6812/2900465789 updating session's projected_epoch from 38 to ping map epoch of 48
2026-02-11T23:33:41.895+0000 7f11127fa640 10 osd.4 47 maybe_share_map: con v2:127.0.0.1:6812/2900465789 our osdmap epoch of 47 is not newer than session's projected_epoch of 48
2026-02-11T23:33:41.895+0000 7f11127fa640 20 osd.4 47 handle_osd_ping new stamps hbstamp(osd.1 up_from 9 peer_clock_delta [7.875826359s,7.876011372s])
2026-02-11T23:33:41.895+0000 7f1113ffd640 1 -- 127.0.0.1:0/859404577 <== osd.1 v2:127.0.0.1:6814/2900465789 4 ==== osd_ping(ping_reply e48 up_from 9 ping_stamp
2026-02-11T23:33:41.896358+0000/12.803234100s send_stamp 20.679296494s delta_ub 7.876063347s) ==== 2033+0+0 (crc 0 0 0) 0x447be00 con 0x449e000
2026-02-11T23:33:41.895+0000 7f1102aff640 1 -- [v2:127.0.0.1:6836/859404577,v1:127.0.0.1:6837/859404577] <== osd.1 v2:127.0.0.1:6812/2900465789 3 ==== osd_map(48..48 src has 1..48) ==== 628+0+0 (crc 0 0 0) 0x500bdc0 con 0x447c000
2026-02-11T23:33:41.895+0000 7f11147fe640 1 -- 127.0.0.1:0/859404577 <== osd.3 v2:127.0.0.1:6830/12057035 4 ==== osd_ping(ping_reply e47 up_from 19 ping_stamp
2026-02-11T23:33:41.896358+0000/12.803234100s send_stamp 15.298740387s delta_ub 2.495507002s) ==== 2033+0+0 (crc 0 0 0) 0x4fbe000 con 0x3f9d400
2026-02-11T23:33:41.895+0000 7f1102aff640 20 osd.4 47 OSD::ms_dispatch: osd_map(48..48 src has 1..48)
2026-02-11T23:33:41.895+0000 7f1113ffd640 20 osd.4 47 get_con_osd_cluster to osd.1 from_epoch 47
2026-02-11T23:33:41.895+0000 7f1113ffd640 20 osd.4 47 get_nextmap_reserved map_reservations: {47=1}
2026-02-11T23:33:41.895+0000 7f1102aff640 20 osd.4 47 _dispatch 0x500bdc0 osd_map(48..48 src has 1..48)
2026-02-11T23:33:41.895+0000 7f1113ffd640 20 osd.4 47 release_map epoch: 47
2026-02-11T23:33:41.895+0000 7f11127fa640 1 -- 127.0.0.1:0/859404577 <== osd.5 v2:127.0.0.1:6846/2726138014 3 ==== osd_ping(ping_reply e48 up_from 28 ping_stamp
2026-02-11T23:33:41.896358+0000/12.803234100s send_stamp 10.121302605s delta_ub -2.681930780s) ==== 2033+0+0 (crc 0 0 0) 0x4fbe180 con 0x4994400
2026-02-11T23:33:41.895+0000 7f1113ffd640 10 osd.4 47 maybe_share_map: con v2:127.0.0.1:6812/2900465789 our osdmap epoch of 47 is not newer than session's projected_epoch of 48
2026-02-11T23:33:41.895+0000 7f1113ffd640 20 osd.4 47 handle_osd_ping new stamps hbstamp(osd.1 up_from 9 peer_clock_delta [7.875838757s,7.876063347s])
2026-02-11T23:33:41.895+0000 7f11147fe640 20 osd.4 47 get_con_osd_cluster to osd.3 from_epoch 47
2026-02-11T23:33:41.895+0000 7f11147fe640 20 osd.4 47 get_nextmap_reserved map_reservations: {47=1}
2026-02-11T23:33:41.895+0000 7f11147fe640 20 osd.4 47 release_map epoch: 47
2026-02-11T23:33:41.895+0000 7f11147fe640 10 osd.4 47 maybe_share_map: con v2:127.0.0.1:6828/12057035 updating session's projected_epoch from 41 to ping map epoch of 47
2026-02-11T23:33:41.895+0000 7f11147fe640 10 osd.4 47 maybe_share_map: con v2:127.0.0.1:6828/12057035 our osdmap epoch of 47 is not newer than session's projected_epoch of 47
2026-02-11T23:33:41.895+0000 7f11147fe640 20 osd.4 47 handle_osd_ping new stamps hbstamp(osd.3 up_from 19 peer_clock_delta [2.495246410s,2.495507002s])
2026-02-11T23:33:41.895+0000 7f1102aff640 3 osd.4 47 handle_osd_map epochs [48,48], i have 47, src has [1,48]
2026-02-11T23:33:41.895+0000 7f11127fa640 20 osd.4 47 get_con_osd_cluster to osd.5 from_epoch 47
2026-02-11T23:33:41.895+0000 7f11127fa640 20 osd.4 47 get_nextmap_reserved map_reservations: {47=1}
2026-02-11T23:33:41.895+0000 7f1102aff640 10 osd.4 47 handle_osd_map: received 0 full maps and 1 incremental maps
2026-02-11T23:33:41.895+0000 7f1113ffd640 1 -- 127.0.0.1:0/859404577 <== osd.3 v2:127.0.0.1:6832/12057035 4 ==== osd_ping(ping_reply e47 up_from 19 ping_stamp
2026-02-11T23:33:41.896358+0000/12.803234100s send_stamp 15.298765182s delta_ub 2.495531797s) ==== 2033+0+0 (crc 0 0 0) 0x447be00 con 0x447d800
2026-02-11T23:33:41.895+0000 7f1102aff640 10 osd.4 47 handle_osd_map got inc map for epoch 48
2026-02-11T23:33:41.895+0000 7f11127fa640 20 osd.4 47 release_map epoch: 47
2026-02-11T23:33:41.895+0000 7f11147fe640 1 -- 127.0.0.1:0/859404577 <== osd.5 v2:127.0.0.1:6848/2726138014 3 ==== osd_ping(ping_reply e48 up_from 28 ping_stamp
2026-02-11T23:33:41.896358+0000/12.803234100s send_stamp 10.121268272s delta_ub -2.681965351s) ==== 2033+0+0 (crc 0 0 0) 0x4fbe000 con 0x4994000
2026-02-11T23:33:41.895+0000 7f11127fa640 10 osd.4 47 maybe_share_map: con v2:127.0.0.1:6844/2726138014 updating session's projected_epoch from 39 to ping map epoch of 48
2026-02-11T23:33:41.895+0000 7f11127fa640 10 osd.4 47 maybe_share_map: con v2:127.0.0.1:6844/2726138014 our osdmap epoch of 47 is not newer than session's projected_epoch of 48
2026-02-11T23:33:41.895+0000 7f11127fa640 20 osd.4 47 handle_osd_ping new stamps hbstamp(osd.5 up_from 28 peer_clock_delta [-2.682203531s,-2.681930780s])
2026-02-11T23:33:41.895+0000 7f1113ffd640 20 osd.4 47 get_con_osd_cluster to osd.3 from_epoch 47
2026-02-11T23:33:41.895+0000 7f1113ffd640 20 osd.4 47 get_nextmap_reserved map_reservations: {47=1}
2026-02-11T23:33:41.895+0000 7f1113ffd640 20 osd.4 47 release_map epoch: 47
2026-02-11T23:33:41.895+0000 7f1113ffd640 10 osd.4 47 maybe_share_map: con v2:127.0.0.1:6828/12057035 our osdmap epoch of 47 is not newer than session's projected_epoch of 47
2026-02-11T23:33:41.895+0000 7f1113ffd640 20 osd.4 47 handle_osd_ping new stamps hbstamp(osd.3 up_from 19 peer_clock_delta [2.495237350s,2.495531797s])
2026-02-11T23:33:41.895+0000 7f11127fa640 1 -- 127.0.0.1:0/859404577 <== osd.2 v2:127.0.0.1:6822/4284559951 4 ==== osd_ping(ping_reply e48 up_from 14 ping_stamp
2026-02-11T23:33:41.896358+0000/12.803234100s send_stamp 18.018630981s delta_ub 5.215397358s) ==== 2033+0+0 (crc 0 0 0) 0x4fbe180 con 0x3f9d000
2026-02-11T23:33:41.895+0000 7f11127fa640 20 osd.4 47 get_con_osd_cluster to osd.2 from_epoch 47
2026-02-11T23:33:41.895+0000 7f11127fa640 20 osd.4 47 get_nextmap_reserved map_reservations: {47=1}
2026-02-11T23:33:41.895+0000 7f11127fa640 20 osd.4 47 release_map epoch: 47
2026-02-11T23:33:41.895+0000 7f11127fa640 10 osd.4 47 maybe_share_map: con v2:127.0.0.1:6820/4284559951 updating session's projected_epoch from 47 to ping map epoch of 48
2026-02-11T23:33:41.895+0000 7f11127fa640 10 osd.4 47 maybe_share_map: con v2:127.0.0.1:6820/4284559951 our osdmap epoch of 47 is not newer than session's projected_epoch of 48
2026-02-11T23:33:41.895+0000 7f11127fa640 20 osd.4 47 handle_osd_ping new stamps hbstamp(osd.2 up_from 14 peer_clock_delta [5.215084553s,5.215397358s])
2026-02-11T23:33:41.895+0000 7f11147fe640 20 osd.4 47 get_con_osd_cluster to osd.5 from_epoch 47
2026-02-11T23:33:41.895+0000 7f11147fe640 20 osd.4 47 get_nextmap_reserved map_reservations: {47=1}
2026-02-11T23:33:41.895+0000 7f11147fe640 20 osd.4 47 release_map epoch: 47
2026-02-11T23:33:41.895+0000 7f11147fe640 10 osd.4 47 maybe_share_map: con v2:127.0.0.1:6844/2726138014 our osdmap epoch of 47 is not newer than session's projected_epoch of 48
2026-02-11T23:33:41.895+0000 7f11147fe640 20 osd.4 47 handle_osd_ping new stamps hbstamp(osd.5 up_from 28 peer_clock_delta [-2.682286263s,-2.681965351s])
2026-02-11T23:33:41.895+0000 7f1102aff640 20 osd.4 47 got_full_map 48, nothing requested
2026-02-11T23:33:41.895+0000 7f11147fe640 1 -- 127.0.0.1:0/859404577 <== osd.2 v2:127.0.0.1:6824/4284559951 4 ==== osd_ping(ping_reply e48 up_from 14 ping_stamp
2026-02-11T23:33:41.896358+0000/12.803234100s send_stamp 18.018493652s delta_ub 5.215262413s) ==== 2033+0+0 (crc 0 0 0) 0x4fbe000 con 0x3f9dc00
2026-02-11T23:33:41.895+0000 7f11147fe640 20 osd.4 47 get_con_osd_cluster to osd.2 from_epoch 47
2026-02-11T23:33:41.895+0000 7f11147fe640 20 osd.4 47 get_nextmap_reserved map_reservations: {47=1}
2026-02-11T23:33:41.895+0000 7f11147fe640 20 osd.4 47 release_map epoch: 47
2026-02-11T23:33:41.895+0000 7f11147fe640 10 osd.4 47 maybe_share_map: con v2:127.0.0.1:6820/4284559951 our osdmap epoch of 47 is not newer than session's projected_epoch of 48
2026-02-11T23:33:41.895+0000 7f11147fe640 20 osd.4 47 handle_osd_ping new stamps hbstamp(osd.2 up_from 14 peer_clock_delta [5.214922905s,5.215262413s])
2026-02-11T23:33:41.895+0000 7f1102aff640 20 osd.4 47 trim_maps: min=0 oldest_map=1
2026-02-11T23:33:41.895+0000 7f1102aff640 20 osd.4 47 handle_osd_map pg_num_history pg_num_history(e48 pg_nums {1={34=1},2={41=1},3={45=1}} deleted_pools )
2026-02-11T23:33:41.895+0000 7f1102aff640 10 snap_mapper record_purged_snaps purged_snaps {48={}}
2026-02-11T23:33:41.895+0000 7f1102aff640 10 snap_mapper record_purged_snaps rm 0 keys, set 0 keys
2026-02-11T23:33:41.895+0000 7f1102aff640 10 write_superblock sb(63877fca-3346-4102-bc50-48b03e521cd3 osd.4 a73c8e1d-b54a-48e2-a22a-7feae2bea66b e48 maps [1~48] lci=[24,48] tlb=1)
2026-02-11T23:33:41.895+0000 7f1102aff640 1 -- [v2:127.0.0.1:6836/859404577,v1:127.0.0.1:6837/859404577] <== osd.2 v2:127.0.0.1:6820/4284559951 3 ==== osd_map(48..48 src has 1..48) ==== 628+0+0 (crc 0 0 0) 0x500b180 con 0x491b800
2026-02-11T23:33:41.895+0000 7f1102aff640 20 osd.4 47 OSD::ms_dispatch: osd_map(48..48 src has 1..48)
2026-02-11T23:33:41.895+0000 7f1102aff640 20 osd.4 47 _dispatch 0x500b180 osd_map(48..48 src has 1..48)
2026-02-11T23:33:41.895+0000 7f1102aff640 3 osd.4 47 handle_osd_map epochs [48,48], i have 48, src has [1,48]
2026-02-11T23:33:41.895+0000 7f1102aff640 10 osd.4 47 handle_osd_map: received 0 full maps and 1 incremental maps
2026-02-11T23:33:41.895+0000 7f1102aff640 10 osd.4 47 no new maps here, dropping
2026-02-11T23:33:41.895+0000 7f1102aff640 1 -- [v2:127.0.0.1:6836/859404577,v1:127.0.0.1:6837/859404577] <== osd.5 v2:127.0.0.1:6844/2726138014 2 ==== osd_map(48..48 src has 1..48) ==== 628+0+0 (crc 0 0 0) 0x500bc00 con 0x4995800
2026-02-11T23:33:41.895+0000 7f1102aff640 20 osd.4 47 OSD::ms_dispatch: osd_map(48..48 src has 1..48)
2026-02-11T23:33:41.895+0000 7f1102aff640 20 osd.4 47 _dispatch 0x500bc00 osd_map(48..48 src has 1..48)
2026-02-11T23:33:41.895+0000 7f1102aff640 3 osd.4 47 handle_osd_map epochs [48,48], i have 48, src has [1,48]
2026-02-11T23:33:41.895+0000 7f1102aff640 10 osd.4 47 handle_osd_map: received 0 full maps and 1 incremental maps
2026-02-11T23:33:41.895+0000 7f1102aff640 10 osd.4 47 no new maps here, dropping
2026-02-11T23:33:41.895+0000 7f1100da7640 10 osd.4 47 _committed_osd_maps 48..48
2026-02-11T23:33:41.895+0000 7f1100da7640 10 osd.4 47 advance to epoch 48 (<= last 48 <= newest_map 48)
2026-02-11T23:33:41.895+0000 7f1100da7640 20 osd.4 48 consume_map version 48
2026-02-11T23:33:41.895+0000 7f1100da7640 20 osd.4 47 await_reserved_maps epoch:48
2026-02-11T23:33:41.895+0000 7f1100da7640 20 osd.4 47 await_reserved_maps done 0
2026-02-11T23:33:41.895+0000 7f1100da7640 20 osd.4 48 consume_map 48 -- publish done
2026-02-11T23:33:41.895+0000 7f1100da7640 20 osd.4:0.identify_splits_and_merges identify_splits_and_merges 2 slots
2026-02-11T23:33:41.895+0000 7f1100da7640 20 osd.4:0.identify_splits_and_merges identify_splits_and_merges slot pgid:3.0s3slot:0x30522c0
2026-02-11T23:33:41.895+0000 7f1100da7640 20 osd.4 48 identify_splits_and_merges 3.0s3 e47 to e48
2026-02-11T23:33:41.895+0000 7f1100da7640 20 osd.4 48 identify_splits_and_merges 3.0s3 e47 to e48 pg_nums {45=1}
2026-02-11T23:33:41.895+0000 7f1100da7640 20 osd.4:0.identify_splits_and_merges identify_splits_and_merges slot pgid:2.0s3slot:0x3053080
2026-02-11T23:33:41.895+0000 7f1100da7640 20 osd.4 48 identify_splits_and_merges 2.0s3 e47 to e48
2026-02-11T23:33:41.895+0000 7f1100da7640 20 osd.4 48 identify_splits_and_merges 2.0s3 e47 to e48 pg_nums {41=1}
2026-02-11T23:33:41.895+0000 7f1100da7640 20 osd.4:0.identify_splits_and_merges identify_splits_and_merges 0 splits, 0 merges
2026-02-11T23:33:41.895+0000 7f1100da7640 20 osd.4:1.identify_splits_and_merges identify_splits_and_merges 0 slots
2026-02-11T23:33:41.895+0000 7f1100da7640 20 osd.4:1.identify_splits_and_merges identify_splits_and_merges 0 splits, 0 merges
2026-02-11T23:33:41.895+0000 7f1100da7640 20 osd.4:2.identify_splits_and_merges identify_splits_and_merges 0 slots
2026-02-11T23:33:41.895+0000 7f1100da7640 20 osd.4:2.identify_splits_and_merges identify_splits_and_merges 0 splits, 0 merges
2026-02-11T23:33:41.895+0000 7f1100da7640 20 osd.4:3.identify_splits_and_merges identify_splits_and_merges 0 slots
2026-02-11T23:33:41.895+0000 7f1100da7640 20 osd.4:3.identify_splits_and_merges identify_splits_and_merges 0 splits, 0 merges
2026-02-11T23:33:41.895+0000 7f1100da7640 20 osd.4:4.identify_splits_and_merges identify_splits_and_merges 0 slots
2026-02-11T23:33:41.895+0000 7f1100da7640 20 osd.4:4.identify_splits_and_merges identify_splits_and_merges 0 splits, 0 merges
2026-02-11T23:33:41.895+0000 7f1100da7640 20 osd.4:5.identify_splits_and_merges identify_splits_and_merges 0 slots
2026-02-11T23:33:41.895+0000 7f1100da7640 20 osd.4:5.identify_splits_and_merges identify_splits_and_merges 0 splits, 0 merges
2026-02-11T23:33:41.895+0000 7f1100da7640 20 osd.4:6.identify_splits_and_merges identify_splits_and_merges 0 slots
2026-02-11T23:33:41.895+0000 7f1100da7640 20 osd.4:6.identify_splits_and_merges identify_splits_and_merges 0 splits, 0 merges
2026-02-11T23:33:41.895+0000 7f1100da7640 20 osd.4:7.identify_splits_and_merges identify_splits_and_merges 0 slots
2026-02-11T23:33:41.895+0000 7f1100da7640 20 osd.4:7.identify_splits_and_merges identify_splits_and_merges 0 splits, 0 merges
2026-02-11T23:33:41.895+0000 7f1100da7640 20 osd.4 48 prune_pg_created
2026-02-11T23:33:41.895+0000 7f1100da7640 10 osd.4:0.consume_map 48 (was 47)
2026-02-11T23:33:41.895+0000 7f1100da7640 20 osd.4:0.consume_map consume_map 3.0s3
2026-02-11T23:33:41.895+0000 7f1100da7640 20 osd.4:0.consume_map consume_map 2.0s3
2026-02-11T23:33:41.895+0000 7f1100da7640 10 osd.4:1.consume_map 48 (was 47)
2026-02-11T23:33:41.895+0000 7f1100da7640 10 osd.4:2.consume_map 48 (was 47)
2026-02-11T23:33:41.895+0000 7f1100da7640 10 osd.4:3.consume_map 48 (was 47)
2026-02-11T23:33:41.895+0000 7f1100da7640 10 osd.4:4.consume_map 48 (was 47)
2026-02-11T23:33:41.895+0000 7f1100da7640 10 osd.4:5.consume_map 48 (was 47)
2026-02-11T23:33:41.895+0000 7f1100da7640 10 osd.4:6.consume_map 48 (was 47)
2026-02-11T23:33:41.895+0000 7f1100da7640 10 osd.4:7.consume_map 48 (was 47)
2026-02-11T23:33:41.895+0000 7f1100da7640 10 osd.4 48 release_reserved_pushes(0), recovery_ops_reserved 0 -> 0
2026-02-11T23:33:41.895+0000 7f1100da7640 15 osd.4 48 enqueue_peering_evt 3.0s3 epoch_sent: 48 epoch_requested: 48 NullEvt
2026-02-11T23:33:41.895+0000 7f1100da7640 20 osd.4 op_wq(0) _enqueue OpSchedulerItem(3.0s3 PGPeeringEvent(epoch_sent: 48 epoch_requested: 48 NullEvt) class_id 2 prio 255 cost 10 e48)
2026-02-11T23:33:41.895+0000 7f1100da7640 15 osd.4 48 enqueue_peering_evt 2.0s3 epoch_sent: 48 epoch_requested: 48 NullEvt
2026-02-11T23:33:41.895+0000 7f1100da7640 20 osd.4 op_wq(0) _enqueue OpSchedulerItem(2.0s3 PGPeeringEvent(epoch_sent: 48 epoch_requested: 48 NullEvt) class_id 2 prio 255 cost 10 e48)
2026-02-11T23:33:41.895+0000 7f10f7594640 20 osd.4 op_wq(0) _process 3.0s3 to_process <> waiting <> waiting_peering {}
2026-02-11T23:33:41.895+0000 7f10f7594640 20 osd.4 op_wq(0) _process OpSchedulerItem(3.0s3 PGPeeringEvent(epoch_sent: 48 epoch_requested: 48 NullEvt) class_id 2immediate prio 255 cost 10 e48) queued
2026-02-11T23:33:41.895+0000 7f10f7594640 20 osd.4 op_wq(0) _process 3.0s3 to_process waiting <> waiting_peering {}
2026-02-11T23:33:41.895+0000 7f10f7594640 20 osd.4 op_wq(0) _process OpSchedulerItem(3.0s3 PGPeeringEvent(epoch_sent: 48 epoch_requested: 48 NullEvt) class_id 2immediate prio 255 cost 10 e48) pg 0x4938000
2026-02-11T23:33:41.895+0000 7f10f358c640 20 osd.4 op_wq(0) _process empty q, waiting
2026-02-11T23:33:41.895+0000 7f10f7594640 10 osd.4 pg_epoch: 47 pg[3.0s3( empty local-lis/les=46/47 n=0 ec=45/45 lis/c=46/46 les/c/f=47/47/0 sis=46) [0,2,3,4,5]p0(0) r=3 lpr=46 crt=0'0 active mbc={}] handle_advance_map: 48
2026-02-11T23:33:41.895+0000 7f10f7594640 20 osd.4:0.update_pg_epoch 3.0s3 47 -> 48
2026-02-11T23:33:41.895+0000 7f10f7594640 10 osd.4 pg_epoch: 47 pg[3.0s3( empty local-lis/les=46/47 n=0 ec=45/45 lis/c=46/46 les/c/f=47/47/0 sis=46) [0,2,3,4,5]p0(0) r=3 lpr=46 crt=0'0 active mbc={}] PeeringState::advance_map handle_advance_map [0,2,3,4,5]/[0,2,3,4,5] -- 0/0
2026-02-11T23:33:41.895+0000 7f10f358c640 20 osd.4 op_wq(0) _process 2.0s3 to_process <> waiting <> waiting_peering {}
2026-02-11T23:33:41.895+0000 7f10f358c640 20 osd.4 op_wq(0) _process OpSchedulerItem(2.0s3 PGPeeringEvent(epoch_sent: 48 epoch_requested: 48 NullEvt) class_id 2immediate prio 255 cost 10 e48) queued
2026-02-11T23:33:41.895+0000 7f10f358c640 20 osd.4 op_wq(0) _process 2.0s3 to_process waiting <> waiting_peering {}
2026-02-11T23:33:41.895+0000 7f10f7594640 10 osd.4 pg_epoch: 48 pg[3.0s3( empty local-lis/les=46/47 n=0 ec=45/45 lis/c=46/46 les/c/f=47/47/0 sis=46) [0,2,3,4,5]p0(0) r=3 lpr=46 crt=0'0 active mbc={}] state: Started advmap
2026-02-11T23:33:41.895+0000 7f10f358c640 20 osd.4 op_wq(0) _process OpSchedulerItem(2.0s3 PGPeeringEvent(epoch_sent: 48 epoch_requested: 48 NullEvt) class_id 2immediate prio 255 cost 10 e48) pg 0x49d3000
2026-02-11T23:33:41.895+0000 7f1100da7640 7 osd.4 48 activate_map version 48
2026-02-11T23:33:41.895+0000 7f10f7594640 10 osd.4 pg_epoch: 48 pg[3.0s3( empty local-lis/les=46/47 n=0 ec=45/45 lis/c=46/46 les/c/f=47/47/0 sis=46) [0,2,3,4,5]p0(0) r=3 lpr=46 crt=0'0 active mbc={}] check_recovery_sources no source osds () went down
2026-02-11T23:33:41.895+0000 7f10f7594640 10 osd.4 pg_epoch: 48 pg[3.0s3( empty local-lis/les=46/47 n=0 ec=45/45 lis/c=46/46 les/c/f=47/47/0 sis=46) [0,2,3,4,5]p0(0) r=3 lpr=46 crt=0'0 active mbc={}] plpg_on_pool_change
2026-02-11T23:33:41.895+0000 7f10f7594640 20 osd.4 pg_epoch: 48 pg[3.0s3( empty local-lis/les=46/47 n=0 ec=45/45 lis/c=46/46 les/c/f=47/47/0 sis=46) [0,2,3,4,5]p0(0) r=3 lpr=46 crt=0'0 active mbc={}] hit_set_clear
2026-02-11T23:33:41.895+0000 7f10f7594640 20 osd.4 pg_epoch: 48 pg[3.0s3( empty local-lis/les=46/47 n=0 ec=45/45 lis/c=46/46 les/c/f=47/47/0 sis=46) [0,2,3,4,5]p0(0) r=3 lpr=46 crt=0'0 active mbc={}] agent_stop
2026-02-11T23:33:41.895+0000 7f10f7d95640 20 osd.4 48 agent_entry empty queue
2026-02-11T23:33:41.895+0000 7f10f7594640 20 osd.4 48 advance_pg new pool opts old pool opts
2026-02-11T23:33:41.895+0000 7f10f7594640 10 osd.4 pg_epoch: 48 pg[3.0s3( empty local-lis/les=46/47 n=0 ec=45/45 lis/c=46/46 les/c/f=47/47/0 sis=46) [0,2,3,4,5]p0(0) r=3 lpr=46 crt=0'0 active mbc={}] handle_activate_map: epoch range: 48..48
2026-02-11T23:33:41.895+0000 7f10f358c640 10 osd.4 pg_epoch: 47 pg[2.0s3( empty local-lis/les=42/43 n=0 ec=41/41 lis/c=42/42 les/c/f=43/46/0 sis=42) [0,2,3,4,5]p0(0) r=3 lpr=42 crt=0'0 active mbc={}] handle_advance_map: 48
2026-02-11T23:33:41.895+0000 7f10f7594640 10 osd.4 pg_epoch: 48 pg[3.0s3( empty local-lis/les=46/47 n=0 ec=45/45 lis/c=46/46 les/c/f=47/47/0 sis=46) [0,2,3,4,5]p0(0) r=3 lpr=46 crt=0'0 active mbc={}] PeeringState::activate_map
2026-02-11T23:33:41.895+0000 7f10f358c640 20 osd.4:0.update_pg_epoch 2.0s3 47 -> 48
2026-02-11T23:33:41.895+0000 7f10f7594640 20 osd.4 pg_epoch: 48 pg[3.0s3( empty local-lis/les=46/47 n=0 ec=45/45 lis/c=46/46 les/c/f=47/47/0 sis=46) [0,2,3,4,5]p0(0) r=3 lpr=46 crt=0'0 active mbc={}] PeeringState::activate_map : Not dirtying info: last_persisted is 47 while current is 48
2026-02-11T23:33:41.895+0000 7f10f358c640 10 osd.4 pg_epoch: 47 pg[2.0s3( empty local-lis/les=42/43 n=0 ec=41/41 lis/c=42/42 les/c/f=43/46/0 sis=42) [0,2,3,4,5]p0(0) r=3 lpr=42 crt=0'0 active mbc={}] PeeringState::advance_map handle_advance_map [0,2,3,4,5]/[0,2,3,4,5] -- 0/0
2026-02-11T23:33:41.895+0000 7f10f7594640 10 log is not dirty
2026-02-11T23:33:41.895+0000 7f10f7594640 10 osd.4 pg_epoch: 48 pg[3.0s3( empty local-lis/les=46/47 n=0 ec=45/45 lis/c=46/46 les/c/f=47/47/0 sis=46) [0,2,3,4,5]p0(0) r=3 lpr=46 crt=0'0 active mbc={}] on_scrub_schedule_input_change: inactive, non-primary - or already scrubbing
2026-02-11T23:33:41.895+0000 7f10f7594640 10 osd.4 pg_epoch: 48 pg[3.0s3( empty local-lis/les=46/47 n=0 ec=45/45 lis/c=46/46 les/c/f=47/47/0 sis=46) [0,2,3,4,5]p0(0) r=3 lpr=46 crt=0'0 active mbc={}] do_peering_event: epoch_sent: 48 epoch_requested: 48 NullEvt
2026-02-11T23:33:41.895+0000 7f10f7594640 10 log is not dirty
2026-02-11T23:33:41.895+0000 7f10f7594640 20 osd.4 op_wq(0) _process empty q, waiting
2026-02-11T23:33:41.895+0000 7f10f358c640 10 osd.4 pg_epoch: 48 pg[2.0s3( empty local-lis/les=42/43 n=0 ec=41/41 lis/c=42/42 les/c/f=43/46/0 sis=42) [0,2,3,4,5]p0(0) r=3 lpr=42 crt=0'0 active mbc={}] state: Started advmap
2026-02-11T23:33:41.895+0000 7f10f358c640 10 osd.4 pg_epoch: 48 pg[2.0s3( empty local-lis/les=42/43 n=0 ec=41/41 lis/c=42/42 les/c/f=43/46/0 sis=42) [0,2,3,4,5]p0(0) r=3 lpr=42 crt=0'0 active mbc={}] check_recovery_sources no source osds () went down
2026-02-11T23:33:41.895+0000 7f10f358c640 20 osd.4 48 advance_pg new pool opts old pool opts
2026-02-11T23:33:41.895+0000 7f10f358c640 10 osd.4 pg_epoch: 48 pg[2.0s3( empty local-lis/les=42/43 n=0 ec=41/41 lis/c=42/42 les/c/f=43/46/0 sis=42) [0,2,3,4,5]p0(0) r=3 lpr=42 crt=0'0 active mbc={}] handle_activate_map: epoch range: 48..48
2026-02-11T23:33:41.895+0000 7f10f358c640 10 osd.4 pg_epoch: 48 pg[2.0s3( empty local-lis/les=42/43 n=0 ec=41/41 lis/c=42/42 les/c/f=43/46/0 sis=42) [0,2,3,4,5]p0(0) r=3 lpr=42 crt=0'0 active mbc={}] PeeringState::activate_map
2026-02-11T23:33:41.895+0000 7f10f358c640 20 osd.4 pg_epoch: 48 pg[2.0s3( empty local-lis/les=42/43 n=0 ec=41/41 lis/c=42/42 les/c/f=43/46/0 sis=42) [0,2,3,4,5]p0(0) r=3 lpr=42 crt=0'0 active mbc={}] PeeringState::activate_map : Not dirtying info: last_persisted is 46 while current is 48
2026-02-11T23:33:41.895+0000 7f10f358c640 10 log is not dirty
2026-02-11T23:33:41.895+0000 7f10f358c640 10 osd.4 pg_epoch: 48 pg[2.0s3( empty local-lis/les=42/43 n=0 ec=41/41 lis/c=42/42 les/c/f=43/46/0 sis=42) [0,2,3,4,5]p0(0) r=3 lpr=42 crt=0'0 active mbc={}] do_peering_event: epoch_sent: 48 epoch_requested: 48 NullEvt
2026-02-11T23:33:41.895+0000 7f10f358c640 10 log is not dirty
2026-02-11T23:33:41.895+0000 7f10f358c640 20 osd.4 op_wq(0) _process empty q, waiting
2026-02-11T23:33:41.900+0000 7f110afeb640 10 osd.4 48 tick
2026-02-11T23:33:41.900+0000 7f110afeb640 20 osd.4 48 tick last_purged_snaps_scrub
2026-02-11T23:33:30.133443+0000 next
2026-02-13T04:02:05.758443+0000
2026-02-11T23:33:42.041+0000 7f110a7ea640 10 osd.4 48 tick_without_osd_lock
2026-02-11T23:33:42.041+0000 7f110a7ea640 0 osd.4 48 set_statfs fake total 3686400 adjust available 3686400
2026-02-11T23:33:42.041+0000 7f110a7ea640 20 osd.4 osd-scrub:scrub_random_backoff: lost coin flip, randomly backing off (ratio: 0.660)
2026-02-11T23:33:42.041+0000 7f110a7ea640 15 osd.4 osd-scrub:restrictions_on_scrubbing: Lost on the dice. Regular scheduled scrubs are not permitted.
2026-02-11T23:33:42.041+0000 7f110a7ea640 20 osd.4 osd-scrub:scrub_time_permit: should run between 0 - 0 now 23 = yes
2026-02-11T23:33:42.041+0000 7f110a7ea640 20 osd.4 osd-scrub:scrub_load_below_threshold: loadavg per cpu 0.105 < max 2000.000 (#CPUs:24) = yes
2026-02-11T23:33:42.041+0000 7f110a7ea640 10 osd.4 osd-scrub:initiate_scrub: scrub scheduling (@tick) starts. time now:2026-02-11T23:33:42.042, recovery is active?:false restrictions:<.backoff...>
2026-02-11T23:33:42.041+0000 7f110a7ea640 20 osd.4 osd-scrub:initiate_scrub: no PGs are ready for scrubbing
2026-02-11T23:33:42.041+0000 7f110a7ea640 10 osd.4 48 promote_throttle_recalibrate 0 attempts, promoted 0 objects and 0 B; target 25 obj/sec or 5 MiB/sec
2026-02-11T23:33:42.041+0000 7f110a7ea640 20 osd.4 48 promote_throttle_recalibrate new_prob 1000
2026-02-11T23:33:42.041+0000 7f110a7ea640 10 osd.4 48 promote_throttle_recalibrate actual 0, actual/prob ratio 1, adjusted new_prob 1000, prob 1000 -> 1000
2026-02-11T23:33:42.041+0000 7f110a7ea640 20 osd.4 48 maybe_send_beacon beacon would be too frequent; skipping
2026-02-11T23:33:42.094+0000 7f1103b01640 10 monclient: tick
2026-02-11T23:33:42.094+0000 7f1103b01640 10 monclient: _check_auth_tickets
2026-02-11T23:33:42.094+0000 7f1103b01640 10 monclient: _check_auth_rotating renewing rotating keys (they expired before
2026-02-11T23:33:12.095398+0000)
2026-02-11T23:33:42.094+0000 7f1103b01640 20 monclient: _un_backoff reopen_interval_multipler now 1
2026-02-11T23:33:42.319+0000 7f1113ffd640 1 -- [v2:127.0.0.1:6840/859404577,v1:127.0.0.1:6841/859404577] <== osd.1 127.0.0.1:0/2900465789 4 ==== osd_ping(ping e48 up_from 9 ping_stamp
2026-02-11T23:33:42.320576+0000/21.103376389s send_stamp 21.103376389s delta_ub 7.876063347s) ==== 2033+0+0 (crc 0 0 0) 0x447be00 con 0x447c400
2026-02-11T23:33:42.319+0000 7f1113ffd640 20 osd.4 48 handle_osd_ping new stamps hbstamp(osd.1 up_from 9 peer_clock_delta [7.875672340s,7.876063347s])
2026-02-11T23:33:42.319+0000 7f1113ffd640 1 -- [v2:127.0.0.1:6840/859404577,v1:127.0.0.1:6841/859404577] --> 127.0.0.1:0/2900465789 -- osd_ping(ping_reply e48 up_from 24 ping_stamp
2026-02-11T23:33:42.320576+0000/21.103376389s send_stamp 13.227704048s delta_ub -7.875672340s) -- 0x4fbe480 con 0x447c400
2026-02-11T23:33:42.319+0000 7f1113ffd640 20 osd.4 48 get_con_osd_cluster to osd.1 from_epoch 48
2026-02-11T23:33:42.319+0000 7f1113ffd640 20 osd.4 48 get_nextmap_reserved map_reservations: {48=1}
2026-02-11T23:33:42.319+0000 7f1113ffd640 20 osd.4 48 release_map epoch: 48
2026-02-11T23:33:42.319+0000 7f1113ffd640 10 osd.4 48 maybe_share_map: con v2:127.0.0.1:6812/2900465789 our osdmap epoch of 48 is not newer than session's projected_epoch of 48
2026-02-11T23:33:42.319+0000 7f11127fa640 1 -- [v2:127.0.0.1:6838/859404577,v1:127.0.0.1:6839/859404577] <== osd.1 127.0.0.1:0/2900465789 4 ==== osd_ping(ping e48 up_from 9 ping_stamp
2026-02-11T23:33:42.320576+0000/21.103376389s send_stamp 21.103376389s delta_ub 7.876063347s) ==== 2033+0+0 (crc 0 0 0) 0x4fbe180 con 0x447c800
2026-02-11T23:33:42.319+0000 7f11127fa640 20 osd.4 48 handle_osd_ping new stamps hbstamp(osd.1 up_from 9 peer_clock_delta [7.875652313s,7.876063347s])
2026-02-11T23:33:42.319+0000 7f11127fa640 1 -- [v2:127.0.0.1:6838/859404577,v1:127.0.0.1:6839/859404577] --> 127.0.0.1:0/2900465789 -- osd_ping(ping_reply e48 up_from 24 ping_stamp
2026-02-11T23:33:42.320576+0000/21.103376389s send_stamp 13.227725029s delta_ub -7.875652313s) -- 0x447aa80 con 0x447c800
2026-02-11T23:33:42.319+0000 7f11127fa640 20 osd.4 48 get_con_osd_cluster to osd.1 from_epoch 48
2026-02-11T23:33:42.319+0000 7f11127fa640 20 osd.4 48 get_nextmap_reserved map_reservations: {48=1}
2026-02-11T23:33:42.319+0000 7f11127fa640 20 osd.4 48 release_map epoch: 48
2026-02-11T23:33:42.319+0000 7f11127fa640 10 osd.4 48 maybe_share_map: con v2:127.0.0.1:6812/2900465789 our osdmap epoch of 48 is not newer than session's projected_epoch of 48
2026-02-11T23:33:42.900+0000 7f11127fa640 1 -- [v2:127.0.0.1:6840/859404577,v1:127.0.0.1:6841/859404577] <== osd.3 127.0.0.1:0/12057035 4 ==== osd_ping(ping e48 up_from 19 ping_stamp
2026-02-11T23:33:42.901584+0000/16.303806305s send_stamp 16.303806305s delta_ub 2.495531797s) ==== 2033+0+0 (crc 0 0 0) 0x447aa80 con 0x4fe9000
2026-02-11T23:33:42.900+0000 7f11127fa640 20 osd.4 48 handle_osd_ping new stamps hbstamp(osd.3 up_from 19 peer_clock_delta [2.495199919s,2.495531797s])
2026-02-11T23:33:42.900+0000 7f11127fa640 1 -- [v2:127.0.0.1:6840/859404577,v1:127.0.0.1:6841/859404577] --> 127.0.0.1:0/12057035 -- osd_ping(ping_reply e48 up_from 24 ping_stamp
2026-02-11T23:33:42.901584+0000/16.303806305s send_stamp 13.808606148s delta_ub -2.495199919s) -- 0x4fbe180 con 0x4fe9000
2026-02-11T23:33:42.900+0000 7f11127fa640 20 osd.4 48 get_con_osd_cluster to osd.3 from_epoch 48
2026-02-11T23:33:42.900+0000 7f11127fa640 20 osd.4 48 get_nextmap_reserved map_reservations: {48=1}
2026-02-11T23:33:42.900+0000 7f11127fa640 20 osd.4 48 release_map epoch: 48
2026-02-11T23:33:42.900+0000 7f11127fa640 10 osd.4 48 maybe_share_map: con v2:127.0.0.1:6828/12057035 updating session's projected_epoch from 47 to ping map epoch of 48
2026-02-11T23:33:42.900+0000 7f11127fa640 10 osd.4 48 maybe_share_map: con v2:127.0.0.1:6828/12057035 our osdmap epoch of 48 is not newer than session's projected_epoch of 48
2026-02-11T23:33:42.900+0000 7f1113ffd640 1 -- [v2:127.0.0.1:6838/859404577,v1:127.0.0.1:6839/859404577] <== osd.3 127.0.0.1:0/12057035 4 ==== osd_ping(ping e48 up_from 19 ping_stamp
2026-02-11T23:33:42.901584+0000/16.303806305s send_stamp 16.303806305s delta_ub 2.495531797s) ==== 2033+0+0 (crc 0 0 0) 0x4fbe480 con 0x4fe8800
2026-02-11T23:33:42.900+0000 7f1113ffd640 20 osd.4 48 handle_osd_ping new stamps hbstamp(osd.3 up_from 19 peer_clock_delta [2.495099545s,2.495531797s])
2026-02-11T23:33:42.900+0000 7f1113ffd640 1 -- [v2:127.0.0.1:6838/859404577,v1:127.0.0.1:6839/859404577] --> 127.0.0.1:0/12057035 -- osd_ping(ping_reply e48 up_from 24 ping_stamp
2026-02-11T23:33:42.901584+0000/16.303806305s send_stamp 13.808706284s delta_ub -2.495099545s) -- 0x447be00 con 0x4fe8800
2026-02-11T23:33:42.900+0000 7f1113ffd640 20 osd.4 48 get_con_osd_cluster to osd.3 from_epoch 48
2026-02-11T23:33:42.900+0000 7f1113ffd640 20 osd.4 48 get_nextmap_reserved map_reservations: {48=1}
2026-02-11T23:33:42.900+0000 7f1113ffd640 20 osd.4 48 release_map epoch: 48
2026-02-11T23:33:42.900+0000 7f1113ffd640 10 osd.4 48 maybe_share_map: con v2:127.0.0.1:6828/12057035 our osdmap epoch of 48 is not newer than session's projected_epoch of 48
2026-02-11T23:33:42.946+0000 7f110afeb640 10 osd.4 48 tick
2026-02-11T23:33:42.946+0000 7f110afeb640 20 osd.4 48 tick last_purged_snaps_scrub
2026-02-11T23:33:30.133443+0000 next
2026-02-13T04:02:05.758443+0000
2026-02-11T23:33:42.995+0000 7f10ef584640 5 osd.4 48 heartbeat osd_stat(store_statfs(0x384000/0x0/0x384000, data 0x2915e/0x6b000, compress 0x0/0x0/0x0, omap 0x3194, meta 0x1a4ce6c), peers [0,1,2,3,5] op hist [])
2026-02-11T23:33:42.995+0000 7f10ef584640 20 osd.4 48 check_full_status cur ratio 0, physical ratio 0, new state none
2026-02-11T23:33:42.995+0000 7f10ef584640 1 -- 127.0.0.1:0/859404577 --> [v2:127.0.0.1:6806/283911389,v1:127.0.0.1:6807/283911389] -- osd_ping(ping e48 up_from 24 ping_stamp
2026-02-11T23:33:42.996593+0000/13.903468132s send_stamp 13.903468132s delta_ub -9.836649895s) -- 0x4fbea80 con 0x447d000
2026-02-11T23:33:42.995+0000 7f10ef584640 1 -- 127.0.0.1:0/859404577 --> [v2:127.0.0.1:6804/283911389,v1:127.0.0.1:6805/283911389] -- osd_ping(ping e48 up_from 24 ping_stamp
2026-02-11T23:33:42.996593+0000/13.903468132s send_stamp 13.903468132s delta_ub -9.836649895s) -- 0x43e5c80 con 0x447d400
2026-02-11T23:33:42.995+0000 7f10ef584640 1 -- 127.0.0.1:0/859404577 --> [v2:127.0.0.1:6816/2900465789,v1:127.0.0.1:6817/2900465789] -- osd_ping(ping e48 up_from 24 ping_stamp
2026-02-11T23:33:42.996593+0000/13.903468132s send_stamp 13.903468132s delta_ub -7.875652313s) -- 0x43e5980 con 0x3f9cc00
2026-02-11T23:33:42.995+0000 7f10ef584640 1 -- 127.0.0.1:0/859404577 --> [v2:127.0.0.1:6814/2900465789,v1:127.0.0.1:6815/2900465789] -- osd_ping(ping e48 up_from 24 ping_stamp
2026-02-11T23:33:42.996593+0000/13.903468132s send_stamp 13.903468132s delta_ub -7.875652313s) -- 0x447bb00 con 0x449e000
2026-02-11T23:33:42.995+0000 7f10ef584640 1 -- 127.0.0.1:0/859404577 --> [v2:127.0.0.1:6824/4284559951,v1:127.0.0.1:6825/4284559951] -- osd_ping(ping e48 up_from 24 ping_stamp
2026-02-11T23:33:42.996593+0000/13.903468132s send_stamp 13.903468132s delta_ub -5.214922905s) -- 0x447b980 con 0x3f9dc00
2026-02-11T23:33:42.995+0000 7f10ef584640 1 -- 127.0.0.1:0/859404577 --> [v2:127.0.0.1:6822/4284559951,v1:127.0.0.1:6823/4284559951] -- osd_ping(ping e48 up_from 24 ping_stamp
2026-02-11T23:33:42.996593+0000/13.903468132s send_stamp 13.903468132s delta_ub -5.214922905s) -- 0x447b380 con 0x3f9d000
2026-02-11T23:33:42.995+0000 7f10ef584640 1 -- 127.0.0.1:0/859404577 --> [v2:127.0.0.1:6832/12057035,v1:127.0.0.1:6833/12057035] -- osd_ping(ping e48 up_from 24 ping_stamp
2026-02-11T23:33:42.996593+0000/13.903468132s send_stamp 13.903468132s delta_ub -2.495099545s) -- 0x447a900 con 0x447d800
2026-02-11T23:33:42.995+0000 7f10ef584640 1 -- 127.0.0.1:0/859404577 --> [v2:127.0.0.1:6830/12057035,v1:127.0.0.1:6831/12057035] -- osd_ping(ping e48 up_from 24 ping_stamp
2026-02-11T23:33:42.996593+0000/13.903468132s send_stamp 13.903468132s delta_ub -2.495099545s) -- 0x447a180 con 0x3f9d400
2026-02-11T23:33:42.995+0000 7f11127fa640 1 -- 127.0.0.1:0/859404577 <== osd.1 v2:127.0.0.1:6816/2900465789 5 ==== osd_ping(ping_reply e48 up_from 9 ping_stamp
2026-02-11T23:33:42.996593+0000/13.903468132s send_stamp 21.779466629s delta_ub 7.875998020s) ==== 2033+0+0 (crc 0 0 0) 0x447b380 con 0x3f9cc00
2026-02-11T23:33:42.995+0000 7f10ef584640 1 -- 127.0.0.1:0/859404577 --> [v2:127.0.0.1:6848/2726138014,v1:127.0.0.1:6849/2726138014] -- osd_ping(ping e48 up_from 24 ping_stamp
2026-02-11T23:33:42.996593+0000/13.903468132s send_stamp 13.903468132s delta_ub 2.682286263s) -- 0x447a300 con 0x4994000
2026-02-11T23:33:42.995+0000 7f10ef584640 1 -- 127.0.0.1:0/859404577 --> [v2:127.0.0.1:6846/2726138014,v1:127.0.0.1:6847/2726138014] -- osd_ping(ping e48 up_from 24 ping_stamp
2026-02-11T23:33:42.996593+0000/13.903468132s send_stamp 13.903468132s delta_ub 2.682286263s) -- 0x447a600 con 0x4994400
2026-02-11T23:33:42.995+0000 7f11147fe640 1 -- 127.0.0.1:0/859404577 <== osd.0 v2:127.0.0.1:6806/283911389 5 ==== osd_ping(ping_reply e48 up_from 5 ping_stamp
2026-02-11T23:33:42.996593+0000/13.903468132s send_stamp 23.740234375s delta_ub 9.836765289s) ==== 2033+0+0 (crc 0 0 0) 0x447b980 con 0x447d000
2026-02-11T23:33:42.995+0000 7f11127fa640 20 osd.4 48 get_con_osd_cluster to osd.1 from_epoch 48
2026-02-11T23:33:42.995+0000 7f11127fa640 20 osd.4 48 get_nextmap_reserved map_reservations: {48=1}
2026-02-11T23:33:42.995+0000 7f11127fa640 20 osd.4 48 release_map epoch: 48
2026-02-11T23:33:42.995+0000 7f11127fa640 10 osd.4 48 maybe_share_map: con v2:127.0.0.1:6812/2900465789 our osdmap epoch of 48 is not newer than session's projected_epoch of 48
2026-02-11T23:33:42.995+0000 7f11127fa640 20 osd.4 48 handle_osd_ping new stamps hbstamp(osd.1 up_from 9 peer_clock_delta [7.875868320s,7.875998020s])
2026-02-11T23:33:42.995+0000 7f1113ffd640 1 -- 127.0.0.1:0/859404577 <== osd.1 v2:127.0.0.1:6814/2900465789 5 ==== osd_ping(ping_reply e48 up_from 9 ping_stamp
2026-02-11T23:33:42.996593+0000/13.903468132s send_stamp 21.779489517s delta_ub 7.876020432s) ==== 2033+0+0 (crc 0 0 0) 0x447a900 con 0x449e000
2026-02-11T23:33:42.995+0000 7f11147fe640 20 osd.4 48 get_con_osd_cluster to osd.0 from_epoch 48
2026-02-11T23:33:42.995+0000 7f11147fe640 20 osd.4 48 get_nextmap_reserved map_reservations: {48=1}
2026-02-11T23:33:42.995+0000 7f11147fe640 20 osd.4 48 release_map epoch: 48
2026-02-11T23:33:42.995+0000 7f11147fe640 10 osd.4 48 maybe_share_map: con v2:127.0.0.1:6802/283911389 updating session's projected_epoch from 47 to ping map epoch of 48
2026-02-11T23:33:42.995+0000 7f11147fe640 10 osd.4 48 maybe_share_map: con v2:127.0.0.1:6802/283911389 our osdmap epoch of 48 is not newer than session's projected_epoch of 48
2026-02-11T23:33:42.995+0000 7f11147fe640 20 osd.4 48 handle_osd_ping new stamps hbstamp(osd.0 up_from 5 peer_clock_delta [9.836627007s,9.836765289s])
2026-02-11T23:33:42.995+0000 7f1113ffd640 20 osd.4 48 get_con_osd_cluster to osd.1 from_epoch 48
2026-02-11T23:33:42.995+0000 7f1113ffd640 20 osd.4 48 get_nextmap_reserved map_reservations: {48=1}
2026-02-11T23:33:42.995+0000 7f1113ffd640 20 osd.4 48 release_map epoch: 48
2026-02-11T23:33:42.995+0000 7f11127fa640 1 -- 127.0.0.1:0/859404577 <== osd.0 v2:127.0.0.1:6804/283911389 5 ==== osd_ping(ping_reply e48 up_from 5 ping_stamp
2026-02-11T23:33:42.996593+0000/13.903468132s send_stamp 23.740266800s delta_ub 9.836798668s) ==== 2033+0+0 (crc 0 0 0) 0x447a600 con 0x447d400
2026-02-11T23:33:42.995+0000 7f1113ffd640 10 osd.4 48 maybe_share_map: con v2:127.0.0.1:6812/2900465789 our osdmap epoch of 48 is not newer than session's projected_epoch of 48
2026-02-11T23:33:42.995+0000 7f1113ffd640 20 osd.4 48 handle_osd_ping new stamps hbstamp(osd.1 up_from 9 peer_clock_delta [7.875868320s,7.876020432s])
2026-02-11T23:33:42.995+0000 7f11127fa640 20 osd.4 48 get_con_osd_cluster to osd.0 from_epoch 48
2026-02-11T23:33:42.995+0000 7f11147fe640 1 -- 127.0.0.1:0/859404577 <== osd.2 v2:127.0.0.1:6824/4284559951 5 ==== osd_ping(ping_reply e48 up_from 14 ping_stamp
2026-02-11T23:33:42.996593+0000/13.903468132s send_stamp 19.118722916s delta_ub 5.215254307s) ==== 2033+0+0 (crc 0 0 0) 0x447b200 con 0x3f9dc00
2026-02-11T23:33:42.995+0000 7f11127fa640 20 osd.4 48 get_nextmap_reserved map_reservations: {48=1}
2026-02-11T23:33:42.995+0000 7f11127fa640 20 osd.4 48 release_map epoch: 48
2026-02-11T23:33:42.995+0000 7f11127fa640 10 osd.4 48 maybe_share_map: con v2:127.0.0.1:6802/283911389 our osdmap epoch of 48 is not newer than session's projected_epoch of 48
2026-02-11T23:33:42.995+0000 7f11127fa640 20 osd.4 48 handle_osd_ping new stamps hbstamp(osd.0 up_from 5 peer_clock_delta [9.836616516s,9.836798668s])
2026-02-11T23:33:42.995+0000 7f1113ffd640 1 -- 127.0.0.1:0/859404577 <== osd.3 v2:127.0.0.1:6832/12057035 5 ==== osd_ping(ping_reply e48 up_from 19 ping_stamp
2026-02-11T23:33:42.996593+0000/13.903468132s send_stamp 16.398960114s delta_ub 2.495492697s) ==== 2033+0+0 (crc 0 0 0) 0x447a900 con 0x447d800
2026-02-11T23:33:42.995+0000 7f11147fe640 20 osd.4 48 get_con_osd_cluster to osd.2 from_epoch 48
2026-02-11T23:33:42.995+0000 7f11147fe640 20 osd.4 48 get_nextmap_reserved map_reservations: {48=1}
2026-02-11T23:33:42.995+0000 7f11147fe640 20 osd.4 48 release_map epoch: 48
2026-02-11T23:33:42.995+0000 7f11147fe640 10 osd.4 48 maybe_share_map: con v2:127.0.0.1:6820/4284559951 our osdmap epoch of 48 is not newer than session's projected_epoch of 48
2026-02-11T23:33:42.995+0000 7f11147fe640 20 osd.4 48 handle_osd_ping new stamps hbstamp(osd.2 up_from 14 peer_clock_delta [5.215058804s,5.215254307s])
2026-02-11T23:33:42.995+0000 7f11127fa640 1 -- 127.0.0.1:0/859404577 <== osd.2 v2:127.0.0.1:6822/4284559951 5 ==== osd_ping(ping_reply e48 up_from 14 ping_stamp
2026-02-11T23:33:42.996593+0000/13.903468132s send_stamp 19.118740082s delta_ub 5.215270996s) ==== 2033+0+0 (crc 0 0 0) 0x447a600 con 0x3f9d000
2026-02-11T23:33:42.995+0000 7f11127fa640 20 osd.4 48 get_con_osd_cluster to osd.2 from_epoch 48
2026-02-11T23:33:42.995+0000 7f11127fa640 20 osd.4 48 get_nextmap_reserved map_reservations: {48=1}
2026-02-11T23:33:42.995+0000 7f11127fa640 20 osd.4 48 release_map epoch: 48
2026-02-11T23:33:42.995+0000 7f11127fa640 10 osd.4 48 maybe_share_map: con v2:127.0.0.1:6820/4284559951 our osdmap epoch of 48 is not newer than session's projected_epoch of 48
2026-02-11T23:33:42.995+0000 7f11127fa640 20 osd.4 48 handle_osd_ping new stamps hbstamp(osd.2 up_from 14 peer_clock_delta [5.215066910s,5.215270996s])
2026-02-11T23:33:42.995+0000 7f1113ffd640 20 osd.4 48 get_con_osd_cluster to osd.3 from_epoch 48
2026-02-11T23:33:42.995+0000 7f1113ffd640 20 osd.4 48 get_nextmap_reserved map_reservations: {48=1}
2026-02-11T23:33:42.995+0000 7f1113ffd640 20 osd.4 48 release_map epoch: 48
2026-02-11T23:33:42.995+0000 7f11127fa640 1 -- 127.0.0.1:0/859404577 <== osd.5 v2:127.0.0.1:6846/2726138014 4 ==== osd_ping(ping_reply e48 up_from 28 ping_stamp
2026-02-11T23:33:42.996593+0000/13.903468132s send_stamp 11.221508980s delta_ub -2.681959152s) ==== 2033+0+0 (crc 0 0 0) 0x447a600 con 0x4994400
2026-02-11T23:33:42.995+0000 7f1113ffd640 10 osd.4 48 maybe_share_map: con v2:127.0.0.1:6828/12057035 our osdmap epoch of 48 is not newer than session's projected_epoch of 48
2026-02-11T23:33:42.995+0000 7f1113ffd640 20 osd.4 48 handle_osd_ping new stamps hbstamp(osd.3 up_from 19 peer_clock_delta [2.495278358s,2.495492697s])
2026-02-11T23:33:42.995+0000 7f11127fa640 20 osd.4 48 get_con_osd_cluster to osd.5 from_epoch 48
2026-02-11T23:33:42.995+0000 7f11127fa640 20 osd.4 48 get_nextmap_reserved map_reservations: {48=1}
2026-02-11T23:33:42.995+0000 7f11127fa640 20 osd.4 48 release_map epoch: 48
2026-02-11T23:33:42.995+0000 7f11127fa640 10 osd.4 48 maybe_share_map: con v2:127.0.0.1:6844/2726138014 our osdmap epoch of 48 is not newer than session's projected_epoch of 48
2026-02-11T23:33:42.995+0000 7f11127fa640 20 osd.4 48 handle_osd_ping new stamps hbstamp(osd.5 up_from 28 peer_clock_delta [-2.682188034s,-2.681959152s])
2026-02-11T23:33:42.995+0000 7f11147fe640 1 -- 127.0.0.1:0/859404577 <== osd.3 v2:127.0.0.1:6830/12057035 5 ==== osd_ping(ping_reply e48 up_from 19 ping_stamp
2026-02-11T23:33:42.996593+0000/13.903468132s send_stamp 16.399000168s delta_ub 2.495532751s) ==== 2033+0+0 (crc 0 0 0) 0x447b200 con 0x3f9d400
2026-02-11T23:33:42.995+0000 7f11147fe640 20 osd.4 48 get_con_osd_cluster to osd.3 from_epoch 48
2026-02-11T23:33:42.995+0000 7f11147fe640 20 osd.4 48 get_nextmap_reserved map_reservations: {48=1}
2026-02-11T23:33:42.995+0000 7f11147fe640 20 osd.4 48 release_map epoch: 48
2026-02-11T23:33:42.995+0000 7f11147fe640 10 osd.4 48 maybe_share_map: con v2:127.0.0.1:6828/12057035 our osdmap epoch of 48 is not newer than session's projected_epoch of 48
2026-02-11T23:33:42.995+0000 7f11147fe640 20 osd.4 48 handle_osd_ping new stamps hbstamp(osd.3 up_from 19 peer_clock_delta [2.495293856s,2.495532751s])
2026-02-11T23:33:42.995+0000 7f11147fe640 1 -- 127.0.0.1:0/859404577 <== osd.5 v2:127.0.0.1:6848/2726138014 4 ==== osd_ping(ping_reply e48 up_from 28 ping_stamp
2026-02-11T23:33:42.996593+0000/13.903468132s send_stamp 11.221530914s delta_ub -2.681937218s) ==== 2033+0+0 (crc 0 0 0) 0x447b200 con 0x4994000
2026-02-11T23:33:42.995+0000 7f11147fe640 20 osd.4 48 get_con_osd_cluster to osd.5 from_epoch 48
2026-02-11T23:33:42.995+0000 7f11147fe640 20 osd.4 48 get_nextmap_reserved map_reservations: {48=1}
2026-02-11T23:33:42.995+0000 7f11147fe640 20 osd.4 48 release_map epoch: 48
2026-02-11T23:33:42.995+0000 7f11147fe640 10 osd.4 48 maybe_share_map: con v2:127.0.0.1:6844/2726138014 our osdmap epoch of 48 is not newer than session's projected_epoch of 48
2026-02-11T23:33:42.995+0000 7f11147fe640 20 osd.4 48 handle_osd_ping new stamps hbstamp(osd.5 up_from 28 peer_clock_delta [-2.682194948s,-2.681937218s])
2026-02-11T23:33:43.076+0000 7f110a7ea640 10 osd.4 48 tick_without_osd_lock
2026-02-11T23:33:43.076+0000 7f110a7ea640 0 osd.4 48 set_statfs fake total 3686400 adjust available 3686400
2026-02-11T23:33:43.076+0000 7f110a7ea640 20 osd.4 osd-scrub:scrub_random_backoff: lost coin flip, randomly backing off (ratio: 0.660)
2026-02-11T23:33:43.076+0000 7f110a7ea640 15 osd.4 osd-scrub:restrictions_on_scrubbing: Lost on the dice. Regular scheduled scrubs are not permitted.
2026-02-11T23:33:43.076+0000 7f110a7ea640 20 osd.4 osd-scrub:scrub_time_permit: should run between 0 - 0 now 23 = yes
2026-02-11T23:33:43.076+0000 7f110a7ea640 20 osd.4 osd-scrub:scrub_load_below_threshold: loadavg per cpu 0.105 < max 2000.000 (#CPUs:24) = yes
2026-02-11T23:33:43.076+0000 7f110a7ea640 10 osd.4 osd-scrub:initiate_scrub: scrub scheduling (@tick) starts. time now:2026-02-11T23:33:43.078, recovery is active?:false restrictions:<.backoff...>
2026-02-11T23:33:43.076+0000 7f110a7ea640 20 osd.4 osd-scrub:initiate_scrub: no PGs are ready for scrubbing
2026-02-11T23:33:43.076+0000 7f110a7ea640 10 osd.4 48 promote_throttle_recalibrate 0 attempts, promoted 0 objects and 0 B; target 25 obj/sec or 5 MiB/sec
2026-02-11T23:33:43.076+0000 7f110a7ea640 20 osd.4 48 promote_throttle_recalibrate new_prob 1000
2026-02-11T23:33:43.076+0000 7f110a7ea640 10 osd.4 48 promote_throttle_recalibrate actual 0, actual/prob ratio 1, adjusted new_prob 1000, prob 1000 -> 1000
2026-02-11T23:33:43.076+0000 7f110a7ea640 20 osd.4 48 maybe_send_beacon beacon would be too frequent; skipping
2026-02-11T23:33:43.094+0000 7f1103b01640 10 monclient: tick
2026-02-11T23:33:43.094+0000 7f1103b01640 10 monclient: _check_auth_tickets
2026-02-11T23:33:43.094+0000 7f1103b01640 10 monclient: _check_auth_rotating renewing rotating keys (they expired before
2026-02-11T23:33:13.095446+0000)
