2026-02-11T23:33:56.548+0000 7f10f7594640 10 osd.4 48 dequeue_op MOSDECSubOpWrite(2.0s3 48/42 ECSubWrite(tid=48, reqid=client.4881.0:1, at_version=48'13, trim_to=0'0, pg_committed_to=48'12)) v2 prio 127 cost 0 latency 0.000039 MOSDECSubOpWrite(2.0s3 48/42 ECSubWrite(tid=48, reqid=client.4881.0:1, at_version=48'13, trim_to=0'0, pg_committed_to=48'12)) v2 pg pg[2.0s3( v 48'12 (0'0,48'12] local-lis/les=42/43 n=12 ec=41/41 lis/c=42/42 les/c/f=43/46/0 sis=42) [0,2,3,4,5]p0(0) r=3 lpr=42 crt=48'12 active mbc={}]
2026-02-11T23:33:56.548+0000 7f10f7594640 10 osd.4 48 maybe_share_map: con v2:127.0.0.1:6802/283911389 our osdmap epoch of 48 is not newer than session's projected_epoch of 48
2026-02-11T23:33:56.548+0000 7f10f358c640 20 osd.4 op_wq(0) _process empty q, waiting
2026-02-11T23:33:56.548+0000 7f10f7594640 10 osd.4 pg_epoch: 48 pg[2.0s3( v 48'12 (0'0,48'12] local-lis/les=42/43 n=12 ec=41/41 lis/c=42/42 les/c/f=43/46/0 sis=42) [0,2,3,4,5]p0(0) r=3 lpr=42 crt=48'12 active mbc={}] ECBackendL _handle_message: MOSDECSubOpWrite(2.0s3 48/42 ECSubWrite(tid=48, reqid=client.4881.0:1, at_version=48'13, trim_to=0'0, pg_committed_to=48'12)) v2
2026-02-11T23:33:56.548+0000 7f10f7594640 10 osd.4 pg_epoch: 48 pg[2.0s3( v 48'12 (0'0,48'12] local-lis/les=42/43 n=13 ec=41/41 lis/c=42/42 les/c/f=43/46/0 sis=42) [0,2,3,4,5]p0(0) r=3 lpr=42 crt=48'12 active mbc={}] PeeringState::append_log append_log log((0'0,48'12], crt=48'12) [48'13 (0'0) modify 2:eaa00e44:::obj13-1:head by client.4881.0:1
2026-02-11T23:33:56.549326+0000 0 ObjectCleanRegions clean_offsets: [12288~18446744073709539327], clean_omap: true, new_object: false]
2026-02-11T23:33:56.548+0000 7f10f7594640 10 osd.4 pg_epoch: 48 pg[2.0s3( v 48'13 (0'0,48'13] local-lis/les=42/43 n=13 ec=41/41 lis/c=42/42 les/c/f=43/46/0 sis=42) [0,2,3,4,5]p0(0) r=3 lpr=42 pct=48'12 lua=48'12 crt=48'12 lcod 48'12 active mbc={}] PeeringState::append_log approx pg log length = 13
2026-02-11T23:33:56.548+0000 7f10f7594640 10 osd.4 pg_epoch: 48 pg[2.0s3( v 48'13 (0'0,48'13] local-lis/les=42/43 n=13 ec=41/41 lis/c=42/42 les/c/f=43/46/0 sis=42) [0,2,3,4,5]p0(0) r=3 lpr=42 pct=48'12 lua=48'12 crt=48'12 lcod 48'12 active mbc={}] PeeringState::append_log dups pg log length = 0
2026-02-11T23:33:56.548+0000 7f10f7594640 10 osd.4 pg_epoch: 48 pg[2.0s3( v 48'13 (0'0,48'13] local-lis/les=42/43 n=13 ec=41/41 lis/c=42/42 les/c/f=43/46/0 sis=42) [0,2,3,4,5]p0(0) r=3 lpr=42 pct=48'12 lua=48'12 crt=48'12 lcod 48'12 active mbc={}] PeeringState::append_log transaction_applied = 1
2026-02-11T23:33:56.548+0000 7f10f7594640 10 trim proposed trim_to = 0'0
2026-02-11T23:33:56.548+0000 7f10f7594640 6 write_log_and_missing with: dirty_to: 0'0, dirty_from: 4294967295'18446744073709551615, writeout_from: 48'13, trimmed: , trimmed_dups: , clear_divergent_priors: 0
2026-02-11T23:33:56.548+0000 7f10f7594640 10 _write_log_and_missing clearing up to 0'0 dirty_to_dups=0'0 dirty_from_dups=4294967295'18446744073709551615 write_from_dups=4294967295'18446744073709551615 trimmed_dups.size()=0
2026-02-11T23:33:56.548+0000 7f10f7594640 10 _write_log_and_missing going to encode log.dups.size()=0
2026-02-11T23:33:56.548+0000 7f10f7594640 10 _write_log_and_missing 1st round encoded log.dups.size()=0
2026-02-11T23:33:56.548+0000 7f10f7594640 10 _write_log_and_missing 2st round encoded log.dups.size()=0
2026-02-11T23:33:56.548+0000 7f10f7594640 10 end of _write_log_and_missing
2026-02-11T23:33:56.548+0000 7f10f7594640 10 osd.4 pg_epoch: 48 pg[2.0s3( v 48'13 (0'0,48'13] local-lis/les=42/43 n=13 ec=41/41 lis/c=42/42 les/c/f=43/46/0 sis=42) [0,2,3,4,5]p0(0) r=3 lpr=42 pct=48'12 lua=48'12 crt=48'12 lcod 48'12 active mbc={}] op_applied version 48'13
2026-02-11T23:33:56.548+0000 7f10f7594640 10 osd.4 48 dequeue_op MOSDECSubOpWrite(2.0s3 48/42 ECSubWrite(tid=48, reqid=client.4881.0:1, at_version=48'13, trim_to=0'0, pg_committed_to=48'12)) v2 finish latency 0.000060
2026-02-11T23:33:56.548+0000 7f10f7594640 20 osd.4 op_wq(0) _process empty q, waiting
2026-02-11T23:33:56.548+0000 7f10f358c640 20 osd.4 op_wq(0) _process empty q, waiting
2026-02-11T23:33:56.548+0000 7f10f7594640 20 osd.4 pg_epoch: 48 pg[2.0s3( v 48'13 (0'0,48'13] local-lis/les=42/43 n=13 ec=41/41 lis/c=42/42 les/c/f=43/46/0 sis=42) [0,2,3,4,5]p0(0) r=3 lpr=42 pct=48'12 crt=48'12 lcod 48'12 active mbc={}] PeeringState::update_last_complete_ondisk updating last_complete_ondisk to: 48'13
2026-02-11T23:33:56.548+0000 7f10f7594640 20 osd.4 48 send_message_osd_cluster MOSDECSubOpWriteReply to osd.0 from_epoch 48
2026-02-11T23:33:56.548+0000 7f10f7594640 20 osd.4 48 get_nextmap_reserved map_reservations: {48=1}
2026-02-11T23:33:56.548+0000 7f10f7594640 10 osd.4 48 maybe_share_map: con v2:127.0.0.1:6802/283911389 our osdmap epoch of 48 is not newer than session's projected_epoch of 48
2026-02-11T23:33:56.548+0000 7f10f7594640 1 -- [v2:127.0.0.1:6836/859404577,v1:127.0.0.1:6837/859404577] --> [v2:127.0.0.1:6802/283911389,v1:127.0.0.1:6803/283911389] -- MOSDECSubOpWriteReply(2.0s0 48/42 ECSubWriteReply(tid=48, last_complete=48'13, committed=1, applied=1)) -- 0x4bcf200 con 0x4fe9c00
2026-02-11T23:33:56.548+0000 7f10f7594640 20 osd.4 48 release_map epoch: 48
2026-02-11T23:33:56.548+0000 7f10f7594640 20 osd.4 op_wq(0) _process empty q, waiting
2026-02-11T23:33:56.549+0000 7f11127fa640 1 -- [v2:127.0.0.1:6836/859404577,v1:127.0.0.1:6837/859404577] <== osd.0 v2:127.0.0.1:6802/283911389 71 ==== MOSDECSubOpWrite(2.0s3 48/42 ECSubWrite(tid=49, reqid=client.4881.0:1, at_version=0'0, trim_to=0'0, pg_committed_to=48'13)) ==== 969+0+0 (crc 0 0 0) 0x5441800 con 0x4fe9c00
2026-02-11T23:33:56.549+0000 7f11127fa640 15 osd.4 48 enqueue_op MOSDECSubOpWrite(2.0s3 48/42 ECSubWrite(tid=49, reqid=client.4881.0:1, at_version=0'0, trim_to=0'0, pg_committed_to=48'13)) v2 prio 127 type 108 cost 0 latency 0.000006 epoch 48
2026-02-11T23:33:56.549+0000 7f11127fa640 20 osd.4 op_wq(0) _enqueue OpSchedulerItem(2.0s3 PGOpItem(op=MOSDECSubOpWrite(2.0s3 48/42 ECSubWrite(tid=49, reqid=client.4881.0:1, at_version=0'0, trim_to=0'0, pg_committed_to=48'13)) v2) class_id 2 prio 127 cost 0 e48)
2026-02-11T23:33:56.549+0000 7f10f358c640 20 osd.4 op_wq(0) _process 2.0s3 to_process <> waiting <> waiting_peering {}
2026-02-11T23:33:56.549+0000 7f10f358c640 20 osd.4 op_wq(0) _process OpSchedulerItem(2.0s3 PGOpItem(op=MOSDECSubOpWrite(2.0s3 48/42 ECSubWrite(tid=49, reqid=client.4881.0:1, at_version=0'0, trim_to=0'0, pg_committed_to=48'13)) v2) class_id 2immediate prio 127 cost 0 e48) queued
2026-02-11T23:33:56.549+0000 7f10f358c640 20 osd.4 op_wq(0) _process 2.0s3 to_process waiting <> waiting_peering {}
2026-02-11T23:33:56.549+0000 7f10f358c640 20 osd.4 op_wq(0) _process OpSchedulerItem(2.0s3 PGOpItem(op=MOSDECSubOpWrite(2.0s3 48/42 ECSubWrite(tid=49, reqid=client.4881.0:1, at_version=0'0, trim_to=0'0, pg_committed_to=48'13)) v2) class_id 2immediate prio 127 cost 0 e48) pg 0x49d3000
2026-02-11T23:33:56.549+0000 7f10f358c640 10 osd.4 48 dequeue_op MOSDECSubOpWrite(2.0s3 48/42 ECSubWrite(tid=49, reqid=client.4881.0:1, at_version=0'0, trim_to=0'0, pg_committed_to=48'13)) v2 prio 127 cost 0 latency 0.000021 MOSDECSubOpWrite(2.0s3 48/42 ECSubWrite(tid=49, reqid=client.4881.0:1, at_version=0'0, trim_to=0'0, pg_committed_to=48'13)) v2 pg pg[2.0s3( v 48'13 (0'0,48'13] local-lis/les=42/43 n=13 ec=41/41 lis/c=42/42 les/c/f=43/46/0 sis=42) [0,2,3,4,5]p0(0) r=3 lpr=42 pct=48'12 crt=48'12 active mbc={}]
2026-02-11T23:33:56.549+0000 7f10f358c640 10 osd.4 48 maybe_share_map: con v2:127.0.0.1:6802/283911389 our osdmap epoch of 48 is not newer than session's projected_epoch of 48
2026-02-11T23:33:56.549+0000 7f10f7594640 20 osd.4 op_wq(0) _process empty q, waiting
2026-02-11T23:33:56.549+0000 7f10f358c640 10 osd.4 pg_epoch: 48 pg[2.0s3( v 48'13 (0'0,48'13] local-lis/les=42/43 n=13 ec=41/41 lis/c=42/42 les/c/f=43/46/0 sis=42) [0,2,3,4,5]p0(0) r=3 lpr=42 pct=48'12 crt=48'12 active mbc={}] ECBackendL _handle_message: MOSDECSubOpWrite(2.0s3 48/42 ECSubWrite(tid=49, reqid=client.4881.0:1, at_version=0'0, trim_to=0'0, pg_committed_to=48'13)) v2
2026-02-11T23:33:56.549+0000 7f10f358c640 10 osd.4 pg_epoch: 48 pg[2.0s3( v 48'13 (0'0,48'13] local-lis/les=42/43 n=13 ec=41/41 lis/c=42/42 les/c/f=43/46/0 sis=42) [0,2,3,4,5]p0(0) r=3 lpr=42 pct=48'12 crt=48'12 active mbc={}] PeeringState::append_log append_log log((0'0,48'13], crt=48'12) []
2026-02-11T23:33:56.549+0000 7f10f358c640 20 osd.4 pg_epoch: 48 pg[2.0s3( v 48'13 (0'0,48'13] local-lis/les=42/43 n=13 ec=41/41 lis/c=42/42 les/c/f=43/46/0 sis=42) [0,2,3,4,5]p0(0) r=3 lpr=42 pct=48'12 crt=48'13 active mbc={}] rollforward: entry=48'13 (0'0) modify 2:eaa00e44:::obj13-1:head by client.4881.0:1
2026-02-11T23:33:56.549326+0000 0 ObjectCleanRegions clean_offsets: [12288~18446744073709539327], clean_omap: true, new_object: false
2026-02-11T23:33:56.549+0000 7f10f358c640 10 osd.4 pg_epoch: 48 pg[2.0s3( v 48'13 (0'0,48'13] local-lis/les=42/43 n=13 ec=41/41 lis/c=42/42 les/c/f=43/46/0 sis=42) [0,2,3,4,5]p0(0) r=3 lpr=42 pct=48'12 crt=48'13 active mbc={}] PeeringState::append_log approx pg log length = 13
2026-02-11T23:33:56.549+0000 7f10f358c640 10 osd.4 pg_epoch: 48 pg[2.0s3( v 48'13 (0'0,48'13] local-lis/les=42/43 n=13 ec=41/41 lis/c=42/42 les/c/f=43/46/0 sis=42) [0,2,3,4,5]p0(0) r=3 lpr=42 pct=48'12 crt=48'13 active mbc={}] PeeringState::append_log dups pg log length = 0
2026-02-11T23:33:56.549+0000 7f10f358c640 10 osd.4 pg_epoch: 48 pg[2.0s3( v 48'13 (0'0,48'13] local-lis/les=42/43 n=13 ec=41/41 lis/c=42/42 les/c/f=43/46/0 sis=42) [0,2,3,4,5]p0(0) r=3 lpr=42 pct=48'12 crt=48'13 active mbc={}] PeeringState::append_log transaction_applied = 1
2026-02-11T23:33:56.549+0000 7f10f358c640 10 trim proposed trim_to = 0'0
2026-02-11T23:33:56.549+0000 7f10f358c640 6 write_log_and_missing with: dirty_to: 0'0, dirty_from: 4294967295'18446744073709551615, writeout_from: 4294967295'18446744073709551615, trimmed: , trimmed_dups: , clear_divergent_priors: 0
2026-02-11T23:33:56.549+0000 7f10f358c640 10 _write_log_and_missing clearing up to 0'0 dirty_to_dups=0'0 dirty_from_dups=4294967295'18446744073709551615 write_from_dups=4294967295'18446744073709551615 trimmed_dups.size()=0
2026-02-11T23:33:56.549+0000 7f10f358c640 10 _write_log_and_missing going to encode log.dups.size()=0
2026-02-11T23:33:56.549+0000 7f10f358c640 10 _write_log_and_missing 1st round encoded log.dups.size()=0
2026-02-11T23:33:56.549+0000 7f10f358c640 10 _write_log_and_missing 2st round encoded log.dups.size()=0
2026-02-11T23:33:56.549+0000 7f10f358c640 10 end of _write_log_and_missing
2026-02-11T23:33:56.549+0000 7f10f358c640 10 osd.4 48 dequeue_op MOSDECSubOpWrite(2.0s3 48/42 ECSubWrite(tid=49, reqid=client.4881.0:1, at_version=0'0, trim_to=0'0, pg_committed_to=48'13)) v2 finish latency 0.000035
2026-02-11T23:33:56.549+0000 7f10f358c640 20 osd.4 op_wq(0) _process empty q, waiting
2026-02-11T23:33:56.549+0000 7f10f358c640 20 osd.4 op_wq(0) _process empty q, waiting
2026-02-11T23:33:56.549+0000 7f10f7594640 20 osd.4 pg_epoch: 48 pg[2.0s3( v 48'13 (0'0,48'13] local-lis/les=42/43 n=13 ec=41/41 lis/c=42/42 les/c/f=43/46/0 sis=42) [0,2,3,4,5]p0(0) r=3 lpr=42 crt=48'13 active mbc={}] PeeringState::update_last_complete_ondisk updating last_complete_ondisk to: 48'13
2026-02-11T23:33:56.549+0000 7f10f7594640 20 osd.4 48 send_message_osd_cluster MOSDECSubOpWriteReply to osd.0 from_epoch 48
2026-02-11T23:33:56.549+0000 7f10f7594640 20 osd.4 48 get_nextmap_reserved map_reservations: {48=1}
2026-02-11T23:33:56.549+0000 7f10f7594640 10 osd.4 48 maybe_share_map: con v2:127.0.0.1:6802/283911389 our osdmap epoch of 48 is not newer than session's projected_epoch of 48
2026-02-11T23:33:56.549+0000 7f10f7594640 1 -- [v2:127.0.0.1:6836/859404577,v1:127.0.0.1:6837/859404577] --> [v2:127.0.0.1:6802/283911389,v1:127.0.0.1:6803/283911389] -- MOSDECSubOpWriteReply(2.0s0 48/42 ECSubWriteReply(tid=49, last_complete=48'13, committed=1, applied=1)) -- 0x4bcf380 con 0x4fe9c00
2026-02-11T23:33:56.549+0000 7f10f7594640 20 osd.4 48 release_map epoch: 48
2026-02-11T23:33:56.549+0000 7f10f7594640 20 osd.4 op_wq(0) _process empty q, waiting
2026-02-11T23:33:56.566+0000 7f11127fa640 1 -- [v2:127.0.0.1:6836/859404577,v1:127.0.0.1:6837/859404577] <== osd.0 v2:127.0.0.1:6802/283911389 72 ==== MOSDECSubOpWrite(3.0s3 48/46 ECSubWrite(tid=50, reqid=client.4884.0:1, at_version=48'13, trim_to=0'0, pg_committed_to=48'12)) ==== 1617+0+4484 (crc 0 0 0) 0x435b000 con 0x4fe9c00
2026-02-11T23:33:56.566+0000 7f11127fa640 15 osd.4 48 enqueue_op MOSDECSubOpWrite(3.0s3 48/46 ECSubWrite(tid=50, reqid=client.4884.0:1, at_version=48'13, trim_to=0'0, pg_committed_to=48'12)) v2 prio 127 type 108 cost 0 latency 0.000022 epoch 48
2026-02-11T23:33:56.566+0000 7f11127fa640 20 osd.4 op_wq(0) _enqueue OpSchedulerItem(3.0s3 PGOpItem(op=MOSDECSubOpWrite(3.0s3 48/46 ECSubWrite(tid=50, reqid=client.4884.0:1, at_version=48'13, trim_to=0'0, pg_committed_to=48'12)) v2) class_id 2 prio 127 cost 0 e48)
2026-02-11T23:33:56.566+0000 7f10f358c640 20 osd.4 op_wq(0) _process 3.0s3 to_process <> waiting <> waiting_peering {}
2026-02-11T23:33:56.566+0000 7f10f358c640 20 osd.4 op_wq(0) _process OpSchedulerItem(3.0s3 PGOpItem(op=MOSDECSubOpWrite(3.0s3 48/46 ECSubWrite(tid=50, reqid=client.4884.0:1, at_version=48'13, trim_to=0'0, pg_committed_to=48'12)) v2) class_id 2immediate prio 127 cost 0 e48) queued
2026-02-11T23:33:56.566+0000 7f10f358c640 20 osd.4 op_wq(0) _process 3.0s3 to_process waiting <> waiting_peering {}
2026-02-11T23:33:56.566+0000 7f10f358c640 20 osd.4 op_wq(0) _process OpSchedulerItem(3.0s3 PGOpItem(op=MOSDECSubOpWrite(3.0s3 48/46 ECSubWrite(tid=50, reqid=client.4884.0:1, at_version=48'13, trim_to=0'0, pg_committed_to=48'12)) v2) class_id 2immediate prio 127 cost 0 e48) pg 0x4938000
2026-02-11T23:33:56.566+0000 7f10f7594640 20 osd.4 op_wq(0) _process empty q, waiting
2026-02-11T23:33:56.566+0000 7f10f358c640 10 osd.4 48 dequeue_op MOSDECSubOpWrite(3.0s3 48/46 ECSubWrite(tid=50, reqid=client.4884.0:1, at_version=48'13, trim_to=0'0, pg_committed_to=48'12)) v2 prio 127 cost 0 latency 0.000043 MOSDECSubOpWrite(3.0s3 48/46 ECSubWrite(tid=50, reqid=client.4884.0:1, at_version=48'13, trim_to=0'0, pg_committed_to=48'12)) v2 pg pg[3.0s3( v 48'12 (0'0,48'12] local-lis/les=46/47 n=12 ec=45/45 lis/c=46/46 les/c/f=47/47/0 sis=46) [0,2,3,4,5]p0(0) r=3 lpr=46 crt=48'12 active mbc={}]
2026-02-11T23:33:56.566+0000 7f10f358c640 10 osd.4 48 maybe_share_map: con v2:127.0.0.1:6802/283911389 our osdmap epoch of 48 is not newer than session's projected_epoch of 48
2026-02-11T23:33:56.566+0000 7f10f358c640 10 osd.4 pg_epoch: 48 pg[3.0s3( v 48'12 (0'0,48'12] local-lis/les=46/47 n=12 ec=45/45 lis/c=46/46 les/c/f=47/47/0 sis=46) [0,2,3,4,5]p0(0) r=3 lpr=46 crt=48'12 active mbc={}] ECBackendL _handle_message: MOSDECSubOpWrite(3.0s3 48/46 ECSubWrite(tid=50, reqid=client.4884.0:1, at_version=48'13, trim_to=0'0, pg_committed_to=48'12)) v2
2026-02-11T23:33:56.566+0000 7f10f358c640 10 osd.4 pg_epoch: 48 pg[3.0s3( v 48'12 (0'0,48'12] local-lis/les=46/47 n=13 ec=45/45 lis/c=46/46 les/c/f=47/47/0 sis=46) [0,2,3,4,5]p0(0) r=3 lpr=46 crt=48'12 active mbc={}] PeeringState::append_log append_log log((0'0,48'12], crt=48'12) [48'13 (0'0) modify 3:519370c2:::obj13-2:head by client.4884.0:1
2026-02-11T23:33:56.567573+0000 0 ObjectCleanRegions clean_offsets: [12288~18446744073709539327], clean_omap: true, new_object: false]
2026-02-11T23:33:56.566+0000 7f10f358c640 10 osd.4 pg_epoch: 48 pg[3.0s3( v 48'13 (0'0,48'13] local-lis/les=46/47 n=13 ec=45/45 lis/c=46/46 les/c/f=47/47/0 sis=46) [0,2,3,4,5]p0(0) r=3 lpr=46 pct=48'12 lua=48'12 crt=48'12 lcod 48'12 active mbc={}] PeeringState::append_log approx pg log length = 13
2026-02-11T23:33:56.566+0000 7f10f358c640 10 osd.4 pg_epoch: 48 pg[3.0s3( v 48'13 (0'0,48'13] local-lis/les=46/47 n=13 ec=45/45 lis/c=46/46 les/c/f=47/47/0 sis=46) [0,2,3,4,5]p0(0) r=3 lpr=46 pct=48'12 lua=48'12 crt=48'12 lcod 48'12 active mbc={}] PeeringState::append_log dups pg log length = 0
2026-02-11T23:33:56.566+0000 7f10f358c640 10 osd.4 pg_epoch: 48 pg[3.0s3( v 48'13 (0'0,48'13] local-lis/les=46/47 n=13 ec=45/45 lis/c=46/46 les/c/f=47/47/0 sis=46) [0,2,3,4,5]p0(0) r=3 lpr=46 pct=48'12 lua=48'12 crt=48'12 lcod 48'12 active mbc={}] PeeringState::append_log transaction_applied = 1
2026-02-11T23:33:56.566+0000 7f10f358c640 10 trim proposed trim_to = 0'0
2026-02-11T23:33:56.566+0000 7f10f358c640 6 write_log_and_missing with: dirty_to: 0'0, dirty_from: 4294967295'18446744073709551615, writeout_from: 48'13, trimmed: , trimmed_dups: , clear_divergent_priors: 0
2026-02-11T23:33:56.566+0000 7f10f358c640 10 _write_log_and_missing clearing up to 0'0 dirty_to_dups=0'0 dirty_from_dups=4294967295'18446744073709551615 write_from_dups=4294967295'18446744073709551615 trimmed_dups.size()=0
2026-02-11T23:33:56.566+0000 7f10f358c640 10 _write_log_and_missing going to encode log.dups.size()=0
2026-02-11T23:33:56.566+0000 7f10f358c640 10 _write_log_and_missing 1st round encoded log.dups.size()=0
2026-02-11T23:33:56.566+0000 7f10f358c640 10 _write_log_and_missing 2st round encoded log.dups.size()=0
2026-02-11T23:33:56.566+0000 7f10f358c640 10 end of _write_log_and_missing
2026-02-11T23:33:56.566+0000 7f10f358c640 10 osd.4 pg_epoch: 48 pg[3.0s3( v 48'13 (0'0,48'13] local-lis/les=46/47 n=13 ec=45/45 lis/c=46/46 les/c/f=47/47/0 sis=46) [0,2,3,4,5]p0(0) r=3 lpr=46 pct=48'12 lua=48'12 crt=48'12 lcod 48'12 active mbc={}] op_applied version 48'13
2026-02-11T23:33:56.566+0000 7f10f358c640 10 osd.4 48 dequeue_op MOSDECSubOpWrite(3.0s3 48/46 ECSubWrite(tid=50, reqid=client.4884.0:1, at_version=48'13, trim_to=0'0, pg_committed_to=48'12)) v2 finish latency 0.000063
2026-02-11T23:33:56.566+0000 7f10f358c640 20 osd.4 op_wq(0) _process empty q, waiting
2026-02-11T23:33:56.567+0000 7f10f358c640 20 osd.4 op_wq(0) _process empty q, waiting
2026-02-11T23:33:56.567+0000 7f10f7594640 20 osd.4 pg_epoch: 48 pg[3.0s3( v 48'13 (0'0,48'13] local-lis/les=46/47 n=13 ec=45/45 lis/c=46/46 les/c/f=47/47/0 sis=46) [0,2,3,4,5]p0(0) r=3 lpr=46 pct=48'12 crt=48'12 lcod 48'12 active mbc={}] PeeringState::update_last_complete_ondisk updating last_complete_ondisk to: 48'13
2026-02-11T23:33:56.567+0000 7f10f7594640 20 osd.4 48 send_message_osd_cluster MOSDECSubOpWriteReply to osd.0 from_epoch 48
2026-02-11T23:33:56.567+0000 7f10f7594640 20 osd.4 48 get_nextmap_reserved map_reservations: {48=1}
2026-02-11T23:33:56.567+0000 7f10f7594640 10 osd.4 48 maybe_share_map: con v2:127.0.0.1:6802/283911389 our osdmap epoch of 48 is not newer than session's projected_epoch of 48
2026-02-11T23:33:56.567+0000 7f10f7594640 1 -- [v2:127.0.0.1:6836/859404577,v1:127.0.0.1:6837/859404577] --> [v2:127.0.0.1:6802/283911389,v1:127.0.0.1:6803/283911389] -- MOSDECSubOpWriteReply(3.0s0 48/46 ECSubWriteReply(tid=50, last_complete=48'13, committed=1, applied=1)) -- 0x4bcf500 con 0x4fe9c00
2026-02-11T23:33:56.567+0000 7f10f7594640 20 osd.4 48 release_map epoch: 48
2026-02-11T23:33:56.567+0000 7f10f7594640 20 osd.4 op_wq(0) _process empty q, waiting
2026-02-11T23:33:56.567+0000 7f11127fa640 1 -- [v2:127.0.0.1:6836/859404577,v1:127.0.0.1:6837/859404577] <== osd.0 v2:127.0.0.1:6802/283911389 73 ==== MOSDECSubOpWrite(3.0s3 48/46 ECSubWrite(tid=51, reqid=client.4884.0:1, at_version=0'0, trim_to=0'0, pg_committed_to=48'13)) ==== 969+0+0 (crc 0 0 0) 0x49ab800 con 0x4fe9c00
2026-02-11T23:33:56.567+0000 7f11127fa640 15 osd.4 48 enqueue_op MOSDECSubOpWrite(3.0s3 48/46 ECSubWrite(tid=51, reqid=client.4884.0:1, at_version=0'0, trim_to=0'0, pg_committed_to=48'13)) v2 prio 127 type 108 cost 0 latency 0.000006 epoch 48
2026-02-11T23:33:56.567+0000 7f11127fa640 20 osd.4 op_wq(0) _enqueue OpSchedulerItem(3.0s3 PGOpItem(op=MOSDECSubOpWrite(3.0s3 48/46 ECSubWrite(tid=51, reqid=client.4884.0:1, at_version=0'0, trim_to=0'0, pg_committed_to=48'13)) v2) class_id 2 prio 127 cost 0 e48)
2026-02-11T23:33:56.567+0000 7f10f358c640 20 osd.4 op_wq(0) _process 3.0s3 to_process <> waiting <> waiting_peering {}
2026-02-11T23:33:56.567+0000 7f10f358c640 20 osd.4 op_wq(0) _process OpSchedulerItem(3.0s3 PGOpItem(op=MOSDECSubOpWrite(3.0s3 48/46 ECSubWrite(tid=51, reqid=client.4884.0:1, at_version=0'0, trim_to=0'0, pg_committed_to=48'13)) v2) class_id 2immediate prio 127 cost 0 e48) queued
2026-02-11T23:33:56.567+0000 7f10f358c640 20 osd.4 op_wq(0) _process 3.0s3 to_process waiting <> waiting_peering {}
2026-02-11T23:33:56.567+0000 7f10f358c640 20 osd.4 op_wq(0) _process OpSchedulerItem(3.0s3 PGOpItem(op=MOSDECSubOpWrite(3.0s3 48/46 ECSubWrite(tid=51, reqid=client.4884.0:1, at_version=0'0, trim_to=0'0, pg_committed_to=48'13)) v2) class_id 2immediate prio 127 cost 0 e48) pg 0x4938000
2026-02-11T23:33:56.567+0000 7f10f7594640 20 osd.4 op_wq(0) _process empty q, waiting
2026-02-11T23:33:56.567+0000 7f10f358c640 10 osd.4 48 dequeue_op MOSDECSubOpWrite(3.0s3 48/46 ECSubWrite(tid=51, reqid=client.4884.0:1, at_version=0'0, trim_to=0'0, pg_committed_to=48'13)) v2 prio 127 cost 0 latency 0.000017 MOSDECSubOpWrite(3.0s3 48/46 ECSubWrite(tid=51, reqid=client.4884.0:1, at_version=0'0, trim_to=0'0, pg_committed_to=48'13)) v2 pg pg[3.0s3( v 48'13 (0'0,48'13] local-lis/les=46/47 n=13 ec=45/45 lis/c=46/46 les/c/f=47/47/0 sis=46) [0,2,3,4,5]p0(0) r=3 lpr=46 pct=48'12 crt=48'12 active mbc={}]
2026-02-11T23:33:56.567+0000 7f10f358c640 10 osd.4 48 maybe_share_map: con v2:127.0.0.1:6802/283911389 our osdmap epoch of 48 is not newer than session's projected_epoch of 48
2026-02-11T23:33:56.567+0000 7f10f358c640 10 osd.4 pg_epoch: 48 pg[3.0s3( v 48'13 (0'0,48'13] local-lis/les=46/47 n=13 ec=45/45 lis/c=46/46 les/c/f=47/47/0 sis=46) [0,2,3,4,5]p0(0) r=3 lpr=46 pct=48'12 crt=48'12 active mbc={}] ECBackendL _handle_message: MOSDECSubOpWrite(3.0s3 48/46 ECSubWrite(tid=51, reqid=client.4884.0:1, at_version=0'0, trim_to=0'0, pg_committed_to=48'13)) v2
2026-02-11T23:33:56.567+0000 7f10f358c640 10 osd.4 pg_epoch: 48 pg[3.0s3( v 48'13 (0'0,48'13] local-lis/les=46/47 n=13 ec=45/45 lis/c=46/46 les/c/f=47/47/0 sis=46) [0,2,3,4,5]p0(0) r=3 lpr=46 pct=48'12 crt=48'12 active mbc={}] PeeringState::append_log append_log log((0'0,48'13], crt=48'12) []
2026-02-11T23:33:56.567+0000 7f10f358c640 20 osd.4 pg_epoch: 48 pg[3.0s3( v 48'13 (0'0,48'13] local-lis/les=46/47 n=13 ec=45/45 lis/c=46/46 les/c/f=47/47/0 sis=46) [0,2,3,4,5]p0(0) r=3 lpr=46 pct=48'12 crt=48'13 active mbc={}] rollforward: entry=48'13 (0'0) modify 3:519370c2:::obj13-2:head by client.4884.0:1
2026-02-11T23:33:56.567573+0000 0 ObjectCleanRegions clean_offsets: [12288~18446744073709539327], clean_omap: true, new_object: false
2026-02-11T23:33:56.567+0000 7f10f358c640 10 osd.4 pg_epoch: 48 pg[3.0s3( v 48'13 (0'0,48'13] local-lis/les=46/47 n=13 ec=45/45 lis/c=46/46 les/c/f=47/47/0 sis=46) [0,2,3,4,5]p0(0) r=3 lpr=46 pct=48'12 crt=48'13 active mbc={}] PeeringState::append_log approx pg log length = 13
2026-02-11T23:33:56.567+0000 7f10f358c640 10 osd.4 pg_epoch: 48 pg[3.0s3( v 48'13 (0'0,48'13] local-lis/les=46/47 n=13 ec=45/45 lis/c=46/46 les/c/f=47/47/0 sis=46) [0,2,3,4,5]p0(0) r=3 lpr=46 pct=48'12 crt=48'13 active mbc={}] PeeringState::append_log dups pg log length = 0
2026-02-11T23:33:56.567+0000 7f10f358c640 10 osd.4 pg_epoch: 48 pg[3.0s3( v 48'13 (0'0,48'13] local-lis/les=46/47 n=13 ec=45/45 lis/c=46/46 les/c/f=47/47/0 sis=46) [0,2,3,4,5]p0(0) r=3 lpr=46 pct=48'12 crt=48'13 active mbc={}] PeeringState::append_log transaction_applied = 1
2026-02-11T23:33:56.567+0000 7f10f358c640 10 trim proposed trim_to = 0'0
2026-02-11T23:33:56.567+0000 7f10f358c640 6 write_log_and_missing with: dirty_to: 0'0, dirty_from: 4294967295'18446744073709551615, writeout_from: 4294967295'18446744073709551615, trimmed: , trimmed_dups: , clear_divergent_priors: 0
2026-02-11T23:33:56.567+0000 7f10f358c640 10 _write_log_and_missing clearing up to 0'0 dirty_to_dups=0'0 dirty_from_dups=4294967295'18446744073709551615 write_from_dups=4294967295'18446744073709551615 trimmed_dups.size()=0
2026-02-11T23:33:56.567+0000 7f10f358c640 10 _write_log_and_missing going to encode log.dups.size()=0
2026-02-11T23:33:56.567+0000 7f10f358c640 10 _write_log_and_missing 1st round encoded log.dups.size()=0
2026-02-11T23:33:56.567+0000 7f10f358c640 10 _write_log_and_missing 2st round encoded log.dups.size()=0
2026-02-11T23:33:56.567+0000 7f10f358c640 10 end of _write_log_and_missing
2026-02-11T23:33:56.567+0000 7f10f358c640 10 osd.4 48 dequeue_op MOSDECSubOpWrite(3.0s3 48/46 ECSubWrite(tid=51, reqid=client.4884.0:1, at_version=0'0, trim_to=0'0, pg_committed_to=48'13)) v2 finish latency 0.000044
2026-02-11T23:33:56.567+0000 7f10f358c640 20 osd.4 op_wq(0) _process empty q, waiting
2026-02-11T23:33:56.567+0000 7f10f7594640 20 osd.4 pg_epoch: 48 pg[3.0s3( v 48'13 (0'0,48'13] local-lis/les=46/47 n=13 ec=45/45 lis/c=46/46 les/c/f=47/47/0 sis=46) [0,2,3,4,5]p0(0) r=3 lpr=46 crt=48'13 active mbc={}] PeeringState::update_last_complete_ondisk updating last_complete_ondisk to: 48'13
2026-02-11T23:33:56.567+0000 7f10f7594640 20 osd.4 48 send_message_osd_cluster MOSDECSubOpWriteReply to osd.0 from_epoch 48
2026-02-11T23:33:56.567+0000 7f10f7594640 20 osd.4 48 get_nextmap_reserved map_reservations: {48=1}
2026-02-11T23:33:56.567+0000 7f10f358c640 20 osd.4 op_wq(0) _process empty q, waiting
2026-02-11T23:33:56.567+0000 7f10f7594640 10 osd.4 48 maybe_share_map: con v2:127.0.0.1:6802/283911389 our osdmap epoch of 48 is not newer than session's projected_epoch of 48
2026-02-11T23:33:56.567+0000 7f10f7594640 1 -- [v2:127.0.0.1:6836/859404577,v1:127.0.0.1:6837/859404577] --> [v2:127.0.0.1:6802/283911389,v1:127.0.0.1:6803/283911389] -- MOSDECSubOpWriteReply(3.0s0 48/46 ECSubWriteReply(tid=51, last_complete=48'13, committed=1, applied=1)) -- 0x4bcf800 con 0x4fe9c00
2026-02-11T23:33:56.567+0000 7f10f7594640 20 osd.4 48 release_map epoch: 48
2026-02-11T23:33:56.567+0000 7f10f7594640 20 osd.4 op_wq(0) _process empty q, waiting
2026-02-11T23:33:56.586+0000 7f11127fa640 1 -- [v2:127.0.0.1:6836/859404577,v1:127.0.0.1:6837/859404577] <== osd.0 v2:127.0.0.1:6802/283911389 74 ==== MOSDECSubOpWrite(2.0s3 48/42 ECSubWrite(tid=52, reqid=client.4887.0:1, at_version=48'14, trim_to=0'0, pg_committed_to=48'13)) ==== 1617+0+4484 (crc 0 0 0) 0x49ab000 con 0x4fe9c00
2026-02-11T23:33:56.586+0000 7f11127fa640 15 osd.4 48 enqueue_op MOSDECSubOpWrite(2.0s3 48/42 ECSubWrite(tid=52, reqid=client.4887.0:1, at_version=48'14, trim_to=0'0, pg_committed_to=48'13)) v2 prio 127 type 108 cost 0 latency 0.000020 epoch 48
2026-02-11T23:33:56.586+0000 7f11127fa640 20 osd.4 op_wq(0) _enqueue OpSchedulerItem(2.0s3 PGOpItem(op=MOSDECSubOpWrite(2.0s3 48/42 ECSubWrite(tid=52, reqid=client.4887.0:1, at_version=48'14, trim_to=0'0, pg_committed_to=48'13)) v2) class_id 2 prio 127 cost 0 e48)
2026-02-11T23:33:56.586+0000 7f10f358c640 20 osd.4 op_wq(0) _process 2.0s3 to_process <> waiting <> waiting_peering {}
2026-02-11T23:33:56.586+0000 7f10f358c640 20 osd.4 op_wq(0) _process OpSchedulerItem(2.0s3 PGOpItem(op=MOSDECSubOpWrite(2.0s3 48/42 ECSubWrite(tid=52, reqid=client.4887.0:1, at_version=48'14, trim_to=0'0, pg_committed_to=48'13)) v2) class_id 2immediate prio 127 cost 0 e48) queued
2026-02-11T23:33:56.586+0000 7f10f358c640 20 osd.4 op_wq(0) _process 2.0s3 to_process waiting <> waiting_peering {}
2026-02-11T23:33:56.586+0000 7f10f358c640 20 osd.4 op_wq(0) _process OpSchedulerItem(2.0s3 PGOpItem(op=MOSDECSubOpWrite(2.0s3 48/42 ECSubWrite(tid=52, reqid=client.4887.0:1, at_version=48'14, trim_to=0'0, pg_committed_to=48'13)) v2) class_id 2immediate prio 127 cost 0 e48) pg 0x49d3000
2026-02-11T23:33:56.586+0000 7f10f7594640 20 osd.4 op_wq(0) _process empty q, waiting
2026-02-11T23:33:56.586+0000 7f10f358c640 10 osd.4 48 dequeue_op MOSDECSubOpWrite(2.0s3 48/42 ECSubWrite(tid=52, reqid=client.4887.0:1, at_version=48'14, trim_to=0'0, pg_committed_to=48'13)) v2 prio 127 cost 0 latency 0.000045 MOSDECSubOpWrite(2.0s3 48/42 ECSubWrite(tid=52, reqid=client.4887.0:1, at_version=48'14, trim_to=0'0, pg_committed_to=48'13)) v2 pg pg[2.0s3( v 48'13 (0'0,48'13] local-lis/les=42/43 n=13 ec=41/41 lis/c=42/42 les/c/f=43/46/0 sis=42) [0,2,3,4,5]p0(0) r=3 lpr=42 crt=48'13 active mbc={}]
2026-02-11T23:33:56.586+0000 7f10f358c640 10 osd.4 48 maybe_share_map: con v2:127.0.0.1:6802/283911389 our osdmap epoch of 48 is not newer than session's projected_epoch of 48
2026-02-11T23:33:56.586+0000 7f10f358c640 10 osd.4 pg_epoch: 48 pg[2.0s3( v 48'13 (0'0,48'13] local-lis/les=42/43 n=13 ec=41/41 lis/c=42/42 les/c/f=43/46/0 sis=42) [0,2,3,4,5]p0(0) r=3 lpr=42 crt=48'13 active mbc={}] ECBackendL _handle_message: MOSDECSubOpWrite(2.0s3 48/42 ECSubWrite(tid=52, reqid=client.4887.0:1, at_version=48'14, trim_to=0'0, pg_committed_to=48'13)) v2
2026-02-11T23:33:56.586+0000 7f10f358c640 10 osd.4 pg_epoch: 48 pg[2.0s3( v 48'13 (0'0,48'13] local-lis/les=42/43 n=14 ec=41/41 lis/c=42/42 les/c/f=43/46/0 sis=42) [0,2,3,4,5]p0(0) r=3 lpr=42 crt=48'13 active mbc={}] PeeringState::append_log append_log log((0'0,48'13], crt=48'13) [48'14 (0'0) modify 2:fd100aec:::obj14-1:head by client.4887.0:1
2026-02-11T23:33:56.587400+0000 0 ObjectCleanRegions clean_offsets: [12288~18446744073709539327], clean_omap: true, new_object: false]
2026-02-11T23:33:56.586+0000 7f10f358c640 10 osd.4 pg_epoch: 48 pg[2.0s3( v 48'14 (0'0,48'14] local-lis/les=42/43 n=14 ec=41/41 lis/c=42/42 les/c/f=43/46/0 sis=42) [0,2,3,4,5]p0(0) r=3 lpr=42 pct=48'13 lua=48'13 crt=48'13 lcod 48'13 active mbc={}] PeeringState::append_log approx pg log length = 14
2026-02-11T23:33:56.586+0000 7f10f358c640 10 osd.4 pg_epoch: 48 pg[2.0s3( v 48'14 (0'0,48'14] local-lis/les=42/43 n=14 ec=41/41 lis/c=42/42 les/c/f=43/46/0 sis=42) [0,2,3,4,5]p0(0) r=3 lpr=42 pct=48'13 lua=48'13 crt=48'13 lcod 48'13 active mbc={}] PeeringState::append_log dups pg log length = 0
2026-02-11T23:33:56.586+0000 7f10f358c640 10 osd.4 pg_epoch: 48 pg[2.0s3( v 48'14 (0'0,48'14] local-lis/les=42/43 n=14 ec=41/41 lis/c=42/42 les/c/f=43/46/0 sis=42) [0,2,3,4,5]p0(0) r=3 lpr=42 pct=48'13 lua=48'13 crt=48'13 lcod 48'13 active mbc={}] PeeringState::append_log transaction_applied = 1
2026-02-11T23:33:56.586+0000 7f10f358c640 10 trim proposed trim_to = 0'0
2026-02-11T23:33:56.586+0000 7f10f358c640 6 write_log_and_missing with: dirty_to: 0'0, dirty_from: 4294967295'18446744073709551615, writeout_from: 48'14, trimmed: , trimmed_dups: , clear_divergent_priors: 0
2026-02-11T23:33:56.586+0000 7f10f358c640 10 _write_log_and_missing clearing up to 0'0 dirty_to_dups=0'0 dirty_from_dups=4294967295'18446744073709551615 write_from_dups=4294967295'18446744073709551615 trimmed_dups.size()=0
2026-02-11T23:33:56.586+0000 7f10f358c640 10 _write_log_and_missing going to encode log.dups.size()=0
2026-02-11T23:33:56.586+0000 7f10f358c640 10 _write_log_and_missing 1st round encoded log.dups.size()=0
2026-02-11T23:33:56.586+0000 7f10f358c640 10 _write_log_and_missing 2st round encoded log.dups.size()=0
2026-02-11T23:33:56.586+0000 7f10f358c640 10 end of _write_log_and_missing
2026-02-11T23:33:56.586+0000 7f10f358c640 10 osd.4 pg_epoch: 48 pg[2.0s3( v 48'14 (0'0,48'14] local-lis/les=42/43 n=14 ec=41/41 lis/c=42/42 les/c/f=43/46/0 sis=42) [0,2,3,4,5]p0(0) r=3 lpr=42 pct=48'13 lua=48'13 crt=48'13 lcod 48'13 active mbc={}] op_applied version 48'14
2026-02-11T23:33:56.586+0000 7f10f358c640 10 osd.4 48 dequeue_op MOSDECSubOpWrite(2.0s3 48/42 ECSubWrite(tid=52, reqid=client.4887.0:1, at_version=48'14, trim_to=0'0, pg_committed_to=48'13)) v2 finish latency 0.000064
2026-02-11T23:33:56.586+0000 7f10f358c640 20 osd.4 op_wq(0) _process empty q, waiting
2026-02-11T23:33:56.587+0000 7f10f358c640 20 osd.4 op_wq(0) _process empty q, waiting
2026-02-11T23:33:56.587+0000 7f10f7594640 20 osd.4 pg_epoch: 48 pg[2.0s3( v 48'14 (0'0,48'14] local-lis/les=42/43 n=14 ec=41/41 lis/c=42/42 les/c/f=43/46/0 sis=42) [0,2,3,4,5]p0(0) r=3 lpr=42 pct=48'13 crt=48'13 lcod 48'13 active mbc={}] PeeringState::update_last_complete_ondisk updating last_complete_ondisk to: 48'14
2026-02-11T23:33:56.587+0000 7f10f7594640 20 osd.4 48 send_message_osd_cluster MOSDECSubOpWriteReply to osd.0 from_epoch 48
2026-02-11T23:33:56.587+0000 7f10f7594640 20 osd.4 48 get_nextmap_reserved map_reservations: {48=1}
2026-02-11T23:33:56.587+0000 7f10f7594640 10 osd.4 48 maybe_share_map: con v2:127.0.0.1:6802/283911389 our osdmap epoch of 48 is not newer than session's projected_epoch of 48
2026-02-11T23:33:56.587+0000 7f10f7594640 1 -- [v2:127.0.0.1:6836/859404577,v1:127.0.0.1:6837/859404577] --> [v2:127.0.0.1:6802/283911389,v1:127.0.0.1:6803/283911389] -- MOSDECSubOpWriteReply(2.0s0 48/42 ECSubWriteReply(tid=52, last_complete=48'14, committed=1, applied=1)) -- 0x4bcf980 con 0x4fe9c00
2026-02-11T23:33:56.587+0000 7f10f7594640 20 osd.4 48 release_map epoch: 48
2026-02-11T23:33:56.587+0000 7f10f7594640 20 osd.4 op_wq(0) _process empty q, waiting
2026-02-11T23:33:56.587+0000 7f11127fa640 1 -- [v2:127.0.0.1:6836/859404577,v1:127.0.0.1:6837/859404577] <== osd.0 v2:127.0.0.1:6802/283911389 75 ==== MOSDECSubOpWrite(2.0s3 48/42 ECSubWrite(tid=53, reqid=client.4887.0:1, at_version=0'0, trim_to=0'0, pg_committed_to=48'14)) ==== 969+0+0 (crc 0 0 0) 0x493f000 con 0x4fe9c00
2026-02-11T23:33:56.587+0000 7f11127fa640 15 osd.4 48 enqueue_op MOSDECSubOpWrite(2.0s3 48/42 ECSubWrite(tid=53, reqid=client.4887.0:1, at_version=0'0, trim_to=0'0, pg_committed_to=48'14)) v2 prio 127 type 108 cost 0 latency 0.000007 epoch 48
2026-02-11T23:33:56.587+0000 7f11127fa640 20 osd.4 op_wq(0) _enqueue OpSchedulerItem(2.0s3 PGOpItem(op=MOSDECSubOpWrite(2.0s3 48/42 ECSubWrite(tid=53, reqid=client.4887.0:1, at_version=0'0, trim_to=0'0, pg_committed_to=48'14)) v2) class_id 2 prio 127 cost 0 e48)
2026-02-11T23:33:56.587+0000 7f10f358c640 20 osd.4 op_wq(0) _process 2.0s3 to_process <> waiting <> waiting_peering {}
2026-02-11T23:33:56.587+0000 7f10f358c640 20 osd.4 op_wq(0) _process OpSchedulerItem(2.0s3 PGOpItem(op=MOSDECSubOpWrite(2.0s3 48/42 ECSubWrite(tid=53, reqid=client.4887.0:1, at_version=0'0, trim_to=0'0, pg_committed_to=48'14)) v2) class_id 2immediate prio 127 cost 0 e48) queued
2026-02-11T23:33:56.587+0000 7f10f358c640 20 osd.4 op_wq(0) _process 2.0s3 to_process waiting <> waiting_peering {}
2026-02-11T23:33:56.587+0000 7f10f358c640 20 osd.4 op_wq(0) _process OpSchedulerItem(2.0s3 PGOpItem(op=MOSDECSubOpWrite(2.0s3 48/42 ECSubWrite(tid=53, reqid=client.4887.0:1, at_version=0'0, trim_to=0'0, pg_committed_to=48'14)) v2) class_id 2immediate prio 127 cost 0 e48) pg 0x49d3000
2026-02-11T23:33:56.587+0000 7f10f358c640 10 osd.4 48 dequeue_op MOSDECSubOpWrite(2.0s3 48/42 ECSubWrite(tid=53, reqid=client.4887.0:1, at_version=0'0, trim_to=0'0, pg_committed_to=48'14)) v2 prio 127 cost 0 latency 0.000025 MOSDECSubOpWrite(2.0s3 48/42 ECSubWrite(tid=53, reqid=client.4887.0:1, at_version=0'0, trim_to=0'0, pg_committed_to=48'14)) v2 pg pg[2.0s3( v 48'14 (0'0,48'14] local-lis/les=42/43 n=14 ec=41/41 lis/c=42/42 les/c/f=43/46/0 sis=42) [0,2,3,4,5]p0(0) r=3 lpr=42 pct=48'13 crt=48'13 active mbc={}]
2026-02-11T23:33:56.587+0000 7f10f7594640 20 osd.4 op_wq(0) _process empty q, waiting
2026-02-11T23:33:56.587+0000 7f10f358c640 10 osd.4 48 maybe_share_map: con v2:127.0.0.1:6802/283911389 our osdmap epoch of 48 is not newer than session's projected_epoch of 48
2026-02-11T23:33:56.587+0000 7f10f358c640 10 osd.4 pg_epoch: 48 pg[2.0s3( v 48'14 (0'0,48'14] local-lis/les=42/43 n=14 ec=41/41 lis/c=42/42 les/c/f=43/46/0 sis=42) [0,2,3,4,5]p0(0) r=3 lpr=42 pct=48'13 crt=48'13 active mbc={}] ECBackendL _handle_message: MOSDECSubOpWrite(2.0s3 48/42 ECSubWrite(tid=53, reqid=client.4887.0:1, at_version=0'0, trim_to=0'0, pg_committed_to=48'14)) v2
2026-02-11T23:33:56.587+0000 7f10f358c640 10 osd.4 pg_epoch: 48 pg[2.0s3( v 48'14 (0'0,48'14] local-lis/les=42/43 n=14 ec=41/41 lis/c=42/42 les/c/f=43/46/0 sis=42) [0,2,3,4,5]p0(0) r=3 lpr=42 pct=48'13 crt=48'13 active mbc={}] PeeringState::append_log append_log log((0'0,48'14], crt=48'13) []
2026-02-11T23:33:56.587+0000 7f10f358c640 20 osd.4 pg_epoch: 48 pg[2.0s3( v 48'14 (0'0,48'14] local-lis/les=42/43 n=14 ec=41/41 lis/c=42/42 les/c/f=43/46/0 sis=42) [0,2,3,4,5]p0(0) r=3 lpr=42 pct=48'13 crt=48'14 active mbc={}] rollforward: entry=48'14 (0'0) modify 2:fd100aec:::obj14-1:head by client.4887.0:1
2026-02-11T23:33:56.587400+0000 0 ObjectCleanRegions clean_offsets: [12288~18446744073709539327], clean_omap: true, new_object: false
2026-02-11T23:33:56.587+0000 7f10f358c640 10 osd.4 pg_epoch: 48 pg[2.0s3( v 48'14 (0'0,48'14] local-lis/les=42/43 n=14 ec=41/41 lis/c=42/42 les/c/f=43/46/0 sis=42) [0,2,3,4,5]p0(0) r=3 lpr=42 pct=48'13 crt=48'14 active mbc={}] PeeringState::append_log approx pg log length = 14
2026-02-11T23:33:56.587+0000 7f10f358c640 10 osd.4 pg_epoch: 48 pg[2.0s3( v 48'14 (0'0,48'14] local-lis/les=42/43 n=14 ec=41/41 lis/c=42/42 les/c/f=43/46/0 sis=42) [0,2,3,4,5]p0(0) r=3 lpr=42 pct=48'13 crt=48'14 active mbc={}] PeeringState::append_log dups pg log length = 0
2026-02-11T23:33:56.587+0000 7f10f358c640 10 osd.4 pg_epoch: 48 pg[2.0s3( v 48'14 (0'0,48'14] local-lis/les=42/43 n=14 ec=41/41 lis/c=42/42 les/c/f=43/46/0 sis=42) [0,2,3,4,5]p0(0) r=3 lpr=42 pct=48'13 crt=48'14 active mbc={}] PeeringState::append_log transaction_applied = 1
2026-02-11T23:33:56.587+0000 7f10f358c640 10 trim proposed trim_to = 0'0
2026-02-11T23:33:56.587+0000 7f10f358c640 6 write_log_and_missing with: dirty_to: 0'0, dirty_from: 4294967295'18446744073709551615, writeout_from: 4294967295'18446744073709551615, trimmed: , trimmed_dups: , clear_divergent_priors: 0
2026-02-11T23:33:56.587+0000 7f10f358c640 10 _write_log_and_missing clearing up to 0'0 dirty_to_dups=0'0 dirty_from_dups=4294967295'18446744073709551615 write_from_dups=4294967295'18446744073709551615 trimmed_dups.size()=0
2026-02-11T23:33:56.587+0000 7f10f358c640 10 _write_log_and_missing going to encode log.dups.size()=0
2026-02-11T23:33:56.587+0000 7f10f358c640 10 _write_log_and_missing 1st round encoded log.dups.size()=0
2026-02-11T23:33:56.587+0000 7f10f358c640 10 _write_log_and_missing 2st round encoded log.dups.size()=0
2026-02-11T23:33:56.587+0000 7f10f358c640 10 end of _write_log_and_missing
2026-02-11T23:33:56.587+0000 7f10f358c640 10 osd.4 48 dequeue_op MOSDECSubOpWrite(2.0s3 48/42 ECSubWrite(tid=53, reqid=client.4887.0:1, at_version=0'0, trim_to=0'0, pg_committed_to=48'14)) v2 finish latency 0.000043
2026-02-11T23:33:56.587+0000 7f10f358c640 20 osd.4 op_wq(0) _process empty q, waiting
2026-02-11T23:33:56.587+0000 7f10f358c640 20 osd.4 op_wq(0) _process empty q, waiting
2026-02-11T23:33:56.587+0000 7f10f7594640 20 osd.4 pg_epoch: 48 pg[2.0s3( v 48'14 (0'0,48'14] local-lis/les=42/43 n=14 ec=41/41 lis/c=42/42 les/c/f=43/46/0 sis=42) [0,2,3,4,5]p0(0) r=3 lpr=42 crt=48'14 active mbc={}] PeeringState::update_last_complete_ondisk updating last_complete_ondisk to: 48'14
2026-02-11T23:33:56.587+0000 7f10f7594640 20 osd.4 48 send_message_osd_cluster MOSDECSubOpWriteReply to osd.0 from_epoch 48
2026-02-11T23:33:56.587+0000 7f10f7594640 20 osd.4 48 get_nextmap_reserved map_reservations: {48=1}
2026-02-11T23:33:56.587+0000 7f10f7594640 10 osd.4 48 maybe_share_map: con v2:127.0.0.1:6802/283911389 our osdmap epoch of 48 is not newer than session's projected_epoch of 48
2026-02-11T23:33:56.587+0000 7f10f7594640 1 -- [v2:127.0.0.1:6836/859404577,v1:127.0.0.1:6837/859404577] --> [v2:127.0.0.1:6802/283911389,v1:127.0.0.1:6803/283911389] -- MOSDECSubOpWriteReply(2.0s0 48/42 ECSubWriteReply(tid=53, last_complete=48'14, committed=1, applied=1)) -- 0x4bce180 con 0x4fe9c00
2026-02-11T23:33:56.587+0000 7f10f7594640 20 osd.4 48 release_map epoch: 48
2026-02-11T23:33:56.587+0000 7f10f7594640 20 osd.4 op_wq(0) _process empty q, waiting
2026-02-11T23:33:56.605+0000 7f11127fa640 1 -- [v2:127.0.0.1:6836/859404577,v1:127.0.0.1:6837/859404577] <== osd.0 v2:127.0.0.1:6802/283911389 76 ==== MOSDECSubOpWrite(3.0s3 48/46 ECSubWrite(tid=54, reqid=client.4890.0:1, at_version=48'14, trim_to=0'0, pg_committed_to=48'13)) ==== 1617+0+4484 (crc 0 0 0) 0x4bcb800 con 0x4fe9c00
2026-02-11T23:33:56.605+0000 7f11127fa640 15 osd.4 48 enqueue_op MOSDECSubOpWrite(3.0s3 48/46 ECSubWrite(tid=54, reqid=client.4890.0:1, at_version=48'14, trim_to=0'0, pg_committed_to=48'13)) v2 prio 127 type 108 cost 0 latency 0.000020 epoch 48
2026-02-11T23:33:56.605+0000 7f11127fa640 20 osd.4 op_wq(0) _enqueue OpSchedulerItem(3.0s3 PGOpItem(op=MOSDECSubOpWrite(3.0s3 48/46 ECSubWrite(tid=54, reqid=client.4890.0:1, at_version=48'14, trim_to=0'0, pg_committed_to=48'13)) v2) class_id 2 prio 127 cost 0 e48)
2026-02-11T23:33:56.605+0000 7f10f358c640 20 osd.4 op_wq(0) _process 3.0s3 to_process <> waiting <> waiting_peering {}
2026-02-11T23:33:56.605+0000 7f10f358c640 20 osd.4 op_wq(0) _process OpSchedulerItem(3.0s3 PGOpItem(op=MOSDECSubOpWrite(3.0s3 48/46 ECSubWrite(tid=54, reqid=client.4890.0:1, at_version=48'14, trim_to=0'0, pg_committed_to=48'13)) v2) class_id 2immediate prio 127 cost 0 e48) queued
2026-02-11T23:33:56.605+0000 7f10f358c640 20 osd.4 op_wq(0) _process 3.0s3 to_process waiting <> waiting_peering {}
2026-02-11T23:33:56.605+0000 7f10f358c640 20 osd.4 op_wq(0) _process OpSchedulerItem(3.0s3 PGOpItem(op=MOSDECSubOpWrite(3.0s3 48/46 ECSubWrite(tid=54, reqid=client.4890.0:1, at_version=48'14, trim_to=0'0, pg_committed_to=48'13)) v2) class_id 2immediate prio 127 cost 0 e48) pg 0x4938000
2026-02-11T23:33:56.605+0000 7f10f358c640 10 osd.4 48 dequeue_op MOSDECSubOpWrite(3.0s3 48/46 ECSubWrite(tid=54, reqid=client.4890.0:1, at_version=48'14, trim_to=0'0, pg_committed_to=48'13)) v2 prio 127 cost 0 latency 0.000037 MOSDECSubOpWrite(3.0s3 48/46 ECSubWrite(tid=54, reqid=client.4890.0:1, at_version=48'14, trim_to=0'0, pg_committed_to=48'13)) v2 pg pg[3.0s3( v 48'13 (0'0,48'13] local-lis/les=46/47 n=13 ec=45/45 lis/c=46/46 les/c/f=47/47/0 sis=46) [0,2,3,4,5]p0(0) r=3 lpr=46 crt=48'13 active mbc={}]
2026-02-11T23:33:56.605+0000 7f10f7594640 20 osd.4 op_wq(0) _process empty q, waiting
2026-02-11T23:33:56.605+0000 7f10f358c640 10 osd.4 48 maybe_share_map: con v2:127.0.0.1:6802/283911389 our osdmap epoch of 48 is not newer than session's projected_epoch of 48
2026-02-11T23:33:56.605+0000 7f10f358c640 10 osd.4 pg_epoch: 48 pg[3.0s3( v 48'13 (0'0,48'13] local-lis/les=46/47 n=13 ec=45/45 lis/c=46/46 les/c/f=47/47/0 sis=46) [0,2,3,4,5]p0(0) r=3 lpr=46 crt=48'13 active mbc={}] ECBackendL _handle_message: MOSDECSubOpWrite(3.0s3 48/46 ECSubWrite(tid=54, reqid=client.4890.0:1, at_version=48'14, trim_to=0'0, pg_committed_to=48'13)) v2
2026-02-11T23:33:56.605+0000 7f10f358c640 10 osd.4 pg_epoch: 48 pg[3.0s3( v 48'13 (0'0,48'13] local-lis/les=46/47 n=14 ec=45/45 lis/c=46/46 les/c/f=47/47/0 sis=46) [0,2,3,4,5]p0(0) r=3 lpr=46 crt=48'13 active mbc={}] PeeringState::append_log append_log log((0'0,48'13], crt=48'13) [48'14 (0'0) modify 3:2dfa1be5:::obj14-2:head by client.4890.0:1
2026-02-11T23:33:56.606379+0000 0 ObjectCleanRegions clean_offsets: [12288~18446744073709539327], clean_omap: true, new_object: false]
2026-02-11T23:33:56.605+0000 7f10f358c640 10 osd.4 pg_epoch: 48 pg[3.0s3( v 48'14 (0'0,48'14] local-lis/les=46/47 n=14 ec=45/45 lis/c=46/46 les/c/f=47/47/0 sis=46) [0,2,3,4,5]p0(0) r=3 lpr=46 pct=48'13 lua=48'13 crt=48'13 lcod 48'13 active mbc={}] PeeringState::append_log approx pg log length = 14
2026-02-11T23:33:56.605+0000 7f10f358c640 10 osd.4 pg_epoch: 48 pg[3.0s3( v 48'14 (0'0,48'14] local-lis/les=46/47 n=14 ec=45/45 lis/c=46/46 les/c/f=47/47/0 sis=46) [0,2,3,4,5]p0(0) r=3 lpr=46 pct=48'13 lua=48'13 crt=48'13 lcod 48'13 active mbc={}] PeeringState::append_log dups pg log length = 0
2026-02-11T23:33:56.605+0000 7f10f358c640 10 osd.4 pg_epoch: 48 pg[3.0s3( v 48'14 (0'0,48'14] local-lis/les=46/47 n=14 ec=45/45 lis/c=46/46 les/c/f=47/47/0 sis=46) [0,2,3,4,5]p0(0) r=3 lpr=46 pct=48'13 lua=48'13 crt=48'13 lcod 48'13 active mbc={}] PeeringState::append_log transaction_applied = 1
2026-02-11T23:33:56.605+0000 7f10f358c640 10 trim proposed trim_to = 0'0
2026-02-11T23:33:56.605+0000 7f10f358c640 6 write_log_and_missing with: dirty_to: 0'0, dirty_from: 4294967295'18446744073709551615, writeout_from: 48'14, trimmed: , trimmed_dups: , clear_divergent_priors: 0
2026-02-11T23:33:56.605+0000 7f10f358c640 10 _write_log_and_missing clearing up to 0'0 dirty_to_dups=0'0 dirty_from_dups=4294967295'18446744073709551615 write_from_dups=4294967295'18446744073709551615 trimmed_dups.size()=0
2026-02-11T23:33:56.605+0000 7f10f358c640 10 _write_log_and_missing going to encode log.dups.size()=0
2026-02-11T23:33:56.605+0000 7f10f358c640 10 _write_log_and_missing 1st round encoded log.dups.size()=0
2026-02-11T23:33:56.605+0000 7f10f358c640 10 _write_log_and_missing 2st round encoded log.dups.size()=0
2026-02-11T23:33:56.605+0000 7f10f358c640 10 end of _write_log_and_missing
2026-02-11T23:33:56.605+0000 7f10f358c640 10 osd.4 pg_epoch: 48 pg[3.0s3( v 48'14 (0'0,48'14] local-lis/les=46/47 n=14 ec=45/45 lis/c=46/46 les/c/f=47/47/0 sis=46) [0,2,3,4,5]p0(0) r=3 lpr=46 pct=48'13 lua=48'13 crt=48'13 lcod 48'13 active mbc={}] op_applied version 48'14
2026-02-11T23:33:56.605+0000 7f10f358c640 10 osd.4 48 dequeue_op MOSDECSubOpWrite(3.0s3 48/46 ECSubWrite(tid=54, reqid=client.4890.0:1, at_version=48'14, trim_to=0'0, pg_committed_to=48'13)) v2 finish latency 0.000059
2026-02-11T23:33:56.605+0000 7f10f358c640 20 osd.4 op_wq(0) _process empty q, waiting
2026-02-11T23:33:56.605+0000 7f10f358c640 20 osd.4 op_wq(0) _process empty q, waiting
2026-02-11T23:33:56.605+0000 7f10f7594640 20 osd.4 pg_epoch: 48 pg[3.0s3( v 48'14 (0'0,48'14] local-lis/les=46/47 n=14 ec=45/45 lis/c=46/46 les/c/f=47/47/0 sis=46) [0,2,3,4,5]p0(0) r=3 lpr=46 pct=48'13 crt=48'13 lcod 48'13 active mbc={}] PeeringState::update_last_complete_ondisk updating last_complete_ondisk to: 48'14
2026-02-11T23:33:56.605+0000 7f10f7594640 20 osd.4 48 send_message_osd_cluster MOSDECSubOpWriteReply to osd.0 from_epoch 48
2026-02-11T23:33:56.605+0000 7f10f7594640 20 osd.4 48 get_nextmap_reserved map_reservations: {48=1}
2026-02-11T23:33:56.605+0000 7f10f7594640 10 osd.4 48 maybe_share_map: con v2:127.0.0.1:6802/283911389 our osdmap epoch of 48 is not newer than session's projected_epoch of 48
2026-02-11T23:33:56.605+0000 7f10f7594640 1 -- [v2:127.0.0.1:6836/859404577,v1:127.0.0.1:6837/859404577] --> [v2:127.0.0.1:6802/283911389,v1:127.0.0.1:6803/283911389] -- MOSDECSubOpWriteReply(3.0s0 48/46 ECSubWriteReply(tid=54, last_complete=48'14, committed=1, applied=1)) -- 0x4bce480 con 0x4fe9c00
2026-02-11T23:33:56.605+0000 7f10f7594640 20 osd.4 48 release_map epoch: 48
2026-02-11T23:33:56.605+0000 7f10f7594640 20 osd.4 op_wq(0) _process empty q, waiting
2026-02-11T23:33:56.606+0000 7f11127fa640 1 -- [v2:127.0.0.1:6836/859404577,v1:127.0.0.1:6837/859404577] <== osd.0 v2:127.0.0.1:6802/283911389 77 ==== MOSDECSubOpWrite(3.0s3 48/46 ECSubWrite(tid=55, reqid=client.4890.0:1, at_version=0'0, trim_to=0'0, pg_committed_to=48'14)) ==== 969+0+0 (crc 0 0 0) 0x4bca800 con 0x4fe9c00
2026-02-11T23:33:56.606+0000 7f11127fa640 15 osd.4 48 enqueue_op MOSDECSubOpWrite(3.0s3 48/46 ECSubWrite(tid=55, reqid=client.4890.0:1, at_version=0'0, trim_to=0'0, pg_committed_to=48'14)) v2 prio 127 type 108 cost 0 latency 0.000009 epoch 48
2026-02-11T23:33:56.606+0000 7f11127fa640 20 osd.4 op_wq(0) _enqueue OpSchedulerItem(3.0s3 PGOpItem(op=MOSDECSubOpWrite(3.0s3 48/46 ECSubWrite(tid=55, reqid=client.4890.0:1, at_version=0'0, trim_to=0'0, pg_committed_to=48'14)) v2) class_id 2 prio 127 cost 0 e48)
2026-02-11T23:33:56.606+0000 7f10f7594640 20 osd.4 op_wq(0) _process 3.0s3 to_process <> waiting <> waiting_peering {}
2026-02-11T23:33:56.606+0000 7f10f7594640 20 osd.4 op_wq(0) _process OpSchedulerItem(3.0s3 PGOpItem(op=MOSDECSubOpWrite(3.0s3 48/46 ECSubWrite(tid=55, reqid=client.4890.0:1, at_version=0'0, trim_to=0'0, pg_committed_to=48'14)) v2) class_id 2immediate prio 127 cost 0 e48) queued
2026-02-11T23:33:56.606+0000 7f10f7594640 20 osd.4 op_wq(0) _process 3.0s3 to_process waiting <> waiting_peering {}
2026-02-11T23:33:56.606+0000 7f10f7594640 20 osd.4 op_wq(0) _process OpSchedulerItem(3.0s3 PGOpItem(op=MOSDECSubOpWrite(3.0s3 48/46 ECSubWrite(tid=55, reqid=client.4890.0:1, at_version=0'0, trim_to=0'0, pg_committed_to=48'14)) v2) class_id 2immediate prio 127 cost 0 e48) pg 0x4938000
2026-02-11T23:33:56.606+0000 7f10f358c640 20 osd.4 op_wq(0) _process empty q, waiting
2026-02-11T23:33:56.606+0000 7f10f7594640 10 osd.4 48 dequeue_op MOSDECSubOpWrite(3.0s3 48/46 ECSubWrite(tid=55, reqid=client.4890.0:1, at_version=0'0, trim_to=0'0, pg_committed_to=48'14)) v2 prio 127 cost 0 latency 0.000025 MOSDECSubOpWrite(3.0s3 48/46 ECSubWrite(tid=55, reqid=client.4890.0:1, at_version=0'0, trim_to=0'0, pg_committed_to=48'14)) v2 pg pg[3.0s3( v 48'14 (0'0,48'14] local-lis/les=46/47 n=14 ec=45/45 lis/c=46/46 les/c/f=47/47/0 sis=46) [0,2,3,4,5]p0(0) r=3 lpr=46 pct=48'13 crt=48'13 active mbc={}]
2026-02-11T23:33:56.606+0000 7f10f7594640 10 osd.4 48 maybe_share_map: con v2:127.0.0.1:6802/283911389 our osdmap epoch of 48 is not newer than session's projected_epoch of 48
2026-02-11T23:33:56.606+0000 7f10f7594640 10 osd.4 pg_epoch: 48 pg[3.0s3( v 48'14 (0'0,48'14] local-lis/les=46/47 n=14 ec=45/45 lis/c=46/46 les/c/f=47/47/0 sis=46) [0,2,3,4,5]p0(0) r=3 lpr=46 pct=48'13 crt=48'13 active mbc={}] ECBackendL _handle_message: MOSDECSubOpWrite(3.0s3 48/46 ECSubWrite(tid=55, reqid=client.4890.0:1, at_version=0'0, trim_to=0'0, pg_committed_to=48'14)) v2
2026-02-11T23:33:56.606+0000 7f10f7594640 10 osd.4 pg_epoch: 48 pg[3.0s3( v 48'14 (0'0,48'14] local-lis/les=46/47 n=14 ec=45/45 lis/c=46/46 les/c/f=47/47/0 sis=46) [0,2,3,4,5]p0(0) r=3 lpr=46 pct=48'13 crt=48'13 active mbc={}] PeeringState::append_log append_log log((0'0,48'14], crt=48'13) []
2026-02-11T23:33:56.606+0000 7f10f7594640 20 osd.4 pg_epoch: 48 pg[3.0s3( v 48'14 (0'0,48'14] local-lis/les=46/47 n=14 ec=45/45 lis/c=46/46 les/c/f=47/47/0 sis=46) [0,2,3,4,5]p0(0) r=3 lpr=46 pct=48'13 crt=48'14 active mbc={}] rollforward: entry=48'14 (0'0) modify 3:2dfa1be5:::obj14-2:head by client.4890.0:1
2026-02-11T23:33:56.606379+0000 0 ObjectCleanRegions clean_offsets: [12288~18446744073709539327], clean_omap: true, new_object: false
