2026-02-11T23:30:18.104+0000 7f72e3ffe640 20 --2- 127.0.0.1:0/987863127 >> v2:127.0.0.1:7180/0 conn(0xaf51400 0xaf74b00 crc :-1 s=COMPRESSION_CONNECTING pgs=0 gs=1 cs=0 l=1 c_cookie=0 s_cookie=0 reconnecting=0 rev1=1 crypto rx=0 tx=0 comp rx=0 tx=0).read_frame_segment seg_idx=0
2026-02-11T23:30:18.104+0000 7f72e3ffe640 20 -- 127.0.0.1:0/987863127 >> v2:127.0.0.1:7180/0 conn(0xaf51400 msgr2=0xaf74b00 crc :-1 s=STATE_CONNECTION_ESTABLISHED l=1).read start len=9
2026-02-11T23:30:18.104+0000 7f72e3ffe640 20 --2- 127.0.0.1:0/987863127 >> v2:127.0.0.1:7180/0 conn(0xaf51400 0xaf74b00 crc :-1 s=COMPRESSION_CONNECTING pgs=0 gs=1 cs=0 l=1 c_cookie=0 s_cookie=0 reconnecting=0 rev1=1 crypto rx=0 tx=0 comp rx=0 tx=0).handle_read_frame_segment r=0
2026-02-11T23:30:18.104+0000 7f72e3ffe640 10 --2- 127.0.0.1:0/987863127 >> v2:127.0.0.1:7180/0 conn(0xaf51400 0xaf74b00 crc :-1 s=COMPRESSION_CONNECTING pgs=0 gs=1 cs=0 l=1 c_cookie=0 s_cookie=0 reconnecting=0 rev1=1 crypto rx=0 tx=0 comp rx=0 tx=0).handle_read_frame_dispatch tag=22
2026-02-11T23:30:18.104+0000 7f72e3ffe640 10 --2- 127.0.0.1:0/987863127 >> v2:127.0.0.1:7180/0 conn(0xaf51400 0xaf74b00 crc :-1 s=COMPRESSION_CONNECTING pgs=0 gs=1 cs=0 l=1 c_cookie=0 s_cookie=0 reconnecting=0 rev1=1 crypto rx=0 tx=0 comp rx=0 tx=0).handle_compression_done CompressionDoneFrame(is_compress=0, method=0)
2026-02-11T23:30:18.104+0000 7f72e3ffe640 20 --2- 127.0.0.1:0/987863127 >> v2:127.0.0.1:7180/0 conn(0xaf51400 0xaf74b00 crc :-1 s=COMPRESSION_CONNECTING pgs=0 gs=1 cs=0 l=1 c_cookie=0 s_cookie=0 reconnecting=0 rev1=1 crypto rx=0 tx=0 comp rx=0 tx=0).start_session_connect starting a new session
2026-02-11T23:30:18.104+0000 7f72e3ffe640 20 --2- 127.0.0.1:0/987863127 >> v2:127.0.0.1:7180/0 conn(0xaf51400 0xaf74b00 crc :-1 s=SESSION_CONNECTING pgs=0 gs=1 cs=0 l=1 c_cookie=0 s_cookie=0 reconnecting=0 rev1=1 crypto rx=0 tx=0 comp rx=0 tx=0).send_client_ident
2026-02-11T23:30:18.104+0000 7f72e3ffe640 5 --2- 127.0.0.1:0/987863127 >> v2:127.0.0.1:7180/0 conn(0xaf51400 0xaf74b00 crc :-1 s=SESSION_CONNECTING pgs=0 gs=1 cs=0 l=1 c_cookie=0 s_cookie=0 reconnecting=0 rev1=1 crypto rx=0 tx=0 comp rx=0 tx=0).send_client_ident sending identification: addrs=127.0.0.1:0/987863127 target=v2:127.0.0.1:7180/0 gid=-1 global_seq=1 features_supported=3f0ffffffffdffff features_required=800000000001000 flags=1 cookie=0
2026-02-11T23:30:18.104+0000 7f72e3ffe640 10 -- 127.0.0.1:0/987863127 >> v2:127.0.0.1:7180/0 conn(0xaf51400 msgr2=0xaf74b00 crc :-1 s=STATE_CONNECTION_ESTABLISHED l=1)._try_send sent bytes 159 remaining bytes 0
2026-02-11T23:30:18.104+0000 7f72e3ffe640 20 --2- 127.0.0.1:0/987863127 >> v2:127.0.0.1:7180/0 conn(0xaf51400 0xaf74b00 crc :-1 s=SESSION_CONNECTING pgs=0 gs=1 cs=0 l=1 c_cookie=0 s_cookie=0 reconnecting=0 rev1=1 crypto rx=0 tx=0 comp rx=0 tx=0).read_frame
2026-02-11T23:30:18.104+0000 7f72e3ffe640 20 -- 127.0.0.1:0/987863127 >> v2:127.0.0.1:7180/0 conn(0xaf51400 msgr2=0xaf74b00 crc :-1 s=STATE_CONNECTION_ESTABLISHED l=1).read start len=32
2026-02-11T23:30:18.104+0000 7f72e3ffe640 20 -- 127.0.0.1:0/987863127 >> v2:127.0.0.1:7180/0 conn(0xaf51400 msgr2=0xaf74b00 crc :-1 s=STATE_CONNECTION_ESTABLISHED l=1).process
2026-02-11T23:30:18.104+0000 7f72e3ffe640 20 -- 127.0.0.1:0/987863127 >> v2:127.0.0.1:7180/0 conn(0xaf51400 msgr2=0xaf74b00 crc :-1 s=STATE_CONNECTION_ESTABLISHED l=1).read continue len=32
2026-02-11T23:30:18.104+0000 7f72e3ffe640 20 --2- 127.0.0.1:0/987863127 >> v2:127.0.0.1:7180/0 conn(0xaf51400 0xaf74b00 crc :-1 s=SESSION_CONNECTING pgs=0 gs=1 cs=0 l=1 c_cookie=0 s_cookie=0 reconnecting=0 rev1=1 crypto rx=0 tx=0 comp rx=0 tx=0).handle_read_frame_preamble_main r=0
2026-02-11T23:30:18.104+0000 7f72e3ffe640 20 --2- 127.0.0.1:0/987863127 >> v2:127.0.0.1:7180/0 conn(0xaf51400 0xaf74b00 crc :-1 s=SESSION_CONNECTING pgs=0 gs=1 cs=0 l=1 c_cookie=0 s_cookie=0 reconnecting=0 rev1=1 crypto rx=0 tx=0 comp rx=0 tx=0).read_frame_segment seg_idx=0
2026-02-11T23:30:18.104+0000 7f72e3ffe640 20 -- 127.0.0.1:0/987863127 >> v2:127.0.0.1:7180/0 conn(0xaf51400 msgr2=0xaf74b00 crc :-1 s=STATE_CONNECTION_ESTABLISHED l=1).read start len=92
2026-02-11T23:30:18.104+0000 7f72e3ffe640 20 --2- 127.0.0.1:0/987863127 >> v2:127.0.0.1:7180/0 conn(0xaf51400 0xaf74b00 crc :-1 s=SESSION_CONNECTING pgs=0 gs=1 cs=0 l=1 c_cookie=0 s_cookie=0 reconnecting=0 rev1=1 crypto rx=0 tx=0 comp rx=0 tx=0).handle_read_frame_segment r=0
2026-02-11T23:30:18.104+0000 7f72e3ffe640 10 --2- 127.0.0.1:0/987863127 >> v2:127.0.0.1:7180/0 conn(0xaf51400 0xaf74b00 crc :-1 s=SESSION_CONNECTING pgs=0 gs=1 cs=0 l=1 c_cookie=0 s_cookie=0 reconnecting=0 rev1=1 crypto rx=0 tx=0 comp rx=0 tx=0).handle_read_frame_dispatch tag=9
2026-02-11T23:30:18.104+0000 7f72e3ffe640 20 --2- 127.0.0.1:0/987863127 >> v2:127.0.0.1:7180/0 conn(0xaf51400 0xaf74b00 crc :-1 s=SESSION_CONNECTING pgs=0 gs=1 cs=0 l=1 c_cookie=0 s_cookie=0 reconnecting=0 rev1=1 crypto rx=0 tx=0 comp rx=0 tx=0).handle_server_ident payload.length()=88
2026-02-11T23:30:18.104+0000 7f72e3ffe640 5 --2- 127.0.0.1:0/987863127 >> v2:127.0.0.1:7180/0 conn(0xaf51400 0xaf74b00 crc :-1 s=SESSION_CONNECTING pgs=0 gs=1 cs=0 l=1 c_cookie=0 s_cookie=0 reconnecting=0 rev1=1 crypto rx=0 tx=0 comp rx=0 tx=0).handle_server_ident received server identification: addrs=v2:127.0.0.1:7180/0 gid=0 global_seq=20 features_supported=3f0ffffffffdffff features_required=c01020002040000 flags=1 cookie=0
2026-02-11T23:30:18.104+0000 7f72e3ffe640 10 --2- 127.0.0.1:0/987863127 >> v2:127.0.0.1:7180/0 conn(0xaf51400 0xaf74b00 crc :-1 s=SESSION_CONNECTING pgs=20 gs=1 cs=0 l=1 c_cookie=0 s_cookie=0 reconnecting=0 rev1=1 crypto rx=0 tx=0 comp rx=0 tx=0).handle_server_ident connect success 0, lossy = 1, features 4544132024016699391
2026-02-11T23:30:18.104+0000 7f72e3ffe640 1 --2- 127.0.0.1:0/987863127 >> v2:127.0.0.1:7180/0 conn(0xaf51400 0xaf74b00 crc :-1 s=READY pgs=20 gs=1 cs=0 l=1 c_cookie=0 s_cookie=0 reconnecting=0 rev1=1 crypto rx=0 tx=0 comp rx=0 tx=0).ready entity=mon.0 client_cookie=0 server_cookie=0 in_seq=0 out_seq=0
2026-02-11T23:30:18.104+0000 7f72e3ffe640 20 --2- 127.0.0.1:0/987863127 >> v2:127.0.0.1:7180/0 conn(0xaf51400 0xaf74b00 crc :-1 s=READY pgs=20 gs=1 cs=0 l=1 c_cookie=0 s_cookie=0 reconnecting=0 rev1=1 crypto rx=0 tx=0 comp rx=0 tx=0).read_frame
2026-02-11T23:30:18.104+0000 7f72e3ffe640 20 -- 127.0.0.1:0/987863127 >> v2:127.0.0.1:7180/0 conn(0xaf51400 msgr2=0xaf74b00 crc :-1 s=STATE_CONNECTION_ESTABLISHED l=1).read start len=32
2026-02-11T23:30:18.104+0000 7f72e3ffe640 10 -- 127.0.0.1:0/987863127 >> v2:127.0.0.1:7180/0 conn(0xaf51400 msgr2=0xaf74b00 crc :-1 s=STATE_CONNECTION_ESTABLISHED l=1).handle_write
2026-02-11T23:30:18.104+0000 7f72e3ffe640 10 --2- 127.0.0.1:0/987863127 >> v2:127.0.0.1:7180/0 conn(0xaf51400 0xaf74b00 crc :-1 s=READY pgs=20 gs=1 cs=0 l=1 c_cookie=0 s_cookie=0 reconnecting=0 rev1=1 crypto rx=0 tx=0 comp rx=0 tx=0).write_event
2026-02-11T23:30:18.104+0000 7f72e3ffe640 20 --2- 127.0.0.1:0/987863127 >> v2:127.0.0.1:7180/0 conn(0xaf51400 0xaf74b00 crc :-1 s=READY pgs=20 gs=1 cs=0 l=1 c_cookie=0 s_cookie=0 reconnecting=0 rev1=1 crypto rx=0 tx=0 comp rx=0 tx=0).prepare_send_message m=mon_getmap magic: 0
2026-02-11T23:30:18.104+0000 7f72e3ffe640 20 --2- 127.0.0.1:0/987863127 >> v2:127.0.0.1:7180/0 conn(0xaf51400 0xaf74b00 crc :-1 s=READY pgs=20 gs=1 cs=0 l=1 c_cookie=0 s_cookie=0 reconnecting=0 rev1=1 crypto rx=0 tx=0 comp rx=0 tx=0).prepare_send_message encoding features 4544132024016699391 0xafde140 mon_getmap magic: 0
2026-02-11T23:30:18.104+0000 7f71fd08d640 10 client.?.objecter ms_handle_connect 0xaf51400
2026-02-11T23:30:18.104+0000 7f72e3ffe640 2 --2- 127.0.0.1:0/987863127 >> v2:127.0.0.1:7180/0 conn(0xaf51400 0xaf74b00 crc :-1 s=READY pgs=20 gs=1 cs=0 l=1 c_cookie=0 s_cookie=0 reconnecting=0 rev1=1 crypto rx=0 tx=0 comp rx=0 tx=0).write_message sending message m=0xafde140 seq=1 mon_getmap magic: 0
2026-02-11T23:30:18.104+0000 7f71fd08d640 10 client.?.objecter resend_mon_ops
2026-02-11T23:30:18.104+0000 7f72e3ffe640 20 --2- 127.0.0.1:0/987863127 >> v2:127.0.0.1:7180/0 conn(0xaf51400 0xaf74b00 crc :-1 s=READY pgs=20 gs=1 cs=0 l=1 c_cookie=0 s_cookie=0 reconnecting=0 rev1=1 crypto rx=0 tx=0 comp rx=0 tx=0).write_message sending m=0xafde140 seq=1 src=client.? off=0
2026-02-11T23:30:18.104+0000 7f72e3ffe640 10 -- 127.0.0.1:0/987863127 >> v2:127.0.0.1:7180/0 conn(0xaf51400 msgr2=0xaf74b00 crc :-1 s=STATE_CONNECTION_ESTABLISHED l=1)._try_send sent bytes 77 remaining bytes 0
2026-02-11T23:30:18.104+0000 7f72e3ffe640 10 --2- 127.0.0.1:0/987863127 >> v2:127.0.0.1:7180/0 conn(0xaf51400 0xaf74b00 crc :-1 s=READY pgs=20 gs=1 cs=0 l=1 c_cookie=0 s_cookie=0 reconnecting=0 rev1=1 crypto rx=0 tx=0 comp rx=0 tx=0).write_message sending 0xafde140 done.
2026-02-11T23:30:18.104+0000 7f72e3ffe640 20 --2- 127.0.0.1:0/987863127 >> v2:127.0.0.1:7180/0 conn(0xaf51400 0xaf74b00 crc :-1 s=READY pgs=20 gs=1 cs=0 l=1 c_cookie=0 s_cookie=0 reconnecting=0 rev1=1 crypto rx=0 tx=0 comp rx=0 tx=0).prepare_send_message m=mon_subscribe({config=0+,monmap=0+})
2026-02-11T23:30:18.104+0000 7f72e3ffe640 20 --2- 127.0.0.1:0/987863127 >> v2:127.0.0.1:7180/0 conn(0xaf51400 0xaf74b00 crc :-1 s=READY pgs=20 gs=1 cs=0 l=1 c_cookie=0 s_cookie=0 reconnecting=0 rev1=1 crypto rx=0 tx=0 comp rx=0 tx=0).prepare_send_message encoding features 4544132024016699391 0xae596c0 mon_subscribe({config=0+,monmap=0+})
2026-02-11T23:30:18.104+0000 7f72e3ffe640 2 --2- 127.0.0.1:0/987863127 >> v2:127.0.0.1:7180/0 conn(0xaf51400 0xaf74b00 crc :-1 s=READY pgs=20 gs=1 cs=0 l=1 c_cookie=0 s_cookie=0 reconnecting=0 rev1=1 crypto rx=0 tx=0 comp rx=0 tx=0).write_message sending message m=0xae596c0 seq=2 mon_subscribe({config=0+,monmap=0+})
2026-02-11T23:30:18.104+0000 7f72e3ffe640 20 --2- 127.0.0.1:0/987863127 >> v2:127.0.0.1:7180/0 conn(0xaf51400 0xaf74b00 crc :-1 s=READY pgs=20 gs=1 cs=0 l=1 c_cookie=0 s_cookie=0 reconnecting=0 rev1=1 crypto rx=0 tx=0 comp rx=0 tx=0).write_message sending m=0xae596c0 seq=2 src=client.? off=0
2026-02-11T23:30:18.104+0000 7f72e3ffe640 10 -- 127.0.0.1:0/987863127 >> v2:127.0.0.1:7180/0 conn(0xaf51400 msgr2=0xaf74b00 crc :-1 s=STATE_CONNECTION_ESTABLISHED l=1)._try_send sent bytes 144 remaining bytes 0
2026-02-11T23:30:18.104+0000 7f72e3ffe640 10 --2- 127.0.0.1:0/987863127 >> v2:127.0.0.1:7180/0 conn(0xaf51400 0xaf74b00 crc :-1 s=READY pgs=20 gs=1 cs=0 l=1 c_cookie=0 s_cookie=0 reconnecting=0 rev1=1 crypto rx=0 tx=0 comp rx=0 tx=0).write_message sending 0xae596c0 done.
2026-02-11T23:30:18.104+0000 7f72e3ffe640 20 -- 127.0.0.1:0/987863127 >> v2:127.0.0.1:7180/0 conn(0xaf51400 msgr2=0xaf74b00 crc :-1 s=STATE_CONNECTION_ESTABLISHED l=1).process
2026-02-11T23:30:18.104+0000 7f72e3ffe640 20 -- 127.0.0.1:0/987863127 >> v2:127.0.0.1:7180/0 conn(0xaf51400 msgr2=0xaf74b00 crc :-1 s=STATE_CONNECTION_ESTABLISHED l=1).read continue len=32
2026-02-11T23:30:18.104+0000 7f72e3ffe640 20 --2- 127.0.0.1:0/987863127 >> v2:127.0.0.1:7180/0 conn(0xaf51400 0xaf74b00 crc :-1 s=READY pgs=20 gs=1 cs=0 l=1 c_cookie=0 s_cookie=0 reconnecting=0 rev1=1 crypto rx=0 tx=0 comp rx=0 tx=0).handle_read_frame_preamble_main r=0
2026-02-11T23:30:18.104+0000 7f72e3ffe640 20 --2- 127.0.0.1:0/987863127 >> v2:127.0.0.1:7180/0 conn(0xaf51400 0xaf74b00 crc :-1 s=THROTTLE_MESSAGE pgs=20 gs=1 cs=0 l=1 c_cookie=0 s_cookie=0 reconnecting=0 rev1=1 crypto rx=0 tx=0 comp rx=0 tx=0).throttle_message
2026-02-11T23:30:18.104+0000 7f72e3ffe640 20 --2- 127.0.0.1:0/987863127 >> v2:127.0.0.1:7180/0 conn(0xaf51400 0xaf74b00 crc :-1 s=THROTTLE_BYTES pgs=20 gs=1 cs=0 l=1 c_cookie=0 s_cookie=0 reconnecting=0 rev1=1 crypto rx=0 tx=0 comp rx=0 tx=0).throttle_bytes
2026-02-11T23:30:18.104+0000 7f72e3ffe640 20 --2- 127.0.0.1:0/987863127 >> v2:127.0.0.1:7180/0 conn(0xaf51400 0xaf74b00 crc :-1 s=THROTTLE_DISPATCH_QUEUE pgs=20 gs=1 cs=0 l=1 c_cookie=0 s_cookie=0 reconnecting=0 rev1=1 crypto rx=0 tx=0 comp rx=0 tx=0).throttle_dispatch_queue
2026-02-11T23:30:18.104+0000 7f72e3ffe640 20 --2- 127.0.0.1:0/987863127 >> v2:127.0.0.1:7180/0 conn(0xaf51400 0xaf74b00 crc :-1 s=THROTTLE_DONE pgs=20 gs=1 cs=0 l=1 c_cookie=0 s_cookie=0 reconnecting=0 rev1=1 crypto rx=0 tx=0 comp rx=0 tx=0).read_frame_segment seg_idx=0
2026-02-11T23:30:18.104+0000 7f72e3ffe640 20 -- 127.0.0.1:0/987863127 >> v2:127.0.0.1:7180/0 conn(0xaf51400 msgr2=0xaf74b00 crc :-1 s=STATE_CONNECTION_ESTABLISHED l=1).read start len=45
2026-02-11T23:30:18.104+0000 7f72e3ffe640 20 --2- 127.0.0.1:0/987863127 >> v2:127.0.0.1:7180/0 conn(0xaf51400 0xaf74b00 crc :-1 s=THROTTLE_DONE pgs=20 gs=1 cs=0 l=1 c_cookie=0 s_cookie=0 reconnecting=0 rev1=1 crypto rx=0 tx=0 comp rx=0 tx=0).handle_read_frame_segment r=0
2026-02-11T23:30:18.104+0000 7f72e3ffe640 20 --2- 127.0.0.1:0/987863127 >> v2:127.0.0.1:7180/0 conn(0xaf51400 0xaf74b00 crc :-1 s=THROTTLE_DONE pgs=20 gs=1 cs=0 l=1 c_cookie=0 s_cookie=0 reconnecting=0 rev1=1 crypto rx=0 tx=0 comp rx=0 tx=0).read_frame_segment seg_idx=1
2026-02-11T23:30:18.104+0000 7f72e3ffe640 20 -- 127.0.0.1:0/987863127 >> v2:127.0.0.1:7180/0 conn(0xaf51400 msgr2=0xaf74b00 crc :-1 s=STATE_CONNECTION_ESTABLISHED l=1).read start len=178
2026-02-11T23:30:18.104+0000 7f72e3ffe640 20 --2- 127.0.0.1:0/987863127 >> v2:127.0.0.1:7180/0 conn(0xaf51400 0xaf74b00 crc :-1 s=THROTTLE_DONE pgs=20 gs=1 cs=0 l=1 c_cookie=0 s_cookie=0 reconnecting=0 rev1=1 crypto rx=0 tx=0 comp rx=0 tx=0).handle_read_frame_segment r=0
2026-02-11T23:30:18.104+0000 7f72e3ffe640 20 -- 127.0.0.1:0/987863127 >> v2:127.0.0.1:7180/0 conn(0xaf51400 msgr2=0xaf74b00 crc :-1 s=STATE_CONNECTION_ESTABLISHED l=1).read start len=13
2026-02-11T23:30:18.104+0000 7f72e3ffe640 20 --2- 127.0.0.1:0/987863127 >> v2:127.0.0.1:7180/0 conn(0xaf51400 0xaf74b00 crc :-1 s=THROTTLE_DONE pgs=20 gs=1 cs=0 l=1 c_cookie=0 s_cookie=0 reconnecting=0 rev1=1 crypto rx=0 tx=0 comp rx=0 tx=0).handle_read_frame_epilogue_main r=0
2026-02-11T23:30:18.104+0000 7f72e3ffe640 10 --2- 127.0.0.1:0/987863127 >> v2:127.0.0.1:7180/0 conn(0xaf51400 0xaf74b00 crc :-1 s=THROTTLE_DONE pgs=20 gs=1 cs=0 l=1 c_cookie=0 s_cookie=0 reconnecting=0 rev1=1 crypto rx=0 tx=0 comp rx=0 tx=0).handle_read_frame_dispatch tag=17
2026-02-11T23:30:18.104+0000 7f72e3ffe640 20 --2- 127.0.0.1:0/987863127 >> v2:127.0.0.1:7180/0 conn(0xaf51400 0xaf74b00 crc :-1 s=THROTTLE_DONE pgs=20 gs=1 cs=0 l=1 c_cookie=0 s_cookie=0 reconnecting=0 rev1=1 crypto rx=0 tx=0 comp rx=0 tx=0).handle_message
2026-02-11T23:30:18.104+0000 7f72e3ffe640 5 --2- 127.0.0.1:0/987863127 >> v2:127.0.0.1:7180/0 conn(0xaf51400 0xaf74b00 crc :-1 s=THROTTLE_DONE pgs=20 gs=1 cs=0 l=1 c_cookie=0 s_cookie=0 reconnecting=0 rev1=1 crypto rx=0 tx=0 comp rx=0 tx=0).handle_message got 178 + 0 + 0 byte message. envelope type=4 src mon.0 off 0
2026-02-11T23:30:18.104+0000 7f72e3ffe640 5 --2- 127.0.0.1:0/987863127 >> v2:127.0.0.1:7180/0 conn(0xaf51400 0xaf74b00 crc :-1 s=READ_MESSAGE_COMPLETE pgs=20 gs=1 cs=0 l=1 c_cookie=0 s_cookie=0 reconnecting=0 rev1=1 crypto rx=0 tx=0 comp rx=0 tx=0).handle_message received message m=0x16771e0 seq=1 from=mon.0 type=4 mon_map magic: 0
2026-02-11T23:30:18.104+0000 7f72e3ffe640 20 -- 127.0.0.1:0/987863127 queue 0x16771e0 prio 196
2026-02-11T23:30:18.104+0000 7f72e3ffe640 20 --2- 127.0.0.1:0/987863127 >> v2:127.0.0.1:7180/0 conn(0xaf51400 0xaf74b00 crc :-1 s=READY pgs=20 gs=1 cs=0 l=1 c_cookie=0 s_cookie=0 reconnecting=0 rev1=1 crypto rx=0 tx=0 comp rx=0 tx=0).read_frame
2026-02-11T23:30:18.104+0000 7f72e3ffe640 20 -- 127.0.0.1:0/987863127 >> v2:127.0.0.1:7180/0 conn(0xaf51400 msgr2=0xaf74b00 crc :-1 s=STATE_CONNECTION_ESTABLISHED l=1).read start len=32
2026-02-11T23:30:18.104+0000 7f72e3ffe640 20 --2- 127.0.0.1:0/987863127 >> v2:127.0.0.1:7180/0 conn(0xaf51400 0xaf74b00 crc :-1 s=READY pgs=20 gs=1 cs=0 l=1 c_cookie=0 s_cookie=0 reconnecting=0 rev1=1 crypto rx=0 tx=0 comp rx=0 tx=0).handle_read_frame_preamble_main r=0
2026-02-11T23:30:18.104+0000 7f72e3ffe640 20 --2- 127.0.0.1:0/987863127 >> v2:127.0.0.1:7180/0 conn(0xaf51400 0xaf74b00 crc :-1 s=THROTTLE_MESSAGE pgs=20 gs=1 cs=0 l=1 c_cookie=0 s_cookie=0 reconnecting=0 rev1=1 crypto rx=0 tx=0 comp rx=0 tx=0).throttle_message
2026-02-11T23:30:18.104+0000 7f72e3ffe640 20 --2- 127.0.0.1:0/987863127 >> v2:127.0.0.1:7180/0 conn(0xaf51400 0xaf74b00 crc :-1 s=THROTTLE_BYTES pgs=20 gs=1 cs=0 l=1 c_cookie=0 s_cookie=0 reconnecting=0 rev1=1 crypto rx=0 tx=0 comp rx=0 tx=0).throttle_bytes
2026-02-11T23:30:18.104+0000 7f72e3ffe640 20 --2- 127.0.0.1:0/987863127 >> v2:127.0.0.1:7180/0 conn(0xaf51400 0xaf74b00 crc :-1 s=THROTTLE_DISPATCH_QUEUE pgs=20 gs=1 cs=0 l=1 c_cookie=0 s_cookie=0 reconnecting=0 rev1=1 crypto rx=0 tx=0 comp rx=0 tx=0).throttle_dispatch_queue
2026-02-11T23:30:18.104+0000 7f71fd08d640 1 -- 127.0.0.1:0/987863127 <== mon.0 v2:127.0.0.1:7180/0 1 ==== mon_map magic: 0 ==== 178+0+0 (crc 0 0 0) 0x16771e0 con 0xaf51400
2026-02-11T23:30:18.104+0000 7f72e3ffe640 20 --2- 127.0.0.1:0/987863127 >> v2:127.0.0.1:7180/0 conn(0xaf51400 0xaf74b00 crc :-1 s=THROTTLE_DONE pgs=20 gs=1 cs=0 l=1 c_cookie=0 s_cookie=0 reconnecting=0 rev1=1 crypto rx=0 tx=0 comp rx=0 tx=0).read_frame_segment seg_idx=0
2026-02-11T23:30:18.104+0000 7f72e3ffe640 20 -- 127.0.0.1:0/987863127 >> v2:127.0.0.1:7180/0 conn(0xaf51400 msgr2=0xaf74b00 crc :-1 s=STATE_CONNECTION_ESTABLISHED l=1).read start len=45
2026-02-11T23:30:18.104+0000 7f72e3ffe640 20 --2- 127.0.0.1:0/987863127 >> v2:127.0.0.1:7180/0 conn(0xaf51400 0xaf74b00 crc :-1 s=THROTTLE_DONE pgs=20 gs=1 cs=0 l=1 c_cookie=0 s_cookie=0 reconnecting=0 rev1=1 crypto rx=0 tx=0 comp rx=0 tx=0).handle_read_frame_segment r=0
2026-02-11T23:30:18.104+0000 7f72e3ffe640 20 --2- 127.0.0.1:0/987863127 >> v2:127.0.0.1:7180/0 conn(0xaf51400 0xaf74b00 crc :-1 s=THROTTLE_DONE pgs=20 gs=1 cs=0 l=1 c_cookie=0 s_cookie=0 reconnecting=0 rev1=1 crypto rx=0 tx=0 comp rx=0 tx=0).read_frame_segment seg_idx=1
2026-02-11T23:30:18.104+0000 7f72e3ffe640 20 -- 127.0.0.1:0/987863127 >> v2:127.0.0.1:7180/0 conn(0xaf51400 msgr2=0xaf74b00 crc :-1 s=STATE_CONNECTION_ESTABLISHED l=1).read start len=25
2026-02-11T23:30:18.104+0000 7f72e3ffe640 20 --2- 127.0.0.1:0/987863127 >> v2:127.0.0.1:7180/0 conn(0xaf51400 0xaf74b00 crc :-1 s=THROTTLE_DONE pgs=20 gs=1 cs=0 l=1 c_cookie=0 s_cookie=0 reconnecting=0 rev1=1 crypto rx=0 tx=0 comp rx=0 tx=0).handle_read_frame_segment r=0
2026-02-11T23:30:18.104+0000 7f72e3ffe640 20 -- 127.0.0.1:0/987863127 >> v2:127.0.0.1:7180/0 conn(0xaf51400 msgr2=0xaf74b00 crc :-1 s=STATE_CONNECTION_ESTABLISHED l=1).read start len=13
2026-02-11T23:30:18.104+0000 7f72e3ffe640 20 --2- 127.0.0.1:0/987863127 >> v2:127.0.0.1:7180/0 conn(0xaf51400 0xaf74b00 crc :-1 s=THROTTLE_DONE pgs=20 gs=1 cs=0 l=1 c_cookie=0 s_cookie=0 reconnecting=0 rev1=1 crypto rx=0 tx=0 comp rx=0 tx=0).handle_read_frame_epilogue_main r=0
2026-02-11T23:30:18.104+0000 7f72e3ffe640 10 --2- 127.0.0.1:0/987863127 >> v2:127.0.0.1:7180/0 conn(0xaf51400 0xaf74b00 crc :-1 s=THROTTLE_DONE pgs=20 gs=1 cs=0 l=1 c_cookie=0 s_cookie=0 reconnecting=0 rev1=1 crypto rx=0 tx=0 comp rx=0 tx=0).handle_read_frame_dispatch tag=17
2026-02-11T23:30:18.104+0000 7f72e3ffe640 20 --2- 127.0.0.1:0/987863127 >> v2:127.0.0.1:7180/0 conn(0xaf51400 0xaf74b00 crc :-1 s=THROTTLE_DONE pgs=20 gs=1 cs=0 l=1 c_cookie=0 s_cookie=0 reconnecting=0 rev1=1 crypto rx=0 tx=0 comp rx=0 tx=0).handle_message
2026-02-11T23:30:18.104+0000 7f72e3ffe640 5 --2- 127.0.0.1:0/987863127 >> v2:127.0.0.1:7180/0 conn(0xaf51400 0xaf74b00 crc :-1 s=THROTTLE_DONE pgs=20 gs=1 cs=0 l=1 c_cookie=0 s_cookie=0 reconnecting=0 rev1=1 crypto rx=0 tx=0 comp rx=0 tx=0).handle_message got 25 + 0 + 0 byte message. envelope type=62 src mon.0 off 0
2026-02-11T23:30:18.104+0000 7f72e3ffe640 5 --2- 127.0.0.1:0/987863127 >> v2:127.0.0.1:7180/0 conn(0xaf51400 0xaf74b00 crc :-1 s=READ_MESSAGE_COMPLETE pgs=20 gs=1 cs=0 l=1 c_cookie=0 s_cookie=0 reconnecting=0 rev1=1 crypto rx=0 tx=0 comp rx=0 tx=0).handle_message received message m=0xafcc000 seq=2 from=mon.0 type=62 config(1 keys)
2026-02-11T23:30:18.104+0000 7f72e3ffe640 20 -- 127.0.0.1:0/987863127 queue 0xafcc000 prio 196
2026-02-11T23:30:18.104+0000 7f72e3ffe640 20 --2- 127.0.0.1:0/987863127 >> v2:127.0.0.1:7180/0 conn(0xaf51400 0xaf74b00 crc :-1 s=READY pgs=20 gs=1 cs=0 l=1 c_cookie=0 s_cookie=0 reconnecting=0 rev1=1 crypto rx=0 tx=0 comp rx=0 tx=0).read_frame
2026-02-11T23:30:18.104+0000 7f72e3ffe640 20 -- 127.0.0.1:0/987863127 >> v2:127.0.0.1:7180/0 conn(0xaf51400 msgr2=0xaf74b00 crc :-1 s=STATE_CONNECTION_ESTABLISHED l=1).read start len=32
2026-02-11T23:30:18.104+0000 7f71fd08d640 10 -- 127.0.0.1:0/987863127 dispatch_throttle_release 178 to dispatch throttler 203/104857600
2026-02-11T23:30:18.104+0000 7f72e3ffe640 20 --2- 127.0.0.1:0/987863127 >> v2:127.0.0.1:7180/0 conn(0xaf51400 0xaf74b00 crc :-1 s=READY pgs=20 gs=1 cs=0 l=1 c_cookie=0 s_cookie=0 reconnecting=0 rev1=1 crypto rx=0 tx=0 comp rx=0 tx=0).handle_read_frame_preamble_main r=0
2026-02-11T23:30:18.104+0000 7f71fd08d640 20 -- 127.0.0.1:0/987863127 done calling dispatch on 0x16771e0
2026-02-11T23:30:18.104+0000 7f72e3ffe640 20 --2- 127.0.0.1:0/987863127 >> v2:127.0.0.1:7180/0 conn(0xaf51400 0xaf74b00 crc :-1 s=THROTTLE_MESSAGE pgs=20 gs=1 cs=0 l=1 c_cookie=0 s_cookie=0 reconnecting=0 rev1=1 crypto rx=0 tx=0 comp rx=0 tx=0).throttle_message
2026-02-11T23:30:18.104+0000 7f72e3ffe640 20 --2- 127.0.0.1:0/987863127 >> v2:127.0.0.1:7180/0 conn(0xaf51400 0xaf74b00 crc :-1 s=THROTTLE_BYTES pgs=20 gs=1 cs=0 l=1 c_cookie=0 s_cookie=0 reconnecting=0 rev1=1 crypto rx=0 tx=0 comp rx=0 tx=0).throttle_bytes
2026-02-11T23:30:18.104+0000 7f72e3ffe640 20 --2- 127.0.0.1:0/987863127 >> v2:127.0.0.1:7180/0 conn(0xaf51400 0xaf74b00 crc :-1 s=THROTTLE_DISPATCH_QUEUE pgs=20 gs=1 cs=0 l=1 c_cookie=0 s_cookie=0 reconnecting=0 rev1=1 crypto rx=0 tx=0 comp rx=0 tx=0).throttle_dispatch_queue
2026-02-11T23:30:18.104+0000 7f71fd08d640 1 -- 127.0.0.1:0/987863127 <== mon.0 v2:127.0.0.1:7180/0 2 ==== config(1 keys) ==== 25+0+0 (crc 0 0 0) 0xafcc000 con 0xaf51400
2026-02-11T23:30:18.104+0000 7f72e3ffe640 20 --2- 127.0.0.1:0/987863127 >> v2:127.0.0.1:7180/0 conn(0xaf51400 0xaf74b00 crc :-1 s=THROTTLE_DONE pgs=20 gs=1 cs=0 l=1 c_cookie=0 s_cookie=0 reconnecting=0 rev1=1 crypto rx=0 tx=0 comp rx=0 tx=0).read_frame_segment seg_idx=0
2026-02-11T23:30:18.104+0000 7f7201095640 1 -- 127.0.0.1:0/987863127 --> v2:127.0.0.1:7180/0 -- mon_subscribe({mgrmap=0+}) -- 0xae59520 con 0xaf51400
2026-02-11T23:30:18.104+0000 7f72e3ffe640 20 -- 127.0.0.1:0/987863127 >> v2:127.0.0.1:7180/0 conn(0xaf51400 msgr2=0xaf74b00 crc :-1 s=STATE_CONNECTION_ESTABLISHED l=1).read start len=45
2026-02-11T23:30:18.104+0000 7f72e3ffe640 20 --2- 127.0.0.1:0/987863127 >> v2:127.0.0.1:7180/0 conn(0xaf51400 0xaf74b00 crc :-1 s=THROTTLE_DONE pgs=20 gs=1 cs=0 l=1 c_cookie=0 s_cookie=0 reconnecting=0 rev1=1 crypto rx=0 tx=0 comp rx=0 tx=0).handle_read_frame_segment r=0
2026-02-11T23:30:18.104+0000 7f7201095640 5 --2- 127.0.0.1:0/987863127 >> v2:127.0.0.1:7180/0 conn(0xaf51400 0xaf74b00 crc :-1 s=THROTTLE_DONE pgs=20 gs=1 cs=0 l=1 c_cookie=0 s_cookie=0 reconnecting=0 rev1=1 crypto rx=0 tx=0 comp rx=0 tx=0).send_message enqueueing message m=0xae59520 type=15 mon_subscribe({mgrmap=0+})
2026-02-11T23:30:18.104+0000 7f72e3ffe640 20 --2- 127.0.0.1:0/987863127 >> v2:127.0.0.1:7180/0 conn(0xaf51400 0xaf74b00 crc :-1 s=THROTTLE_DONE pgs=20 gs=1 cs=0 l=1 c_cookie=0 s_cookie=0 reconnecting=0 rev1=1 crypto rx=0 tx=0 comp rx=0 tx=0).read_frame_segment seg_idx=1
2026-02-11T23:30:18.104+0000 7f7201095640 15 --2- 127.0.0.1:0/987863127 >> v2:127.0.0.1:7180/0 conn(0xaf51400 0xaf74b00 crc :-1 s=THROTTLE_DONE pgs=20 gs=1 cs=0 l=1 c_cookie=0 s_cookie=0 reconnecting=0 rev1=1 crypto rx=0 tx=0 comp rx=0 tx=0).send_message message queued for async transmission m=0xae59520
2026-02-11T23:30:18.104+0000 7f72e3ffe640 20 -- 127.0.0.1:0/987863127 >> v2:127.0.0.1:7180/0 conn(0xaf51400 msgr2=0xaf74b00 crc :-1 s=STATE_CONNECTION_ESTABLISHED l=1).read start len=178
2026-02-11T23:30:18.104+0000 7f7201095640 20 Event(0x14e8748 nevent=5000 time_id=9).wakeup
2026-02-11T23:30:18.104+0000 7f72e3ffe640 20 --2- 127.0.0.1:0/987863127 >> v2:127.0.0.1:7180/0 conn(0xaf51400 0xaf74b00 crc :-1 s=THROTTLE_DONE pgs=20 gs=1 cs=0 l=1 c_cookie=0 s_cookie=0 reconnecting=0 rev1=1 crypto rx=0 tx=0 comp rx=0 tx=0).handle_read_frame_segment r=0
2026-02-11T23:30:18.104+0000 7f72e3ffe640 20 -- 127.0.0.1:0/987863127 >> v2:127.0.0.1:7180/0 conn(0xaf51400 msgr2=0xaf74b00 crc :-1 s=STATE_CONNECTION_ESTABLISHED l=1).read start len=13
2026-02-11T23:30:18.104+0000 7f72e3ffe640 20 --2- 127.0.0.1:0/987863127 >> v2:127.0.0.1:7180/0 conn(0xaf51400 0xaf74b00 crc :-1 s=THROTTLE_DONE pgs=20 gs=1 cs=0 l=1 c_cookie=0 s_cookie=0 reconnecting=0 rev1=1 crypto rx=0 tx=0 comp rx=0 tx=0).handle_read_frame_epilogue_main r=0
2026-02-11T23:30:18.104+0000 7f72e3ffe640 10 --2- 127.0.0.1:0/987863127 >> v2:127.0.0.1:7180/0 conn(0xaf51400 0xaf74b00 crc :-1 s=THROTTLE_DONE pgs=20 gs=1 cs=0 l=1 c_cookie=0 s_cookie=0 reconnecting=0 rev1=1 crypto rx=0 tx=0 comp rx=0 tx=0).handle_read_frame_dispatch tag=17
2026-02-11T23:30:18.104+0000 7f72e3ffe640 20 --2- 127.0.0.1:0/987863127 >> v2:127.0.0.1:7180/0 conn(0xaf51400 0xaf74b00 crc :-1 s=THROTTLE_DONE pgs=20 gs=1 cs=0 l=1 c_cookie=0 s_cookie=0 reconnecting=0 rev1=1 crypto rx=0 tx=0 comp rx=0 tx=0).handle_message
2026-02-11T23:30:18.104+0000 7f72e3ffe640 5 --2- 127.0.0.1:0/987863127 >> v2:127.0.0.1:7180/0 conn(0xaf51400 0xaf74b00 crc :-1 s=THROTTLE_DONE pgs=20 gs=1 cs=0 l=1 c_cookie=0 s_cookie=0 reconnecting=0 rev1=1 crypto rx=0 tx=0 comp rx=0 tx=0).handle_message got 178 + 0 + 0 byte message. envelope type=4 src mon.0 off 0
2026-02-11T23:30:18.104+0000 7f72e3ffe640 5 --2- 127.0.0.1:0/987863127 >> v2:127.0.0.1:7180/0 conn(0xaf51400 0xaf74b00 crc :-1 s=READ_MESSAGE_COMPLETE pgs=20 gs=1 cs=0 l=1 c_cookie=0 s_cookie=0 reconnecting=0 rev1=1 crypto rx=0 tx=0 comp rx=0 tx=0).handle_message received message m=0x1676dc0 seq=3 from=mon.0 type=4 mon_map magic: 0
2026-02-11T23:30:18.104+0000 7f72e3ffe640 20 -- 127.0.0.1:0/987863127 queue 0x1676dc0 prio 196
2026-02-11T23:30:18.104+0000 7f71fd08d640 10 -- 127.0.0.1:0/987863127 dispatch_throttle_release 25 to dispatch throttler 203/104857600
2026-02-11T23:30:18.104+0000 7f71fd08d640 20 -- 127.0.0.1:0/987863127 done calling dispatch on 0xafcc000
2026-02-11T23:30:18.104+0000 7f72e3ffe640 20 --2- 127.0.0.1:0/987863127 >> v2:127.0.0.1:7180/0 conn(0xaf51400 0xaf74b00 crc :-1 s=READY pgs=20 gs=1 cs=0 l=1 c_cookie=0 s_cookie=0 reconnecting=0 rev1=1 crypto rx=0 tx=0 comp rx=0 tx=0).read_frame
2026-02-11T23:30:18.104+0000 7f72e3ffe640 20 -- 127.0.0.1:0/987863127 >> v2:127.0.0.1:7180/0 conn(0xaf51400 msgr2=0xaf74b00 crc :-1 s=STATE_CONNECTION_ESTABLISHED l=1).read start len=32
2026-02-11T23:30:18.104+0000 7f71fd08d640 1 -- 127.0.0.1:0/987863127 <== mon.0 v2:127.0.0.1:7180/0 3 ==== mon_map magic: 0 ==== 178+0+0 (crc 0 0 0) 0x1676dc0 con 0xaf51400
2026-02-11T23:30:18.104+0000 7f72e3ffe640 10 -- 127.0.0.1:0/987863127 >> v2:127.0.0.1:7180/0 conn(0xaf51400 msgr2=0xaf74b00 crc :-1 s=STATE_CONNECTION_ESTABLISHED l=1).handle_write
2026-02-11T23:30:18.104+0000 7f72e3ffe640 10 --2- 127.0.0.1:0/987863127 >> v2:127.0.0.1:7180/0 conn(0xaf51400 0xaf74b00 crc :-1 s=READY pgs=20 gs=1 cs=0 l=1 c_cookie=0 s_cookie=0 reconnecting=0 rev1=1 crypto rx=0 tx=0 comp rx=0 tx=0).write_event
2026-02-11T23:30:18.104+0000 7f72e3ffe640 20 --2- 127.0.0.1:0/987863127 >> v2:127.0.0.1:7180/0 conn(0xaf51400 0xaf74b00 crc :-1 s=READY pgs=20 gs=1 cs=0 l=1 c_cookie=0 s_cookie=0 reconnecting=0 rev1=1 crypto rx=0 tx=0 comp rx=0 tx=0).prepare_send_message m=mon_subscribe({mgrmap=0+})
2026-02-11T23:30:18.104+0000 7f72e3ffe640 20 --2- 127.0.0.1:0/987863127 >> v2:127.0.0.1:7180/0 conn(0xaf51400 0xaf74b00 crc :-1 s=READY pgs=20 gs=1 cs=0 l=1 c_cookie=0 s_cookie=0 reconnecting=0 rev1=1 crypto rx=0 tx=0 comp rx=0 tx=0).prepare_send_message encoding features 4544132024016699391 0xae59520 mon_subscribe({mgrmap=0+})
2026-02-11T23:30:18.104+0000 7f72e3ffe640 2 --2- 127.0.0.1:0/987863127 >> v2:127.0.0.1:7180/0 conn(0xaf51400 0xaf74b00 crc :-1 s=READY pgs=20 gs=1 cs=0 l=1 c_cookie=0 s_cookie=0 reconnecting=0 rev1=1 crypto rx=0 tx=0 comp rx=0 tx=0).write_message sending message m=0xae59520 seq=3 mon_subscribe({mgrmap=0+})
2026-02-11T23:30:18.104+0000 7f71fd08d640 10 -- 127.0.0.1:0/987863127 dispatch_throttle_release 178 to dispatch throttler 178/104857600
2026-02-11T23:30:18.104+0000 7f71fd08d640 20 -- 127.0.0.1:0/987863127 done calling dispatch on 0x1676dc0
2026-02-11T23:30:18.104+0000 7f72e3ffe640 20 --2- 127.0.0.1:0/987863127 >> v2:127.0.0.1:7180/0 conn(0xaf51400 0xaf74b00 crc :-1 s=READY pgs=20 gs=1 cs=0 l=1 c_cookie=0 s_cookie=0 reconnecting=0 rev1=1 crypto rx=0 tx=0 comp rx=0 tx=0).write_message sending m=0xae59520 seq=3 src=client.4115 off=0
2026-02-11T23:30:18.104+0000 7f72e3ffe640 10 -- 127.0.0.1:0/987863127 >> v2:127.0.0.1:7180/0 conn(0xaf51400 msgr2=0xaf74b00 crc :-1 s=STATE_CONNECTION_ESTABLISHED l=1)._try_send sent bytes 125 remaining bytes 0
2026-02-11T23:30:18.104+0000 7f72e3ffe640 10 --2- 127.0.0.1:0/987863127 >> v2:127.0.0.1:7180/0 conn(0xaf51400 0xaf74b00 crc :-1 s=READY pgs=20 gs=1 cs=0 l=1 c_cookie=0 s_cookie=0 reconnecting=0 rev1=1 crypto rx=0 tx=0 comp rx=0 tx=0).write_message sending 0xae59520 done.
2026-02-11T23:30:18.105+0000 7f7201095640 10 client.4115.objecter _maybe_request_map subscribing (onetime) to next osd map
2026-02-11T23:30:18.105+0000 7f7201095640 1 -- 127.0.0.1:0/987863127 --> v2:127.0.0.1:7180/0 -- mon_subscribe({osdmap=0}) -- 0xae59380 con 0xaf51400
2026-02-11T23:30:18.105+0000 7f7201095640 5 --2- 127.0.0.1:0/987863127 >> v2:127.0.0.1:7180/0 conn(0xaf51400 0xaf74b00 crc :-1 s=READY pgs=20 gs=1 cs=0 l=1 c_cookie=0 s_cookie=0 reconnecting=0 rev1=1 crypto rx=0 tx=0 comp rx=0 tx=0).send_message enqueueing message m=0xae59380 type=15 mon_subscribe({osdmap=0})
2026-02-11T23:30:18.105+0000 7f7201095640 15 --2- 127.0.0.1:0/987863127 >> v2:127.0.0.1:7180/0 conn(0xaf51400 0xaf74b00 crc :-1 s=READY pgs=20 gs=1 cs=0 l=1 c_cookie=0 s_cookie=0 reconnecting=0 rev1=1 crypto rx=0 tx=0 comp rx=0 tx=0).send_message message queued for async transmission m=0xae59380
2026-02-11T23:30:18.105+0000 7f7201095640 20 Event(0x14e8748 nevent=5000 time_id=9).wakeup
2026-02-11T23:30:18.105+0000 7f72e3ffe640 10 -- 127.0.0.1:0/987863127 >> v2:127.0.0.1:7180/0 conn(0xaf51400 msgr2=0xaf74b00 crc :-1 s=STATE_CONNECTION_ESTABLISHED l=1).handle_write
2026-02-11T23:30:18.105+0000 7f72e3ffe640 10 --2- 127.0.0.1:0/987863127 >> v2:127.0.0.1:7180/0 conn(0xaf51400 0xaf74b00 crc :-1 s=READY pgs=20 gs=1 cs=0 l=1 c_cookie=0 s_cookie=0 reconnecting=0 rev1=1 crypto rx=0 tx=0 comp rx=0 tx=0).write_event
2026-02-11T23:30:18.105+0000 7f72e3ffe640 20 --2- 127.0.0.1:0/987863127 >> v2:127.0.0.1:7180/0 conn(0xaf51400 0xaf74b00 crc :-1 s=READY pgs=20 gs=1 cs=0 l=1 c_cookie=0 s_cookie=0 reconnecting=0 rev1=1 crypto rx=0 tx=0 comp rx=0 tx=0).prepare_send_message m=mon_subscribe({osdmap=0})
2026-02-11T23:30:18.105+0000 7f72e3ffe640 20 --2- 127.0.0.1:0/987863127 >> v2:127.0.0.1:7180/0 conn(0xaf51400 0xaf74b00 crc :-1 s=READY pgs=20 gs=1 cs=0 l=1 c_cookie=0 s_cookie=0 reconnecting=0 rev1=1 crypto rx=0 tx=0 comp rx=0 tx=0).prepare_send_message encoding features 4544132024016699391 0xae59380 mon_subscribe({osdmap=0})
2026-02-11T23:30:18.105+0000 7f72e3ffe640 2 --2- 127.0.0.1:0/987863127 >> v2:127.0.0.1:7180/0 conn(0xaf51400 0xaf74b00 crc :-1 s=READY pgs=20 gs=1 cs=0 l=1 c_cookie=0 s_cookie=0 reconnecting=0 rev1=1 crypto rx=0 tx=0 comp rx=0 tx=0).write_message sending message m=0xae59380 seq=4 mon_subscribe({osdmap=0})
2026-02-11T23:30:18.105+0000 7f72e3ffe640 20 --2- 127.0.0.1:0/987863127 >> v2:127.0.0.1:7180/0 conn(0xaf51400 0xaf74b00 crc :-1 s=READY pgs=20 gs=1 cs=0 l=1 c_cookie=0 s_cookie=0 reconnecting=0 rev1=1 crypto rx=0 tx=0 comp rx=0 tx=0).write_message sending m=0xae59380 seq=4 src=client.4115 off=0
2026-02-11T23:30:18.105+0000 7f7201095640 4 mgr init Complete.
2026-02-11T23:30:18.105+0000 7f7201095640 20 mgr send_beacon active
2026-02-11T23:30:18.105+0000 7f72e3ffe640 10 -- 127.0.0.1:0/987863127 >> v2:127.0.0.1:7180/0 conn(0xaf51400 msgr2=0xaf74b00 crc :-1 s=STATE_CONNECTION_ESTABLISHED l=1)._try_send sent bytes 125 remaining bytes 0
2026-02-11T23:30:18.105+0000 7f72e3ffe640 10 --2- 127.0.0.1:0/987863127 >> v2:127.0.0.1:7180/0 conn(0xaf51400 0xaf74b00 crc :-1 s=READY pgs=20 gs=1 cs=0 l=1 c_cookie=0 s_cookie=0 reconnecting=0 rev1=1 crypto rx=0 tx=0 comp rx=0 tx=0).write_message sending 0xae59380 done.
2026-02-11T23:30:18.105+0000 7f72e3ffe640 20 -- 127.0.0.1:0/987863127 >> v2:127.0.0.1:7180/0 conn(0xaf51400 msgr2=0xaf74b00 crc :-1 s=STATE_CONNECTION_ESTABLISHED l=1).process
2026-02-11T23:30:18.105+0000 7f72e3ffe640 20 -- 127.0.0.1:0/987863127 >> v2:127.0.0.1:7180/0 conn(0xaf51400 msgr2=0xaf74b00 crc :-1 s=STATE_CONNECTION_ESTABLISHED l=1).read continue len=32
2026-02-11T23:30:18.105+0000 7f7201095640 15 mgr send_beacon noting RADOS client for blocklist: libcephsqlite,v2:127.0.0.1:0/987863127
2026-02-11T23:30:18.105+0000 7f7201095640 10 mgr send_beacon sending beacon as gid 4100
2026-02-11T23:30:18.105+0000 7f72e3ffe640 20 --2- 127.0.0.1:0/987863127 >> v2:127.0.0.1:7180/0 conn(0xaf51400 0xaf74b00 crc :-1 s=READY pgs=20 gs=1 cs=0 l=1 c_cookie=0 s_cookie=0 reconnecting=0 rev1=1 crypto rx=0 tx=0 comp rx=0 tx=0).handle_read_frame_preamble_main r=0
2026-02-11T23:30:18.105+0000 7f72e3ffe640 20 --2- 127.0.0.1:0/987863127 >> v2:127.0.0.1:7180/0 conn(0xaf51400 0xaf74b00 crc :-1 s=THROTTLE_MESSAGE pgs=20 gs=1 cs=0 l=1 c_cookie=0 s_cookie=0 reconnecting=0 rev1=1 crypto rx=0 tx=0 comp rx=0 tx=0).throttle_message
2026-02-11T23:30:18.105+0000 7f72e3ffe640 20 --2- 127.0.0.1:0/987863127 >> v2:127.0.0.1:7180/0 conn(0xaf51400 0xaf74b00 crc :-1 s=THROTTLE_BYTES pgs=20 gs=1 cs=0 l=1 c_cookie=0 s_cookie=0 reconnecting=0 rev1=1 crypto rx=0 tx=0 comp rx=0 tx=0).throttle_bytes
2026-02-11T23:30:18.105+0000 7f72e3ffe640 20 --2- 127.0.0.1:0/987863127 >> v2:127.0.0.1:7180/0 conn(0xaf51400 0xaf74b00 crc :-1 s=THROTTLE_DISPATCH_QUEUE pgs=20 gs=1 cs=0 l=1 c_cookie=0 s_cookie=0 reconnecting=0 rev1=1 crypto rx=0 tx=0 comp rx=0 tx=0).throttle_dispatch_queue
2026-02-11T23:30:18.105+0000 7f72e3ffe640 20 --2- 127.0.0.1:0/987863127 >> v2:127.0.0.1:7180/0 conn(0xaf51400 0xaf74b00 crc :-1 s=THROTTLE_DONE pgs=20 gs=1 cs=0 l=1 c_cookie=0 s_cookie=0 reconnecting=0 rev1=1 crypto rx=0 tx=0 comp rx=0 tx=0).read_frame_segment seg_idx=0
2026-02-11T23:30:18.105+0000 7f72e3ffe640 20 -- 127.0.0.1:0/987863127 >> v2:127.0.0.1:7180/0 conn(0xaf51400 msgr2=0xaf74b00 crc :-1 s=STATE_CONNECTION_ESTABLISHED l=1).read start len=45
2026-02-11T23:30:18.105+0000 7f72e3ffe640 20 --2- 127.0.0.1:0/987863127 >> v2:127.0.0.1:7180/0 conn(0xaf51400 0xaf74b00 crc :-1 s=THROTTLE_DONE pgs=20 gs=1 cs=0 l=1 c_cookie=0 s_cookie=0 reconnecting=0 rev1=1 crypto rx=0 tx=0 comp rx=0 tx=0).handle_read_frame_segment r=0
2026-02-11T23:30:18.105+0000 7f72e3ffe640 20 --2- 127.0.0.1:0/987863127 >> v2:127.0.0.1:7180/0 conn(0xaf51400 0xaf74b00 crc :-1 s=THROTTLE_DONE pgs=20 gs=1 cs=0 l=1 c_cookie=0 s_cookie=0 reconnecting=0 rev1=1 crypto rx=0 tx=0 comp rx=0 tx=0).read_frame_segment seg_idx=1
2026-02-11T23:30:18.105+0000 7f72e3ffe640 20 -- 127.0.0.1:0/987863127 >> v2:127.0.0.1:7180/0 conn(0xaf51400 msgr2=0xaf74b00 crc :-1 s=STATE_CONNECTION_ESTABLISHED l=1).read start len=53625
2026-02-11T23:30:18.105+0000 7f72e3ffe640 20 --2- 127.0.0.1:0/987863127 >> v2:127.0.0.1:7180/0 conn(0xaf51400 0xaf74b00 crc :-1 s=THROTTLE_DONE pgs=20 gs=1 cs=0 l=1 c_cookie=0 s_cookie=0 reconnecting=0 rev1=1 crypto rx=0 tx=0 comp rx=0 tx=0).handle_read_frame_segment r=0
2026-02-11T23:30:18.105+0000 7f72e3ffe640 20 -- 127.0.0.1:0/987863127 >> v2:127.0.0.1:7180/0 conn(0xaf51400 msgr2=0xaf74b00 crc :-1 s=STATE_CONNECTION_ESTABLISHED l=1).read start len=13
2026-02-11T23:30:18.105+0000 7f72e3ffe640 20 --2- 127.0.0.1:0/987863127 >> v2:127.0.0.1:7180/0 conn(0xaf51400 0xaf74b00 crc :-1 s=THROTTLE_DONE pgs=20 gs=1 cs=0 l=1 c_cookie=0 s_cookie=0 reconnecting=0 rev1=1 crypto rx=0 tx=0 comp rx=0 tx=0).handle_read_frame_epilogue_main r=0
2026-02-11T23:30:18.105+0000 7f72e3ffe640 10 --2- 127.0.0.1:0/987863127 >> v2:127.0.0.1:7180/0 conn(0xaf51400 0xaf74b00 crc :-1 s=THROTTLE_DONE pgs=20 gs=1 cs=0 l=1 c_cookie=0 s_cookie=0 reconnecting=0 rev1=1 crypto rx=0 tx=0 comp rx=0 tx=0).handle_read_frame_dispatch tag=17
2026-02-11T23:30:18.105+0000 7f72e3ffe640 20 --2- 127.0.0.1:0/987863127 >> v2:127.0.0.1:7180/0 conn(0xaf51400 0xaf74b00 crc :-1 s=THROTTLE_DONE pgs=20 gs=1 cs=0 l=1 c_cookie=0 s_cookie=0 reconnecting=0 rev1=1 crypto rx=0 tx=0 comp rx=0 tx=0).handle_message
2026-02-11T23:30:18.105+0000 7f72e3ffe640 5 --2- 127.0.0.1:0/987863127 >> v2:127.0.0.1:7180/0 conn(0xaf51400 0xaf74b00 crc :-1 s=THROTTLE_DONE pgs=20 gs=1 cs=0 l=1 c_cookie=0 s_cookie=0 reconnecting=0 rev1=1 crypto rx=0 tx=0 comp rx=0 tx=0).handle_message got 53625 + 0 + 0 byte message. envelope type=1796 src mon.0 off 0
2026-02-11T23:30:18.105+0000 7f72e3ffe640 5 --2- 127.0.0.1:0/987863127 >> v2:127.0.0.1:7180/0 conn(0xaf51400 0xaf74b00 crc :-1 s=READ_MESSAGE_COMPLETE pgs=20 gs=1 cs=0 l=1 c_cookie=0 s_cookie=0 reconnecting=0 rev1=1 crypto rx=0 tx=0 comp rx=0 tx=0).handle_message received message m=0xae7b500 seq=4 from=mon.0 type=1796 mgrmap(e 2)
2026-02-11T23:30:18.105+0000 7f72e3ffe640 20 -- 127.0.0.1:0/987863127 queue 0xae7b500 prio 196
2026-02-11T23:30:18.105+0000 7f72e3ffe640 20 --2- 127.0.0.1:0/987863127 >> v2:127.0.0.1:7180/0 conn(0xaf51400 0xaf74b00 crc :-1 s=READY pgs=20 gs=1 cs=0 l=1 c_cookie=0 s_cookie=0 reconnecting=0 rev1=1 crypto rx=0 tx=0 comp rx=0 tx=0).read_frame
2026-02-11T23:30:18.105+0000 7f72e3ffe640 20 -- 127.0.0.1:0/987863127 >> v2:127.0.0.1:7180/0 conn(0xaf51400 msgr2=0xaf74b00 crc :-1 s=STATE_CONNECTION_ESTABLISHED l=1).read start len=32
2026-02-11T23:30:18.105+0000 7f72e3ffe640 20 --2- 127.0.0.1:0/987863127 >> v2:127.0.0.1:7180/0 conn(0xaf51400 0xaf74b00 crc :-1 s=READY pgs=20 gs=1 cs=0 l=1 c_cookie=0 s_cookie=0 reconnecting=0 rev1=1 crypto rx=0 tx=0 comp rx=0 tx=0).handle_read_frame_preamble_main r=0
2026-02-11T23:30:18.105+0000 7f72e3ffe640 20 --2- 127.0.0.1:0/987863127 >> v2:127.0.0.1:7180/0 conn(0xaf51400 0xaf74b00 crc :-1 s=THROTTLE_MESSAGE pgs=20 gs=1 cs=0 l=1 c_cookie=0 s_cookie=0 reconnecting=0 rev1=1 crypto rx=0 tx=0 comp rx=0 tx=0).throttle_message
2026-02-11T23:30:18.105+0000 7f71fd08d640 1 -- 127.0.0.1:0/987863127 <== mon.0 v2:127.0.0.1:7180/0 4 ==== mgrmap(e 2) ==== 53625+0+0 (crc 0 0 0) 0xae7b500 con 0xaf51400
2026-02-11T23:30:18.105+0000 7f72e3ffe640 20 --2- 127.0.0.1:0/987863127 >> v2:127.0.0.1:7180/0 conn(0xaf51400 0xaf74b00 crc :-1 s=THROTTLE_BYTES pgs=20 gs=1 cs=0 l=1 c_cookie=0 s_cookie=0 reconnecting=0 rev1=1 crypto rx=0 tx=0 comp rx=0 tx=0).throttle_bytes
2026-02-11T23:30:18.105+0000 7f72e3ffe640 20 --2- 127.0.0.1:0/987863127 >> v2:127.0.0.1:7180/0 conn(0xaf51400 0xaf74b00 crc :-1 s=THROTTLE_DISPATCH_QUEUE pgs=20 gs=1 cs=0 l=1 c_cookie=0 s_cookie=0 reconnecting=0 rev1=1 crypto rx=0 tx=0 comp rx=0 tx=0).throttle_dispatch_queue
2026-02-11T23:30:18.105+0000 7f72e3ffe640 20 --2- 127.0.0.1:0/987863127 >> v2:127.0.0.1:7180/0 conn(0xaf51400 0xaf74b00 crc :-1 s=THROTTLE_DONE pgs=20 gs=1 cs=0 l=1 c_cookie=0 s_cookie=0 reconnecting=0 rev1=1 crypto rx=0 tx=0 comp rx=0 tx=0).read_frame_segment seg_idx=0
2026-02-11T23:30:18.105+0000 7f72e3ffe640 20 -- 127.0.0.1:0/987863127 >> v2:127.0.0.1:7180/0 conn(0xaf51400 msgr2=0xaf74b00 crc :-1 s=STATE_CONNECTION_ESTABLISHED l=1).read start len=45
2026-02-11T23:30:18.105+0000 7f72e3ffe640 20 --2- 127.0.0.1:0/987863127 >> v2:127.0.0.1:7180/0 conn(0xaf51400 0xaf74b00 crc :-1 s=THROTTLE_DONE pgs=20 gs=1 cs=0 l=1 c_cookie=0 s_cookie=0 reconnecting=0 rev1=1 crypto rx=0 tx=0 comp rx=0 tx=0).handle_read_frame_segment r=0
2026-02-11T23:30:18.105+0000 7f72e3ffe640 20 --2- 127.0.0.1:0/987863127 >> v2:127.0.0.1:7180/0 conn(0xaf51400 0xaf74b00 crc :-1 s=THROTTLE_DONE pgs=20 gs=1 cs=0 l=1 c_cookie=0 s_cookie=0 reconnecting=0 rev1=1 crypto rx=0 tx=0 comp rx=0 tx=0).read_frame_segment seg_idx=1
2026-02-11T23:30:18.105+0000 7f72e3ffe640 20 -- 127.0.0.1:0/987863127 >> v2:127.0.0.1:7180/0 conn(0xaf51400 msgr2=0xaf74b00 crc :-1 s=STATE_CONNECTION_ESTABLISHED l=1).read start len=1299
2026-02-11T23:30:18.105+0000 7f72e3ffe640 20 --2- 127.0.0.1:0/987863127 >> v2:127.0.0.1:7180/0 conn(0xaf51400 0xaf74b00 crc :-1 s=THROTTLE_DONE pgs=20 gs=1 cs=0 l=1 c_cookie=0 s_cookie=0 reconnecting=0 rev1=1 crypto rx=0 tx=0 comp rx=0 tx=0).handle_read_frame_segment r=0
2026-02-11T23:30:18.105+0000 7f72e3ffe640 20 -- 127.0.0.1:0/987863127 >> v2:127.0.0.1:7180/0 conn(0xaf51400 msgr2=0xaf74b00 crc :-1 s=STATE_CONNECTION_ESTABLISHED l=1).read start len=13
2026-02-11T23:30:18.105+0000 7f72e3ffe640 20 --2- 127.0.0.1:0/987863127 >> v2:127.0.0.1:7180/0 conn(0xaf51400 0xaf74b00 crc :-1 s=THROTTLE_DONE pgs=20 gs=1 cs=0 l=1 c_cookie=0 s_cookie=0 reconnecting=0 rev1=1 crypto rx=0 tx=0 comp rx=0 tx=0).handle_read_frame_epilogue_main r=0
2026-02-11T23:30:18.105+0000 7f72e3ffe640 10 --2- 127.0.0.1:0/987863127 >> v2:127.0.0.1:7180/0 conn(0xaf51400 0xaf74b00 crc :-1 s=THROTTLE_DONE pgs=20 gs=1 cs=0 l=1 c_cookie=0 s_cookie=0 reconnecting=0 rev1=1 crypto rx=0 tx=0 comp rx=0 tx=0).handle_read_frame_dispatch tag=17
2026-02-11T23:30:18.105+0000 7f72e3ffe640 20 --2- 127.0.0.1:0/987863127 >> v2:127.0.0.1:7180/0 conn(0xaf51400 0xaf74b00 crc :-1 s=THROTTLE_DONE pgs=20 gs=1 cs=0 l=1 c_cookie=0 s_cookie=0 reconnecting=0 rev1=1 crypto rx=0 tx=0 comp rx=0 tx=0).handle_message
2026-02-11T23:30:18.105+0000 7f72e3ffe640 5 --2- 127.0.0.1:0/987863127 >> v2:127.0.0.1:7180/0 conn(0xaf51400 0xaf74b00 crc :-1 s=THROTTLE_DONE pgs=20 gs=1 cs=0 l=1 c_cookie=0 s_cookie=0 reconnecting=0 rev1=1 crypto rx=0 tx=0 comp rx=0 tx=0).handle_message got 1299 + 0 + 0 byte message. envelope type=41 src mon.0 off 0
2026-02-11T23:30:18.105+0000 7f72e3ffe640 5 --2- 127.0.0.1:0/987863127 >> v2:127.0.0.1:7180/0 conn(0xaf51400 0xaf74b00 crc :-1 s=READ_MESSAGE_COMPLETE pgs=20 gs=1 cs=0 l=1 c_cookie=0 s_cookie=0 reconnecting=0 rev1=1 crypto rx=0 tx=0 comp rx=0 tx=0).handle_message received message m=0x14f0e00 seq=5 from=mon.0 type=41 osd_map(5..5 src has 1..5)
2026-02-11T23:30:18.105+0000 7f72e3ffe640 20 -- 127.0.0.1:0/987863127 queue 0x14f0e00 prio 196
2026-02-11T23:30:18.105+0000 7f72e3ffe640 20 --2- 127.0.0.1:0/987863127 >> v2:127.0.0.1:7180/0 conn(0xaf51400 0xaf74b00 crc :-1 s=READY pgs=20 gs=1 cs=0 l=1 c_cookie=0 s_cookie=0 reconnecting=0 rev1=1 crypto rx=0 tx=0 comp rx=0 tx=0).read_frame
2026-02-11T23:30:18.105+0000 7f72e3ffe640 20 -- 127.0.0.1:0/987863127 >> v2:127.0.0.1:7180/0 conn(0xaf51400 msgr2=0xaf74b00 crc :-1 s=STATE_CONNECTION_ESTABLISHED l=1).read start len=32
2026-02-11T23:30:18.105+0000 7f71fd08d640 10 -- 127.0.0.1:0/987863127 dispatch_throttle_release 53625 to dispatch throttler 54924/104857600
2026-02-11T23:30:18.105+0000 7f71fd08d640 20 -- 127.0.0.1:0/987863127 done calling dispatch on 0xae7b500
2026-02-11T23:30:18.105+0000 7f71fd08d640 1 -- 127.0.0.1:0/987863127 <== mon.0 v2:127.0.0.1:7180/0 5 ==== osd_map(5..5 src has 1..5) ==== 1299+0+0 (crc 0 0 0) 0x14f0e00 con 0xaf51400
2026-02-11T23:30:18.105+0000 7f71fd08d640 10 client.4115.objecter ms_dispatch2 0x1656000 osd_map(5..5 src has 1..5)
2026-02-11T23:30:18.105+0000 7f71fd08d640 3 client.4115.objecter handle_osd_map got epochs [5,5] > 0
2026-02-11T23:30:18.105+0000 7f71fd08d640 3 client.4115.objecter handle_osd_map decoding full epoch 5
2026-02-11T23:30:18.105+0000 7f71fd08d640 20 client.4115.objecter dump_active .. 0 homeless
2026-02-11T23:30:18.105+0000 7f71fd08d640 10 -- 127.0.0.1:0/987863127 dispatch_throttle_release 1299 to dispatch throttler 1299/104857600
2026-02-11T23:30:18.105+0000 7f71fd08d640 20 -- 127.0.0.1:0/987863127 done calling dispatch on 0x14f0e00
2026-02-11T23:30:18.105+0000 7f7201095640 4 mgr send_beacon going active, including 698 commands in beacon
2026-02-11T23:30:18.105+0000 7f7201095640 1 -- 127.0.0.1:0/1388548195 --> v2:127.0.0.1:7180/0 -- mgrbeacon mgr.x(cb0a9481-482d-477a-a81c-1446b6498370,4100, [v2:127.0.0.1:6808/4279895178,v1:127.0.0.1:6809/4279895178], 1) -- 0x22aca00 con 0xaf50000
2026-02-11T23:30:18.105+0000 7f7201095640 5 --2- 127.0.0.1:0/1388548195 >> v2:127.0.0.1:7180/0 conn(0xaf50000 0xaf74000 crc :-1 s=READY pgs=18 gs=2 cs=0 l=1 c_cookie=4339685640421731661 s_cookie=0 reconnecting=0 rev1=1 crypto rx=0 tx=0 comp rx=0 tx=0).send_message enqueueing message m=0x22aca00 type=1795 mgrbeacon mgr.x(cb0a9481-482d-477a-a81c-1446b6498370,4100, [v2:127.0.0.1:6808/4279895178,v1:127.0.0.1:6809/4279895178], 1)
2026-02-11T23:30:18.105+0000 7f7201095640 15 --2- 127.0.0.1:0/1388548195 >> v2:127.0.0.1:7180/0 conn(0xaf50000 0xaf74000 crc :-1 s=READY pgs=18 gs=2 cs=0 l=1 c_cookie=4339685640421731661 s_cookie=0 reconnecting=0 rev1=1 crypto rx=0 tx=0 comp rx=0 tx=0).send_message message queued for async transmission m=0x22aca00
2026-02-11T23:30:18.105+0000 7f7201095640 20 Event(0x14e8748 nevent=5000 time_id=9).wakeup
2026-02-11T23:30:18.105+0000 7f72e3ffe640 10 -- 127.0.0.1:0/1388548195 >> v2:127.0.0.1:7180/0 conn(0xaf50000 msgr2=0xaf74000 crc :-1 s=STATE_CONNECTION_ESTABLISHED l=1).handle_write
2026-02-11T23:30:18.105+0000 7f72e3ffe640 10 --2- 127.0.0.1:0/1388548195 >> v2:127.0.0.1:7180/0 conn(0xaf50000 0xaf74000 crc :-1 s=READY pgs=18 gs=2 cs=0 l=1 c_cookie=4339685640421731661 s_cookie=0 reconnecting=0 rev1=1 crypto rx=0 tx=0 comp rx=0 tx=0).write_event
2026-02-11T23:30:18.105+0000 7f7201095640 20 mgr Gil Switched to new thread state 0xb1945a0
2026-02-11T23:30:18.105+0000 7f72e3ffe640 20 --2- 127.0.0.1:0/1388548195 >> v2:127.0.0.1:7180/0 conn(0xaf50000 0xaf74000 crc :-1 s=READY pgs=18 gs=2 cs=0 l=1 c_cookie=4339685640421731661 s_cookie=0 reconnecting=0 rev1=1 crypto rx=0 tx=0 comp rx=0 tx=0).prepare_send_message m=mgrbeacon mgr.x(cb0a9481-482d-477a-a81c-1446b6498370,4100, [v2:127.0.0.1:6808/4279895178,v1:127.0.0.1:6809/4279895178], 1)
2026-02-11T23:30:18.105+0000 7f72e3ffe640 20 --2- 127.0.0.1:0/1388548195 >> v2:127.0.0.1:7180/0 conn(0xaf50000 0xaf74000 crc :-1 s=READY pgs=18 gs=2 cs=0 l=1 c_cookie=4339685640421731661 s_cookie=0 reconnecting=0 rev1=1 crypto rx=0 tx=0 comp rx=0 tx=0).prepare_send_message encoding features 4544132024016699391 0x22aca00 mgrbeacon mgr.x(cb0a9481-482d-477a-a81c-1446b6498370,4100, [v2:127.0.0.1:6808/4279895178,v1:127.0.0.1:6809/4279895178], 1)
2026-02-11T23:30:18.105+0000 7f7201095640 10 ceph_option_get debug_mgr found: 20/20
2026-02-11T23:30:18.105+0000 7f7201095640 20 mgr get_config key: mgr/balancer/log_level
2026-02-11T23:30:18.105+0000 7f7201095640 10 mgr get_typed_config log_level not found
2026-02-11T23:30:18.105+0000 7f7201095640 20 mgr get_config key: mgr/balancer/log_to_cluster_level
2026-02-11T23:30:18.105+0000 7f7201095640 10 mgr get_typed_config log_to_cluster_level not found
2026-02-11T23:30:18.105+0000 7f7201095640 20 mgr get_config key: mgr/balancer/log_to_file
2026-02-11T23:30:18.105+0000 7f7201095640 10 mgr get_typed_config log_to_file not found
2026-02-11T23:30:18.106+0000 7f7201095640 20 mgr get_config key: mgr/balancer/log_to_cluster
2026-02-11T23:30:18.106+0000 7f7201095640 10 mgr get_typed_config log_to_cluster not found
2026-02-11T23:30:18.106+0000 7f72e3ffe640 2 --2- 127.0.0.1:0/1388548195 >> v2:127.0.0.1:7180/0 conn(0xaf50000 0xaf74000 crc :-1 s=READY pgs=18 gs=2 cs=0 l=1 c_cookie=4339685640421731661 s_cookie=0 reconnecting=0 rev1=1 crypto rx=0 tx=0 comp rx=0 tx=0).write_message sending message m=0x22aca00 seq=10 mgrbeacon mgr.x(cb0a9481-482d-477a-a81c-1446b6498370,4100, [v2:127.0.0.1:6808/4279895178,v1:127.0.0.1:6809/4279895178], 1)
2026-02-11T23:30:18.106+0000 7f72e3ffe640 20 --2- 127.0.0.1:0/1388548195 >> v2:127.0.0.1:7180/0 conn(0xaf50000 0xaf74000 crc :-1 s=READY pgs=18 gs=2 cs=0 l=1 c_cookie=4339685640421731661 s_cookie=0 reconnecting=0 rev1=1 crypto rx=0 tx=0 comp rx=0 tx=0).write_message sending m=0x22aca00 seq=10 src=mgr.4100 off=0
2026-02-11T23:30:18.106+0000 7f7201095640 10 ceph_option_get log_file found: td/osd-backfill-space/mgr.x.log
2026-02-11T23:30:18.106+0000 7f72e3ffe640 10 -- 127.0.0.1:0/1388548195 >> v2:127.0.0.1:7180/0 conn(0xaf50000 msgr2=0xaf74000 crc :-1 s=STATE_CONNECTION_ESTABLISHED l=1)._try_send sent bytes 198286 remaining bytes 0
2026-02-11T23:30:18.106+0000 7f72e3ffe640 10 --2- 127.0.0.1:0/1388548195 >> v2:127.0.0.1:7180/0 conn(0xaf50000 0xaf74000 crc :-1 s=READY pgs=18 gs=2 cs=0 l=1 c_cookie=4339685640421731661 s_cookie=0 reconnecting=0 rev1=1 crypto rx=0 tx=0 comp rx=0 tx=0).write_message sending 0x22aca00 done.
2026-02-11T23:30:18.106+0000 7f7201095640 0 [balancer DEBUG root] setting log level based on debug_mgr: DEBUG (20/20)
2026-02-11T23:30:18.106+0000 7f7201095640 1 mgr load Constructed class from module: balancer
2026-02-11T23:30:18.106+0000 7f7201095640 20 mgr ~Gil Destroying new thread state 0xb1945a0
2026-02-11T23:30:18.106+0000 7f7201095640 4 mgr operator() Starting thread for balancer
2026-02-11T23:30:18.106+0000 7f7201095640 4 mgr operator() Starting active module balancer finisher thread m-fin-balancer
2026-02-11T23:30:18.106+0000 7f71fb049640 4 mgr entry Entering thread for balancer
2026-02-11T23:30:18.106+0000 7f71fb049640 20 mgr Gil Switched to new thread state 0xaefaea0
2026-02-11T23:30:18.106+0000 7f71fb049640 0 [balancer INFO root] Starting
2026-02-11T23:30:18.106+0000 7f71fb049640 20 mgr get_config key: mgr/balancer/active
2026-02-11T23:30:18.106+0000 7f71fb049640 10 mgr get_typed_config active not found
2026-02-11T23:30:18.106+0000 7f71fb049640 20 mgr get_config key: mgr/balancer/sleep_interval
2026-02-11T23:30:18.106+0000 7f71fb049640 10 mgr get_typed_config sleep_interval not found
2026-02-11T23:30:18.106+0000 7f71fb049640 0 [balancer DEBUG root] Waking up [active, now 2026-02-11_23:30:18]
2026-02-11T23:30:18.106+0000 7f71fb049640 20 mgr get_config key: mgr/balancer/begin_time
2026-02-11T23:30:18.106+0000 7f71fb049640 10 mgr get_typed_config begin_time not found
2026-02-11T23:30:18.106+0000 7f71fb049640 20 mgr get_config key: mgr/balancer/end_time
2026-02-11T23:30:18.106+0000 7f71fb049640 10 mgr get_typed_config end_time not found
