2026-02-11T23:30:18.201+0000 7f72e37fd640 10 mgr.server ms_handle_fast_authentication session 0xb3746c0 osd.0 allow_all
2026-02-11T23:30:18.201+0000 7f72e3ffe640 10 -- 127.0.0.1:0/85442214 >> [v2:127.0.0.1:6808/4279895178,v1:127.0.0.1:6809/4279895178] conn(0xb279c00 msgr2=0xaf76680 unknown :-1 s=STATE_CONNECTION_ESTABLISHED l=1)._try_send sent bytes 26 remaining bytes 0
2026-02-11T23:30:18.201+0000 7f71f17f6640 10 -- 127.0.0.1:0/2999276704 >> [v2:127.0.0.1:6808/4279895178,v1:127.0.0.1:6809/4279895178] conn(0xb3f8000 msgr2=0xaf76100 unknown :-1 s=STATE_NONE l=1)._connect
2026-02-11T23:30:18.201+0000 7f72e3ffe640 20 -- 127.0.0.1:0/85442214 >> [v2:127.0.0.1:6808/4279895178,v1:127.0.0.1:6809/4279895178] conn(0xb279c00 msgr2=0xaf76680 unknown :-1 s=STATE_CONNECTION_ESTABLISHED l=1).read start len=10
2026-02-11T23:30:18.201+0000 7f71f17f6640 1 --2- 127.0.0.1:0/2999276704 >> [v2:127.0.0.1:6808/4279895178,v1:127.0.0.1:6809/4279895178] conn(0xb3f8000 0xaf76100 unknown :-1 s=NONE pgs=0 gs=0 cs=0 l=1 c_cookie=0 s_cookie=0 reconnecting=0 rev1=0 crypto rx=0 tx=0 comp rx=0 tx=0).connect
2026-02-11T23:30:18.201+0000 7f71f17f6640 20 Event(0x14e8088 nevent=5000 time_id=5).wakeup
2026-02-11T23:30:18.201+0000 7f72e37fd640 10 -- [v2:127.0.0.1:6808/4279895178,v1:127.0.0.1:6809/4279895178] >> conn(0xb279800 msgr2=0xaf76c00 crc :-1 s=STATE_CONNECTION_ESTABLISHED l=1)._try_send sent bytes 52 remaining bytes 0
2026-02-11T23:30:18.201+0000 7f71fd08d640 10 -- 127.0.0.1:0/987863127 create_connect [v2:127.0.0.1:6808/4279895178,v1:127.0.0.1:6809/4279895178], creating connection and registering
2026-02-11T23:30:18.201+0000 7f71f17f6640 10 -- 127.0.0.1:0/2999276704 create_connect 0xb3f8000 [v2:127.0.0.1:6808/4279895178,v1:127.0.0.1:6809/4279895178] [v2:127.0.0.1:6808/4279895178,v1:127.0.0.1:6809/4279895178]
2026-02-11T23:30:18.201+0000 7f71f17f6640 10 -- 127.0.0.1:0/2999276704 connect_to [v2:127.0.0.1:6808/4279895178,v1:127.0.0.1:6809/4279895178] new 0xb3f8000
2026-02-11T23:30:18.201+0000 7f72e1ffa640 20 -- 127.0.0.1:0/2999276704 >> [v2:127.0.0.1:6808/4279895178,v1:127.0.0.1:6809/4279895178] conn(0xb3f8000 msgr2=0xaf76100 unknown :-1 s=STATE_CONNECTING l=1).process
2026-02-11T23:30:18.201+0000 7f71f17f6640 10 -- 127.0.0.1:0/2999276704 dispatch_throttle_release 53752 to dispatch throttler 53752/104857600
2026-02-11T23:30:18.201+0000 7f72dfff6640 10 -- 127.0.0.1:0/1388548195 create_connect [v2:127.0.0.1:6808/4279895178,v1:127.0.0.1:6809/4279895178], creating connection and registering
2026-02-11T23:30:18.201+0000 7f71fd08d640 10 -- 127.0.0.1:0/987863127 >> [v2:127.0.0.1:6808/4279895178,v1:127.0.0.1:6809/4279895178] conn(0xb3f8400 msgr2=0xaf74580 unknown :-1 s=STATE_NONE l=1)._connect
2026-02-11T23:30:18.201+0000 7f71f17f6640 20 -- 127.0.0.1:0/2999276704 done calling dispatch on 0xb0d6600
2026-02-11T23:30:18.201+0000 7f71fd08d640 1 --2- 127.0.0.1:0/987863127 >> [v2:127.0.0.1:6808/4279895178,v1:127.0.0.1:6809/4279895178] conn(0xb3f8400 0xaf74580 unknown :-1 s=NONE pgs=0 gs=0 cs=0 l=1 c_cookie=0 s_cookie=0 reconnecting=0 rev1=0 crypto rx=0 tx=0 comp rx=0 tx=0).connect
2026-02-11T23:30:18.201+0000 7f71fd08d640 20 Event(0x14e8508 nevent=5000 time_id=5).wakeup
2026-02-11T23:30:18.201+0000 7f72e37fd640 10 -- [v2:127.0.0.1:6808/4279895178,v1:127.0.0.1:6809/4279895178] >> conn(0xb279800 msgr2=0xaf76c00 crc :-1 s=STATE_CONNECTION_ESTABLISHED l=1)._try_send sent bytes 68 remaining bytes 0
2026-02-11T23:30:18.201+0000 7f72e37fd640 20 --2- [v2:127.0.0.1:6808/4279895178,v1:127.0.0.1:6809/4279895178] >> conn(0xb279800 0xaf76c00 crc :-1 s=AUTH_ACCEPTING_SIGN pgs=0 gs=0 cs=0 l=1 c_cookie=0 s_cookie=0 reconnecting=0 rev1=1 crypto rx=0 tx=0 comp rx=0 tx=0).read_frame
2026-02-11T23:30:18.201+0000 7f71fd08d640 10 -- 127.0.0.1:0/987863127 create_connect 0xb3f8400 [v2:127.0.0.1:6808/4279895178,v1:127.0.0.1:6809/4279895178] [v2:127.0.0.1:6808/4279895178,v1:127.0.0.1:6809/4279895178]
2026-02-11T23:30:18.201+0000 7f72e37fd640 20 -- [v2:127.0.0.1:6808/4279895178,v1:127.0.0.1:6809/4279895178] >> conn(0xb279800 msgr2=0xaf76c00 crc :-1 s=STATE_CONNECTION_ESTABLISHED l=1).read start len=32
2026-02-11T23:30:18.201+0000 7f71fd08d640 10 -- 127.0.0.1:0/987863127 connect_to [v2:127.0.0.1:6808/4279895178,v1:127.0.0.1:6809/4279895178] new 0xb3f8400
2026-02-11T23:30:18.201+0000 7f71fd08d640 10 -- 127.0.0.1:0/987863127 dispatch_throttle_release 53752 to dispatch throttler 53752/104857600
2026-02-11T23:30:18.201+0000 7f71fd08d640 20 -- 127.0.0.1:0/987863127 done calling dispatch on 0xb376000
2026-02-11T23:30:18.201+0000 7f72e37fd640 10 Processor -- accept listen_fd=25
2026-02-11T23:30:18.201+0000 7f72e37fd640 10 Processor -- accept accepted incoming on sd 33
2026-02-11T23:30:18.201+0000 7f72e1ffa640 20 Event(0x14e8088 nevent=5000 time_id=6).create_file_event create event started fd=32 mask=1 original mask is 0
2026-02-11T23:30:18.201+0000 7f72e1ffa640 20 EpollDriver.add_event add event fd=32 cur_mask=0 add_mask=1 to 14
2026-02-11T23:30:18.201+0000 7f72e1ffa640 20 Event(0x14e8088 nevent=5000 time_id=6).create_file_event create event end fd=32 mask=1 current mask is 1
2026-02-11T23:30:18.201+0000 7f72e1ffa640 20 EpollDriver.del_event del event fd=32 cur_mask=1 delmask=2 to 14
2026-02-11T23:30:18.201+0000 7f72e1ffa640 10 -- 127.0.0.1:0/2999276704 >> [v2:127.0.0.1:6808/4279895178,v1:127.0.0.1:6809/4279895178] conn(0xb3f8000 msgr2=0xaf76100 unknown :-1 s=STATE_CONNECTING_RE l=1).process connect successfully, ready to send banner
2026-02-11T23:30:18.201+0000 7f72dfff6640 10 -- 127.0.0.1:0/1388548195 >> [v2:127.0.0.1:6808/4279895178,v1:127.0.0.1:6809/4279895178] conn(0x14be000 msgr2=0x1548000 unknown :-1 s=STATE_NONE l=0)._connect
2026-02-11T23:30:18.201+0000 7f72e1ffa640 20 --2- 127.0.0.1:0/2999276704 >> [v2:127.0.0.1:6808/4279895178,v1:127.0.0.1:6809/4279895178] conn(0xb3f8000 0xaf76100 unknown :-1 s=START_CONNECT pgs=0 gs=0 cs=0 l=1 c_cookie=0 s_cookie=0 reconnecting=0 rev1=0 crypto rx=0 tx=0 comp rx=0 tx=0).read_event
2026-02-11T23:30:18.201+0000 7f72dfff6640 1 --2- 127.0.0.1:0/1388548195 >> [v2:127.0.0.1:6808/4279895178,v1:127.0.0.1:6809/4279895178] conn(0x14be000 0x1548000 unknown :-1 s=NONE pgs=0 gs=0 cs=0 l=0 c_cookie=0 s_cookie=0 reconnecting=0 rev1=0 crypto rx=0 tx=0 comp rx=0 tx=0).connect
2026-02-11T23:30:18.201+0000 7f72dfff6640 20 Event(0x14e8748 nevent=5000 time_id=10).wakeup
2026-02-11T23:30:18.201+0000 7f72e37fd640 10 -- [v2:127.0.0.1:6808/4279895178,v1:127.0.0.1:6809/4279895178] >> conn(0xb3f8800 msgr2=0xaf77180 unknown :-1 s=STATE_NONE l=0).accept sd=33 listen_addr v2:127.0.0.1:6808/4279895178 peer_addr v2:127.0.0.1:36482/0
2026-02-11T23:30:18.201+0000 7f72e1ffa640 20 --2- 127.0.0.1:0/2999276704 >> [v2:127.0.0.1:6808/4279895178,v1:127.0.0.1:6809/4279895178] conn(0xb3f8000 0xaf76100 unknown :-1 s=START_CONNECT pgs=0 gs=0 cs=0 l=1 c_cookie=0 s_cookie=0 reconnecting=0 rev1=0 crypto rx=0 tx=0 comp rx=0 tx=0).start_client_banner_exchange
2026-02-11T23:30:18.201+0000 7f72e1ffa640 10 -- 127.0.0.1:0/2999276704 get_global_seq increment to global_seq=2
2026-02-11T23:30:18.201+0000 7f72e37fd640 1 --2- [v2:127.0.0.1:6808/4279895178,v1:127.0.0.1:6809/4279895178] >> conn(0xb3f8800 0xaf77180 unknown :-1 s=NONE pgs=0 gs=0 cs=0 l=0 c_cookie=0 s_cookie=0 reconnecting=0 rev1=0 crypto rx=0 tx=0 comp rx=0 tx=0).accept
2026-02-11T23:30:18.201+0000 7f72e1ffa640 20 --2- 127.0.0.1:0/2999276704 >> [v2:127.0.0.1:6808/4279895178,v1:127.0.0.1:6809/4279895178] conn(0xb3f8000 0xaf76100 unknown :-1 s=BANNER_CONNECTING pgs=0 gs=2 cs=0 l=1 c_cookie=0 s_cookie=0 reconnecting=0 rev1=0 crypto rx=0 tx=0 comp rx=0 tx=0)._banner_exchange
2026-02-11T23:30:18.201+0000 7f72e37fd640 20 Event(0x14e8088 nevent=5000 time_id=6).wakeup
2026-02-11T23:30:18.201+0000 7f72dfff6640 10 -- 127.0.0.1:0/1388548195 create_connect 0x14be000 [v2:127.0.0.1:6808/4279895178,v1:127.0.0.1:6809/4279895178] [v2:127.0.0.1:6808/4279895178,v1:127.0.0.1:6809/4279895178]
2026-02-11T23:30:18.201+0000 7f72dfff6640 10 -- 127.0.0.1:0/1388548195 connect_to [v2:127.0.0.1:6808/4279895178,v1:127.0.0.1:6809/4279895178] new 0x14be000
2026-02-11T23:30:18.201+0000 7f72e3ffe640 20 -- 127.0.0.1:0/1388548195 >> [v2:127.0.0.1:6808/4279895178,v1:127.0.0.1:6809/4279895178] conn(0x14be000 msgr2=0x1548000 unknown :-1 s=STATE_CONNECTING l=0).process
2026-02-11T23:30:18.201+0000 7f72e37fd640 10 Processor -- accept accepted incoming on sd 34
2026-02-11T23:30:18.201+0000 7f72e1ffa640 10 -- 127.0.0.1:0/2999276704 >> [v2:127.0.0.1:6808/4279895178,v1:127.0.0.1:6809/4279895178] conn(0xb3f8000 msgr2=0xaf76100 unknown :-1 s=STATE_CONNECTION_ESTABLISHED l=1)._try_send sent bytes 26 remaining bytes 0
2026-02-11T23:30:18.201+0000 7f72e1ffa640 20 -- 127.0.0.1:0/2999276704 >> [v2:127.0.0.1:6808/4279895178,v1:127.0.0.1:6809/4279895178] conn(0xb3f8000 msgr2=0xaf76100 unknown :-1 s=STATE_CONNECTION_ESTABLISHED l=1).read start len=10
2026-02-11T23:30:18.201+0000 7f72e1ffa640 20 -- [v2:127.0.0.1:6808/4279895178,v1:127.0.0.1:6809/4279895178] >> conn(0xb3f8800 msgr2=0xaf77180 unknown :-1 s=STATE_ACCEPTING l=0).process
2026-02-11T23:30:18.201+0000 7f72e37fd640 10 -- [v2:127.0.0.1:6808/4279895178,v1:127.0.0.1:6809/4279895178] >> conn(0xb3f8c00 msgr2=0xaf77700 unknown :-1 s=STATE_NONE l=0).accept sd=34 listen_addr v2:127.0.0.1:6808/4279895178 peer_addr v2:127.0.0.1:36496/0
2026-02-11T23:30:18.201+0000 7f72e1ffa640 20 Event(0x14e8088 nevent=5000 time_id=6).create_file_event create event started fd=33 mask=1 original mask is 0
2026-02-11T23:30:18.201+0000 7f72e1ffa640 20 EpollDriver.add_event add event fd=33 cur_mask=0 add_mask=1 to 14
2026-02-11T23:30:18.201+0000 7f72e37fd640 1 --2- [v2:127.0.0.1:6808/4279895178,v1:127.0.0.1:6809/4279895178] >> conn(0xb3f8c00 0xaf77700 unknown :-1 s=NONE pgs=0 gs=0 cs=0 l=0 c_cookie=0 s_cookie=0 reconnecting=0 rev1=0 crypto rx=0 tx=0 comp rx=0 tx=0).accept
2026-02-11T23:30:18.201+0000 7f72e1ffa640 20 Event(0x14e8088 nevent=5000 time_id=6).create_file_event create event end fd=33 mask=1 current mask is 1
2026-02-11T23:30:18.201+0000 7f72e1ffa640 20 --2- [v2:127.0.0.1:6808/4279895178,v1:127.0.0.1:6809/4279895178] >> conn(0xb3f8800 0xaf77180 unknown :-1 s=START_ACCEPT pgs=0 gs=0 cs=0 l=0 c_cookie=0 s_cookie=0 reconnecting=0 rev1=0 crypto rx=0 tx=0 comp rx=0 tx=0).read_event
2026-02-11T23:30:18.201+0000 7f72e1ffa640 20 --2- [v2:127.0.0.1:6808/4279895178,v1:127.0.0.1:6809/4279895178] >> conn(0xb3f8800 0xaf77180 unknown :-1 s=START_ACCEPT pgs=0 gs=0 cs=0 l=0 c_cookie=0 s_cookie=0 reconnecting=0 rev1=0 crypto rx=0 tx=0 comp rx=0 tx=0).start_server_banner_exchange
2026-02-11T23:30:18.201+0000 7f72e1ffa640 20 --2- [v2:127.0.0.1:6808/4279895178,v1:127.0.0.1:6809/4279895178] >> conn(0xb3f8800 0xaf77180 unknown :-1 s=BANNER_ACCEPTING pgs=0 gs=0 cs=0 l=0 c_cookie=0 s_cookie=0 reconnecting=0 rev1=0 crypto rx=0 tx=0 comp rx=0 tx=0)._banner_exchange
2026-02-11T23:30:18.201+0000 7f72e37fd640 10 Processor -- accept listen_fd=26
2026-02-11T23:30:18.201+0000 7f72e1ffa640 10 -- [v2:127.0.0.1:6808/4279895178,v1:127.0.0.1:6809/4279895178] >> conn(0xb3f8800 msgr2=0xaf77180 unknown :-1 s=STATE_CONNECTION_ESTABLISHED l=0)._try_send sent bytes 26 remaining bytes 0
2026-02-11T23:30:18.201+0000 7f72e37fd640 20 -- 127.0.0.1:0/987863127 >> [v2:127.0.0.1:6808/4279895178,v1:127.0.0.1:6809/4279895178] conn(0xb3f8400 msgr2=0xaf74580 unknown :-1 s=STATE_CONNECTING l=1).process
2026-02-11T23:30:18.201+0000 7f72e1ffa640 20 -- [v2:127.0.0.1:6808/4279895178,v1:127.0.0.1:6809/4279895178] >> conn(0xb3f8800 msgr2=0xaf77180 unknown :-1 s=STATE_CONNECTION_ESTABLISHED l=0).read start len=10
2026-02-11T23:30:18.201+0000 7f72e1ffa640 20 --2- [v2:127.0.0.1:6808/4279895178,v1:127.0.0.1:6809/4279895178] >> conn(0xb3f8800 0xaf77180 unknown :-1 s=BANNER_ACCEPTING pgs=0 gs=0 cs=0 l=0 c_cookie=0 s_cookie=0 reconnecting=0 rev1=0 crypto rx=0 tx=0 comp rx=0 tx=0)._handle_peer_banner r=0
2026-02-11T23:30:18.201+0000 7f72e3ffe640 20 Event(0x14e8748 nevent=5000 time_id=11).create_file_event create event started fd=35 mask=1 original mask is 0
2026-02-11T23:30:18.201+0000 7f72e1ffa640 20 -- [v2:127.0.0.1:6808/4279895178,v1:127.0.0.1:6809/4279895178] >> conn(0xb3f8800 msgr2=0xaf77180 unknown :-1 s=STATE_CONNECTION_ESTABLISHED l=0).read start len=16
2026-02-11T23:30:18.201+0000 7f72e3ffe640 20 EpollDriver.add_event add event fd=35 cur_mask=0 add_mask=1 to 12
2026-02-11T23:30:18.201+0000 7f72e1ffa640 20 --2- [v2:127.0.0.1:6808/4279895178,v1:127.0.0.1:6809/4279895178] >> conn(0xb3f8800 0xaf77180 unknown :-1 s=BANNER_ACCEPTING pgs=0 gs=0 cs=0 l=0 c_cookie=0 s_cookie=0 reconnecting=0 rev1=0 crypto rx=0 tx=0 comp rx=0 tx=0)._handle_peer_banner_payload r=0
2026-02-11T23:30:18.201+0000 7f72e1ffa640 1 --2- [v2:127.0.0.1:6808/4279895178,v1:127.0.0.1:6809/4279895178] >> conn(0xb3f8800 0xaf77180 unknown :-1 s=BANNER_ACCEPTING pgs=0 gs=0 cs=0 l=0 c_cookie=0 s_cookie=0 reconnecting=0 rev1=0 crypto rx=0 tx=0 comp rx=0 tx=0)._handle_peer_banner_payload supported=3 required=0
2026-02-11T23:30:18.201+0000 7f72e3ffe640 20 Event(0x14e8748 nevent=5000 time_id=11).create_file_event create event end fd=35 mask=1 current mask is 1
2026-02-11T23:30:18.201+0000 7f72e3ffe640 20 EpollDriver.del_event del event fd=35 cur_mask=1 delmask=2 to 12
2026-02-11T23:30:18.201+0000 7f72e3ffe640 10 -- 127.0.0.1:0/1388548195 >> [v2:127.0.0.1:6808/4279895178,v1:127.0.0.1:6809/4279895178] conn(0x14be000 msgr2=0x1548000 unknown :-1 s=STATE_CONNECTING_RE l=0).process connect successfully, ready to send banner
2026-02-11T23:30:18.201+0000 7f72e3ffe640 20 --2- 127.0.0.1:0/1388548195 >> [v2:127.0.0.1:6808/4279895178,v1:127.0.0.1:6809/4279895178] conn(0x14be000 0x1548000 unknown :-1 s=START_CONNECT pgs=0 gs=0 cs=0 l=0 c_cookie=0 s_cookie=0 reconnecting=0 rev1=0 crypto rx=0 tx=0 comp rx=0 tx=0).read_event
2026-02-11T23:30:18.201+0000 7f72e1ffa640 10 -- [v2:127.0.0.1:6808/4279895178,v1:127.0.0.1:6809/4279895178] >> conn(0xb3f8800 msgr2=0xaf77180 unknown :-1 s=STATE_CONNECTION_ESTABLISHED l=0)._try_send sent bytes 72 remaining bytes 0
2026-02-11T23:30:18.201+0000 7f72e3ffe640 20 --2- 127.0.0.1:0/1388548195 >> [v2:127.0.0.1:6808/4279895178,v1:127.0.0.1:6809/4279895178] conn(0x14be000 0x1548000 unknown :-1 s=START_CONNECT pgs=0 gs=0 cs=0 l=0 c_cookie=0 s_cookie=0 reconnecting=0 rev1=0 crypto rx=0 tx=0 comp rx=0 tx=0).start_client_banner_exchange
2026-02-11T23:30:18.201+0000 7f72e3ffe640 10 -- 127.0.0.1:0/1388548195 get_global_seq increment to global_seq=3
2026-02-11T23:30:18.201+0000 7f72e1ffa640 20 --2- [v2:127.0.0.1:6808/4279895178,v1:127.0.0.1:6809/4279895178] >> conn(0xb3f8800 0xaf77180 unknown :-1 s=HELLO_ACCEPTING pgs=0 gs=0 cs=0 l=0 c_cookie=0 s_cookie=0 reconnecting=0 rev1=1 crypto rx=0 tx=0 comp rx=0 tx=0).read_frame
2026-02-11T23:30:18.201+0000 7f72e3ffe640 20 --2- 127.0.0.1:0/1388548195 >> [v2:127.0.0.1:6808/4279895178,v1:127.0.0.1:6809/4279895178] conn(0x14be000 0x1548000 unknown :-1 s=BANNER_CONNECTING pgs=0 gs=3 cs=0 l=0 c_cookie=0 s_cookie=0 reconnecting=0 rev1=0 crypto rx=0 tx=0 comp rx=0 tx=0)._banner_exchange
2026-02-11T23:30:18.201+0000 7f72e1ffa640 20 -- [v2:127.0.0.1:6808/4279895178,v1:127.0.0.1:6809/4279895178] >> conn(0xb3f8800 msgr2=0xaf77180 unknown :-1 s=STATE_CONNECTION_ESTABLISHED l=0).read start len=32
2026-02-11T23:30:18.201+0000 7f72e3ffe640 10 -- 127.0.0.1:0/1388548195 >> [v2:127.0.0.1:6808/4279895178,v1:127.0.0.1:6809/4279895178] conn(0x14be000 msgr2=0x1548000 unknown :-1 s=STATE_CONNECTION_ESTABLISHED l=0)._try_send sent bytes 26 remaining bytes 0
2026-02-11T23:30:18.201+0000 7f72e37fd640 20 Event(0x14e8508 nevent=5000 time_id=6).create_file_event create event started fd=36 mask=1 original mask is 0
2026-02-11T23:30:18.201+0000 7f72e37fd640 20 EpollDriver.add_event add event fd=36 cur_mask=0 add_mask=1 to 10
2026-02-11T23:30:18.201+0000 7f72e3ffe640 20 -- 127.0.0.1:0/1388548195 >> [v2:127.0.0.1:6808/4279895178,v1:127.0.0.1:6809/4279895178] conn(0x14be000 msgr2=0x1548000 unknown :-1 s=STATE_CONNECTION_ESTABLISHED l=0).read start len=10
2026-02-11T23:30:18.201+0000 7f72e37fd640 20 Event(0x14e8508 nevent=5000 time_id=6).create_file_event create event end fd=36 mask=1 current mask is 1
2026-02-11T23:30:18.201+0000 7f72e37fd640 20 EpollDriver.del_event del event fd=36 cur_mask=1 delmask=2 to 10
2026-02-11T23:30:18.201+0000 7f72e3ffe640 20 -- 127.0.0.1:0/85442214 >> [v2:127.0.0.1:6808/4279895178,v1:127.0.0.1:6809/4279895178] conn(0xb279c00 msgr2=0xaf76680 unknown :-1 s=STATE_CONNECTION_ESTABLISHED l=1).process
2026-02-11T23:30:18.201+0000 7f72e37fd640 10 -- 127.0.0.1:0/987863127 >> [v2:127.0.0.1:6808/4279895178,v1:127.0.0.1:6809/4279895178] conn(0xb3f8400 msgr2=0xaf74580 unknown :-1 s=STATE_CONNECTING_RE l=1).process connect successfully, ready to send banner
2026-02-11T23:30:18.201+0000 7f72e3ffe640 20 -- 127.0.0.1:0/85442214 >> [v2:127.0.0.1:6808/4279895178,v1:127.0.0.1:6809/4279895178] conn(0xb279c00 msgr2=0xaf76680 unknown :-1 s=STATE_CONNECTION_ESTABLISHED l=1).read continue len=10
2026-02-11T23:30:18.201+0000 7f72e37fd640 20 --2- 127.0.0.1:0/987863127 >> [v2:127.0.0.1:6808/4279895178,v1:127.0.0.1:6809/4279895178] conn(0xb3f8400 0xaf74580 unknown :-1 s=START_CONNECT pgs=0 gs=0 cs=0 l=1 c_cookie=0 s_cookie=0 reconnecting=0 rev1=0 crypto rx=0 tx=0 comp rx=0 tx=0).read_event
2026-02-11T23:30:18.201+0000 7f72e37fd640 20 --2- 127.0.0.1:0/987863127 >> [v2:127.0.0.1:6808/4279895178,v1:127.0.0.1:6809/4279895178] conn(0xb3f8400 0xaf74580 unknown :-1 s=START_CONNECT pgs=0 gs=0 cs=0 l=1 c_cookie=0 s_cookie=0 reconnecting=0 rev1=0 crypto rx=0 tx=0 comp rx=0 tx=0).start_client_banner_exchange
2026-02-11T23:30:18.201+0000 7f72e3ffe640 20 --2- 127.0.0.1:0/85442214 >> [v2:127.0.0.1:6808/4279895178,v1:127.0.0.1:6809/4279895178] conn(0xb279c00 0xaf76680 unknown :-1 s=BANNER_CONNECTING pgs=0 gs=2 cs=0 l=1 c_cookie=0 s_cookie=0 reconnecting=0 rev1=0 crypto rx=0 tx=0 comp rx=0 tx=0)._handle_peer_banner r=0
2026-02-11T23:30:18.201+0000 7f72e37fd640 10 -- 127.0.0.1:0/987863127 get_global_seq increment to global_seq=2
2026-02-11T23:30:18.201+0000 7f72e3ffe640 20 -- 127.0.0.1:0/85442214 >> [v2:127.0.0.1:6808/4279895178,v1:127.0.0.1:6809/4279895178] conn(0xb279c00 msgr2=0xaf76680 unknown :-1 s=STATE_CONNECTION_ESTABLISHED l=1).read start len=16
2026-02-11T23:30:18.201+0000 7f72e37fd640 20 --2- 127.0.0.1:0/987863127 >> [v2:127.0.0.1:6808/4279895178,v1:127.0.0.1:6809/4279895178] conn(0xb3f8400 0xaf74580 unknown :-1 s=BANNER_CONNECTING pgs=0 gs=2 cs=0 l=1 c_cookie=0 s_cookie=0 reconnecting=0 rev1=0 crypto rx=0 tx=0 comp rx=0 tx=0)._banner_exchange
2026-02-11T23:30:18.201+0000 7f72e3ffe640 20 --2- 127.0.0.1:0/85442214 >> [v2:127.0.0.1:6808/4279895178,v1:127.0.0.1:6809/4279895178] conn(0xb279c00 0xaf76680 unknown :-1 s=BANNER_CONNECTING pgs=0 gs=2 cs=0 l=1 c_cookie=0 s_cookie=0 reconnecting=0 rev1=0 crypto rx=0 tx=0 comp rx=0 tx=0)._handle_peer_banner_payload r=0
2026-02-11T23:30:18.201+0000 7f72e3ffe640 1 --2- 127.0.0.1:0/85442214 >> [v2:127.0.0.1:6808/4279895178,v1:127.0.0.1:6809/4279895178] conn(0xb279c00 0xaf76680 unknown :-1 s=BANNER_CONNECTING pgs=0 gs=2 cs=0 l=1 c_cookie=0 s_cookie=0 reconnecting=0 rev1=0 crypto rx=0 tx=0 comp rx=0 tx=0)._handle_peer_banner_payload supported=3 required=0
2026-02-11T23:30:18.201+0000 7f72e37fd640 10 -- 127.0.0.1:0/987863127 >> [v2:127.0.0.1:6808/4279895178,v1:127.0.0.1:6809/4279895178] conn(0xb3f8400 msgr2=0xaf74580 unknown :-1 s=STATE_CONNECTION_ESTABLISHED l=1)._try_send sent bytes 26 remaining bytes 0
2026-02-11T23:30:18.201+0000 7f72e37fd640 20 -- 127.0.0.1:0/987863127 >> [v2:127.0.0.1:6808/4279895178,v1:127.0.0.1:6809/4279895178] conn(0xb3f8400 msgr2=0xaf74580 unknown :-1 s=STATE_CONNECTION_ESTABLISHED l=1).read start len=10
2026-02-11T23:30:18.201+0000 7f72e3ffe640 10 -- 127.0.0.1:0/85442214 >> [v2:127.0.0.1:6808/4279895178,v1:127.0.0.1:6809/4279895178] conn(0xb279c00 msgr2=0xaf76680 unknown :-1 s=STATE_CONNECTION_ESTABLISHED l=1)._try_send sent bytes 72 remaining bytes 0
2026-02-11T23:30:18.201+0000 7f72e1ffa640 20 -- [v2:127.0.0.1:6808/4279895178,v1:127.0.0.1:6809/4279895178] >> conn(0xb3f8800 msgr2=0xaf77180 unknown :-1 s=STATE_CONNECTION_ESTABLISHED l=0).process
2026-02-11T23:30:18.201+0000 7f72e1ffa640 20 -- [v2:127.0.0.1:6808/4279895178,v1:127.0.0.1:6809/4279895178] >> conn(0xb3f8800 msgr2=0xaf77180 unknown :-1 s=STATE_CONNECTION_ESTABLISHED l=0).read continue len=32
2026-02-11T23:30:18.201+0000 7f72e37fd640 20 -- [v2:127.0.0.1:6808/4279895178,v1:127.0.0.1:6809/4279895178] >> conn(0xb3f8c00 msgr2=0xaf77700 unknown :-1 s=STATE_ACCEPTING l=0).process
2026-02-11T23:30:18.201+0000 7f72e3ffe640 20 --2- 127.0.0.1:0/85442214 >> [v2:127.0.0.1:6808/4279895178,v1:127.0.0.1:6809/4279895178] conn(0xb279c00 0xaf76680 unknown :-1 s=HELLO_CONNECTING pgs=0 gs=2 cs=0 l=1 c_cookie=0 s_cookie=0 reconnecting=0 rev1=1 crypto rx=0 tx=0 comp rx=0 tx=0).read_frame
2026-02-11T23:30:18.201+0000 7f72e37fd640 20 Event(0x14e8508 nevent=5000 time_id=6).create_file_event create event started fd=34 mask=1 original mask is 0
2026-02-11T23:30:18.201+0000 7f72e37fd640 20 EpollDriver.add_event add event fd=34 cur_mask=0 add_mask=1 to 10
2026-02-11T23:30:18.201+0000 7f72e1ffa640 20 --2- [v2:127.0.0.1:6808/4279895178,v1:127.0.0.1:6809/4279895178] >> conn(0xb3f8800 0xaf77180 unknown :-1 s=HELLO_ACCEPTING pgs=0 gs=0 cs=0 l=0 c_cookie=0 s_cookie=0 reconnecting=0 rev1=1 crypto rx=0 tx=0 comp rx=0 tx=0).handle_read_frame_preamble_main r=0
2026-02-11T23:30:18.201+0000 7f72e3ffe640 20 -- 127.0.0.1:0/85442214 >> [v2:127.0.0.1:6808/4279895178,v1:127.0.0.1:6809/4279895178] conn(0xb279c00 msgr2=0xaf76680 unknown :-1 s=STATE_CONNECTION_ESTABLISHED l=1).read start len=32
2026-02-11T23:30:18.201+0000 7f72e37fd640 20 Event(0x14e8508 nevent=5000 time_id=6).create_file_event create event end fd=34 mask=1 current mask is 1
2026-02-11T23:30:18.201+0000 7f72e1ffa640 20 --2- [v2:127.0.0.1:6808/4279895178,v1:127.0.0.1:6809/4279895178] >> conn(0xb3f8800 0xaf77180 unknown :-1 s=HELLO_ACCEPTING pgs=0 gs=0 cs=0 l=0 c_cookie=0 s_cookie=0 reconnecting=0 rev1=1 crypto rx=0 tx=0 comp rx=0 tx=0).read_frame_segment seg_idx=0
2026-02-11T23:30:18.201+0000 7f72e3ffe640 20 --2- 127.0.0.1:0/85442214 >> [v2:127.0.0.1:6808/4279895178,v1:127.0.0.1:6809/4279895178] conn(0xb279c00 0xaf76680 unknown :-1 s=HELLO_CONNECTING pgs=0 gs=2 cs=0 l=1 c_cookie=0 s_cookie=0 reconnecting=0 rev1=1 crypto rx=0 tx=0 comp rx=0 tx=0).handle_read_frame_preamble_main r=0
2026-02-11T23:30:18.201+0000 7f72e1ffa640 20 -- [v2:127.0.0.1:6808/4279895178,v1:127.0.0.1:6809/4279895178] >> conn(0xb3f8800 msgr2=0xaf77180 unknown :-1 s=STATE_CONNECTION_ESTABLISHED l=0).read start len=40
2026-02-11T23:30:18.201+0000 7f72e37fd640 20 --2- [v2:127.0.0.1:6808/4279895178,v1:127.0.0.1:6809/4279895178] >> conn(0xb3f8c00 0xaf77700 unknown :-1 s=START_ACCEPT pgs=0 gs=0 cs=0 l=0 c_cookie=0 s_cookie=0 reconnecting=0 rev1=0 crypto rx=0 tx=0 comp rx=0 tx=0).read_event
2026-02-11T23:30:18.201+0000 7f72e1ffa640 20 --2- [v2:127.0.0.1:6808/4279895178,v1:127.0.0.1:6809/4279895178] >> conn(0xb3f8800 0xaf77180 unknown :-1 s=HELLO_ACCEPTING pgs=0 gs=0 cs=0 l=0 c_cookie=0 s_cookie=0 reconnecting=0 rev1=1 crypto rx=0 tx=0 comp rx=0 tx=0).handle_read_frame_segment r=0
2026-02-11T23:30:18.201+0000 7f72e3ffe640 20 --2- 127.0.0.1:0/85442214 >> [v2:127.0.0.1:6808/4279895178,v1:127.0.0.1:6809/4279895178] conn(0xb279c00 0xaf76680 unknown :-1 s=HELLO_CONNECTING pgs=0 gs=2 cs=0 l=1 c_cookie=0 s_cookie=0 reconnecting=0 rev1=1 crypto rx=0 tx=0 comp rx=0 tx=0).read_frame_segment seg_idx=0
2026-02-11T23:30:18.201+0000 7f72e37fd640 20 --2- [v2:127.0.0.1:6808/4279895178,v1:127.0.0.1:6809/4279895178] >> conn(0xb3f8c00 0xaf77700 unknown :-1 s=START_ACCEPT pgs=0 gs=0 cs=0 l=0 c_cookie=0 s_cookie=0 reconnecting=0 rev1=0 crypto rx=0 tx=0 comp rx=0 tx=0).start_server_banner_exchange
2026-02-11T23:30:18.201+0000 7f72e1ffa640 10 --2- [v2:127.0.0.1:6808/4279895178,v1:127.0.0.1:6809/4279895178] >> conn(0xb3f8800 0xaf77180 unknown :-1 s=HELLO_ACCEPTING pgs=0 gs=0 cs=0 l=0 c_cookie=0 s_cookie=0 reconnecting=0 rev1=1 crypto rx=0 tx=0 comp rx=0 tx=0).handle_read_frame_dispatch tag=1
2026-02-11T23:30:18.201+0000 7f72e3ffe640 20 -- 127.0.0.1:0/85442214 >> [v2:127.0.0.1:6808/4279895178,v1:127.0.0.1:6809/4279895178] conn(0xb279c00 msgr2=0xaf76680 unknown :-1 s=STATE_CONNECTION_ESTABLISHED l=1).read start len=40
2026-02-11T23:30:18.201+0000 7f72e1ffa640 20 --2- [v2:127.0.0.1:6808/4279895178,v1:127.0.0.1:6809/4279895178] >> conn(0xb3f8800 0xaf77180 unknown :-1 s=HELLO_ACCEPTING pgs=0 gs=0 cs=0 l=0 c_cookie=0 s_cookie=0 reconnecting=0 rev1=1 crypto rx=0 tx=0 comp rx=0 tx=0).handle_hello payload.length()=36
2026-02-11T23:30:18.201+0000 7f72e37fd640 20 --2- [v2:127.0.0.1:6808/4279895178,v1:127.0.0.1:6809/4279895178] >> conn(0xb3f8c00 0xaf77700 unknown :-1 s=BANNER_ACCEPTING pgs=0 gs=0 cs=0 l=0 c_cookie=0 s_cookie=0 reconnecting=0 rev1=0 crypto rx=0 tx=0 comp rx=0 tx=0)._banner_exchange
2026-02-11T23:30:18.201+0000 7f72e1ffa640 5 --2- [v2:127.0.0.1:6808/4279895178,v1:127.0.0.1:6809/4279895178] >> conn(0xb3f8800 0xaf77180 unknown :-1 s=HELLO_ACCEPTING pgs=0 gs=0 cs=0 l=0 c_cookie=0 s_cookie=0 reconnecting=0 rev1=1 crypto rx=0 tx=0 comp rx=0 tx=0).handle_hello received hello: peer_type=8 peer_addr_for_me=v2:127.0.0.1:6808/4279895178
2026-02-11T23:30:18.201+0000 7f72e3ffe640 20 --2- 127.0.0.1:0/85442214 >> [v2:127.0.0.1:6808/4279895178,v1:127.0.0.1:6809/4279895178] conn(0xb279c00 0xaf76680 unknown :-1 s=HELLO_CONNECTING pgs=0 gs=2 cs=0 l=1 c_cookie=0 s_cookie=0 reconnecting=0 rev1=1 crypto rx=0 tx=0 comp rx=0 tx=0).handle_read_frame_segment r=0
2026-02-11T23:30:18.201+0000 7f72e1ffa640 5 --2- [v2:127.0.0.1:6808/4279895178,v1:127.0.0.1:6809/4279895178] >> conn(0xb3f8800 0xaf77180 unknown :-1 s=HELLO_ACCEPTING pgs=0 gs=0 cs=0 l=0 c_cookie=0 s_cookie=0 reconnecting=0 rev1=1 crypto rx=0 tx=0 comp rx=0 tx=0).handle_hello getsockname says I am 127.0.0.1:6808 when talking to v2:127.0.0.1:36482/0
2026-02-11T23:30:18.201+0000 7f72e3ffe640 10 --2- 127.0.0.1:0/85442214 >> [v2:127.0.0.1:6808/4279895178,v1:127.0.0.1:6809/4279895178] conn(0xb279c00 0xaf76680 unknown :-1 s=HELLO_CONNECTING pgs=0 gs=2 cs=0 l=1 c_cookie=0 s_cookie=0 reconnecting=0 rev1=1 crypto rx=0 tx=0 comp rx=0 tx=0).handle_read_frame_dispatch tag=1
2026-02-11T23:30:18.201+0000 7f72e1ffa640 10 --2- [v2:127.0.0.1:6808/4279895178,v1:127.0.0.1:6809/4279895178] >> conn(0xb3f8800 0xaf77180 unknown :-1 s=HELLO_ACCEPTING pgs=0 gs=0 cs=0 l=1 c_cookie=0 s_cookie=0 reconnecting=0 rev1=1 crypto rx=0 tx=0 comp rx=0 tx=0).handle_hello accept of host_type 8, policy.lossy=1 policy.server=1 policy.standby=0 policy.resetcheck=0
2026-02-11T23:30:18.201+0000 7f72e1ffa640 20 --2- [v2:127.0.0.1:6808/4279895178,v1:127.0.0.1:6809/4279895178] >> conn(0xb3f8800 0xaf77180 unknown :-1 s=HELLO_ACCEPTING pgs=0 gs=0 cs=0 l=1 c_cookie=0 s_cookie=0 reconnecting=0 rev1=1 crypto rx=0 tx=0 comp rx=0 tx=0).post_server_banner_exchange
2026-02-11T23:30:18.201+0000 7f72e3ffe640 20 --2- 127.0.0.1:0/85442214 >> [v2:127.0.0.1:6808/4279895178,v1:127.0.0.1:6809/4279895178] conn(0xb279c00 0xaf76680 unknown :-1 s=HELLO_CONNECTING pgs=0 gs=2 cs=0 l=1 c_cookie=0 s_cookie=0 reconnecting=0 rev1=1 crypto rx=0 tx=0 comp rx=0 tx=0).handle_hello payload.length()=36
2026-02-11T23:30:18.201+0000 7f72e1ffa640 20 --2- [v2:127.0.0.1:6808/4279895178,v1:127.0.0.1:6809/4279895178] >> conn(0xb3f8800 0xaf77180 unknown :-1 s=AUTH_ACCEPTING pgs=0 gs=0 cs=0 l=1 c_cookie=0 s_cookie=0 reconnecting=0 rev1=1 crypto rx=0 tx=0 comp rx=0 tx=0).read_frame
2026-02-11T23:30:18.201+0000 7f72e37fd640 10 -- [v2:127.0.0.1:6808/4279895178,v1:127.0.0.1:6809/4279895178] >> conn(0xb3f8c00 msgr2=0xaf77700 unknown :-1 s=STATE_CONNECTION_ESTABLISHED l=0)._try_send sent bytes 26 remaining bytes 0
2026-02-11T23:30:18.201+0000 7f72e1ffa640 20 -- [v2:127.0.0.1:6808/4279895178,v1:127.0.0.1:6809/4279895178] >> conn(0xb3f8800 msgr2=0xaf77180 unknown :-1 s=STATE_CONNECTION_ESTABLISHED l=1).read start len=32
2026-02-11T23:30:18.201+0000 7f72e3ffe640 5 --2- 127.0.0.1:0/85442214 >> [v2:127.0.0.1:6808/4279895178,v1:127.0.0.1:6809/4279895178] conn(0xb279c00 0xaf76680 unknown :-1 s=HELLO_CONNECTING pgs=0 gs=2 cs=0 l=1 c_cookie=0 s_cookie=0 reconnecting=0 rev1=1 crypto rx=0 tx=0 comp rx=0 tx=0).handle_hello received hello: peer_type=16 peer_addr_for_me=v2:127.0.0.1:36482/0
2026-02-11T23:30:18.201+0000 7f72e37fd640 20 -- [v2:127.0.0.1:6808/4279895178,v1:127.0.0.1:6809/4279895178] >> conn(0xb3f8c00 msgr2=0xaf77700 unknown :-1 s=STATE_CONNECTION_ESTABLISHED l=0).read start len=10
2026-02-11T23:30:18.201+0000 7f72e1ffa640 20 -- 127.0.0.1:0/2999276704 >> [v2:127.0.0.1:6808/4279895178,v1:127.0.0.1:6809/4279895178] conn(0xb3f8000 msgr2=0xaf76100 unknown :-1 s=STATE_CONNECTION_ESTABLISHED l=1).process
2026-02-11T23:30:18.201+0000 7f72e1ffa640 20 -- 127.0.0.1:0/2999276704 >> [v2:127.0.0.1:6808/4279895178,v1:127.0.0.1:6809/4279895178] conn(0xb3f8000 msgr2=0xaf76100 unknown :-1 s=STATE_CONNECTION_ESTABLISHED l=1).read continue len=10
2026-02-11T23:30:18.201+0000 7f72e3ffe640 5 --2- 127.0.0.1:0/85442214 >> [v2:127.0.0.1:6808/4279895178,v1:127.0.0.1:6809/4279895178] conn(0xb279c00 0xaf76680 unknown :-1 s=HELLO_CONNECTING pgs=0 gs=2 cs=0 l=1 c_cookie=0 s_cookie=0 reconnecting=0 rev1=1 crypto rx=0 tx=0 comp rx=0 tx=0).handle_hello getsockname says I am 127.0.0.1:36482 when talking to v2:127.0.0.1:6808/4279895178
2026-02-11T23:30:18.201+0000 7f72e37fd640 20 --2- [v2:127.0.0.1:6808/4279895178,v1:127.0.0.1:6809/4279895178] >> conn(0xb3f8c00 0xaf77700 unknown :-1 s=BANNER_ACCEPTING pgs=0 gs=0 cs=0 l=0 c_cookie=0 s_cookie=0 reconnecting=0 rev1=0 crypto rx=0 tx=0 comp rx=0 tx=0)._handle_peer_banner r=0
2026-02-11T23:30:18.201+0000 7f72e1ffa640 20 --2- 127.0.0.1:0/2999276704 >> [v2:127.0.0.1:6808/4279895178,v1:127.0.0.1:6809/4279895178] conn(0xb3f8000 0xaf76100 unknown :-1 s=BANNER_CONNECTING pgs=0 gs=2 cs=0 l=1 c_cookie=0 s_cookie=0 reconnecting=0 rev1=0 crypto rx=0 tx=0 comp rx=0 tx=0)._handle_peer_banner r=0
2026-02-11T23:30:18.201+0000 7f72e37fd640 20 -- [v2:127.0.0.1:6808/4279895178,v1:127.0.0.1:6809/4279895178] >> conn(0xb3f8c00 msgr2=0xaf77700 unknown :-1 s=STATE_CONNECTION_ESTABLISHED l=0).read start len=16
2026-02-11T23:30:18.201+0000 7f72e1ffa640 20 -- 127.0.0.1:0/2999276704 >> [v2:127.0.0.1:6808/4279895178,v1:127.0.0.1:6809/4279895178] conn(0xb3f8000 msgr2=0xaf76100 unknown :-1 s=STATE_CONNECTION_ESTABLISHED l=1).read start len=16
2026-02-11T23:30:18.201+0000 7f72e3ffe640 20 --2- 127.0.0.1:0/85442214 >> [v2:127.0.0.1:6808/4279895178,v1:127.0.0.1:6809/4279895178] conn(0xb279c00 0xaf76680 unknown :-1 s=HELLO_CONNECTING pgs=0 gs=2 cs=0 l=1 c_cookie=0 s_cookie=0 reconnecting=0 rev1=1 crypto rx=0 tx=0 comp rx=0 tx=0).post_client_banner_exchange
2026-02-11T23:30:18.201+0000 7f72e1ffa640 20 --2- 127.0.0.1:0/2999276704 >> [v2:127.0.0.1:6808/4279895178,v1:127.0.0.1:6809/4279895178] conn(0xb3f8000 0xaf76100 unknown :-1 s=BANNER_CONNECTING pgs=0 gs=2 cs=0 l=1 c_cookie=0 s_cookie=0 reconnecting=0 rev1=0 crypto rx=0 tx=0 comp rx=0 tx=0)._handle_peer_banner_payload r=0
2026-02-11T23:30:18.201+0000 7f72e37fd640 20 --2- [v2:127.0.0.1:6808/4279895178,v1:127.0.0.1:6809/4279895178] >> conn(0xb3f8c00 0xaf77700 unknown :-1 s=BANNER_ACCEPTING pgs=0 gs=0 cs=0 l=0 c_cookie=0 s_cookie=0 reconnecting=0 rev1=0 crypto rx=0 tx=0 comp rx=0 tx=0)._handle_peer_banner_payload r=0
2026-02-11T23:30:18.201+0000 7f72e1ffa640 1 --2- 127.0.0.1:0/2999276704 >> [v2:127.0.0.1:6808/4279895178,v1:127.0.0.1:6809/4279895178] conn(0xb3f8000 0xaf76100 unknown :-1 s=BANNER_CONNECTING pgs=0 gs=2 cs=0 l=1 c_cookie=0 s_cookie=0 reconnecting=0 rev1=0 crypto rx=0 tx=0 comp rx=0 tx=0)._handle_peer_banner_payload supported=3 required=0
2026-02-11T23:30:18.201+0000 7f72e3ffe640 20 --2- 127.0.0.1:0/85442214 >> [v2:127.0.0.1:6808/4279895178,v1:127.0.0.1:6809/4279895178] conn(0xb279c00 0xaf76680 unknown :-1 s=AUTH_CONNECTING pgs=0 gs=2 cs=0 l=1 c_cookie=0 s_cookie=0 reconnecting=0 rev1=1 crypto rx=0 tx=0 comp rx=0 tx=0).send_auth_request peer_type 16 auth_client 0xb0020d0
2026-02-11T23:30:18.201+0000 7f72e37fd640 1 --2- [v2:127.0.0.1:6808/4279895178,v1:127.0.0.1:6809/4279895178] >> conn(0xb3f8c00 0xaf77700 unknown :-1 s=BANNER_ACCEPTING pgs=0 gs=0 cs=0 l=0 c_cookie=0 s_cookie=0 reconnecting=0 rev1=0 crypto rx=0 tx=0 comp rx=0 tx=0)._handle_peer_banner_payload supported=3 required=0
2026-02-11T23:30:18.201+0000 7f72e1ffa640 10 -- 127.0.0.1:0/2999276704 >> [v2:127.0.0.1:6808/4279895178,v1:127.0.0.1:6809/4279895178] conn(0xb3f8000 msgr2=0xaf76100 unknown :-1 s=STATE_CONNECTION_ESTABLISHED l=1)._try_send sent bytes 72 remaining bytes 0
2026-02-11T23:30:18.201+0000 7f72e1ffa640 20 --2- 127.0.0.1:0/2999276704 >> [v2:127.0.0.1:6808/4279895178,v1:127.0.0.1:6809/4279895178] conn(0xb3f8000 0xaf76100 unknown :-1 s=HELLO_CONNECTING pgs=0 gs=2 cs=0 l=1 c_cookie=0 s_cookie=0 reconnecting=0 rev1=1 crypto rx=0 tx=0 comp rx=0 tx=0).read_frame
2026-02-11T23:30:18.201+0000 7f72e1ffa640 20 -- 127.0.0.1:0/2999276704 >> [v2:127.0.0.1:6808/4279895178,v1:127.0.0.1:6809/4279895178] conn(0xb3f8000 msgr2=0xaf76100 unknown :-1 s=STATE_CONNECTION_ESTABLISHED l=1).read start len=32
2026-02-11T23:30:18.201+0000 7f72e3ffe640 10 -- 127.0.0.1:0/85442214 >> [v2:127.0.0.1:6808/4279895178,v1:127.0.0.1:6809/4279895178] conn(0xb279c00 msgr2=0xaf76680 unknown :-1 s=STATE_CONNECTION_ESTABLISHED l=1)._try_send sent bytes 70 remaining bytes 0
2026-02-11T23:30:18.201+0000 7f72e37fd640 10 -- [v2:127.0.0.1:6808/4279895178,v1:127.0.0.1:6809/4279895178] >> conn(0xb3f8c00 msgr2=0xaf77700 unknown :-1 s=STATE_CONNECTION_ESTABLISHED l=0)._try_send sent bytes 72 remaining bytes 0
2026-02-11T23:30:18.201+0000 7f72e1ffa640 20 -- [v2:127.0.0.1:6808/4279895178,v1:127.0.0.1:6809/4279895178] >> conn(0xb3f8800 msgr2=0xaf77180 unknown :-1 s=STATE_CONNECTION_ESTABLISHED l=1).process
2026-02-11T23:30:18.201+0000 7f72e3ffe640 20 --2- 127.0.0.1:0/85442214 >> [v2:127.0.0.1:6808/4279895178,v1:127.0.0.1:6809/4279895178] conn(0xb279c00 0xaf76680 unknown :-1 s=AUTH_CONNECTING pgs=0 gs=2 cs=0 l=1 c_cookie=0 s_cookie=0 reconnecting=0 rev1=1 crypto rx=0 tx=0 comp rx=0 tx=0).read_frame
2026-02-11T23:30:18.201+0000 7f72e1ffa640 20 -- [v2:127.0.0.1:6808/4279895178,v1:127.0.0.1:6809/4279895178] >> conn(0xb3f8800 msgr2=0xaf77180 unknown :-1 s=STATE_CONNECTION_ESTABLISHED l=1).read continue len=32
2026-02-11T23:30:18.201+0000 7f72e37fd640 20 --2- [v2:127.0.0.1:6808/4279895178,v1:127.0.0.1:6809/4279895178] >> conn(0xb3f8c00 0xaf77700 unknown :-1 s=HELLO_ACCEPTING pgs=0 gs=0 cs=0 l=0 c_cookie=0 s_cookie=0 reconnecting=0 rev1=1 crypto rx=0 tx=0 comp rx=0 tx=0).read_frame
2026-02-11T23:30:18.201+0000 7f72e3ffe640 20 -- 127.0.0.1:0/85442214 >> [v2:127.0.0.1:6808/4279895178,v1:127.0.0.1:6809/4279895178] conn(0xb279c00 msgr2=0xaf76680 unknown :-1 s=STATE_CONNECTION_ESTABLISHED l=1).read start len=32
2026-02-11T23:30:18.201+0000 7f72e37fd640 20 -- [v2:127.0.0.1:6808/4279895178,v1:127.0.0.1:6809/4279895178] >> conn(0xb3f8c00 msgr2=0xaf77700 unknown :-1 s=STATE_CONNECTION_ESTABLISHED l=0).read start len=32
2026-02-11T23:30:18.201+0000 7f72e1ffa640 20 --2- [v2:127.0.0.1:6808/4279895178,v1:127.0.0.1:6809/4279895178] >> conn(0xb3f8800 0xaf77180 unknown :-1 s=AUTH_ACCEPTING pgs=0 gs=0 cs=0 l=1 c_cookie=0 s_cookie=0 reconnecting=0 rev1=1 crypto rx=0 tx=0 comp rx=0 tx=0).handle_read_frame_preamble_main r=0
2026-02-11T23:30:18.201+0000 7f72e1ffa640 20 --2- [v2:127.0.0.1:6808/4279895178,v1:127.0.0.1:6809/4279895178] >> conn(0xb3f8800 0xaf77180 unknown :-1 s=AUTH_ACCEPTING pgs=0 gs=0 cs=0 l=1 c_cookie=0 s_cookie=0 reconnecting=0 rev1=1 crypto rx=0 tx=0 comp rx=0 tx=0).read_frame_segment seg_idx=0
2026-02-11T23:30:18.201+0000 7f72e37fd640 20 --2- [v2:127.0.0.1:6808/4279895178,v1:127.0.0.1:6809/4279895178] >> conn(0xb3f8c00 0xaf77700 unknown :-1 s=HELLO_ACCEPTING pgs=0 gs=0 cs=0 l=0 c_cookie=0 s_cookie=0 reconnecting=0 rev1=1 crypto rx=0 tx=0 comp rx=0 tx=0).handle_read_frame_preamble_main r=0
2026-02-11T23:30:18.201+0000 7f72e1ffa640 20 -- [v2:127.0.0.1:6808/4279895178,v1:127.0.0.1:6809/4279895178] >> conn(0xb3f8800 msgr2=0xaf77180 unknown :-1 s=STATE_CONNECTION_ESTABLISHED l=1).read start len=38
2026-02-11T23:30:18.201+0000 7f72e1ffa640 20 --2- [v2:127.0.0.1:6808/4279895178,v1:127.0.0.1:6809/4279895178] >> conn(0xb3f8800 0xaf77180 unknown :-1 s=AUTH_ACCEPTING pgs=0 gs=0 cs=0 l=1 c_cookie=0 s_cookie=0 reconnecting=0 rev1=1 crypto rx=0 tx=0 comp rx=0 tx=0).handle_read_frame_segment r=0
2026-02-11T23:30:18.201+0000 7f72e37fd640 20 --2- [v2:127.0.0.1:6808/4279895178,v1:127.0.0.1:6809/4279895178] >> conn(0xb3f8c00 0xaf77700 unknown :-1 s=HELLO_ACCEPTING pgs=0 gs=0 cs=0 l=0 c_cookie=0 s_cookie=0 reconnecting=0 rev1=1 crypto rx=0 tx=0 comp rx=0 tx=0).read_frame_segment seg_idx=0
2026-02-11T23:30:18.201+0000 7f72e1ffa640 10 --2- [v2:127.0.0.1:6808/4279895178,v1:127.0.0.1:6809/4279895178] >> conn(0xb3f8800 0xaf77180 unknown :-1 s=AUTH_ACCEPTING pgs=0 gs=0 cs=0 l=1 c_cookie=0 s_cookie=0 reconnecting=0 rev1=1 crypto rx=0 tx=0 comp rx=0 tx=0).handle_read_frame_dispatch tag=2
2026-02-11T23:30:18.201+0000 7f72e1ffa640 20 --2- [v2:127.0.0.1:6808/4279895178,v1:127.0.0.1:6809/4279895178] >> conn(0xb3f8800 0xaf77180 unknown :-1 s=AUTH_ACCEPTING pgs=0 gs=0 cs=0 l=1 c_cookie=0 s_cookie=0 reconnecting=0 rev1=1 crypto rx=0 tx=0 comp rx=0 tx=0).handle_auth_request payload.length()=34
2026-02-11T23:30:18.201+0000 7f72e37fd640 20 -- [v2:127.0.0.1:6808/4279895178,v1:127.0.0.1:6809/4279895178] >> conn(0xb3f8c00 msgr2=0xaf77700 unknown :-1 s=STATE_CONNECTION_ESTABLISHED l=0).read start len=40
2026-02-11T23:30:18.201+0000 7f72e1ffa640 10 --2- [v2:127.0.0.1:6808/4279895178,v1:127.0.0.1:6809/4279895178] >> conn(0xb3f8800 0xaf77180 unknown :-1 s=AUTH_ACCEPTING pgs=0 gs=0 cs=0 l=1 c_cookie=0 s_cookie=0 reconnecting=0 rev1=1 crypto rx=0 tx=0 comp rx=0 tx=0).handle_auth_request AuthRequest(method=1, preferred_modes=[1], payload_len=18)
2026-02-11T23:30:18.201+0000 7f72e37fd640 20 --2- [v2:127.0.0.1:6808/4279895178,v1:127.0.0.1:6809/4279895178] >> conn(0xb3f8c00 0xaf77700 unknown :-1 s=HELLO_ACCEPTING pgs=0 gs=0 cs=0 l=0 c_cookie=0 s_cookie=0 reconnecting=0 rev1=1 crypto rx=0 tx=0 comp rx=0 tx=0).handle_read_frame_segment r=0
2026-02-11T23:30:18.201+0000 7f72e37fd640 10 --2- [v2:127.0.0.1:6808/4279895178,v1:127.0.0.1:6809/4279895178] >> conn(0xb3f8c00 0xaf77700 unknown :-1 s=HELLO_ACCEPTING pgs=0 gs=0 cs=0 l=0 c_cookie=0 s_cookie=0 reconnecting=0 rev1=1 crypto rx=0 tx=0 comp rx=0 tx=0).handle_read_frame_dispatch tag=1
2026-02-11T23:30:18.201+0000 7f72e1ffa640 10 mgr.server ms_handle_fast_authentication ms_handle_fast_authentication new session 0xb374240 con 0xb3f8800 entity mgr.x addr
2026-02-11T23:30:18.201+0000 7f72e37fd640 20 --2- [v2:127.0.0.1:6808/4279895178,v1:127.0.0.1:6809/4279895178] >> conn(0xb3f8c00 0xaf77700 unknown :-1 s=HELLO_ACCEPTING pgs=0 gs=0 cs=0 l=0 c_cookie=0 s_cookie=0 reconnecting=0 rev1=1 crypto rx=0 tx=0 comp rx=0 tx=0).handle_hello payload.length()=36
2026-02-11T23:30:18.201+0000 7f72e1ffa640 10 mgr.server ms_handle_fast_authentication session 0xb374240 mgr.x allow_all
2026-02-11T23:30:18.202+0000 7f72e37fd640 5 --2- [v2:127.0.0.1:6808/4279895178,v1:127.0.0.1:6809/4279895178] >> conn(0xb3f8c00 0xaf77700 unknown :-1 s=HELLO_ACCEPTING pgs=0 gs=0 cs=0 l=0 c_cookie=0 s_cookie=0 reconnecting=0 rev1=1 crypto rx=0 tx=0 comp rx=0 tx=0).handle_hello received hello: peer_type=8 peer_addr_for_me=v2:127.0.0.1:6808/4279895178
2026-02-11T23:30:18.202+0000 7f72e37fd640 5 --2- [v2:127.0.0.1:6808/4279895178,v1:127.0.0.1:6809/4279895178] >> conn(0xb3f8c00 0xaf77700 unknown :-1 s=HELLO_ACCEPTING pgs=0 gs=0 cs=0 l=0 c_cookie=0 s_cookie=0 reconnecting=0 rev1=1 crypto rx=0 tx=0 comp rx=0 tx=0).handle_hello getsockname says I am 127.0.0.1:6808 when talking to v2:127.0.0.1:36496/0
2026-02-11T23:30:18.202+0000 7f72e37fd640 10 --2- [v2:127.0.0.1:6808/4279895178,v1:127.0.0.1:6809/4279895178] >> conn(0xb3f8c00 0xaf77700 unknown :-1 s=HELLO_ACCEPTING pgs=0 gs=0 cs=0 l=1 c_cookie=0 s_cookie=0 reconnecting=0 rev1=1 crypto rx=0 tx=0 comp rx=0 tx=0).handle_hello accept of host_type 8, policy.lossy=1 policy.server=1 policy.standby=0 policy.resetcheck=0
2026-02-11T23:30:18.202+0000 7f72e37fd640 20 --2- [v2:127.0.0.1:6808/4279895178,v1:127.0.0.1:6809/4279895178] >> conn(0xb3f8c00 0xaf77700 unknown :-1 s=HELLO_ACCEPTING pgs=0 gs=0 cs=0 l=1 c_cookie=0 s_cookie=0 reconnecting=0 rev1=1 crypto rx=0 tx=0 comp rx=0 tx=0).post_server_banner_exchange
2026-02-11T23:30:18.202+0000 7f72e37fd640 20 --2- [v2:127.0.0.1:6808/4279895178,v1:127.0.0.1:6809/4279895178] >> conn(0xb3f8c00 0xaf77700 unknown :-1 s=AUTH_ACCEPTING pgs=0 gs=0 cs=0 l=1 c_cookie=0 s_cookie=0 reconnecting=0 rev1=1 crypto rx=0 tx=0 comp rx=0 tx=0).read_frame
2026-02-11T23:30:18.202+0000 7f72e37fd640 20 -- [v2:127.0.0.1:6808/4279895178,v1:127.0.0.1:6809/4279895178] >> conn(0xb3f8c00 msgr2=0xaf77700 unknown :-1 s=STATE_CONNECTION_ESTABLISHED l=1).read start len=32
2026-02-11T23:30:18.202+0000 7f72e1ffa640 10 -- [v2:127.0.0.1:6808/4279895178,v1:127.0.0.1:6809/4279895178] >> conn(0xb3f8800 msgr2=0xaf77180 crc :-1 s=STATE_CONNECTION_ESTABLISHED l=1)._try_send sent bytes 52 remaining bytes 0
2026-02-11T23:30:18.202+0000 7f72e3ffe640 20 -- 127.0.0.1:0/85442214 >> [v2:127.0.0.1:6808/4279895178,v1:127.0.0.1:6809/4279895178] conn(0xb279c00 msgr2=0xaf76680 unknown :-1 s=STATE_CONNECTION_ESTABLISHED l=1).process
2026-02-11T23:30:18.202+0000 7f72e3ffe640 20 -- 127.0.0.1:0/85442214 >> [v2:127.0.0.1:6808/4279895178,v1:127.0.0.1:6809/4279895178] conn(0xb279c00 msgr2=0xaf76680 unknown :-1 s=STATE_CONNECTION_ESTABLISHED l=1).read continue len=32
2026-02-11T23:30:18.202+0000 7f72e37fd640 20 -- [v2:127.0.0.1:6808/4279895178,v1:127.0.0.1:6809/4279895178] >> conn(0xb279800 msgr2=0xaf76c00 crc :-1 s=STATE_CONNECTION_ESTABLISHED l=1).process
2026-02-11T23:30:18.202+0000 7f72e37fd640 20 -- [v2:127.0.0.1:6808/4279895178,v1:127.0.0.1:6809/4279895178] >> conn(0xb279800 msgr2=0xaf76c00 crc :-1 s=STATE_CONNECTION_ESTABLISHED l=1).read continue len=32
2026-02-11T23:30:18.202+0000 7f72e1ffa640 10 -- [v2:127.0.0.1:6808/4279895178,v1:127.0.0.1:6809/4279895178] >> conn(0xb3f8800 msgr2=0xaf77180 crc :-1 s=STATE_CONNECTION_ESTABLISHED l=1)._try_send sent bytes 68 remaining bytes 0
2026-02-11T23:30:18.202+0000 7f72e1ffa640 20 --2- [v2:127.0.0.1:6808/4279895178,v1:127.0.0.1:6809/4279895178] >> conn(0xb3f8800 0xaf77180 crc :-1 s=AUTH_ACCEPTING_SIGN pgs=0 gs=0 cs=0 l=1 c_cookie=0 s_cookie=0 reconnecting=0 rev1=1 crypto rx=0 tx=0 comp rx=0 tx=0).read_frame
2026-02-11T23:30:18.202+0000 7f72e1ffa640 20 -- [v2:127.0.0.1:6808/4279895178,v1:127.0.0.1:6809/4279895178] >> conn(0xb3f8800 msgr2=0xaf77180 crc :-1 s=STATE_CONNECTION_ESTABLISHED l=1).read start len=32
2026-02-11T23:30:18.202+0000 7f72e1ffa640 20 -- 127.0.0.1:0/2999276704 >> [v2:127.0.0.1:6808/4279895178,v1:127.0.0.1:6809/4279895178] conn(0xb3f8000 msgr2=0xaf76100 unknown :-1 s=STATE_CONNECTION_ESTABLISHED l=1).process
2026-02-11T23:30:18.202+0000 7f72e3ffe640 20 --2- 127.0.0.1:0/85442214 >> [v2:127.0.0.1:6808/4279895178,v1:127.0.0.1:6809/4279895178] conn(0xb279c00 0xaf76680 unknown :-1 s=AUTH_CONNECTING pgs=0 gs=2 cs=0 l=1 c_cookie=0 s_cookie=0 reconnecting=0 rev1=1 crypto rx=0 tx=0 comp rx=0 tx=0).handle_read_frame_preamble_main r=0
2026-02-11T23:30:18.202+0000 7f72e1ffa640 20 -- 127.0.0.1:0/2999276704 >> [v2:127.0.0.1:6808/4279895178,v1:127.0.0.1:6809/4279895178] conn(0xb3f8000 msgr2=0xaf76100 unknown :-1 s=STATE_CONNECTION_ESTABLISHED l=1).read continue len=32
2026-02-11T23:30:18.202+0000 7f72e37fd640 20 --2- [v2:127.0.0.1:6808/4279895178,v1:127.0.0.1:6809/4279895178] >> conn(0xb279800 0xaf76c00 crc :-1 s=AUTH_ACCEPTING_SIGN pgs=0 gs=0 cs=0 l=1 c_cookie=0 s_cookie=0 reconnecting=0 rev1=1 crypto rx=0 tx=0 comp rx=0 tx=0).handle_read_frame_preamble_main r=0
2026-02-11T23:30:18.202+0000 7f72e3ffe640 20 --2- 127.0.0.1:0/85442214 >> [v2:127.0.0.1:6808/4279895178,v1:127.0.0.1:6809/4279895178] conn(0xb279c00 0xaf76680 unknown :-1 s=AUTH_CONNECTING pgs=0 gs=2 cs=0 l=1 c_cookie=0 s_cookie=0 reconnecting=0 rev1=1 crypto rx=0 tx=0 comp rx=0 tx=0).read_frame_segment seg_idx=0
2026-02-11T23:30:18.202+0000 7f72e37fd640 20 --2- [v2:127.0.0.1:6808/4279895178,v1:127.0.0.1:6809/4279895178] >> conn(0xb279800 0xaf76c00 crc :-1 s=AUTH_ACCEPTING_SIGN pgs=0 gs=0 cs=0 l=1 c_cookie=0 s_cookie=0 reconnecting=0 rev1=1 crypto rx=0 tx=0 comp rx=0 tx=0).read_frame_segment seg_idx=0
2026-02-11T23:30:18.202+0000 7f72e1ffa640 20 --2- 127.0.0.1:0/2999276704 >> [v2:127.0.0.1:6808/4279895178,v1:127.0.0.1:6809/4279895178] conn(0xb3f8000 0xaf76100 unknown :-1 s=HELLO_CONNECTING pgs=0 gs=2 cs=0 l=1 c_cookie=0 s_cookie=0 reconnecting=0 rev1=1 crypto rx=0 tx=0 comp rx=0 tx=0).handle_read_frame_preamble_main r=0
2026-02-11T23:30:18.202+0000 7f72e3ffe640 20 -- 127.0.0.1:0/85442214 >> [v2:127.0.0.1:6808/4279895178,v1:127.0.0.1:6809/4279895178] conn(0xb279c00 msgr2=0xaf76680 unknown :-1 s=STATE_CONNECTION_ESTABLISHED l=1).read start len=20
2026-02-11T23:30:18.202+0000 7f72e37fd640 20 -- [v2:127.0.0.1:6808/4279895178,v1:127.0.0.1:6809/4279895178] >> conn(0xb279800 msgr2=0xaf76c00 crc :-1 s=STATE_CONNECTION_ESTABLISHED l=1).read start len=36
2026-02-11T23:30:18.202+0000 7f72e1ffa640 20 --2- 127.0.0.1:0/2999276704 >> [v2:127.0.0.1:6808/4279895178,v1:127.0.0.1:6809/4279895178] conn(0xb3f8000 0xaf76100 unknown :-1 s=HELLO_CONNECTING pgs=0 gs=2 cs=0 l=1 c_cookie=0 s_cookie=0 reconnecting=0 rev1=1 crypto rx=0 tx=0 comp rx=0 tx=0).read_frame_segment seg_idx=0
2026-02-11T23:30:18.202+0000 7f72e37fd640 20 --2- [v2:127.0.0.1:6808/4279895178,v1:127.0.0.1:6809/4279895178] >> conn(0xb279800 0xaf76c00 crc :-1 s=AUTH_ACCEPTING_SIGN pgs=0 gs=0 cs=0 l=1 c_cookie=0 s_cookie=0 reconnecting=0 rev1=1 crypto rx=0 tx=0 comp rx=0 tx=0).handle_read_frame_segment r=0
2026-02-11T23:30:18.202+0000 7f72e1ffa640 20 -- 127.0.0.1:0/2999276704 >> [v2:127.0.0.1:6808/4279895178,v1:127.0.0.1:6809/4279895178] conn(0xb3f8000 msgr2=0xaf76100 unknown :-1 s=STATE_CONNECTION_ESTABLISHED l=1).read start len=40
2026-02-11T23:30:18.202+0000 7f72e3ffe640 20 --2- 127.0.0.1:0/85442214 >> [v2:127.0.0.1:6808/4279895178,v1:127.0.0.1:6809/4279895178] conn(0xb279c00 0xaf76680 unknown :-1 s=AUTH_CONNECTING pgs=0 gs=2 cs=0 l=1 c_cookie=0 s_cookie=0 reconnecting=0 rev1=1 crypto rx=0 tx=0 comp rx=0 tx=0).handle_read_frame_segment r=0
2026-02-11T23:30:18.202+0000 7f72e37fd640 10 --2- [v2:127.0.0.1:6808/4279895178,v1:127.0.0.1:6809/4279895178] >> conn(0xb279800 0xaf76c00 crc :-1 s=AUTH_ACCEPTING_SIGN pgs=0 gs=0 cs=0 l=1 c_cookie=0 s_cookie=0 reconnecting=0 rev1=1 crypto rx=0 tx=0 comp rx=0 tx=0).handle_read_frame_dispatch tag=7
2026-02-11T23:30:18.202+0000 7f72e1ffa640 20 --2- 127.0.0.1:0/2999276704 >> [v2:127.0.0.1:6808/4279895178,v1:127.0.0.1:6809/4279895178] conn(0xb3f8000 0xaf76100 unknown :-1 s=HELLO_CONNECTING pgs=0 gs=2 cs=0 l=1 c_cookie=0 s_cookie=0 reconnecting=0 rev1=1 crypto rx=0 tx=0 comp rx=0 tx=0).handle_read_frame_segment r=0
2026-02-11T23:30:18.202+0000 7f72e1ffa640 10 --2- 127.0.0.1:0/2999276704 >> [v2:127.0.0.1:6808/4279895178,v1:127.0.0.1:6809/4279895178] conn(0xb3f8000 0xaf76100 unknown :-1 s=HELLO_CONNECTING pgs=0 gs=2 cs=0 l=1 c_cookie=0 s_cookie=0 reconnecting=0 rev1=1 crypto rx=0 tx=0 comp rx=0 tx=0).handle_read_frame_dispatch tag=1
2026-02-11T23:30:18.202+0000 7f72e37fd640 20 --2- [v2:127.0.0.1:6808/4279895178,v1:127.0.0.1:6809/4279895178] >> conn(0xb279800 0xaf76c00 crc :-1 s=AUTH_ACCEPTING_SIGN pgs=0 gs=0 cs=0 l=1 c_cookie=0 s_cookie=0 reconnecting=0 rev1=1 crypto rx=0 tx=0 comp rx=0 tx=0).handle_auth_signature payload.length()=32
2026-02-11T23:30:18.202+0000 7f72e3ffe640 10 --2- 127.0.0.1:0/85442214 >> [v2:127.0.0.1:6808/4279895178,v1:127.0.0.1:6809/4279895178] conn(0xb279c00 0xaf76680 unknown :-1 s=AUTH_CONNECTING pgs=0 gs=2 cs=0 l=1 c_cookie=0 s_cookie=0 reconnecting=0 rev1=1 crypto rx=0 tx=0 comp rx=0 tx=0).handle_read_frame_dispatch tag=6
2026-02-11T23:30:18.202+0000 7f72e1ffa640 20 --2- 127.0.0.1:0/2999276704 >> [v2:127.0.0.1:6808/4279895178,v1:127.0.0.1:6809/4279895178] conn(0xb3f8000 0xaf76100 unknown :-1 s=HELLO_CONNECTING pgs=0 gs=2 cs=0 l=1 c_cookie=0 s_cookie=0 reconnecting=0 rev1=1 crypto rx=0 tx=0 comp rx=0 tx=0).handle_hello payload.length()=36
2026-02-11T23:30:18.202+0000 7f72e3ffe640 20 --2- 127.0.0.1:0/85442214 >> [v2:127.0.0.1:6808/4279895178,v1:127.0.0.1:6809/4279895178] conn(0xb279c00 0xaf76680 unknown :-1 s=AUTH_CONNECTING pgs=0 gs=2 cs=0 l=1 c_cookie=0 s_cookie=0 reconnecting=0 rev1=1 crypto rx=0 tx=0 comp rx=0 tx=0).handle_auth_done payload.length()=16
2026-02-11T23:30:18.202+0000 7f72e1ffa640 5 --2- 127.0.0.1:0/2999276704 >> [v2:127.0.0.1:6808/4279895178,v1:127.0.0.1:6809/4279895178] conn(0xb3f8000 0xaf76100 unknown :-1 s=HELLO_CONNECTING pgs=0 gs=2 cs=0 l=1 c_cookie=0 s_cookie=0 reconnecting=0 rev1=1 crypto rx=0 tx=0 comp rx=0 tx=0).handle_hello received hello: peer_type=16 peer_addr_for_me=v2:127.0.0.1:36496/0
2026-02-11T23:30:18.202+0000 7f72e1ffa640 5 --2- 127.0.0.1:0/2999276704 >> [v2:127.0.0.1:6808/4279895178,v1:127.0.0.1:6809/4279895178] conn(0xb3f8000 0xaf76100 unknown :-1 s=HELLO_CONNECTING pgs=0 gs=2 cs=0 l=1 c_cookie=0 s_cookie=0 reconnecting=0 rev1=1 crypto rx=0 tx=0 comp rx=0 tx=0).handle_hello getsockname says I am 127.0.0.1:36496 when talking to v2:127.0.0.1:6808/4279895178
2026-02-11T23:30:18.202+0000 7f72e37fd640 20 --2- [v2:127.0.0.1:6808/4279895178,v1:127.0.0.1:6809/4279895178] >> conn(0xb279800 0xaf76c00 crc :-1 s=AUTH_ACCEPTING_SIGN pgs=0 gs=0 cs=0 l=1 c_cookie=0 s_cookie=0 reconnecting=0 rev1=1 crypto rx=0 tx=0 comp rx=0 tx=0).handle_auth_signature pre-auth signature success sig_frame.signature()=0000000000000000000000000000000000000000000000000000000000000000
2026-02-11T23:30:18.202+0000 7f72e1ffa640 20 --2- 127.0.0.1:0/2999276704 >> [v2:127.0.0.1:6808/4279895178,v1:127.0.0.1:6809/4279895178] conn(0xb3f8000 0xaf76100 unknown :-1 s=HELLO_CONNECTING pgs=0 gs=2 cs=0 l=1 c_cookie=0 s_cookie=0 reconnecting=0 rev1=1 crypto rx=0 tx=0 comp rx=0 tx=0).post_client_banner_exchange
