2026-02-11T23:30:18.102+0000 7f72e3ffe640 5 --2- 127.0.0.1:0/1388548195 >> v2:127.0.0.1:7180/0 conn(0xaf50000 0xaf74000 crc :-1 s=READ_MESSAGE_COMPLETE pgs=18 gs=2 cs=0 l=1 c_cookie=4339685640421731661 s_cookie=0 reconnecting=0 rev1=1 crypto rx=0 tx=0 comp rx=0 tx=0).handle_message received message m=0xaff9d40 seq=15 from=mon.0 type=51 mon_command_ack([{"prefix": "mon metadata", "id": "a"}]=0 v0)
2026-02-11T23:30:18.102+0000 7f72e3ffe640 20 -- 127.0.0.1:0/1388548195 queue 0xaff9d40 prio 196
2026-02-11T23:30:18.102+0000 7f72e3ffe640 20 --2- 127.0.0.1:0/1388548195 >> v2:127.0.0.1:7180/0 conn(0xaf50000 0xaf74000 crc :-1 s=READY pgs=18 gs=2 cs=0 l=1 c_cookie=4339685640421731661 s_cookie=0 reconnecting=0 rev1=1 crypto rx=0 tx=0 comp rx=0 tx=0).read_frame
2026-02-11T23:30:18.102+0000 7f72e3ffe640 20 -- 127.0.0.1:0/1388548195 >> v2:127.0.0.1:7180/0 conn(0xaf50000 msgr2=0xaf74000 crc :-1 s=STATE_CONNECTION_ESTABLISHED l=1).read start len=32
2026-02-11T23:30:18.102+0000 7f72e3ffe640 10 -- 127.0.0.1:0/1388548195 >> v2:127.0.0.1:7180/0 conn(0xaf50000 msgr2=0xaf74000 crc :-1 s=STATE_CONNECTION_ESTABLISHED l=1).handle_write
2026-02-11T23:30:18.102+0000 7f72e3ffe640 10 --2- 127.0.0.1:0/1388548195 >> v2:127.0.0.1:7180/0 conn(0xaf50000 0xaf74000 crc :-1 s=READY pgs=18 gs=2 cs=0 l=1 c_cookie=4339685640421731661 s_cookie=0 reconnecting=0 rev1=1 crypto rx=0 tx=0 comp rx=0 tx=0).write_event
2026-02-11T23:30:18.102+0000 7f72e3ffe640 20 --2- 127.0.0.1:0/1388548195 >> v2:127.0.0.1:7180/0 conn(0xaf50000 0xaf74000 crc :-1 s=READY pgs=18 gs=2 cs=0 l=1 c_cookie=4339685640421731661 s_cookie=0 reconnecting=0 rev1=1 crypto rx=0 tx=0 comp rx=0 tx=0).prepare_send_message m=mon_command({"prefix": "mgr metadata", "who": "x", "id": "x"} v 0)
2026-02-11T23:30:18.102+0000 7f72dfff6640 10 -- 127.0.0.1:0/1388548195 dispatch_throttle_release 53625 to dispatch throttler 61349/104857600
2026-02-11T23:30:18.102+0000 7f72e3ffe640 20 --2- 127.0.0.1:0/1388548195 >> v2:127.0.0.1:7180/0 conn(0xaf50000 0xaf74000 crc :-1 s=READY pgs=18 gs=2 cs=0 l=1 c_cookie=4339685640421731661 s_cookie=0 reconnecting=0 rev1=1 crypto rx=0 tx=0 comp rx=0 tx=0).prepare_send_message encoding features 4544132024016699391 0xafcc000 mon_command({"prefix": "mgr metadata", "who": "x", "id": "x"} v 0)
2026-02-11T23:30:18.102+0000 7f72dfff6640 20 -- 127.0.0.1:0/1388548195 done calling dispatch on 0xae7b200
2026-02-11T23:30:18.102+0000 7f72e3ffe640 2 --2- 127.0.0.1:0/1388548195 >> v2:127.0.0.1:7180/0 conn(0xaf50000 0xaf74000 crc :-1 s=READY pgs=18 gs=2 cs=0 l=1 c_cookie=4339685640421731661 s_cookie=0 reconnecting=0 rev1=1 crypto rx=0 tx=0 comp rx=0 tx=0).write_message sending message m=0xafcc000 seq=7 mon_command({"prefix": "mgr metadata", "who": "x", "id": "x"} v 0)
2026-02-11T23:30:18.102+0000 7f72e3ffe640 20 --2- 127.0.0.1:0/1388548195 >> v2:127.0.0.1:7180/0 conn(0xaf50000 0xaf74000 crc :-1 s=READY pgs=18 gs=2 cs=0 l=1 c_cookie=4339685640421731661 s_cookie=0 reconnecting=0 rev1=1 crypto rx=0 tx=0 comp rx=0 tx=0).write_message sending m=0xafcc000 seq=7 src=mgr.4100 off=0
2026-02-11T23:30:18.102+0000 7f72e3ffe640 10 -- 127.0.0.1:0/1388548195 >> v2:127.0.0.1:7180/0 conn(0xaf50000 msgr2=0xaf74000 crc :-1 s=STATE_CONNECTION_ESTABLISHED l=1)._try_send sent bytes 181 remaining bytes 0
2026-02-11T23:30:18.102+0000 7f72e3ffe640 10 --2- 127.0.0.1:0/1388548195 >> v2:127.0.0.1:7180/0 conn(0xaf50000 0xaf74000 crc :-1 s=READY pgs=18 gs=2 cs=0 l=1 c_cookie=4339685640421731661 s_cookie=0 reconnecting=0 rev1=1 crypto rx=0 tx=0 comp rx=0 tx=0).write_message sending 0xafcc000 done.
2026-02-11T23:30:18.102+0000 7f72dfff6640 1 -- 127.0.0.1:0/1388548195 <== mon.0 v2:127.0.0.1:7180/0 10 ==== osd_map(2..5 src has 1..5) ==== 2480+0+0 (crc 0 0 0) 0x162ca80 con 0xaf50000
2026-02-11T23:30:18.102+0000 7f72dfff6640 10 mgr.4100.objecter ms_dispatch2 0x1656000 osd_map(2..5 src has 1..5)
2026-02-11T23:30:18.102+0000 7f72dfff6640 3 mgr.4100.objecter handle_osd_map got epochs [2,5] > 1
2026-02-11T23:30:18.102+0000 7f72dfff6640 3 mgr.4100.objecter handle_osd_map decoding incremental epoch 2
2026-02-11T23:30:18.102+0000 7f72dfff6640 3 mgr.4100.objecter handle_osd_map decoding incremental epoch 3
2026-02-11T23:30:18.102+0000 7f72dfff6640 3 mgr.4100.objecter handle_osd_map decoding incremental epoch 4
2026-02-11T23:30:18.102+0000 7f72dfff6640 3 mgr.4100.objecter handle_osd_map decoding incremental epoch 5
2026-02-11T23:30:18.102+0000 7f72dfff6640 20 mgr.4100.objecter dump_active .. 0 homeless
2026-02-11T23:30:18.102+0000 7f72dfff6640 10 mgr ms_dispatch2 active (starting) osd_map(2..5 src has 1..5)
2026-02-11T23:30:18.102+0000 7f72dfff6640 10 mgr ms_dispatch2 osd_map(2..5 src has 1..5)
2026-02-11T23:30:18.102+0000 7f72dfff6640 1 -- 127.0.0.1:0/1388548195 --> v2:127.0.0.1:7180/0 -- mon_command({"prefix": "osd metadata", "id": 0} v 0) -- 0xafcca80 con 0xaf50000
2026-02-11T23:30:18.102+0000 7f72dfff6640 5 --2- 127.0.0.1:0/1388548195 >> v2:127.0.0.1:7180/0 conn(0xaf50000 0xaf74000 crc :-1 s=READY pgs=18 gs=2 cs=0 l=1 c_cookie=4339685640421731661 s_cookie=0 reconnecting=0 rev1=1 crypto rx=0 tx=0 comp rx=0 tx=0).send_message enqueueing message m=0xafcca80 type=50 mon_command({"prefix": "osd metadata", "id": 0} v 0)
2026-02-11T23:30:18.102+0000 7f72dfff6640 15 --2- 127.0.0.1:0/1388548195 >> v2:127.0.0.1:7180/0 conn(0xaf50000 0xaf74000 crc :-1 s=READY pgs=18 gs=2 cs=0 l=1 c_cookie=4339685640421731661 s_cookie=0 reconnecting=0 rev1=1 crypto rx=0 tx=0 comp rx=0 tx=0).send_message message queued for async transmission m=0xafcca80
2026-02-11T23:30:18.102+0000 7f72dfff6640 20 Event(0x14e8748 nevent=5000 time_id=5).wakeup
2026-02-11T23:30:18.102+0000 7f72dfff6640 10 mgr notify_osdmap v1
2026-02-11T23:30:18.102+0000 7f72e3ffe640 10 -- 127.0.0.1:0/1388548195 >> v2:127.0.0.1:7180/0 conn(0xaf50000 msgr2=0xaf74000 crc :-1 s=STATE_CONNECTION_ESTABLISHED l=1).handle_write
2026-02-11T23:30:18.102+0000 7f72e3ffe640 10 --2- 127.0.0.1:0/1388548195 >> v2:127.0.0.1:7180/0 conn(0xaf50000 0xaf74000 crc :-1 s=READY pgs=18 gs=2 cs=0 l=1 c_cookie=4339685640421731661 s_cookie=0 reconnecting=0 rev1=1 crypto rx=0 tx=0 comp rx=0 tx=0).write_event
2026-02-11T23:30:18.102+0000 7f72dfff6640 10 mgr.4100.objecter _maybe_request_map subscribing (onetime) to next osd map
2026-02-11T23:30:18.102+0000 7f72e3ffe640 20 --2- 127.0.0.1:0/1388548195 >> v2:127.0.0.1:7180/0 conn(0xaf50000 0xaf74000 crc :-1 s=READY pgs=18 gs=2 cs=0 l=1 c_cookie=4339685640421731661 s_cookie=0 reconnecting=0 rev1=1 crypto rx=0 tx=0 comp rx=0 tx=0).prepare_send_message m=mon_command({"prefix": "osd metadata", "id": 0} v 0)
2026-02-11T23:30:18.102+0000 7f72dfff6640 1 -- 127.0.0.1:0/1388548195 --> v2:127.0.0.1:7180/0 -- mon_subscribe({osdmap=6}) -- 0xaff8680 con 0xaf50000
2026-02-11T23:30:18.102+0000 7f72e3ffe640 20 --2- 127.0.0.1:0/1388548195 >> v2:127.0.0.1:7180/0 conn(0xaf50000 0xaf74000 crc :-1 s=READY pgs=18 gs=2 cs=0 l=1 c_cookie=4339685640421731661 s_cookie=0 reconnecting=0 rev1=1 crypto rx=0 tx=0 comp rx=0 tx=0).prepare_send_message encoding features 4544132024016699391 0xafcca80 mon_command({"prefix": "osd metadata", "id": 0} v 0)
2026-02-11T23:30:18.102+0000 7f72dfff6640 5 --2- 127.0.0.1:0/1388548195 >> v2:127.0.0.1:7180/0 conn(0xaf50000 0xaf74000 crc :-1 s=READY pgs=18 gs=2 cs=0 l=1 c_cookie=4339685640421731661 s_cookie=0 reconnecting=0 rev1=1 crypto rx=0 tx=0 comp rx=0 tx=0).send_message enqueueing message m=0xaff8680 type=15 mon_subscribe({osdmap=6})
2026-02-11T23:30:18.102+0000 7f72dfff6640 15 --2- 127.0.0.1:0/1388548195 >> v2:127.0.0.1:7180/0 conn(0xaf50000 0xaf74000 crc :-1 s=READY pgs=18 gs=2 cs=0 l=1 c_cookie=4339685640421731661 s_cookie=0 reconnecting=0 rev1=1 crypto rx=0 tx=0 comp rx=0 tx=0).send_message message queued for async transmission m=0xaff8680
2026-02-11T23:30:18.102+0000 7f72e3ffe640 2 --2- 127.0.0.1:0/1388548195 >> v2:127.0.0.1:7180/0 conn(0xaf50000 0xaf74000 crc :-1 s=READY pgs=18 gs=2 cs=0 l=1 c_cookie=4339685640421731661 s_cookie=0 reconnecting=0 rev1=1 crypto rx=0 tx=0 comp rx=0 tx=0).write_message sending message m=0xafcca80 seq=8 mon_command({"prefix": "osd metadata", "id": 0} v 0)
2026-02-11T23:30:18.102+0000 7f72e3ffe640 20 --2- 127.0.0.1:0/1388548195 >> v2:127.0.0.1:7180/0 conn(0xaf50000 0xaf74000 crc :-1 s=READY pgs=18 gs=2 cs=0 l=1 c_cookie=4339685640421731661 s_cookie=0 reconnecting=0 rev1=1 crypto rx=0 tx=0 comp rx=0 tx=0).write_message sending m=0xafcca80 seq=8 src=mgr.4100 off=0
2026-02-11T23:30:18.102+0000 7f72dfff6640 10 -- 127.0.0.1:0/1388548195 dispatch_throttle_release 2480 to dispatch throttler 7724/104857600
2026-02-11T23:30:18.102+0000 7f72dfff6640 20 -- 127.0.0.1:0/1388548195 done calling dispatch on 0x162ca80
2026-02-11T23:30:18.102+0000 7f72dfff6640 1 -- 127.0.0.1:0/1388548195 <== mon.0 v2:127.0.0.1:7180/0 11 ==== service_map(e1 0 svc) ==== 22+0+0 (crc 0 0 0) 0xafcc180 con 0xaf50000
2026-02-11T23:30:18.102+0000 7f72dfff6640 10 mgr.4100.objecter ms_dispatch2 0x1656000 service_map(e1 0 svc)
2026-02-11T23:30:18.102+0000 7f72dfff6640 10 mgr ms_dispatch2 active (starting) service_map(e1 0 svc)
2026-02-11T23:30:18.102+0000 7f72dfff6640 10 mgr ms_dispatch2 service_map(e1 0 svc)
2026-02-11T23:30:18.102+0000 7f72dfff6640 10 mgr handle_service_map e1
2026-02-11T23:30:18.102+0000 7f72e3ffe640 10 -- 127.0.0.1:0/1388548195 >> v2:127.0.0.1:7180/0 conn(0xaf50000 msgr2=0xaf74000 crc :-1 s=STATE_CONNECTION_ESTABLISHED l=1)._try_send sent bytes 167 remaining bytes 0
2026-02-11T23:30:18.102+0000 7f72dfff6640 10 mgr.server operator() got initial map e1
2026-02-11T23:30:18.102+0000 7f72dfff6640 10 -- 127.0.0.1:0/1388548195 dispatch_throttle_release 22 to dispatch throttler 5244/104857600
2026-02-11T23:30:18.102+0000 7f72e3ffe640 10 --2- 127.0.0.1:0/1388548195 >> v2:127.0.0.1:7180/0 conn(0xaf50000 0xaf74000 crc :-1 s=READY pgs=18 gs=2 cs=0 l=1 c_cookie=4339685640421731661 s_cookie=0 reconnecting=0 rev1=1 crypto rx=0 tx=0 comp rx=0 tx=0).write_message sending 0xafcca80 done.
2026-02-11T23:30:18.102+0000 7f72dfff6640 20 -- 127.0.0.1:0/1388548195 done calling dispatch on 0xafcc180
2026-02-11T23:30:18.102+0000 7f72e3ffe640 20 --2- 127.0.0.1:0/1388548195 >> v2:127.0.0.1:7180/0 conn(0xaf50000 0xaf74000 crc :-1 s=READY pgs=18 gs=2 cs=0 l=1 c_cookie=4339685640421731661 s_cookie=0 reconnecting=0 rev1=1 crypto rx=0 tx=0 comp rx=0 tx=0).prepare_send_message m=mon_subscribe({osdmap=6})
2026-02-11T23:30:18.102+0000 7f72e3ffe640 20 --2- 127.0.0.1:0/1388548195 >> v2:127.0.0.1:7180/0 conn(0xaf50000 0xaf74000 crc :-1 s=READY pgs=18 gs=2 cs=0 l=1 c_cookie=4339685640421731661 s_cookie=0 reconnecting=0 rev1=1 crypto rx=0 tx=0 comp rx=0 tx=0).prepare_send_message encoding features 4544132024016699391 0xaff8680 mon_subscribe({osdmap=6})
2026-02-11T23:30:18.102+0000 7f72dfff6640 1 -- 127.0.0.1:0/1388548195 <== mon.0 v2:127.0.0.1:7180/0 12 ==== mon_command_ack([{"prefix": "mds metadata"}]=0 v1) ==== 60+0+3 (crc 0 0 0) 0xaff9860 con 0xaf50000
2026-02-11T23:30:18.102+0000 7f72e3ffe640 2 --2- 127.0.0.1:0/1388548195 >> v2:127.0.0.1:7180/0 conn(0xaf50000 0xaf74000 crc :-1 s=READY pgs=18 gs=2 cs=0 l=1 c_cookie=4339685640421731661 s_cookie=0 reconnecting=0 rev1=1 crypto rx=0 tx=0 comp rx=0 tx=0).write_message sending message m=0xaff8680 seq=9 mon_subscribe({osdmap=6})
2026-02-11T23:30:18.102+0000 7f72e3ffe640 20 --2- 127.0.0.1:0/1388548195 >> v2:127.0.0.1:7180/0 conn(0xaf50000 0xaf74000 crc :-1 s=READY pgs=18 gs=2 cs=0 l=1 c_cookie=4339685640421731661 s_cookie=0 reconnecting=0 rev1=1 crypto rx=0 tx=0 comp rx=0 tx=0).write_message sending m=0xaff8680 seq=9 src=mgr.4100 off=0
2026-02-11T23:30:18.102+0000 7f72e3ffe640 10 -- 127.0.0.1:0/1388548195 >> v2:127.0.0.1:7180/0 conn(0xaf50000 msgr2=0xaf74000 crc :-1 s=STATE_CONNECTION_ESTABLISHED l=1)._try_send sent bytes 125 remaining bytes 0
2026-02-11T23:30:18.102+0000 7f72dfff6640 10 -- 127.0.0.1:0/1388548195 dispatch_throttle_release 63 to dispatch throttler 5222/104857600
2026-02-11T23:30:18.102+0000 7f72dfff6640 20 -- 127.0.0.1:0/1388548195 done calling dispatch on 0xaff9860
2026-02-11T23:30:18.102+0000 7f72e3ffe640 10 --2- 127.0.0.1:0/1388548195 >> v2:127.0.0.1:7180/0 conn(0xaf50000 0xaf74000 crc :-1 s=READY pgs=18 gs=2 cs=0 l=1 c_cookie=4339685640421731661 s_cookie=0 reconnecting=0 rev1=1 crypto rx=0 tx=0 comp rx=0 tx=0).write_message sending 0xaff8680 done.
2026-02-11T23:30:18.102+0000 7f72e3ffe640 20 -- 127.0.0.1:0/1388548195 >> v2:127.0.0.1:7180/0 conn(0xaf50000 msgr2=0xaf74000 crc :-1 s=STATE_CONNECTION_ESTABLISHED l=1).process
2026-02-11T23:30:18.102+0000 7f72dfff6640 1 -- 127.0.0.1:0/1388548195 <== mon.0 v2:127.0.0.1:7180/0 13 ==== mon_command_ack([{"prefix": "osd metadata"}]=0 v5) ==== 60+0+2687 (crc 0 0 0) 0xaff9a00 con 0xaf50000
2026-02-11T23:30:18.102+0000 7f72e3ffe640 20 -- 127.0.0.1:0/1388548195 >> v2:127.0.0.1:7180/0 conn(0xaf50000 msgr2=0xaf74000 crc :-1 s=STATE_CONNECTION_ESTABLISHED l=1).read continue len=32
2026-02-11T23:30:18.102+0000 7f72dfff6640 10 -- 127.0.0.1:0/1388548195 dispatch_throttle_release 2747 to dispatch throttler 5159/104857600
2026-02-11T23:30:18.102+0000 7f72e3ffe640 20 --2- 127.0.0.1:0/1388548195 >> v2:127.0.0.1:7180/0 conn(0xaf50000 0xaf74000 crc :-1 s=READY pgs=18 gs=2 cs=0 l=1 c_cookie=4339685640421731661 s_cookie=0 reconnecting=0 rev1=1 crypto rx=0 tx=0 comp rx=0 tx=0).handle_read_frame_preamble_main r=0
2026-02-11T23:30:18.102+0000 7f72dfff6640 20 -- 127.0.0.1:0/1388548195 done calling dispatch on 0xaff9a00
2026-02-11T23:30:18.102+0000 7f72e3ffe640 20 --2- 127.0.0.1:0/1388548195 >> v2:127.0.0.1:7180/0 conn(0xaf50000 0xaf74000 crc :-1 s=THROTTLE_MESSAGE pgs=18 gs=2 cs=0 l=1 c_cookie=4339685640421731661 s_cookie=0 reconnecting=0 rev1=1 crypto rx=0 tx=0 comp rx=0 tx=0).throttle_message
2026-02-11T23:30:18.102+0000 7f72e3ffe640 20 --2- 127.0.0.1:0/1388548195 >> v2:127.0.0.1:7180/0 conn(0xaf50000 0xaf74000 crc :-1 s=THROTTLE_BYTES pgs=18 gs=2 cs=0 l=1 c_cookie=4339685640421731661 s_cookie=0 reconnecting=0 rev1=1 crypto rx=0 tx=0 comp rx=0 tx=0).throttle_bytes
2026-02-11T23:30:18.102+0000 7f72e3ffe640 20 --2- 127.0.0.1:0/1388548195 >> v2:127.0.0.1:7180/0 conn(0xaf50000 0xaf74000 crc :-1 s=THROTTLE_DISPATCH_QUEUE pgs=18 gs=2 cs=0 l=1 c_cookie=4339685640421731661 s_cookie=0 reconnecting=0 rev1=1 crypto rx=0 tx=0 comp rx=0 tx=0).throttle_dispatch_queue
2026-02-11T23:30:18.102+0000 7f72e3ffe640 20 --2- 127.0.0.1:0/1388548195 >> v2:127.0.0.1:7180/0 conn(0xaf50000 0xaf74000 crc :-1 s=THROTTLE_DONE pgs=18 gs=2 cs=0 l=1 c_cookie=4339685640421731661 s_cookie=0 reconnecting=0 rev1=1 crypto rx=0 tx=0 comp rx=0 tx=0).read_frame_segment seg_idx=0
2026-02-11T23:30:18.102+0000 7f72e3ffe640 20 -- 127.0.0.1:0/1388548195 >> v2:127.0.0.1:7180/0 conn(0xaf50000 msgr2=0xaf74000 crc :-1 s=STATE_CONNECTION_ESTABLISHED l=1).read start len=45
2026-02-11T23:30:18.102+0000 7f72dfff6640 1 -- 127.0.0.1:0/1388548195 <== mon.0 v2:127.0.0.1:7180/0 14 ==== mon_command_ack([{"prefix": "mon metadata"}]=0 v0) ==== 60+0+1199 (crc 0 0 0) 0xaff9ba0 con 0xaf50000
2026-02-11T23:30:18.102+0000 7f72e3ffe640 20 --2- 127.0.0.1:0/1388548195 >> v2:127.0.0.1:7180/0 conn(0xaf50000 0xaf74000 crc :-1 s=THROTTLE_DONE pgs=18 gs=2 cs=0 l=1 c_cookie=4339685640421731661 s_cookie=0 reconnecting=0 rev1=1 crypto rx=0 tx=0 comp rx=0 tx=0).handle_read_frame_segment r=0
2026-02-11T23:30:18.102+0000 7f72e3ffe640 20 --2- 127.0.0.1:0/1388548195 >> v2:127.0.0.1:7180/0 conn(0xaf50000 0xaf74000 crc :-1 s=THROTTLE_DONE pgs=18 gs=2 cs=0 l=1 c_cookie=4339685640421731661 s_cookie=0 reconnecting=0 rev1=1 crypto rx=0 tx=0 comp rx=0 tx=0).read_frame_segment seg_idx=1
2026-02-11T23:30:18.102+0000 7f72e3ffe640 20 -- 127.0.0.1:0/1388548195 >> v2:127.0.0.1:7180/0 conn(0xaf50000 msgr2=0xaf74000 crc :-1 s=STATE_CONNECTION_ESTABLISHED l=1).read start len=83
2026-02-11T23:30:18.102+0000 7f72dfff6640 10 -- 127.0.0.1:0/1388548195 dispatch_throttle_release 1259 to dispatch throttler 3197/104857600
2026-02-11T23:30:18.102+0000 7f72e3ffe640 20 --2- 127.0.0.1:0/1388548195 >> v2:127.0.0.1:7180/0 conn(0xaf50000 0xaf74000 crc :-1 s=THROTTLE_DONE pgs=18 gs=2 cs=0 l=1 c_cookie=4339685640421731661 s_cookie=0 reconnecting=0 rev1=1 crypto rx=0 tx=0 comp rx=0 tx=0).handle_read_frame_segment r=0
2026-02-11T23:30:18.102+0000 7f72dfff6640 20 -- 127.0.0.1:0/1388548195 done calling dispatch on 0xaff9ba0
2026-02-11T23:30:18.102+0000 7f72e3ffe640 20 --2- 127.0.0.1:0/1388548195 >> v2:127.0.0.1:7180/0 conn(0xaf50000 0xaf74000 crc :-1 s=THROTTLE_DONE pgs=18 gs=2 cs=0 l=1 c_cookie=4339685640421731661 s_cookie=0 reconnecting=0 rev1=1 crypto rx=0 tx=0 comp rx=0 tx=0).read_frame_segment seg_idx=2
2026-02-11T23:30:18.102+0000 7f72e3ffe640 20 --2- 127.0.0.1:0/1388548195 >> v2:127.0.0.1:7180/0 conn(0xaf50000 0xaf74000 crc :-1 s=THROTTLE_DONE pgs=18 gs=2 cs=0 l=1 c_cookie=4339685640421731661 s_cookie=0 reconnecting=0 rev1=1 crypto rx=0 tx=0 comp rx=0 tx=0).read_frame_segment seg_idx=3
2026-02-11T23:30:18.102+0000 7f72e3ffe640 20 -- 127.0.0.1:0/1388548195 >> v2:127.0.0.1:7180/0 conn(0xaf50000 msgr2=0xaf74000 crc :-1 s=STATE_CONNECTION_ESTABLISHED l=1).read start len=702
2026-02-11T23:30:18.102+0000 7f72e3ffe640 20 --2- 127.0.0.1:0/1388548195 >> v2:127.0.0.1:7180/0 conn(0xaf50000 0xaf74000 crc :-1 s=THROTTLE_DONE pgs=18 gs=2 cs=0 l=1 c_cookie=4339685640421731661 s_cookie=0 reconnecting=0 rev1=1 crypto rx=0 tx=0 comp rx=0 tx=0).handle_read_frame_segment r=0
2026-02-11T23:30:18.102+0000 7f72dfff6640 1 -- 127.0.0.1:0/1388548195 <== mon.0 v2:127.0.0.1:7180/0 15 ==== mon_command_ack([{"prefix": "mon metadata", "id": "a"}]=0 v0) ==== 71+0+1082 (crc 0 0 0) 0xaff9d40 con 0xaf50000
2026-02-11T23:30:18.102+0000 7f72e3ffe640 20 -- 127.0.0.1:0/1388548195 >> v2:127.0.0.1:7180/0 conn(0xaf50000 msgr2=0xaf74000 crc :-1 s=STATE_CONNECTION_ESTABLISHED l=1).read start len=13
2026-02-11T23:30:18.102+0000 7f72e3ffe640 20 --2- 127.0.0.1:0/1388548195 >> v2:127.0.0.1:7180/0 conn(0xaf50000 0xaf74000 crc :-1 s=THROTTLE_DONE pgs=18 gs=2 cs=0 l=1 c_cookie=4339685640421731661 s_cookie=0 reconnecting=0 rev1=1 crypto rx=0 tx=0 comp rx=0 tx=0).handle_read_frame_epilogue_main r=0
2026-02-11T23:30:18.102+0000 7f72e3ffe640 10 --2- 127.0.0.1:0/1388548195 >> v2:127.0.0.1:7180/0 conn(0xaf50000 0xaf74000 crc :-1 s=THROTTLE_DONE pgs=18 gs=2 cs=0 l=1 c_cookie=4339685640421731661 s_cookie=0 reconnecting=0 rev1=1 crypto rx=0 tx=0 comp rx=0 tx=0).handle_read_frame_dispatch tag=17
2026-02-11T23:30:18.102+0000 7f72e3ffe640 20 --2- 127.0.0.1:0/1388548195 >> v2:127.0.0.1:7180/0 conn(0xaf50000 0xaf74000 crc :-1 s=THROTTLE_DONE pgs=18 gs=2 cs=0 l=1 c_cookie=4339685640421731661 s_cookie=0 reconnecting=0 rev1=1 crypto rx=0 tx=0 comp rx=0 tx=0).handle_message
2026-02-11T23:30:18.102+0000 7f72e3ffe640 5 --2- 127.0.0.1:0/1388548195 >> v2:127.0.0.1:7180/0 conn(0xaf50000 0xaf74000 crc :-1 s=THROTTLE_DONE pgs=18 gs=2 cs=0 l=1 c_cookie=4339685640421731661 s_cookie=0 reconnecting=0 rev1=1 crypto rx=0 tx=0 comp rx=0 tx=0).handle_message got 83 + 0 + 702 byte message. envelope type=51 src mon.0 off 0
2026-02-11T23:30:18.102+0000 7f72dfff6640 10 -- 127.0.0.1:0/1388548195 dispatch_throttle_release 1153 to dispatch throttler 1938/104857600
2026-02-11T23:30:18.102+0000 7f72dfff6640 20 -- 127.0.0.1:0/1388548195 done calling dispatch on 0xaff9d40
2026-02-11T23:30:18.102+0000 7f72e3ffe640 5 --2- 127.0.0.1:0/1388548195 >> v2:127.0.0.1:7180/0 conn(0xaf50000 0xaf74000 crc :-1 s=READ_MESSAGE_COMPLETE pgs=18 gs=2 cs=0 l=1 c_cookie=4339685640421731661 s_cookie=0 reconnecting=0 rev1=1 crypto rx=0 tx=0 comp rx=0 tx=0).handle_message received message m=0xaff8680 seq=16 from=mon.0 type=51 mon_command_ack([{"prefix": "mgr metadata", "who": "x", "id": "x"}]=0 v2)
2026-02-11T23:30:18.102+0000 7f72e3ffe640 20 -- 127.0.0.1:0/1388548195 queue 0xaff8680 prio 196
2026-02-11T23:30:18.102+0000 7f72e3ffe640 20 --2- 127.0.0.1:0/1388548195 >> v2:127.0.0.1:7180/0 conn(0xaf50000 0xaf74000 crc :-1 s=READY pgs=18 gs=2 cs=0 l=1 c_cookie=4339685640421731661 s_cookie=0 reconnecting=0 rev1=1 crypto rx=0 tx=0 comp rx=0 tx=0).read_frame
2026-02-11T23:30:18.102+0000 7f72e3ffe640 20 -- 127.0.0.1:0/1388548195 >> v2:127.0.0.1:7180/0 conn(0xaf50000 msgr2=0xaf74000 crc :-1 s=STATE_CONNECTION_ESTABLISHED l=1).read start len=32
2026-02-11T23:30:18.102+0000 7f72dfff6640 1 -- 127.0.0.1:0/1388548195 <== mon.0 v2:127.0.0.1:7180/0 16 ==== mon_command_ack([{"prefix": "mgr metadata", "who": "x", "id": "x"}]=0 v2) ==== 83+0+702 (crc 0 0 0) 0xaff8680 con 0xaf50000
2026-02-11T23:30:18.102+0000 7f72dfff6640 10 -- 127.0.0.1:0/1388548195 dispatch_throttle_release 785 to dispatch throttler 785/104857600
2026-02-11T23:30:18.102+0000 7f72dfff6640 20 -- 127.0.0.1:0/1388548195 done calling dispatch on 0xaff8680
2026-02-11T23:30:18.102+0000 7f72deff4640 4 mgr finish mon returned valid metadata JSON for mon.a
2026-02-11T23:30:18.102+0000 7f72de7f3640 4 mgr finish mon returned valid metadata JSON for mgr.x
2026-02-11T23:30:18.102+0000 7f72e3ffe640 20 -- 127.0.0.1:0/1388548195 >> v2:127.0.0.1:7180/0 conn(0xaf50000 msgr2=0xaf74000 crc :-1 s=STATE_CONNECTION_ESTABLISHED l=1).process
2026-02-11T23:30:18.102+0000 7f72e3ffe640 20 -- 127.0.0.1:0/1388548195 >> v2:127.0.0.1:7180/0 conn(0xaf50000 msgr2=0xaf74000 crc :-1 s=STATE_CONNECTION_ESTABLISHED l=1).read continue len=32
2026-02-11T23:30:18.102+0000 7f72e3ffe640 20 --2- 127.0.0.1:0/1388548195 >> v2:127.0.0.1:7180/0 conn(0xaf50000 0xaf74000 crc :-1 s=READY pgs=18 gs=2 cs=0 l=1 c_cookie=4339685640421731661 s_cookie=0 reconnecting=0 rev1=1 crypto rx=0 tx=0 comp rx=0 tx=0).handle_read_frame_preamble_main r=0
2026-02-11T23:30:18.102+0000 7f72e3ffe640 20 --2- 127.0.0.1:0/1388548195 >> v2:127.0.0.1:7180/0 conn(0xaf50000 0xaf74000 crc :-1 s=THROTTLE_MESSAGE pgs=18 gs=2 cs=0 l=1 c_cookie=4339685640421731661 s_cookie=0 reconnecting=0 rev1=1 crypto rx=0 tx=0 comp rx=0 tx=0).throttle_message
2026-02-11T23:30:18.102+0000 7f72e3ffe640 20 --2- 127.0.0.1:0/1388548195 >> v2:127.0.0.1:7180/0 conn(0xaf50000 0xaf74000 crc :-1 s=THROTTLE_BYTES pgs=18 gs=2 cs=0 l=1 c_cookie=4339685640421731661 s_cookie=0 reconnecting=0 rev1=1 crypto rx=0 tx=0 comp rx=0 tx=0).throttle_bytes
2026-02-11T23:30:18.102+0000 7f72e3ffe640 20 --2- 127.0.0.1:0/1388548195 >> v2:127.0.0.1:7180/0 conn(0xaf50000 0xaf74000 crc :-1 s=THROTTLE_DISPATCH_QUEUE pgs=18 gs=2 cs=0 l=1 c_cookie=4339685640421731661 s_cookie=0 reconnecting=0 rev1=1 crypto rx=0 tx=0 comp rx=0 tx=0).throttle_dispatch_queue
2026-02-11T23:30:18.102+0000 7f72e3ffe640 20 --2- 127.0.0.1:0/1388548195 >> v2:127.0.0.1:7180/0 conn(0xaf50000 0xaf74000 crc :-1 s=THROTTLE_DONE pgs=18 gs=2 cs=0 l=1 c_cookie=4339685640421731661 s_cookie=0 reconnecting=0 rev1=1 crypto rx=0 tx=0 comp rx=0 tx=0).read_frame_segment seg_idx=0
2026-02-11T23:30:18.102+0000 7f72e3ffe640 20 -- 127.0.0.1:0/1388548195 >> v2:127.0.0.1:7180/0 conn(0xaf50000 msgr2=0xaf74000 crc :-1 s=STATE_CONNECTION_ESTABLISHED l=1).read start len=45
2026-02-11T23:30:18.102+0000 7f72e3ffe640 20 --2- 127.0.0.1:0/1388548195 >> v2:127.0.0.1:7180/0 conn(0xaf50000 0xaf74000 crc :-1 s=THROTTLE_DONE pgs=18 gs=2 cs=0 l=1 c_cookie=4339685640421731661 s_cookie=0 reconnecting=0 rev1=1 crypto rx=0 tx=0 comp rx=0 tx=0).handle_read_frame_segment r=0
2026-02-11T23:30:18.102+0000 7f72e3ffe640 20 --2- 127.0.0.1:0/1388548195 >> v2:127.0.0.1:7180/0 conn(0xaf50000 0xaf74000 crc :-1 s=THROTTLE_DONE pgs=18 gs=2 cs=0 l=1 c_cookie=4339685640421731661 s_cookie=0 reconnecting=0 rev1=1 crypto rx=0 tx=0 comp rx=0 tx=0).read_frame_segment seg_idx=1
2026-02-11T23:30:18.102+0000 7f72e3ffe640 20 -- 127.0.0.1:0/1388548195 >> v2:127.0.0.1:7180/0 conn(0xaf50000 msgr2=0xaf74000 crc :-1 s=STATE_CONNECTION_ESTABLISHED l=1).read start len=69
2026-02-11T23:30:18.102+0000 7f72e3ffe640 20 --2- 127.0.0.1:0/1388548195 >> v2:127.0.0.1:7180/0 conn(0xaf50000 0xaf74000 crc :-1 s=THROTTLE_DONE pgs=18 gs=2 cs=0 l=1 c_cookie=4339685640421731661 s_cookie=0 reconnecting=0 rev1=1 crypto rx=0 tx=0 comp rx=0 tx=0).handle_read_frame_segment r=0
2026-02-11T23:30:18.102+0000 7f72e3ffe640 20 --2- 127.0.0.1:0/1388548195 >> v2:127.0.0.1:7180/0 conn(0xaf50000 0xaf74000 crc :-1 s=THROTTLE_DONE pgs=18 gs=2 cs=0 l=1 c_cookie=4339685640421731661 s_cookie=0 reconnecting=0 rev1=1 crypto rx=0 tx=0 comp rx=0 tx=0).read_frame_segment seg_idx=2
2026-02-11T23:30:18.102+0000 7f72e3ffe640 20 --2- 127.0.0.1:0/1388548195 >> v2:127.0.0.1:7180/0 conn(0xaf50000 0xaf74000 crc :-1 s=THROTTLE_DONE pgs=18 gs=2 cs=0 l=1 c_cookie=4339685640421731661 s_cookie=0 reconnecting=0 rev1=1 crypto rx=0 tx=0 comp rx=0 tx=0).read_frame_segment seg_idx=3
2026-02-11T23:30:18.102+0000 7f72e3ffe640 20 -- 127.0.0.1:0/1388548195 >> v2:127.0.0.1:7180/0 conn(0xaf50000 msgr2=0xaf74000 crc :-1 s=STATE_CONNECTION_ESTABLISHED l=1).read start len=2459
2026-02-11T23:30:18.102+0000 7f72e3ffe640 20 --2- 127.0.0.1:0/1388548195 >> v2:127.0.0.1:7180/0 conn(0xaf50000 0xaf74000 crc :-1 s=THROTTLE_DONE pgs=18 gs=2 cs=0 l=1 c_cookie=4339685640421731661 s_cookie=0 reconnecting=0 rev1=1 crypto rx=0 tx=0 comp rx=0 tx=0).handle_read_frame_segment r=0
2026-02-11T23:30:18.102+0000 7f72e3ffe640 20 -- 127.0.0.1:0/1388548195 >> v2:127.0.0.1:7180/0 conn(0xaf50000 msgr2=0xaf74000 crc :-1 s=STATE_CONNECTION_ESTABLISHED l=1).read start len=13
2026-02-11T23:30:18.102+0000 7f72e3ffe640 20 --2- 127.0.0.1:0/1388548195 >> v2:127.0.0.1:7180/0 conn(0xaf50000 0xaf74000 crc :-1 s=THROTTLE_DONE pgs=18 gs=2 cs=0 l=1 c_cookie=4339685640421731661 s_cookie=0 reconnecting=0 rev1=1 crypto rx=0 tx=0 comp rx=0 tx=0).handle_read_frame_epilogue_main r=0
2026-02-11T23:30:18.102+0000 7f72e3ffe640 10 --2- 127.0.0.1:0/1388548195 >> v2:127.0.0.1:7180/0 conn(0xaf50000 0xaf74000 crc :-1 s=THROTTLE_DONE pgs=18 gs=2 cs=0 l=1 c_cookie=4339685640421731661 s_cookie=0 reconnecting=0 rev1=1 crypto rx=0 tx=0 comp rx=0 tx=0).handle_read_frame_dispatch tag=17
2026-02-11T23:30:18.102+0000 7f72e3ffe640 20 --2- 127.0.0.1:0/1388548195 >> v2:127.0.0.1:7180/0 conn(0xaf50000 0xaf74000 crc :-1 s=THROTTLE_DONE pgs=18 gs=2 cs=0 l=1 c_cookie=4339685640421731661 s_cookie=0 reconnecting=0 rev1=1 crypto rx=0 tx=0 comp rx=0 tx=0).handle_message
2026-02-11T23:30:18.102+0000 7f72e3ffe640 5 --2- 127.0.0.1:0/1388548195 >> v2:127.0.0.1:7180/0 conn(0xaf50000 0xaf74000 crc :-1 s=THROTTLE_DONE pgs=18 gs=2 cs=0 l=1 c_cookie=4339685640421731661 s_cookie=0 reconnecting=0 rev1=1 crypto rx=0 tx=0 comp rx=0 tx=0).handle_message got 69 + 0 + 2459 byte message. envelope type=51 src mon.0 off 0
2026-02-11T23:30:18.102+0000 7f72e3ffe640 5 --2- 127.0.0.1:0/1388548195 >> v2:127.0.0.1:7180/0 conn(0xaf50000 0xaf74000 crc :-1 s=READ_MESSAGE_COMPLETE pgs=18 gs=2 cs=0 l=1 c_cookie=4339685640421731661 s_cookie=0 reconnecting=0 rev1=1 crypto rx=0 tx=0 comp rx=0 tx=0).handle_message received message m=0xae6fd40 seq=17 from=mon.0 type=51 mon_command_ack([{"prefix": "osd metadata", "id": 0}]=0 v5)
2026-02-11T23:30:18.102+0000 7f72e3ffe640 20 -- 127.0.0.1:0/1388548195 queue 0xae6fd40 prio 196
2026-02-11T23:30:18.102+0000 7f72e3ffe640 20 --2- 127.0.0.1:0/1388548195 >> v2:127.0.0.1:7180/0 conn(0xaf50000 0xaf74000 crc :-1 s=READY pgs=18 gs=2 cs=0 l=1 c_cookie=4339685640421731661 s_cookie=0 reconnecting=0 rev1=1 crypto rx=0 tx=0 comp rx=0 tx=0).read_frame
2026-02-11T23:30:18.102+0000 7f7201095640 4 mgr load_all_metadata trial048
2026-02-11T23:30:18.102+0000 7f72e3ffe640 20 -- 127.0.0.1:0/1388548195 >> v2:127.0.0.1:7180/0 conn(0xaf50000 msgr2=0xaf74000 crc :-1 s=STATE_CONNECTION_ESTABLISHED l=1).read start len=32
2026-02-11T23:30:18.102+0000 7f72dfff6640 1 -- 127.0.0.1:0/1388548195 <== mon.0 v2:127.0.0.1:7180/0 17 ==== mon_command_ack([{"prefix": "osd metadata", "id": 0}]=0 v5) ==== 69+0+2459 (crc 0 0 0) 0xae6fd40 con 0xaf50000
2026-02-11T23:30:18.102+0000 7f72dfff6640 10 -- 127.0.0.1:0/1388548195 dispatch_throttle_release 2528 to dispatch throttler 2528/104857600
2026-02-11T23:30:18.102+0000 7f72dfff6640 20 -- 127.0.0.1:0/1388548195 done calling dispatch on 0xae6fd40
2026-02-11T23:30:18.102+0000 7f7201095640 10 mgr notify_osdmap v2
2026-02-11T23:30:18.102+0000 7f7201095640 4 mgr init waiting for FSMap...
2026-02-11T23:30:18.102+0000 7f7201095640 4 mgr init waiting for MgrDigest...
2026-02-11T23:30:18.102+0000 7f7201095640 4 mgr init initializing device state...
2026-02-11T23:30:18.102+0000 7f7201095640 4 mgr init starting python modules...
2026-02-11T23:30:18.102+0000 7f7201095640 4 mgr[py] Starting modules in active mode
2026-02-11T23:30:18.102+0000 7f7201095640 10 mgr _refresh_config_map
2026-02-11T23:30:18.102+0000 7f72de7f3640 4 mgr finish mon returned valid metadata JSON for osd.0
2026-02-11T23:30:18.102+0000 7f7201095640 8 mgr[py] active_start Not starting module 'alerts', it is not enabled and loaded
2026-02-11T23:30:18.102+0000 7f7201095640 4 mgr[py] Starting module 'balancer'
2026-02-11T23:30:18.102+0000 7f7201095640 8 mgr[py] active_start Not starting module 'cephadm', it is not enabled and loaded
2026-02-11T23:30:18.102+0000 7f7201095640 8 mgr[py] active_start Not starting module 'cli_api', it is not enabled and loaded
2026-02-11T23:30:18.102+0000 7f7201095640 4 mgr[py] Starting module 'crash'
2026-02-11T23:30:18.102+0000 7f7201095640 8 mgr[py] active_start Not starting module 'dashboard', it is not enabled and loaded
2026-02-11T23:30:18.102+0000 7f7201095640 4 mgr[py] Starting module 'devicehealth'
2026-02-11T23:30:18.102+0000 7f7201095640 8 mgr[py] active_start Not starting module 'diskprediction_local', it is not enabled and loaded
2026-02-11T23:30:18.102+0000 7f7201095640 8 mgr[py] active_start Not starting module 'feedback', it is not enabled and loaded
2026-02-11T23:30:18.102+0000 7f7201095640 8 mgr[py] active_start Not starting module 'hello', it is not enabled and loaded
2026-02-11T23:30:18.102+0000 7f7201095640 8 mgr[py] active_start Not starting module 'influx', it is not enabled and loaded
2026-02-11T23:30:18.102+0000 7f7201095640 8 mgr[py] active_start Not starting module 'insights', it is not enabled and loaded
2026-02-11T23:30:18.102+0000 7f7201095640 4 mgr[py] Starting module 'iostat'
2026-02-11T23:30:18.102+0000 7f7201095640 8 mgr[py] active_start Not starting module 'k8sevents', it is not enabled and loaded
2026-02-11T23:30:18.102+0000 7f7201095640 8 mgr[py] active_start Not starting module 'localpool', it is not enabled and loaded
2026-02-11T23:30:18.102+0000 7f7201095640 8 mgr[py] active_start Not starting module 'mds_autoscaler', it is not enabled and loaded
2026-02-11T23:30:18.102+0000 7f7201095640 8 mgr[py] active_start Not starting module 'mirroring', it is not enabled and loaded
2026-02-11T23:30:18.102+0000 7f7201095640 4 mgr[py] Starting module 'nfs'
2026-02-11T23:30:18.102+0000 7f7201095640 4 mgr[py] Starting module 'orchestrator'
2026-02-11T23:30:18.102+0000 7f7201095640 8 mgr[py] active_start Not starting module 'osd_perf_query', it is not enabled and loaded
2026-02-11T23:30:18.102+0000 7f7201095640 8 mgr[py] active_start Not starting module 'osd_support', it is not enabled and loaded
2026-02-11T23:30:18.102+0000 7f7201095640 4 mgr[py] Starting module 'pg_autoscaler'
2026-02-11T23:30:18.102+0000 7f7201095640 4 mgr[py] Starting module 'progress'
2026-02-11T23:30:18.102+0000 7f7201095640 8 mgr[py] active_start Not starting module 'prometheus', it is not enabled and loaded
2026-02-11T23:30:18.102+0000 7f7201095640 4 mgr[py] Starting module 'rbd_support'
2026-02-11T23:30:18.102+0000 7f7201095640 8 mgr[py] active_start Not starting module 'rgw', it is not enabled and loaded
2026-02-11T23:30:18.102+0000 7f7201095640 8 mgr[py] active_start Not starting module 'rook', it is not enabled and loaded
2026-02-11T23:30:18.102+0000 7f7201095640 8 mgr[py] active_start Not starting module 'selftest', it is not enabled and loaded
2026-02-11T23:30:18.102+0000 7f7201095640 8 mgr[py] active_start Not starting module 'smb', it is not enabled and loaded
2026-02-11T23:30:18.102+0000 7f7201095640 8 mgr[py] active_start Not starting module 'snap_schedule', it is not enabled and loaded
2026-02-11T23:30:18.102+0000 7f7201095640 8 mgr[py] active_start Not starting module 'stats', it is not enabled and loaded
2026-02-11T23:30:18.102+0000 7f7201095640 4 mgr[py] Starting module 'status'
2026-02-11T23:30:18.102+0000 7f7201095640 8 mgr[py] active_start Not starting module 'telegraf', it is not enabled and loaded
2026-02-11T23:30:18.102+0000 7f7201095640 4 mgr[py] Starting module 'telemetry'
2026-02-11T23:30:18.102+0000 7f7201095640 8 mgr[py] active_start Not starting module 'test_orchestrator', it is not enabled and loaded
2026-02-11T23:30:18.102+0000 7f7201095640 4 mgr[py] Starting module 'volumes'
2026-02-11T23:30:18.102+0000 7f7201095640 4 mgr init Using sqlite3 version: 3.34.1
2026-02-11T23:30:18.103+0000 7f7201095640 20 CompressorRegistry(0xaf91218) adding algorithm method: snappy
2026-02-11T23:30:18.103+0000 7f7201095640 20 CompressorRegistry(0xaf91218) _parse_method_list snappy -> [1]
2026-02-11T23:30:18.103+0000 7f7201095640 10 CompressorRegistry(0xaf91218) _refresh_config ms_osd_compression_mode 0 ms_osd_compression_methods [1] ms_osd_compress_above_min_size 1024 ms_compress_secure 0
2026-02-11T23:30:18.103+0000 7f7201095640 10 -- operator() registering messenger temp_mon_client using key temp_mon_client failed due to a name collision. messenger won't be available to "messenger dump"
2026-02-11T23:30:18.103+0000 7f7201095640 10 -- ready
2026-02-11T23:30:18.103+0000 7f7201095640 1 Processor -- start
2026-02-11T23:30:18.103+0000 7f7201095640 20 Event(0x14e8508 nevent=5000 time_id=1).wakeup
2026-02-11T23:30:18.103+0000 7f7201095640 1 -- start start
2026-02-11T23:30:18.103+0000 7f7201095640 10 -- create_connect v2:127.0.0.1:7180/0, creating connection and registering
2026-02-11T23:30:18.103+0000 7f7201095640 10 -- >> v2:127.0.0.1:7180/0 conn(0xaf51000 msgr2=0xaf74580 unknown :-1 s=STATE_NONE l=0)._connect
2026-02-11T23:30:18.103+0000 7f7201095640 1 --2- >> v2:127.0.0.1:7180/0 conn(0xaf51000 0xaf74580 unknown :-1 s=NONE pgs=0 gs=0 cs=0 l=0 c_cookie=0 s_cookie=0 reconnecting=0 rev1=0 crypto rx=0 tx=0 comp rx=0 tx=0).connect
2026-02-11T23:30:18.103+0000 7f7201095640 20 Event(0x14e8748 nevent=5000 time_id=5).wakeup
2026-02-11T23:30:18.103+0000 7f7201095640 10 -- create_connect 0xaf51000 v2:127.0.0.1:7180/0 v2:127.0.0.1:7180/0
2026-02-11T23:30:18.103+0000 7f7201095640 10 -- connect_to v2:127.0.0.1:7180/0 new 0xaf51000
2026-02-11T23:30:18.103+0000 7f72e3ffe640 20 -- >> v2:127.0.0.1:7180/0 conn(0xaf51000 msgr2=0xaf74580 unknown :-1 s=STATE_CONNECTING l=0).process
2026-02-11T23:30:18.103+0000 7f7201095640 1 -- --> v2:127.0.0.1:7180/0 -- mon_getmap magic: 0 -- 0xafde280 con 0xaf51000
2026-02-11T23:30:18.103+0000 7f7201095640 5 --2- >> v2:127.0.0.1:7180/0 conn(0xaf51000 0xaf74580 unknown :-1 s=START_CONNECT pgs=0 gs=0 cs=0 l=0 c_cookie=0 s_cookie=0 reconnecting=0 rev1=0 crypto rx=0 tx=0 comp rx=0 tx=0).send_message enqueueing message m=0xafde280 type=5 mon_getmap magic: 0
2026-02-11T23:30:18.103+0000 7f7201095640 15 --2- >> v2:127.0.0.1:7180/0 conn(0xaf51000 0xaf74580 unknown :-1 s=START_CONNECT pgs=0 gs=0 cs=0 l=0 c_cookie=0 s_cookie=0 reconnecting=0 rev1=0 crypto rx=0 tx=0 comp rx=0 tx=0).send_message message queued for async transmission m=0xafde280
2026-02-11T23:30:18.103+0000 7f72e3ffe640 20 Event(0x14e8748 nevent=5000 time_id=6).create_file_event create event started fd=27 mask=1 original mask is 0
2026-02-11T23:30:18.103+0000 7f72e3ffe640 20 EpollDriver.add_event add event fd=27 cur_mask=0 add_mask=1 to 12
2026-02-11T23:30:18.103+0000 7f72e3ffe640 20 Event(0x14e8748 nevent=5000 time_id=6).create_file_event create event end fd=27 mask=1 current mask is 1
2026-02-11T23:30:18.103+0000 7f72e3ffe640 20 EpollDriver.del_event del event fd=27 cur_mask=1 delmask=2 to 12
2026-02-11T23:30:18.103+0000 7f72e3ffe640 10 -- >> v2:127.0.0.1:7180/0 conn(0xaf51000 msgr2=0xaf74580 unknown :-1 s=STATE_CONNECTING_RE l=0).process connect successfully, ready to send banner
2026-02-11T23:30:18.103+0000 7f72e3ffe640 20 --2- >> v2:127.0.0.1:7180/0 conn(0xaf51000 0xaf74580 unknown :-1 s=START_CONNECT pgs=0 gs=0 cs=0 l=0 c_cookie=0 s_cookie=0 reconnecting=0 rev1=0 crypto rx=0 tx=0 comp rx=0 tx=0).read_event
2026-02-11T23:30:18.103+0000 7f72e3ffe640 20 --2- >> v2:127.0.0.1:7180/0 conn(0xaf51000 0xaf74580 unknown :-1 s=START_CONNECT pgs=0 gs=0 cs=0 l=0 c_cookie=0 s_cookie=0 reconnecting=0 rev1=0 crypto rx=0 tx=0 comp rx=0 tx=0).start_client_banner_exchange
2026-02-11T23:30:18.103+0000 7f72e3ffe640 10 -- get_global_seq increment to global_seq=1
2026-02-11T23:30:18.103+0000 7f72e3ffe640 20 --2- >> v2:127.0.0.1:7180/0 conn(0xaf51000 0xaf74580 unknown :-1 s=BANNER_CONNECTING pgs=0 gs=1 cs=0 l=0 c_cookie=0 s_cookie=0 reconnecting=0 rev1=0 crypto rx=0 tx=0 comp rx=0 tx=0)._banner_exchange
2026-02-11T23:30:18.103+0000 7f72e3ffe640 10 -- >> v2:127.0.0.1:7180/0 conn(0xaf51000 msgr2=0xaf74580 unknown :-1 s=STATE_CONNECTION_ESTABLISHED l=0)._try_send sent bytes 26 remaining bytes 0
2026-02-11T23:30:18.103+0000 7f72e3ffe640 20 -- >> v2:127.0.0.1:7180/0 conn(0xaf51000 msgr2=0xaf74580 unknown :-1 s=STATE_CONNECTION_ESTABLISHED l=0).read start len=10
2026-02-11T23:30:18.103+0000 7f72e3ffe640 20 -- >> v2:127.0.0.1:7180/0 conn(0xaf51000 msgr2=0xaf74580 unknown :-1 s=STATE_CONNECTION_ESTABLISHED l=0).process
2026-02-11T23:30:18.103+0000 7f72e3ffe640 20 -- >> v2:127.0.0.1:7180/0 conn(0xaf51000 msgr2=0xaf74580 unknown :-1 s=STATE_CONNECTION_ESTABLISHED l=0).read continue len=10
2026-02-11T23:30:18.103+0000 7f72e3ffe640 20 --2- >> v2:127.0.0.1:7180/0 conn(0xaf51000 0xaf74580 unknown :-1 s=BANNER_CONNECTING pgs=0 gs=1 cs=0 l=0 c_cookie=0 s_cookie=0 reconnecting=0 rev1=0 crypto rx=0 tx=0 comp rx=0 tx=0)._handle_peer_banner r=0
2026-02-11T23:30:18.103+0000 7f72e3ffe640 20 -- >> v2:127.0.0.1:7180/0 conn(0xaf51000 msgr2=0xaf74580 unknown :-1 s=STATE_CONNECTION_ESTABLISHED l=0).read start len=16
2026-02-11T23:30:18.103+0000 7f72e3ffe640 20 --2- >> v2:127.0.0.1:7180/0 conn(0xaf51000 0xaf74580 unknown :-1 s=BANNER_CONNECTING pgs=0 gs=1 cs=0 l=0 c_cookie=0 s_cookie=0 reconnecting=0 rev1=0 crypto rx=0 tx=0 comp rx=0 tx=0)._handle_peer_banner_payload r=0
2026-02-11T23:30:18.103+0000 7f72e3ffe640 1 --2- >> v2:127.0.0.1:7180/0 conn(0xaf51000 0xaf74580 unknown :-1 s=BANNER_CONNECTING pgs=0 gs=1 cs=0 l=0 c_cookie=0 s_cookie=0 reconnecting=0 rev1=0 crypto rx=0 tx=0 comp rx=0 tx=0)._handle_peer_banner_payload supported=3 required=0
2026-02-11T23:30:18.103+0000 7f72e3ffe640 10 -- >> v2:127.0.0.1:7180/0 conn(0xaf51000 msgr2=0xaf74580 unknown :-1 s=STATE_CONNECTION_ESTABLISHED l=0)._try_send sent bytes 72 remaining bytes 0
2026-02-11T23:30:18.103+0000 7f72e3ffe640 20 --2- >> v2:127.0.0.1:7180/0 conn(0xaf51000 0xaf74580 unknown :-1 s=HELLO_CONNECTING pgs=0 gs=1 cs=0 l=0 c_cookie=0 s_cookie=0 reconnecting=0 rev1=1 crypto rx=0 tx=0 comp rx=0 tx=0).read_frame
2026-02-11T23:30:18.103+0000 7f72e3ffe640 20 -- >> v2:127.0.0.1:7180/0 conn(0xaf51000 msgr2=0xaf74580 unknown :-1 s=STATE_CONNECTION_ESTABLISHED l=0).read start len=32
2026-02-11T23:30:18.103+0000 7f72e3ffe640 20 --2- >> v2:127.0.0.1:7180/0 conn(0xaf51000 0xaf74580 unknown :-1 s=HELLO_CONNECTING pgs=0 gs=1 cs=0 l=0 c_cookie=0 s_cookie=0 reconnecting=0 rev1=1 crypto rx=0 tx=0 comp rx=0 tx=0).handle_read_frame_preamble_main r=0
2026-02-11T23:30:18.103+0000 7f72e3ffe640 20 --2- >> v2:127.0.0.1:7180/0 conn(0xaf51000 0xaf74580 unknown :-1 s=HELLO_CONNECTING pgs=0 gs=1 cs=0 l=0 c_cookie=0 s_cookie=0 reconnecting=0 rev1=1 crypto rx=0 tx=0 comp rx=0 tx=0).read_frame_segment seg_idx=0
2026-02-11T23:30:18.103+0000 7f72e3ffe640 20 -- >> v2:127.0.0.1:7180/0 conn(0xaf51000 msgr2=0xaf74580 unknown :-1 s=STATE_CONNECTION_ESTABLISHED l=0).read start len=40
2026-02-11T23:30:18.103+0000 7f72e3ffe640 20 --2- >> v2:127.0.0.1:7180/0 conn(0xaf51000 0xaf74580 unknown :-1 s=HELLO_CONNECTING pgs=0 gs=1 cs=0 l=0 c_cookie=0 s_cookie=0 reconnecting=0 rev1=1 crypto rx=0 tx=0 comp rx=0 tx=0).handle_read_frame_segment r=0
2026-02-11T23:30:18.103+0000 7f72e3ffe640 10 --2- >> v2:127.0.0.1:7180/0 conn(0xaf51000 0xaf74580 unknown :-1 s=HELLO_CONNECTING pgs=0 gs=1 cs=0 l=0 c_cookie=0 s_cookie=0 reconnecting=0 rev1=1 crypto rx=0 tx=0 comp rx=0 tx=0).handle_read_frame_dispatch tag=1
2026-02-11T23:30:18.103+0000 7f72e3ffe640 20 --2- >> v2:127.0.0.1:7180/0 conn(0xaf51000 0xaf74580 unknown :-1 s=HELLO_CONNECTING pgs=0 gs=1 cs=0 l=0 c_cookie=0 s_cookie=0 reconnecting=0 rev1=1 crypto rx=0 tx=0 comp rx=0 tx=0).handle_hello payload.length()=36
2026-02-11T23:30:18.103+0000 7f72e3ffe640 5 --2- >> v2:127.0.0.1:7180/0 conn(0xaf51000 0xaf74580 unknown :-1 s=HELLO_CONNECTING pgs=0 gs=1 cs=0 l=0 c_cookie=0 s_cookie=0 reconnecting=0 rev1=1 crypto rx=0 tx=0 comp rx=0 tx=0).handle_hello received hello: peer_type=1 peer_addr_for_me=v2:127.0.0.1:41246/0
2026-02-11T23:30:18.103+0000 7f72e3ffe640 5 --2- >> v2:127.0.0.1:7180/0 conn(0xaf51000 0xaf74580 unknown :-1 s=HELLO_CONNECTING pgs=0 gs=1 cs=0 l=0 c_cookie=0 s_cookie=0 reconnecting=0 rev1=1 crypto rx=0 tx=0 comp rx=0 tx=0).handle_hello getsockname says I am 127.0.0.1:41246 when talking to v2:127.0.0.1:7180/0
2026-02-11T23:30:18.103+0000 7f72e3ffe640 1 --2- >> v2:127.0.0.1:7180/0 conn(0xaf51000 0xaf74580 unknown :-1 s=HELLO_CONNECTING pgs=0 gs=1 cs=0 l=0 c_cookie=0 s_cookie=0 reconnecting=0 rev1=1 crypto rx=0 tx=0 comp rx=0 tx=0).handle_hello peer v2:127.0.0.1:7180/0 says I am v2:127.0.0.1:41246/0 (socket says 127.0.0.1:41246)
2026-02-11T23:30:18.103+0000 7f72e3ffe640 10 -- 127.0.0.1:0/3435070296 learned_addr had no addrs
2026-02-11T23:30:18.103+0000 7f72e3ffe640 1 -- 127.0.0.1:0/3435070296 learned_addr learned my addr 127.0.0.1:0/3435070296 (peer_addr_for_me v2:127.0.0.1:0/0)
2026-02-11T23:30:18.103+0000 7f72e3ffe640 20 --2- 127.0.0.1:0/3435070296 >> v2:127.0.0.1:7180/0 conn(0xaf51000 0xaf74580 unknown :-1 s=HELLO_CONNECTING pgs=0 gs=1 cs=0 l=0 c_cookie=0 s_cookie=0 reconnecting=0 rev1=1 crypto rx=0 tx=0 comp rx=0 tx=0).post_client_banner_exchange
2026-02-11T23:30:18.103+0000 7f72e3ffe640 20 --2- 127.0.0.1:0/3435070296 >> v2:127.0.0.1:7180/0 conn(0xaf51000 0xaf74580 unknown :-1 s=AUTH_CONNECTING pgs=0 gs=1 cs=0 l=0 c_cookie=0 s_cookie=0 reconnecting=0 rev1=1 crypto rx=0 tx=0 comp rx=0 tx=0).send_auth_request peer_type 1 auth_client 0x7f7201090010
2026-02-11T23:30:18.103+0000 7f72e3ffe640 10 -- 127.0.0.1:0/3435070296 >> v2:127.0.0.1:7180/0 conn(0xaf51000 msgr2=0xaf74580 unknown :-1 s=STATE_CONNECTION_ESTABLISHED l=0)._try_send sent bytes 70 remaining bytes 0
2026-02-11T23:30:18.103+0000 7f72e3ffe640 20 --2- 127.0.0.1:0/3435070296 >> v2:127.0.0.1:7180/0 conn(0xaf51000 0xaf74580 unknown :-1 s=AUTH_CONNECTING pgs=0 gs=1 cs=0 l=0 c_cookie=0 s_cookie=0 reconnecting=0 rev1=1 crypto rx=0 tx=0 comp rx=0 tx=0).read_frame
2026-02-11T23:30:18.103+0000 7f72e3ffe640 20 -- 127.0.0.1:0/3435070296 >> v2:127.0.0.1:7180/0 conn(0xaf51000 msgr2=0xaf74580 unknown :-1 s=STATE_CONNECTION_ESTABLISHED l=0).read start len=32
2026-02-11T23:30:18.103+0000 7f72e3ffe640 20 -- 127.0.0.1:0/3435070296 >> v2:127.0.0.1:7180/0 conn(0xaf51000 msgr2=0xaf74580 unknown :-1 s=STATE_CONNECTION_ESTABLISHED l=0).process
2026-02-11T23:30:18.103+0000 7f72e3ffe640 20 -- 127.0.0.1:0/3435070296 >> v2:127.0.0.1:7180/0 conn(0xaf51000 msgr2=0xaf74580 unknown :-1 s=STATE_CONNECTION_ESTABLISHED l=0).read continue len=32
2026-02-11T23:30:18.103+0000 7f72e3ffe640 20 --2- 127.0.0.1:0/3435070296 >> v2:127.0.0.1:7180/0 conn(0xaf51000 0xaf74580 unknown :-1 s=AUTH_CONNECTING pgs=0 gs=1 cs=0 l=0 c_cookie=0 s_cookie=0 reconnecting=0 rev1=1 crypto rx=0 tx=0 comp rx=0 tx=0).handle_read_frame_preamble_main r=0
2026-02-11T23:30:18.103+0000 7f72e3ffe640 20 --2- 127.0.0.1:0/3435070296 >> v2:127.0.0.1:7180/0 conn(0xaf51000 0xaf74580 unknown :-1 s=AUTH_CONNECTING pgs=0 gs=1 cs=0 l=0 c_cookie=0 s_cookie=0 reconnecting=0 rev1=1 crypto rx=0 tx=0 comp rx=0 tx=0).read_frame_segment seg_idx=0
2026-02-11T23:30:18.103+0000 7f72e3ffe640 20 -- 127.0.0.1:0/3435070296 >> v2:127.0.0.1:7180/0 conn(0xaf51000 msgr2=0xaf74580 unknown :-1 s=STATE_CONNECTION_ESTABLISHED l=0).read start len=20
2026-02-11T23:30:18.103+0000 7f72e3ffe640 20 --2- 127.0.0.1:0/3435070296 >> v2:127.0.0.1:7180/0 conn(0xaf51000 0xaf74580 unknown :-1 s=AUTH_CONNECTING pgs=0 gs=1 cs=0 l=0 c_cookie=0 s_cookie=0 reconnecting=0 rev1=1 crypto rx=0 tx=0 comp rx=0 tx=0).handle_read_frame_segment r=0
2026-02-11T23:30:18.103+0000 7f72e3ffe640 10 --2- 127.0.0.1:0/3435070296 >> v2:127.0.0.1:7180/0 conn(0xaf51000 0xaf74580 unknown :-1 s=AUTH_CONNECTING pgs=0 gs=1 cs=0 l=0 c_cookie=0 s_cookie=0 reconnecting=0 rev1=1 crypto rx=0 tx=0 comp rx=0 tx=0).handle_read_frame_dispatch tag=6
2026-02-11T23:30:18.103+0000 7f72e3ffe640 20 --2- 127.0.0.1:0/3435070296 >> v2:127.0.0.1:7180/0 conn(0xaf51000 0xaf74580 unknown :-1 s=AUTH_CONNECTING pgs=0 gs=1 cs=0 l=0 c_cookie=0 s_cookie=0 reconnecting=0 rev1=1 crypto rx=0 tx=0 comp rx=0 tx=0).handle_auth_done payload.length()=16
2026-02-11T23:30:18.103+0000 7f72e3ffe640 1 -- 127.0.0.1:0/3435070296 --> v2:127.0.0.1:7180/0 -- mon_subscribe({config=0+,monmap=0+}) -- 0xaf821a0 con 0xaf51000
2026-02-11T23:30:18.103+0000 7f72e3ffe640 5 --2- 127.0.0.1:0/3435070296 >> v2:127.0.0.1:7180/0 conn(0xaf51000 0xaf74580 unknown :-1 s=AUTH_CONNECTING pgs=0 gs=1 cs=0 l=0 c_cookie=0 s_cookie=0 reconnecting=0 rev1=1 crypto rx=0 tx=0 comp rx=0 tx=0).send_message enqueueing message m=0xaf821a0 type=15 mon_subscribe({config=0+,monmap=0+})
2026-02-11T23:30:18.103+0000 7f72e3ffe640 15 --2- 127.0.0.1:0/3435070296 >> v2:127.0.0.1:7180/0 conn(0xaf51000 0xaf74580 unknown :-1 s=AUTH_CONNECTING pgs=0 gs=1 cs=0 l=0 c_cookie=0 s_cookie=0 reconnecting=0 rev1=1 crypto rx=0 tx=0 comp rx=0 tx=0).send_message message queued for async transmission m=0xaf821a0
2026-02-11T23:30:18.103+0000 7f72e3ffe640 10 -- 127.0.0.1:0/3435070296 >> v2:127.0.0.1:7180/0 conn(0xaf51000 msgr2=0xaf74580 crc :-1 s=STATE_CONNECTION_ESTABLISHED l=0)._try_send sent bytes 68 remaining bytes 0
2026-02-11T23:30:18.103+0000 7f72e3ffe640 20 --2- 127.0.0.1:0/3435070296 >> v2:127.0.0.1:7180/0 conn(0xaf51000 0xaf74580 crc :-1 s=AUTH_CONNECTING_SIGN pgs=0 gs=1 cs=0 l=0 c_cookie=0 s_cookie=0 reconnecting=0 rev1=1 crypto rx=0 tx=0 comp rx=0 tx=0).read_frame
2026-02-11T23:30:18.103+0000 7f72e3ffe640 20 -- 127.0.0.1:0/3435070296 >> v2:127.0.0.1:7180/0 conn(0xaf51000 msgr2=0xaf74580 crc :-1 s=STATE_CONNECTION_ESTABLISHED l=0).read start len=32
2026-02-11T23:30:18.103+0000 7f72e3ffe640 20 --2- 127.0.0.1:0/3435070296 >> v2:127.0.0.1:7180/0 conn(0xaf51000 0xaf74580 crc :-1 s=AUTH_CONNECTING_SIGN pgs=0 gs=1 cs=0 l=0 c_cookie=0 s_cookie=0 reconnecting=0 rev1=1 crypto rx=0 tx=0 comp rx=0 tx=0).handle_read_frame_preamble_main r=0
2026-02-11T23:30:18.103+0000 7f72e3ffe640 20 --2- 127.0.0.1:0/3435070296 >> v2:127.0.0.1:7180/0 conn(0xaf51000 0xaf74580 crc :-1 s=AUTH_CONNECTING_SIGN pgs=0 gs=1 cs=0 l=0 c_cookie=0 s_cookie=0 reconnecting=0 rev1=1 crypto rx=0 tx=0 comp rx=0 tx=0).read_frame_segment seg_idx=0
2026-02-11T23:30:18.103+0000 7f72e3ffe640 20 -- 127.0.0.1:0/3435070296 >> v2:127.0.0.1:7180/0 conn(0xaf51000 msgr2=0xaf74580 crc :-1 s=STATE_CONNECTION_ESTABLISHED l=0).read start len=36
2026-02-11T23:30:18.103+0000 7f72e3ffe640 20 --2- 127.0.0.1:0/3435070296 >> v2:127.0.0.1:7180/0 conn(0xaf51000 0xaf74580 crc :-1 s=AUTH_CONNECTING_SIGN pgs=0 gs=1 cs=0 l=0 c_cookie=0 s_cookie=0 reconnecting=0 rev1=1 crypto rx=0 tx=0 comp rx=0 tx=0).handle_read_frame_segment r=0
2026-02-11T23:30:18.103+0000 7f72e3ffe640 10 --2- 127.0.0.1:0/3435070296 >> v2:127.0.0.1:7180/0 conn(0xaf51000 0xaf74580 crc :-1 s=AUTH_CONNECTING_SIGN pgs=0 gs=1 cs=0 l=0 c_cookie=0 s_cookie=0 reconnecting=0 rev1=1 crypto rx=0 tx=0 comp rx=0 tx=0).handle_read_frame_dispatch tag=7
2026-02-11T23:30:18.103+0000 7f72e3ffe640 20 --2- 127.0.0.1:0/3435070296 >> v2:127.0.0.1:7180/0 conn(0xaf51000 0xaf74580 crc :-1 s=AUTH_CONNECTING_SIGN pgs=0 gs=1 cs=0 l=0 c_cookie=0 s_cookie=0 reconnecting=0 rev1=1 crypto rx=0 tx=0 comp rx=0 tx=0).handle_auth_signature payload.length()=32
2026-02-11T23:30:18.103+0000 7f72e3ffe640 20 --2- 127.0.0.1:0/3435070296 >> v2:127.0.0.1:7180/0 conn(0xaf51000 0xaf74580 crc :-1 s=AUTH_CONNECTING_SIGN pgs=0 gs=1 cs=0 l=0 c_cookie=0 s_cookie=0 reconnecting=0 rev1=1 crypto rx=0 tx=0 comp rx=0 tx=0).handle_auth_signature pre-auth signature success sig_frame.signature()=0000000000000000000000000000000000000000000000000000000000000000
2026-02-11T23:30:18.103+0000 7f72e3ffe640 20 --2- 127.0.0.1:0/3435070296 >> v2:127.0.0.1:7180/0 conn(0xaf51000 0xaf74580 crc :-1 s=AUTH_CONNECTING_SIGN pgs=0 gs=1 cs=0 l=0 c_cookie=0 s_cookie=0 reconnecting=0 rev1=1 crypto rx=0 tx=0 comp rx=0 tx=0).finish_client_auth
2026-02-11T23:30:18.103+0000 7f72e3ffe640 20 CompressorRegistry(0xaf91218) get_mode peer_type 1 is_secure 0
2026-02-11T23:30:18.103+0000 7f72e3ffe640 10 -- 127.0.0.1:0/3435070296 >> v2:127.0.0.1:7180/0 conn(0xaf51000 msgr2=0xaf74580 crc :-1 s=STATE_CONNECTION_ESTABLISHED l=0)._try_send sent bytes 41 remaining bytes 0
2026-02-11T23:30:18.103+0000 7f72e3ffe640 20 --2- 127.0.0.1:0/3435070296 >> v2:127.0.0.1:7180/0 conn(0xaf51000 0xaf74580 crc :-1 s=COMPRESSION_CONNECTING pgs=0 gs=1 cs=0 l=0 c_cookie=0 s_cookie=0 reconnecting=0 rev1=1 crypto rx=0 tx=0 comp rx=0 tx=0).read_frame
2026-02-11T23:30:18.103+0000 7f72e3ffe640 20 -- 127.0.0.1:0/3435070296 >> v2:127.0.0.1:7180/0 conn(0xaf51000 msgr2=0xaf74580 crc :-1 s=STATE_CONNECTION_ESTABLISHED l=0).read start len=32
2026-02-11T23:30:18.103+0000 7f72e3ffe640 20 -- 127.0.0.1:0/3435070296 >> v2:127.0.0.1:7180/0 conn(0xaf51000 msgr2=0xaf74580 crc :-1 s=STATE_CONNECTION_ESTABLISHED l=0).process
2026-02-11T23:30:18.103+0000 7f72e3ffe640 20 -- 127.0.0.1:0/3435070296 >> v2:127.0.0.1:7180/0 conn(0xaf51000 msgr2=0xaf74580 crc :-1 s=STATE_CONNECTION_ESTABLISHED l=0).read continue len=32
2026-02-11T23:30:18.103+0000 7f72e3ffe640 20 --2- 127.0.0.1:0/3435070296 >> v2:127.0.0.1:7180/0 conn(0xaf51000 0xaf74580 crc :-1 s=COMPRESSION_CONNECTING pgs=0 gs=1 cs=0 l=0 c_cookie=0 s_cookie=0 reconnecting=0 rev1=1 crypto rx=0 tx=0 comp rx=0 tx=0).handle_read_frame_preamble_main r=0
