2026-02-11T23:30:18.202+0000 7f72e1ffa640 10 --2- [v2:127.0.0.1:6808/4279895178,v1:127.0.0.1:6809/4279895178] >> conn(0xb3f9400 0xb4da580 crc :-1 s=AUTH_ACCEPTING_SIGN pgs=0 gs=0 cs=0 l=1 c_cookie=0 s_cookie=0 reconnecting=0 rev1=1 crypto rx=0 tx=0 comp rx=0 tx=0).handle_read_frame_dispatch tag=7
2026-02-11T23:30:18.202+0000 7f72e37fd640 10 --2- 127.0.0.1:0/987863127 >> [v2:127.0.0.1:6808/4279895178,v1:127.0.0.1:6809/4279895178] conn(0xb3f8400 0xaf74580 crc :-1 s=AUTH_CONNECTING_SIGN pgs=0 gs=2 cs=0 l=1 c_cookie=0 s_cookie=0 reconnecting=0 rev1=1 crypto rx=0 tx=0 comp rx=0 tx=0).handle_read_frame_dispatch tag=7
2026-02-11T23:30:18.202+0000 7f72e1ffa640 20 --2- [v2:127.0.0.1:6808/4279895178,v1:127.0.0.1:6809/4279895178] >> conn(0xb3f9400 0xb4da580 crc :-1 s=AUTH_ACCEPTING_SIGN pgs=0 gs=0 cs=0 l=1 c_cookie=0 s_cookie=0 reconnecting=0 rev1=1 crypto rx=0 tx=0 comp rx=0 tx=0).handle_auth_signature payload.length()=32
2026-02-11T23:30:18.202+0000 7f72e37fd640 20 --2- 127.0.0.1:0/987863127 >> [v2:127.0.0.1:6808/4279895178,v1:127.0.0.1:6809/4279895178] conn(0xb3f8400 0xaf74580 crc :-1 s=AUTH_CONNECTING_SIGN pgs=0 gs=2 cs=0 l=1 c_cookie=0 s_cookie=0 reconnecting=0 rev1=1 crypto rx=0 tx=0 comp rx=0 tx=0).handle_auth_signature payload.length()=32
2026-02-11T23:30:18.202+0000 7f72e1ffa640 20 --2- [v2:127.0.0.1:6808/4279895178,v1:127.0.0.1:6809/4279895178] >> conn(0xb3f9400 0xb4da580 crc :-1 s=AUTH_ACCEPTING_SIGN pgs=0 gs=0 cs=0 l=1 c_cookie=0 s_cookie=0 reconnecting=0 rev1=1 crypto rx=0 tx=0 comp rx=0 tx=0).handle_auth_signature pre-auth signature success sig_frame.signature()=0000000000000000000000000000000000000000000000000000000000000000
2026-02-11T23:30:18.202+0000 7f72e37fd640 20 --2- 127.0.0.1:0/987863127 >> [v2:127.0.0.1:6808/4279895178,v1:127.0.0.1:6809/4279895178] conn(0xb3f8400 0xaf74580 crc :-1 s=AUTH_CONNECTING_SIGN pgs=0 gs=2 cs=0 l=1 c_cookie=0 s_cookie=0 reconnecting=0 rev1=1 crypto rx=0 tx=0 comp rx=0 tx=0).handle_auth_signature pre-auth signature success sig_frame.signature()=0000000000000000000000000000000000000000000000000000000000000000
2026-02-11T23:30:18.202+0000 7f72e1ffa640 20 --2- [v2:127.0.0.1:6808/4279895178,v1:127.0.0.1:6809/4279895178] >> conn(0xb3f9400 0xb4da580 crc :-1 s=AUTH_ACCEPTING_SIGN pgs=0 gs=0 cs=0 l=1 c_cookie=0 s_cookie=0 reconnecting=0 rev1=1 crypto rx=0 tx=0 comp rx=0 tx=0).finish_server_auth
2026-02-11T23:30:18.202+0000 7f72e37fd640 20 --2- 127.0.0.1:0/987863127 >> [v2:127.0.0.1:6808/4279895178,v1:127.0.0.1:6809/4279895178] conn(0xb3f8400 0xaf74580 crc :-1 s=AUTH_CONNECTING_SIGN pgs=0 gs=2 cs=0 l=1 c_cookie=0 s_cookie=0 reconnecting=0 rev1=1 crypto rx=0 tx=0 comp rx=0 tx=0).finish_client_auth
2026-02-11T23:30:18.202+0000 7f72e1ffa640 20 --2- [v2:127.0.0.1:6808/4279895178,v1:127.0.0.1:6809/4279895178] >> conn(0xb3f9400 0xb4da580 crc :-1 s=COMPRESSION_ACCEPTING pgs=0 gs=0 cs=0 l=1 c_cookie=0 s_cookie=0 reconnecting=0 rev1=1 crypto rx=0 tx=0 comp rx=0 tx=0).read_frame
2026-02-11T23:30:18.202+0000 7f72e1ffa640 20 -- [v2:127.0.0.1:6808/4279895178,v1:127.0.0.1:6809/4279895178] >> conn(0xb3f9400 msgr2=0xb4da580 crc :-1 s=STATE_CONNECTION_ESTABLISHED l=1).read start len=32
2026-02-11T23:30:18.202+0000 7f72e37fd640 20 CompressorRegistry(0xaf91218) get_mode peer_type 16 is_secure 0
2026-02-11T23:30:18.202+0000 7f72e37fd640 10 -- 127.0.0.1:0/987863127 >> [v2:127.0.0.1:6808/4279895178,v1:127.0.0.1:6809/4279895178] conn(0xb3f8400 msgr2=0xaf74580 crc :-1 s=STATE_CONNECTION_ESTABLISHED l=1)._try_send sent bytes 41 remaining bytes 0
2026-02-11T23:30:18.202+0000 7f72e1ffa640 20 -- [v2:127.0.0.1:6808/4279895178,v1:127.0.0.1:6809/4279895178] >> conn(0xb3f9400 msgr2=0xb4da580 crc :-1 s=STATE_CONNECTION_ESTABLISHED l=1).process
2026-02-11T23:30:18.202+0000 7f72e37fd640 20 --2- 127.0.0.1:0/987863127 >> [v2:127.0.0.1:6808/4279895178,v1:127.0.0.1:6809/4279895178] conn(0xb3f8400 0xaf74580 crc :-1 s=COMPRESSION_CONNECTING pgs=0 gs=2 cs=0 l=1 c_cookie=0 s_cookie=0 reconnecting=0 rev1=1 crypto rx=0 tx=0 comp rx=0 tx=0).read_frame
2026-02-11T23:30:18.202+0000 7f72e1ffa640 20 -- [v2:127.0.0.1:6808/4279895178,v1:127.0.0.1:6809/4279895178] >> conn(0xb3f9400 msgr2=0xb4da580 crc :-1 s=STATE_CONNECTION_ESTABLISHED l=1).read continue len=32
2026-02-11T23:30:18.202+0000 7f72e37fd640 20 -- 127.0.0.1:0/987863127 >> [v2:127.0.0.1:6808/4279895178,v1:127.0.0.1:6809/4279895178] conn(0xb3f8400 msgr2=0xaf74580 crc :-1 s=STATE_CONNECTION_ESTABLISHED l=1).read start len=32
2026-02-11T23:30:18.202+0000 7f72e37fd640 20 -- [v2:127.0.0.1:6808/4279895178,v1:127.0.0.1:6809/4279895178] >> conn(0xb3f8c00 msgr2=0xaf77700 crc :-1 s=STATE_CONNECTION_ESTABLISHED l=1).process
2026-02-11T23:30:18.202+0000 7f72e37fd640 20 -- [v2:127.0.0.1:6808/4279895178,v1:127.0.0.1:6809/4279895178] >> conn(0xb3f8c00 msgr2=0xaf77700 crc :-1 s=STATE_CONNECTION_ESTABLISHED l=1).read continue len=32
2026-02-11T23:30:18.202+0000 7f72e1ffa640 20 --2- [v2:127.0.0.1:6808/4279895178,v1:127.0.0.1:6809/4279895178] >> conn(0xb3f9400 0xb4da580 crc :-1 s=COMPRESSION_ACCEPTING pgs=0 gs=0 cs=0 l=1 c_cookie=0 s_cookie=0 reconnecting=0 rev1=1 crypto rx=0 tx=0 comp rx=0 tx=0).handle_read_frame_preamble_main r=0
2026-02-11T23:30:18.202+0000 7f72e1ffa640 20 --2- [v2:127.0.0.1:6808/4279895178,v1:127.0.0.1:6809/4279895178] >> conn(0xb3f9400 0xb4da580 crc :-1 s=COMPRESSION_ACCEPTING pgs=0 gs=0 cs=0 l=1 c_cookie=0 s_cookie=0 reconnecting=0 rev1=1 crypto rx=0 tx=0 comp rx=0 tx=0).read_frame_segment seg_idx=0
2026-02-11T23:30:18.202+0000 7f72e37fd640 20 --2- [v2:127.0.0.1:6808/4279895178,v1:127.0.0.1:6809/4279895178] >> conn(0xb3f8c00 0xaf77700 crc :-1 s=SESSION_ACCEPTING pgs=0 gs=0 cs=0 l=1 c_cookie=0 s_cookie=0 reconnecting=0 rev1=1 crypto rx=0 tx=0 comp rx=0 tx=0).handle_read_frame_preamble_main r=0
2026-02-11T23:30:18.202+0000 7f72e3ffe640 20 --2- [v2:127.0.0.1:6808/4279895178,v1:127.0.0.1:6809/4279895178] >> 127.0.0.1:0/1388548195 conn(0xb3f9000 0xb4da000 crc :-1 s=THROTTLE_DONE pgs=3 gs=3 cs=0 l=1 c_cookie=2805474210044241928 s_cookie=0 reconnecting=0 rev1=1 crypto rx=0 tx=0 comp rx=0 tx=0).handle_read_frame_segment r=0
2026-02-11T23:30:18.202+0000 7f72e37fd640 20 --2- [v2:127.0.0.1:6808/4279895178,v1:127.0.0.1:6809/4279895178] >> conn(0xb3f8c00 0xaf77700 crc :-1 s=SESSION_ACCEPTING pgs=0 gs=0 cs=0 l=1 c_cookie=0 s_cookie=0 reconnecting=0 rev1=1 crypto rx=0 tx=0 comp rx=0 tx=0).read_frame_segment seg_idx=0
2026-02-11T23:30:18.202+0000 7f72e1ffa640 20 -- [v2:127.0.0.1:6808/4279895178,v1:127.0.0.1:6809/4279895178] >> conn(0xb3f9400 msgr2=0xb4da580 crc :-1 s=STATE_CONNECTION_ESTABLISHED l=1).read start len=9
2026-02-11T23:30:18.202+0000 7f72e3ffe640 20 -- [v2:127.0.0.1:6808/4279895178,v1:127.0.0.1:6809/4279895178] >> 127.0.0.1:0/1388548195 conn(0xb3f9000 msgr2=0xb4da000 crc :-1 s=STATE_CONNECTION_ESTABLISHED l=1).read start len=13
2026-02-11T23:30:18.202+0000 7f72e37fd640 20 -- [v2:127.0.0.1:6808/4279895178,v1:127.0.0.1:6809/4279895178] >> conn(0xb3f8c00 msgr2=0xaf77700 crc :-1 s=STATE_CONNECTION_ESTABLISHED l=1).read start len=127
2026-02-11T23:30:18.202+0000 7f72e1ffa640 20 --2- [v2:127.0.0.1:6808/4279895178,v1:127.0.0.1:6809/4279895178] >> conn(0xb3f9400 0xb4da580 crc :-1 s=COMPRESSION_ACCEPTING pgs=0 gs=0 cs=0 l=1 c_cookie=0 s_cookie=0 reconnecting=0 rev1=1 crypto rx=0 tx=0 comp rx=0 tx=0).handle_read_frame_segment r=0
2026-02-11T23:30:18.202+0000 7f72e37fd640 20 --2- [v2:127.0.0.1:6808/4279895178,v1:127.0.0.1:6809/4279895178] >> conn(0xb3f8c00 0xaf77700 crc :-1 s=SESSION_ACCEPTING pgs=0 gs=0 cs=0 l=1 c_cookie=0 s_cookie=0 reconnecting=0 rev1=1 crypto rx=0 tx=0 comp rx=0 tx=0).handle_read_frame_segment r=0
2026-02-11T23:30:18.202+0000 7f72e1ffa640 10 --2- [v2:127.0.0.1:6808/4279895178,v1:127.0.0.1:6809/4279895178] >> conn(0xb3f9400 0xb4da580 crc :-1 s=COMPRESSION_ACCEPTING pgs=0 gs=0 cs=0 l=1 c_cookie=0 s_cookie=0 reconnecting=0 rev1=1 crypto rx=0 tx=0 comp rx=0 tx=0).handle_read_frame_dispatch tag=21
2026-02-11T23:30:18.202+0000 7f72e3ffe640 20 --2- [v2:127.0.0.1:6808/4279895178,v1:127.0.0.1:6809/4279895178] >> 127.0.0.1:0/1388548195 conn(0xb3f9000 0xb4da000 crc :-1 s=THROTTLE_DONE pgs=3 gs=3 cs=0 l=1 c_cookie=2805474210044241928 s_cookie=0 reconnecting=0 rev1=1 crypto rx=0 tx=0 comp rx=0 tx=0).handle_read_frame_epilogue_main r=0
2026-02-11T23:30:18.202+0000 7f72e1ffa640 10 --2- [v2:127.0.0.1:6808/4279895178,v1:127.0.0.1:6809/4279895178] >> conn(0xb3f9400 0xb4da580 crc :-1 s=COMPRESSION_ACCEPTING pgs=0 gs=0 cs=0 l=1 c_cookie=0 s_cookie=0 reconnecting=0 rev1=1 crypto rx=0 tx=0 comp rx=0 tx=0).handle_compression_request CompressionRequestFrame(is_compress=0, preferred_methods=[])
2026-02-11T23:30:18.202+0000 7f72e1ffa640 20 CompressorRegistry(0xaf90218) get_mode peer_type 8 is_secure 0
2026-02-11T23:30:18.202+0000 7f72e37fd640 10 --2- [v2:127.0.0.1:6808/4279895178,v1:127.0.0.1:6809/4279895178] >> conn(0xb3f8c00 0xaf77700 crc :-1 s=SESSION_ACCEPTING pgs=0 gs=0 cs=0 l=1 c_cookie=0 s_cookie=0 reconnecting=0 rev1=1 crypto rx=0 tx=0 comp rx=0 tx=0).handle_read_frame_dispatch tag=8
2026-02-11T23:30:18.202+0000 7f72e37fd640 20 --2- [v2:127.0.0.1:6808/4279895178,v1:127.0.0.1:6809/4279895178] >> conn(0xb3f8c00 0xaf77700 crc :-1 s=SESSION_ACCEPTING pgs=0 gs=0 cs=0 l=1 c_cookie=0 s_cookie=0 reconnecting=0 rev1=1 crypto rx=0 tx=0 comp rx=0 tx=0).handle_client_ident payload.length()=123
2026-02-11T23:30:18.202+0000 7f72e1ffa640 10 -- [v2:127.0.0.1:6808/4279895178,v1:127.0.0.1:6809/4279895178] >> conn(0xb3f9400 msgr2=0xb4da580 crc :-1 s=STATE_CONNECTION_ESTABLISHED l=1)._try_send sent bytes 41 remaining bytes 0
2026-02-11T23:30:18.202+0000 7f72e1ffa640 20 --2- [v2:127.0.0.1:6808/4279895178,v1:127.0.0.1:6809/4279895178] >> conn(0xb3f9400 0xb4da580 crc :-1 s=SESSION_ACCEPTING pgs=0 gs=0 cs=0 l=1 c_cookie=0 s_cookie=0 reconnecting=0 rev1=1 crypto rx=0 tx=0 comp rx=0 tx=0).read_frame
2026-02-11T23:30:18.202+0000 7f72e3ffe640 10 --2- [v2:127.0.0.1:6808/4279895178,v1:127.0.0.1:6809/4279895178] >> 127.0.0.1:0/1388548195 conn(0xb3f9000 0xb4da000 crc :-1 s=THROTTLE_DONE pgs=3 gs=3 cs=0 l=1 c_cookie=2805474210044241928 s_cookie=0 reconnecting=0 rev1=1 crypto rx=0 tx=0 comp rx=0 tx=0).handle_read_frame_dispatch tag=17
2026-02-11T23:30:18.202+0000 7f72e3ffe640 20 --2- [v2:127.0.0.1:6808/4279895178,v1:127.0.0.1:6809/4279895178] >> 127.0.0.1:0/1388548195 conn(0xb3f9000 0xb4da000 crc :-1 s=THROTTLE_DONE pgs=3 gs=3 cs=0 l=1 c_cookie=2805474210044241928 s_cookie=0 reconnecting=0 rev1=1 crypto rx=0 tx=0 comp rx=0 tx=0).handle_message
2026-02-11T23:30:18.202+0000 7f72e1ffa640 20 -- [v2:127.0.0.1:6808/4279895178,v1:127.0.0.1:6809/4279895178] >> conn(0xb3f9400 msgr2=0xb4da580 crc :-1 s=STATE_CONNECTION_ESTABLISHED l=1).read start len=32
2026-02-11T23:30:18.202+0000 7f72e37fd640 5 --2- [v2:127.0.0.1:6808/4279895178,v1:127.0.0.1:6809/4279895178] >> conn(0xb3f8c00 0xaf77700 crc :-1 s=SESSION_ACCEPTING pgs=0 gs=0 cs=0 l=1 c_cookie=0 s_cookie=0 reconnecting=0 rev1=1 crypto rx=0 tx=0 comp rx=0 tx=0).handle_client_ident received client identification: addrs=127.0.0.1:0/2999276704 target=v2:127.0.0.1:6808/4279895178 gid=4119 global_seq=2 features_supported=3f0ffffffffdffff features_required=800000000001000 flags=1 cookie=0
2026-02-11T23:30:18.202+0000 7f72e3ffe640 5 --2- [v2:127.0.0.1:6808/4279895178,v1:127.0.0.1:6809/4279895178] >> 127.0.0.1:0/1388548195 conn(0xb3f9000 0xb4da000 crc :-1 s=THROTTLE_DONE pgs=3 gs=3 cs=0 l=1 c_cookie=2805474210044241928 s_cookie=0 reconnecting=0 rev1=1 crypto rx=0 tx=0 comp rx=0 tx=0).handle_message got 82935 + 0 + 0 byte message. envelope type=1792 src mgr.4100 off 0
2026-02-11T23:30:18.202+0000 7f72e37fd640 10 -- [v2:127.0.0.1:6808/4279895178,v1:127.0.0.1:6809/4279895178] >> 127.0.0.1:0/2999276704 conn(0xb3f8c00 msgr2=0xaf77700 crc :-1 s=STATE_CONNECTION_ESTABLISHED l=1)._infer_target_addr 127.0.0.1:0/2999276704 -> 127.0.0.1:0/2999276704
2026-02-11T23:30:18.202+0000 7f72e37fd640 20 --2- [v2:127.0.0.1:6808/4279895178,v1:127.0.0.1:6809/4279895178] >> 127.0.0.1:0/2999276704 conn(0xb3f8c00 0xaf77700 crc :-1 s=SESSION_ACCEPTING pgs=2 gs=0 cs=0 l=1 c_cookie=0 s_cookie=0 reconnecting=0 rev1=1 crypto rx=0 tx=0 comp rx=0 tx=0).send_server_ident
2026-02-11T23:30:18.202+0000 7f72e37fd640 10 --2- [v2:127.0.0.1:6808/4279895178,v1:127.0.0.1:6809/4279895178] >> 127.0.0.1:0/2999276704 conn(0xb3f8c00 0xaf77700 crc :-1 s=SESSION_ACCEPTING pgs=2 gs=0 cs=0 l=1 c_cookie=0 s_cookie=0 reconnecting=0 rev1=1 crypto rx=0 tx=0 comp rx=0 tx=0).discard_requeued_up_to 0
2026-02-11T23:30:18.202+0000 7f72e3ffe640 5 --2- [v2:127.0.0.1:6808/4279895178,v1:127.0.0.1:6809/4279895178] >> 127.0.0.1:0/1388548195 conn(0xb3f9000 0xb4da000 crc :-1 s=READ_MESSAGE_COMPLETE pgs=3 gs=3 cs=0 l=1 c_cookie=2805474210044241928 s_cookie=0 reconnecting=0 rev1=1 crypto rx=0 tx=0 comp rx=0 tx=0).handle_message received message m=0xae90240 seq=1 from=mgr.4100 type=1792 mgropen(mgr.x)
2026-02-11T23:30:18.202+0000 7f72e37fd640 10 -- [v2:127.0.0.1:6808/4279895178,v1:127.0.0.1:6809/4279895178] get_global_seq increment to global_seq=4
2026-02-11T23:30:18.202+0000 7f72e3ffe640 20 -- [v2:127.0.0.1:6808/4279895178,v1:127.0.0.1:6809/4279895178] queue 0xae90240 prio 127
2026-02-11T23:30:18.202+0000 7f72e37fd640 5 --2- [v2:127.0.0.1:6808/4279895178,v1:127.0.0.1:6809/4279895178] >> 127.0.0.1:0/2999276704 conn(0xb3f8c00 0xaf77700 crc :-1 s=SESSION_ACCEPTING pgs=2 gs=4 cs=0 l=1 c_cookie=0 s_cookie=0 reconnecting=0 rev1=1 crypto rx=0 tx=0 comp rx=0 tx=0).send_server_ident sending identification: addrs=[v2:127.0.0.1:6808/4279895178,v1:127.0.0.1:6809/4279895178] gid=4100 global_seq=4 features_supported=3f0ffffffffdffff features_required=800000000000000 flags=1 cookie=0
2026-02-11T23:30:18.202+0000 7f72e3ffe640 20 --2- [v2:127.0.0.1:6808/4279895178,v1:127.0.0.1:6809/4279895178] >> 127.0.0.1:0/1388548195 conn(0xb3f9000 0xb4da000 crc :-1 s=READY pgs=3 gs=3 cs=0 l=1 c_cookie=2805474210044241928 s_cookie=0 reconnecting=0 rev1=1 crypto rx=0 tx=0 comp rx=0 tx=0).read_frame
2026-02-11T23:30:18.202+0000 7f72e3ffe640 20 -- [v2:127.0.0.1:6808/4279895178,v1:127.0.0.1:6809/4279895178] >> 127.0.0.1:0/1388548195 conn(0xb3f9000 msgr2=0xb4da000 crc :-1 s=STATE_CONNECTION_ESTABLISHED l=1).read start len=32
2026-02-11T23:30:18.202+0000 7f7200894640 1 -- [v2:127.0.0.1:6808/4279895178,v1:127.0.0.1:6809/4279895178] <== mgr.4100 127.0.0.1:0/1388548195 1 ==== mgropen(mgr.x) ==== 82935+0+0 (crc 0 0 0) 0xae90240 con 0xb3f9000
2026-02-11T23:30:18.202+0000 7f7200894640 10 mgr.server handle_open from mgr.x 127.0.0.1:0/1388548195
2026-02-11T23:30:18.202+0000 7f7200894640 1 -- [v2:127.0.0.1:6808/4279895178,v1:127.0.0.1:6809/4279895178] --> 127.0.0.1:0/1388548195 -- mgrconfigure(period=5, threshold=5) -- 0xb0caa80 con 0xb3f9000
2026-02-11T23:30:18.202+0000 7f72e37fd640 10 -- [v2:127.0.0.1:6808/4279895178,v1:127.0.0.1:6809/4279895178] >> 127.0.0.1:0/2999276704 conn(0xb3f8c00 msgr2=0xaf77700 crc :-1 s=STATE_CONNECTION_ESTABLISHED l=1)._try_send sent bytes 159 remaining bytes 0
2026-02-11T23:30:18.202+0000 7f72e1ffa640 20 -- 127.0.0.1:0/2999276704 >> [v2:127.0.0.1:6808/4279895178,v1:127.0.0.1:6809/4279895178] conn(0xb3f8000 msgr2=0xaf76100 crc :-1 s=STATE_CONNECTION_ESTABLISHED l=1).process
2026-02-11T23:30:18.202+0000 7f72e1ffa640 20 -- 127.0.0.1:0/2999276704 >> [v2:127.0.0.1:6808/4279895178,v1:127.0.0.1:6809/4279895178] conn(0xb3f8000 msgr2=0xaf76100 crc :-1 s=STATE_CONNECTION_ESTABLISHED l=1).read continue len=32
2026-02-11T23:30:18.202+0000 7f72e37fd640 20 --2- [v2:127.0.0.1:6808/4279895178,v1:127.0.0.1:6809/4279895178] >> 127.0.0.1:0/2999276704 conn(0xb3f8c00 0xaf77700 crc :-1 s=SESSION_ACCEPTING pgs=2 gs=4 cs=0 l=1 c_cookie=0 s_cookie=0 reconnecting=0 rev1=1 crypto rx=0 tx=0 comp rx=0 tx=0).server_ready
2026-02-11T23:30:18.202+0000 7f7200894640 5 --2- [v2:127.0.0.1:6808/4279895178,v1:127.0.0.1:6809/4279895178] >> 127.0.0.1:0/1388548195 conn(0xb3f9000 0xb4da000 crc :-1 s=READY pgs=3 gs=3 cs=0 l=1 c_cookie=2805474210044241928 s_cookie=0 reconnecting=0 rev1=1 crypto rx=0 tx=0 comp rx=0 tx=0).send_message enqueueing message m=0xb0caa80 type=1793 mgrconfigure(period=5, threshold=5)
2026-02-11T23:30:18.203+0000 7f7200894640 15 --2- [v2:127.0.0.1:6808/4279895178,v1:127.0.0.1:6809/4279895178] >> 127.0.0.1:0/1388548195 conn(0xb3f9000 0xb4da000 crc :-1 s=READY pgs=3 gs=3 cs=0 l=1 c_cookie=2805474210044241928 s_cookie=0 reconnecting=0 rev1=1 crypto rx=0 tx=0 comp rx=0 tx=0).send_message message queued for async transmission m=0xb0caa80
2026-02-11T23:30:18.203+0000 7f7200894640 20 Event(0x14e8748 nevent=5000 time_id=14).wakeup
2026-02-11T23:30:18.202+0000 7f72e1ffa640 20 --2- 127.0.0.1:0/2999276704 >> [v2:127.0.0.1:6808/4279895178,v1:127.0.0.1:6809/4279895178] conn(0xb3f8000 0xaf76100 crc :-1 s=SESSION_CONNECTING pgs=0 gs=2 cs=0 l=1 c_cookie=0 s_cookie=0 reconnecting=0 rev1=1 crypto rx=0 tx=0 comp rx=0 tx=0).handle_read_frame_preamble_main r=0
2026-02-11T23:30:18.203+0000 7f72e37fd640 1 --2- [v2:127.0.0.1:6808/4279895178,v1:127.0.0.1:6809/4279895178] >> 127.0.0.1:0/2999276704 conn(0xb3f8c00 0xaf77700 crc :-1 s=READY pgs=2 gs=4 cs=0 l=1 c_cookie=0 s_cookie=0 reconnecting=0 rev1=1 crypto rx=0 tx=0 comp rx=0 tx=0).ready entity=client.4119 client_cookie=0 server_cookie=0 in_seq=0 out_seq=0
2026-02-11T23:30:18.203+0000 7f72e1ffa640 20 --2- 127.0.0.1:0/2999276704 >> [v2:127.0.0.1:6808/4279895178,v1:127.0.0.1:6809/4279895178] conn(0xb3f8000 0xaf76100 crc :-1 s=SESSION_CONNECTING pgs=0 gs=2 cs=0 l=1 c_cookie=0 s_cookie=0 reconnecting=0 rev1=1 crypto rx=0 tx=0 comp rx=0 tx=0).read_frame_segment seg_idx=0
2026-02-11T23:30:18.203+0000 7f72e37fd640 20 --2- [v2:127.0.0.1:6808/4279895178,v1:127.0.0.1:6809/4279895178] >> 127.0.0.1:0/2999276704 conn(0xb3f8c00 0xaf77700 crc :-1 s=READY pgs=2 gs=4 cs=0 l=1 c_cookie=0 s_cookie=0 reconnecting=0 rev1=1 crypto rx=0 tx=0 comp rx=0 tx=0).read_frame
2026-02-11T23:30:18.203+0000 7f72e1ffa640 20 -- 127.0.0.1:0/2999276704 >> [v2:127.0.0.1:6808/4279895178,v1:127.0.0.1:6809/4279895178] conn(0xb3f8000 msgr2=0xaf76100 crc :-1 s=STATE_CONNECTION_ESTABLISHED l=1).read start len=127
2026-02-11T23:30:18.203+0000 7f7200894640 20 mgr.server handle_open updating existing DaemonState for mgr.x
2026-02-11T23:30:18.203+0000 7f72e1ffa640 20 --2- 127.0.0.1:0/2999276704 >> [v2:127.0.0.1:6808/4279895178,v1:127.0.0.1:6809/4279895178] conn(0xb3f8000 0xaf76100 crc :-1 s=SESSION_CONNECTING pgs=0 gs=2 cs=0 l=1 c_cookie=0 s_cookie=0 reconnecting=0 rev1=1 crypto rx=0 tx=0 comp rx=0 tx=0).handle_read_frame_segment r=0
2026-02-11T23:30:18.203+0000 7f72e37fd640 20 -- [v2:127.0.0.1:6808/4279895178,v1:127.0.0.1:6809/4279895178] >> 127.0.0.1:0/2999276704 conn(0xb3f8c00 msgr2=0xaf77700 crc :-1 s=STATE_CONNECTION_ESTABLISHED l=1).read start len=32
2026-02-11T23:30:18.203+0000 7f72e1ffa640 10 --2- 127.0.0.1:0/2999276704 >> [v2:127.0.0.1:6808/4279895178,v1:127.0.0.1:6809/4279895178] conn(0xb3f8000 0xaf76100 crc :-1 s=SESSION_CONNECTING pgs=0 gs=2 cs=0 l=1 c_cookie=0 s_cookie=0 reconnecting=0 rev1=1 crypto rx=0 tx=0 comp rx=0 tx=0).handle_read_frame_dispatch tag=9
2026-02-11T23:30:18.203+0000 7f72e1ffa640 20 --2- 127.0.0.1:0/2999276704 >> [v2:127.0.0.1:6808/4279895178,v1:127.0.0.1:6809/4279895178] conn(0xb3f8000 0xaf76100 crc :-1 s=SESSION_CONNECTING pgs=0 gs=2 cs=0 l=1 c_cookie=0 s_cookie=0 reconnecting=0 rev1=1 crypto rx=0 tx=0 comp rx=0 tx=0).handle_server_ident payload.length()=123
2026-02-11T23:30:18.203+0000 7f72e3ffe640 10 -- [v2:127.0.0.1:6808/4279895178,v1:127.0.0.1:6809/4279895178] >> 127.0.0.1:0/1388548195 conn(0xb3f9000 msgr2=0xb4da000 crc :-1 s=STATE_CONNECTION_ESTABLISHED l=1).handle_write
2026-02-11T23:30:18.203+0000 7f72e37fd640 20 -- [v2:127.0.0.1:6808/4279895178,v1:127.0.0.1:6809/4279895178] >> conn(0xb3f9800 msgr2=0xb4dab00 unknown :-1 s=STATE_CONNECTION_ESTABLISHED l=0).process
2026-02-11T23:30:18.203+0000 7f72e3ffe640 10 --2- [v2:127.0.0.1:6808/4279895178,v1:127.0.0.1:6809/4279895178] >> 127.0.0.1:0/1388548195 conn(0xb3f9000 0xb4da000 crc :-1 s=READY pgs=3 gs=3 cs=0 l=1 c_cookie=2805474210044241928 s_cookie=0 reconnecting=0 rev1=1 crypto rx=0 tx=0 comp rx=0 tx=0).write_event
2026-02-11T23:30:18.203+0000 7f72e1ffa640 5 --2- 127.0.0.1:0/2999276704 >> [v2:127.0.0.1:6808/4279895178,v1:127.0.0.1:6809/4279895178] conn(0xb3f8000 0xaf76100 crc :-1 s=SESSION_CONNECTING pgs=0 gs=2 cs=0 l=1 c_cookie=0 s_cookie=0 reconnecting=0 rev1=1 crypto rx=0 tx=0 comp rx=0 tx=0).handle_server_ident received server identification: addrs=[v2:127.0.0.1:6808/4279895178,v1:127.0.0.1:6809/4279895178] gid=4100 global_seq=4 features_supported=3f0ffffffffdffff features_required=800000000000000 flags=1 cookie=0
2026-02-11T23:30:18.203+0000 7f72e37fd640 20 -- [v2:127.0.0.1:6808/4279895178,v1:127.0.0.1:6809/4279895178] >> conn(0xb3f9800 msgr2=0xb4dab00 unknown :-1 s=STATE_CONNECTION_ESTABLISHED l=0).read continue len=32
2026-02-11T23:30:18.203+0000 7f72e3ffe640 20 --2- [v2:127.0.0.1:6808/4279895178,v1:127.0.0.1:6809/4279895178] >> 127.0.0.1:0/1388548195 conn(0xb3f9000 0xb4da000 crc :-1 s=READY pgs=3 gs=3 cs=0 l=1 c_cookie=2805474210044241928 s_cookie=0 reconnecting=0 rev1=1 crypto rx=0 tx=0 comp rx=0 tx=0).prepare_send_message m=mgrconfigure(period=5, threshold=5)
2026-02-11T23:30:18.203+0000 7f72e1ffa640 10 --2- 127.0.0.1:0/2999276704 >> [v2:127.0.0.1:6808/4279895178,v1:127.0.0.1:6809/4279895178] conn(0xb3f8000 0xaf76100 crc :-1 s=SESSION_CONNECTING pgs=4 gs=2 cs=0 l=1 c_cookie=0 s_cookie=0 reconnecting=0 rev1=1 crypto rx=0 tx=0 comp rx=0 tx=0).handle_server_ident connect success 0, lossy = 1, features 4544132024016699391
2026-02-11T23:30:18.203+0000 7f72e3ffe640 20 --2- [v2:127.0.0.1:6808/4279895178,v1:127.0.0.1:6809/4279895178] >> 127.0.0.1:0/1388548195 conn(0xb3f9000 0xb4da000 crc :-1 s=READY pgs=3 gs=3 cs=0 l=1 c_cookie=2805474210044241928 s_cookie=0 reconnecting=0 rev1=1 crypto rx=0 tx=0 comp rx=0 tx=0).prepare_send_message encoding features 4544132024016699391 0xb0caa80 mgrconfigure(period=5, threshold=5)
2026-02-11T23:30:18.203+0000 7f7200894640 20 mgr.server handle_open got config {admin_socket={4=/tmp/ceph-asok.96730/$cluster-$name.asok},auth_supported={3=none,4=none},chdir={4=},debug_mgr={4=20/20},debug_ms={4=20/20},debug_objecter={4=20/20},debug_paxos={4=20/20},fake_statfs_for_testing={3=3686400,4=3686400},keyring={0=$mgr_data/keyring},log_file={4=td/osd-backfill-space/$name.log},mgr_data={4=td/osd-backfill-space/x},mgr_module_path={4=/home/ubuntu/cephtest/clone.client.0/src/pybind/mgr},mgr_pool={1=false},mon_host={5=127.0.0.1:7180},no_config_file={5=false},osd_failsafe_full_ratio={4=0.990000},osd_max_backfills={3=10,4=10},osd_max_pg_log_entries={3=10,4=10},osd_mclock_override_recovery_settings={3=true,4=true},osd_min_pg_log_entries={3=5,4=5},pid_file={4=td/osd-backfill-space/$name.pid},rbd_default_features={0=61},rbd_qos_exclude_ops={0=0},run_dir={4=td/osd-backfill-space}} ignored {}
2026-02-11T23:30:18.203+0000 7f72e37fd640 20 --2- [v2:127.0.0.1:6808/4279895178,v1:127.0.0.1:6809/4279895178] >> conn(0xb3f9800 0xb4dab00 unknown :-1 s=HELLO_ACCEPTING pgs=0 gs=0 cs=0 l=0 c_cookie=0 s_cookie=0 reconnecting=0 rev1=1 crypto rx=0 tx=0 comp rx=0 tx=0).handle_read_frame_preamble_main r=0
2026-02-11T23:30:18.203+0000 7f72e3ffe640 2 --2- [v2:127.0.0.1:6808/4279895178,v1:127.0.0.1:6809/4279895178] >> 127.0.0.1:0/1388548195 conn(0xb3f9000 0xb4da000 crc :-1 s=READY pgs=3 gs=3 cs=0 l=1 c_cookie=2805474210044241928 s_cookie=0 reconnecting=0 rev1=1 crypto rx=0 tx=0 comp rx=0 tx=0).write_message sending message m=0xb0caa80 seq=1 mgrconfigure(period=5, threshold=5)
2026-02-11T23:30:18.203+0000 7f72e1ffa640 1 --2- 127.0.0.1:0/2999276704 >> [v2:127.0.0.1:6808/4279895178,v1:127.0.0.1:6809/4279895178] conn(0xb3f8000 0xaf76100 crc :-1 s=READY pgs=4 gs=2 cs=0 l=1 c_cookie=0 s_cookie=0 reconnecting=0 rev1=1 crypto rx=0 tx=0 comp rx=0 tx=0).ready entity=mgr.4100 client_cookie=0 server_cookie=0 in_seq=0 out_seq=0
2026-02-11T23:30:18.203+0000 7f72e37fd640 20 --2- [v2:127.0.0.1:6808/4279895178,v1:127.0.0.1:6809/4279895178] >> conn(0xb3f9800 0xb4dab00 unknown :-1 s=HELLO_ACCEPTING pgs=0 gs=0 cs=0 l=0 c_cookie=0 s_cookie=0 reconnecting=0 rev1=1 crypto rx=0 tx=0 comp rx=0 tx=0).read_frame_segment seg_idx=0
2026-02-11T23:30:18.203+0000 7f72e37fd640 20 -- [v2:127.0.0.1:6808/4279895178,v1:127.0.0.1:6809/4279895178] >> conn(0xb3f9800 msgr2=0xb4dab00 unknown :-1 s=STATE_CONNECTION_ESTABLISHED l=0).read start len=40
2026-02-11T23:30:18.203+0000 7f72e1ffa640 20 --2- 127.0.0.1:0/2999276704 >> [v2:127.0.0.1:6808/4279895178,v1:127.0.0.1:6809/4279895178] conn(0xb3f8000 0xaf76100 crc :-1 s=READY pgs=4 gs=2 cs=0 l=1 c_cookie=0 s_cookie=0 reconnecting=0 rev1=1 crypto rx=0 tx=0 comp rx=0 tx=0).read_frame
2026-02-11T23:30:18.203+0000 7f72e37fd640 20 --2- [v2:127.0.0.1:6808/4279895178,v1:127.0.0.1:6809/4279895178] >> conn(0xb3f9800 0xb4dab00 unknown :-1 s=HELLO_ACCEPTING pgs=0 gs=0 cs=0 l=0 c_cookie=0 s_cookie=0 reconnecting=0 rev1=1 crypto rx=0 tx=0 comp rx=0 tx=0).handle_read_frame_segment r=0
2026-02-11T23:30:18.203+0000 7f72e1ffa640 20 -- 127.0.0.1:0/2999276704 >> [v2:127.0.0.1:6808/4279895178,v1:127.0.0.1:6809/4279895178] conn(0xb3f8000 msgr2=0xaf76100 crc :-1 s=STATE_CONNECTION_ESTABLISHED l=1).read start len=32
2026-02-11T23:30:18.203+0000 7f71f17f6640 10 client.4119.objecter ms_handle_connect 0xb3f8000
2026-02-11T23:30:18.203+0000 7f72e37fd640 10 --2- [v2:127.0.0.1:6808/4279895178,v1:127.0.0.1:6809/4279895178] >> conn(0xb3f9800 0xb4dab00 unknown :-1 s=HELLO_ACCEPTING pgs=0 gs=0 cs=0 l=0 c_cookie=0 s_cookie=0 reconnecting=0 rev1=1 crypto rx=0 tx=0 comp rx=0 tx=0).handle_read_frame_dispatch tag=1
2026-02-11T23:30:18.203+0000 7f7200894640 20 mgr.server handle_open got config_defaults_bl 81829 bytes
2026-02-11T23:30:18.203+0000 7f7200894640 10 -- [v2:127.0.0.1:6808/4279895178,v1:127.0.0.1:6809/4279895178] dispatch_throttle_release 82935 to dispatch throttler 82935/104857600
2026-02-11T23:30:18.203+0000 7f72e37fd640 20 --2- [v2:127.0.0.1:6808/4279895178,v1:127.0.0.1:6809/4279895178] >> conn(0xb3f9800 0xb4dab00 unknown :-1 s=HELLO_ACCEPTING pgs=0 gs=0 cs=0 l=0 c_cookie=0 s_cookie=0 reconnecting=0 rev1=1 crypto rx=0 tx=0 comp rx=0 tx=0).handle_hello payload.length()=36
2026-02-11T23:30:18.203+0000 7f7200894640 20 -- [v2:127.0.0.1:6808/4279895178,v1:127.0.0.1:6809/4279895178] done calling dispatch on 0xae90240
2026-02-11T23:30:18.203+0000 7f72e37fd640 5 --2- [v2:127.0.0.1:6808/4279895178,v1:127.0.0.1:6809/4279895178] >> conn(0xb3f9800 0xb4dab00 unknown :-1 s=HELLO_ACCEPTING pgs=0 gs=0 cs=0 l=0 c_cookie=0 s_cookie=0 reconnecting=0 rev1=1 crypto rx=0 tx=0 comp rx=0 tx=0).handle_hello received hello: peer_type=1 peer_addr_for_me=v2:127.0.0.1:6808/4279895178
2026-02-11T23:30:18.203+0000 7f72e3ffe640 20 --2- [v2:127.0.0.1:6808/4279895178,v1:127.0.0.1:6809/4279895178] >> 127.0.0.1:0/1388548195 conn(0xb3f9000 0xb4da000 crc :-1 s=READY pgs=3 gs=3 cs=0 l=1 c_cookie=2805474210044241928 s_cookie=0 reconnecting=0 rev1=1 crypto rx=0 tx=0 comp rx=0 tx=0).write_message sending m=0xb0caa80 seq=1 src=mgr.4100 off=0
2026-02-11T23:30:18.203+0000 7f72e37fd640 5 --2- [v2:127.0.0.1:6808/4279895178,v1:127.0.0.1:6809/4279895178] >> conn(0xb3f9800 0xb4dab00 unknown :-1 s=HELLO_ACCEPTING pgs=0 gs=0 cs=0 l=0 c_cookie=0 s_cookie=0 reconnecting=0 rev1=1 crypto rx=0 tx=0 comp rx=0 tx=0).handle_hello getsockname says I am 127.0.0.1:6808 when talking to v2:127.0.0.1:36526/0
2026-02-11T23:30:18.203+0000 7f72e37fd640 10 --2- [v2:127.0.0.1:6808/4279895178,v1:127.0.0.1:6809/4279895178] >> conn(0xb3f9800 0xb4dab00 unknown :-1 s=HELLO_ACCEPTING pgs=0 gs=0 cs=0 l=1 c_cookie=0 s_cookie=0 reconnecting=0 rev1=1 crypto rx=0 tx=0 comp rx=0 tx=0).handle_hello accept of host_type 1, policy.lossy=1 policy.server=0 policy.standby=0 policy.resetcheck=0
2026-02-11T23:30:18.203+0000 7f72e37fd640 20 --2- [v2:127.0.0.1:6808/4279895178,v1:127.0.0.1:6809/4279895178] >> conn(0xb3f9800 0xb4dab00 unknown :-1 s=HELLO_ACCEPTING pgs=0 gs=0 cs=0 l=1 c_cookie=0 s_cookie=0 reconnecting=0 rev1=1 crypto rx=0 tx=0 comp rx=0 tx=0).post_server_banner_exchange
2026-02-11T23:30:18.203+0000 7f72e37fd640 20 --2- [v2:127.0.0.1:6808/4279895178,v1:127.0.0.1:6809/4279895178] >> conn(0xb3f9800 0xb4dab00 unknown :-1 s=AUTH_ACCEPTING pgs=0 gs=0 cs=0 l=1 c_cookie=0 s_cookie=0 reconnecting=0 rev1=1 crypto rx=0 tx=0 comp rx=0 tx=0).read_frame
2026-02-11T23:30:18.203+0000 7f72e37fd640 20 -- [v2:127.0.0.1:6808/4279895178,v1:127.0.0.1:6809/4279895178] >> conn(0xb3f9800 msgr2=0xb4dab00 unknown :-1 s=STATE_CONNECTION_ESTABLISHED l=1).read start len=32
2026-02-11T23:30:18.203+0000 7f72e37fd640 20 --2- [v2:127.0.0.1:6808/4279895178,v1:127.0.0.1:6809/4279895178] >> conn(0xb3f9800 0xb4dab00 unknown :-1 s=AUTH_ACCEPTING pgs=0 gs=0 cs=0 l=1 c_cookie=0 s_cookie=0 reconnecting=0 rev1=1 crypto rx=0 tx=0 comp rx=0 tx=0).handle_read_frame_preamble_main r=0
2026-02-11T23:30:18.203+0000 7f72e3ffe640 10 -- [v2:127.0.0.1:6808/4279895178,v1:127.0.0.1:6809/4279895178] >> 127.0.0.1:0/1388548195 conn(0xb3f9000 msgr2=0xb4da000 crc :-1 s=STATE_CONNECTION_ESTABLISHED l=1)._try_send sent bytes 103 remaining bytes 0
2026-02-11T23:30:18.203+0000 7f72e37fd640 20 --2- [v2:127.0.0.1:6808/4279895178,v1:127.0.0.1:6809/4279895178] >> conn(0xb3f9800 0xb4dab00 unknown :-1 s=AUTH_ACCEPTING pgs=0 gs=0 cs=0 l=1 c_cookie=0 s_cookie=0 reconnecting=0 rev1=1 crypto rx=0 tx=0 comp rx=0 tx=0).read_frame_segment seg_idx=0
2026-02-11T23:30:18.203+0000 7f72e37fd640 20 -- [v2:127.0.0.1:6808/4279895178,v1:127.0.0.1:6809/4279895178] >> conn(0xb3f9800 msgr2=0xb4dab00 unknown :-1 s=STATE_CONNECTION_ESTABLISHED l=1).read start len=38
2026-02-11T23:30:18.203+0000 7f72e3ffe640 10 --2- [v2:127.0.0.1:6808/4279895178,v1:127.0.0.1:6809/4279895178] >> 127.0.0.1:0/1388548195 conn(0xb3f9000 0xb4da000 crc :-1 s=READY pgs=3 gs=3 cs=0 l=1 c_cookie=2805474210044241928 s_cookie=0 reconnecting=0 rev1=1 crypto rx=0 tx=0 comp rx=0 tx=0).write_message sending 0xb0caa80 done.
2026-02-11T23:30:18.203+0000 7f72e37fd640 20 --2- [v2:127.0.0.1:6808/4279895178,v1:127.0.0.1:6809/4279895178] >> conn(0xb3f9800 0xb4dab00 unknown :-1 s=AUTH_ACCEPTING pgs=0 gs=0 cs=0 l=1 c_cookie=0 s_cookie=0 reconnecting=0 rev1=1 crypto rx=0 tx=0 comp rx=0 tx=0).handle_read_frame_segment r=0
2026-02-11T23:30:18.203+0000 7f72e37fd640 10 --2- [v2:127.0.0.1:6808/4279895178,v1:127.0.0.1:6809/4279895178] >> conn(0xb3f9800 0xb4dab00 unknown :-1 s=AUTH_ACCEPTING pgs=0 gs=0 cs=0 l=1 c_cookie=0 s_cookie=0 reconnecting=0 rev1=1 crypto rx=0 tx=0 comp rx=0 tx=0).handle_read_frame_dispatch tag=2
2026-02-11T23:30:18.203+0000 7f72e3ffe640 20 -- 127.0.0.1:0/1388548195 >> [v2:127.0.0.1:6808/4279895178,v1:127.0.0.1:6809/4279895178] conn(0x14be000 msgr2=0x1548000 crc :-1 s=STATE_CONNECTION_ESTABLISHED l=1).process
2026-02-11T23:30:18.203+0000 7f72e37fd640 20 --2- [v2:127.0.0.1:6808/4279895178,v1:127.0.0.1:6809/4279895178] >> conn(0xb3f9800 0xb4dab00 unknown :-1 s=AUTH_ACCEPTING pgs=0 gs=0 cs=0 l=1 c_cookie=0 s_cookie=0 reconnecting=0 rev1=1 crypto rx=0 tx=0 comp rx=0 tx=0).handle_auth_request payload.length()=34
2026-02-11T23:30:18.203+0000 7f72e3ffe640 20 -- 127.0.0.1:0/1388548195 >> [v2:127.0.0.1:6808/4279895178,v1:127.0.0.1:6809/4279895178] conn(0x14be000 msgr2=0x1548000 crc :-1 s=STATE_CONNECTION_ESTABLISHED l=1).read continue len=32
2026-02-11T23:30:18.203+0000 7f72e37fd640 10 --2- [v2:127.0.0.1:6808/4279895178,v1:127.0.0.1:6809/4279895178] >> conn(0xb3f9800 0xb4dab00 unknown :-1 s=AUTH_ACCEPTING pgs=0 gs=0 cs=0 l=1 c_cookie=0 s_cookie=0 reconnecting=0 rev1=1 crypto rx=0 tx=0 comp rx=0 tx=0).handle_auth_request AuthRequest(method=1, preferred_modes=[1], payload_len=18)
2026-02-11T23:30:18.203+0000 7f72e3ffe640 20 --2- 127.0.0.1:0/1388548195 >> [v2:127.0.0.1:6808/4279895178,v1:127.0.0.1:6809/4279895178] conn(0x14be000 0x1548000 crc :-1 s=READY pgs=3 gs=3 cs=0 l=1 c_cookie=2805474210044241928 s_cookie=0 reconnecting=0 rev1=1 crypto rx=0 tx=0 comp rx=0 tx=0).handle_read_frame_preamble_main r=0
2026-02-11T23:30:18.203+0000 7f72e3ffe640 20 --2- 127.0.0.1:0/1388548195 >> [v2:127.0.0.1:6808/4279895178,v1:127.0.0.1:6809/4279895178] conn(0x14be000 0x1548000 crc :-1 s=THROTTLE_MESSAGE pgs=3 gs=3 cs=0 l=1 c_cookie=2805474210044241928 s_cookie=0 reconnecting=0 rev1=1 crypto rx=0 tx=0 comp rx=0 tx=0).throttle_message
2026-02-11T23:30:18.203+0000 7f72e37fd640 10 mgr.server ms_handle_fast_authentication ms_handle_fast_authentication new session 0xaefb320 con 0xb3f9800 entity mon.a addr
2026-02-11T23:30:18.203+0000 7f72e37fd640 10 mgr.server ms_handle_fast_authentication session 0xaefb320 mon.a allow_all
2026-02-11T23:30:18.203+0000 7f72e3ffe640 20 --2- 127.0.0.1:0/1388548195 >> [v2:127.0.0.1:6808/4279895178,v1:127.0.0.1:6809/4279895178] conn(0x14be000 0x1548000 crc :-1 s=THROTTLE_BYTES pgs=3 gs=3 cs=0 l=1 c_cookie=2805474210044241928 s_cookie=0 reconnecting=0 rev1=1 crypto rx=0 tx=0 comp rx=0 tx=0).throttle_bytes
2026-02-11T23:30:18.203+0000 7f72e3ffe640 20 --2- 127.0.0.1:0/1388548195 >> [v2:127.0.0.1:6808/4279895178,v1:127.0.0.1:6809/4279895178] conn(0x14be000 0x1548000 crc :-1 s=THROTTLE_DISPATCH_QUEUE pgs=3 gs=3 cs=0 l=1 c_cookie=2805474210044241928 s_cookie=0 reconnecting=0 rev1=1 crypto rx=0 tx=0 comp rx=0 tx=0).throttle_dispatch_queue
2026-02-11T23:30:18.203+0000 7f72e3ffe640 20 --2- 127.0.0.1:0/1388548195 >> [v2:127.0.0.1:6808/4279895178,v1:127.0.0.1:6809/4279895178] conn(0x14be000 0x1548000 crc :-1 s=THROTTLE_DONE pgs=3 gs=3 cs=0 l=1 c_cookie=2805474210044241928 s_cookie=0 reconnecting=0 rev1=1 crypto rx=0 tx=0 comp rx=0 tx=0).read_frame_segment seg_idx=0
2026-02-11T23:30:18.203+0000 7f72e3ffe640 20 -- 127.0.0.1:0/1388548195 >> [v2:127.0.0.1:6808/4279895178,v1:127.0.0.1:6809/4279895178] conn(0x14be000 msgr2=0x1548000 crc :-1 s=STATE_CONNECTION_ESTABLISHED l=1).read start len=45
2026-02-11T23:30:18.203+0000 7f72e37fd640 10 -- [v2:127.0.0.1:6808/4279895178,v1:127.0.0.1:6809/4279895178] >> conn(0xb3f9800 msgr2=0xb4dab00 crc :-1 s=STATE_CONNECTION_ESTABLISHED l=1)._try_send sent bytes 52 remaining bytes 0
2026-02-11T23:30:18.203+0000 7f72e3ffe640 20 --2- 127.0.0.1:0/1388548195 >> [v2:127.0.0.1:6808/4279895178,v1:127.0.0.1:6809/4279895178] conn(0x14be000 0x1548000 crc :-1 s=THROTTLE_DONE pgs=3 gs=3 cs=0 l=1 c_cookie=2805474210044241928 s_cookie=0 reconnecting=0 rev1=1 crypto rx=0 tx=0 comp rx=0 tx=0).handle_read_frame_segment r=0
2026-02-11T23:30:18.203+0000 7f72e3ffe640 20 --2- 127.0.0.1:0/1388548195 >> [v2:127.0.0.1:6808/4279895178,v1:127.0.0.1:6809/4279895178] conn(0x14be000 0x1548000 crc :-1 s=THROTTLE_DONE pgs=3 gs=3 cs=0 l=1 c_cookie=2805474210044241928 s_cookie=0 reconnecting=0 rev1=1 crypto rx=0 tx=0 comp rx=0 tx=0).read_frame_segment seg_idx=1
2026-02-11T23:30:18.203+0000 7f72e3ffe640 20 -- 127.0.0.1:0/1388548195 >> [v2:127.0.0.1:6808/4279895178,v1:127.0.0.1:6809/4279895178] conn(0x14be000 msgr2=0x1548000 crc :-1 s=STATE_CONNECTION_ESTABLISHED l=1).read start len=13
2026-02-11T23:30:18.203+0000 7f72e3ffe640 20 --2- 127.0.0.1:0/1388548195 >> [v2:127.0.0.1:6808/4279895178,v1:127.0.0.1:6809/4279895178] conn(0x14be000 0x1548000 crc :-1 s=THROTTLE_DONE pgs=3 gs=3 cs=0 l=1 c_cookie=2805474210044241928 s_cookie=0 reconnecting=0 rev1=1 crypto rx=0 tx=0 comp rx=0 tx=0).handle_read_frame_segment r=0
2026-02-11T23:30:18.203+0000 7f72e37fd640 10 -- [v2:127.0.0.1:6808/4279895178,v1:127.0.0.1:6809/4279895178] >> conn(0xb3f9800 msgr2=0xb4dab00 crc :-1 s=STATE_CONNECTION_ESTABLISHED l=1)._try_send sent bytes 68 remaining bytes 0
2026-02-11T23:30:18.203+0000 7f72e3ffe640 20 -- 127.0.0.1:0/1388548195 >> [v2:127.0.0.1:6808/4279895178,v1:127.0.0.1:6809/4279895178] conn(0x14be000 msgr2=0x1548000 crc :-1 s=STATE_CONNECTION_ESTABLISHED l=1).read start len=13
2026-02-11T23:30:18.203+0000 7f72e37fd640 20 --2- [v2:127.0.0.1:6808/4279895178,v1:127.0.0.1:6809/4279895178] >> conn(0xb3f9800 0xb4dab00 crc :-1 s=AUTH_ACCEPTING_SIGN pgs=0 gs=0 cs=0 l=1 c_cookie=0 s_cookie=0 reconnecting=0 rev1=1 crypto rx=0 tx=0 comp rx=0 tx=0).read_frame
2026-02-11T23:30:18.203+0000 7f72e37fd640 20 -- [v2:127.0.0.1:6808/4279895178,v1:127.0.0.1:6809/4279895178] >> conn(0xb3f9800 msgr2=0xb4dab00 crc :-1 s=STATE_CONNECTION_ESTABLISHED l=1).read start len=32
2026-02-11T23:30:18.203+0000 7f72e3ffe640 20 --2- 127.0.0.1:0/1388548195 >> [v2:127.0.0.1:6808/4279895178,v1:127.0.0.1:6809/4279895178] conn(0x14be000 0x1548000 crc :-1 s=THROTTLE_DONE pgs=3 gs=3 cs=0 l=1 c_cookie=2805474210044241928 s_cookie=0 reconnecting=0 rev1=1 crypto rx=0 tx=0 comp rx=0 tx=0).handle_read_frame_epilogue_main r=0
2026-02-11T23:30:18.203+0000 7f72e37fd640 20 -- 127.0.0.1:0/987863127 >> [v2:127.0.0.1:6808/4279895178,v1:127.0.0.1:6809/4279895178] conn(0xb3f8400 msgr2=0xaf74580 crc :-1 s=STATE_CONNECTION_ESTABLISHED l=1).process
2026-02-11T23:30:18.203+0000 7f72e3ffe640 10 --2- 127.0.0.1:0/1388548195 >> [v2:127.0.0.1:6808/4279895178,v1:127.0.0.1:6809/4279895178] conn(0x14be000 0x1548000 crc :-1 s=THROTTLE_DONE pgs=3 gs=3 cs=0 l=1 c_cookie=2805474210044241928 s_cookie=0 reconnecting=0 rev1=1 crypto rx=0 tx=0 comp rx=0 tx=0).handle_read_frame_dispatch tag=17
2026-02-11T23:30:18.203+0000 7f72e3ffe640 20 --2- 127.0.0.1:0/1388548195 >> [v2:127.0.0.1:6808/4279895178,v1:127.0.0.1:6809/4279895178] conn(0x14be000 0x1548000 crc :-1 s=THROTTLE_DONE pgs=3 gs=3 cs=0 l=1 c_cookie=2805474210044241928 s_cookie=0 reconnecting=0 rev1=1 crypto rx=0 tx=0 comp rx=0 tx=0).handle_message
2026-02-11T23:30:18.203+0000 7f72e37fd640 20 -- 127.0.0.1:0/987863127 >> [v2:127.0.0.1:6808/4279895178,v1:127.0.0.1:6809/4279895178] conn(0xb3f8400 msgr2=0xaf74580 crc :-1 s=STATE_CONNECTION_ESTABLISHED l=1).read continue len=32
2026-02-11T23:30:18.203+0000 7f72e3ffe640 5 --2- 127.0.0.1:0/1388548195 >> [v2:127.0.0.1:6808/4279895178,v1:127.0.0.1:6809/4279895178] conn(0x14be000 0x1548000 crc :-1 s=THROTTLE_DONE pgs=3 gs=3 cs=0 l=1 c_cookie=2805474210044241928 s_cookie=0 reconnecting=0 rev1=1 crypto rx=0 tx=0 comp rx=0 tx=0).handle_message got 13 + 0 + 0 byte message. envelope type=1793 src mgr.4100 off 0
2026-02-11T23:30:18.203+0000 7f72e37fd640 20 --2- 127.0.0.1:0/987863127 >> [v2:127.0.0.1:6808/4279895178,v1:127.0.0.1:6809/4279895178] conn(0xb3f8400 0xaf74580 crc :-1 s=COMPRESSION_CONNECTING pgs=0 gs=2 cs=0 l=1 c_cookie=0 s_cookie=0 reconnecting=0 rev1=1 crypto rx=0 tx=0 comp rx=0 tx=0).handle_read_frame_preamble_main r=0
2026-02-11T23:30:18.203+0000 7f72e37fd640 20 --2- 127.0.0.1:0/987863127 >> [v2:127.0.0.1:6808/4279895178,v1:127.0.0.1:6809/4279895178] conn(0xb3f8400 0xaf74580 crc :-1 s=COMPRESSION_CONNECTING pgs=0 gs=2 cs=0 l=1 c_cookie=0 s_cookie=0 reconnecting=0 rev1=1 crypto rx=0 tx=0 comp rx=0 tx=0).read_frame_segment seg_idx=0
2026-02-11T23:30:18.203+0000 7f72e37fd640 20 -- 127.0.0.1:0/987863127 >> [v2:127.0.0.1:6808/4279895178,v1:127.0.0.1:6809/4279895178] conn(0xb3f8400 msgr2=0xaf74580 crc :-1 s=STATE_CONNECTION_ESTABLISHED l=1).read start len=9
2026-02-11T23:30:18.203+0000 7f72e3ffe640 5 --2- 127.0.0.1:0/1388548195 >> [v2:127.0.0.1:6808/4279895178,v1:127.0.0.1:6809/4279895178] conn(0x14be000 0x1548000 crc :-1 s=READ_MESSAGE_COMPLETE pgs=3 gs=3 cs=0 l=1 c_cookie=2805474210044241928 s_cookie=0 reconnecting=0 rev1=1 crypto rx=0 tx=0 comp rx=0 tx=0).handle_message received message m=0xb0caa80 seq=1 from=mgr.4100 type=1793 mgrconfigure(period=5, threshold=5)
2026-02-11T23:30:18.203+0000 7f72e3ffe640 20 -- 127.0.0.1:0/1388548195 queue 0xb0caa80 prio 127
2026-02-11T23:30:18.203+0000 7f72e37fd640 20 --2- 127.0.0.1:0/987863127 >> [v2:127.0.0.1:6808/4279895178,v1:127.0.0.1:6809/4279895178] conn(0xb3f8400 0xaf74580 crc :-1 s=COMPRESSION_CONNECTING pgs=0 gs=2 cs=0 l=1 c_cookie=0 s_cookie=0 reconnecting=0 rev1=1 crypto rx=0 tx=0 comp rx=0 tx=0).handle_read_frame_segment r=0
2026-02-11T23:30:18.203+0000 7f72e37fd640 10 --2- 127.0.0.1:0/987863127 >> [v2:127.0.0.1:6808/4279895178,v1:127.0.0.1:6809/4279895178] conn(0xb3f8400 0xaf74580 crc :-1 s=COMPRESSION_CONNECTING pgs=0 gs=2 cs=0 l=1 c_cookie=0 s_cookie=0 reconnecting=0 rev1=1 crypto rx=0 tx=0 comp rx=0 tx=0).handle_read_frame_dispatch tag=22
2026-02-11T23:30:18.203+0000 7f72e3ffe640 20 --2- 127.0.0.1:0/1388548195 >> [v2:127.0.0.1:6808/4279895178,v1:127.0.0.1:6809/4279895178] conn(0x14be000 0x1548000 crc :-1 s=READY pgs=3 gs=3 cs=0 l=1 c_cookie=2805474210044241928 s_cookie=0 reconnecting=0 rev1=1 crypto rx=0 tx=0 comp rx=0 tx=0).read_frame
2026-02-11T23:30:18.203+0000 7f72dfff6640 1 -- 127.0.0.1:0/1388548195 <== mgr.4100 v2:127.0.0.1:6808/4279895178 1 ==== mgrconfigure(period=5, threshold=5) ==== 13+0+0 (crc 0 0 0) 0xb0caa80 con 0x14be000
2026-02-11T23:30:18.203+0000 7f72dfff6640 10 mgr.4100.objecter ms_dispatch2 0x1656000 mgrconfigure(period=5, threshold=5)
2026-02-11T23:30:18.203+0000 7f72e37fd640 10 --2- 127.0.0.1:0/987863127 >> [v2:127.0.0.1:6808/4279895178,v1:127.0.0.1:6809/4279895178] conn(0xb3f8400 0xaf74580 crc :-1 s=COMPRESSION_CONNECTING pgs=0 gs=2 cs=0 l=1 c_cookie=0 s_cookie=0 reconnecting=0 rev1=1 crypto rx=0 tx=0 comp rx=0 tx=0).handle_compression_done CompressionDoneFrame(is_compress=0, method=0)
2026-02-11T23:30:18.203+0000 7f72dfff6640 10 mgr ms_dispatch2 active mgrconfigure(period=5, threshold=5)
2026-02-11T23:30:18.203+0000 7f72dfff6640 10 mgr ms_dispatch2 mgrconfigure(period=5, threshold=5)
2026-02-11T23:30:18.203+0000 7f72e3ffe640 20 -- 127.0.0.1:0/1388548195 >> [v2:127.0.0.1:6808/4279895178,v1:127.0.0.1:6809/4279895178] conn(0x14be000 msgr2=0x1548000 crc :-1 s=STATE_CONNECTION_ESTABLISHED l=1).read start len=32
2026-02-11T23:30:18.203+0000 7f72e37fd640 20 --2- 127.0.0.1:0/987863127 >> [v2:127.0.0.1:6808/4279895178,v1:127.0.0.1:6809/4279895178] conn(0xb3f8400 0xaf74580 crc :-1 s=COMPRESSION_CONNECTING pgs=0 gs=2 cs=0 l=1 c_cookie=0 s_cookie=0 reconnecting=0 rev1=1 crypto rx=0 tx=0 comp rx=0 tx=0).start_session_connect starting a new session
2026-02-11T23:30:18.203+0000 7f72e37fd640 20 --2- 127.0.0.1:0/987863127 >> [v2:127.0.0.1:6808/4279895178,v1:127.0.0.1:6809/4279895178] conn(0xb3f8400 0xaf74580 crc :-1 s=SESSION_CONNECTING pgs=0 gs=2 cs=0 l=1 c_cookie=0 s_cookie=0 reconnecting=0 rev1=1 crypto rx=0 tx=0 comp rx=0 tx=0).send_client_ident
2026-02-11T23:30:18.203+0000 7f72e37fd640 5 --2- 127.0.0.1:0/987863127 >> [v2:127.0.0.1:6808/4279895178,v1:127.0.0.1:6809/4279895178] conn(0xb3f8400 0xaf74580 crc :-1 s=SESSION_CONNECTING pgs=0 gs=2 cs=0 l=1 c_cookie=0 s_cookie=0 reconnecting=0 rev1=1 crypto rx=0 tx=0 comp rx=0 tx=0).send_client_ident sending identification: addrs=127.0.0.1:0/987863127 target=v2:127.0.0.1:6808/4279895178 gid=4115 global_seq=2 features_supported=3f0ffffffffdffff features_required=800000000001000 flags=1 cookie=0
2026-02-11T23:30:18.203+0000 7f72e37fd640 10 -- 127.0.0.1:0/987863127 >> [v2:127.0.0.1:6808/4279895178,v1:127.0.0.1:6809/4279895178] conn(0xb3f8400 msgr2=0xaf74580 crc :-1 s=STATE_CONNECTION_ESTABLISHED l=1)._try_send sent bytes 159 remaining bytes 0
2026-02-11T23:30:18.203+0000 7f72e1ffa640 20 -- [v2:127.0.0.1:6808/4279895178,v1:127.0.0.1:6809/4279895178] >> conn(0xb3f9400 msgr2=0xb4da580 crc :-1 s=STATE_CONNECTION_ESTABLISHED l=1).process
2026-02-11T23:30:18.203+0000 7f72e37fd640 20 --2- 127.0.0.1:0/987863127 >> [v2:127.0.0.1:6808/4279895178,v1:127.0.0.1:6809/4279895178] conn(0xb3f8400 0xaf74580 crc :-1 s=SESSION_CONNECTING pgs=0 gs=2 cs=0 l=1 c_cookie=0 s_cookie=0 reconnecting=0 rev1=1 crypto rx=0 tx=0 comp rx=0 tx=0).read_frame
2026-02-11T23:30:18.203+0000 7f72e1ffa640 20 -- [v2:127.0.0.1:6808/4279895178,v1:127.0.0.1:6809/4279895178] >> conn(0xb3f9400 msgr2=0xb4da580 crc :-1 s=STATE_CONNECTION_ESTABLISHED l=1).read continue len=32
2026-02-11T23:30:18.203+0000 7f72e37fd640 20 -- 127.0.0.1:0/987863127 >> [v2:127.0.0.1:6808/4279895178,v1:127.0.0.1:6809/4279895178] conn(0xb3f8400 msgr2=0xaf74580 crc :-1 s=STATE_CONNECTION_ESTABLISHED l=1).read start len=32
2026-02-11T23:30:18.203+0000 7f72e1ffa640 20 --2- [v2:127.0.0.1:6808/4279895178,v1:127.0.0.1:6809/4279895178] >> conn(0xb3f9400 0xb4da580 crc :-1 s=SESSION_ACCEPTING pgs=0 gs=0 cs=0 l=1 c_cookie=0 s_cookie=0 reconnecting=0 rev1=1 crypto rx=0 tx=0 comp rx=0 tx=0).handle_read_frame_preamble_main r=0
2026-02-11T23:30:18.203+0000 7f72e1ffa640 20 --2- [v2:127.0.0.1:6808/4279895178,v1:127.0.0.1:6809/4279895178] >> conn(0xb3f9400 0xb4da580 crc :-1 s=SESSION_ACCEPTING pgs=0 gs=0 cs=0 l=1 c_cookie=0 s_cookie=0 reconnecting=0 rev1=1 crypto rx=0 tx=0 comp rx=0 tx=0).read_frame_segment seg_idx=0
2026-02-11T23:30:18.203+0000 7f72e1ffa640 20 -- [v2:127.0.0.1:6808/4279895178,v1:127.0.0.1:6809/4279895178] >> conn(0xb3f9400 msgr2=0xb4da580 crc :-1 s=STATE_CONNECTION_ESTABLISHED l=1).read start len=127
2026-02-11T23:30:18.203+0000 7f72e1ffa640 20 --2- [v2:127.0.0.1:6808/4279895178,v1:127.0.0.1:6809/4279895178] >> conn(0xb3f9400 0xb4da580 crc :-1 s=SESSION_ACCEPTING pgs=0 gs=0 cs=0 l=1 c_cookie=0 s_cookie=0 reconnecting=0 rev1=1 crypto rx=0 tx=0 comp rx=0 tx=0).handle_read_frame_segment r=0
2026-02-11T23:30:18.203+0000 7f72e37fd640 20 -- [v2:127.0.0.1:6808/4279895178,v1:127.0.0.1:6809/4279895178] >> conn(0xb3f9800 msgr2=0xb4dab00 crc :-1 s=STATE_CONNECTION_ESTABLISHED l=1).process
2026-02-11T23:30:18.203+0000 7f72e1ffa640 10 --2- [v2:127.0.0.1:6808/4279895178,v1:127.0.0.1:6809/4279895178] >> conn(0xb3f9400 0xb4da580 crc :-1 s=SESSION_ACCEPTING pgs=0 gs=0 cs=0 l=1 c_cookie=0 s_cookie=0 reconnecting=0 rev1=1 crypto rx=0 tx=0 comp rx=0 tx=0).handle_read_frame_dispatch tag=8
2026-02-11T23:30:18.203+0000 7f72e1ffa640 20 --2- [v2:127.0.0.1:6808/4279895178,v1:127.0.0.1:6809/4279895178] >> conn(0xb3f9400 0xb4da580 crc :-1 s=SESSION_ACCEPTING pgs=0 gs=0 cs=0 l=1 c_cookie=0 s_cookie=0 reconnecting=0 rev1=1 crypto rx=0 tx=0 comp rx=0 tx=0).handle_client_ident payload.length()=123
2026-02-11T23:30:18.203+0000 7f72e37fd640 20 -- [v2:127.0.0.1:6808/4279895178,v1:127.0.0.1:6809/4279895178] >> conn(0xb3f9800 msgr2=0xb4dab00 crc :-1 s=STATE_CONNECTION_ESTABLISHED l=1).read continue len=32
2026-02-11T23:30:18.203+0000 7f72e1ffa640 5 --2- [v2:127.0.0.1:6808/4279895178,v1:127.0.0.1:6809/4279895178] >> conn(0xb3f9400 0xb4da580 crc :-1 s=SESSION_ACCEPTING pgs=0 gs=0 cs=0 l=1 c_cookie=0 s_cookie=0 reconnecting=0 rev1=1 crypto rx=0 tx=0 comp rx=0 tx=0).handle_client_ident received client identification: addrs=127.0.0.1:0/987863127 target=v2:127.0.0.1:6808/4279895178 gid=4115 global_seq=2 features_supported=3f0ffffffffdffff features_required=800000000001000 flags=1 cookie=0
2026-02-11T23:30:18.203+0000 7f72e1ffa640 10 -- [v2:127.0.0.1:6808/4279895178,v1:127.0.0.1:6809/4279895178] >> 127.0.0.1:0/987863127 conn(0xb3f9400 msgr2=0xb4da580 crc :-1 s=STATE_CONNECTION_ESTABLISHED l=1)._infer_target_addr 127.0.0.1:0/987863127 -> 127.0.0.1:0/987863127
2026-02-11T23:30:18.203+0000 7f72e37fd640 20 --2- [v2:127.0.0.1:6808/4279895178,v1:127.0.0.1:6809/4279895178] >> conn(0xb3f9800 0xb4dab00 crc :-1 s=AUTH_ACCEPTING_SIGN pgs=0 gs=0 cs=0 l=1 c_cookie=0 s_cookie=0 reconnecting=0 rev1=1 crypto rx=0 tx=0 comp rx=0 tx=0).handle_read_frame_preamble_main r=0
2026-02-11T23:30:18.203+0000 7f72e1ffa640 20 --2- [v2:127.0.0.1:6808/4279895178,v1:127.0.0.1:6809/4279895178] >> 127.0.0.1:0/987863127 conn(0xb3f9400 0xb4da580 crc :-1 s=SESSION_ACCEPTING pgs=2 gs=0 cs=0 l=1 c_cookie=0 s_cookie=0 reconnecting=0 rev1=1 crypto rx=0 tx=0 comp rx=0 tx=0).send_server_ident
2026-02-11T23:30:18.203+0000 7f72e37fd640 20 --2- [v2:127.0.0.1:6808/4279895178,v1:127.0.0.1:6809/4279895178] >> conn(0xb3f9800 0xb4dab00 crc :-1 s=AUTH_ACCEPTING_SIGN pgs=0 gs=0 cs=0 l=1 c_cookie=0 s_cookie=0 reconnecting=0 rev1=1 crypto rx=0 tx=0 comp rx=0 tx=0).read_frame_segment seg_idx=0
2026-02-11T23:30:18.203+0000 7f72e1ffa640 10 --2- [v2:127.0.0.1:6808/4279895178,v1:127.0.0.1:6809/4279895178] >> 127.0.0.1:0/987863127 conn(0xb3f9400 0xb4da580 crc :-1 s=SESSION_ACCEPTING pgs=2 gs=0 cs=0 l=1 c_cookie=0 s_cookie=0 reconnecting=0 rev1=1 crypto rx=0 tx=0 comp rx=0 tx=0).discard_requeued_up_to 0
2026-02-11T23:30:18.203+0000 7f72e1ffa640 10 -- [v2:127.0.0.1:6808/4279895178,v1:127.0.0.1:6809/4279895178] get_global_seq increment to global_seq=5
2026-02-11T23:30:18.203+0000 7f72e37fd640 20 -- [v2:127.0.0.1:6808/4279895178,v1:127.0.0.1:6809/4279895178] >> conn(0xb3f9800 msgr2=0xb4dab00 crc :-1 s=STATE_CONNECTION_ESTABLISHED l=1).read start len=36
2026-02-11T23:30:18.203+0000 7f72e37fd640 20 --2- [v2:127.0.0.1:6808/4279895178,v1:127.0.0.1:6809/4279895178] >> conn(0xb3f9800 0xb4dab00 crc :-1 s=AUTH_ACCEPTING_SIGN pgs=0 gs=0 cs=0 l=1 c_cookie=0 s_cookie=0 reconnecting=0 rev1=1 crypto rx=0 tx=0 comp rx=0 tx=0).handle_read_frame_segment r=0
2026-02-11T23:30:18.203+0000 7f72e37fd640 10 --2- [v2:127.0.0.1:6808/4279895178,v1:127.0.0.1:6809/4279895178] >> conn(0xb3f9800 0xb4dab00 crc :-1 s=AUTH_ACCEPTING_SIGN pgs=0 gs=0 cs=0 l=1 c_cookie=0 s_cookie=0 reconnecting=0 rev1=1 crypto rx=0 tx=0 comp rx=0 tx=0).handle_read_frame_dispatch tag=7
2026-02-11T23:30:18.203+0000 7f72e1ffa640 5 --2- [v2:127.0.0.1:6808/4279895178,v1:127.0.0.1:6809/4279895178] >> 127.0.0.1:0/987863127 conn(0xb3f9400 0xb4da580 crc :-1 s=SESSION_ACCEPTING pgs=2 gs=5 cs=0 l=1 c_cookie=0 s_cookie=0 reconnecting=0 rev1=1 crypto rx=0 tx=0 comp rx=0 tx=0).send_server_ident sending identification: addrs=[v2:127.0.0.1:6808/4279895178,v1:127.0.0.1:6809/4279895178] gid=4100 global_seq=5 features_supported=3f0ffffffffdffff features_required=800000000000000 flags=1 cookie=0
2026-02-11T23:30:18.203+0000 7f72e37fd640 20 --2- [v2:127.0.0.1:6808/4279895178,v1:127.0.0.1:6809/4279895178] >> conn(0xb3f9800 0xb4dab00 crc :-1 s=AUTH_ACCEPTING_SIGN pgs=0 gs=0 cs=0 l=1 c_cookie=0 s_cookie=0 reconnecting=0 rev1=1 crypto rx=0 tx=0 comp rx=0 tx=0).handle_auth_signature payload.length()=32
2026-02-11T23:30:18.203+0000 7f72e37fd640 20 --2- [v2:127.0.0.1:6808/4279895178,v1:127.0.0.1:6809/4279895178] >> conn(0xb3f9800 0xb4dab00 crc :-1 s=AUTH_ACCEPTING_SIGN pgs=0 gs=0 cs=0 l=1 c_cookie=0 s_cookie=0 reconnecting=0 rev1=1 crypto rx=0 tx=0 comp rx=0 tx=0).handle_auth_signature pre-auth signature success sig_frame.signature()=0000000000000000000000000000000000000000000000000000000000000000
2026-02-11T23:30:18.203+0000 7f72dfff6640 1 -- 127.0.0.1:0/1388548195 --> [v2:127.0.0.1:6808/4279895178,v1:127.0.0.1:6809/4279895178] -- mgrreport(unknown.x +25-0 packed 206 task_status=0) -- 0xaffa000 con 0x14be000
