2026-02-11T23:30:19.466+0000 7f72dfff6640 1 -- 127.0.0.1:0/1388548195 <== mon.0 v2:127.0.0.1:7180/0 50 ==== mon_command_ack([{"prefix": "osd metadata", "id": 1}]=-2 v9) ==== 69+0+0 (crc 0 0 0) 0xb067040 con 0xaf50000
2026-02-11T23:30:19.466+0000 7f72dfff6640 10 -- 127.0.0.1:0/1388548195 dispatch_throttle_release 69 to dispatch throttler 69/104857600
2026-02-11T23:30:19.466+0000 7f72dfff6640 20 -- 127.0.0.1:0/1388548195 done calling dispatch on 0xb067040
2026-02-11T23:30:19.466+0000 7f72de7f3640 1 mgr finish mon failed to return metadata for osd.1: (2) No such file or directory
2026-02-11T23:30:19.566+0000 7f72e3ffe640 20 -- 127.0.0.1:0/1388548195 >> v2:127.0.0.1:7180/0 conn(0xaf50000 msgr2=0xaf74000 crc :-1 s=STATE_CONNECTION_ESTABLISHED l=1).process
2026-02-11T23:30:19.566+0000 7f72e3ffe640 20 -- 127.0.0.1:0/1388548195 >> v2:127.0.0.1:7180/0 conn(0xaf50000 msgr2=0xaf74000 crc :-1 s=STATE_CONNECTION_ESTABLISHED l=1).read continue len=32
2026-02-11T23:30:19.566+0000 7f72e3ffe640 20 --2- 127.0.0.1:0/1388548195 >> v2:127.0.0.1:7180/0 conn(0xaf50000 0xaf74000 crc :-1 s=READY pgs=18 gs=2 cs=0 l=1 c_cookie=4339685640421731661 s_cookie=0 reconnecting=0 rev1=1 crypto rx=0 tx=0 comp rx=0 tx=0).handle_read_frame_preamble_main r=0
2026-02-11T23:30:19.566+0000 7f72e3ffe640 20 --2- 127.0.0.1:0/1388548195 >> v2:127.0.0.1:7180/0 conn(0xaf50000 0xaf74000 crc :-1 s=THROTTLE_MESSAGE pgs=18 gs=2 cs=0 l=1 c_cookie=4339685640421731661 s_cookie=0 reconnecting=0 rev1=1 crypto rx=0 tx=0 comp rx=0 tx=0).throttle_message
2026-02-11T23:30:19.566+0000 7f72e3ffe640 20 --2- 127.0.0.1:0/1388548195 >> v2:127.0.0.1:7180/0 conn(0xaf50000 0xaf74000 crc :-1 s=THROTTLE_BYTES pgs=18 gs=2 cs=0 l=1 c_cookie=4339685640421731661 s_cookie=0 reconnecting=0 rev1=1 crypto rx=0 tx=0 comp rx=0 tx=0).throttle_bytes
2026-02-11T23:30:19.566+0000 7f72e3ffe640 20 --2- 127.0.0.1:0/1388548195 >> v2:127.0.0.1:7180/0 conn(0xaf50000 0xaf74000 crc :-1 s=THROTTLE_DISPATCH_QUEUE pgs=18 gs=2 cs=0 l=1 c_cookie=4339685640421731661 s_cookie=0 reconnecting=0 rev1=1 crypto rx=0 tx=0 comp rx=0 tx=0).throttle_dispatch_queue
2026-02-11T23:30:19.566+0000 7f72e3ffe640 20 --2- 127.0.0.1:0/1388548195 >> v2:127.0.0.1:7180/0 conn(0xaf50000 0xaf74000 crc :-1 s=THROTTLE_DONE pgs=18 gs=2 cs=0 l=1 c_cookie=4339685640421731661 s_cookie=0 reconnecting=0 rev1=1 crypto rx=0 tx=0 comp rx=0 tx=0).read_frame_segment seg_idx=0
2026-02-11T23:30:19.566+0000 7f72e3ffe640 20 -- 127.0.0.1:0/1388548195 >> v2:127.0.0.1:7180/0 conn(0xaf50000 msgr2=0xaf74000 crc :-1 s=STATE_CONNECTION_ESTABLISHED l=1).read start len=45
2026-02-11T23:30:19.566+0000 7f72e3ffe640 20 --2- 127.0.0.1:0/1388548195 >> v2:127.0.0.1:7180/0 conn(0xaf50000 0xaf74000 crc :-1 s=THROTTLE_DONE pgs=18 gs=2 cs=0 l=1 c_cookie=4339685640421731661 s_cookie=0 reconnecting=0 rev1=1 crypto rx=0 tx=0 comp rx=0 tx=0).handle_read_frame_segment r=0
2026-02-11T23:30:19.566+0000 7f72e3ffe640 20 --2- 127.0.0.1:0/1388548195 >> v2:127.0.0.1:7180/0 conn(0xaf50000 0xaf74000 crc :-1 s=THROTTLE_DONE pgs=18 gs=2 cs=0 l=1 c_cookie=4339685640421731661 s_cookie=0 reconnecting=0 rev1=1 crypto rx=0 tx=0 comp rx=0 tx=0).read_frame_segment seg_idx=1
2026-02-11T23:30:19.566+0000 7f72e3ffe640 20 -- 127.0.0.1:0/1388548195 >> v2:127.0.0.1:7180/0 conn(0xaf50000 msgr2=0xaf74000 crc :-1 s=STATE_CONNECTION_ESTABLISHED l=1).read start len=346
2026-02-11T23:30:19.566+0000 7f72e3ffe640 20 --2- 127.0.0.1:0/1388548195 >> v2:127.0.0.1:7180/0 conn(0xaf50000 0xaf74000 crc :-1 s=THROTTLE_DONE pgs=18 gs=2 cs=0 l=1 c_cookie=4339685640421731661 s_cookie=0 reconnecting=0 rev1=1 crypto rx=0 tx=0 comp rx=0 tx=0).handle_read_frame_segment r=0
2026-02-11T23:30:19.566+0000 7f72e3ffe640 20 -- 127.0.0.1:0/1388548195 >> v2:127.0.0.1:7180/0 conn(0xaf50000 msgr2=0xaf74000 crc :-1 s=STATE_CONNECTION_ESTABLISHED l=1).read start len=13
2026-02-11T23:30:19.566+0000 7f72e3ffe640 20 --2- 127.0.0.1:0/1388548195 >> v2:127.0.0.1:7180/0 conn(0xaf50000 0xaf74000 crc :-1 s=THROTTLE_DONE pgs=18 gs=2 cs=0 l=1 c_cookie=4339685640421731661 s_cookie=0 reconnecting=0 rev1=1 crypto rx=0 tx=0 comp rx=0 tx=0).handle_read_frame_epilogue_main r=0
2026-02-11T23:30:19.566+0000 7f72e3ffe640 10 --2- 127.0.0.1:0/1388548195 >> v2:127.0.0.1:7180/0 conn(0xaf50000 0xaf74000 crc :-1 s=THROTTLE_DONE pgs=18 gs=2 cs=0 l=1 c_cookie=4339685640421731661 s_cookie=0 reconnecting=0 rev1=1 crypto rx=0 tx=0 comp rx=0 tx=0).handle_read_frame_dispatch tag=17
2026-02-11T23:30:19.566+0000 7f72e3ffe640 20 --2- 127.0.0.1:0/1388548195 >> v2:127.0.0.1:7180/0 conn(0xaf50000 0xaf74000 crc :-1 s=THROTTLE_DONE pgs=18 gs=2 cs=0 l=1 c_cookie=4339685640421731661 s_cookie=0 reconnecting=0 rev1=1 crypto rx=0 tx=0 comp rx=0 tx=0).handle_message
2026-02-11T23:30:19.566+0000 7f72e3ffe640 5 --2- 127.0.0.1:0/1388548195 >> v2:127.0.0.1:7180/0 conn(0xaf50000 0xaf74000 crc :-1 s=THROTTLE_DONE pgs=18 gs=2 cs=0 l=1 c_cookie=4339685640421731661 s_cookie=0 reconnecting=0 rev1=1 crypto rx=0 tx=0 comp rx=0 tx=0).handle_message got 346 + 0 + 0 byte message. envelope type=52 src mon.0 off 0
2026-02-11T23:30:19.566+0000 7f72e3ffe640 5 --2- 127.0.0.1:0/1388548195 >> v2:127.0.0.1:7180/0 conn(0xaf50000 0xaf74000 crc :-1 s=READ_MESSAGE_COMPLETE pgs=18 gs=2 cs=0 l=1 c_cookie=4339685640421731661 s_cookie=0 reconnecting=0 rev1=1 crypto rx=0 tx=0 comp rx=0 tx=0).handle_message received message m=0x14f1880 seq=51 from=mon.0 type=52 log(1 entries from seq 69 at
2026-02-11T23:30:19.462764+0000)
2026-02-11T23:30:19.566+0000 7f72e3ffe640 20 -- 127.0.0.1:0/1388548195 queue 0x14f1880 prio 196
2026-02-11T23:30:19.566+0000 7f72e3ffe640 20 --2- 127.0.0.1:0/1388548195 >> v2:127.0.0.1:7180/0 conn(0xaf50000 0xaf74000 crc :-1 s=READY pgs=18 gs=2 cs=0 l=1 c_cookie=4339685640421731661 s_cookie=0 reconnecting=0 rev1=1 crypto rx=0 tx=0 comp rx=0 tx=0).read_frame
2026-02-11T23:30:19.566+0000 7f72e3ffe640 20 -- 127.0.0.1:0/1388548195 >> v2:127.0.0.1:7180/0 conn(0xaf50000 msgr2=0xaf74000 crc :-1 s=STATE_CONNECTION_ESTABLISHED l=1).read start len=32
2026-02-11T23:30:19.566+0000 7f72dfff6640 1 -- 127.0.0.1:0/1388548195 <== mon.0 v2:127.0.0.1:7180/0 51 ==== log(1 entries from seq 69 at
2026-02-11T23:30:19.462764+0000) ==== 346+0+0 (crc 0 0 0) 0x14f1880 con 0xaf50000
2026-02-11T23:30:19.566+0000 7f72dfff6640 10 mgr.4100.objecter ms_dispatch2 0x1656000 log(1 entries from seq 69 at
2026-02-11T23:30:19.462764+0000)
2026-02-11T23:30:19.566+0000 7f72dfff6640 10 mgr ms_dispatch2 active log(1 entries from seq 69 at
2026-02-11T23:30:19.462764+0000)
2026-02-11T23:30:19.566+0000 7f72dfff6640 10 mgr ms_dispatch2 log(1 entries from seq 69 at
2026-02-11T23:30:19.462764+0000)
2026-02-11T23:30:19.566+0000 7f72dfff6640 10 mgr notify_all notify_all: notify_all (clog)
2026-02-11T23:30:19.566+0000 7f72dfff6640 10 -- 127.0.0.1:0/1388548195 dispatch_throttle_release 346 to dispatch throttler 346/104857600
2026-02-11T23:30:19.566+0000 7f72dfff6640 20 -- 127.0.0.1:0/1388548195 done calling dispatch on 0x14f1880
2026-02-11T23:30:19.770+0000 7f72e3ffe640 20 -- 127.0.0.1:0/1388548195 >> v2:127.0.0.1:7180/0 conn(0xaf50000 msgr2=0xaf74000 crc :-1 s=STATE_CONNECTION_ESTABLISHED l=1).process
2026-02-11T23:30:19.770+0000 7f72e3ffe640 20 -- 127.0.0.1:0/1388548195 >> v2:127.0.0.1:7180/0 conn(0xaf50000 msgr2=0xaf74000 crc :-1 s=STATE_CONNECTION_ESTABLISHED l=1).read continue len=32
2026-02-11T23:30:19.770+0000 7f72e3ffe640 20 --2- 127.0.0.1:0/1388548195 >> v2:127.0.0.1:7180/0 conn(0xaf50000 0xaf74000 crc :-1 s=READY pgs=18 gs=2 cs=0 l=1 c_cookie=4339685640421731661 s_cookie=0 reconnecting=0 rev1=1 crypto rx=0 tx=0 comp rx=0 tx=0).handle_read_frame_preamble_main r=0
2026-02-11T23:30:19.770+0000 7f72e3ffe640 20 --2- 127.0.0.1:0/1388548195 >> v2:127.0.0.1:7180/0 conn(0xaf50000 0xaf74000 crc :-1 s=THROTTLE_MESSAGE pgs=18 gs=2 cs=0 l=1 c_cookie=4339685640421731661 s_cookie=0 reconnecting=0 rev1=1 crypto rx=0 tx=0 comp rx=0 tx=0).throttle_message
2026-02-11T23:30:19.770+0000 7f72e3ffe640 20 --2- 127.0.0.1:0/1388548195 >> v2:127.0.0.1:7180/0 conn(0xaf50000 0xaf74000 crc :-1 s=THROTTLE_BYTES pgs=18 gs=2 cs=0 l=1 c_cookie=4339685640421731661 s_cookie=0 reconnecting=0 rev1=1 crypto rx=0 tx=0 comp rx=0 tx=0).throttle_bytes
2026-02-11T23:30:19.770+0000 7f72e3ffe640 20 --2- 127.0.0.1:0/1388548195 >> v2:127.0.0.1:7180/0 conn(0xaf50000 0xaf74000 crc :-1 s=THROTTLE_DISPATCH_QUEUE pgs=18 gs=2 cs=0 l=1 c_cookie=4339685640421731661 s_cookie=0 reconnecting=0 rev1=1 crypto rx=0 tx=0 comp rx=0 tx=0).throttle_dispatch_queue
2026-02-11T23:30:19.770+0000 7f72e3ffe640 20 --2- 127.0.0.1:0/1388548195 >> v2:127.0.0.1:7180/0 conn(0xaf50000 0xaf74000 crc :-1 s=THROTTLE_DONE pgs=18 gs=2 cs=0 l=1 c_cookie=4339685640421731661 s_cookie=0 reconnecting=0 rev1=1 crypto rx=0 tx=0 comp rx=0 tx=0).read_frame_segment seg_idx=0
2026-02-11T23:30:19.770+0000 7f72e3ffe640 20 -- 127.0.0.1:0/1388548195 >> v2:127.0.0.1:7180/0 conn(0xaf50000 msgr2=0xaf74000 crc :-1 s=STATE_CONNECTION_ESTABLISHED l=1).read start len=45
2026-02-11T23:30:19.770+0000 7f72e3ffe640 20 --2- 127.0.0.1:0/1388548195 >> v2:127.0.0.1:7180/0 conn(0xaf50000 0xaf74000 crc :-1 s=THROTTLE_DONE pgs=18 gs=2 cs=0 l=1 c_cookie=4339685640421731661 s_cookie=0 reconnecting=0 rev1=1 crypto rx=0 tx=0 comp rx=0 tx=0).handle_read_frame_segment r=0
2026-02-11T23:30:19.770+0000 7f72e3ffe640 20 --2- 127.0.0.1:0/1388548195 >> v2:127.0.0.1:7180/0 conn(0xaf50000 0xaf74000 crc :-1 s=THROTTLE_DONE pgs=18 gs=2 cs=0 l=1 c_cookie=4339685640421731661 s_cookie=0 reconnecting=0 rev1=1 crypto rx=0 tx=0 comp rx=0 tx=0).read_frame_segment seg_idx=1
2026-02-11T23:30:19.770+0000 7f72e3ffe640 20 -- 127.0.0.1:0/1388548195 >> v2:127.0.0.1:7180/0 conn(0xaf50000 msgr2=0xaf74000 crc :-1 s=STATE_CONNECTION_ESTABLISHED l=1).read start len=90
2026-02-11T23:30:19.770+0000 7f72e3ffe640 20 --2- 127.0.0.1:0/1388548195 >> v2:127.0.0.1:7180/0 conn(0xaf50000 0xaf74000 crc :-1 s=THROTTLE_DONE pgs=18 gs=2 cs=0 l=1 c_cookie=4339685640421731661 s_cookie=0 reconnecting=0 rev1=1 crypto rx=0 tx=0 comp rx=0 tx=0).handle_read_frame_segment r=0
2026-02-11T23:30:19.770+0000 7f72e3ffe640 20 -- 127.0.0.1:0/1388548195 >> v2:127.0.0.1:7180/0 conn(0xaf50000 msgr2=0xaf74000 crc :-1 s=STATE_CONNECTION_ESTABLISHED l=1).read start len=13
2026-02-11T23:30:19.770+0000 7f72e3ffe640 20 --2- 127.0.0.1:0/1388548195 >> v2:127.0.0.1:7180/0 conn(0xaf50000 0xaf74000 crc :-1 s=THROTTLE_DONE pgs=18 gs=2 cs=0 l=1 c_cookie=4339685640421731661 s_cookie=0 reconnecting=0 rev1=1 crypto rx=0 tx=0 comp rx=0 tx=0).handle_read_frame_epilogue_main r=0
2026-02-11T23:30:19.770+0000 7f72e3ffe640 10 --2- 127.0.0.1:0/1388548195 >> v2:127.0.0.1:7180/0 conn(0xaf50000 0xaf74000 crc :-1 s=THROTTLE_DONE pgs=18 gs=2 cs=0 l=1 c_cookie=4339685640421731661 s_cookie=0 reconnecting=0 rev1=1 crypto rx=0 tx=0 comp rx=0 tx=0).handle_read_frame_dispatch tag=17
2026-02-11T23:30:19.770+0000 7f72e3ffe640 20 --2- 127.0.0.1:0/1388548195 >> v2:127.0.0.1:7180/0 conn(0xaf50000 0xaf74000 crc :-1 s=THROTTLE_DONE pgs=18 gs=2 cs=0 l=1 c_cookie=4339685640421731661 s_cookie=0 reconnecting=0 rev1=1 crypto rx=0 tx=0 comp rx=0 tx=0).handle_message
2026-02-11T23:30:19.770+0000 7f72e3ffe640 5 --2- 127.0.0.1:0/1388548195 >> v2:127.0.0.1:7180/0 conn(0xaf50000 0xaf74000 crc :-1 s=THROTTLE_DONE pgs=18 gs=2 cs=0 l=1 c_cookie=4339685640421731661 s_cookie=0 reconnecting=0 rev1=1 crypto rx=0 tx=0 comp rx=0 tx=0).handle_message got 90 + 0 + 0 byte message. envelope type=54 src mon.0 off 0
2026-02-11T23:30:19.770+0000 7f72e3ffe640 5 --2- 127.0.0.1:0/1388548195 >> v2:127.0.0.1:7180/0 conn(0xaf50000 0xaf74000 crc :-1 s=READ_MESSAGE_COMPLETE pgs=18 gs=2 cs=0 l=1 c_cookie=4339685640421731661 s_cookie=0 reconnecting=0 rev1=1 crypto rx=0 tx=0 comp rx=0 tx=0).handle_message received message m=0xb0671e0 seq=52 from=mon.0 type=54 kv_data(v7 prefix config/, incremental, 1 keys)
2026-02-11T23:30:19.770+0000 7f72e3ffe640 20 -- 127.0.0.1:0/1388548195 queue 0xb0671e0 prio 196
2026-02-11T23:30:19.770+0000 7f72e3ffe640 20 --2- 127.0.0.1:0/1388548195 >> v2:127.0.0.1:7180/0 conn(0xaf50000 0xaf74000 crc :-1 s=READY pgs=18 gs=2 cs=0 l=1 c_cookie=4339685640421731661 s_cookie=0 reconnecting=0 rev1=1 crypto rx=0 tx=0 comp rx=0 tx=0).read_frame
2026-02-11T23:30:19.770+0000 7f72e3ffe640 20 -- 127.0.0.1:0/1388548195 >> v2:127.0.0.1:7180/0 conn(0xaf50000 msgr2=0xaf74000 crc :-1 s=STATE_CONNECTION_ESTABLISHED l=1).read start len=32
2026-02-11T23:30:19.770+0000 7f72e3ffe640 20 --2- 127.0.0.1:0/1388548195 >> v2:127.0.0.1:7180/0 conn(0xaf50000 0xaf74000 crc :-1 s=READY pgs=18 gs=2 cs=0 l=1 c_cookie=4339685640421731661 s_cookie=0 reconnecting=0 rev1=1 crypto rx=0 tx=0 comp rx=0 tx=0).handle_read_frame_preamble_main r=0
2026-02-11T23:30:19.770+0000 7f72e3ffe640 20 --2- 127.0.0.1:0/1388548195 >> v2:127.0.0.1:7180/0 conn(0xaf50000 0xaf74000 crc :-1 s=THROTTLE_MESSAGE pgs=18 gs=2 cs=0 l=1 c_cookie=4339685640421731661 s_cookie=0 reconnecting=0 rev1=1 crypto rx=0 tx=0 comp rx=0 tx=0).throttle_message
2026-02-11T23:30:19.770+0000 7f72e3ffe640 20 --2- 127.0.0.1:0/1388548195 >> v2:127.0.0.1:7180/0 conn(0xaf50000 0xaf74000 crc :-1 s=THROTTLE_BYTES pgs=18 gs=2 cs=0 l=1 c_cookie=4339685640421731661 s_cookie=0 reconnecting=0 rev1=1 crypto rx=0 tx=0 comp rx=0 tx=0).throttle_bytes
2026-02-11T23:30:19.770+0000 7f72e3ffe640 20 --2- 127.0.0.1:0/1388548195 >> v2:127.0.0.1:7180/0 conn(0xaf50000 0xaf74000 crc :-1 s=THROTTLE_DISPATCH_QUEUE pgs=18 gs=2 cs=0 l=1 c_cookie=4339685640421731661 s_cookie=0 reconnecting=0 rev1=1 crypto rx=0 tx=0 comp rx=0 tx=0).throttle_dispatch_queue
2026-02-11T23:30:19.770+0000 7f72e3ffe640 20 --2- 127.0.0.1:0/1388548195 >> v2:127.0.0.1:7180/0 conn(0xaf50000 0xaf74000 crc :-1 s=THROTTLE_DONE pgs=18 gs=2 cs=0 l=1 c_cookie=4339685640421731661 s_cookie=0 reconnecting=0 rev1=1 crypto rx=0 tx=0 comp rx=0 tx=0).read_frame_segment seg_idx=0
2026-02-11T23:30:19.770+0000 7f72e3ffe640 20 -- 127.0.0.1:0/1388548195 >> v2:127.0.0.1:7180/0 conn(0xaf50000 msgr2=0xaf74000 crc :-1 s=STATE_CONNECTION_ESTABLISHED l=1).read start len=45
2026-02-11T23:30:19.770+0000 7f72e3ffe640 20 --2- 127.0.0.1:0/1388548195 >> v2:127.0.0.1:7180/0 conn(0xaf50000 0xaf74000 crc :-1 s=THROTTLE_DONE pgs=18 gs=2 cs=0 l=1 c_cookie=4339685640421731661 s_cookie=0 reconnecting=0 rev1=1 crypto rx=0 tx=0 comp rx=0 tx=0).handle_read_frame_segment r=0
2026-02-11T23:30:19.770+0000 7f72e3ffe640 20 --2- 127.0.0.1:0/1388548195 >> v2:127.0.0.1:7180/0 conn(0xaf50000 0xaf74000 crc :-1 s=THROTTLE_DONE pgs=18 gs=2 cs=0 l=1 c_cookie=4339685640421731661 s_cookie=0 reconnecting=0 rev1=1 crypto rx=0 tx=0 comp rx=0 tx=0).read_frame_segment seg_idx=1
2026-02-11T23:30:19.770+0000 7f72e3ffe640 20 -- 127.0.0.1:0/1388548195 >> v2:127.0.0.1:7180/0 conn(0xaf50000 msgr2=0xaf74000 crc :-1 s=STATE_CONNECTION_ESTABLISHED l=1).read start len=24
2026-02-11T23:30:19.770+0000 7f72e3ffe640 20 --2- 127.0.0.1:0/1388548195 >> v2:127.0.0.1:7180/0 conn(0xaf50000 0xaf74000 crc :-1 s=THROTTLE_DONE pgs=18 gs=2 cs=0 l=1 c_cookie=4339685640421731661 s_cookie=0 reconnecting=0 rev1=1 crypto rx=0 tx=0 comp rx=0 tx=0).handle_read_frame_segment r=0
2026-02-11T23:30:19.770+0000 7f72dfff6640 1 -- 127.0.0.1:0/1388548195 <== mon.0 v2:127.0.0.1:7180/0 52 ==== kv_data(v7 prefix config/, incremental, 1 keys) ==== 90+0+0 (crc 0 0 0) 0xb0671e0 con 0xaf50000
2026-02-11T23:30:19.770+0000 7f72e3ffe640 20 -- 127.0.0.1:0/1388548195 >> v2:127.0.0.1:7180/0 conn(0xaf50000 msgr2=0xaf74000 crc :-1 s=STATE_CONNECTION_ESTABLISHED l=1).read start len=13
2026-02-11T23:30:19.770+0000 7f72e3ffe640 20 --2- 127.0.0.1:0/1388548195 >> v2:127.0.0.1:7180/0 conn(0xaf50000 0xaf74000 crc :-1 s=THROTTLE_DONE pgs=18 gs=2 cs=0 l=1 c_cookie=4339685640421731661 s_cookie=0 reconnecting=0 rev1=1 crypto rx=0 tx=0 comp rx=0 tx=0).handle_read_frame_epilogue_main r=0
2026-02-11T23:30:19.770+0000 7f72dfff6640 10 mgr.4100.objecter ms_dispatch2 0x1656000 kv_data(v7 prefix config/, incremental, 1 keys)
2026-02-11T23:30:19.770+0000 7f72e3ffe640 10 --2- 127.0.0.1:0/1388548195 >> v2:127.0.0.1:7180/0 conn(0xaf50000 0xaf74000 crc :-1 s=THROTTLE_DONE pgs=18 gs=2 cs=0 l=1 c_cookie=4339685640421731661 s_cookie=0 reconnecting=0 rev1=1 crypto rx=0 tx=0 comp rx=0 tx=0).handle_read_frame_dispatch tag=17
2026-02-11T23:30:19.770+0000 7f72e3ffe640 20 --2- 127.0.0.1:0/1388548195 >> v2:127.0.0.1:7180/0 conn(0xaf50000 0xaf74000 crc :-1 s=THROTTLE_DONE pgs=18 gs=2 cs=0 l=1 c_cookie=4339685640421731661 s_cookie=0 reconnecting=0 rev1=1 crypto rx=0 tx=0 comp rx=0 tx=0).handle_message
2026-02-11T23:30:19.770+0000 7f72e3ffe640 5 --2- 127.0.0.1:0/1388548195 >> v2:127.0.0.1:7180/0 conn(0xaf50000 0xaf74000 crc :-1 s=THROTTLE_DONE pgs=18 gs=2 cs=0 l=1 c_cookie=4339685640421731661 s_cookie=0 reconnecting=0 rev1=1 crypto rx=0 tx=0 comp rx=0 tx=0).handle_message got 24 + 0 + 0 byte message. envelope type=54 src mon.0 off 0
2026-02-11T23:30:19.770+0000 7f72dfff6640 10 mgr ms_dispatch2 active kv_data(v7 prefix config/, incremental, 1 keys)
2026-02-11T23:30:19.770+0000 7f72dfff6640 10 mgr ms_dispatch2 kv_data(v7 prefix config/, incremental, 1 keys)
2026-02-11T23:30:19.770+0000 7f72e3ffe640 5 --2- 127.0.0.1:0/1388548195 >> v2:127.0.0.1:7180/0 conn(0xaf50000 0xaf74000 crc :-1 s=READ_MESSAGE_COMPLETE pgs=18 gs=2 cs=0 l=1 c_cookie=4339685640421731661 s_cookie=0 reconnecting=0 rev1=1 crypto rx=0 tx=0 comp rx=0 tx=0).handle_message received message m=0xb0669c0 seq=53 from=mon.0 type=54 kv_data(v7 prefix device/, incremental, 0 keys)
2026-02-11T23:30:19.770+0000 7f72e3ffe640 20 -- 127.0.0.1:0/1388548195 queue 0xb0669c0 prio 196
2026-02-11T23:30:19.770+0000 7f72e3ffe640 20 --2- 127.0.0.1:0/1388548195 >> v2:127.0.0.1:7180/0 conn(0xaf50000 0xaf74000 crc :-1 s=READY pgs=18 gs=2 cs=0 l=1 c_cookie=4339685640421731661 s_cookie=0 reconnecting=0 rev1=1 crypto rx=0 tx=0 comp rx=0 tx=0).read_frame
2026-02-11T23:30:19.770+0000 7f72dfff6640 10 mgr update_kv_data incremental update on config/
2026-02-11T23:30:19.770+0000 7f72dfff6640 20 mgr update_kv_data set config/osd.1/osd_mclock_max_capacity_iops_ssd = 68178.900435
2026-02-11T23:30:19.770+0000 7f72e3ffe640 20 -- 127.0.0.1:0/1388548195 >> v2:127.0.0.1:7180/0 conn(0xaf50000 msgr2=0xaf74000 crc :-1 s=STATE_CONNECTION_ESTABLISHED l=1).read start len=32
2026-02-11T23:30:19.770+0000 7f72e3ffe640 20 --2- 127.0.0.1:0/1388548195 >> v2:127.0.0.1:7180/0 conn(0xaf50000 0xaf74000 crc :-1 s=READY pgs=18 gs=2 cs=0 l=1 c_cookie=4339685640421731661 s_cookie=0 reconnecting=0 rev1=1 crypto rx=0 tx=0 comp rx=0 tx=0).handle_read_frame_preamble_main r=0
2026-02-11T23:30:19.770+0000 7f72dfff6640 10 mgr _refresh_config_map
2026-02-11T23:30:19.770+0000 7f72e3ffe640 20 --2- 127.0.0.1:0/1388548195 >> v2:127.0.0.1:7180/0 conn(0xaf50000 0xaf74000 crc :-1 s=THROTTLE_MESSAGE pgs=18 gs=2 cs=0 l=1 c_cookie=4339685640421731661 s_cookie=0 reconnecting=0 rev1=1 crypto rx=0 tx=0 comp rx=0 tx=0).throttle_message
2026-02-11T23:30:19.770+0000 7f72e3ffe640 20 --2- 127.0.0.1:0/1388548195 >> v2:127.0.0.1:7180/0 conn(0xaf50000 0xaf74000 crc :-1 s=THROTTLE_BYTES pgs=18 gs=2 cs=0 l=1 c_cookie=4339685640421731661 s_cookie=0 reconnecting=0 rev1=1 crypto rx=0 tx=0 comp rx=0 tx=0).throttle_bytes
2026-02-11T23:30:19.770+0000 7f72e3ffe640 20 --2- 127.0.0.1:0/1388548195 >> v2:127.0.0.1:7180/0 conn(0xaf50000 0xaf74000 crc :-1 s=THROTTLE_DISPATCH_QUEUE pgs=18 gs=2 cs=0 l=1 c_cookie=4339685640421731661 s_cookie=0 reconnecting=0 rev1=1 crypto rx=0 tx=0 comp rx=0 tx=0).throttle_dispatch_queue
2026-02-11T23:30:19.770+0000 7f72e3ffe640 20 --2- 127.0.0.1:0/1388548195 >> v2:127.0.0.1:7180/0 conn(0xaf50000 0xaf74000 crc :-1 s=THROTTLE_DONE pgs=18 gs=2 cs=0 l=1 c_cookie=4339685640421731661 s_cookie=0 reconnecting=0 rev1=1 crypto rx=0 tx=0 comp rx=0 tx=0).read_frame_segment seg_idx=0
2026-02-11T23:30:19.770+0000 7f72e3ffe640 20 -- 127.0.0.1:0/1388548195 >> v2:127.0.0.1:7180/0 conn(0xaf50000 msgr2=0xaf74000 crc :-1 s=STATE_CONNECTION_ESTABLISHED l=1).read start len=45
2026-02-11T23:30:19.770+0000 7f72e3ffe640 20 --2- 127.0.0.1:0/1388548195 >> v2:127.0.0.1:7180/0 conn(0xaf50000 0xaf74000 crc :-1 s=THROTTLE_DONE pgs=18 gs=2 cs=0 l=1 c_cookie=4339685640421731661 s_cookie=0 reconnecting=0 rev1=1 crypto rx=0 tx=0 comp rx=0 tx=0).handle_read_frame_segment r=0
2026-02-11T23:30:19.770+0000 7f72e3ffe640 20 --2- 127.0.0.1:0/1388548195 >> v2:127.0.0.1:7180/0 conn(0xaf50000 0xaf74000 crc :-1 s=THROTTLE_DONE pgs=18 gs=2 cs=0 l=1 c_cookie=4339685640421731661 s_cookie=0 reconnecting=0 rev1=1 crypto rx=0 tx=0 comp rx=0 tx=0).read_frame_segment seg_idx=1
2026-02-11T23:30:19.770+0000 7f72e3ffe640 20 -- 127.0.0.1:0/1388548195 >> v2:127.0.0.1:7180/0 conn(0xaf50000 msgr2=0xaf74000 crc :-1 s=STATE_CONNECTION_ESTABLISHED l=1).read start len=21
2026-02-11T23:30:19.770+0000 7f72e3ffe640 20 --2- 127.0.0.1:0/1388548195 >> v2:127.0.0.1:7180/0 conn(0xaf50000 0xaf74000 crc :-1 s=THROTTLE_DONE pgs=18 gs=2 cs=0 l=1 c_cookie=4339685640421731661 s_cookie=0 reconnecting=0 rev1=1 crypto rx=0 tx=0 comp rx=0 tx=0).handle_read_frame_segment r=0
2026-02-11T23:30:19.770+0000 7f72e3ffe640 20 -- 127.0.0.1:0/1388548195 >> v2:127.0.0.1:7180/0 conn(0xaf50000 msgr2=0xaf74000 crc :-1 s=STATE_CONNECTION_ESTABLISHED l=1).read start len=13
2026-02-11T23:30:19.770+0000 7f72dfff6640 10 -- 127.0.0.1:0/1388548195 dispatch_throttle_release 90 to dispatch throttler 135/104857600
2026-02-11T23:30:19.770+0000 7f72e3ffe640 20 --2- 127.0.0.1:0/1388548195 >> v2:127.0.0.1:7180/0 conn(0xaf50000 0xaf74000 crc :-1 s=THROTTLE_DONE pgs=18 gs=2 cs=0 l=1 c_cookie=4339685640421731661 s_cookie=0 reconnecting=0 rev1=1 crypto rx=0 tx=0 comp rx=0 tx=0).handle_read_frame_epilogue_main r=0
2026-02-11T23:30:19.770+0000 7f72dfff6640 20 -- 127.0.0.1:0/1388548195 done calling dispatch on 0xb0671e0
2026-02-11T23:30:19.770+0000 7f72e3ffe640 10 --2- 127.0.0.1:0/1388548195 >> v2:127.0.0.1:7180/0 conn(0xaf50000 0xaf74000 crc :-1 s=THROTTLE_DONE pgs=18 gs=2 cs=0 l=1 c_cookie=4339685640421731661 s_cookie=0 reconnecting=0 rev1=1 crypto rx=0 tx=0 comp rx=0 tx=0).handle_read_frame_dispatch tag=17
2026-02-11T23:30:19.770+0000 7f72dfff6640 1 -- 127.0.0.1:0/1388548195 <== mon.0 v2:127.0.0.1:7180/0 53 ==== kv_data(v7 prefix device/, incremental, 0 keys) ==== 24+0+0 (crc 0 0 0) 0xb0669c0 con 0xaf50000
2026-02-11T23:30:19.770+0000 7f72e3ffe640 20 --2- 127.0.0.1:0/1388548195 >> v2:127.0.0.1:7180/0 conn(0xaf50000 0xaf74000 crc :-1 s=THROTTLE_DONE pgs=18 gs=2 cs=0 l=1 c_cookie=4339685640421731661 s_cookie=0 reconnecting=0 rev1=1 crypto rx=0 tx=0 comp rx=0 tx=0).handle_message
2026-02-11T23:30:19.770+0000 7f72dfff6640 10 mgr.4100.objecter ms_dispatch2 0x1656000 kv_data(v7 prefix device/, incremental, 0 keys)
2026-02-11T23:30:19.770+0000 7f72dfff6640 10 mgr ms_dispatch2 active kv_data(v7 prefix device/, incremental, 0 keys)
2026-02-11T23:30:19.770+0000 7f72dfff6640 10 mgr ms_dispatch2 kv_data(v7 prefix device/, incremental, 0 keys)
2026-02-11T23:30:19.770+0000 7f72e3ffe640 5 --2- 127.0.0.1:0/1388548195 >> v2:127.0.0.1:7180/0 conn(0xaf50000 0xaf74000 crc :-1 s=THROTTLE_DONE pgs=18 gs=2 cs=0 l=1 c_cookie=4339685640421731661 s_cookie=0 reconnecting=0 rev1=1 crypto rx=0 tx=0 comp rx=0 tx=0).handle_message got 21 + 0 + 0 byte message. envelope type=54 src mon.0 off 0
2026-02-11T23:30:19.770+0000 7f72dfff6640 10 -- 127.0.0.1:0/1388548195 dispatch_throttle_release 24 to dispatch throttler 45/104857600
2026-02-11T23:30:19.770+0000 7f72dfff6640 20 -- 127.0.0.1:0/1388548195 done calling dispatch on 0xb0669c0
2026-02-11T23:30:19.770+0000 7f72e3ffe640 5 --2- 127.0.0.1:0/1388548195 >> v2:127.0.0.1:7180/0 conn(0xaf50000 0xaf74000 crc :-1 s=READ_MESSAGE_COMPLETE pgs=18 gs=2 cs=0 l=1 c_cookie=4339685640421731661 s_cookie=0 reconnecting=0 rev1=1 crypto rx=0 tx=0 comp rx=0 tx=0).handle_message received message m=0xb0676c0 seq=54 from=mon.0 type=54 kv_data(v7 prefix mgr/, incremental, 0 keys)
2026-02-11T23:30:19.770+0000 7f72e3ffe640 20 -- 127.0.0.1:0/1388548195 queue 0xb0676c0 prio 196
2026-02-11T23:30:19.770+0000 7f72e3ffe640 20 --2- 127.0.0.1:0/1388548195 >> v2:127.0.0.1:7180/0 conn(0xaf50000 0xaf74000 crc :-1 s=READY pgs=18 gs=2 cs=0 l=1 c_cookie=4339685640421731661 s_cookie=0 reconnecting=0 rev1=1 crypto rx=0 tx=0 comp rx=0 tx=0).read_frame
2026-02-11T23:30:19.770+0000 7f72e3ffe640 20 -- 127.0.0.1:0/1388548195 >> v2:127.0.0.1:7180/0 conn(0xaf50000 msgr2=0xaf74000 crc :-1 s=STATE_CONNECTION_ESTABLISHED l=1).read start len=32
2026-02-11T23:30:19.770+0000 7f72dfff6640 1 -- 127.0.0.1:0/1388548195 <== mon.0 v2:127.0.0.1:7180/0 54 ==== kv_data(v7 prefix mgr/, incremental, 0 keys) ==== 21+0+0 (crc 0 0 0) 0xb0676c0 con 0xaf50000
2026-02-11T23:30:19.770+0000 7f72dfff6640 10 mgr.4100.objecter ms_dispatch2 0x1656000 kv_data(v7 prefix mgr/, incremental, 0 keys)
2026-02-11T23:30:19.770+0000 7f72dfff6640 10 mgr ms_dispatch2 active kv_data(v7 prefix mgr/, incremental, 0 keys)
2026-02-11T23:30:19.770+0000 7f72dfff6640 10 mgr ms_dispatch2 kv_data(v7 prefix mgr/, incremental, 0 keys)
2026-02-11T23:30:19.770+0000 7f72dfff6640 10 -- 127.0.0.1:0/1388548195 dispatch_throttle_release 21 to dispatch throttler 21/104857600
2026-02-11T23:30:19.770+0000 7f72dfff6640 20 -- 127.0.0.1:0/1388548195 done calling dispatch on 0xb0676c0
2026-02-11T23:30:19.869+0000 7f72e3ffe640 20 -- 127.0.0.1:0/1388548195 >> v2:127.0.0.1:7180/0 conn(0xaf50000 msgr2=0xaf74000 crc :-1 s=STATE_CONNECTION_ESTABLISHED l=1).process
2026-02-11T23:30:19.869+0000 7f72e3ffe640 20 -- 127.0.0.1:0/1388548195 >> v2:127.0.0.1:7180/0 conn(0xaf50000 msgr2=0xaf74000 crc :-1 s=STATE_CONNECTION_ESTABLISHED l=1).read continue len=32
2026-02-11T23:30:19.869+0000 7f72e3ffe640 20 --2- 127.0.0.1:0/1388548195 >> v2:127.0.0.1:7180/0 conn(0xaf50000 0xaf74000 crc :-1 s=READY pgs=18 gs=2 cs=0 l=1 c_cookie=4339685640421731661 s_cookie=0 reconnecting=0 rev1=1 crypto rx=0 tx=0 comp rx=0 tx=0).handle_read_frame_preamble_main r=0
2026-02-11T23:30:19.869+0000 7f72e3ffe640 20 --2- 127.0.0.1:0/1388548195 >> v2:127.0.0.1:7180/0 conn(0xaf50000 0xaf74000 crc :-1 s=THROTTLE_MESSAGE pgs=18 gs=2 cs=0 l=1 c_cookie=4339685640421731661 s_cookie=0 reconnecting=0 rev1=1 crypto rx=0 tx=0 comp rx=0 tx=0).throttle_message
2026-02-11T23:30:19.869+0000 7f72e3ffe640 20 --2- 127.0.0.1:0/1388548195 >> v2:127.0.0.1:7180/0 conn(0xaf50000 0xaf74000 crc :-1 s=THROTTLE_BYTES pgs=18 gs=2 cs=0 l=1 c_cookie=4339685640421731661 s_cookie=0 reconnecting=0 rev1=1 crypto rx=0 tx=0 comp rx=0 tx=0).throttle_bytes
2026-02-11T23:30:19.869+0000 7f72e3ffe640 20 --2- 127.0.0.1:0/1388548195 >> v2:127.0.0.1:7180/0 conn(0xaf50000 0xaf74000 crc :-1 s=THROTTLE_DISPATCH_QUEUE pgs=18 gs=2 cs=0 l=1 c_cookie=4339685640421731661 s_cookie=0 reconnecting=0 rev1=1 crypto rx=0 tx=0 comp rx=0 tx=0).throttle_dispatch_queue
2026-02-11T23:30:19.869+0000 7f72e3ffe640 20 --2- 127.0.0.1:0/1388548195 >> v2:127.0.0.1:7180/0 conn(0xaf50000 0xaf74000 crc :-1 s=THROTTLE_DONE pgs=18 gs=2 cs=0 l=1 c_cookie=4339685640421731661 s_cookie=0 reconnecting=0 rev1=1 crypto rx=0 tx=0 comp rx=0 tx=0).read_frame_segment seg_idx=0
2026-02-11T23:30:19.869+0000 7f72e3ffe640 20 -- 127.0.0.1:0/1388548195 >> v2:127.0.0.1:7180/0 conn(0xaf50000 msgr2=0xaf74000 crc :-1 s=STATE_CONNECTION_ESTABLISHED l=1).read start len=45
2026-02-11T23:30:19.869+0000 7f72e3ffe640 20 --2- 127.0.0.1:0/1388548195 >> v2:127.0.0.1:7180/0 conn(0xaf50000 0xaf74000 crc :-1 s=THROTTLE_DONE pgs=18 gs=2 cs=0 l=1 c_cookie=4339685640421731661 s_cookie=0 reconnecting=0 rev1=1 crypto rx=0 tx=0 comp rx=0 tx=0).handle_read_frame_segment r=0
2026-02-11T23:30:19.869+0000 7f72e3ffe640 20 --2- 127.0.0.1:0/1388548195 >> v2:127.0.0.1:7180/0 conn(0xaf50000 0xaf74000 crc :-1 s=THROTTLE_DONE pgs=18 gs=2 cs=0 l=1 c_cookie=4339685640421731661 s_cookie=0 reconnecting=0 rev1=1 crypto rx=0 tx=0 comp rx=0 tx=0).read_frame_segment seg_idx=1
2026-02-11T23:30:19.869+0000 7f72e3ffe640 20 -- 127.0.0.1:0/1388548195 >> v2:127.0.0.1:7180/0 conn(0xaf50000 msgr2=0xaf74000 crc :-1 s=STATE_CONNECTION_ESTABLISHED l=1).read start len=662
2026-02-11T23:30:19.869+0000 7f72e3ffe640 20 --2- 127.0.0.1:0/1388548195 >> v2:127.0.0.1:7180/0 conn(0xaf50000 0xaf74000 crc :-1 s=THROTTLE_DONE pgs=18 gs=2 cs=0 l=1 c_cookie=4339685640421731661 s_cookie=0 reconnecting=0 rev1=1 crypto rx=0 tx=0 comp rx=0 tx=0).handle_read_frame_segment r=0
2026-02-11T23:30:19.869+0000 7f72e3ffe640 20 -- 127.0.0.1:0/1388548195 >> v2:127.0.0.1:7180/0 conn(0xaf50000 msgr2=0xaf74000 crc :-1 s=STATE_CONNECTION_ESTABLISHED l=1).read start len=13
2026-02-11T23:30:19.869+0000 7f72e3ffe640 20 --2- 127.0.0.1:0/1388548195 >> v2:127.0.0.1:7180/0 conn(0xaf50000 0xaf74000 crc :-1 s=THROTTLE_DONE pgs=18 gs=2 cs=0 l=1 c_cookie=4339685640421731661 s_cookie=0 reconnecting=0 rev1=1 crypto rx=0 tx=0 comp rx=0 tx=0).handle_read_frame_epilogue_main r=0
2026-02-11T23:30:19.869+0000 7f72e3ffe640 10 --2- 127.0.0.1:0/1388548195 >> v2:127.0.0.1:7180/0 conn(0xaf50000 0xaf74000 crc :-1 s=THROTTLE_DONE pgs=18 gs=2 cs=0 l=1 c_cookie=4339685640421731661 s_cookie=0 reconnecting=0 rev1=1 crypto rx=0 tx=0 comp rx=0 tx=0).handle_read_frame_dispatch tag=17
2026-02-11T23:30:19.869+0000 7f72e3ffe640 20 --2- 127.0.0.1:0/1388548195 >> v2:127.0.0.1:7180/0 conn(0xaf50000 0xaf74000 crc :-1 s=THROTTLE_DONE pgs=18 gs=2 cs=0 l=1 c_cookie=4339685640421731661 s_cookie=0 reconnecting=0 rev1=1 crypto rx=0 tx=0 comp rx=0 tx=0).handle_message
2026-02-11T23:30:19.869+0000 7f72e3ffe640 5 --2- 127.0.0.1:0/1388548195 >> v2:127.0.0.1:7180/0 conn(0xaf50000 0xaf74000 crc :-1 s=THROTTLE_DONE pgs=18 gs=2 cs=0 l=1 c_cookie=4339685640421731661 s_cookie=0 reconnecting=0 rev1=1 crypto rx=0 tx=0 comp rx=0 tx=0).handle_message got 662 + 0 + 0 byte message. envelope type=41 src mon.0 off 0
2026-02-11T23:30:19.869+0000 7f72e3ffe640 5 --2- 127.0.0.1:0/1388548195 >> v2:127.0.0.1:7180/0 conn(0xaf50000 0xaf74000 crc :-1 s=READ_MESSAGE_COMPLETE pgs=18 gs=2 cs=0 l=1 c_cookie=4339685640421731661 s_cookie=0 reconnecting=0 rev1=1 crypto rx=0 tx=0 comp rx=0 tx=0).handle_message received message m=0xb0cba40 seq=55 from=mon.0 type=41 osd_map(10..10 src has 1..10)
2026-02-11T23:30:19.869+0000 7f72e3ffe640 20 -- 127.0.0.1:0/1388548195 queue 0xb0cba40 prio 196
2026-02-11T23:30:19.869+0000 7f72e3ffe640 20 --2- 127.0.0.1:0/1388548195 >> v2:127.0.0.1:7180/0 conn(0xaf50000 0xaf74000 crc :-1 s=READY pgs=18 gs=2 cs=0 l=1 c_cookie=4339685640421731661 s_cookie=0 reconnecting=0 rev1=1 crypto rx=0 tx=0 comp rx=0 tx=0).read_frame
2026-02-11T23:30:19.869+0000 7f72e3ffe640 20 -- 127.0.0.1:0/1388548195 >> v2:127.0.0.1:7180/0 conn(0xaf50000 msgr2=0xaf74000 crc :-1 s=STATE_CONNECTION_ESTABLISHED l=1).read start len=32
2026-02-11T23:30:19.869+0000 7f72dfff6640 1 -- 127.0.0.1:0/1388548195 <== mon.0 v2:127.0.0.1:7180/0 55 ==== osd_map(10..10 src has 1..10) ==== 662+0+0 (crc 0 0 0) 0xb0cba40 con 0xaf50000
2026-02-11T23:30:19.869+0000 7f72dfff6640 10 mgr.4100.objecter ms_dispatch2 0x1656000 osd_map(10..10 src has 1..10)
2026-02-11T23:30:19.869+0000 7f72dfff6640 3 mgr.4100.objecter handle_osd_map got epochs [10,10] > 9
2026-02-11T23:30:19.869+0000 7f72dfff6640 3 mgr.4100.objecter handle_osd_map decoding incremental epoch 10
2026-02-11T23:30:19.869+0000 7f72dfff6640 20 mgr.4100.objecter dump_active .. 0 homeless
2026-02-11T23:30:19.869+0000 7f72dfff6640 10 mgr ms_dispatch2 active osd_map(10..10 src has 1..10)
2026-02-11T23:30:19.869+0000 7f72dfff6640 10 mgr ms_dispatch2 osd_map(10..10 src has 1..10)
2026-02-11T23:30:19.869+0000 7f72dfff6640 1 -- 127.0.0.1:0/1388548195 --> v2:127.0.0.1:7180/0 -- mon_command({"prefix": "osd metadata", "id": 1} v 0) -- 0xafcc900 con 0xaf50000
2026-02-11T23:30:19.869+0000 7f72dfff6640 5 --2- 127.0.0.1:0/1388548195 >> v2:127.0.0.1:7180/0 conn(0xaf50000 0xaf74000 crc :-1 s=READY pgs=18 gs=2 cs=0 l=1 c_cookie=4339685640421731661 s_cookie=0 reconnecting=0 rev1=1 crypto rx=0 tx=0 comp rx=0 tx=0).send_message enqueueing message m=0xafcc900 type=50 mon_command({"prefix": "osd metadata", "id": 1} v 0)
2026-02-11T23:30:19.869+0000 7f72dfff6640 15 --2- 127.0.0.1:0/1388548195 >> v2:127.0.0.1:7180/0 conn(0xaf50000 0xaf74000 crc :-1 s=READY pgs=18 gs=2 cs=0 l=1 c_cookie=4339685640421731661 s_cookie=0 reconnecting=0 rev1=1 crypto rx=0 tx=0 comp rx=0 tx=0).send_message message queued for async transmission m=0xafcc900
2026-02-11T23:30:19.869+0000 7f72dfff6640 20 Event(0x14e8748 nevent=5000 time_id=18).wakeup
2026-02-11T23:30:19.869+0000 7f72dfff6640 10 mgr notify_osdmap v8
2026-02-11T23:30:19.869+0000 7f72e3ffe640 10 -- 127.0.0.1:0/1388548195 >> v2:127.0.0.1:7180/0 conn(0xaf50000 msgr2=0xaf74000 crc :-1 s=STATE_CONNECTION_ESTABLISHED l=1).handle_write
2026-02-11T23:30:19.869+0000 7f72e3ffe640 10 --2- 127.0.0.1:0/1388548195 >> v2:127.0.0.1:7180/0 conn(0xaf50000 0xaf74000 crc :-1 s=READY pgs=18 gs=2 cs=0 l=1 c_cookie=4339685640421731661 s_cookie=0 reconnecting=0 rev1=1 crypto rx=0 tx=0 comp rx=0 tx=0).write_event
2026-02-11T23:30:19.869+0000 7f72dfff6640 10 mgr notify_all notify_all: notify_all osd_map
2026-02-11T23:30:19.869+0000 7f72e3ffe640 20 --2- 127.0.0.1:0/1388548195 >> v2:127.0.0.1:7180/0 conn(0xaf50000 0xaf74000 crc :-1 s=READY pgs=18 gs=2 cs=0 l=1 c_cookie=4339685640421731661 s_cookie=0 reconnecting=0 rev1=1 crypto rx=0 tx=0 comp rx=0 tx=0).prepare_send_message m=mon_command({"prefix": "osd metadata", "id": 1} v 0)
2026-02-11T23:30:19.869+0000 7f72dfff6640 10 mgr.4100.objecter _maybe_request_map subscribing (onetime) to next osd map
2026-02-11T23:30:19.869+0000 7f72e3ffe640 20 --2- 127.0.0.1:0/1388548195 >> v2:127.0.0.1:7180/0 conn(0xaf50000 0xaf74000 crc :-1 s=READY pgs=18 gs=2 cs=0 l=1 c_cookie=4339685640421731661 s_cookie=0 reconnecting=0 rev1=1 crypto rx=0 tx=0 comp rx=0 tx=0).prepare_send_message encoding features 4544132024016699391 0xafcc900 mon_command({"prefix": "osd metadata", "id": 1} v 0)
2026-02-11T23:30:19.869+0000 7f72dfff6640 1 -- 127.0.0.1:0/1388548195 --> v2:127.0.0.1:7180/0 -- mon_subscribe({osdmap=11}) -- 0xb0676c0 con 0xaf50000
2026-02-11T23:30:19.869+0000 7f72dfff6640 5 --2- 127.0.0.1:0/1388548195 >> v2:127.0.0.1:7180/0 conn(0xaf50000 0xaf74000 crc :-1 s=READY pgs=18 gs=2 cs=0 l=1 c_cookie=4339685640421731661 s_cookie=0 reconnecting=0 rev1=1 crypto rx=0 tx=0 comp rx=0 tx=0).send_message enqueueing message m=0xb0676c0 type=15 mon_subscribe({osdmap=11})
2026-02-11T23:30:19.869+0000 7f72dfff6640 15 --2- 127.0.0.1:0/1388548195 >> v2:127.0.0.1:7180/0 conn(0xaf50000 0xaf74000 crc :-1 s=READY pgs=18 gs=2 cs=0 l=1 c_cookie=4339685640421731661 s_cookie=0 reconnecting=0 rev1=1 crypto rx=0 tx=0 comp rx=0 tx=0).send_message message queued for async transmission m=0xb0676c0
2026-02-11T23:30:19.869+0000 7f72e3ffe640 2 --2- 127.0.0.1:0/1388548195 >> v2:127.0.0.1:7180/0 conn(0xaf50000 0xaf74000 crc :-1 s=READY pgs=18 gs=2 cs=0 l=1 c_cookie=4339685640421731661 s_cookie=0 reconnecting=0 rev1=1 crypto rx=0 tx=0 comp rx=0 tx=0).write_message sending message m=0xafcc900 seq=27 mon_command({"prefix": "osd metadata", "id": 1} v 0)
2026-02-11T23:30:19.869+0000 7f72e3ffe640 20 --2- 127.0.0.1:0/1388548195 >> v2:127.0.0.1:7180/0 conn(0xaf50000 0xaf74000 crc :-1 s=READY pgs=18 gs=2 cs=0 l=1 c_cookie=4339685640421731661 s_cookie=0 reconnecting=0 rev1=1 crypto rx=0 tx=0 comp rx=0 tx=0).write_message sending m=0xafcc900 seq=27 src=mgr.4100 off=0
2026-02-11T23:30:19.869+0000 7f72dfff6640 10 -- 127.0.0.1:0/1388548195 dispatch_throttle_release 662 to dispatch throttler 662/104857600
2026-02-11T23:30:19.869+0000 7f72dfff6640 20 -- 127.0.0.1:0/1388548195 done calling dispatch on 0xb0cba40
2026-02-11T23:30:19.869+0000 7f72e3ffe640 10 -- 127.0.0.1:0/1388548195 >> v2:127.0.0.1:7180/0 conn(0xaf50000 msgr2=0xaf74000 crc :-1 s=STATE_CONNECTION_ESTABLISHED l=1)._try_send sent bytes 167 remaining bytes 0
2026-02-11T23:30:19.869+0000 7f72e3ffe640 10 --2- 127.0.0.1:0/1388548195 >> v2:127.0.0.1:7180/0 conn(0xaf50000 0xaf74000 crc :-1 s=READY pgs=18 gs=2 cs=0 l=1 c_cookie=4339685640421731661 s_cookie=0 reconnecting=0 rev1=1 crypto rx=0 tx=0 comp rx=0 tx=0).write_message sending 0xafcc900 done.
2026-02-11T23:30:19.869+0000 7f72e3ffe640 20 --2- 127.0.0.1:0/1388548195 >> v2:127.0.0.1:7180/0 conn(0xaf50000 0xaf74000 crc :-1 s=READY pgs=18 gs=2 cs=0 l=1 c_cookie=4339685640421731661 s_cookie=0 reconnecting=0 rev1=1 crypto rx=0 tx=0 comp rx=0 tx=0).prepare_send_message m=mon_subscribe({osdmap=11})
2026-02-11T23:30:19.869+0000 7f72e3ffe640 20 --2- 127.0.0.1:0/1388548195 >> v2:127.0.0.1:7180/0 conn(0xaf50000 0xaf74000 crc :-1 s=READY pgs=18 gs=2 cs=0 l=1 c_cookie=4339685640421731661 s_cookie=0 reconnecting=0 rev1=1 crypto rx=0 tx=0 comp rx=0 tx=0).prepare_send_message encoding features 4544132024016699391 0xb0676c0 mon_subscribe({osdmap=11})
2026-02-11T23:30:19.869+0000 7f72e3ffe640 2 --2- 127.0.0.1:0/1388548195 >> v2:127.0.0.1:7180/0 conn(0xaf50000 0xaf74000 crc :-1 s=READY pgs=18 gs=2 cs=0 l=1 c_cookie=4339685640421731661 s_cookie=0 reconnecting=0 rev1=1 crypto rx=0 tx=0 comp rx=0 tx=0).write_message sending message m=0xb0676c0 seq=28 mon_subscribe({osdmap=11})
2026-02-11T23:30:19.869+0000 7f72e3ffe640 20 --2- 127.0.0.1:0/1388548195 >> v2:127.0.0.1:7180/0 conn(0xaf50000 0xaf74000 crc :-1 s=READY pgs=18 gs=2 cs=0 l=1 c_cookie=4339685640421731661 s_cookie=0 reconnecting=0 rev1=1 crypto rx=0 tx=0 comp rx=0 tx=0).write_message sending m=0xb0676c0 seq=28 src=mgr.4100 off=0
2026-02-11T23:30:19.869+0000 7f72e3ffe640 10 -- 127.0.0.1:0/1388548195 >> v2:127.0.0.1:7180/0 conn(0xaf50000 msgr2=0xaf74000 crc :-1 s=STATE_CONNECTION_ESTABLISHED l=1)._try_send sent bytes 125 remaining bytes 0
2026-02-11T23:30:19.869+0000 7f72e3ffe640 10 --2- 127.0.0.1:0/1388548195 >> v2:127.0.0.1:7180/0 conn(0xaf50000 0xaf74000 crc :-1 s=READY pgs=18 gs=2 cs=0 l=1 c_cookie=4339685640421731661 s_cookie=0 reconnecting=0 rev1=1 crypto rx=0 tx=0 comp rx=0 tx=0).write_message sending 0xb0676c0 done.
2026-02-11T23:30:19.870+0000 7f72e3ffe640 20 -- 127.0.0.1:0/1388548195 >> v2:127.0.0.1:7180/0 conn(0xaf50000 msgr2=0xaf74000 crc :-1 s=STATE_CONNECTION_ESTABLISHED l=1).process
2026-02-11T23:30:19.870+0000 7f72e3ffe640 20 -- 127.0.0.1:0/1388548195 >> v2:127.0.0.1:7180/0 conn(0xaf50000 msgr2=0xaf74000 crc :-1 s=STATE_CONNECTION_ESTABLISHED l=1).read continue len=32
2026-02-11T23:30:19.870+0000 7f72e3ffe640 20 --2- 127.0.0.1:0/1388548195 >> v2:127.0.0.1:7180/0 conn(0xaf50000 0xaf74000 crc :-1 s=READY pgs=18 gs=2 cs=0 l=1 c_cookie=4339685640421731661 s_cookie=0 reconnecting=0 rev1=1 crypto rx=0 tx=0 comp rx=0 tx=0).handle_read_frame_preamble_main r=0
2026-02-11T23:30:19.870+0000 7f72e3ffe640 20 --2- 127.0.0.1:0/1388548195 >> v2:127.0.0.1:7180/0 conn(0xaf50000 0xaf74000 crc :-1 s=THROTTLE_MESSAGE pgs=18 gs=2 cs=0 l=1 c_cookie=4339685640421731661 s_cookie=0 reconnecting=0 rev1=1 crypto rx=0 tx=0 comp rx=0 tx=0).throttle_message
2026-02-11T23:30:19.870+0000 7f72e3ffe640 20 --2- 127.0.0.1:0/1388548195 >> v2:127.0.0.1:7180/0 conn(0xaf50000 0xaf74000 crc :-1 s=THROTTLE_BYTES pgs=18 gs=2 cs=0 l=1 c_cookie=4339685640421731661 s_cookie=0 reconnecting=0 rev1=1 crypto rx=0 tx=0 comp rx=0 tx=0).throttle_bytes
2026-02-11T23:30:19.870+0000 7f72e3ffe640 20 --2- 127.0.0.1:0/1388548195 >> v2:127.0.0.1:7180/0 conn(0xaf50000 0xaf74000 crc :-1 s=THROTTLE_DISPATCH_QUEUE pgs=18 gs=2 cs=0 l=1 c_cookie=4339685640421731661 s_cookie=0 reconnecting=0 rev1=1 crypto rx=0 tx=0 comp rx=0 tx=0).throttle_dispatch_queue
2026-02-11T23:30:19.870+0000 7f72e3ffe640 20 --2- 127.0.0.1:0/1388548195 >> v2:127.0.0.1:7180/0 conn(0xaf50000 0xaf74000 crc :-1 s=THROTTLE_DONE pgs=18 gs=2 cs=0 l=1 c_cookie=4339685640421731661 s_cookie=0 reconnecting=0 rev1=1 crypto rx=0 tx=0 comp rx=0 tx=0).read_frame_segment seg_idx=0
2026-02-11T23:30:19.870+0000 7f72e3ffe640 20 -- 127.0.0.1:0/1388548195 >> v2:127.0.0.1:7180/0 conn(0xaf50000 msgr2=0xaf74000 crc :-1 s=STATE_CONNECTION_ESTABLISHED l=1).read start len=45
2026-02-11T23:30:19.870+0000 7f72e3ffe640 20 --2- 127.0.0.1:0/1388548195 >> v2:127.0.0.1:7180/0 conn(0xaf50000 0xaf74000 crc :-1 s=THROTTLE_DONE pgs=18 gs=2 cs=0 l=1 c_cookie=4339685640421731661 s_cookie=0 reconnecting=0 rev1=1 crypto rx=0 tx=0 comp rx=0 tx=0).handle_read_frame_segment r=0
2026-02-11T23:30:19.870+0000 7f72e3ffe640 20 --2- 127.0.0.1:0/1388548195 >> v2:127.0.0.1:7180/0 conn(0xaf50000 0xaf74000 crc :-1 s=THROTTLE_DONE pgs=18 gs=2 cs=0 l=1 c_cookie=4339685640421731661 s_cookie=0 reconnecting=0 rev1=1 crypto rx=0 tx=0 comp rx=0 tx=0).read_frame_segment seg_idx=1
2026-02-11T23:30:19.870+0000 7f72e3ffe640 20 -- 127.0.0.1:0/1388548195 >> v2:127.0.0.1:7180/0 conn(0xaf50000 msgr2=0xaf74000 crc :-1 s=STATE_CONNECTION_ESTABLISHED l=1).read start len=69
2026-02-11T23:30:19.870+0000 7f72e3ffe640 20 --2- 127.0.0.1:0/1388548195 >> v2:127.0.0.1:7180/0 conn(0xaf50000 0xaf74000 crc :-1 s=THROTTLE_DONE pgs=18 gs=2 cs=0 l=1 c_cookie=4339685640421731661 s_cookie=0 reconnecting=0 rev1=1 crypto rx=0 tx=0 comp rx=0 tx=0).handle_read_frame_segment r=0
2026-02-11T23:30:19.870+0000 7f72e3ffe640 20 --2- 127.0.0.1:0/1388548195 >> v2:127.0.0.1:7180/0 conn(0xaf50000 0xaf74000 crc :-1 s=THROTTLE_DONE pgs=18 gs=2 cs=0 l=1 c_cookie=4339685640421731661 s_cookie=0 reconnecting=0 rev1=1 crypto rx=0 tx=0 comp rx=0 tx=0).read_frame_segment seg_idx=2
2026-02-11T23:30:19.870+0000 7f72e3ffe640 20 --2- 127.0.0.1:0/1388548195 >> v2:127.0.0.1:7180/0 conn(0xaf50000 0xaf74000 crc :-1 s=THROTTLE_DONE pgs=18 gs=2 cs=0 l=1 c_cookie=4339685640421731661 s_cookie=0 reconnecting=0 rev1=1 crypto rx=0 tx=0 comp rx=0 tx=0).read_frame_segment seg_idx=3
2026-02-11T23:30:19.870+0000 7f72e3ffe640 20 -- 127.0.0.1:0/1388548195 >> v2:127.0.0.1:7180/0 conn(0xaf50000 msgr2=0xaf74000 crc :-1 s=STATE_CONNECTION_ESTABLISHED l=1).read start len=2459
2026-02-11T23:30:19.870+0000 7f72e3ffe640 20 --2- 127.0.0.1:0/1388548195 >> v2:127.0.0.1:7180/0 conn(0xaf50000 0xaf74000 crc :-1 s=THROTTLE_DONE pgs=18 gs=2 cs=0 l=1 c_cookie=4339685640421731661 s_cookie=0 reconnecting=0 rev1=1 crypto rx=0 tx=0 comp rx=0 tx=0).handle_read_frame_segment r=0
2026-02-11T23:30:19.870+0000 7f72e3ffe640 20 -- 127.0.0.1:0/1388548195 >> v2:127.0.0.1:7180/0 conn(0xaf50000 msgr2=0xaf74000 crc :-1 s=STATE_CONNECTION_ESTABLISHED l=1).read start len=13
2026-02-11T23:30:19.870+0000 7f72e3ffe640 20 --2- 127.0.0.1:0/1388548195 >> v2:127.0.0.1:7180/0 conn(0xaf50000 0xaf74000 crc :-1 s=THROTTLE_DONE pgs=18 gs=2 cs=0 l=1 c_cookie=4339685640421731661 s_cookie=0 reconnecting=0 rev1=1 crypto rx=0 tx=0 comp rx=0 tx=0).handle_read_frame_epilogue_main r=0
2026-02-11T23:30:19.870+0000 7f72e3ffe640 10 --2- 127.0.0.1:0/1388548195 >> v2:127.0.0.1:7180/0 conn(0xaf50000 0xaf74000 crc :-1 s=THROTTLE_DONE pgs=18 gs=2 cs=0 l=1 c_cookie=4339685640421731661 s_cookie=0 reconnecting=0 rev1=1 crypto rx=0 tx=0 comp rx=0 tx=0).handle_read_frame_dispatch tag=17
2026-02-11T23:30:19.870+0000 7f72e3ffe640 20 --2- 127.0.0.1:0/1388548195 >> v2:127.0.0.1:7180/0 conn(0xaf50000 0xaf74000 crc :-1 s=THROTTLE_DONE pgs=18 gs=2 cs=0 l=1 c_cookie=4339685640421731661 s_cookie=0 reconnecting=0 rev1=1 crypto rx=0 tx=0 comp rx=0 tx=0).handle_message
2026-02-11T23:30:19.870+0000 7f72e3ffe640 5 --2- 127.0.0.1:0/1388548195 >> v2:127.0.0.1:7180/0 conn(0xaf50000 0xaf74000 crc :-1 s=THROTTLE_DONE pgs=18 gs=2 cs=0 l=1 c_cookie=4339685640421731661 s_cookie=0 reconnecting=0 rev1=1 crypto rx=0 tx=0 comp rx=0 tx=0).handle_message got 69 + 0 + 2459 byte message. envelope type=51 src mon.0 off 0
2026-02-11T23:30:19.870+0000 7f72e3ffe640 5 --2- 127.0.0.1:0/1388548195 >> v2:127.0.0.1:7180/0 conn(0xaf50000 0xaf74000 crc :-1 s=READ_MESSAGE_COMPLETE pgs=18 gs=2 cs=0 l=1 c_cookie=4339685640421731661 s_cookie=0 reconnecting=0 rev1=1 crypto rx=0 tx=0 comp rx=0 tx=0).handle_message received message m=0xb0676c0 seq=56 from=mon.0 type=51 mon_command_ack([{"prefix": "osd metadata", "id": 1}]=0 v10)
2026-02-11T23:30:19.870+0000 7f72e3ffe640 20 -- 127.0.0.1:0/1388548195 queue 0xb0676c0 prio 196
2026-02-11T23:30:19.870+0000 7f72e3ffe640 20 --2- 127.0.0.1:0/1388548195 >> v2:127.0.0.1:7180/0 conn(0xaf50000 0xaf74000 crc :-1 s=READY pgs=18 gs=2 cs=0 l=1 c_cookie=4339685640421731661 s_cookie=0 reconnecting=0 rev1=1 crypto rx=0 tx=0 comp rx=0 tx=0).read_frame
2026-02-11T23:30:19.870+0000 7f72e3ffe640 20 -- 127.0.0.1:0/1388548195 >> v2:127.0.0.1:7180/0 conn(0xaf50000 msgr2=0xaf74000 crc :-1 s=STATE_CONNECTION_ESTABLISHED l=1).read start len=32
2026-02-11T23:30:19.870+0000 7f72dfff6640 1 -- 127.0.0.1:0/1388548195 <== mon.0 v2:127.0.0.1:7180/0 56 ==== mon_command_ack([{"prefix": "osd metadata", "id": 1}]=0 v10) ==== 69+0+2459 (crc 0 0 0) 0xb0676c0 con 0xaf50000
2026-02-11T23:30:19.870+0000 7f72dfff6640 10 -- 127.0.0.1:0/1388548195 dispatch_throttle_release 2528 to dispatch throttler 2528/104857600
2026-02-11T23:30:19.870+0000 7f72dfff6640 20 -- 127.0.0.1:0/1388548195 done calling dispatch on 0xb0676c0
2026-02-11T23:30:19.871+0000 7f72deff4640 4 mgr finish mon returned valid metadata JSON for osd.1
2026-02-11T23:30:19.871+0000 7f72e3ffe640 20 -- 127.0.0.1:0/1388548195 >> v2:127.0.0.1:7180/0 conn(0xaf50000 msgr2=0xaf74000 crc :-1 s=STATE_CONNECTION_ESTABLISHED l=1).process
2026-02-11T23:30:19.871+0000 7f72e3ffe640 20 -- 127.0.0.1:0/1388548195 >> v2:127.0.0.1:7180/0 conn(0xaf50000 msgr2=0xaf74000 crc :-1 s=STATE_CONNECTION_ESTABLISHED l=1).read continue len=32
2026-02-11T23:30:19.871+0000 7f72e3ffe640 20 --2- 127.0.0.1:0/1388548195 >> v2:127.0.0.1:7180/0 conn(0xaf50000 0xaf74000 crc :-1 s=READY pgs=18 gs=2 cs=0 l=1 c_cookie=4339685640421731661 s_cookie=0 reconnecting=0 rev1=1 crypto rx=0 tx=0 comp rx=0 tx=0).handle_read_frame_preamble_main r=0
2026-02-11T23:30:19.871+0000 7f72e3ffe640 20 --2- 127.0.0.1:0/1388548195 >> v2:127.0.0.1:7180/0 conn(0xaf50000 0xaf74000 crc :-1 s=THROTTLE_MESSAGE pgs=18 gs=2 cs=0 l=1 c_cookie=4339685640421731661 s_cookie=0 reconnecting=0 rev1=1 crypto rx=0 tx=0 comp rx=0 tx=0).throttle_message
2026-02-11T23:30:19.871+0000 7f72e3ffe640 20 --2- 127.0.0.1:0/1388548195 >> v2:127.0.0.1:7180/0 conn(0xaf50000 0xaf74000 crc :-1 s=THROTTLE_BYTES pgs=18 gs=2 cs=0 l=1 c_cookie=4339685640421731661 s_cookie=0 reconnecting=0 rev1=1 crypto rx=0 tx=0 comp rx=0 tx=0).throttle_bytes
2026-02-11T23:30:19.871+0000 7f72e3ffe640 20 --2- 127.0.0.1:0/1388548195 >> v2:127.0.0.1:7180/0 conn(0xaf50000 0xaf74000 crc :-1 s=THROTTLE_DISPATCH_QUEUE pgs=18 gs=2 cs=0 l=1 c_cookie=4339685640421731661 s_cookie=0 reconnecting=0 rev1=1 crypto rx=0 tx=0 comp rx=0 tx=0).throttle_dispatch_queue
2026-02-11T23:30:19.871+0000 7f72e3ffe640 20 --2- 127.0.0.1:0/1388548195 >> v2:127.0.0.1:7180/0 conn(0xaf50000 0xaf74000 crc :-1 s=THROTTLE_DONE pgs=18 gs=2 cs=0 l=1 c_cookie=4339685640421731661 s_cookie=0 reconnecting=0 rev1=1 crypto rx=0 tx=0 comp rx=0 tx=0).read_frame_segment seg_idx=0
2026-02-11T23:30:19.871+0000 7f72e3ffe640 20 -- 127.0.0.1:0/1388548195 >> v2:127.0.0.1:7180/0 conn(0xaf50000 msgr2=0xaf74000 crc :-1 s=STATE_CONNECTION_ESTABLISHED l=1).read start len=45
2026-02-11T23:30:19.871+0000 7f72e3ffe640 20 --2- 127.0.0.1:0/1388548195 >> v2:127.0.0.1:7180/0 conn(0xaf50000 0xaf74000 crc :-1 s=THROTTLE_DONE pgs=18 gs=2 cs=0 l=1 c_cookie=4339685640421731661 s_cookie=0 reconnecting=0 rev1=1 crypto rx=0 tx=0 comp rx=0 tx=0).handle_read_frame_segment r=0
2026-02-11T23:30:19.871+0000 7f72e3ffe640 20 --2- 127.0.0.1:0/1388548195 >> v2:127.0.0.1:7180/0 conn(0xaf50000 0xaf74000 crc :-1 s=THROTTLE_DONE pgs=18 gs=2 cs=0 l=1 c_cookie=4339685640421731661 s_cookie=0 reconnecting=0 rev1=1 crypto rx=0 tx=0 comp rx=0 tx=0).read_frame_segment seg_idx=1
2026-02-11T23:30:19.871+0000 7f72e3ffe640 20 -- 127.0.0.1:0/1388548195 >> v2:127.0.0.1:7180/0 conn(0xaf50000 msgr2=0xaf74000 crc :-1 s=STATE_CONNECTION_ESTABLISHED l=1).read start len=221
2026-02-11T23:30:19.871+0000 7f72e3ffe640 20 --2- 127.0.0.1:0/1388548195 >> v2:127.0.0.1:7180/0 conn(0xaf50000 0xaf74000 crc :-1 s=THROTTLE_DONE pgs=18 gs=2 cs=0 l=1 c_cookie=4339685640421731661 s_cookie=0 reconnecting=0 rev1=1 crypto rx=0 tx=0 comp rx=0 tx=0).handle_read_frame_segment r=0
2026-02-11T23:30:19.871+0000 7f72e3ffe640 20 -- 127.0.0.1:0/1388548195 >> v2:127.0.0.1:7180/0 conn(0xaf50000 msgr2=0xaf74000 crc :-1 s=STATE_CONNECTION_ESTABLISHED l=1).read start len=13
2026-02-11T23:30:19.871+0000 7f72e3ffe640 20 --2- 127.0.0.1:0/1388548195 >> v2:127.0.0.1:7180/0 conn(0xaf50000 0xaf74000 crc :-1 s=THROTTLE_DONE pgs=18 gs=2 cs=0 l=1 c_cookie=4339685640421731661 s_cookie=0 reconnecting=0 rev1=1 crypto rx=0 tx=0 comp rx=0 tx=0).handle_read_frame_epilogue_main r=0
2026-02-11T23:30:19.871+0000 7f72e3ffe640 10 --2- 127.0.0.1:0/1388548195 >> v2:127.0.0.1:7180/0 conn(0xaf50000 0xaf74000 crc :-1 s=THROTTLE_DONE pgs=18 gs=2 cs=0 l=1 c_cookie=4339685640421731661 s_cookie=0 reconnecting=0 rev1=1 crypto rx=0 tx=0 comp rx=0 tx=0).handle_read_frame_dispatch tag=17
2026-02-11T23:30:19.871+0000 7f72e3ffe640 20 --2- 127.0.0.1:0/1388548195 >> v2:127.0.0.1:7180/0 conn(0xaf50000 0xaf74000 crc :-1 s=THROTTLE_DONE pgs=18 gs=2 cs=0 l=1 c_cookie=4339685640421731661 s_cookie=0 reconnecting=0 rev1=1 crypto rx=0 tx=0 comp rx=0 tx=0).handle_message
2026-02-11T23:30:19.871+0000 7f72e3ffe640 5 --2- 127.0.0.1:0/1388548195 >> v2:127.0.0.1:7180/0 conn(0xaf50000 0xaf74000 crc :-1 s=THROTTLE_DONE pgs=18 gs=2 cs=0 l=1 c_cookie=4339685640421731661 s_cookie=0 reconnecting=0 rev1=1 crypto rx=0 tx=0 comp rx=0 tx=0).handle_message got 221 + 0 + 0 byte message. envelope type=52 src mon.0 off 0
2026-02-11T23:30:19.871+0000 7f72e3ffe640 5 --2- 127.0.0.1:0/1388548195 >> v2:127.0.0.1:7180/0 conn(0xaf50000 0xaf74000 crc :-1 s=READ_MESSAGE_COMPLETE pgs=18 gs=2 cs=0 l=1 c_cookie=4339685640421731661 s_cookie=0 reconnecting=0 rev1=1 crypto rx=0 tx=0 comp rx=0 tx=0).handle_message received message m=0xb0cb880 seq=57 from=mon.0 type=52 log(1 entries from seq 73 at
2026-02-11T23:30:19.770052+0000)
2026-02-11T23:30:19.871+0000 7f72e3ffe640 20 -- 127.0.0.1:0/1388548195 queue 0xb0cb880 prio 196
2026-02-11T23:30:19.871+0000 7f72e3ffe640 20 --2- 127.0.0.1:0/1388548195 >> v2:127.0.0.1:7180/0 conn(0xaf50000 0xaf74000 crc :-1 s=READY pgs=18 gs=2 cs=0 l=1 c_cookie=4339685640421731661 s_cookie=0 reconnecting=0 rev1=1 crypto rx=0 tx=0 comp rx=0 tx=0).read_frame
2026-02-11T23:30:19.871+0000 7f72e3ffe640 20 -- 127.0.0.1:0/1388548195 >> v2:127.0.0.1:7180/0 conn(0xaf50000 msgr2=0xaf74000 crc :-1 s=STATE_CONNECTION_ESTABLISHED l=1).read start len=32
