2026-02-11T23:30:19.871+0000 7f72dfff6640 1 -- 127.0.0.1:0/1388548195 <== mon.0 v2:127.0.0.1:7180/0 57 ==== log(1 entries from seq 73 at
2026-02-11T23:30:19.770052+0000) ==== 221+0+0 (crc 0 0 0) 0xb0cb880 con 0xaf50000
2026-02-11T23:30:19.871+0000 7f72dfff6640 10 mgr.4100.objecter ms_dispatch2 0x1656000 log(1 entries from seq 73 at
2026-02-11T23:30:19.770052+0000)
2026-02-11T23:30:19.871+0000 7f72dfff6640 10 mgr ms_dispatch2 active log(1 entries from seq 73 at
2026-02-11T23:30:19.770052+0000)
2026-02-11T23:30:19.871+0000 7f72dfff6640 10 mgr ms_dispatch2 log(1 entries from seq 73 at
2026-02-11T23:30:19.770052+0000)
2026-02-11T23:30:19.871+0000 7f72dfff6640 10 mgr notify_all notify_all: notify_all (clog)
2026-02-11T23:30:19.871+0000 7f72dfff6640 10 -- 127.0.0.1:0/1388548195 dispatch_throttle_release 221 to dispatch throttler 221/104857600
2026-02-11T23:30:19.871+0000 7f72dfff6640 20 -- 127.0.0.1:0/1388548195 done calling dispatch on 0xb0cb880
2026-02-11T23:30:19.971+0000 7f72e3ffe640 20 -- 127.0.0.1:0/1388548195 >> v2:127.0.0.1:7180/0 conn(0xaf50000 msgr2=0xaf74000 crc :-1 s=STATE_CONNECTION_ESTABLISHED l=1).process
2026-02-11T23:30:19.971+0000 7f72e3ffe640 20 -- 127.0.0.1:0/1388548195 >> v2:127.0.0.1:7180/0 conn(0xaf50000 msgr2=0xaf74000 crc :-1 s=STATE_CONNECTION_ESTABLISHED l=1).read continue len=32
2026-02-11T23:30:19.971+0000 7f72e3ffe640 20 --2- 127.0.0.1:0/1388548195 >> v2:127.0.0.1:7180/0 conn(0xaf50000 0xaf74000 crc :-1 s=READY pgs=18 gs=2 cs=0 l=1 c_cookie=4339685640421731661 s_cookie=0 reconnecting=0 rev1=1 crypto rx=0 tx=0 comp rx=0 tx=0).handle_read_frame_preamble_main r=0
2026-02-11T23:30:19.971+0000 7f72e3ffe640 20 --2- 127.0.0.1:0/1388548195 >> v2:127.0.0.1:7180/0 conn(0xaf50000 0xaf74000 crc :-1 s=THROTTLE_MESSAGE pgs=18 gs=2 cs=0 l=1 c_cookie=4339685640421731661 s_cookie=0 reconnecting=0 rev1=1 crypto rx=0 tx=0 comp rx=0 tx=0).throttle_message
2026-02-11T23:30:19.971+0000 7f72e3ffe640 20 --2- 127.0.0.1:0/1388548195 >> v2:127.0.0.1:7180/0 conn(0xaf50000 0xaf74000 crc :-1 s=THROTTLE_BYTES pgs=18 gs=2 cs=0 l=1 c_cookie=4339685640421731661 s_cookie=0 reconnecting=0 rev1=1 crypto rx=0 tx=0 comp rx=0 tx=0).throttle_bytes
2026-02-11T23:30:19.971+0000 7f72e3ffe640 20 --2- 127.0.0.1:0/1388548195 >> v2:127.0.0.1:7180/0 conn(0xaf50000 0xaf74000 crc :-1 s=THROTTLE_DISPATCH_QUEUE pgs=18 gs=2 cs=0 l=1 c_cookie=4339685640421731661 s_cookie=0 reconnecting=0 rev1=1 crypto rx=0 tx=0 comp rx=0 tx=0).throttle_dispatch_queue
2026-02-11T23:30:19.971+0000 7f72e3ffe640 20 --2- 127.0.0.1:0/1388548195 >> v2:127.0.0.1:7180/0 conn(0xaf50000 0xaf74000 crc :-1 s=THROTTLE_DONE pgs=18 gs=2 cs=0 l=1 c_cookie=4339685640421731661 s_cookie=0 reconnecting=0 rev1=1 crypto rx=0 tx=0 comp rx=0 tx=0).read_frame_segment seg_idx=0
2026-02-11T23:30:19.971+0000 7f72e3ffe640 20 -- 127.0.0.1:0/1388548195 >> v2:127.0.0.1:7180/0 conn(0xaf50000 msgr2=0xaf74000 crc :-1 s=STATE_CONNECTION_ESTABLISHED l=1).read start len=45
2026-02-11T23:30:19.971+0000 7f72e3ffe640 20 --2- 127.0.0.1:0/1388548195 >> v2:127.0.0.1:7180/0 conn(0xaf50000 0xaf74000 crc :-1 s=THROTTLE_DONE pgs=18 gs=2 cs=0 l=1 c_cookie=4339685640421731661 s_cookie=0 reconnecting=0 rev1=1 crypto rx=0 tx=0 comp rx=0 tx=0).handle_read_frame_segment r=0
2026-02-11T23:30:19.971+0000 7f72e3ffe640 20 --2- 127.0.0.1:0/1388548195 >> v2:127.0.0.1:7180/0 conn(0xaf50000 0xaf74000 crc :-1 s=THROTTLE_DONE pgs=18 gs=2 cs=0 l=1 c_cookie=4339685640421731661 s_cookie=0 reconnecting=0 rev1=1 crypto rx=0 tx=0 comp rx=0 tx=0).read_frame_segment seg_idx=1
2026-02-11T23:30:19.971+0000 7f72e3ffe640 20 -- 127.0.0.1:0/1388548195 >> v2:127.0.0.1:7180/0 conn(0xaf50000 msgr2=0xaf74000 crc :-1 s=STATE_CONNECTION_ESTABLISHED l=1).read start len=205
2026-02-11T23:30:19.971+0000 7f72e3ffe640 20 --2- 127.0.0.1:0/1388548195 >> v2:127.0.0.1:7180/0 conn(0xaf50000 0xaf74000 crc :-1 s=THROTTLE_DONE pgs=18 gs=2 cs=0 l=1 c_cookie=4339685640421731661 s_cookie=0 reconnecting=0 rev1=1 crypto rx=0 tx=0 comp rx=0 tx=0).handle_read_frame_segment r=0
2026-02-11T23:30:19.971+0000 7f72e3ffe640 20 -- 127.0.0.1:0/1388548195 >> v2:127.0.0.1:7180/0 conn(0xaf50000 msgr2=0xaf74000 crc :-1 s=STATE_CONNECTION_ESTABLISHED l=1).read start len=13
2026-02-11T23:30:19.971+0000 7f72e3ffe640 20 --2- 127.0.0.1:0/1388548195 >> v2:127.0.0.1:7180/0 conn(0xaf50000 0xaf74000 crc :-1 s=THROTTLE_DONE pgs=18 gs=2 cs=0 l=1 c_cookie=4339685640421731661 s_cookie=0 reconnecting=0 rev1=1 crypto rx=0 tx=0 comp rx=0 tx=0).handle_read_frame_epilogue_main r=0
2026-02-11T23:30:19.971+0000 7f72e3ffe640 10 --2- 127.0.0.1:0/1388548195 >> v2:127.0.0.1:7180/0 conn(0xaf50000 0xaf74000 crc :-1 s=THROTTLE_DONE pgs=18 gs=2 cs=0 l=1 c_cookie=4339685640421731661 s_cookie=0 reconnecting=0 rev1=1 crypto rx=0 tx=0 comp rx=0 tx=0).handle_read_frame_dispatch tag=17
2026-02-11T23:30:19.971+0000 7f72e3ffe640 20 --2- 127.0.0.1:0/1388548195 >> v2:127.0.0.1:7180/0 conn(0xaf50000 0xaf74000 crc :-1 s=THROTTLE_DONE pgs=18 gs=2 cs=0 l=1 c_cookie=4339685640421731661 s_cookie=0 reconnecting=0 rev1=1 crypto rx=0 tx=0 comp rx=0 tx=0).handle_message
2026-02-11T23:30:19.971+0000 7f72e3ffe640 5 --2- 127.0.0.1:0/1388548195 >> v2:127.0.0.1:7180/0 conn(0xaf50000 0xaf74000 crc :-1 s=THROTTLE_DONE pgs=18 gs=2 cs=0 l=1 c_cookie=4339685640421731661 s_cookie=0 reconnecting=0 rev1=1 crypto rx=0 tx=0 comp rx=0 tx=0).handle_message got 205 + 0 + 0 byte message. envelope type=52 src mon.0 off 0
2026-02-11T23:30:19.971+0000 7f72e3ffe640 5 --2- 127.0.0.1:0/1388548195 >> v2:127.0.0.1:7180/0 conn(0xaf50000 0xaf74000 crc :-1 s=READ_MESSAGE_COMPLETE pgs=18 gs=2 cs=0 l=1 c_cookie=4339685640421731661 s_cookie=0 reconnecting=0 rev1=1 crypto rx=0 tx=0 comp rx=0 tx=0).handle_message received message m=0xb0cb180 seq=58 from=mon.0 type=52 log(1 entries from seq 74 at
2026-02-11T23:30:19.870867+0000)
2026-02-11T23:30:19.971+0000 7f72e3ffe640 20 -- 127.0.0.1:0/1388548195 queue 0xb0cb180 prio 196
2026-02-11T23:30:19.971+0000 7f72e3ffe640 20 --2- 127.0.0.1:0/1388548195 >> v2:127.0.0.1:7180/0 conn(0xaf50000 0xaf74000 crc :-1 s=READY pgs=18 gs=2 cs=0 l=1 c_cookie=4339685640421731661 s_cookie=0 reconnecting=0 rev1=1 crypto rx=0 tx=0 comp rx=0 tx=0).read_frame
2026-02-11T23:30:19.971+0000 7f72e3ffe640 20 -- 127.0.0.1:0/1388548195 >> v2:127.0.0.1:7180/0 conn(0xaf50000 msgr2=0xaf74000 crc :-1 s=STATE_CONNECTION_ESTABLISHED l=1).read start len=32
2026-02-11T23:30:19.971+0000 7f72dfff6640 1 -- 127.0.0.1:0/1388548195 <== mon.0 v2:127.0.0.1:7180/0 58 ==== log(1 entries from seq 74 at
2026-02-11T23:30:19.870867+0000) ==== 205+0+0 (crc 0 0 0) 0xb0cb180 con 0xaf50000
2026-02-11T23:30:19.971+0000 7f72dfff6640 10 mgr.4100.objecter ms_dispatch2 0x1656000 log(1 entries from seq 74 at
2026-02-11T23:30:19.870867+0000)
2026-02-11T23:30:19.971+0000 7f72dfff6640 10 mgr ms_dispatch2 active log(1 entries from seq 74 at
2026-02-11T23:30:19.870867+0000)
2026-02-11T23:30:19.971+0000 7f72dfff6640 10 mgr ms_dispatch2 log(1 entries from seq 74 at
2026-02-11T23:30:19.870867+0000)
2026-02-11T23:30:19.971+0000 7f72dfff6640 10 mgr notify_all notify_all: notify_all (clog)
2026-02-11T23:30:19.971+0000 7f72dfff6640 10 -- 127.0.0.1:0/1388548195 dispatch_throttle_release 205 to dispatch throttler 205/104857600
2026-02-11T23:30:19.971+0000 7f72dfff6640 20 -- 127.0.0.1:0/1388548195 done calling dispatch on 0xb0cb180
2026-02-11T23:30:20.097+0000 7f72dcff0640 10 mgr tick tick
2026-02-11T23:30:20.097+0000 7f72dcff0640 20 mgr send_beacon active
2026-02-11T23:30:20.098+0000 7f72dcff0640 15 mgr send_beacon noting RADOS client for blocklist: libcephsqlite,v2:127.0.0.1:0/987863127
2026-02-11T23:30:20.098+0000 7f72dcff0640 15 mgr send_beacon noting RADOS client for blocklist: rbd_support,v2:127.0.0.1:0/2999276704
2026-02-11T23:30:20.098+0000 7f72dcff0640 15 mgr send_beacon noting RADOS client for blocklist: volumes,v2:127.0.0.1:0/85442214
2026-02-11T23:30:20.098+0000 7f72dcff0640 10 mgr send_beacon sending beacon as gid 4100
2026-02-11T23:30:20.098+0000 7f72dcff0640 1 -- 127.0.0.1:0/1388548195 --> v2:127.0.0.1:7180/0 -- mgrbeacon mgr.x(cb0a9481-482d-477a-a81c-1446b6498370,4100, [v2:127.0.0.1:6808/4279895178,v1:127.0.0.1:6809/4279895178], 1) -- 0xb323680 con 0xaf50000
2026-02-11T23:30:20.098+0000 7f72dcff0640 5 --2- 127.0.0.1:0/1388548195 >> v2:127.0.0.1:7180/0 conn(0xaf50000 0xaf74000 crc :-1 s=READY pgs=18 gs=2 cs=0 l=1 c_cookie=4339685640421731661 s_cookie=0 reconnecting=0 rev1=1 crypto rx=0 tx=0 comp rx=0 tx=0).send_message enqueueing message m=0xb323680 type=1795 mgrbeacon mgr.x(cb0a9481-482d-477a-a81c-1446b6498370,4100, [v2:127.0.0.1:6808/4279895178,v1:127.0.0.1:6809/4279895178], 1)
2026-02-11T23:30:20.098+0000 7f72dcff0640 15 --2- 127.0.0.1:0/1388548195 >> v2:127.0.0.1:7180/0 conn(0xaf50000 0xaf74000 crc :-1 s=READY pgs=18 gs=2 cs=0 l=1 c_cookie=4339685640421731661 s_cookie=0 reconnecting=0 rev1=1 crypto rx=0 tx=0 comp rx=0 tx=0).send_message message queued for async transmission m=0xb323680
2026-02-11T23:30:20.098+0000 7f72dcff0640 20 Event(0x14e8748 nevent=5000 time_id=18).wakeup
2026-02-11T23:30:20.098+0000 7f72e3ffe640 10 -- 127.0.0.1:0/1388548195 >> v2:127.0.0.1:7180/0 conn(0xaf50000 msgr2=0xaf74000 crc :-1 s=STATE_CONNECTION_ESTABLISHED l=1).handle_write
2026-02-11T23:30:20.098+0000 7f72e3ffe640 10 --2- 127.0.0.1:0/1388548195 >> v2:127.0.0.1:7180/0 conn(0xaf50000 0xaf74000 crc :-1 s=READY pgs=18 gs=2 cs=0 l=1 c_cookie=4339685640421731661 s_cookie=0 reconnecting=0 rev1=1 crypto rx=0 tx=0 comp rx=0 tx=0).write_event
2026-02-11T23:30:20.098+0000 7f72e3ffe640 20 --2- 127.0.0.1:0/1388548195 >> v2:127.0.0.1:7180/0 conn(0xaf50000 0xaf74000 crc :-1 s=READY pgs=18 gs=2 cs=0 l=1 c_cookie=4339685640421731661 s_cookie=0 reconnecting=0 rev1=1 crypto rx=0 tx=0 comp rx=0 tx=0).prepare_send_message m=mgrbeacon mgr.x(cb0a9481-482d-477a-a81c-1446b6498370,4100, [v2:127.0.0.1:6808/4279895178,v1:127.0.0.1:6809/4279895178], 1)
2026-02-11T23:30:20.098+0000 7f72e3ffe640 20 --2- 127.0.0.1:0/1388548195 >> v2:127.0.0.1:7180/0 conn(0xaf50000 0xaf74000 crc :-1 s=READY pgs=18 gs=2 cs=0 l=1 c_cookie=4339685640421731661 s_cookie=0 reconnecting=0 rev1=1 crypto rx=0 tx=0 comp rx=0 tx=0).prepare_send_message encoding features 4544132024016699391 0xb323680 mgrbeacon mgr.x(cb0a9481-482d-477a-a81c-1446b6498370,4100, [v2:127.0.0.1:6808/4279895178,v1:127.0.0.1:6809/4279895178], 1)
2026-02-11T23:30:20.098+0000 7f72e3ffe640 2 --2- 127.0.0.1:0/1388548195 >> v2:127.0.0.1:7180/0 conn(0xaf50000 0xaf74000 crc :-1 s=READY pgs=18 gs=2 cs=0 l=1 c_cookie=4339685640421731661 s_cookie=0 reconnecting=0 rev1=1 crypto rx=0 tx=0 comp rx=0 tx=0).write_message sending message m=0xb323680 seq=29 mgrbeacon mgr.x(cb0a9481-482d-477a-a81c-1446b6498370,4100, [v2:127.0.0.1:6808/4279895178,v1:127.0.0.1:6809/4279895178], 1)
2026-02-11T23:30:20.098+0000 7f72e3ffe640 20 --2- 127.0.0.1:0/1388548195 >> v2:127.0.0.1:7180/0 conn(0xaf50000 0xaf74000 crc :-1 s=READY pgs=18 gs=2 cs=0 l=1 c_cookie=4339685640421731661 s_cookie=0 reconnecting=0 rev1=1 crypto rx=0 tx=0 comp rx=0 tx=0).write_message sending m=0xb323680 seq=29 src=mgr.4100 off=0
2026-02-11T23:30:20.098+0000 7f72e3ffe640 10 -- 127.0.0.1:0/1388548195 >> v2:127.0.0.1:7180/0 conn(0xaf50000 msgr2=0xaf74000 crc :-1 s=STATE_CONNECTION_ESTABLISHED l=1)._try_send sent bytes 54172 remaining bytes 0
2026-02-11T23:30:20.098+0000 7f72e3ffe640 10 --2- 127.0.0.1:0/1388548195 >> v2:127.0.0.1:7180/0 conn(0xaf50000 0xaf74000 crc :-1 s=READY pgs=18 gs=2 cs=0 l=1 c_cookie=4339685640421731661 s_cookie=0 reconnecting=0 rev1=1 crypto rx=0 tx=0 comp rx=0 tx=0).write_message sending 0xb323680 done.
2026-02-11T23:30:20.101+0000 7f71ff892640 10 mgr.server tick
2026-02-11T23:30:20.101+0000 7f71ff892640 15 mgr get_health_checks getting health checks for balancer
2026-02-11T23:30:20.101+0000 7f71ff892640 15 mgr get_health_checks getting health checks for crash
2026-02-11T23:30:20.101+0000 7f71ff892640 15 mgr get_health_checks getting health checks for devicehealth
2026-02-11T23:30:20.101+0000 7f71ff892640 15 mgr get_health_checks getting health checks for iostat
2026-02-11T23:30:20.101+0000 7f71ff892640 15 mgr get_health_checks getting health checks for nfs
2026-02-11T23:30:20.101+0000 7f71ff892640 15 mgr get_health_checks getting health checks for orchestrator
2026-02-11T23:30:20.101+0000 7f71ff892640 15 mgr get_health_checks getting health checks for pg_autoscaler
2026-02-11T23:30:20.101+0000 7f71ff892640 15 mgr get_health_checks getting health checks for progress
2026-02-11T23:30:20.101+0000 7f71ff892640 15 mgr get_health_checks getting health checks for rbd_support
2026-02-11T23:30:20.101+0000 7f71ff892640 15 mgr get_health_checks getting health checks for status
2026-02-11T23:30:20.101+0000 7f71ff892640 15 mgr get_health_checks getting health checks for telemetry
2026-02-11T23:30:20.101+0000 7f71ff892640 15 mgr get_health_checks getting health checks for volumes
2026-02-11T23:30:20.101+0000 7f71ff892640 10 mgr update_delta_stats v9
2026-02-11T23:30:20.101+0000 7f71ff892640 10 mgr.server operator() 0 pgs: ; 0 B data, 0 B used, 3.5 MiB / 3.5 MiB avail
2026-02-11T23:30:20.101+0000 7f71ff892640 10 mgr.server operator() 1 health checks
2026-02-11T23:30:20.101+0000 7f71ff892640 20 mgr.server operator() health checks: { "TOO_FEW_OSDS": { "severity": "HEALTH_WARN", "summary": { "message": "OSD count 2 < osd_pool_default_size 3", "count": 1 }, "detail": [] } }
2026-02-11T23:30:20.101+0000 7f71ff892640 0 log_channel(cluster) log [DBG] : pgmap v9: 0 pgs: ; 0 B data, 0 B used, 3.5 MiB / 3.5 MiB avail
2026-02-11T23:30:20.101+0000 7f71ff892640 1 -- 127.0.0.1:0/1388548195 --> v2:127.0.0.1:7180/0 -- monmgrreport(gid 4100, 1 checks, 0 progress events) -- 0xb61f0e0 con 0xaf50000
2026-02-11T23:30:20.101+0000 7f71ff892640 5 --2- 127.0.0.1:0/1388548195 >> v2:127.0.0.1:7180/0 conn(0xaf50000 0xaf74000 crc :-1 s=READY pgs=18 gs=2 cs=0 l=1 c_cookie=4339685640421731661 s_cookie=0 reconnecting=0 rev1=1 crypto rx=0 tx=0 comp rx=0 tx=0).send_message enqueueing message m=0xb61f0e0 type=1798 monmgrreport(gid 4100, 1 checks, 0 progress events)
2026-02-11T23:30:20.101+0000 7f71ff892640 15 --2- 127.0.0.1:0/1388548195 >> v2:127.0.0.1:7180/0 conn(0xaf50000 0xaf74000 crc :-1 s=READY pgs=18 gs=2 cs=0 l=1 c_cookie=4339685640421731661 s_cookie=0 reconnecting=0 rev1=1 crypto rx=0 tx=0 comp rx=0 tx=0).send_message message queued for async transmission m=0xb61f0e0
2026-02-11T23:30:20.101+0000 7f71ff892640 20 Event(0x14e8748 nevent=5000 time_id=18).wakeup
2026-02-11T23:30:20.101+0000 7f71ff892640 20 mgr.server adjust_pgs
2026-02-11T23:30:20.101+0000 7f72e3ffe640 10 -- 127.0.0.1:0/1388548195 >> v2:127.0.0.1:7180/0 conn(0xaf50000 msgr2=0xaf74000 crc :-1 s=STATE_CONNECTION_ESTABLISHED l=1).handle_write
2026-02-11T23:30:20.101+0000 7f72e3ffe640 10 --2- 127.0.0.1:0/1388548195 >> v2:127.0.0.1:7180/0 conn(0xaf50000 0xaf74000 crc :-1 s=READY pgs=18 gs=2 cs=0 l=1 c_cookie=4339685640421731661 s_cookie=0 reconnecting=0 rev1=1 crypto rx=0 tx=0 comp rx=0 tx=0).write_event
2026-02-11T23:30:20.101+0000 7f71ff892640 10 mgr.server operator() creating_or_unknown 0 max_creating 1024 left 1024
2026-02-11T23:30:20.101+0000 7f72e3ffe640 20 --2- 127.0.0.1:0/1388548195 >> v2:127.0.0.1:7180/0 conn(0xaf50000 0xaf74000 crc :-1 s=READY pgs=18 gs=2 cs=0 l=1 c_cookie=4339685640421731661 s_cookie=0 reconnecting=0 rev1=1 crypto rx=0 tx=0 comp rx=0 tx=0).prepare_send_message m=monmgrreport(gid 4100, 1 checks, 0 progress events)
2026-02-11T23:30:20.101+0000 7f72e3ffe640 20 --2- 127.0.0.1:0/1388548195 >> v2:127.0.0.1:7180/0 conn(0xaf50000 0xaf74000 crc :-1 s=READY pgs=18 gs=2 cs=0 l=1 c_cookie=4339685640421731661 s_cookie=0 reconnecting=0 rev1=1 crypto rx=0 tx=0 comp rx=0 tx=0).prepare_send_message encoding features 4544132024016699391 0xb61f0e0 monmgrreport(gid 4100, 1 checks, 0 progress events)
2026-02-11T23:30:20.101+0000 7f71ff892640 20 mgr.server operator() misplaced_ratio 0 degraded_ratio 0 inactive_pgs_ratio 0 unknown_pgs_ratio 0; target_max_misplaced_ratio 0.05
2026-02-11T23:30:20.101+0000 7f72e3ffe640 2 --2- 127.0.0.1:0/1388548195 >> v2:127.0.0.1:7180/0 conn(0xaf50000 0xaf74000 crc :-1 s=READY pgs=18 gs=2 cs=0 l=1 c_cookie=4339685640421731661 s_cookie=0 reconnecting=0 rev1=1 crypto rx=0 tx=0 comp rx=0 tx=0).write_message sending message m=0xb61f0e0 seq=30 monmgrreport(gid 4100, 1 checks, 0 progress events)
2026-02-11T23:30:20.101+0000 7f72e3ffe640 20 --2- 127.0.0.1:0/1388548195 >> v2:127.0.0.1:7180/0 conn(0xaf50000 0xaf74000 crc :-1 s=READY pgs=18 gs=2 cs=0 l=1 c_cookie=4339685640421731661 s_cookie=0 reconnecting=0 rev1=1 crypto rx=0 tx=0 comp rx=0 tx=0).write_message sending m=0xb61f0e0 seq=30 src=mgr.4100 off=0
2026-02-11T23:30:20.101+0000 7f72e3ffe640 10 -- 127.0.0.1:0/1388548195 >> v2:127.0.0.1:7180/0 conn(0xaf50000 msgr2=0xaf74000 crc :-1 s=STATE_CONNECTION_ESTABLISHED l=1)._try_send sent bytes 1659 remaining bytes 0
2026-02-11T23:30:20.101+0000 7f72e3ffe640 10 --2- 127.0.0.1:0/1388548195 >> v2:127.0.0.1:7180/0 conn(0xaf50000 0xaf74000 crc :-1 s=READY pgs=18 gs=2 cs=0 l=1 c_cookie=4339685640421731661 s_cookie=0 reconnecting=0 rev1=1 crypto rx=0 tx=0 comp rx=0 tx=0).write_message sending 0xb61f0e0 done.
2026-02-11T23:30:20.108+0000 7f71f9045640 10 ceph_option_get mgr_pool found: false
2026-02-11T23:30:20.108+0000 7f71f9045640 0 [devicehealth DEBUG root] Sleeping for 2 seconds
2026-02-11T23:30:20.151+0000 7f72e3ffe640 20 -- 127.0.0.1:0/1388548195 >> v2:127.0.0.1:7180/0 conn(0xaf50000 msgr2=0xaf74000 crc :-1 s=STATE_CONNECTION_ESTABLISHED l=1).process
2026-02-11T23:30:20.151+0000 7f72e3ffe640 20 -- 127.0.0.1:0/1388548195 >> v2:127.0.0.1:7180/0 conn(0xaf50000 msgr2=0xaf74000 crc :-1 s=STATE_CONNECTION_ESTABLISHED l=1).read continue len=32
2026-02-11T23:30:20.151+0000 7f72e3ffe640 20 --2- 127.0.0.1:0/1388548195 >> v2:127.0.0.1:7180/0 conn(0xaf50000 0xaf74000 crc :-1 s=READY pgs=18 gs=2 cs=0 l=1 c_cookie=4339685640421731661 s_cookie=0 reconnecting=0 rev1=1 crypto rx=0 tx=0 comp rx=0 tx=0).handle_read_frame_preamble_main r=0
2026-02-11T23:30:20.151+0000 7f72e3ffe640 20 --2- 127.0.0.1:0/1388548195 >> v2:127.0.0.1:7180/0 conn(0xaf50000 0xaf74000 crc :-1 s=THROTTLE_MESSAGE pgs=18 gs=2 cs=0 l=1 c_cookie=4339685640421731661 s_cookie=0 reconnecting=0 rev1=1 crypto rx=0 tx=0 comp rx=0 tx=0).throttle_message
2026-02-11T23:30:20.151+0000 7f72e3ffe640 20 --2- 127.0.0.1:0/1388548195 >> v2:127.0.0.1:7180/0 conn(0xaf50000 0xaf74000 crc :-1 s=THROTTLE_BYTES pgs=18 gs=2 cs=0 l=1 c_cookie=4339685640421731661 s_cookie=0 reconnecting=0 rev1=1 crypto rx=0 tx=0 comp rx=0 tx=0).throttle_bytes
2026-02-11T23:30:20.151+0000 7f72e3ffe640 20 --2- 127.0.0.1:0/1388548195 >> v2:127.0.0.1:7180/0 conn(0xaf50000 0xaf74000 crc :-1 s=THROTTLE_DISPATCH_QUEUE pgs=18 gs=2 cs=0 l=1 c_cookie=4339685640421731661 s_cookie=0 reconnecting=0 rev1=1 crypto rx=0 tx=0 comp rx=0 tx=0).throttle_dispatch_queue
2026-02-11T23:30:20.151+0000 7f72e3ffe640 20 --2- 127.0.0.1:0/1388548195 >> v2:127.0.0.1:7180/0 conn(0xaf50000 0xaf74000 crc :-1 s=THROTTLE_DONE pgs=18 gs=2 cs=0 l=1 c_cookie=4339685640421731661 s_cookie=0 reconnecting=0 rev1=1 crypto rx=0 tx=0 comp rx=0 tx=0).read_frame_segment seg_idx=0
2026-02-11T23:30:20.151+0000 7f72e3ffe640 20 -- 127.0.0.1:0/1388548195 >> v2:127.0.0.1:7180/0 conn(0xaf50000 msgr2=0xaf74000 crc :-1 s=STATE_CONNECTION_ESTABLISHED l=1).read start len=45
2026-02-11T23:30:20.151+0000 7f72e3ffe640 20 --2- 127.0.0.1:0/1388548195 >> v2:127.0.0.1:7180/0 conn(0xaf50000 0xaf74000 crc :-1 s=THROTTLE_DONE pgs=18 gs=2 cs=0 l=1 c_cookie=4339685640421731661 s_cookie=0 reconnecting=0 rev1=1 crypto rx=0 tx=0 comp rx=0 tx=0).handle_read_frame_segment r=0
2026-02-11T23:30:20.151+0000 7f72e3ffe640 20 --2- 127.0.0.1:0/1388548195 >> v2:127.0.0.1:7180/0 conn(0xaf50000 0xaf74000 crc :-1 s=THROTTLE_DONE pgs=18 gs=2 cs=0 l=1 c_cookie=4339685640421731661 s_cookie=0 reconnecting=0 rev1=1 crypto rx=0 tx=0 comp rx=0 tx=0).read_frame_segment seg_idx=1
2026-02-11T23:30:20.151+0000 7f72e3ffe640 20 -- 127.0.0.1:0/1388548195 >> v2:127.0.0.1:7180/0 conn(0xaf50000 msgr2=0xaf74000 crc :-1 s=STATE_CONNECTION_ESTABLISHED l=1).read start len=53858
2026-02-11T23:30:20.151+0000 7f72e3ffe640 20 --2- 127.0.0.1:0/1388548195 >> v2:127.0.0.1:7180/0 conn(0xaf50000 0xaf74000 crc :-1 s=THROTTLE_DONE pgs=18 gs=2 cs=0 l=1 c_cookie=4339685640421731661 s_cookie=0 reconnecting=0 rev1=1 crypto rx=0 tx=0 comp rx=0 tx=0).handle_read_frame_segment r=0
2026-02-11T23:30:20.151+0000 7f72e3ffe640 20 -- 127.0.0.1:0/1388548195 >> v2:127.0.0.1:7180/0 conn(0xaf50000 msgr2=0xaf74000 crc :-1 s=STATE_CONNECTION_ESTABLISHED l=1).read start len=13
2026-02-11T23:30:20.151+0000 7f72e3ffe640 20 --2- 127.0.0.1:0/1388548195 >> v2:127.0.0.1:7180/0 conn(0xaf50000 0xaf74000 crc :-1 s=THROTTLE_DONE pgs=18 gs=2 cs=0 l=1 c_cookie=4339685640421731661 s_cookie=0 reconnecting=0 rev1=1 crypto rx=0 tx=0 comp rx=0 tx=0).handle_read_frame_epilogue_main r=0
2026-02-11T23:30:20.151+0000 7f72e3ffe640 10 --2- 127.0.0.1:0/1388548195 >> v2:127.0.0.1:7180/0 conn(0xaf50000 0xaf74000 crc :-1 s=THROTTLE_DONE pgs=18 gs=2 cs=0 l=1 c_cookie=4339685640421731661 s_cookie=0 reconnecting=0 rev1=1 crypto rx=0 tx=0 comp rx=0 tx=0).handle_read_frame_dispatch tag=17
2026-02-11T23:30:20.151+0000 7f72e3ffe640 20 --2- 127.0.0.1:0/1388548195 >> v2:127.0.0.1:7180/0 conn(0xaf50000 0xaf74000 crc :-1 s=THROTTLE_DONE pgs=18 gs=2 cs=0 l=1 c_cookie=4339685640421731661 s_cookie=0 reconnecting=0 rev1=1 crypto rx=0 tx=0 comp rx=0 tx=0).handle_message
2026-02-11T23:30:20.151+0000 7f72e3ffe640 5 --2- 127.0.0.1:0/1388548195 >> v2:127.0.0.1:7180/0 conn(0xaf50000 0xaf74000 crc :-1 s=THROTTLE_DONE pgs=18 gs=2 cs=0 l=1 c_cookie=4339685640421731661 s_cookie=0 reconnecting=0 rev1=1 crypto rx=0 tx=0 comp rx=0 tx=0).handle_message got 53858 + 0 + 0 byte message. envelope type=1796 src mon.0 off 0
2026-02-11T23:30:20.151+0000 7f72e37fd640 20 -- 127.0.0.1:0/2999276704 >> v2:127.0.0.1:7180/0 conn(0xaf51c00 msgr2=0xaf75080 crc :-1 s=STATE_CONNECTION_ESTABLISHED l=1).process
2026-02-11T23:30:20.151+0000 7f72e37fd640 20 -- 127.0.0.1:0/2999276704 >> v2:127.0.0.1:7180/0 conn(0xaf51c00 msgr2=0xaf75080 crc :-1 s=STATE_CONNECTION_ESTABLISHED l=1).read continue len=32
2026-02-11T23:30:20.151+0000 7f72e37fd640 20 --2- 127.0.0.1:0/2999276704 >> v2:127.0.0.1:7180/0 conn(0xaf51c00 0xaf75080 crc :-1 s=READY pgs=24 gs=1 cs=0 l=1 c_cookie=0 s_cookie=0 reconnecting=0 rev1=1 crypto rx=0 tx=0 comp rx=0 tx=0).handle_read_frame_preamble_main r=0
2026-02-11T23:30:20.151+0000 7f72e37fd640 20 --2- 127.0.0.1:0/2999276704 >> v2:127.0.0.1:7180/0 conn(0xaf51c00 0xaf75080 crc :-1 s=THROTTLE_MESSAGE pgs=24 gs=1 cs=0 l=1 c_cookie=0 s_cookie=0 reconnecting=0 rev1=1 crypto rx=0 tx=0 comp rx=0 tx=0).throttle_message
2026-02-11T23:30:20.151+0000 7f72e37fd640 20 --2- 127.0.0.1:0/2999276704 >> v2:127.0.0.1:7180/0 conn(0xaf51c00 0xaf75080 crc :-1 s=THROTTLE_BYTES pgs=24 gs=1 cs=0 l=1 c_cookie=0 s_cookie=0 reconnecting=0 rev1=1 crypto rx=0 tx=0 comp rx=0 tx=0).throttle_bytes
2026-02-11T23:30:20.151+0000 7f72e37fd640 20 --2- 127.0.0.1:0/2999276704 >> v2:127.0.0.1:7180/0 conn(0xaf51c00 0xaf75080 crc :-1 s=THROTTLE_DISPATCH_QUEUE pgs=24 gs=1 cs=0 l=1 c_cookie=0 s_cookie=0 reconnecting=0 rev1=1 crypto rx=0 tx=0 comp rx=0 tx=0).throttle_dispatch_queue
2026-02-11T23:30:20.151+0000 7f72e37fd640 20 --2- 127.0.0.1:0/2999276704 >> v2:127.0.0.1:7180/0 conn(0xaf51c00 0xaf75080 crc :-1 s=THROTTLE_DONE pgs=24 gs=1 cs=0 l=1 c_cookie=0 s_cookie=0 reconnecting=0 rev1=1 crypto rx=0 tx=0 comp rx=0 tx=0).read_frame_segment seg_idx=0
2026-02-11T23:30:20.151+0000 7f72e37fd640 20 -- 127.0.0.1:0/2999276704 >> v2:127.0.0.1:7180/0 conn(0xaf51c00 msgr2=0xaf75080 crc :-1 s=STATE_CONNECTION_ESTABLISHED l=1).read start len=45
2026-02-11T23:30:20.151+0000 7f72e37fd640 20 --2- 127.0.0.1:0/2999276704 >> v2:127.0.0.1:7180/0 conn(0xaf51c00 0xaf75080 crc :-1 s=THROTTLE_DONE pgs=24 gs=1 cs=0 l=1 c_cookie=0 s_cookie=0 reconnecting=0 rev1=1 crypto rx=0 tx=0 comp rx=0 tx=0).handle_read_frame_segment r=0
2026-02-11T23:30:20.151+0000 7f72e37fd640 20 --2- 127.0.0.1:0/2999276704 >> v2:127.0.0.1:7180/0 conn(0xaf51c00 0xaf75080 crc :-1 s=THROTTLE_DONE pgs=24 gs=1 cs=0 l=1 c_cookie=0 s_cookie=0 reconnecting=0 rev1=1 crypto rx=0 tx=0 comp rx=0 tx=0).read_frame_segment seg_idx=1
2026-02-11T23:30:20.151+0000 7f72e37fd640 20 -- 127.0.0.1:0/2999276704 >> v2:127.0.0.1:7180/0 conn(0xaf51c00 msgr2=0xaf75080 crc :-1 s=STATE_CONNECTION_ESTABLISHED l=1).read start len=53858
2026-02-11T23:30:20.151+0000 7f72e37fd640 20 --2- 127.0.0.1:0/2999276704 >> v2:127.0.0.1:7180/0 conn(0xaf51c00 0xaf75080 crc :-1 s=THROTTLE_DONE pgs=24 gs=1 cs=0 l=1 c_cookie=0 s_cookie=0 reconnecting=0 rev1=1 crypto rx=0 tx=0 comp rx=0 tx=0).handle_read_frame_segment r=0
2026-02-11T23:30:20.151+0000 7f72e37fd640 20 -- 127.0.0.1:0/2999276704 >> v2:127.0.0.1:7180/0 conn(0xaf51c00 msgr2=0xaf75080 crc :-1 s=STATE_CONNECTION_ESTABLISHED l=1).read start len=13
2026-02-11T23:30:20.151+0000 7f72e37fd640 20 --2- 127.0.0.1:0/2999276704 >> v2:127.0.0.1:7180/0 conn(0xaf51c00 0xaf75080 crc :-1 s=THROTTLE_DONE pgs=24 gs=1 cs=0 l=1 c_cookie=0 s_cookie=0 reconnecting=0 rev1=1 crypto rx=0 tx=0 comp rx=0 tx=0).handle_read_frame_epilogue_main r=0
2026-02-11T23:30:20.151+0000 7f72e37fd640 10 --2- 127.0.0.1:0/2999276704 >> v2:127.0.0.1:7180/0 conn(0xaf51c00 0xaf75080 crc :-1 s=THROTTLE_DONE pgs=24 gs=1 cs=0 l=1 c_cookie=0 s_cookie=0 reconnecting=0 rev1=1 crypto rx=0 tx=0 comp rx=0 tx=0).handle_read_frame_dispatch tag=17
2026-02-11T23:30:20.151+0000 7f72e37fd640 20 --2- 127.0.0.1:0/2999276704 >> v2:127.0.0.1:7180/0 conn(0xaf51c00 0xaf75080 crc :-1 s=THROTTLE_DONE pgs=24 gs=1 cs=0 l=1 c_cookie=0 s_cookie=0 reconnecting=0 rev1=1 crypto rx=0 tx=0 comp rx=0 tx=0).handle_message
2026-02-11T23:30:20.151+0000 7f72e37fd640 5 --2- 127.0.0.1:0/2999276704 >> v2:127.0.0.1:7180/0 conn(0xaf51c00 0xaf75080 crc :-1 s=THROTTLE_DONE pgs=24 gs=1 cs=0 l=1 c_cookie=0 s_cookie=0 reconnecting=0 rev1=1 crypto rx=0 tx=0 comp rx=0 tx=0).handle_message got 53858 + 0 + 0 byte message. envelope type=1796 src mon.0 off 0
2026-02-11T23:30:20.151+0000 7f72e3ffe640 5 --2- 127.0.0.1:0/1388548195 >> v2:127.0.0.1:7180/0 conn(0xaf50000 0xaf74000 crc :-1 s=READ_MESSAGE_COMPLETE pgs=18 gs=2 cs=0 l=1 c_cookie=4339685640421731661 s_cookie=0 reconnecting=0 rev1=1 crypto rx=0 tx=0 comp rx=0 tx=0).handle_message received message m=0xb376600 seq=59 from=mon.0 type=1796 mgrmap(e 4)
2026-02-11T23:30:20.151+0000 7f72e3ffe640 20 -- 127.0.0.1:0/1388548195 queue 0xb376600 prio 196
2026-02-11T23:30:20.151+0000 7f72e1ffa640 20 -- 127.0.0.1:0/85442214 >> v2:127.0.0.1:7180/0 conn(0xb278000 msgr2=0xaf75600 crc :-1 s=STATE_CONNECTION_ESTABLISHED l=1).process
2026-02-11T23:30:20.151+0000 7f72e3ffe640 20 --2- 127.0.0.1:0/1388548195 >> v2:127.0.0.1:7180/0 conn(0xaf50000 0xaf74000 crc :-1 s=READY pgs=18 gs=2 cs=0 l=1 c_cookie=4339685640421731661 s_cookie=0 reconnecting=0 rev1=1 crypto rx=0 tx=0 comp rx=0 tx=0).read_frame
2026-02-11T23:30:20.151+0000 7f72e3ffe640 20 -- 127.0.0.1:0/1388548195 >> v2:127.0.0.1:7180/0 conn(0xaf50000 msgr2=0xaf74000 crc :-1 s=STATE_CONNECTION_ESTABLISHED l=1).read start len=32
2026-02-11T23:30:20.151+0000 7f72e1ffa640 20 -- 127.0.0.1:0/85442214 >> v2:127.0.0.1:7180/0 conn(0xb278000 msgr2=0xaf75600 crc :-1 s=STATE_CONNECTION_ESTABLISHED l=1).read continue len=32
2026-02-11T23:30:20.151+0000 7f72e3ffe640 20 -- 127.0.0.1:0/987863127 >> v2:127.0.0.1:7180/0 conn(0xaf51400 msgr2=0xaf74b00 crc :-1 s=STATE_CONNECTION_ESTABLISHED l=1).process
2026-02-11T23:30:20.151+0000 7f72e3ffe640 20 -- 127.0.0.1:0/987863127 >> v2:127.0.0.1:7180/0 conn(0xaf51400 msgr2=0xaf74b00 crc :-1 s=STATE_CONNECTION_ESTABLISHED l=1).read continue len=32
2026-02-11T23:30:20.151+0000 7f72dfff6640 1 -- 127.0.0.1:0/1388548195 <== mon.0 v2:127.0.0.1:7180/0 59 ==== mgrmap(e 4) ==== 53858+0+0 (crc 0 0 0) 0xb376600 con 0xaf50000
2026-02-11T23:30:20.151+0000 7f72dfff6640 10 mgr.4100.objecter ms_dispatch2 0x1656000 mgrmap(e 4)
2026-02-11T23:30:20.151+0000 7f72dfff6640 10 mgr ms_dispatch2 active mgrmap(e 4)
2026-02-11T23:30:20.151+0000 7f72dfff6640 4 mgr handle_mgr_map received map epoch 4
2026-02-11T23:30:20.151+0000 7f72dfff6640 4 mgr handle_mgr_map active in map: 1 active is 4100
2026-02-11T23:30:20.151+0000 7f72e1ffa640 20 --2- 127.0.0.1:0/85442214 >> v2:127.0.0.1:7180/0 conn(0xb278000 0xaf75600 crc :-1 s=READY pgs=26 gs=1 cs=0 l=1 c_cookie=0 s_cookie=0 reconnecting=0 rev1=1 crypto rx=0 tx=0 comp rx=0 tx=0).handle_read_frame_preamble_main r=0
2026-02-11T23:30:20.151+0000 7f72e3ffe640 20 --2- 127.0.0.1:0/987863127 >> v2:127.0.0.1:7180/0 conn(0xaf51400 0xaf74b00 crc :-1 s=READY pgs=20 gs=1 cs=0 l=1 c_cookie=0 s_cookie=0 reconnecting=0 rev1=1 crypto rx=0 tx=0 comp rx=0 tx=0).handle_read_frame_preamble_main r=0
2026-02-11T23:30:20.151+0000 7f72e1ffa640 20 --2- 127.0.0.1:0/85442214 >> v2:127.0.0.1:7180/0 conn(0xb278000 0xaf75600 crc :-1 s=THROTTLE_MESSAGE pgs=26 gs=1 cs=0 l=1 c_cookie=0 s_cookie=0 reconnecting=0 rev1=1 crypto rx=0 tx=0 comp rx=0 tx=0).throttle_message
2026-02-11T23:30:20.151+0000 7f72e3ffe640 20 --2- 127.0.0.1:0/987863127 >> v2:127.0.0.1:7180/0 conn(0xaf51400 0xaf74b00 crc :-1 s=THROTTLE_MESSAGE pgs=20 gs=1 cs=0 l=1 c_cookie=0 s_cookie=0 reconnecting=0 rev1=1 crypto rx=0 tx=0 comp rx=0 tx=0).throttle_message
2026-02-11T23:30:20.151+0000 7f72e3ffe640 20 --2- 127.0.0.1:0/987863127 >> v2:127.0.0.1:7180/0 conn(0xaf51400 0xaf74b00 crc :-1 s=THROTTLE_BYTES pgs=20 gs=1 cs=0 l=1 c_cookie=0 s_cookie=0 reconnecting=0 rev1=1 crypto rx=0 tx=0 comp rx=0 tx=0).throttle_bytes
2026-02-11T23:30:20.151+0000 7f72e3ffe640 20 --2- 127.0.0.1:0/987863127 >> v2:127.0.0.1:7180/0 conn(0xaf51400 0xaf74b00 crc :-1 s=THROTTLE_DISPATCH_QUEUE pgs=20 gs=1 cs=0 l=1 c_cookie=0 s_cookie=0 reconnecting=0 rev1=1 crypto rx=0 tx=0 comp rx=0 tx=0).throttle_dispatch_queue
2026-02-11T23:30:20.151+0000 7f72e1ffa640 20 --2- 127.0.0.1:0/85442214 >> v2:127.0.0.1:7180/0 conn(0xb278000 0xaf75600 crc :-1 s=THROTTLE_BYTES pgs=26 gs=1 cs=0 l=1 c_cookie=0 s_cookie=0 reconnecting=0 rev1=1 crypto rx=0 tx=0 comp rx=0 tx=0).throttle_bytes
2026-02-11T23:30:20.151+0000 7f72e3ffe640 20 --2- 127.0.0.1:0/987863127 >> v2:127.0.0.1:7180/0 conn(0xaf51400 0xaf74b00 crc :-1 s=THROTTLE_DONE pgs=20 gs=1 cs=0 l=1 c_cookie=0 s_cookie=0 reconnecting=0 rev1=1 crypto rx=0 tx=0 comp rx=0 tx=0).read_frame_segment seg_idx=0
2026-02-11T23:30:20.151+0000 7f72e3ffe640 20 -- 127.0.0.1:0/987863127 >> v2:127.0.0.1:7180/0 conn(0xaf51400 msgr2=0xaf74b00 crc :-1 s=STATE_CONNECTION_ESTABLISHED l=1).read start len=45
2026-02-11T23:30:20.151+0000 7f72e1ffa640 20 --2- 127.0.0.1:0/85442214 >> v2:127.0.0.1:7180/0 conn(0xb278000 0xaf75600 crc :-1 s=THROTTLE_DISPATCH_QUEUE pgs=26 gs=1 cs=0 l=1 c_cookie=0 s_cookie=0 reconnecting=0 rev1=1 crypto rx=0 tx=0 comp rx=0 tx=0).throttle_dispatch_queue
2026-02-11T23:30:20.151+0000 7f72e3ffe640 20 --2- 127.0.0.1:0/987863127 >> v2:127.0.0.1:7180/0 conn(0xaf51400 0xaf74b00 crc :-1 s=THROTTLE_DONE pgs=20 gs=1 cs=0 l=1 c_cookie=0 s_cookie=0 reconnecting=0 rev1=1 crypto rx=0 tx=0 comp rx=0 tx=0).handle_read_frame_segment r=0
2026-02-11T23:30:20.151+0000 7f72e3ffe640 20 --2- 127.0.0.1:0/987863127 >> v2:127.0.0.1:7180/0 conn(0xaf51400 0xaf74b00 crc :-1 s=THROTTLE_DONE pgs=20 gs=1 cs=0 l=1 c_cookie=0 s_cookie=0 reconnecting=0 rev1=1 crypto rx=0 tx=0 comp rx=0 tx=0).read_frame_segment seg_idx=1
2026-02-11T23:30:20.151+0000 7f72e3ffe640 20 -- 127.0.0.1:0/987863127 >> v2:127.0.0.1:7180/0 conn(0xaf51400 msgr2=0xaf74b00 crc :-1 s=STATE_CONNECTION_ESTABLISHED l=1).read start len=53858
2026-02-11T23:30:20.151+0000 7f72e1ffa640 20 --2- 127.0.0.1:0/85442214 >> v2:127.0.0.1:7180/0 conn(0xb278000 0xaf75600 crc :-1 s=THROTTLE_DONE pgs=26 gs=1 cs=0 l=1 c_cookie=0 s_cookie=0 reconnecting=0 rev1=1 crypto rx=0 tx=0 comp rx=0 tx=0).read_frame_segment seg_idx=0
2026-02-11T23:30:20.151+0000 7f72e1ffa640 20 -- 127.0.0.1:0/85442214 >> v2:127.0.0.1:7180/0 conn(0xb278000 msgr2=0xaf75600 crc :-1 s=STATE_CONNECTION_ESTABLISHED l=1).read start len=45
2026-02-11T23:30:20.151+0000 7f72e1ffa640 20 --2- 127.0.0.1:0/85442214 >> v2:127.0.0.1:7180/0 conn(0xb278000 0xaf75600 crc :-1 s=THROTTLE_DONE pgs=26 gs=1 cs=0 l=1 c_cookie=0 s_cookie=0 reconnecting=0 rev1=1 crypto rx=0 tx=0 comp rx=0 tx=0).handle_read_frame_segment r=0
2026-02-11T23:30:20.151+0000 7f72e1ffa640 20 --2- 127.0.0.1:0/85442214 >> v2:127.0.0.1:7180/0 conn(0xb278000 0xaf75600 crc :-1 s=THROTTLE_DONE pgs=26 gs=1 cs=0 l=1 c_cookie=0 s_cookie=0 reconnecting=0 rev1=1 crypto rx=0 tx=0 comp rx=0 tx=0).read_frame_segment seg_idx=1
2026-02-11T23:30:20.151+0000 7f72e3ffe640 20 --2- 127.0.0.1:0/987863127 >> v2:127.0.0.1:7180/0 conn(0xaf51400 0xaf74b00 crc :-1 s=THROTTLE_DONE pgs=20 gs=1 cs=0 l=1 c_cookie=0 s_cookie=0 reconnecting=0 rev1=1 crypto rx=0 tx=0 comp rx=0 tx=0).handle_read_frame_segment r=0
2026-02-11T23:30:20.151+0000 7f72e3ffe640 20 -- 127.0.0.1:0/987863127 >> v2:127.0.0.1:7180/0 conn(0xaf51400 msgr2=0xaf74b00 crc :-1 s=STATE_CONNECTION_ESTABLISHED l=1).read start len=13
2026-02-11T23:30:20.151+0000 7f72e1ffa640 20 -- 127.0.0.1:0/85442214 >> v2:127.0.0.1:7180/0 conn(0xb278000 msgr2=0xaf75600 crc :-1 s=STATE_CONNECTION_ESTABLISHED l=1).read start len=53858
2026-02-11T23:30:20.151+0000 7f72e3ffe640 20 --2- 127.0.0.1:0/987863127 >> v2:127.0.0.1:7180/0 conn(0xaf51400 0xaf74b00 crc :-1 s=THROTTLE_DONE pgs=20 gs=1 cs=0 l=1 c_cookie=0 s_cookie=0 reconnecting=0 rev1=1 crypto rx=0 tx=0 comp rx=0 tx=0).handle_read_frame_epilogue_main r=0
2026-02-11T23:30:20.151+0000 7f72e3ffe640 10 --2- 127.0.0.1:0/987863127 >> v2:127.0.0.1:7180/0 conn(0xaf51400 0xaf74b00 crc :-1 s=THROTTLE_DONE pgs=20 gs=1 cs=0 l=1 c_cookie=0 s_cookie=0 reconnecting=0 rev1=1 crypto rx=0 tx=0 comp rx=0 tx=0).handle_read_frame_dispatch tag=17
2026-02-11T23:30:20.151+0000 7f72e3ffe640 20 --2- 127.0.0.1:0/987863127 >> v2:127.0.0.1:7180/0 conn(0xaf51400 0xaf74b00 crc :-1 s=THROTTLE_DONE pgs=20 gs=1 cs=0 l=1 c_cookie=0 s_cookie=0 reconnecting=0 rev1=1 crypto rx=0 tx=0 comp rx=0 tx=0).handle_message
2026-02-11T23:30:20.151+0000 7f72e3ffe640 5 --2- 127.0.0.1:0/987863127 >> v2:127.0.0.1:7180/0 conn(0xaf51400 0xaf74b00 crc :-1 s=THROTTLE_DONE pgs=20 gs=1 cs=0 l=1 c_cookie=0 s_cookie=0 reconnecting=0 rev1=1 crypto rx=0 tx=0 comp rx=0 tx=0).handle_message got 53858 + 0 + 0 byte message. envelope type=1796 src mon.0 off 0
2026-02-11T23:30:20.151+0000 7f72e1ffa640 20 --2- 127.0.0.1:0/85442214 >> v2:127.0.0.1:7180/0 conn(0xb278000 0xaf75600 crc :-1 s=THROTTLE_DONE pgs=26 gs=1 cs=0 l=1 c_cookie=0 s_cookie=0 reconnecting=0 rev1=1 crypto rx=0 tx=0 comp rx=0 tx=0).handle_read_frame_segment r=0
2026-02-11T23:30:20.151+0000 7f72e1ffa640 20 -- 127.0.0.1:0/85442214 >> v2:127.0.0.1:7180/0 conn(0xb278000 msgr2=0xaf75600 crc :-1 s=STATE_CONNECTION_ESTABLISHED l=1).read start len=13
2026-02-11T23:30:20.151+0000 7f72e1ffa640 20 --2- 127.0.0.1:0/85442214 >> v2:127.0.0.1:7180/0 conn(0xb278000 0xaf75600 crc :-1 s=THROTTLE_DONE pgs=26 gs=1 cs=0 l=1 c_cookie=0 s_cookie=0 reconnecting=0 rev1=1 crypto rx=0 tx=0 comp rx=0 tx=0).handle_read_frame_epilogue_main r=0
2026-02-11T23:30:20.151+0000 7f72e1ffa640 10 --2- 127.0.0.1:0/85442214 >> v2:127.0.0.1:7180/0 conn(0xb278000 0xaf75600 crc :-1 s=THROTTLE_DONE pgs=26 gs=1 cs=0 l=1 c_cookie=0 s_cookie=0 reconnecting=0 rev1=1 crypto rx=0 tx=0 comp rx=0 tx=0).handle_read_frame_dispatch tag=17
2026-02-11T23:30:20.151+0000 7f72e1ffa640 20 --2- 127.0.0.1:0/85442214 >> v2:127.0.0.1:7180/0 conn(0xb278000 0xaf75600 crc :-1 s=THROTTLE_DONE pgs=26 gs=1 cs=0 l=1 c_cookie=0 s_cookie=0 reconnecting=0 rev1=1 crypto rx=0 tx=0 comp rx=0 tx=0).handle_message
2026-02-11T23:30:20.151+0000 7f72e1ffa640 5 --2- 127.0.0.1:0/85442214 >> v2:127.0.0.1:7180/0 conn(0xb278000 0xaf75600 crc :-1 s=THROTTLE_DONE pgs=26 gs=1 cs=0 l=1 c_cookie=0 s_cookie=0 reconnecting=0 rev1=1 crypto rx=0 tx=0 comp rx=0 tx=0).handle_message got 53858 + 0 + 0 byte message. envelope type=1796 src mon.0 off 0
2026-02-11T23:30:20.151+0000 7f72e3ffe640 5 --2- 127.0.0.1:0/987863127 >> v2:127.0.0.1:7180/0 conn(0xaf51400 0xaf74b00 crc :-1 s=READ_MESSAGE_COMPLETE pgs=20 gs=1 cs=0 l=1 c_cookie=0 s_cookie=0 reconnecting=0 rev1=1 crypto rx=0 tx=0 comp rx=0 tx=0).handle_message received message m=0xb376900 seq=7 from=mon.0 type=1796 mgrmap(e 4)
2026-02-11T23:30:20.151+0000 7f72e3ffe640 20 -- 127.0.0.1:0/987863127 queue 0xb376900 prio 196
2026-02-11T23:30:20.151+0000 7f72e3ffe640 20 --2- 127.0.0.1:0/987863127 >> v2:127.0.0.1:7180/0 conn(0xaf51400 0xaf74b00 crc :-1 s=READY pgs=20 gs=1 cs=0 l=1 c_cookie=0 s_cookie=0 reconnecting=0 rev1=1 crypto rx=0 tx=0 comp rx=0 tx=0).read_frame
2026-02-11T23:30:20.151+0000 7f72e3ffe640 20 -- 127.0.0.1:0/987863127 >> v2:127.0.0.1:7180/0 conn(0xaf51400 msgr2=0xaf74b00 crc :-1 s=STATE_CONNECTION_ESTABLISHED l=1).read start len=32
2026-02-11T23:30:20.151+0000 7f71fd08d640 1 -- 127.0.0.1:0/987863127 <== mon.0 v2:127.0.0.1:7180/0 7 ==== mgrmap(e 4) ==== 53858+0+0 (crc 0 0 0) 0xb376900 con 0xaf51400
2026-02-11T23:30:20.151+0000 7f72e37fd640 5 --2- 127.0.0.1:0/2999276704 >> v2:127.0.0.1:7180/0 conn(0xaf51c00 0xaf75080 crc :-1 s=READ_MESSAGE_COMPLETE pgs=24 gs=1 cs=0 l=1 c_cookie=0 s_cookie=0 reconnecting=0 rev1=1 crypto rx=0 tx=0 comp rx=0 tx=0).handle_message received message m=0xae7b200 seq=8 from=mon.0 type=1796 mgrmap(e 4)
2026-02-11T23:30:20.151+0000 7f72e37fd640 20 -- 127.0.0.1:0/2999276704 queue 0xae7b200 prio 196
2026-02-11T23:30:20.151+0000 7f72e37fd640 20 --2- 127.0.0.1:0/2999276704 >> v2:127.0.0.1:7180/0 conn(0xaf51c00 0xaf75080 crc :-1 s=READY pgs=24 gs=1 cs=0 l=1 c_cookie=0 s_cookie=0 reconnecting=0 rev1=1 crypto rx=0 tx=0 comp rx=0 tx=0).read_frame
2026-02-11T23:30:20.151+0000 7f72e37fd640 20 -- 127.0.0.1:0/2999276704 >> v2:127.0.0.1:7180/0 conn(0xaf51c00 msgr2=0xaf75080 crc :-1 s=STATE_CONNECTION_ESTABLISHED l=1).read start len=32
2026-02-11T23:30:20.151+0000 7f72dfff6640 10 mgr handle_mgr_map I was already active
2026-02-11T23:30:20.151+0000 7f72dfff6640 10 mgr got_mgr_map x(active, since 2s)
2026-02-11T23:30:20.151+0000 7f71f17f6640 1 -- 127.0.0.1:0/2999276704 <== mon.0 v2:127.0.0.1:7180/0 8 ==== mgrmap(e 4) ==== 53858+0+0 (crc 0 0 0) 0xae7b200 con 0xaf51c00
2026-02-11T23:30:20.151+0000 7f72e1ffa640 5 --2- 127.0.0.1:0/85442214 >> v2:127.0.0.1:7180/0 conn(0xb278000 0xaf75600 crc :-1 s=READ_MESSAGE_COMPLETE pgs=26 gs=1 cs=0 l=1 c_cookie=0 s_cookie=0 reconnecting=0 rev1=1 crypto rx=0 tx=0 comp rx=0 tx=0).handle_message received message m=0xb376000 seq=7 from=mon.0 type=1796 mgrmap(e 4)
2026-02-11T23:30:20.151+0000 7f72e1ffa640 20 -- 127.0.0.1:0/85442214 queue 0xb376000 prio 196
2026-02-11T23:30:20.151+0000 7f72e1ffa640 20 --2- 127.0.0.1:0/85442214 >> v2:127.0.0.1:7180/0 conn(0xb278000 0xaf75600 crc :-1 s=READY pgs=26 gs=1 cs=0 l=1 c_cookie=0 s_cookie=0 reconnecting=0 rev1=1 crypto rx=0 tx=0 comp rx=0 tx=0).read_frame
2026-02-11T23:30:20.151+0000 7f72e1ffa640 20 -- 127.0.0.1:0/85442214 >> v2:127.0.0.1:7180/0 conn(0xb278000 msgr2=0xaf75600 crc :-1 s=STATE_CONNECTION_ESTABLISHED l=1).read start len=32
2026-02-11T23:30:20.151+0000 7f71e7fe3640 1 -- 127.0.0.1:0/85442214 <== mon.0 v2:127.0.0.1:7180/0 7 ==== mgrmap(e 4) ==== 53858+0+0 (crc 0 0 0) 0xb376000 con 0xb278000
2026-02-11T23:30:20.151+0000 7f72dfff6640 10 mgr ms_dispatch2 mgrmap(e 4)
2026-02-11T23:30:20.151+0000 7f71fd08d640 10 -- 127.0.0.1:0/987863127 dispatch_throttle_release 53858 to dispatch throttler 53858/104857600
2026-02-11T23:30:20.151+0000 7f71fd08d640 20 -- 127.0.0.1:0/987863127 done calling dispatch on 0xb376900
2026-02-11T23:30:20.152+0000 7f71f17f6640 10 -- 127.0.0.1:0/2999276704 dispatch_throttle_release 53858 to dispatch throttler 53858/104857600
2026-02-11T23:30:20.152+0000 7f71f17f6640 20 -- 127.0.0.1:0/2999276704 done calling dispatch on 0xae7b200
2026-02-11T23:30:20.152+0000 7f71e7fe3640 10 -- 127.0.0.1:0/85442214 dispatch_throttle_release 53858 to dispatch throttler 53858/104857600
2026-02-11T23:30:20.152+0000 7f71e7fe3640 20 -- 127.0.0.1:0/85442214 done calling dispatch on 0xb376000
2026-02-11T23:30:20.152+0000 7f72dfff6640 10 -- 127.0.0.1:0/1388548195 dispatch_throttle_release 53858 to dispatch throttler 53858/104857600
2026-02-11T23:30:20.152+0000 7f72dfff6640 20 -- 127.0.0.1:0/1388548195 done calling dispatch on 0xb376600
2026-02-11T23:30:20.356+0000 7f72e37fd640 10 Processor -- accept listen_fd=25
2026-02-11T23:30:20.356+0000 7f72e37fd640 10 Processor -- accept accepted incoming on sd 40
2026-02-11T23:30:20.356+0000 7f72e37fd640 10 -- [v2:127.0.0.1:6808/4279895178,v1:127.0.0.1:6809/4279895178] >> conn(0xb644c00 msgr2=0xb4dc680 unknown :-1 s=STATE_NONE l=0).accept sd=40 listen_addr v2:127.0.0.1:6808/4279895178 peer_addr v2:127.0.0.1:36586/0
2026-02-11T23:30:20.356+0000 7f72e37fd640 1 --2- [v2:127.0.0.1:6808/4279895178,v1:127.0.0.1:6809/4279895178] >> conn(0xb644c00 0xb4dc680 unknown :-1 s=NONE pgs=0 gs=0 cs=0 l=0 c_cookie=0 s_cookie=0 reconnecting=0 rev1=0 crypto rx=0 tx=0 comp rx=0 tx=0).accept
2026-02-11T23:30:20.356+0000 7f72e37fd640 20 Event(0x14e8748 nevent=5000 time_id=18).wakeup
2026-02-11T23:30:20.356+0000 7f72e37fd640 10 Processor -- accept listen_fd=26
2026-02-11T23:30:20.356+0000 7f72e3ffe640 20 -- [v2:127.0.0.1:6808/4279895178,v1:127.0.0.1:6809/4279895178] >> conn(0xb644c00 msgr2=0xb4dc680 unknown :-1 s=STATE_ACCEPTING l=0).process
2026-02-11T23:30:20.356+0000 7f72e3ffe640 20 Event(0x14e8748 nevent=5000 time_id=18).create_file_event create event started fd=40 mask=1 original mask is 0
2026-02-11T23:30:20.356+0000 7f72e3ffe640 20 EpollDriver.add_event add event fd=40 cur_mask=0 add_mask=1 to 12
2026-02-11T23:30:20.356+0000 7f72e3ffe640 20 Event(0x14e8748 nevent=5000 time_id=18).create_file_event create event end fd=40 mask=1 current mask is 1
2026-02-11T23:30:20.356+0000 7f72e3ffe640 20 --2- [v2:127.0.0.1:6808/4279895178,v1:127.0.0.1:6809/4279895178] >> conn(0xb644c00 0xb4dc680 unknown :-1 s=START_ACCEPT pgs=0 gs=0 cs=0 l=0 c_cookie=0 s_cookie=0 reconnecting=0 rev1=0 crypto rx=0 tx=0 comp rx=0 tx=0).read_event
2026-02-11T23:30:20.356+0000 7f72e3ffe640 20 --2- [v2:127.0.0.1:6808/4279895178,v1:127.0.0.1:6809/4279895178] >> conn(0xb644c00 0xb4dc680 unknown :-1 s=START_ACCEPT pgs=0 gs=0 cs=0 l=0 c_cookie=0 s_cookie=0 reconnecting=0 rev1=0 crypto rx=0 tx=0 comp rx=0 tx=0).start_server_banner_exchange
2026-02-11T23:30:20.356+0000 7f72e3ffe640 20 --2- [v2:127.0.0.1:6808/4279895178,v1:127.0.0.1:6809/4279895178] >> conn(0xb644c00 0xb4dc680 unknown :-1 s=BANNER_ACCEPTING pgs=0 gs=0 cs=0 l=0 c_cookie=0 s_cookie=0 reconnecting=0 rev1=0 crypto rx=0 tx=0 comp rx=0 tx=0)._banner_exchange
2026-02-11T23:30:20.356+0000 7f72e3ffe640 10 -- [v2:127.0.0.1:6808/4279895178,v1:127.0.0.1:6809/4279895178] >> conn(0xb644c00 msgr2=0xb4dc680 unknown :-1 s=STATE_CONNECTION_ESTABLISHED l=0)._try_send sent bytes 26 remaining bytes 0
2026-02-11T23:30:20.356+0000 7f72e3ffe640 20 -- [v2:127.0.0.1:6808/4279895178,v1:127.0.0.1:6809/4279895178] >> conn(0xb644c00 msgr2=0xb4dc680 unknown :-1 s=STATE_CONNECTION_ESTABLISHED l=0).read start len=10
2026-02-11T23:30:20.356+0000 7f72e3ffe640 20 --2- [v2:127.0.0.1:6808/4279895178,v1:127.0.0.1:6809/4279895178] >> conn(0xb644c00 0xb4dc680 unknown :-1 s=BANNER_ACCEPTING pgs=0 gs=0 cs=0 l=0 c_cookie=0 s_cookie=0 reconnecting=0 rev1=0 crypto rx=0 tx=0 comp rx=0 tx=0)._handle_peer_banner r=0
2026-02-11T23:30:20.356+0000 7f72e3ffe640 20 -- [v2:127.0.0.1:6808/4279895178,v1:127.0.0.1:6809/4279895178] >> conn(0xb644c00 msgr2=0xb4dc680 unknown :-1 s=STATE_CONNECTION_ESTABLISHED l=0).read start len=16
2026-02-11T23:30:20.356+0000 7f72e3ffe640 20 --2- [v2:127.0.0.1:6808/4279895178,v1:127.0.0.1:6809/4279895178] >> conn(0xb644c00 0xb4dc680 unknown :-1 s=BANNER_ACCEPTING pgs=0 gs=0 cs=0 l=0 c_cookie=0 s_cookie=0 reconnecting=0 rev1=0 crypto rx=0 tx=0 comp rx=0 tx=0)._handle_peer_banner_payload r=0
2026-02-11T23:30:20.356+0000 7f72e3ffe640 1 --2- [v2:127.0.0.1:6808/4279895178,v1:127.0.0.1:6809/4279895178] >> conn(0xb644c00 0xb4dc680 unknown :-1 s=BANNER_ACCEPTING pgs=0 gs=0 cs=0 l=0 c_cookie=0 s_cookie=0 reconnecting=0 rev1=0 crypto rx=0 tx=0 comp rx=0 tx=0)._handle_peer_banner_payload supported=3 required=0
2026-02-11T23:30:20.357+0000 7f72e3ffe640 10 -- [v2:127.0.0.1:6808/4279895178,v1:127.0.0.1:6809/4279895178] >> conn(0xb644c00 msgr2=0xb4dc680 unknown :-1 s=STATE_CONNECTION_ESTABLISHED l=0)._try_send sent bytes 72 remaining bytes 0
2026-02-11T23:30:20.357+0000 7f72e3ffe640 20 --2- [v2:127.0.0.1:6808/4279895178,v1:127.0.0.1:6809/4279895178] >> conn(0xb644c00 0xb4dc680 unknown :-1 s=HELLO_ACCEPTING pgs=0 gs=0 cs=0 l=0 c_cookie=0 s_cookie=0 reconnecting=0 rev1=1 crypto rx=0 tx=0 comp rx=0 tx=0).read_frame
2026-02-11T23:30:20.357+0000 7f72e3ffe640 20 -- [v2:127.0.0.1:6808/4279895178,v1:127.0.0.1:6809/4279895178] >> conn(0xb644c00 msgr2=0xb4dc680 unknown :-1 s=STATE_CONNECTION_ESTABLISHED l=0).read start len=32
2026-02-11T23:30:20.357+0000 7f72e3ffe640 20 --2- [v2:127.0.0.1:6808/4279895178,v1:127.0.0.1:6809/4279895178] >> conn(0xb644c00 0xb4dc680 unknown :-1 s=HELLO_ACCEPTING pgs=0 gs=0 cs=0 l=0 c_cookie=0 s_cookie=0 reconnecting=0 rev1=1 crypto rx=0 tx=0 comp rx=0 tx=0).handle_read_frame_preamble_main r=0
2026-02-11T23:30:20.357+0000 7f72e3ffe640 20 --2- [v2:127.0.0.1:6808/4279895178,v1:127.0.0.1:6809/4279895178] >> conn(0xb644c00 0xb4dc680 unknown :-1 s=HELLO_ACCEPTING pgs=0 gs=0 cs=0 l=0 c_cookie=0 s_cookie=0 reconnecting=0 rev1=1 crypto rx=0 tx=0 comp rx=0 tx=0).read_frame_segment seg_idx=0
2026-02-11T23:30:20.357+0000 7f72e3ffe640 20 -- [v2:127.0.0.1:6808/4279895178,v1:127.0.0.1:6809/4279895178] >> conn(0xb644c00 msgr2=0xb4dc680 unknown :-1 s=STATE_CONNECTION_ESTABLISHED l=0).read start len=40
2026-02-11T23:30:20.357+0000 7f72e3ffe640 20 --2- [v2:127.0.0.1:6808/4279895178,v1:127.0.0.1:6809/4279895178] >> conn(0xb644c00 0xb4dc680 unknown :-1 s=HELLO_ACCEPTING pgs=0 gs=0 cs=0 l=0 c_cookie=0 s_cookie=0 reconnecting=0 rev1=1 crypto rx=0 tx=0 comp rx=0 tx=0).handle_read_frame_segment r=0
2026-02-11T23:30:20.357+0000 7f72e3ffe640 10 --2- [v2:127.0.0.1:6808/4279895178,v1:127.0.0.1:6809/4279895178] >> conn(0xb644c00 0xb4dc680 unknown :-1 s=HELLO_ACCEPTING pgs=0 gs=0 cs=0 l=0 c_cookie=0 s_cookie=0 reconnecting=0 rev1=1 crypto rx=0 tx=0 comp rx=0 tx=0).handle_read_frame_dispatch tag=1
2026-02-11T23:30:20.357+0000 7f72e3ffe640 20 --2- [v2:127.0.0.1:6808/4279895178,v1:127.0.0.1:6809/4279895178] >> conn(0xb644c00 0xb4dc680 unknown :-1 s=HELLO_ACCEPTING pgs=0 gs=0 cs=0 l=0 c_cookie=0 s_cookie=0 reconnecting=0 rev1=1 crypto rx=0 tx=0 comp rx=0 tx=0).handle_hello payload.length()=36
2026-02-11T23:30:20.357+0000 7f72e3ffe640 5 --2- [v2:127.0.0.1:6808/4279895178,v1:127.0.0.1:6809/4279895178] >> conn(0xb644c00 0xb4dc680 unknown :-1 s=HELLO_ACCEPTING pgs=0 gs=0 cs=0 l=0 c_cookie=0 s_cookie=0 reconnecting=0 rev1=1 crypto rx=0 tx=0 comp rx=0 tx=0).handle_hello received hello: peer_type=8 peer_addr_for_me=v2:127.0.0.1:6808/4279895178
2026-02-11T23:30:20.357+0000 7f72e3ffe640 5 --2- [v2:127.0.0.1:6808/4279895178,v1:127.0.0.1:6809/4279895178] >> conn(0xb644c00 0xb4dc680 unknown :-1 s=HELLO_ACCEPTING pgs=0 gs=0 cs=0 l=0 c_cookie=0 s_cookie=0 reconnecting=0 rev1=1 crypto rx=0 tx=0 comp rx=0 tx=0).handle_hello getsockname says I am 127.0.0.1:6808 when talking to v2:127.0.0.1:36586/0
2026-02-11T23:30:20.357+0000 7f72e3ffe640 10 --2- [v2:127.0.0.1:6808/4279895178,v1:127.0.0.1:6809/4279895178] >> conn(0xb644c00 0xb4dc680 unknown :-1 s=HELLO_ACCEPTING pgs=0 gs=0 cs=0 l=1 c_cookie=0 s_cookie=0 reconnecting=0 rev1=1 crypto rx=0 tx=0 comp rx=0 tx=0).handle_hello accept of host_type 8, policy.lossy=1 policy.server=1 policy.standby=0 policy.resetcheck=0
2026-02-11T23:30:20.357+0000 7f72e3ffe640 20 --2- [v2:127.0.0.1:6808/4279895178,v1:127.0.0.1:6809/4279895178] >> conn(0xb644c00 0xb4dc680 unknown :-1 s=HELLO_ACCEPTING pgs=0 gs=0 cs=0 l=1 c_cookie=0 s_cookie=0 reconnecting=0 rev1=1 crypto rx=0 tx=0 comp rx=0 tx=0).post_server_banner_exchange
2026-02-11T23:30:20.357+0000 7f72e3ffe640 20 --2- [v2:127.0.0.1:6808/4279895178,v1:127.0.0.1:6809/4279895178] >> conn(0xb644c00 0xb4dc680 unknown :-1 s=AUTH_ACCEPTING pgs=0 gs=0 cs=0 l=1 c_cookie=0 s_cookie=0 reconnecting=0 rev1=1 crypto rx=0 tx=0 comp rx=0 tx=0).read_frame
2026-02-11T23:30:20.357+0000 7f72e3ffe640 20 -- [v2:127.0.0.1:6808/4279895178,v1:127.0.0.1:6809/4279895178] >> conn(0xb644c00 msgr2=0xb4dc680 unknown :-1 s=STATE_CONNECTION_ESTABLISHED l=1).read start len=32
2026-02-11T23:30:20.357+0000 7f72e3ffe640 20 --2- [v2:127.0.0.1:6808/4279895178,v1:127.0.0.1:6809/4279895178] >> conn(0xb644c00 0xb4dc680 unknown :-1 s=AUTH_ACCEPTING pgs=0 gs=0 cs=0 l=1 c_cookie=0 s_cookie=0 reconnecting=0 rev1=1 crypto rx=0 tx=0 comp rx=0 tx=0).handle_read_frame_preamble_main r=0
2026-02-11T23:30:20.357+0000 7f72e3ffe640 20 --2- [v2:127.0.0.1:6808/4279895178,v1:127.0.0.1:6809/4279895178] >> conn(0xb644c00 0xb4dc680 unknown :-1 s=AUTH_ACCEPTING pgs=0 gs=0 cs=0 l=1 c_cookie=0 s_cookie=0 reconnecting=0 rev1=1 crypto rx=0 tx=0 comp rx=0 tx=0).read_frame_segment seg_idx=0
2026-02-11T23:30:20.357+0000 7f72e3ffe640 20 -- [v2:127.0.0.1:6808/4279895178,v1:127.0.0.1:6809/4279895178] >> conn(0xb644c00 msgr2=0xb4dc680 unknown :-1 s=STATE_CONNECTION_ESTABLISHED l=1).read start len=42
2026-02-11T23:30:20.357+0000 7f72e3ffe640 20 --2- [v2:127.0.0.1:6808/4279895178,v1:127.0.0.1:6809/4279895178] >> conn(0xb644c00 0xb4dc680 unknown :-1 s=AUTH_ACCEPTING pgs=0 gs=0 cs=0 l=1 c_cookie=0 s_cookie=0 reconnecting=0 rev1=1 crypto rx=0 tx=0 comp rx=0 tx=0).handle_read_frame_segment r=0
2026-02-11T23:30:20.357+0000 7f72e3ffe640 10 --2- [v2:127.0.0.1:6808/4279895178,v1:127.0.0.1:6809/4279895178] >> conn(0xb644c00 0xb4dc680 unknown :-1 s=AUTH_ACCEPTING pgs=0 gs=0 cs=0 l=1 c_cookie=0 s_cookie=0 reconnecting=0 rev1=1 crypto rx=0 tx=0 comp rx=0 tx=0).handle_read_frame_dispatch tag=2
2026-02-11T23:30:20.357+0000 7f72e3ffe640 20 --2- [v2:127.0.0.1:6808/4279895178,v1:127.0.0.1:6809/4279895178] >> conn(0xb644c00 0xb4dc680 unknown :-1 s=AUTH_ACCEPTING pgs=0 gs=0 cs=0 l=1 c_cookie=0 s_cookie=0 reconnecting=0 rev1=1 crypto rx=0 tx=0 comp rx=0 tx=0).handle_auth_request payload.length()=38
