2026-02-11T23:30:31.927+0000 7f416c3fd640 1 -- 127.0.0.1:0/3294232400 <== osd.1 v2:127.0.0.1:6814/3043114013 4 ==== osd_ping(ping_reply e34 up_from 10 ping_stamp
2026-02-11T23:30:31.928227+0000/14.603632927s send_stamp 12.592083931s delta_ub -2.011548996s) ==== 2033+0+0 (crc 0 0 0) 0x4c9a480 con 0x4640c00
2026-02-11T23:30:31.927+0000 7f416cbfe640 10 osd.0 34 maybe_share_map: con v2:127.0.0.1:6820/2365263801 updating session's projected_epoch from 23 to ping map epoch of 33
2026-02-11T23:30:31.927+0000 7f416cbfe640 10 osd.0 34 maybe_share_map: con v2:127.0.0.1:6820/2365263801 map epoch 33 -> 34 (shared)
2026-02-11T23:30:31.927+0000 7f416cbfe640 10 osd.0 34 send_incremental_map epoch range: (34, 34] to v2:127.0.0.1:6820/2365263801
2026-02-11T23:30:31.927+0000 7f416abfa640 1 -- 127.0.0.1:0/3294232400 <== osd.2 v2:127.0.0.1:6822/2365263801 3 ==== osd_ping(ping_reply e33 up_from 14 ping_stamp
2026-02-11T23:30:31.928227+0000/14.603632927s send_stamp 10.036949158s delta_ub -4.566683292s) ==== 2033+0+0 (crc 0 0 0) 0x4c9a780 con 0x48cd000
2026-02-11T23:30:31.927+0000 7f416cbfe640 1 -- [v2:127.0.0.1:6802/3294232400,v1:127.0.0.1:6803/3294232400] --> [v2:127.0.0.1:6820/2365263801,v1:127.0.0.1:6821/2365263801] -- osd_map(34..34 src has 1..34) -- 0x4a64fc0 con 0x507b800
2026-02-11T23:30:31.927+0000 7f416cbfe640 20 osd.0 34 handle_osd_ping new stamps hbstamp(osd.2 up_from 14 peer_clock_delta [-4.566862106s,-4.566700459s])
2026-02-11T23:30:31.927+0000 7f416c3fd640 20 osd.0 34 get_con_osd_cluster to osd.1 from_epoch 34
2026-02-11T23:30:31.927+0000 7f416c3fd640 20 osd.0 34 get_nextmap_reserved map_reservations: {34=1}
2026-02-11T23:30:31.927+0000 7f416c3fd640 20 osd.0 34 release_map epoch: 34
2026-02-11T23:30:31.927+0000 7f416c3fd640 10 osd.0 34 maybe_share_map: con v2:127.0.0.1:6812/3043114013 our osdmap epoch of 34 is not newer than session's projected_epoch of 34
2026-02-11T23:30:31.927+0000 7f416c3fd640 20 osd.0 34 handle_osd_ping new stamps hbstamp(osd.1 up_from 10 peer_clock_delta [-2.011737823s,-2.011548996s])
2026-02-11T23:30:31.927+0000 7f416abfa640 20 osd.0 34 get_con_osd_cluster to osd.2 from_epoch 34
2026-02-11T23:30:31.927+0000 7f416abfa640 20 osd.0 34 get_nextmap_reserved map_reservations: {34=1}
2026-02-11T23:30:31.927+0000 7f416abfa640 20 osd.0 34 release_map epoch: 34
2026-02-11T23:30:31.927+0000 7f416abfa640 10 osd.0 34 maybe_share_map: con v2:127.0.0.1:6820/2365263801 our osdmap epoch of 34 is not newer than session's projected_epoch of 34
2026-02-11T23:30:31.927+0000 7f416abfa640 20 osd.0 34 handle_osd_ping new stamps hbstamp(osd.2 up_from 14 peer_clock_delta [-4.566888332s,-4.566683292s])
2026-02-11T23:30:31.927+0000 7f416abfa640 1 -- 127.0.0.1:0/3294232400 <== osd.3 v2:127.0.0.1:6832/2699377081 3 ==== osd_ping(ping_reply e35 up_from 19 ping_stamp
2026-02-11T23:30:31.928227+0000/14.603632927s send_stamp 7.384299755s delta_ub -7.219333172s) ==== 2033+0+0 (crc 0 0 0) 0x4c9a780 con 0x48cd400
2026-02-11T23:30:31.927+0000 7f416abfa640 20 osd.0 34 get_con_osd_cluster to osd.3 from_epoch 34
2026-02-11T23:30:31.927+0000 7f416abfa640 20 osd.0 34 get_nextmap_reserved map_reservations: {34=1}
2026-02-11T23:30:31.927+0000 7f416abfa640 20 osd.0 34 release_map epoch: 34
2026-02-11T23:30:31.927+0000 7f416abfa640 10 osd.0 34 maybe_share_map: con v2:127.0.0.1:6828/2699377081 updating session's projected_epoch from 34 to ping map epoch of 35
2026-02-11T23:30:31.927+0000 7f416abfa640 10 osd.0 34 maybe_share_map: con v2:127.0.0.1:6828/2699377081 our osdmap epoch of 34 is not newer than session's projected_epoch of 35
2026-02-11T23:30:31.927+0000 7f416abfa640 20 osd.0 34 handle_osd_ping new stamps hbstamp(osd.3 up_from 19 peer_clock_delta [-7.219668388s,-7.219333172s])
2026-02-11T23:30:31.927+0000 7f415aefe640 1 -- [v2:127.0.0.1:6802/3294232400,v1:127.0.0.1:6803/3294232400] <== osd.3 v2:127.0.0.1:6828/2699377081 4 ==== osd_map(35..35 src has 1..35) ==== 296+0+0 (crc 0 0 0) 0x4a64fc0 con 0x48ccc00
2026-02-11T23:30:31.927+0000 7f415aefe640 20 osd.0 34 OSD::ms_dispatch: osd_map(35..35 src has 1..35)
2026-02-11T23:30:31.927+0000 7f415aefe640 20 osd.0 34 _dispatch 0x4a64fc0 osd_map(35..35 src has 1..35)
2026-02-11T23:30:31.927+0000 7f416c3fd640 1 -- 127.0.0.1:0/3294232400 <== osd.3 v2:127.0.0.1:6830/2699377081 3 ==== osd_ping(ping_reply e35 up_from 19 ping_stamp
2026-02-11T23:30:31.928227+0000/14.603632927s send_stamp 7.384482861s delta_ub -7.219149590s) ==== 2033+0+0 (crc 0 0 0) 0x4c9a480 con 0x48cd800
2026-02-11T23:30:31.927+0000 7f416c3fd640 20 osd.0 34 get_con_osd_cluster to osd.3 from_epoch 34
2026-02-11T23:30:31.927+0000 7f416c3fd640 20 osd.0 34 get_nextmap_reserved map_reservations: {34=1}
2026-02-11T23:30:31.927+0000 7f416c3fd640 20 osd.0 34 release_map epoch: 34
2026-02-11T23:30:31.927+0000 7f416c3fd640 10 osd.0 34 maybe_share_map: con v2:127.0.0.1:6828/2699377081 our osdmap epoch of 34 is not newer than session's projected_epoch of 35
2026-02-11T23:30:31.927+0000 7f415aefe640 3 osd.0 34 handle_osd_map epochs [35,35], i have 34, src has [1,35]
2026-02-11T23:30:31.927+0000 7f415aefe640 10 osd.0 34 handle_osd_map: received 0 full maps and 1 incremental maps
2026-02-11T23:30:31.927+0000 7f416c3fd640 20 osd.0 34 handle_osd_ping new stamps hbstamp(osd.3 up_from 19 peer_clock_delta [-7.219509125s,-7.219149590s])
2026-02-11T23:30:31.927+0000 7f415aefe640 10 osd.0 34 handle_osd_map got inc map for epoch 35
2026-02-11T23:30:31.927+0000 7f416c3fd640 1 -- 127.0.0.1:0/3294232400 <== osd.4 v2:127.0.0.1:6838/3331151400 2 ==== osd_ping(ping_reply e35 up_from 23 ping_stamp
2026-02-11T23:30:31.928227+0000/14.603632927s send_stamp 4.767150402s delta_ub -9.836481094s) ==== 2033+0+0 (crc 0 0 0) 0x4c9a480 con 0x5282000
2026-02-11T23:30:31.927+0000 7f416c3fd640 20 osd.0 34 get_con_osd_cluster to osd.4 from_epoch 34
2026-02-11T23:30:31.927+0000 7f416c3fd640 20 osd.0 34 get_nextmap_reserved map_reservations: {34=1}
2026-02-11T23:30:31.927+0000 7f416c3fd640 20 osd.0 34 release_map epoch: 34
2026-02-11T23:30:31.927+0000 7f416c3fd640 10 osd.0 34 maybe_share_map: con v2:127.0.0.1:6836/3331151400 updating session's projected_epoch from 34 to ping map epoch of 35
2026-02-11T23:30:31.927+0000 7f416c3fd640 10 osd.0 34 maybe_share_map: con v2:127.0.0.1:6836/3331151400 our osdmap epoch of 34 is not newer than session's projected_epoch of 35
2026-02-11T23:30:31.927+0000 7f416c3fd640 20 osd.0 34 handle_osd_ping new stamps hbstamp(osd.4 up_from 23 peer_clock_delta [-9.836860657s,-9.836481094s])
2026-02-11T23:30:31.927+0000 7f415aefe640 20 osd.0 34 got_full_map 35, nothing requested
2026-02-11T23:30:31.927+0000 7f416abfa640 1 -- 127.0.0.1:0/3294232400 <== osd.4 v2:127.0.0.1:6840/3331151400 2 ==== osd_ping(ping_reply e35 up_from 23 ping_stamp
2026-02-11T23:30:31.928227+0000/14.603632927s send_stamp 4.767350674s delta_ub -9.836281776s) ==== 2033+0+0 (crc 0 0 0) 0x4c9aa80 con 0x507bc00
2026-02-11T23:30:31.927+0000 7f416abfa640 20 osd.0 34 get_con_osd_cluster to osd.4 from_epoch 34
2026-02-11T23:30:31.927+0000 7f416abfa640 20 osd.0 34 get_nextmap_reserved map_reservations: {34=1}
2026-02-11T23:30:31.927+0000 7f416abfa640 20 osd.0 34 release_map epoch: 34
2026-02-11T23:30:31.927+0000 7f416abfa640 10 osd.0 34 maybe_share_map: con v2:127.0.0.1:6836/3331151400 our osdmap epoch of 34 is not newer than session's projected_epoch of 35
2026-02-11T23:30:31.927+0000 7f415aefe640 20 osd.0 34 trim_maps: min=0 oldest_map=1
2026-02-11T23:30:31.927+0000 7f416abfa640 20 osd.0 34 handle_osd_ping new stamps hbstamp(osd.4 up_from 23 peer_clock_delta [-9.836686134s,-9.836281776s])
2026-02-11T23:30:31.927+0000 7f415aefe640 20 osd.0 34 handle_osd_map pg_num_history pg_num_history(e35 pg_nums {1={27=1},2={34=1}} deleted_pools )
2026-02-11T23:30:31.927+0000 7f415aefe640 10 snap_mapper record_purged_snaps purged_snaps {35={}}
2026-02-11T23:30:31.927+0000 7f415aefe640 10 snap_mapper record_purged_snaps rm 0 keys, set 0 keys
2026-02-11T23:30:31.927+0000 7f415aefe640 10 write_superblock sb(cb0a9481-482d-477a-a81c-1446b6498370 osd.0 01217804-d5cf-416e-93e4-5f1242b1c391 e35 maps [1~35] lci=[5,35] tlb=1)
2026-02-11T23:30:31.927+0000 7f415aefe640 1 -- [v2:127.0.0.1:6802/3294232400,v1:127.0.0.1:6803/3294232400] <== osd.4 v2:127.0.0.1:6836/3331151400 1 ==== osd_map(35..35 src has 1..35) ==== 296+0+0 (unknown 0 0 0) 0x5954700 con 0x507ac00
2026-02-11T23:30:31.927+0000 7f415aefe640 20 osd.0 34 OSD::ms_dispatch: osd_map(35..35 src has 1..35)
2026-02-11T23:30:31.927+0000 7f415aefe640 20 osd.0 34 _dispatch 0x5954700 osd_map(35..35 src has 1..35)
2026-02-11T23:30:31.927+0000 7f415aefe640 3 osd.0 34 handle_osd_map epochs [35,35], i have 35, src has [1,35]
2026-02-11T23:30:31.927+0000 7f415aefe640 10 osd.0 34 handle_osd_map: received 0 full maps and 1 incremental maps
2026-02-11T23:30:31.927+0000 7f415aefe640 10 osd.0 34 no new maps here, dropping
2026-02-11T23:30:31.927+0000 7f41591a6640 10 osd.0 34 _committed_osd_maps 35..35
2026-02-11T23:30:31.927+0000 7f41591a6640 10 osd.0 34 advance to epoch 35 (<= last 35 <= newest_map 35)
2026-02-11T23:30:31.927+0000 7f41591a6640 20 osd.0 35 consume_map version 35
2026-02-11T23:30:31.927+0000 7f41591a6640 20 osd.0 34 await_reserved_maps epoch:35
2026-02-11T23:30:31.927+0000 7f41591a6640 20 osd.0 34 await_reserved_maps done 0
2026-02-11T23:30:31.927+0000 7f41591a6640 20 osd.0 35 consume_map 35 -- publish done
2026-02-11T23:30:31.927+0000 7f41591a6640 20 osd.0:0.identify_splits_and_merges identify_splits_and_merges 2 slots
2026-02-11T23:30:31.927+0000 7f41591a6640 20 osd.0:0.identify_splits_and_merges identify_splits_and_merges slot pgid:2.0slot:0x37002c0
2026-02-11T23:30:31.927+0000 7f41591a6640 20 osd.0:0.identify_splits_and_merges identify_splits_and_merges slot 2.0 has no pg and waiting_for_split
2026-02-11T23:30:31.927+0000 7f41591a6640 20 osd.0:0.identify_splits_and_merges identify_splits_and_merges slot pgid:1.0slot:0x3700dc0
2026-02-11T23:30:31.927+0000 7f41591a6640 20 osd.0 35 identify_splits_and_merges 1.0 e34 to e35
2026-02-11T23:30:31.927+0000 7f41591a6640 20 osd.0 35 identify_splits_and_merges 1.0 e34 to e35 pg_nums {27=1}
2026-02-11T23:30:31.927+0000 7f41591a6640 20 osd.0:0.identify_splits_and_merges identify_splits_and_merges 0 splits, 0 merges
2026-02-11T23:30:31.927+0000 7f41591a6640 20 osd.0:1.identify_splits_and_merges identify_splits_and_merges 0 slots
2026-02-11T23:30:31.927+0000 7f41591a6640 20 osd.0:1.identify_splits_and_merges identify_splits_and_merges 0 splits, 0 merges
2026-02-11T23:30:31.927+0000 7f41591a6640 20 osd.0:2.identify_splits_and_merges identify_splits_and_merges 0 slots
2026-02-11T23:30:31.927+0000 7f41591a6640 20 osd.0:2.identify_splits_and_merges identify_splits_and_merges 0 splits, 0 merges
2026-02-11T23:30:31.927+0000 7f41591a6640 20 osd.0:3.identify_splits_and_merges identify_splits_and_merges 0 slots
2026-02-11T23:30:31.927+0000 7f41591a6640 20 osd.0:3.identify_splits_and_merges identify_splits_and_merges 0 splits, 0 merges
2026-02-11T23:30:31.927+0000 7f41591a6640 20 osd.0:4.identify_splits_and_merges identify_splits_and_merges 0 slots
2026-02-11T23:30:31.927+0000 7f41591a6640 20 osd.0:4.identify_splits_and_merges identify_splits_and_merges 0 splits, 0 merges
2026-02-11T23:30:31.927+0000 7f41591a6640 20 osd.0:5.identify_splits_and_merges identify_splits_and_merges 0 slots
2026-02-11T23:30:31.927+0000 7f41591a6640 20 osd.0:5.identify_splits_and_merges identify_splits_and_merges 0 splits, 0 merges
2026-02-11T23:30:31.927+0000 7f41591a6640 20 osd.0:6.identify_splits_and_merges identify_splits_and_merges 0 slots
2026-02-11T23:30:31.927+0000 7f41591a6640 20 osd.0:6.identify_splits_and_merges identify_splits_and_merges 0 splits, 0 merges
2026-02-11T23:30:31.927+0000 7f41591a6640 20 osd.0:7.identify_splits_and_merges identify_splits_and_merges 0 slots
2026-02-11T23:30:31.927+0000 7f41591a6640 20 osd.0:7.identify_splits_and_merges identify_splits_and_merges 0 splits, 0 merges
2026-02-11T23:30:31.927+0000 7f41591a6640 20 osd.0 35 prune_pg_created
2026-02-11T23:30:31.927+0000 7f41591a6640 10 osd.0:0.consume_map 35 (was 34)
2026-02-11T23:30:31.927+0000 7f41591a6640 20 osd.0:0.consume_map consume_map 2.0
2026-02-11T23:30:31.927+0000 7f41591a6640 20 osd.0:0.consume_map consume_map 2.0 pending_peering first epoch 35 <= 35, requeueing
2026-02-11T23:30:31.927+0000 7f41591a6640 20 osd.0:0._wake_pg_slot _wake_pg_slot 2.0 to_process <> waiting <> waiting_peering {35=}
2026-02-11T23:30:31.927+0000 7f41591a6640 20 osd.0:0.consume_map consume_map 1.0
2026-02-11T23:30:31.927+0000 7f41591a6640 10 osd.0:1.consume_map 35 (was 34)
2026-02-11T23:30:31.927+0000 7f41591a6640 10 osd.0:2.consume_map 35 (was 34)
2026-02-11T23:30:31.927+0000 7f41591a6640 10 osd.0:3.consume_map 35 (was 34)
2026-02-11T23:30:31.927+0000 7f41591a6640 10 osd.0:4.consume_map 35 (was 34)
2026-02-11T23:30:31.927+0000 7f41591a6640 10 osd.0:5.consume_map 35 (was 34)
2026-02-11T23:30:31.927+0000 7f41591a6640 10 osd.0:6.consume_map 35 (was 34)
2026-02-11T23:30:31.927+0000 7f41591a6640 10 osd.0:7.consume_map 35 (was 34)
2026-02-11T23:30:31.927+0000 7f41591a6640 10 osd.0 35 release_reserved_pushes(0), recovery_ops_reserved 0 -> 0
2026-02-11T23:30:31.927+0000 7f41591a6640 15 osd.0 35 enqueue_peering_evt 1.0 epoch_sent: 35 epoch_requested: 35 NullEvt
2026-02-11T23:30:31.927+0000 7f41591a6640 20 osd.0 op_wq(0) _enqueue OpSchedulerItem(1.0 PGPeeringEvent(epoch_sent: 35 epoch_requested: 35 NullEvt) class_id 2 prio 255 cost 10 e35)
2026-02-11T23:30:31.927+0000 7f414b98b640 20 osd.0 op_wq(0) _process 2.0 to_process <> waiting <> waiting_peering {}
2026-02-11T23:30:31.927+0000 7f414b98b640 20 osd.0 op_wq(0) _process OpSchedulerItem(2.0 PGPeeringEvent(epoch_sent: 35 epoch_requested: 34 MLogRec from 3 log log((0'0,0'0], crt=0'0) pi ([0,0] all_participants={} intervals=[]) pg_lease(ru 0.000000000s ub 22.947696686s int 16.000000000s) +create_info) class_id 2immediate prio 255 cost 10 e35) queued
2026-02-11T23:30:31.927+0000 7f414b98b640 20 osd.0 op_wq(0) _process 2.0 to_process waiting <> waiting_peering {}
2026-02-11T23:30:31.927+0000 7f414b98b640 20 osd.0 op_wq(0) _process OpSchedulerItem(2.0 PGPeeringEvent(epoch_sent: 35 epoch_requested: 34 MLogRec from 3 log log((0'0,0'0], crt=0'0) pi ([0,0] all_participants={} intervals=[]) pg_lease(ru 0.000000000s ub 22.947696686s int 16.000000000s) +create_info) class_id 2immediate prio 255 cost 10 e35) pg 0
2026-02-11T23:30:31.927+0000 7f414b98b640 20 osd.0 op_wq(0) _process 2.0 no pg, should create on OpSchedulerItem(2.0 PGPeeringEvent(epoch_sent: 35 epoch_requested: 34 MLogRec from 3 log log((0'0,0'0], crt=0'0) pi ([0,0] all_participants={} intervals=[]) pg_lease(ru 0.000000000s ub 22.947696686s int 16.000000000s) +create_info) class_id 2immediate prio 255 cost 10 e35)
2026-02-11T23:30:31.927+0000 7f414b98b640 10 osd.0 35 _make_pg 2.0
2026-02-11T23:30:31.927+0000 7f414b98b640 10 snap_mapper [pg_id:0, match:0, mask_bits:0, last_key_checked:, pool:2, shard:-1, shard_prefix: , prefixes: {}] SnapMapper
2026-02-11T23:30:31.927+0000 7f414b98b640 20 snap_mapper [pg_id:0, match:0, mask_bits:0, last_key_checked:, pool:2, shard:-1, shard_prefix: , prefixes: {}] update_bits new_bits: 0
2026-02-11T23:30:31.927+0000 7f414b98b640 20 snap_mapper [pg_id:0, match:0, mask_bits:0, last_key_checked:, pool:2, shard:-1, shard_prefix: , prefixes: {"0000000000000002."}] update_bits prefix updated
2026-02-11T23:30:31.927+0000 7f414b98b640 10 snap_mapper [pg_id:0, match:0, mask_bits:0, last_key_checked:, pool:2, shard:-1, shard_prefix: , prefixes: {"0000000000000002."}] reset_prefix_itr::from <0> to ::update_bits
2026-02-11T23:30:31.927+0000 7f414b98b640 5 osd.0 pg_epoch: 34 pg[2.0(unlocked)] enter Initial
2026-02-11T23:30:31.927+0000 7f414b98b640 20 osd.0 pg_epoch: 34 pg[2.0(unlocked)] enter NotTrimming
2026-02-11T23:30:31.927+0000 7f414b98b640 10 osd.0 pg_epoch: 34 pg[2.0(unlocked)] scrubber: FSM: -- state -->> NotActive
2026-02-11T23:30:31.927+0000 7f414b98b640 10 osd.0 pg_epoch: 34 pg[2.0( DNE empty local-lis/les=0/0 n=0 ec=0/0 lis/c=0/0 les/c/f=0/0/0 sis=0) [] r=-1 lpr=0 crt=0'0 unknown mbc={}] PeeringState::init init role 2 up [3,1,0] acting [3,1,0] history ec=34/34 lis/c=0/0 les/c/f=0/0/0 sis=34 past_intervals ([0,0] all_participants={} intervals=[])
2026-02-11T23:30:31.927+0000 7f414b98b640 20 osd.0 pg_epoch: 34 pg[2.0( empty local-lis/les=0/0 n=0 ec=34/34 lis/c=0/0 les/c/f=0/0/0 sis=34) [3,1,0] r=2 lpr=0 crt=0'0 unknown mbc={}] PeeringState::on_new_interval
2026-02-11T23:30:31.927+0000 7f414b98b640 20 osd.0 pg_epoch: 34 pg[2.0( empty local-lis/les=0/0 n=0 ec=34/34 lis/c=0/0 les/c/f=0/0/0 sis=34) [3,1,0] r=2 lpr=0 crt=0'0 unknown mbc={}] PeeringState::on_new_interval upacting_features 0x3f0ffffffffdffff from [3,1,0]+[3,1,0]
2026-02-11T23:30:31.927+0000 7f414b98b640 20 osd.0 pg_epoch: 34 pg[2.0( empty local-lis/les=0/0 n=0 ec=34/34 lis/c=0/0 les/c/f=0/0/0 sis=34) [3,1,0] r=2 lpr=0 crt=0'0 unknown mbc={}] PeeringState::on_new_interval checking missing set deletes flag. missing = missing(0 may_include_deletes = 1)
2026-02-11T23:30:31.927+0000 7f414b98b640 10 osd.0 pg_epoch: 34 pg[2.0( empty local-lis/les=0/0 n=0 ec=34/34 lis/c=0/0 les/c/f=0/0/0 sis=34) [3,1,0] r=2 lpr=0 crt=0'0 unknown mbc={}] PeeringState::init_hb_stamps now [0x56858f0]
2026-02-11T23:30:31.927+0000 7f414b98b640 10 osd.0 pg_epoch: 34 pg[2.0( empty local-lis/les=0/0 n=0 ec=34/34 lis/c=0/0 les/c/f=0/0/0 sis=34) [3,1,0] r=2 lpr=0 crt=0'0 unknown mbc={}] PeeringState::on_new_interval prior_readable_until_ub 0.000000000s (mnow 14.604547501s + 0.000000000s)
2026-02-11T23:30:31.927+0000 7f414b98b640 10 osd.0 pg_epoch: 34 pg[2.0( empty local-lis/les=0/0 n=0 ec=34/34 lis/c=0/0 les/c/f=0/0/0 sis=34) [3,1,0] r=2 lpr=0 crt=0'0 unknown mbc={}] cancel_recovery
2026-02-11T23:30:31.927+0000 7f414b98b640 10 osd.0 pg_epoch: 34 pg[2.0( empty local-lis/les=0/0 n=0 ec=34/34 lis/c=0/0 les/c/f=0/0/0 sis=34) [3,1,0] r=2 lpr=0 crt=0'0 unknown mbc={}] clear_recovery_state
2026-02-11T23:30:31.927+0000 7f414b98b640 15 osd.0 pg_epoch: 34 pg[2.0( empty local-lis/les=0/0 n=0 ec=34/34 lis/c=0/0 les/c/f=0/0/0 sis=34) [3,1,0] r=2 lpr=0 crt=0'0 unknown mbc={}] _clear_recovery_state
2026-02-11T23:30:31.927+0000 7f414b98b640 10 osd.0 pg_epoch: 34 pg[2.0( empty local-lis/les=0/0 n=0 ec=34/34 lis/c=0/0 les/c/f=0/0/0 sis=34) [3,1,0] r=2 lpr=0 crt=0'0 unknown mbc={}] scrubber: on_new_interval: current role:Replica/other active?false q/a:false
2026-02-11T23:30:31.927+0000 7f414b98b640 20 scrubberFSM event: --vvvv---- IntervalChanged
2026-02-11T23:30:31.927+0000 7f414b98b640 20 scrubberFSM event: --^^^^---- IntervalChanged
2026-02-11T23:30:31.927+0000 7f414b98b640 6 write_log_and_missing with: dirty_to: 0'0, dirty_from: 4294967295'18446744073709551615, writeout_from: 4294967295'18446744073709551615, trimmed: , trimmed_dups: , clear_divergent_priors: 0
2026-02-11T23:30:31.927+0000 7f414b98b640 10 _write_log_and_missing clearing up to 0'0 dirty_to_dups=0'0 dirty_from_dups=4294967295'18446744073709551615 write_from_dups=4294967295'18446744073709551615 trimmed_dups.size()=0
2026-02-11T23:30:31.927+0000 7f414b98b640 10 _write_log_and_missing going to encode log.dups.size()=0
2026-02-11T23:30:31.927+0000 7f414b98b640 10 _write_log_and_missing 1st round encoded log.dups.size()=0
2026-02-11T23:30:31.927+0000 7f414b98b640 10 _write_log_and_missing 2st round encoded log.dups.size()=0
2026-02-11T23:30:31.927+0000 7f414b98b640 10 end of _write_log_and_missing
2026-02-11T23:30:31.927+0000 7f414b98b640 10 osd.0 pg_epoch: 34 pg[2.0( empty local-lis/les=0/0 n=0 ec=34/34 lis/c=0/0 les/c/f=0/0/0 sis=34) [3,1,0] r=2 lpr=0 crt=0'0 unknown mbc={}] handle_initialize
2026-02-11T23:30:31.927+0000 7f414b98b640 5 osd.0 pg_epoch: 34 pg[2.0( empty local-lis/les=0/0 n=0 ec=34/34 lis/c=0/0 les/c/f=0/0/0 sis=34) [3,1,0] r=2 lpr=0 crt=0'0 unknown mbc={}] exit Initial 0.000086 0 0.000000
2026-02-11T23:30:31.927+0000 7f414b98b640 5 osd.0 pg_epoch: 34 pg[2.0( empty local-lis/les=0/0 n=0 ec=34/34 lis/c=0/0 les/c/f=0/0/0 sis=34) [3,1,0] r=2 lpr=0 crt=0'0 unknown mbc={}] enter Reset
2026-02-11T23:30:31.927+0000 7f414b98b640 20 osd.0 pg_epoch: 34 pg[2.0( empty local-lis/les=0/0 n=0 ec=34/34 lis/c=0/0 les/c/f=0/0/0 sis=34) [3,1,0] r=2 lpr=0 crt=0'0 unknown mbc={}] PeeringState::set_last_peering_reset set_last_peering_reset 34
2026-02-11T23:30:31.927+0000 7f414b98b640 10 osd.0 pg_epoch: 34 pg[2.0( empty local-lis/les=0/0 n=0 ec=34/34 lis/c=0/0 les/c/f=0/0/0 sis=34) [3,1,0] r=2 lpr=34 crt=0'0 unknown mbc={}] PeeringState::set_last_peering_reset Clearing blocked outgoing recovery messages
2026-02-11T23:30:31.927+0000 7f414b98b640 10 osd.0 pg_epoch: 34 pg[2.0( empty local-lis/les=0/0 n=0 ec=34/34 lis/c=0/0 les/c/f=0/0/0 sis=34) [3,1,0] r=2 lpr=34 crt=0'0 unknown mbc={}] PeeringState::set_last_peering_reset Not blocking outgoing recovery messages
2026-02-11T23:30:31.927+0000 7f414b98b640 10 osd.0 pg_epoch: 34 pg[2.0( empty local-lis/les=0/0 n=0 ec=34/34 lis/c=0/0 les/c/f=0/0/0 sis=34) [3,1,0] r=2 lpr=34 crt=0'0 unknown mbc={}] handle_activate_map: epoch range: 34..34
2026-02-11T23:30:31.927+0000 7f414b98b640 10 osd.0 pg_epoch: 34 pg[2.0( empty local-lis/les=0/0 n=0 ec=34/34 lis/c=0/0 les/c/f=0/0/0 sis=34) [3,1,0] r=2 lpr=34 crt=0'0 unknown mbc={}] PeeringState::activate_map
2026-02-11T23:30:31.927+0000 7f414b98b640 5 osd.0 pg_epoch: 34 pg[2.0( empty local-lis/les=0/0 n=0 ec=34/34 lis/c=0/0 les/c/f=0/0/0 sis=34) [3,1,0] r=2 lpr=34 crt=0'0 unknown mbc={}] exit Reset 0.000017 1 0.000016
2026-02-11T23:30:31.927+0000 7f414b98b640 5 osd.0 pg_epoch: 34 pg[2.0( empty local-lis/les=0/0 n=0 ec=34/34 lis/c=0/0 les/c/f=0/0/0 sis=34) [3,1,0] r=2 lpr=34 crt=0'0 unknown mbc={}] enter Started
2026-02-11T23:30:31.927+0000 7f414b98b640 5 osd.0 pg_epoch: 34 pg[2.0( empty local-lis/les=0/0 n=0 ec=34/34 lis/c=0/0 les/c/f=0/0/0 sis=34) [3,1,0] r=2 lpr=34 crt=0'0 unknown mbc={}] enter Start
2026-02-11T23:30:31.927+0000 7f414b98b640 1 osd.0 pg_epoch: 34 pg[2.0( empty local-lis/les=0/0 n=0 ec=34/34 lis/c=0/0 les/c/f=0/0/0 sis=34) [3,1,0] r=2 lpr=34 crt=0'0 unknown mbc={}] state: transitioning to Stray
2026-02-11T23:30:31.927+0000 7f414b98b640 5 osd.0 pg_epoch: 34 pg[2.0( empty local-lis/les=0/0 n=0 ec=34/34 lis/c=0/0 les/c/f=0/0/0 sis=34) [3,1,0] r=2 lpr=34 crt=0'0 unknown mbc={}] exit Start 0.000003 0 0.000000
2026-02-11T23:30:31.927+0000 7f414b98b640 5 osd.0 pg_epoch: 34 pg[2.0( empty local-lis/les=0/0 n=0 ec=34/34 lis/c=0/0 les/c/f=0/0/0 sis=34) [3,1,0] r=2 lpr=34 crt=0'0 unknown mbc={}] enter Started/Stray
2026-02-11T23:30:31.927+0000 7f414b98b640 20 osd.0 pg_epoch: 34 pg[2.0( empty local-lis/les=0/0 n=0 ec=34/34 lis/c=0/0 les/c/f=0/0/0 sis=34) [3,1,0] r=2 lpr=34 crt=0'0 unknown mbc={}] PeeringState::activate_map : Not dirtying info: last_persisted is 34 while current is 34
2026-02-11T23:30:31.927+0000 7f414b98b640 10 log is not dirty
2026-02-11T23:30:31.927+0000 7f414b98b640 10 osd.0 pg_epoch: 34 pg[2.0( empty local-lis/les=0/0 n=0 ec=34/34 lis/c=0/0 les/c/f=0/0/0 sis=34) [3,1,0] r=2 lpr=34 crt=0'0 unknown mbc={}] on_scrub_schedule_input_change: inactive, non-primary - or already scrubbing
2026-02-11T23:30:31.927+0000 7f414b98b640 10 osd.0 35 handle_pg_create_info new pg pg[2.0( empty local-lis/les=0/0 n=0 ec=34/34 lis/c=0/0 les/c/f=0/0/0 sis=34) [3,1,0] r=2 lpr=34 crt=0'0 unknown mbc={}]
2026-02-11T23:30:31.927+0000 7f414b98b640 10 osd.0:0._attach_pg 2.0 0x5978000
2026-02-11T23:30:31.927+0000 7f414b98b640 20 osd.0:0._wake_pg_slot _wake_pg_slot 2.0 to_process <> waiting <> waiting_peering {}
2026-02-11T23:30:31.927+0000 7f414b98b640 20 osd.0 35 identify_splits_and_merges 2.0 e34 to e35
2026-02-11T23:30:31.927+0000 7f414b98b640 20 osd.0 35 identify_splits_and_merges 2.0 e34 to e35 pg_nums {34=1}
2026-02-11T23:30:31.927+0000 7f414b98b640 10 osd.0:0._prime_splits
2026-02-11T23:30:31.927+0000 7f414b98b640 10 osd.0 pg_epoch: 34 pg[2.0( empty local-lis/les=0/0 n=0 ec=34/34 lis/c=0/0 les/c/f=0/0/0 sis=34) [3,1,0] r=2 lpr=34 crt=0'0 unknown mbc={}] handle_advance_map: 35
2026-02-11T23:30:31.927+0000 7f41591a6640 7 osd.0 35 activate_map version 35
2026-02-11T23:30:31.927+0000 7f414b98b640 20 osd.0:0.update_pg_epoch 2.0 34 -> 35
2026-02-11T23:30:31.927+0000 7f414b98b640 10 osd.0 pg_epoch: 34 pg[2.0( empty local-lis/les=0/0 n=0 ec=34/34 lis/c=0/0 les/c/f=0/0/0 sis=34) [3,1,0] r=2 lpr=34 crt=0'0 unknown mbc={}] PeeringState::advance_map handle_advance_map [3,1,0]/[3,1,0] -- 3/3
2026-02-11T23:30:31.927+0000 7f414b98b640 10 osd.0 pg_epoch: 35 pg[2.0( empty local-lis/les=0/0 n=0 ec=34/34 lis/c=0/0 les/c/f=0/0/0 sis=34) [3,1,0] r=2 lpr=34 crt=0'0 unknown mbc={}] state: Started advmap
2026-02-11T23:30:31.927+0000 7f4150194640 20 osd.0 35 agent_entry empty queue
2026-02-11T23:30:31.927+0000 7f414f993640 20 osd.0 op_wq(0) _process 1.0 to_process <> waiting <> waiting_peering {}
2026-02-11T23:30:31.927+0000 7f414f993640 20 osd.0 op_wq(0) _process OpSchedulerItem(1.0 PGPeeringEvent(epoch_sent: 35 epoch_requested: 35 NullEvt) class_id 2immediate prio 255 cost 10 e35) queued
2026-02-11T23:30:31.927+0000 7f414b98b640 10 osd.0 pg_epoch: 35 pg[2.0( empty local-lis/les=0/0 n=0 ec=34/34 lis/c=0/0 les/c/f=0/0/0 sis=34) [3,1,0] r=2 lpr=34 crt=0'0 unknown mbc={}] check_recovery_sources no source osds () went down
2026-02-11T23:30:31.927+0000 7f414f993640 20 osd.0 op_wq(0) _process 1.0 to_process waiting <> waiting_peering {}
2026-02-11T23:30:31.927+0000 7f414f993640 20 osd.0 op_wq(0) _process OpSchedulerItem(1.0 PGPeeringEvent(epoch_sent: 35 epoch_requested: 35 NullEvt) class_id 2immediate prio 255 cost 10 e35) pg 0x5946000
2026-02-11T23:30:31.927+0000 7f414b98b640 20 osd.0 35 advance_pg new pool opts old pool opts
2026-02-11T23:30:31.927+0000 7f414b98b640 10 osd.0 pg_epoch: 35 pg[2.0( empty local-lis/les=0/0 n=0 ec=34/34 lis/c=0/0 les/c/f=0/0/0 sis=34) [3,1,0] r=2 lpr=34 crt=0'0 unknown mbc={}] handle_activate_map: epoch range: 35..35
2026-02-11T23:30:31.927+0000 7f414b98b640 10 osd.0 pg_epoch: 35 pg[2.0( empty local-lis/les=0/0 n=0 ec=34/34 lis/c=0/0 les/c/f=0/0/0 sis=34) [3,1,0] r=2 lpr=34 crt=0'0 unknown mbc={}] PeeringState::activate_map
2026-02-11T23:30:31.927+0000 7f414b98b640 20 osd.0 pg_epoch: 35 pg[2.0( empty local-lis/les=0/0 n=0 ec=34/34 lis/c=0/0 les/c/f=0/0/0 sis=34) [3,1,0] r=2 lpr=34 crt=0'0 unknown mbc={}] PeeringState::activate_map : Not dirtying info: last_persisted is 34 while current is 35
2026-02-11T23:30:31.927+0000 7f414f993640 10 osd.0 pg_epoch: 34 pg[1.0( empty local-lis/les=29/30 n=0 ec=27/27 lis/c=29/29 les/c/f=30/30/0 sis=29) [1,0] r=1 lpr=29 crt=0'0 active mbc={}] handle_advance_map: 35
2026-02-11T23:30:31.927+0000 7f414f993640 20 osd.0:0.update_pg_epoch 1.0 34 -> 35
2026-02-11T23:30:31.927+0000 7f414b98b640 10 log is not dirty
2026-02-11T23:30:31.927+0000 7f414f993640 10 osd.0 pg_epoch: 34 pg[1.0( empty local-lis/les=29/30 n=0 ec=27/27 lis/c=29/29 les/c/f=30/30/0 sis=29) [1,0] r=1 lpr=29 crt=0'0 active mbc={}] PeeringState::advance_map handle_advance_map [1,0]/[1,0] -- 1/1
2026-02-11T23:30:31.927+0000 7f414b98b640 10 osd.0 pg_epoch: 35 pg[2.0( empty local-lis/les=0/0 n=0 ec=34/34 lis/c=0/0 les/c/f=0/0/0 sis=34) [3,1,0] r=2 lpr=34 crt=0'0 unknown mbc={}] do_peering_event: epoch_sent: 35 epoch_requested: 34 MLogRec from 3 log log((0'0,0'0], crt=0'0) pi ([0,0] all_participants={} intervals=[]) pg_lease(ru 0.000000000s ub 22.947696686s int 16.000000000s) +create_info
2026-02-11T23:30:31.927+0000 7f414f993640 10 osd.0 pg_epoch: 35 pg[1.0( empty local-lis/les=29/30 n=0 ec=27/27 lis/c=29/29 les/c/f=30/30/0 sis=29) [1,0] r=1 lpr=29 crt=0'0 active mbc={}] state: Started advmap
2026-02-11T23:30:31.927+0000 7f414b98b640 10 osd.0 pg_epoch: 35 pg[2.0( empty local-lis/les=0/0 n=0 ec=34/34 lis/c=0/0 les/c/f=0/0/0 sis=34) [3,1,0] r=2 lpr=34 crt=0'0 unknown mbc={}] state: got info+log from osd.3 2.0( empty local-lis/les=34/35 n=0 ec=34/34 lis/c=0/0 les/c/f=0/0/0 sis=34) log((0'0,0'0], crt=0'0)
2026-02-11T23:30:31.927+0000 7f414f993640 10 osd.0 pg_epoch: 35 pg[1.0( empty local-lis/les=29/30 n=0 ec=27/27 lis/c=29/29 les/c/f=30/30/0 sis=29) [1,0] r=1 lpr=29 crt=0'0 active mbc={}] check_recovery_sources no source osds () went down
2026-02-11T23:30:31.927+0000 7f414b98b640 10 merge_log log((0'0,0'0], crt=0'0) from osd.3 into log((0'0,0'0], crt=0'0)
2026-02-11T23:30:31.927+0000 7f414b98b640 5 merge_log_dups log.dups.size()=0olog.dups.size()=0
2026-02-11T23:30:31.927+0000 7f414f993640 20 osd.0 35 advance_pg new pool opts old pool opts
2026-02-11T23:30:31.927+0000 7f414b98b640 5 end of merge_log_dups changed=0 log.dups.size()=0 olog.dups.size()=0
2026-02-11T23:30:31.927+0000 7f414b98b640 10 merge_log result log((0'0,0'0], crt=0'0) missing(0 may_include_deletes = 1) changed=0
2026-02-11T23:30:31.927+0000 7f414f993640 10 osd.0 pg_epoch: 35 pg[1.0( empty local-lis/les=29/30 n=0 ec=27/27 lis/c=29/29 les/c/f=30/30/0 sis=29) [1,0] r=1 lpr=29 crt=0'0 active mbc={}] handle_activate_map: epoch range: 35..35
2026-02-11T23:30:31.927+0000 7f414f993640 10 osd.0 pg_epoch: 35 pg[1.0( empty local-lis/les=29/30 n=0 ec=27/27 lis/c=29/29 les/c/f=30/30/0 sis=29) [1,0] r=1 lpr=29 crt=0'0 active mbc={}] PeeringState::activate_map
2026-02-11T23:30:31.927+0000 7f414b98b640 10 osd.0 pg_epoch: 35 pg[2.0( empty local-lis/les=0/0 n=0 ec=34/34 lis/c=0/0 les/c/f=0/0/0 sis=34) [3,1,0] r=2 lpr=34 crt=0'0 unknown mbc={}] PeeringState::proc_lease pg_lease(ru 0.000000000s ub 22.947696686s int 16.000000000s)
2026-02-11T23:30:31.927+0000 7f414f993640 20 osd.0 pg_epoch: 35 pg[1.0( empty local-lis/les=29/30 n=0 ec=27/27 lis/c=29/29 les/c/f=30/30/0 sis=29) [1,0] r=1 lpr=29 crt=0'0 active mbc={}] PeeringState::activate_map : Not dirtying info: last_persisted is 30 while current is 35
2026-02-11T23:30:31.927+0000 7f414f993640 10 log is not dirty
2026-02-11T23:30:31.927+0000 7f414b98b640 20 osd.0 pg_epoch: 35 pg[2.0( empty local-lis/les=0/0 n=0 ec=34/34 lis/c=0/0 les/c/f=0/0/0 sis=34) [3,1,0] r=2 lpr=34 crt=0'0 unknown mbc={}] PeeringState::proc_lease peer_clock_delta_lb -7.219509125s -> ruub 30.167205811s
2026-02-11T23:30:31.927+0000 7f414f993640 10 osd.0 pg_epoch: 35 pg[1.0( empty local-lis/les=29/30 n=0 ec=27/27 lis/c=29/29 les/c/f=30/30/0 sis=29) [1,0] r=1 lpr=29 crt=0'0 active mbc={}] do_peering_event: epoch_sent: 35 epoch_requested: 35 NullEvt
2026-02-11T23:30:31.927+0000 7f414f993640 10 log is not dirty
2026-02-11T23:30:31.927+0000 7f414b98b640 20 osd.0 pg_epoch: 35 pg[2.0( empty local-lis/les=0/0 n=0 ec=34/34 lis/c=0/0 les/c/f=0/0/0 sis=34) [3,1,0] r=2 lpr=34 crt=0'0 unknown mbc={}] PeeringState::proc_lease readable_until_ub now 30.167205811s
2026-02-11T23:30:31.927+0000 7f414b98b640 5 osd.0 pg_epoch: 35 pg[2.0( empty local-lis/les=0/0 n=0 ec=34/34 lis/c=0/0 les/c/f=0/0/0 sis=34) [3,1,0] r=2 lpr=34 crt=0'0 unknown mbc={}] exit Started/Stray 0.000088 3 0.000018
2026-02-11T23:30:31.927+0000 7f414b98b640 5 osd.0 pg_epoch: 35 pg[2.0( empty local-lis/les=0/0 n=0 ec=34/34 lis/c=0/0 les/c/f=0/0/0 sis=34) [3,1,0] r=2 lpr=34 crt=0'0 unknown mbc={}] enter Started/ReplicaActive
2026-02-11T23:30:31.927+0000 7f414b98b640 5 osd.0 pg_epoch: 35 pg[2.0( empty local-lis/les=0/0 n=0 ec=34/34 lis/c=0/0 les/c/f=0/0/0 sis=34) [3,1,0] r=2 lpr=34 crt=0'0 unknown mbc={}] enter Started/ReplicaActive/RepNotRecovering
2026-02-11T23:30:31.927+0000 7f414b98b640 10 osd.0 pg_epoch: 35 pg[2.0( empty local-lis/les=0/0 n=0 ec=34/34 lis/c=0/0 les/c/f=0/0/0 sis=34) [3,1,0] r=2 lpr=34 crt=0'0 unknown mbc={}] state: In ReplicaActive, about to call activate
2026-02-11T23:30:31.927+0000 7f414b98b640 10 osd.0 pg_epoch: 35 pg[2.0( empty local-lis/les=34/35 n=0 ec=34/34 lis/c=0/0 les/c/f=0/0/0 sis=34) [3,1,0] r=2 lpr=34 crt=0'0 unknown mbc={}] PeeringState::activate activate - no missing, moving last_complete 0'0 -> 0'0
2026-02-11T23:30:31.928+0000 7f414b98b640 10 osd.0 pg_epoch: 35 pg[2.0( empty local-lis/les=34/35 n=0 ec=34/34 lis/c=0/0 les/c/f=0/0/0 sis=34) [3,1,0] r=2 lpr=34 crt=0'0 unknown mbc={}] scrubber: on_replica_activate
2026-02-11T23:30:31.928+0000 7f414b98b640 20 scrubberFSM event: --vvvv---- ReplicaActivate
2026-02-11T23:30:31.928+0000 7f414b98b640 10 osd.0 pg_epoch: 35 pg[2.0( empty local-lis/les=34/35 n=0 ec=34/34 lis/c=0/0 les/c/f=0/0/0 sis=34) [3,1,0] r=2 lpr=34 crt=0'0 unknown mbc={}] scrubber: FSM: -- state -->> ReplicaActive
2026-02-11T23:30:31.928+0000 7f414b98b640 10 osd.0 pg_epoch: 35 pg[2.0( empty local-lis/les=34/35 n=0 ec=34/34 lis/c=0/0 les/c/f=0/0/0 sis=34) [3,1,0] r=2 lpr=34 crt=0'0 unknown mbc={}] scrubber: FSM: -- state -->> ReplicaActive/ReplicaIdle
2026-02-11T23:30:31.928+0000 7f414b98b640 20 scrubberFSM event: --^^^^---- ReplicaActivate
2026-02-11T23:30:31.928+0000 7f414b98b640 10 osd.0 pg_epoch: 35 pg[2.0( empty local-lis/les=34/35 n=0 ec=34/34 lis/c=0/0 les/c/f=0/0/0 sis=34) [3,1,0] r=2 lpr=34 crt=0'0 unknown mbc={}] state: Activate Finished
2026-02-11T23:30:31.928+0000 7f414b98b640 10 log is not dirty
2026-02-11T23:30:31.928+0000 7f414b98b640 20 osd.0 op_wq(0) _process empty q, waiting
2026-02-11T23:30:31.928+0000 7f414f993640 20 osd.0 op_wq(0) _process empty q, waiting
2026-02-11T23:30:31.928+0000 7f414f993640 15 osd.0 35 enqueue_peering_evt 2.0 epoch_sent: 35 epoch_requested: 35 ActivateCommitted from 35 processed at 35
2026-02-11T23:30:31.928+0000 7f414b98b640 20 osd.0 op_wq(0) _process empty q, waiting
2026-02-11T23:30:31.928+0000 7f414f993640 20 osd.0 op_wq(0) _enqueue OpSchedulerItem(2.0 PGPeeringEvent(epoch_sent: 35 epoch_requested: 35 ActivateCommitted from 35 processed at 35) class_id 2 prio 255 cost 10 e35)
2026-02-11T23:30:31.928+0000 7f414f993640 20 osd.0 op_wq(0) _process 2.0 to_process <> waiting <> waiting_peering {}
2026-02-11T23:30:31.928+0000 7f414f993640 20 osd.0 op_wq(0) _process OpSchedulerItem(2.0 PGPeeringEvent(epoch_sent: 35 epoch_requested: 35 ActivateCommitted from 35 processed at 35) class_id 2immediate prio 255 cost 10 e35) queued
2026-02-11T23:30:31.928+0000 7f414f993640 20 osd.0 op_wq(0) _process 2.0 to_process waiting <> waiting_peering {}
2026-02-11T23:30:31.928+0000 7f414f993640 20 osd.0 op_wq(0) _process OpSchedulerItem(2.0 PGPeeringEvent(epoch_sent: 35 epoch_requested: 35 ActivateCommitted from 35 processed at 35) class_id 2immediate prio 255 cost 10 e35) pg 0x5978000
2026-02-11T23:30:31.928+0000 7f414f993640 10 osd.0 pg_epoch: 35 pg[2.0( empty local-lis/les=34/35 n=0 ec=34/34 lis/c=0/0 les/c/f=0/0/0 sis=34) [3,1,0] r=2 lpr=34 crt=0'0 unknown mbc={}] do_peering_event: epoch_sent: 35 epoch_requested: 35 ActivateCommitted from 35 processed at 35
2026-02-11T23:30:31.928+0000 7f414f993640 10 osd.0 pg_epoch: 35 pg[2.0( empty local-lis/les=34/35 n=0 ec=34/34 lis/c=0/0 les/c/f=0/0/0 sis=34) [3,1,0] r=2 lpr=34 crt=0'0 unknown mbc={}] state: react 35 telling primary
2026-02-11T23:30:31.928+0000 7f414b98b640 20 osd.0 op_wq(0) _process empty q, waiting
2026-02-11T23:30:31.928+0000 7f414f993640 10 log is not dirty
2026-02-11T23:30:31.928+0000 7f414f993640 20 osd.0 35 get_con_osd_cluster to osd.3 from_epoch 35
2026-02-11T23:30:31.928+0000 7f414f993640 20 osd.0 35 get_nextmap_reserved map_reservations: {35=1}
2026-02-11T23:30:31.928+0000 7f414f993640 20 osd.0 35 release_map epoch: 35
2026-02-11T23:30:31.928+0000 7f414f993640 10 osd.0 35 maybe_share_map: con v2:127.0.0.1:6828/2699377081 our osdmap epoch of 35 is not newer than session's projected_epoch of 35
2026-02-11T23:30:31.928+0000 7f414f993640 1 -- [v2:127.0.0.1:6802/3294232400,v1:127.0.0.1:6803/3294232400] --> [v2:127.0.0.1:6828/2699377081,v1:127.0.0.1:6829/2699377081] -- pg_info2(2.0 2.0 2.0( empty local-lis/les=34/35 n=0 ec=34/34 lis/c=34/0 les/c/f=35/0/0 sis=34) e35/35) -- 0x373b100 con 0x48ccc00
2026-02-11T23:30:31.928+0000 7f414f993640 20 osd.0 op_wq(0) _process empty q, waiting
2026-02-11T23:30:31.938+0000 7f416cbfe640 1 -- [v2:127.0.0.1:6806/3294232400,v1:127.0.0.1:6807/3294232400] <== osd.1 127.0.0.1:0/3043114013 6 ==== osd_ping(ping e34 up_from 10 ping_stamp
2026-02-11T23:30:31.939941+0000/12.603687286s send_stamp 12.603687286s delta_ub -2.011548996s) ==== 2033+0+0 (crc 0 0 0) 0x4c9ad80 con 0x4aca000
2026-02-11T23:30:31.938+0000 7f416cbfe640 20 osd.0 35 handle_osd_ping new stamps hbstamp(osd.1 up_from 10 peer_clock_delta [-2.011709929s,-2.011548996s])
2026-02-11T23:30:31.938+0000 7f416c3fd640 1 -- [v2:127.0.0.1:6804/3294232400,v1:127.0.0.1:6805/3294232400] <== osd.1 127.0.0.1:0/3043114013 6 ==== osd_ping(ping e34 up_from 10 ping_stamp
2026-02-11T23:30:31.939941+0000/12.603687286s send_stamp 12.603687286s delta_ub -2.011548996s) ==== 2033+0+0 (crc 0 0 0) 0x4c9a480 con 0x4aca400
2026-02-11T23:30:31.938+0000 7f416cbfe640 1 -- [v2:127.0.0.1:6806/3294232400,v1:127.0.0.1:6807/3294232400] --> 127.0.0.1:0/3043114013 -- osd_ping(ping_reply e35 up_from 5 ping_stamp
2026-02-11T23:30:31.939941+0000/12.603687286s send_stamp 14.615396500s delta_ub 2.011709929s) -- 0x4c9ac00 con 0x4aca000
2026-02-11T23:30:31.938+0000 7f416cbfe640 20 osd.0 35 get_con_osd_cluster to osd.1 from_epoch 35
2026-02-11T23:30:31.938+0000 7f416cbfe640 20 osd.0 35 get_nextmap_reserved map_reservations: {35=1}
2026-02-11T23:30:31.938+0000 7f416cbfe640 20 osd.0 35 release_map epoch: 35
2026-02-11T23:30:31.938+0000 7f416cbfe640 10 osd.0 35 maybe_share_map: con v2:127.0.0.1:6812/3043114013 map epoch 34 -> 35 (shared)
2026-02-11T23:30:31.938+0000 7f416cbfe640 10 osd.0 35 send_incremental_map epoch range: (35, 35] to v2:127.0.0.1:6812/3043114013
2026-02-11T23:30:31.938+0000 7f416cbfe640 10 osd.0 35 add_map_inc_bl 35 252 bytes
2026-02-11T23:30:31.938+0000 7f416cbfe640 1 -- [v2:127.0.0.1:6802/3294232400,v1:127.0.0.1:6803/3294232400] --> [v2:127.0.0.1:6812/3043114013,v1:127.0.0.1:6813/3043114013] -- osd_map(35..35 src has 1..35) -- 0x4a31500 con 0x4acb000
2026-02-11T23:30:31.938+0000 7f416c3fd640 20 osd.0 35 handle_osd_ping new stamps hbstamp(osd.1 up_from 10 peer_clock_delta [-2.011801004s,-2.011548996s])
2026-02-11T23:30:31.938+0000 7f416c3fd640 1 -- [v2:127.0.0.1:6804/3294232400,v1:127.0.0.1:6805/3294232400] --> 127.0.0.1:0/3043114013 -- osd_ping(ping_reply e35 up_from 5 ping_stamp
2026-02-11T23:30:31.939941+0000/12.603687286s send_stamp 14.615487099s delta_ub 2.011801004s) -- 0x4c9b200 con 0x4aca400
2026-02-11T23:30:31.938+0000 7f416c3fd640 20 osd.0 35 get_con_osd_cluster to osd.1 from_epoch 35
2026-02-11T23:30:31.938+0000 7f416c3fd640 20 osd.0 35 get_nextmap_reserved map_reservations: {35=1}
2026-02-11T23:30:31.938+0000 7f416c3fd640 20 osd.0 35 release_map epoch: 35
2026-02-11T23:30:31.938+0000 7f416c3fd640 10 osd.0 35 maybe_share_map: con v2:127.0.0.1:6812/3043114013 our osdmap epoch of 35 is not newer than session's projected_epoch of 35
2026-02-11T23:30:31.939+0000 7f416cbfe640 1 -- [v2:127.0.0.1:6802/3294232400,v1:127.0.0.1:6803/3294232400] <== osd.3 v2:127.0.0.1:6828/2699377081 5 ==== pg_lease(2.0 pg_lease(ru 22.947696686s ub 23.397006989s int 16.000000000s) e35/35) ==== 58+0+0 (crc 0 0 0) 0x4c9ac00 con 0x48ccc00
2026-02-11T23:30:31.939+0000 7f416cbfe640 15 osd.0 35 enqueue_peering_evt 2.0 epoch_sent: 35 epoch_requested: 35 MLease epoch 35 from osd.3 pg_lease(ru 22.947696686s ub 23.397006989s int 16.000000000s)
2026-02-11T23:30:31.939+0000 7f416cbfe640 20 osd.0 op_wq(0) _enqueue OpSchedulerItem(2.0 PGPeeringEvent(epoch_sent: 35 epoch_requested: 35 MLease epoch 35 from osd.3 pg_lease(ru 22.947696686s ub 23.397006989s int 16.000000000s)) class_id 2 prio 255 cost 10 e35)
2026-02-11T23:30:31.939+0000 7f414b98b640 20 osd.0 op_wq(0) _process 2.0 to_process <> waiting <> waiting_peering {}
2026-02-11T23:30:31.939+0000 7f414b98b640 20 osd.0 op_wq(0) _process OpSchedulerItem(2.0 PGPeeringEvent(epoch_sent: 35 epoch_requested: 35 MLease epoch 35 from osd.3 pg_lease(ru 22.947696686s ub 23.397006989s int 16.000000000s)) class_id 2immediate prio 255 cost 10 e35) queued
2026-02-11T23:30:31.939+0000 7f414b98b640 20 osd.0 op_wq(0) _process 2.0 to_process waiting <> waiting_peering {}
2026-02-11T23:30:31.939+0000 7f414b98b640 20 osd.0 op_wq(0) _process OpSchedulerItem(2.0 PGPeeringEvent(epoch_sent: 35 epoch_requested: 35 MLease epoch 35 from osd.3 pg_lease(ru 22.947696686s ub 23.397006989s int 16.000000000s)) class_id 2immediate prio 255 cost 10 e35) pg 0x5978000
2026-02-11T23:30:31.939+0000 7f414b98b640 10 osd.0 pg_epoch: 35 pg[2.0( empty local-lis/les=34/35 n=0 ec=34/34 lis/c=0/0 les/c/f=0/0/0 sis=34) [3,1,0] r=2 lpr=34 crt=0'0 active mbc={}] do_peering_event: epoch_sent: 35 epoch_requested: 35 MLease epoch 35 from osd.3 pg_lease(ru 22.947696686s ub 23.397006989s int 16.000000000s)
2026-02-11T23:30:31.939+0000 7f414f993640 20 osd.0 op_wq(0) _process empty q, waiting
2026-02-11T23:30:31.939+0000 7f414b98b640 10 osd.0 pg_epoch: 35 pg[2.0( empty local-lis/les=34/35 n=0 ec=34/34 lis/c=0/0 les/c/f=0/0/0 sis=34) [3,1,0] r=2 lpr=34 crt=0'0 active mbc={}] PeeringState::proc_lease pg_lease(ru 22.947696686s ub 23.397006989s int 16.000000000s)
2026-02-11T23:30:31.939+0000 7f414b98b640 20 osd.0 pg_epoch: 35 pg[2.0( empty local-lis/les=34/35 n=0 ec=34/34 lis/c=0/0 les/c/f=0/0/0 sis=34) [3,1,0] r=2 lpr=34 crt=0'0 active mbc={}] PeeringState::proc_lease peer_clock_delta_ub -7.219149590s -> ru 30.166847229s
2026-02-11T23:30:31.939+0000 7f414b98b640 20 osd.0 pg_epoch: 35 pg[2.0( empty local-lis/les=34/35 n=0 ec=34/34 lis/c=0/0 les/c/f=0/0/0 sis=34) [3,1,0] r=2 lpr=34 crt=0'0 active mbc={}] PeeringState::proc_lease readable_until now 30.166847229s
2026-02-11T23:30:31.939+0000 7f414b98b640 20 osd.0 pg_epoch: 35 pg[2.0( empty local-lis/les=34/35 n=0 ec=34/34 lis/c=0/0 les/c/f=0/0/0 sis=34) [3,1,0] r=2 lpr=34 crt=0'0 active mbc={}] PeeringState::proc_lease peer_clock_delta_lb -7.219509125s -> ruub 30.616516113s
2026-02-11T23:30:31.939+0000 7f414b98b640 20 osd.0 pg_epoch: 35 pg[2.0( empty local-lis/les=34/35 n=0 ec=34/34 lis/c=0/0 les/c/f=0/0/0 sis=34) [3,1,0] r=2 lpr=34 crt=0'0 active mbc={}] PeeringState::proc_lease readable_until_ub now 30.616516113s
2026-02-11T23:30:31.939+0000 7f414b98b640 20 osd.0 35 get_con_osd_cluster to osd.3 from_epoch 35
2026-02-11T23:30:31.939+0000 7f414b98b640 20 osd.0 35 get_nextmap_reserved map_reservations: {35=1}
2026-02-11T23:30:31.939+0000 7f414b98b640 20 osd.0 35 release_map epoch: 35
2026-02-11T23:30:31.939+0000 7f416cbfe640 1 -- [v2:127.0.0.1:6802/3294232400,v1:127.0.0.1:6803/3294232400] <== osd.3 v2:127.0.0.1:6828/2699377081 6 ==== pg_info2(2.0 2.0 2.0( empty local-lis/les=34/35 n=0 ec=34/34 lis/c=34/0 les/c/f=35/0/0 sis=34) e35/35) ==== 1126+0+0 (crc 0 0 0) 0x373b100 con 0x48ccc00
2026-02-11T23:30:31.939+0000 7f414b98b640 1 -- [v2:127.0.0.1:6802/3294232400,v1:127.0.0.1:6803/3294232400] --> [v2:127.0.0.1:6828/2699377081,v1:127.0.0.1:6829/2699377081] -- pg_lease_ack(2.0 pg_lease_ack(ruub 23.397006989s) e35/35) -- 0x3758c60 con 0x48ccc00
2026-02-11T23:30:31.939+0000 7f414b98b640 10 log is not dirty
2026-02-11T23:30:31.939+0000 7f414b98b640 20 osd.0 op_wq(0) _process empty q, waiting
2026-02-11T23:30:31.939+0000 7f416cbfe640 15 osd.0 35 enqueue_peering_evt 2.0 epoch_sent: 35 epoch_requested: 35 MInfoRec from 3 info: 2.0( empty local-lis/les=34/35 n=0 ec=34/34 lis/c=34/0 les/c/f=35/0/0 sis=34) pg_lease(ru 22.947696686s ub 23.397006989s int 16.000000000s)
2026-02-11T23:30:31.939+0000 7f416cbfe640 20 osd.0 op_wq(0) _enqueue OpSchedulerItem(2.0 PGPeeringEvent(epoch_sent: 35 epoch_requested: 35 MInfoRec from 3 info: 2.0( empty local-lis/les=34/35 n=0 ec=34/34 lis/c=34/0 les/c/f=35/0/0 sis=34) pg_lease(ru 22.947696686s ub 23.397006989s int 16.000000000s)) class_id 2 prio 255 cost 10 e35)
2026-02-11T23:30:31.939+0000 7f414f993640 20 osd.0 op_wq(0) _process 2.0 to_process <> waiting <> waiting_peering {}
2026-02-11T23:30:31.939+0000 7f414f993640 20 osd.0 op_wq(0) _process OpSchedulerItem(2.0 PGPeeringEvent(epoch_sent: 35 epoch_requested: 35 MInfoRec from 3 info: 2.0( empty local-lis/les=34/35 n=0 ec=34/34 lis/c=34/0 les/c/f=35/0/0 sis=34) pg_lease(ru 22.947696686s ub 23.397006989s int 16.000000000s)) class_id 2immediate prio 255 cost 10 e35) queued
2026-02-11T23:30:31.939+0000 7f414f993640 20 osd.0 op_wq(0) _process 2.0 to_process waiting <> waiting_peering {}
2026-02-11T23:30:31.939+0000 7f414f993640 20 osd.0 op_wq(0) _process OpSchedulerItem(2.0 PGPeeringEvent(epoch_sent: 35 epoch_requested: 35 MInfoRec from 3 info: 2.0( empty local-lis/les=34/35 n=0 ec=34/34 lis/c=34/0 les/c/f=35/0/0 sis=34) pg_lease(ru 22.947696686s ub 23.397006989s int 16.000000000s)) class_id 2immediate prio 255 cost 10 e35) pg 0x5978000
2026-02-11T23:30:31.939+0000 7f414b98b640 20 osd.0 op_wq(0) _process empty q, waiting
2026-02-11T23:30:31.939+0000 7f414f993640 10 osd.0 pg_epoch: 35 pg[2.0( empty local-lis/les=34/35 n=0 ec=34/34 lis/c=0/0 les/c/f=0/0/0 sis=34) [3,1,0] r=2 lpr=34 crt=0'0 active mbc={}] do_peering_event: epoch_sent: 35 epoch_requested: 35 MInfoRec from 3 info: 2.0( empty local-lis/les=34/35 n=0 ec=34/34 lis/c=34/0 les/c/f=35/0/0 sis=34) pg_lease(ru 22.947696686s ub 23.397006989s int 16.000000000s)
2026-02-11T23:30:31.939+0000 7f414f993640 20 osd.0 pg_epoch: 35 pg[2.0( empty local-lis/les=34/35 n=0 ec=34/34 lis/c=34/0 les/c/f=35/0/0 sis=34) [3,1,0] r=2 lpr=34 crt=0'0 active mbc={}] PeeringState::update_history advanced history from ec=34/34 lis/c=34/0 les/c/f=35/0/0 sis=34
2026-02-11T23:30:31.939+0000 7f414f993640 10 log is not dirty
2026-02-11T23:30:31.939+0000 7f414f993640 20 osd.0 op_wq(0) _process empty q, waiting
2026-02-11T23:30:31.939+0000 7f416cbfe640 1 -- [v2:127.0.0.1:6802/3294232400,v1:127.0.0.1:6803/3294232400] <== osd.3 v2:127.0.0.1:6828/2699377081 7 ==== pg_info2(2.0 2.0 2.0( empty local-lis/les=34/35 n=0 ec=34/34 lis/c=34/34 les/c/f=35/35/0 sis=34) e35/35) ==== 1126+0+0 (crc 0 0 0) 0x373b100 con 0x48ccc00
2026-02-11T23:30:31.939+0000 7f416cbfe640 15 osd.0 35 enqueue_peering_evt 2.0 epoch_sent: 35 epoch_requested: 35 MInfoRec from 3 info: 2.0( empty local-lis/les=34/35 n=0 ec=34/34 lis/c=34/34 les/c/f=35/35/0 sis=34) pg_lease(ru 22.947696686s ub 23.397006989s int 16.000000000s)
2026-02-11T23:30:31.939+0000 7f416cbfe640 20 osd.0 op_wq(0) _enqueue OpSchedulerItem(2.0 PGPeeringEvent(epoch_sent: 35 epoch_requested: 35 MInfoRec from 3 info: 2.0( empty local-lis/les=34/35 n=0 ec=34/34 lis/c=34/34 les/c/f=35/35/0 sis=34) pg_lease(ru 22.947696686s ub 23.397006989s int 16.000000000s)) class_id 2 prio 255 cost 10 e35)
2026-02-11T23:30:31.939+0000 7f414b98b640 20 osd.0 op_wq(0) _process 2.0 to_process <> waiting <> waiting_peering {}
2026-02-11T23:30:31.939+0000 7f414b98b640 20 osd.0 op_wq(0) _process OpSchedulerItem(2.0 PGPeeringEvent(epoch_sent: 35 epoch_requested: 35 MInfoRec from 3 info: 2.0( empty local-lis/les=34/35 n=0 ec=34/34 lis/c=34/34 les/c/f=35/35/0 sis=34) pg_lease(ru 22.947696686s ub 23.397006989s int 16.000000000s)) class_id 2immediate prio 255 cost 10 e35) queued
2026-02-11T23:30:31.939+0000 7f414b98b640 20 osd.0 op_wq(0) _process 2.0 to_process waiting <> waiting_peering {}
2026-02-11T23:30:31.939+0000 7f414b98b640 20 osd.0 op_wq(0) _process OpSchedulerItem(2.0 PGPeeringEvent(epoch_sent: 35 epoch_requested: 35 MInfoRec from 3 info: 2.0( empty local-lis/les=34/35 n=0 ec=34/34 lis/c=34/34 les/c/f=35/35/0 sis=34) pg_lease(ru 22.947696686s ub 23.397006989s int 16.000000000s)) class_id 2immediate prio 255 cost 10 e35) pg 0x5978000
2026-02-11T23:30:31.940+0000 7f414f993640 20 osd.0 op_wq(0) _process empty q, waiting
2026-02-11T23:30:31.939+0000 7f414b98b640 10 osd.0 pg_epoch: 35 pg[2.0( empty local-lis/les=34/35 n=0 ec=34/34 lis/c=34/0 les/c/f=35/0/0 sis=34) [3,1,0] r=2 lpr=34 crt=0'0 active mbc={}] do_peering_event: epoch_sent: 35 epoch_requested: 35 MInfoRec from 3 info: 2.0( empty local-lis/les=34/35 n=0 ec=34/34 lis/c=34/34 les/c/f=35/35/0 sis=34) pg_lease(ru 22.947696686s ub 23.397006989s int 16.000000000s)
2026-02-11T23:30:31.940+0000 7f414b98b640 20 osd.0 pg_epoch: 35 pg[2.0( empty local-lis/les=34/35 n=0 ec=34/34 lis/c=34/34 les/c/f=35/35/0 sis=34) [3,1,0] r=2 lpr=34 crt=0'0 active mbc={}] PeeringState::update_history advanced history from ec=34/34 lis/c=34/34 les/c/f=35/35/0 sis=34
2026-02-11T23:30:31.940+0000 7f414b98b640 20 osd.0 pg_epoch: 35 pg[2.0( empty local-lis/les=34/35 n=0 ec=34/34 lis/c=34/34 les/c/f=35/35/0 sis=34) [3,1,0] r=2 lpr=34 crt=0'0 active mbc={}] PeeringState::update_history clearing past_intervals
2026-02-11T23:30:31.940+0000 7f414b98b640 10 log is not dirty
2026-02-11T23:30:31.940+0000 7f414b98b640 20 osd.0 op_wq(0) _process empty q, waiting
2026-02-11T23:30:31.940+0000 7f414b98b640 20 osd.0 op_wq(0) _process empty q, waiting
2026-02-11T23:30:31.940+0000 7f414f993640 20 osd.0 op_wq(0) _process empty q, waiting
2026-02-11T23:30:31.940+0000 7f414b98b640 20 osd.0 op_wq(0) _process empty q, waiting
2026-02-11T23:30:31.940+0000 7f414f993640 20 osd.0 op_wq(0) _process empty q, waiting
2026-02-11T23:30:32.195+0000 7f416cbfe640 1 -- [v2:127.0.0.1:6802/3294232400,v1:127.0.0.1:6803/3294232400] <== osd.3 v2:127.0.0.1:6828/2699377081 8 ==== pg_query2(2.0 2.0 query(info 0'0 epoch_sent 38) e38/38) ==== 158+0+0 (crc 0 0 0) 0x5968000 con 0x48ccc00
2026-02-11T23:30:32.195+0000 7f416cbfe640 15 osd.0 35 enqueue_peering_evt 2.0 epoch_sent: 38 epoch_requested: 38 MQuery 2.0 from 3 query_epoch 38 query: query(info 0'0 epoch_sent 38)
2026-02-11T23:30:32.195+0000 7f416cbfe640 20 osd.0 op_wq(0) _enqueue OpSchedulerItem(2.0 PGPeeringEvent(epoch_sent: 38 epoch_requested: 38 MQuery 2.0 from 3 query_epoch 38 query: query(info 0'0 epoch_sent 38)) class_id 2 prio 255 cost 10 e38)
2026-02-11T23:30:32.195+0000 7f414f993640 20 osd.0 op_wq(0) _process 2.0 to_process <> waiting <> waiting_peering {}
2026-02-11T23:30:32.195+0000 7f414f993640 20 osd.0 op_wq(0) _process OpSchedulerItem(2.0 PGPeeringEvent(epoch_sent: 38 epoch_requested: 38 MQuery 2.0 from 3 query_epoch 38 query: query(info 0'0 epoch_sent 38)) class_id 2immediate prio 255 cost 10 e38) queued
2026-02-11T23:30:32.195+0000 7f414f993640 20 osd.0 op_wq(0) _process 2.0 to_process waiting <> waiting_peering {}
2026-02-11T23:30:32.195+0000 7f414f993640 20 osd.0 op_wq(0) _process OpSchedulerItem(2.0 PGPeeringEvent(epoch_sent: 38 epoch_requested: 38 MQuery 2.0 from 3 query_epoch 38 query: query(info 0'0 epoch_sent 38)) class_id 2immediate prio 255 cost 10 e38) pg 0x5978000
