2026-02-11T23:30:39.739+0000 7f414f993640 10 osd.0 pg_epoch: 66 pg[6.0( empty local-lis/les=64/65 n=0 ec=64/64 lis/c=0/0 les/c/f=0/0/0 sis=66 pruub=15.574158669s) [4,2] r=-1 lpr=66 pi=[64,66)/1 crt=0'0 unknown pruub 37.990097046s@ mbc={}] cancel_cls_gather_ops
2026-02-11T23:30:39.739+0000 7f414f993640 10 osd.0 pg_epoch: 66 pg[6.0( empty local-lis/les=64/65 n=0 ec=64/64 lis/c=0/0 les/c/f=0/0/0 sis=66 pruub=15.574158669s) [4,2] r=-1 lpr=66 pi=[64,66)/1 crt=0'0 unknown pruub 37.990097046s@ mbc={}] on_change_cleanup
2026-02-11T23:30:39.739+0000 7f414f993640 10 osd.0 pg_epoch: 66 pg[6.0( empty local-lis/les=64/65 n=0 ec=64/64 lis/c=0/0 les/c/f=0/0/0 sis=66 pruub=15.574158669s) [4,2] r=-1 lpr=66 pi=[64,66)/1 crt=0'0 unknown pruub 37.990097046s@ mbc={}] on_change
2026-02-11T23:30:39.739+0000 7f414f993640 20 osd.0 pg_epoch: 66 pg[6.0( empty local-lis/les=64/65 n=0 ec=64/64 lis/c=0/0 les/c/f=0/0/0 sis=66 pruub=15.574158669s) [4,2] r=-1 lpr=66 pi=[64,66)/1 crt=0'0 unknown pruub 37.990097046s@ mbc={}] exit NotTrimming
2026-02-11T23:30:39.739+0000 7f414f993640 20 osd.0 pg_epoch: 66 pg[6.0( empty local-lis/les=64/65 n=0 ec=64/64 lis/c=0/0 les/c/f=0/0/0 sis=66 pruub=15.574158669s) [4,2] r=-1 lpr=66 pi=[64,66)/1 crt=0'0 unknown pruub 37.990097046s@ mbc={}] enter NotTrimming
2026-02-11T23:30:39.739+0000 7f414f993640 10 osd.0 pg_epoch: 66 pg[6.0( empty local-lis/les=64/65 n=0 ec=64/64 lis/c=0/0 les/c/f=0/0/0 sis=66 pruub=15.574158669s) [4,2] r=-1 lpr=66 pi=[64,66)/1 crt=0'0 unknown NOTIFY pruub 37.990097046s@ mbc={}] plpg_on_role_change
2026-02-11T23:30:39.739+0000 7f414f993640 10 osd.0 pg_epoch: 66 pg[6.0( empty local-lis/les=64/65 n=0 ec=64/64 lis/c=0/0 les/c/f=0/0/0 sis=66 pruub=15.574158669s) [4,2] r=-1 lpr=66 pi=[64,66)/1 crt=0'0 unknown NOTIFY pruub 37.990097046s@ mbc={}] check_recovery_sources no source osds () went down
2026-02-11T23:30:39.739+0000 7f414f993640 10 osd.0 pg_epoch: 66 pg[6.0( empty local-lis/les=64/65 n=0 ec=64/64 lis/c=0/0 les/c/f=0/0/0 sis=66 pruub=15.574158669s) [4,2] r=-1 lpr=66 pi=[64,66)/1 crt=0'0 unknown NOTIFY pruub 37.990097046s@ mbc={}] plpg_on_pool_change
2026-02-11T23:30:39.739+0000 7f414f993640 20 osd.0 pg_epoch: 66 pg[6.0( empty local-lis/les=64/65 n=0 ec=64/64 lis/c=0/0 les/c/f=0/0/0 sis=66 pruub=15.574158669s) [4,2] r=-1 lpr=66 pi=[64,66)/1 crt=0'0 unknown NOTIFY pruub 37.990097046s@ mbc={}] hit_set_clear
2026-02-11T23:30:39.739+0000 7f414f993640 20 osd.0 pg_epoch: 66 pg[6.0( empty local-lis/les=64/65 n=0 ec=64/64 lis/c=0/0 les/c/f=0/0/0 sis=66 pruub=15.574158669s) [4,2] r=-1 lpr=66 pi=[64,66)/1 crt=0'0 unknown NOTIFY pruub 37.990097046s@ mbc={}] agent_stop
2026-02-11T23:30:39.739+0000 7f414f993640 20 osd.0 66 advance_pg new pool opts old pool opts
2026-02-11T23:30:39.739+0000 7f414f993640 10 osd.0 pg_epoch: 66 pg[6.0( empty local-lis/les=64/65 n=0 ec=64/64 lis/c=0/0 les/c/f=0/0/0 sis=66 pruub=15.574158669s) [4,2] r=-1 lpr=66 pi=[64,66)/1 crt=0'0 unknown NOTIFY pruub 37.990097046s@ mbc={}] handle_activate_map: epoch range: 66..66
2026-02-11T23:30:39.739+0000 7f414f993640 10 osd.0 pg_epoch: 66 pg[6.0( empty local-lis/les=64/65 n=0 ec=64/64 lis/c=0/0 les/c/f=0/0/0 sis=66 pruub=15.574158669s) [4,2] r=-1 lpr=66 pi=[64,66)/1 crt=0'0 unknown NOTIFY pruub 37.990097046s@ mbc={}] PeeringState::activate_map
2026-02-11T23:30:39.739+0000 7f414f993640 5 osd.0 pg_epoch: 66 pg[6.0( empty local-lis/les=64/65 n=0 ec=64/64 lis/c=0/0 les/c/f=0/0/0 sis=66 pruub=15.574115753s) [4,2] r=-1 lpr=66 pi=[64,66)/1 crt=0'0 unknown NOTIFY pruub 37.990097046s@ mbc={}] exit Reset 0.000070 1 0.000075
2026-02-11T23:30:39.739+0000 7f414f993640 5 osd.0 pg_epoch: 66 pg[6.0( empty local-lis/les=64/65 n=0 ec=64/64 lis/c=0/0 les/c/f=0/0/0 sis=66 pruub=15.574115753s) [4,2] r=-1 lpr=66 pi=[64,66)/1 crt=0'0 unknown NOTIFY pruub 37.990097046s@ mbc={}] enter Started
2026-02-11T23:30:39.739+0000 7f414f993640 5 osd.0 pg_epoch: 66 pg[6.0( empty local-lis/les=64/65 n=0 ec=64/64 lis/c=0/0 les/c/f=0/0/0 sis=66 pruub=15.574115753s) [4,2] r=-1 lpr=66 pi=[64,66)/1 crt=0'0 unknown NOTIFY pruub 37.990097046s@ mbc={}] enter Start
2026-02-11T23:30:39.739+0000 7f414f993640 1 osd.0 pg_epoch: 66 pg[6.0( empty local-lis/les=64/65 n=0 ec=64/64 lis/c=0/0 les/c/f=0/0/0 sis=66 pruub=15.574115753s) [4,2] r=-1 lpr=66 pi=[64,66)/1 crt=0'0 unknown NOTIFY pruub 37.990097046s@ mbc={}] state: transitioning to Stray
2026-02-11T23:30:39.739+0000 7f414f993640 5 osd.0 pg_epoch: 66 pg[6.0( empty local-lis/les=64/65 n=0 ec=64/64 lis/c=0/0 les/c/f=0/0/0 sis=66 pruub=15.574115753s) [4,2] r=-1 lpr=66 pi=[64,66)/1 crt=0'0 unknown NOTIFY pruub 37.990097046s@ mbc={}] exit Start 0.000002 0 0.000000
2026-02-11T23:30:39.739+0000 7f414f993640 5 osd.0 pg_epoch: 66 pg[6.0( empty local-lis/les=64/65 n=0 ec=64/64 lis/c=0/0 les/c/f=0/0/0 sis=66 pruub=15.574115753s) [4,2] r=-1 lpr=66 pi=[64,66)/1 crt=0'0 unknown NOTIFY pruub 37.990097046s@ mbc={}] enter Started/Stray
2026-02-11T23:30:39.739+0000 7f414f993640 20 osd.0 pg_epoch: 66 pg[6.0( empty local-lis/les=64/65 n=0 ec=64/64 lis/c=0/0 les/c/f=0/0/0 sis=66 pruub=15.574115753s) [4,2] r=-1 lpr=66 pi=[64,66)/1 crt=0'0 unknown NOTIFY pruub 37.990097046s@ mbc={}] PeeringState::activate_map : Not dirtying info: last_persisted is 65 while current is 66
2026-02-11T23:30:39.739+0000 7f414f993640 10 log is not dirty
2026-02-11T23:30:39.739+0000 7f414f993640 10 osd.0 pg_epoch: 66 pg[6.0( empty local-lis/les=64/65 n=0 ec=64/64 lis/c=0/0 les/c/f=0/0/0 sis=66 pruub=15.574115753s) [4,2] r=-1 lpr=66 pi=[64,66)/1 crt=0'0 unknown NOTIFY pruub 37.990097046s@ mbc={}] on_scrub_schedule_input_change: inactive, non-primary - or already scrubbing
2026-02-11T23:30:39.739+0000 7f414f993640 10 osd.0 pg_epoch: 66 pg[6.0( empty local-lis/les=64/65 n=0 ec=64/64 lis/c=0/0 les/c/f=0/0/0 sis=66 pruub=15.574115753s) [4,2] r=-1 lpr=66 pi=[64,66)/1 crt=0'0 unknown NOTIFY pruub 37.990097046s@ mbc={}] do_peering_event: epoch_sent: 66 epoch_requested: 66 NullEvt
2026-02-11T23:30:39.739+0000 7f414f993640 10 log is not dirty
2026-02-11T23:30:39.739+0000 7f414f993640 20 osd.0 66 get_con_osd_cluster to osd.4 from_epoch 66
2026-02-11T23:30:39.739+0000 7f414f993640 20 osd.0 66 get_nextmap_reserved map_reservations: {66=1}
2026-02-11T23:30:39.739+0000 7f414f993640 20 osd.0 66 release_map epoch: 66
2026-02-11T23:30:39.739+0000 7f414f993640 10 osd.0 66 maybe_share_map: con v2:127.0.0.1:6836/3331151400 map epoch 65 -> 66 (shared)
2026-02-11T23:30:39.739+0000 7f414f993640 10 osd.0 66 send_incremental_map epoch range: (66, 66] to v2:127.0.0.1:6836/3331151400
2026-02-11T23:30:39.739+0000 7f414f993640 10 osd.0 66 add_map_inc_bl 66 574 bytes
2026-02-11T23:30:39.739+0000 7f414f993640 1 -- [v2:127.0.0.1:6802/3294232400,v1:127.0.0.1:6803/3294232400] --> [v2:127.0.0.1:6836/3331151400,v1:127.0.0.1:6837/3331151400] -- osd_map(66..66 src has 1..66) -- 0x4a64fc0 con 0x507ac00
2026-02-11T23:30:39.739+0000 7f414f993640 1 -- [v2:127.0.0.1:6802/3294232400,v1:127.0.0.1:6803/3294232400] --> [v2:127.0.0.1:6836/3331151400,v1:127.0.0.1:6837/3331151400] -- pg_notify2(6.0 6.0 (query:66 sent:66 6.0( empty local-lis/les=64/65 n=0 ec=64/64 lis/c=0/0 les/c/f=0/0/0 sis=66 pruub=15.574115753s) ([64,65] all_participants={0, 2, 4} intervals=[([64,65] acting={0, 2, 4})])) e66/66) -- 0x3739500 con 0x507ac00
2026-02-11T23:30:39.739+0000 7f414f993640 20 osd.0 op_wq(0) _process empty q, waiting
2026-02-11T23:30:39.739+0000 7f414b98b640 20 osd.0 op_wq(0) _process empty q, waiting
2026-02-11T23:30:39.739+0000 7f414b98b640 20 osd.0 op_wq(0) _process empty q, waiting
2026-02-11T23:30:39.739+0000 7f414f993640 20 osd.0 op_wq(0) _process empty q, waiting
2026-02-11T23:30:39.740+0000 7f416abfa640 1 -- [v2:127.0.0.1:6802/3294232400,v1:127.0.0.1:6803/3294232400] <== osd.4 v2:127.0.0.1:6836/3331151400 17 ==== pg_query2(6.0 6.0 query(info 0'0 epoch_sent 66) e66/66) ==== 158+0+0 (unknown 0 0 0) 0x4fca960 con 0x507ac00
2026-02-11T23:30:39.740+0000 7f416abfa640 15 osd.0 66 enqueue_peering_evt 6.0 epoch_sent: 66 epoch_requested: 66 MQuery 6.0 from 4 query_epoch 66 query: query(info 0'0 epoch_sent 66)
2026-02-11T23:30:39.740+0000 7f416abfa640 20 osd.0 op_wq(0) _enqueue OpSchedulerItem(6.0 PGPeeringEvent(epoch_sent: 66 epoch_requested: 66 MQuery 6.0 from 4 query_epoch 66 query: query(info 0'0 epoch_sent 66)) class_id 2 prio 255 cost 10 e66)
2026-02-11T23:30:39.740+0000 7f414b98b640 20 osd.0 op_wq(0) _process 6.0 to_process <> waiting <> waiting_peering {}
2026-02-11T23:30:39.740+0000 7f414b98b640 20 osd.0 op_wq(0) _process OpSchedulerItem(6.0 PGPeeringEvent(epoch_sent: 66 epoch_requested: 66 MQuery 6.0 from 4 query_epoch 66 query: query(info 0'0 epoch_sent 66)) class_id 2immediate prio 255 cost 10 e66) queued
2026-02-11T23:30:39.740+0000 7f414b98b640 20 osd.0 op_wq(0) _process 6.0 to_process waiting <> waiting_peering {}
2026-02-11T23:30:39.740+0000 7f414b98b640 20 osd.0 op_wq(0) _process OpSchedulerItem(6.0 PGPeeringEvent(epoch_sent: 66 epoch_requested: 66 MQuery 6.0 from 4 query_epoch 66 query: query(info 0'0 epoch_sent 66)) class_id 2immediate prio 255 cost 10 e66) pg 0x4aa0000
2026-02-11T23:30:39.740+0000 7f414f993640 20 osd.0 op_wq(0) _process empty q, waiting
2026-02-11T23:30:39.740+0000 7f414b98b640 10 osd.0 pg_epoch: 66 pg[6.0( empty local-lis/les=64/65 n=0 ec=64/64 lis/c=0/0 les/c/f=0/0/0 sis=66 pruub=15.574115753s) [4,2] r=-1 lpr=66 pi=[64,66)/1 crt=0'0 unknown NOTIFY pruub 37.990097046s@ mbc={}] do_peering_event: epoch_sent: 66 epoch_requested: 66 MQuery 6.0 from 4 query_epoch 66 query: query(info 0'0 epoch_sent 66)
2026-02-11T23:30:39.740+0000 7f414b98b640 20 osd.0 pg_epoch: 66 pg[6.0( empty local-lis/les=64/65 n=0 ec=64/64 lis/c=0/0 les/c/f=0/0/0 sis=66) [4,2] r=-1 lpr=66 pi=[64,66)/1 crt=0'0 unknown NOTIFY pruub 37.990097046s@ mbc={}] PeeringState::update_history advanced history from ec=64/64 lis/c=0/0 les/c/f=0/0/0 sis=66
2026-02-11T23:30:39.740+0000 7f414b98b640 10 osd.0 pg_epoch: 66 pg[6.0( empty local-lis/les=64/65 n=0 ec=64/64 lis/c=0/0 les/c/f=0/0/0 sis=66) [4,2] r=-1 lpr=66 pi=[64,66)/1 crt=0'0 unknown NOTIFY mbc={}] PeeringState::fulfill_info sending info
2026-02-11T23:30:39.740+0000 7f415aefe640 1 -- [v2:127.0.0.1:6802/3294232400,v1:127.0.0.1:6803/3294232400] <== osd.4 v2:127.0.0.1:6836/3331151400 18 ==== osd_map(65..66 src has 1..66) ==== 878+0+0 (unknown 0 0 0) 0x4a31a40 con 0x507ac00
2026-02-11T23:30:39.740+0000 7f415aefe640 20 osd.0 66 OSD::ms_dispatch: osd_map(65..66 src has 1..66)
2026-02-11T23:30:39.740+0000 7f415aefe640 20 osd.0 66 _dispatch 0x4a31a40 osd_map(65..66 src has 1..66)
2026-02-11T23:30:39.740+0000 7f415aefe640 3 osd.0 66 handle_osd_map epochs [65,66], i have 66, src has [1,66]
2026-02-11T23:30:39.740+0000 7f415aefe640 10 osd.0 66 handle_osd_map: received 0 full maps and 2 incremental maps
2026-02-11T23:30:39.740+0000 7f415aefe640 10 osd.0 66 no new maps here, dropping
2026-02-11T23:30:39.740+0000 7f414b98b640 10 log is not dirty
2026-02-11T23:30:39.740+0000 7f414b98b640 20 osd.0 66 get_con_osd_cluster to osd.4 from_epoch 66
2026-02-11T23:30:39.740+0000 7f414b98b640 20 osd.0 66 get_nextmap_reserved map_reservations: {66=1}
2026-02-11T23:30:39.740+0000 7f414b98b640 20 osd.0 66 release_map epoch: 66
2026-02-11T23:30:39.740+0000 7f414b98b640 10 osd.0 66 maybe_share_map: con v2:127.0.0.1:6836/3331151400 our osdmap epoch of 66 is not newer than session's projected_epoch of 66
2026-02-11T23:30:39.740+0000 7f414b98b640 1 -- [v2:127.0.0.1:6802/3294232400,v1:127.0.0.1:6803/3294232400] --> [v2:127.0.0.1:6836/3331151400,v1:127.0.0.1:6837/3331151400] -- pg_notify2(6.0 6.0 (query:66 sent:66 6.0( empty local-lis/les=64/65 n=0 ec=64/64 lis/c=0/0 les/c/f=0/0/0 sis=66) ([64,65] all_participants={0, 2, 4} intervals=[([64,65] acting={0, 2, 4})])) e66/66) -- 0x373b100 con 0x507ac00
2026-02-11T23:30:39.740+0000 7f414b98b640 20 osd.0 op_wq(0) _process empty q, waiting
2026-02-11T23:30:39.740+0000 7f414f993640 20 osd.0 op_wq(0) _process empty q, waiting
2026-02-11T23:30:39.740+0000 7f414b98b640 20 osd.0 op_wq(0) _process empty q, waiting
2026-02-11T23:30:39.966+0000 7f416abfa640 1 -- [v2:127.0.0.1:6802/3294232400,v1:127.0.0.1:6803/3294232400] <== osd.4 v2:127.0.0.1:6836/3331151400 19 ==== osd pg remove(epoch 67; pg6.0; ) ==== 32+0+0 (unknown 0 0 0) 0x3700000 con 0x507ac00
2026-02-11T23:30:39.966+0000 7f416abfa640 7 osd.0 66 handle_fast_pg_remove osd pg remove(epoch 67; pg6.0; ) from osd.4
2026-02-11T23:30:39.966+0000 7f416abfa640 15 osd.0 66 enqueue_peering_evt 6.0 epoch_sent: 67 epoch_requested: 67 DeleteStart
2026-02-11T23:30:39.966+0000 7f416abfa640 20 osd.0 op_wq(0) _enqueue OpSchedulerItem(6.0 PGPeeringEvent(epoch_sent: 67 epoch_requested: 67 DeleteStart) class_id 2 prio 255 cost 10 e67)
2026-02-11T23:30:39.966+0000 7f414b98b640 20 osd.0 op_wq(0) _process 6.0 to_process <> waiting <> waiting_peering {}
2026-02-11T23:30:39.966+0000 7f414b98b640 20 osd.0 op_wq(0) _process OpSchedulerItem(6.0 PGPeeringEvent(epoch_sent: 67 epoch_requested: 67 DeleteStart) class_id 2immediate prio 255 cost 10 e67) queued
2026-02-11T23:30:39.966+0000 7f414b98b640 20 osd.0 op_wq(0) _process 6.0 to_process waiting <> waiting_peering {}
2026-02-11T23:30:39.966+0000 7f414b98b640 20 osd.0 op_wq(0) _process OpSchedulerItem(6.0 PGPeeringEvent(epoch_sent: 67 epoch_requested: 67 DeleteStart) class_id 2immediate prio 255 cost 10 e67) pg 0x4aa0000
2026-02-11T23:30:39.966+0000 7f414b98b640 20 osd.0 op_wq _add_slot_waiter 6.0 peering, item epoch is 67, will wait on OpSchedulerItem(6.0 PGPeeringEvent(epoch_sent: 67 epoch_requested: 67 DeleteStart) class_id 2immediate prio 255 cost 10 e67)
2026-02-11T23:30:39.966+0000 7f414b98b640 20 osd.0 op_wq(0) _process empty q, waiting
2026-02-11T23:30:39.966+0000 7f414f993640 20 osd.0 op_wq(0) _process empty q, waiting
2026-02-11T23:30:40.128+0000 7f4147983640 5 osd.0 66 heartbeat osd_stat(store_statfs(0x384000/0x0/0x384000, data 0x3ad23/0x92000, compress 0x0/0x0/0x0, omap 0x66fb, meta 0x1a49905), peers [1,2,3,4] op hist [])
2026-02-11T23:30:40.128+0000 7f4147983640 20 osd.0 66 check_full_status cur ratio 0, physical ratio 0, new state none
2026-02-11T23:30:40.128+0000 7f4147983640 1 -- 127.0.0.1:0/3294232400 --> [v2:127.0.0.1:6816/3043114013,v1:127.0.0.1:6817/3043114013] -- osd_ping(ping e66 up_from 5 ping_stamp
2026-02-11T23:30:40.128665+0000/22.804069519s send_stamp 22.804069519s delta_ub 2.011763096s) -- 0x4c9b500 con 0x48c4400
2026-02-11T23:30:40.128+0000 7f4147983640 1 -- 127.0.0.1:0/3294232400 --> [v2:127.0.0.1:6814/3043114013,v1:127.0.0.1:6815/3043114013] -- osd_ping(ping e66 up_from 5 ping_stamp
2026-02-11T23:30:40.128665+0000/22.804069519s send_stamp 22.804069519s delta_ub 2.011763096s) -- 0x4c9b080 con 0x4640c00
2026-02-11T23:30:40.128+0000 7f4147983640 1 -- 127.0.0.1:0/3294232400 --> [v2:127.0.0.1:6824/2365263801,v1:127.0.0.1:6825/2365263801] -- osd_ping(ping e66 up_from 5 ping_stamp
2026-02-11T23:30:40.128665+0000/22.804069519s send_stamp 22.804069519s delta_ub 4.566909790s) -- 0x4c9bb00 con 0x48c4000
2026-02-11T23:30:40.128+0000 7f4147983640 1 -- 127.0.0.1:0/3294232400 --> [v2:127.0.0.1:6822/2365263801,v1:127.0.0.1:6823/2365263801] -- osd_ping(ping e66 up_from 5 ping_stamp
2026-02-11T23:30:40.128665+0000/22.804069519s send_stamp 22.804069519s delta_ub 4.566909790s) -- 0x4c9bc80 con 0x48cd000
2026-02-11T23:30:40.128+0000 7f4147983640 1 -- 127.0.0.1:0/3294232400 --> [v2:127.0.0.1:6832/2699377081,v1:127.0.0.1:6833/2699377081] -- osd_ping(ping e66 up_from 5 ping_stamp
2026-02-11T23:30:40.128665+0000/22.804069519s send_stamp 22.804069519s delta_ub 7.219748974s) -- 0x4c9a300 con 0x48cd400
2026-02-11T23:30:40.128+0000 7f4147983640 1 -- 127.0.0.1:0/3294232400 --> [v2:127.0.0.1:6830/2699377081,v1:127.0.0.1:6831/2699377081] -- osd_ping(ping e66 up_from 5 ping_stamp
2026-02-11T23:30:40.128665+0000/22.804069519s send_stamp 22.804069519s delta_ub 7.219748974s) -- 0x4c9b380 con 0x48cd800
2026-02-11T23:30:40.128+0000 7f4147983640 1 -- 127.0.0.1:0/3294232400 --> [v2:127.0.0.1:6840/3331151400,v1:127.0.0.1:6841/3331151400] -- osd_ping(ping e66 up_from 5 ping_stamp
2026-02-11T23:30:40.128665+0000/22.804069519s send_stamp 22.804069519s delta_ub 9.836817741s) -- 0x4c9a180 con 0x507bc00
2026-02-11T23:30:40.128+0000 7f4147983640 1 -- 127.0.0.1:0/3294232400 --> [v2:127.0.0.1:6838/3331151400,v1:127.0.0.1:6839/3331151400] -- osd_ping(ping e66 up_from 5 ping_stamp
2026-02-11T23:30:40.128665+0000/22.804069519s send_stamp 22.804069519s delta_ub 9.836817741s) -- 0x4c9a480 con 0x5282000
2026-02-11T23:30:40.128+0000 7f416abfa640 1 -- 127.0.0.1:0/3294232400 <== osd.1 v2:127.0.0.1:6816/3043114013 6 ==== osd_ping(ping_reply e64 up_from 10 ping_stamp
2026-02-11T23:30:40.128665+0000/22.804069519s send_stamp 20.792495728s delta_ub -2.011575699s) ==== 2033+0+0 (crc 0 0 0) 0x4c9a600 con 0x48c4400
2026-02-11T23:30:40.128+0000 7f416abfa640 20 osd.0 66 get_con_osd_cluster to osd.1 from_epoch 66
2026-02-11T23:30:40.128+0000 7f416abfa640 20 osd.0 66 get_nextmap_reserved map_reservations: {66=1}
2026-02-11T23:30:40.128+0000 7f416abfa640 20 osd.0 66 release_map epoch: 66
2026-02-11T23:30:40.128+0000 7f416abfa640 10 osd.0 66 maybe_share_map: con v2:127.0.0.1:6812/3043114013 updating session's projected_epoch from 56 to ping map epoch of 64
2026-02-11T23:30:40.128+0000 7f416abfa640 10 osd.0 66 maybe_share_map: con v2:127.0.0.1:6812/3043114013 map epoch 64 -> 66 (shared)
2026-02-11T23:30:40.128+0000 7f416abfa640 10 osd.0 66 send_incremental_map epoch range: (65, 66] to v2:127.0.0.1:6812/3043114013
2026-02-11T23:30:40.128+0000 7f416abfa640 1 -- [v2:127.0.0.1:6802/3294232400,v1:127.0.0.1:6803/3294232400] --> [v2:127.0.0.1:6812/3043114013,v1:127.0.0.1:6813/3043114013] -- osd_map(65..66 src has 1..66) -- 0x4a31880 con 0x4acb000
2026-02-11T23:30:40.128+0000 7f416abfa640 20 osd.0 66 handle_osd_ping new stamps hbstamp(osd.1 up_from 10 peer_clock_delta [-2.011728525s,-2.011575699s])
2026-02-11T23:30:40.128+0000 7f416c3fd640 1 -- 127.0.0.1:0/3294232400 <== osd.1 v2:127.0.0.1:6814/3043114013 6 ==== osd_ping(ping_reply e64 up_from 10 ping_stamp
2026-02-11T23:30:40.128665+0000/22.804069519s send_stamp 20.792522430s delta_ub -2.011548281s) ==== 2033+0+0 (crc 0 0 0) 0x4c9a480 con 0x4640c00
2026-02-11T23:30:40.128+0000 7f416c3fd640 20 osd.0 66 get_con_osd_cluster to osd.1 from_epoch 66
2026-02-11T23:30:40.128+0000 7f416c3fd640 20 osd.0 66 get_nextmap_reserved map_reservations: {66=1}
2026-02-11T23:30:40.128+0000 7f416c3fd640 20 osd.0 66 release_map epoch: 66
2026-02-11T23:30:40.128+0000 7f416c3fd640 10 osd.0 66 maybe_share_map: con v2:127.0.0.1:6812/3043114013 our osdmap epoch of 66 is not newer than session's projected_epoch of 66
2026-02-11T23:30:40.128+0000 7f416c3fd640 20 osd.0 66 handle_osd_ping new stamps hbstamp(osd.1 up_from 10 peer_clock_delta [-2.011735678s,-2.011548281s])
2026-02-11T23:30:40.128+0000 7f416abfa640 1 -- 127.0.0.1:0/3294232400 <== osd.3 v2:127.0.0.1:6832/2699377081 5 ==== osd_ping(ping_reply e62 up_from 19 ping_stamp
2026-02-11T23:30:40.128665+0000/22.804069519s send_stamp 15.584761620s delta_ub -7.219310284s) ==== 2033+0+0 (crc 0 0 0) 0x4c9a600 con 0x48cd400
2026-02-11T23:30:40.128+0000 7f416abfa640 20 osd.0 66 get_con_osd_cluster to osd.3 from_epoch 66
2026-02-11T23:30:40.128+0000 7f416abfa640 20 osd.0 66 get_nextmap_reserved map_reservations: {66=1}
2026-02-11T23:30:40.128+0000 7f416abfa640 20 osd.0 66 release_map epoch: 66
2026-02-11T23:30:40.128+0000 7f416abfa640 10 osd.0 66 maybe_share_map: con v2:127.0.0.1:6828/2699377081 map epoch 62 -> 66 (shared)
2026-02-11T23:30:40.128+0000 7f416abfa640 10 osd.0 66 send_incremental_map epoch range: (63, 66] to v2:127.0.0.1:6828/2699377081
2026-02-11T23:30:40.128+0000 7f416abfa640 1 -- [v2:127.0.0.1:6802/3294232400,v1:127.0.0.1:6803/3294232400] --> [v2:127.0.0.1:6828/2699377081,v1:127.0.0.1:6829/2699377081] -- osd_map(63..66 src has 1..66) -- 0x4a31c00 con 0x48ccc00
2026-02-11T23:30:40.128+0000 7f416c3fd640 1 -- 127.0.0.1:0/3294232400 <== osd.3 v2:127.0.0.1:6830/2699377081 5 ==== osd_ping(ping_reply e62 up_from 19 ping_stamp
2026-02-11T23:30:40.128665+0000/22.804069519s send_stamp 15.584738731s delta_ub -7.219332695s) ==== 2033+0+0 (crc 0 0 0) 0x4c9a480 con 0x48cd800
2026-02-11T23:30:40.128+0000 7f416abfa640 20 osd.0 66 handle_osd_ping new stamps hbstamp(osd.3 up_from 19 peer_clock_delta [-7.219512939s,-7.219310284s])
2026-02-11T23:30:40.128+0000 7f416c3fd640 20 osd.0 66 get_con_osd_cluster to osd.3 from_epoch 66
2026-02-11T23:30:40.128+0000 7f416c3fd640 20 osd.0 66 get_nextmap_reserved map_reservations: {66=1}
2026-02-11T23:30:40.128+0000 7f416c3fd640 20 osd.0 66 release_map epoch: 66
2026-02-11T23:30:40.128+0000 7f416c3fd640 10 osd.0 66 maybe_share_map: con v2:127.0.0.1:6828/2699377081 our osdmap epoch of 66 is not newer than session's projected_epoch of 66
2026-02-11T23:30:40.128+0000 7f416c3fd640 20 osd.0 66 handle_osd_ping new stamps hbstamp(osd.3 up_from 19 peer_clock_delta [-7.219554424s,-7.219332695s])
2026-02-11T23:30:40.128+0000 7f416abfa640 1 -- 127.0.0.1:0/3294232400 <== osd.2 v2:127.0.0.1:6822/2365263801 5 ==== osd_ping(ping_reply e68 up_from 14 ping_stamp
2026-02-11T23:30:40.128665+0000/22.804069519s send_stamp 18.237367630s delta_ub -4.566703320s) ==== 2033+0+0 (crc 0 0 0) 0x4c9a600 con 0x48cd000
2026-02-11T23:30:40.128+0000 7f416abfa640 20 osd.0 66 get_con_osd_cluster to osd.2 from_epoch 66
2026-02-11T23:30:40.128+0000 7f416abfa640 20 osd.0 66 get_nextmap_reserved map_reservations: {66=1}
2026-02-11T23:30:40.128+0000 7f416abfa640 20 osd.0 66 release_map epoch: 66
2026-02-11T23:30:40.128+0000 7f416abfa640 10 osd.0 66 maybe_share_map: con v2:127.0.0.1:6820/2365263801 updating session's projected_epoch from 62 to ping map epoch of 68
2026-02-11T23:30:40.128+0000 7f416abfa640 10 osd.0 66 maybe_share_map: con v2:127.0.0.1:6820/2365263801 our osdmap epoch of 66 is not newer than session's projected_epoch of 68
2026-02-11T23:30:40.128+0000 7f416abfa640 20 osd.0 66 handle_osd_ping new stamps hbstamp(osd.2 up_from 14 peer_clock_delta [-4.566935539s,-4.566703320s])
2026-02-11T23:30:40.128+0000 7f415aefe640 1 -- [v2:127.0.0.1:6802/3294232400,v1:127.0.0.1:6803/3294232400] <== osd.2 v2:127.0.0.1:6820/2365263801 3 ==== osd_map(67..68 src has 1..68) ==== 1208+0+0 (crc 0 0 0) 0x5955500 con 0x507b800
2026-02-11T23:30:40.128+0000 7f415aefe640 20 osd.0 66 OSD::ms_dispatch: osd_map(67..68 src has 1..68)
2026-02-11T23:30:40.128+0000 7f416cbfe640 1 -- 127.0.0.1:0/3294232400 <== osd.2 v2:127.0.0.1:6824/2365263801 5 ==== osd_ping(ping_reply e68 up_from 14 ping_stamp
2026-02-11T23:30:40.128665+0000/22.804069519s send_stamp 18.237470627s delta_ub -4.566601276s) ==== 2033+0+0 (crc 0 0 0) 0x4c9bb00 con 0x48c4000
2026-02-11T23:30:40.128+0000 7f415aefe640 20 osd.0 66 _dispatch 0x5955500 osd_map(67..68 src has 1..68)
2026-02-11T23:30:40.128+0000 7f416cbfe640 20 osd.0 66 get_con_osd_cluster to osd.2 from_epoch 66
2026-02-11T23:30:40.128+0000 7f416cbfe640 20 osd.0 66 get_nextmap_reserved map_reservations: {66=1}
2026-02-11T23:30:40.128+0000 7f416cbfe640 20 osd.0 66 release_map epoch: 66
2026-02-11T23:30:40.128+0000 7f416cbfe640 10 osd.0 66 maybe_share_map: con v2:127.0.0.1:6820/2365263801 our osdmap epoch of 66 is not newer than session's projected_epoch of 68
2026-02-11T23:30:40.128+0000 7f416cbfe640 20 osd.0 66 handle_osd_ping new stamps hbstamp(osd.2 up_from 14 peer_clock_delta [-4.566875458s,-4.566601276s])
2026-02-11T23:30:40.128+0000 7f415aefe640 3 osd.0 66 handle_osd_map epochs [67,68], i have 66, src has [1,68]
2026-02-11T23:30:40.128+0000 7f415aefe640 10 osd.0 66 handle_osd_map: received 0 full maps and 2 incremental maps
2026-02-11T23:30:40.128+0000 7f415aefe640 10 osd.0 66 handle_osd_map got inc map for epoch 67
2026-02-11T23:30:40.128+0000 7f416abfa640 1 -- 127.0.0.1:0/3294232400 <== osd.4 v2:127.0.0.1:6840/3331151400 4 ==== osd_ping(ping_reply e67 up_from 23 ping_stamp
2026-02-11T23:30:40.128665+0000/22.804069519s send_stamp 12.967562675s delta_ub -9.836508751s) ==== 2033+0+0 (crc 0 0 0) 0x4c9a600 con 0x507bc00
2026-02-11T23:30:40.128+0000 7f416abfa640 20 osd.0 66 get_con_osd_cluster to osd.4 from_epoch 66
2026-02-11T23:30:40.128+0000 7f416abfa640 20 osd.0 66 get_nextmap_reserved map_reservations: {66=1}
2026-02-11T23:30:40.128+0000 7f416abfa640 20 osd.0 66 release_map epoch: 66
2026-02-11T23:30:40.128+0000 7f416abfa640 10 osd.0 66 maybe_share_map: con v2:127.0.0.1:6836/3331151400 updating session's projected_epoch from 66 to ping map epoch of 67
2026-02-11T23:30:40.128+0000 7f416abfa640 10 osd.0 66 maybe_share_map: con v2:127.0.0.1:6836/3331151400 our osdmap epoch of 66 is not newer than session's projected_epoch of 67
2026-02-11T23:30:40.128+0000 7f415aefe640 20 osd.0 66 got_full_map 67, nothing requested
2026-02-11T23:30:40.128+0000 7f416abfa640 20 osd.0 66 handle_osd_ping new stamps hbstamp(osd.4 up_from 23 peer_clock_delta [-9.836813927s,-9.836508751s])
2026-02-11T23:30:40.128+0000 7f416c3fd640 1 -- 127.0.0.1:0/3294232400 <== osd.4 v2:127.0.0.1:6838/3331151400 4 ==== osd_ping(ping_reply e67 up_from 23 ping_stamp
2026-02-11T23:30:40.128665+0000/22.804069519s send_stamp 12.967711449s delta_ub -9.836359978s) ==== 2033+0+0 (crc 0 0 0) 0x4c9a480 con 0x5282000
2026-02-11T23:30:40.128+0000 7f416c3fd640 20 osd.0 66 get_con_osd_cluster to osd.4 from_epoch 66
2026-02-11T23:30:40.128+0000 7f416c3fd640 20 osd.0 66 get_nextmap_reserved map_reservations: {66=1}
2026-02-11T23:30:40.128+0000 7f416c3fd640 20 osd.0 66 release_map epoch: 66
2026-02-11T23:30:40.128+0000 7f415aefe640 10 osd.0 66 handle_osd_map got inc map for epoch 68
2026-02-11T23:30:40.128+0000 7f416c3fd640 10 osd.0 66 maybe_share_map: con v2:127.0.0.1:6836/3331151400 our osdmap epoch of 66 is not newer than session's projected_epoch of 67
2026-02-11T23:30:40.128+0000 7f416c3fd640 20 osd.0 66 handle_osd_ping new stamps hbstamp(osd.4 up_from 23 peer_clock_delta [-9.836703300s,-9.836359978s])
2026-02-11T23:30:40.128+0000 7f415aefe640 20 osd.0 66 got_full_map 68, nothing requested
2026-02-11T23:30:40.128+0000 7f415aefe640 20 osd.0 66 trim_maps: min=1 oldest_map=1
2026-02-11T23:30:40.128+0000 7f415aefe640 20 osd.0 66 handle_osd_map pg_num_history pg_num_history(e68 pg_nums {1={27=1},2={34=1},3={42=1},4={49=1},5={56=1},6={64=1}} deleted_pools )
2026-02-11T23:30:40.128+0000 7f415aefe640 10 snap_mapper record_purged_snaps purged_snaps {67={},68={}}
2026-02-11T23:30:40.128+0000 7f415aefe640 10 snap_mapper record_purged_snaps rm 0 keys, set 0 keys
2026-02-11T23:30:40.128+0000 7f415aefe640 10 write_superblock sb(cb0a9481-482d-477a-a81c-1446b6498370 osd.0 01217804-d5cf-416e-93e4-5f1242b1c391 e68 maps [1~68] lci=[5,68] tlb=1)
2026-02-11T23:30:40.128+0000 7f415aefe640 1 -- [v2:127.0.0.1:6802/3294232400,v1:127.0.0.1:6803/3294232400] <== osd.4 v2:127.0.0.1:6836/3331151400 20 ==== osd_map(67..67 src has 1..67) ==== 626+0+0 (unknown 0 0 0) 0x4a31880 con 0x507ac00
2026-02-11T23:30:40.128+0000 7f415aefe640 20 osd.0 66 OSD::ms_dispatch: osd_map(67..67 src has 1..67)
2026-02-11T23:30:40.128+0000 7f415aefe640 20 osd.0 66 _dispatch 0x4a31880 osd_map(67..67 src has 1..67)
2026-02-11T23:30:40.128+0000 7f415aefe640 3 osd.0 66 handle_osd_map epochs [67,67], i have 68, src has [1,67]
2026-02-11T23:30:40.128+0000 7f415aefe640 10 osd.0 66 handle_osd_map: received 0 full maps and 1 incremental maps
2026-02-11T23:30:40.128+0000 7f415aefe640 10 osd.0 66 no new maps here, dropping
2026-02-11T23:30:40.128+0000 7f41591a6640 10 osd.0 66 _committed_osd_maps 67..68
2026-02-11T23:30:40.128+0000 7f41591a6640 10 osd.0 66 advance to epoch 67 (<= last 68 <= newest_map 68)
2026-02-11T23:30:40.128+0000 7f41591a6640 10 osd.0 67 advance to epoch 68 (<= last 68 <= newest_map 68)
2026-02-11T23:30:40.128+0000 7f41591a6640 20 osd.0 68 consume_map version 68
2026-02-11T23:30:40.128+0000 7f41591a6640 20 osd.0 66 await_reserved_maps epoch:68
2026-02-11T23:30:40.128+0000 7f41591a6640 20 osd.0 66 await_reserved_maps done 0
2026-02-11T23:30:40.128+0000 7f41591a6640 20 osd.0 68 consume_map 68 -- publish done
2026-02-11T23:30:40.128+0000 7f41591a6640 20 osd.0:0.identify_splits_and_merges identify_splits_and_merges 3 slots
2026-02-11T23:30:40.128+0000 7f41591a6640 20 osd.0:0.identify_splits_and_merges identify_splits_and_merges slot pgid:6.0slot:0x3758b00
2026-02-11T23:30:40.128+0000 7f41591a6640 20 osd.0 68 identify_splits_and_merges 6.0 e66 to e68
2026-02-11T23:30:40.128+0000 7f41591a6640 20 osd.0 68 identify_splits_and_merges 6.0 e66 to e68 pg_nums {64=1}
2026-02-11T23:30:40.128+0000 7f41591a6640 20 osd.0:0.identify_splits_and_merges identify_splits_and_merges slot pgid:4.0slot:0x37582c0
2026-02-11T23:30:40.128+0000 7f41591a6640 20 osd.0 68 identify_splits_and_merges 4.0 e66 to e68
2026-02-11T23:30:40.128+0000 7f41591a6640 20 osd.0 68 identify_splits_and_merges 4.0 e66 to e68 pg_nums {49=1}
2026-02-11T23:30:40.128+0000 7f41591a6640 20 osd.0:0.identify_splits_and_merges identify_splits_and_merges slot pgid:1.0slot:0x3700dc0
2026-02-11T23:30:40.128+0000 7f41591a6640 20 osd.0 68 identify_splits_and_merges 1.0 e66 to e68
2026-02-11T23:30:40.128+0000 7f41591a6640 20 osd.0 68 identify_splits_and_merges 1.0 e66 to e68 pg_nums {27=1}
2026-02-11T23:30:40.128+0000 7f41591a6640 20 osd.0:0.identify_splits_and_merges identify_splits_and_merges 0 splits, 0 merges
2026-02-11T23:30:40.128+0000 7f41591a6640 20 osd.0:1.identify_splits_and_merges identify_splits_and_merges 0 slots
2026-02-11T23:30:40.128+0000 7f41591a6640 20 osd.0:1.identify_splits_and_merges identify_splits_and_merges 0 splits, 0 merges
2026-02-11T23:30:40.128+0000 7f41591a6640 20 osd.0:2.identify_splits_and_merges identify_splits_and_merges 0 slots
2026-02-11T23:30:40.128+0000 7f41591a6640 20 osd.0:2.identify_splits_and_merges identify_splits_and_merges 0 splits, 0 merges
2026-02-11T23:30:40.128+0000 7f41591a6640 20 osd.0:3.identify_splits_and_merges identify_splits_and_merges 0 slots
2026-02-11T23:30:40.128+0000 7f41591a6640 20 osd.0:3.identify_splits_and_merges identify_splits_and_merges 0 splits, 0 merges
2026-02-11T23:30:40.128+0000 7f41591a6640 20 osd.0:4.identify_splits_and_merges identify_splits_and_merges 0 slots
2026-02-11T23:30:40.128+0000 7f41591a6640 20 osd.0:4.identify_splits_and_merges identify_splits_and_merges 0 splits, 0 merges
2026-02-11T23:30:40.128+0000 7f41591a6640 20 osd.0:5.identify_splits_and_merges identify_splits_and_merges 0 slots
2026-02-11T23:30:40.128+0000 7f41591a6640 20 osd.0:5.identify_splits_and_merges identify_splits_and_merges 0 splits, 0 merges
2026-02-11T23:30:40.128+0000 7f41591a6640 20 osd.0:6.identify_splits_and_merges identify_splits_and_merges 0 slots
2026-02-11T23:30:40.128+0000 7f41591a6640 20 osd.0:6.identify_splits_and_merges identify_splits_and_merges 0 splits, 0 merges
2026-02-11T23:30:40.128+0000 7f41591a6640 20 osd.0:7.identify_splits_and_merges identify_splits_and_merges 0 slots
2026-02-11T23:30:40.128+0000 7f41591a6640 20 osd.0:7.identify_splits_and_merges identify_splits_and_merges 0 splits, 0 merges
2026-02-11T23:30:40.128+0000 7f41591a6640 20 osd.0 68 prune_pg_created
2026-02-11T23:30:40.128+0000 7f41591a6640 10 osd.0:0.consume_map 68 (was 66)
2026-02-11T23:30:40.128+0000 7f41591a6640 20 osd.0:0.consume_map consume_map 6.0
2026-02-11T23:30:40.128+0000 7f41591a6640 20 osd.0:0.consume_map consume_map 6.0 pending_peering first epoch 67 <= 68, requeueing
2026-02-11T23:30:40.128+0000 7f41591a6640 20 osd.0:0._wake_pg_slot _wake_pg_slot 6.0 to_process <> waiting <> waiting_peering {67=}
2026-02-11T23:30:40.128+0000 7f41591a6640 20 osd.0:0.consume_map consume_map 4.0
2026-02-11T23:30:40.128+0000 7f41591a6640 20 osd.0:0.consume_map consume_map 1.0
2026-02-11T23:30:40.128+0000 7f41591a6640 10 osd.0:1.consume_map 68 (was 66)
2026-02-11T23:30:40.128+0000 7f41591a6640 10 osd.0:2.consume_map 68 (was 66)
2026-02-11T23:30:40.128+0000 7f41591a6640 10 osd.0:3.consume_map 68 (was 66)
2026-02-11T23:30:40.128+0000 7f41591a6640 10 osd.0:4.consume_map 68 (was 66)
2026-02-11T23:30:40.128+0000 7f41591a6640 10 osd.0:5.consume_map 68 (was 66)
2026-02-11T23:30:40.128+0000 7f41591a6640 10 osd.0:6.consume_map 68 (was 66)
2026-02-11T23:30:40.128+0000 7f41591a6640 10 osd.0:7.consume_map 68 (was 66)
2026-02-11T23:30:40.128+0000 7f41591a6640 10 osd.0 68 release_reserved_pushes(0), recovery_ops_reserved 0 -> 0
2026-02-11T23:30:40.128+0000 7f414b98b640 20 osd.0 op_wq(0) _process 6.0 to_process <> waiting <> waiting_peering {}
2026-02-11T23:30:40.128+0000 7f41591a6640 15 osd.0 68 enqueue_peering_evt 6.0 epoch_sent: 68 epoch_requested: 68 NullEvt
2026-02-11T23:30:40.128+0000 7f414b98b640 20 osd.0 op_wq(0) _process OpSchedulerItem(6.0 PGPeeringEvent(epoch_sent: 67 epoch_requested: 67 DeleteStart) class_id 2immediate prio 255 cost 10 e67) queued
2026-02-11T23:30:40.128+0000 7f414b98b640 20 osd.0 op_wq(0) _process 6.0 to_process waiting <> waiting_peering {}
2026-02-11T23:30:40.128+0000 7f41591a6640 20 osd.0 op_wq(0) _enqueue OpSchedulerItem(6.0 PGPeeringEvent(epoch_sent: 68 epoch_requested: 68 NullEvt) class_id 2 prio 255 cost 10 e68)
2026-02-11T23:30:40.128+0000 7f414b98b640 20 osd.0 op_wq(0) _process OpSchedulerItem(6.0 PGPeeringEvent(epoch_sent: 67 epoch_requested: 67 DeleteStart) class_id 2immediate prio 255 cost 10 e67) pg 0x4aa0000
2026-02-11T23:30:40.128+0000 7f414b98b640 10 osd.0 pg_epoch: 66 pg[6.0( empty local-lis/les=64/65 n=0 ec=64/64 lis/c=0/0 les/c/f=0/0/0 sis=66) [4,2] r=-1 lpr=66 pi=[64,66)/1 crt=0'0 unknown NOTIFY mbc={}] handle_advance_map: 67
2026-02-11T23:30:40.128+0000 7f41591a6640 15 osd.0 68 enqueue_peering_evt 4.0 epoch_sent: 68 epoch_requested: 68 NullEvt
2026-02-11T23:30:40.128+0000 7f414b98b640 20 osd.0:0.update_pg_epoch 6.0 66 -> 67
2026-02-11T23:30:40.128+0000 7f41591a6640 20 osd.0 op_wq(0) _enqueue OpSchedulerItem(4.0 PGPeeringEvent(epoch_sent: 68 epoch_requested: 68 NullEvt) class_id 2 prio 255 cost 10 e68)
2026-02-11T23:30:40.128+0000 7f414b98b640 10 osd.0 pg_epoch: 66 pg[6.0( empty local-lis/les=64/65 n=0 ec=64/64 lis/c=0/0 les/c/f=0/0/0 sis=66) [4,2] r=-1 lpr=66 pi=[64,66)/1 crt=0'0 unknown NOTIFY mbc={}] PeeringState::advance_map handle_advance_map [4,2]/[4,2] -- 4/4
2026-02-11T23:30:40.128+0000 7f414f993640 20 osd.0 op_wq(0) _process 6.0 to_process <> waiting <> waiting_peering {}
2026-02-11T23:30:40.128+0000 7f414b98b640 10 osd.0 pg_epoch: 67 pg[6.0( empty local-lis/les=64/65 n=0 ec=64/64 lis/c=0/0 les/c/f=0/0/0 sis=66) [4,2] r=-1 lpr=66 pi=[64,66)/1 crt=0'0 unknown NOTIFY mbc={}] state: Started advmap
2026-02-11T23:30:40.128+0000 7f414f993640 20 osd.0 op_wq(0) _process OpSchedulerItem(6.0 PGPeeringEvent(epoch_sent: 68 epoch_requested: 68 NullEvt) class_id 2immediate prio 255 cost 10 e68) queued
2026-02-11T23:30:40.128+0000 7f414b98b640 10 osd.0 pg_epoch: 67 pg[6.0( empty local-lis/les=64/65 n=0 ec=64/64 lis/c=0/0 les/c/f=0/0/0 sis=66) [4,2] r=-1 lpr=66 pi=[64,66)/1 crt=0'0 unknown NOTIFY mbc={}] check_recovery_sources no source osds () went down
2026-02-11T23:30:40.128+0000 7f414b98b640 10 osd.0 pg_epoch: 67 pg[6.0( empty local-lis/les=64/65 n=0 ec=64/64 lis/c=0/0 les/c/f=0/0/0 sis=66) [4,2] r=-1 lpr=66 pi=[64,66)/1 crt=0'0 unknown NOTIFY mbc={}] plpg_on_pool_change
2026-02-11T23:30:40.128+0000 7f414b98b640 20 osd.0 pg_epoch: 67 pg[6.0( empty local-lis/les=64/65 n=0 ec=64/64 lis/c=0/0 les/c/f=0/0/0 sis=66) [4,2] r=-1 lpr=66 pi=[64,66)/1 crt=0'0 unknown NOTIFY mbc={}] hit_set_clear
2026-02-11T23:30:40.128+0000 7f41591a6640 15 osd.0 68 enqueue_peering_evt 1.0 epoch_sent: 68 epoch_requested: 68 NullEvt
2026-02-11T23:30:40.128+0000 7f414b98b640 20 osd.0 pg_epoch: 67 pg[6.0( empty local-lis/les=64/65 n=0 ec=64/64 lis/c=0/0 les/c/f=0/0/0 sis=66) [4,2] r=-1 lpr=66 pi=[64,66)/1 crt=0'0 unknown NOTIFY mbc={}] agent_stop
2026-02-11T23:30:40.128+0000 7f41591a6640 20 osd.0 op_wq(0) _enqueue OpSchedulerItem(1.0 PGPeeringEvent(epoch_sent: 68 epoch_requested: 68 NullEvt) class_id 2 prio 255 cost 10 e68)
2026-02-11T23:30:40.128+0000 7f414b98b640 20 osd.0 68 advance_pg new pool opts old pool opts
2026-02-11T23:30:40.128+0000 7f41591a6640 7 osd.0 68 activate_map version 68
2026-02-11T23:30:40.128+0000 7f414b98b640 10 osd.0 pg_epoch: 67 pg[6.0( empty local-lis/les=64/65 n=0 ec=64/64 lis/c=0/0 les/c/f=0/0/0 sis=66) [4,2] r=-1 lpr=66 pi=[64,66)/1 crt=0'0 unknown NOTIFY mbc={}] handle_advance_map: 68
2026-02-11T23:30:40.128+0000 7f414b98b640 20 osd.0:0.update_pg_epoch 6.0 67 -> 68
2026-02-11T23:30:40.128+0000 7f414b98b640 10 osd.0 pg_epoch: 67 pg[6.0( empty local-lis/les=64/65 n=0 ec=64/64 lis/c=0/0 les/c/f=0/0/0 sis=66) [4,2] r=-1 lpr=66 pi=[64,66)/1 crt=0'0 unknown NOTIFY mbc={}] PeeringState::advance_map handle_advance_map [4,2]/[4,2] -- 4/4
2026-02-11T23:30:40.128+0000 7f414b98b640 10 osd.0 pg_epoch: 68 pg[6.0( empty local-lis/les=64/65 n=0 ec=64/64 lis/c=0/0 les/c/f=0/0/0 sis=66) [4,2] r=-1 lpr=66 pi=[64,66)/1 crt=0'0 unknown NOTIFY mbc={}] state: Started advmap
2026-02-11T23:30:40.128+0000 7f414b98b640 10 osd.0 pg_epoch: 68 pg[6.0( empty local-lis/les=64/65 n=0 ec=64/64 lis/c=0/0 les/c/f=0/0/0 sis=66) [4,2] r=-1 lpr=66 pi=[64,66)/1 crt=0'0 unknown NOTIFY mbc={}] check_recovery_sources no source osds () went down
2026-02-11T23:30:40.128+0000 7f414b98b640 10 osd.0 pg_epoch: 68 pg[6.0( empty local-lis/les=64/65 n=0 ec=64/64 lis/c=0/0 les/c/f=0/0/0 sis=66) [4,2] r=-1 lpr=66 pi=[64,66)/1 crt=0'0 unknown NOTIFY mbc={}] plpg_on_pool_change
2026-02-11T23:30:40.128+0000 7f4150194640 20 osd.0 68 agent_entry empty queue
2026-02-11T23:30:40.128+0000 7f414b98b640 20 osd.0 pg_epoch: 68 pg[6.0( empty local-lis/les=64/65 n=0 ec=64/64 lis/c=0/0 les/c/f=0/0/0 sis=66) [4,2] r=-1 lpr=66 pi=[64,66)/1 crt=0'0 unknown NOTIFY mbc={}] hit_set_clear
2026-02-11T23:30:40.128+0000 7f414b98b640 20 osd.0 pg_epoch: 68 pg[6.0( empty local-lis/les=64/65 n=0 ec=64/64 lis/c=0/0 les/c/f=0/0/0 sis=66) [4,2] r=-1 lpr=66 pi=[64,66)/1 crt=0'0 unknown NOTIFY mbc={}] agent_stop
2026-02-11T23:30:40.128+0000 7f414b98b640 20 osd.0 68 advance_pg new pool opts old pool opts
2026-02-11T23:30:40.128+0000 7f414b98b640 10 osd.0 pg_epoch: 68 pg[6.0( empty local-lis/les=64/65 n=0 ec=64/64 lis/c=0/0 les/c/f=0/0/0 sis=66) [4,2] r=-1 lpr=66 pi=[64,66)/1 crt=0'0 unknown NOTIFY mbc={}] handle_activate_map: epoch range: 67..68
2026-02-11T23:30:40.128+0000 7f414b98b640 10 osd.0 pg_epoch: 68 pg[6.0( empty local-lis/les=64/65 n=0 ec=64/64 lis/c=0/0 les/c/f=0/0/0 sis=66) [4,2] r=-1 lpr=66 pi=[64,66)/1 crt=0'0 unknown NOTIFY mbc={}] PeeringState::activate_map
2026-02-11T23:30:40.128+0000 7f414b98b640 20 osd.0 pg_epoch: 68 pg[6.0( empty local-lis/les=64/65 n=0 ec=64/64 lis/c=0/0 les/c/f=0/0/0 sis=66) [4,2] r=-1 lpr=66 pi=[64,66)/1 crt=0'0 unknown NOTIFY mbc={}] PeeringState::activate_map : Not dirtying info: last_persisted is 66 while current is 68
2026-02-11T23:30:40.128+0000 7f414b98b640 10 log is not dirty
2026-02-11T23:30:40.128+0000 7f414b98b640 10 osd.0 pg_epoch: 68 pg[6.0( empty local-lis/les=64/65 n=0 ec=64/64 lis/c=0/0 les/c/f=0/0/0 sis=66) [4,2] r=-1 lpr=66 pi=[64,66)/1 crt=0'0 unknown NOTIFY mbc={}] on_scrub_schedule_input_change: inactive, non-primary - or already scrubbing
2026-02-11T23:30:40.128+0000 7f414b98b640 10 osd.0 pg_epoch: 68 pg[6.0( empty local-lis/les=64/65 n=0 ec=64/64 lis/c=0/0 les/c/f=0/0/0 sis=66) [4,2] r=-1 lpr=66 pi=[64,66)/1 crt=0'0 unknown NOTIFY mbc={}] do_peering_event: epoch_sent: 67 epoch_requested: 67 DeleteStart
2026-02-11T23:30:40.128+0000 7f414b98b640 5 osd.0 pg_epoch: 68 pg[6.0( empty local-lis/les=64/65 n=0 ec=64/64 lis/c=0/0 les/c/f=0/0/0 sis=66) [4,2] r=-1 lpr=66 pi=[64,66)/1 crt=0'0 unknown NOTIFY mbc={}] exit Started/Stray 0.388888 6 0.000022
2026-02-11T23:30:40.128+0000 7f414b98b640 5 osd.0 pg_epoch: 68 pg[6.0( empty local-lis/les=64/65 n=0 ec=64/64 lis/c=0/0 les/c/f=0/0/0 sis=66) [4,2] r=-1 lpr=66 pi=[64,66)/1 crt=0'0 unknown NOTIFY mbc={}] enter Started/ToDelete
2026-02-11T23:30:40.128+0000 7f414b98b640 5 osd.0 pg_epoch: 68 pg[6.0( empty local-lis/les=64/65 n=0 ec=64/64 lis/c=0/0 les/c/f=0/0/0 sis=66) [4,2] r=-1 lpr=66 pi=[64,66)/1 crt=0'0 unknown NOTIFY mbc={}] enter Started/ToDelete/WaitDeleteReserved
2026-02-11T23:30:40.128+0000 7f414b98b640 10 log is not dirty
2026-02-11T23:30:40.128+0000 7f414b98b640 20 osd.0 68 get_con_osd_cluster to osd.4 from_epoch 68
2026-02-11T23:30:40.128+0000 7f414b98b640 20 osd.0 68 get_nextmap_reserved map_reservations: {68=1}
2026-02-11T23:30:40.128+0000 7f414b98b640 20 osd.0 68 release_map epoch: 68
2026-02-11T23:30:40.128+0000 7f414b98b640 10 osd.0 68 maybe_share_map: con v2:127.0.0.1:6836/3331151400 map epoch 67 -> 68 (shared)
2026-02-11T23:30:40.128+0000 7f414b98b640 10 osd.0 68 send_incremental_map epoch range: (68, 68] to v2:127.0.0.1:6836/3331151400
2026-02-11T23:30:40.128+0000 7f414b98b640 10 osd.0 68 add_map_inc_bl 68 574 bytes
2026-02-11T23:30:40.128+0000 7f414b98b640 1 -- [v2:127.0.0.1:6802/3294232400,v1:127.0.0.1:6803/3294232400] --> [v2:127.0.0.1:6836/3331151400,v1:127.0.0.1:6837/3331151400] -- osd_map(68..68 src has 1..68) -- 0x5954380 con 0x507ac00
2026-02-11T23:30:40.128+0000 7f414b98b640 1 -- [v2:127.0.0.1:6802/3294232400,v1:127.0.0.1:6803/3294232400] --> [v2:127.0.0.1:6836/3331151400,v1:127.0.0.1:6837/3331151400] -- pg_notify2(6.0 6.0 (query:68 sent:68 6.0( empty local-lis/les=64/65 n=0 ec=64/64 lis/c=0/0 les/c/f=0/0/0 sis=66) ([64,65] all_participants={0, 2, 4} intervals=[([64,65] acting={0, 2, 4})])) e68/68) -- 0x3739c00 con 0x507ac00
2026-02-11T23:30:40.128+0000 7f414b98b640 20 osd.0 op_wq(0) _process 4.0 to_process <> waiting <> waiting_peering {}
2026-02-11T23:30:40.128+0000 7f414b98b640 20 osd.0 op_wq(0) _process OpSchedulerItem(4.0 PGPeeringEvent(epoch_sent: 68 epoch_requested: 68 NullEvt) class_id 2immediate prio 255 cost 10 e68) queued
2026-02-11T23:30:40.128+0000 7f414b98b640 20 osd.0 op_wq(0) _process 4.0 to_process waiting <> waiting_peering {}
2026-02-11T23:30:40.128+0000 7f414b98b640 20 osd.0 op_wq(0) _process OpSchedulerItem(4.0 PGPeeringEvent(epoch_sent: 68 epoch_requested: 68 NullEvt) class_id 2immediate prio 255 cost 10 e68) pg 0x5978000
2026-02-11T23:30:40.128+0000 7f414f993640 20 osd.0 op_wq(0) _process 6.0 to_process waiting <> waiting_peering {}
2026-02-11T23:30:40.128+0000 7f414b98b640 10 osd.0 pg_epoch: 66 pg[4.0( empty local-lis/les=52/53 n=0 ec=49/49 lis/c=52/52 les/c/f=53/53/0 sis=52) [4,0] r=1 lpr=52 crt=0'0 active mbc={}] handle_advance_map: 67
2026-02-11T23:30:40.128+0000 7f414f993640 20 osd.0 op_wq(0) _process OpSchedulerItem(6.0 PGPeeringEvent(epoch_sent: 68 epoch_requested: 68 NullEvt) class_id 2immediate prio 255 cost 10 e68) pg 0x4aa0000
2026-02-11T23:30:40.128+0000 7f414b98b640 20 osd.0:0.update_pg_epoch 4.0 66 -> 67
2026-02-11T23:30:40.128+0000 7f414b98b640 10 osd.0 pg_epoch: 66 pg[4.0( empty local-lis/les=52/53 n=0 ec=49/49 lis/c=52/52 les/c/f=53/53/0 sis=52) [4,0] r=1 lpr=52 crt=0'0 active mbc={}] PeeringState::advance_map handle_advance_map [4,0]/[4,0] -- 4/4
2026-02-11T23:30:40.128+0000 7f414f993640 10 osd.0 pg_epoch: 68 pg[6.0( empty local-lis/les=64/65 n=0 ec=64/64 lis/c=0/0 les/c/f=0/0/0 sis=66) [4,2] r=-1 lpr=66 pi=[64,66)/1 crt=0'0 unknown NOTIFY mbc={}] do_peering_event: epoch_sent: 68 epoch_requested: 68 NullEvt
2026-02-11T23:30:40.128+0000 7f414b98b640 10 osd.0 pg_epoch: 67 pg[4.0( empty local-lis/les=52/53 n=0 ec=49/49 lis/c=52/52 les/c/f=53/53/0 sis=52) [4,0] r=1 lpr=52 crt=0'0 active mbc={}] state: Started advmap
2026-02-11T23:30:40.128+0000 7f414f993640 10 log is not dirty
2026-02-11T23:30:40.128+0000 7f414b98b640 10 osd.0 pg_epoch: 67 pg[4.0( empty local-lis/les=52/53 n=0 ec=49/49 lis/c=52/52 les/c/f=53/53/0 sis=52) [4,0] r=1 lpr=52 crt=0'0 active mbc={}] check_recovery_sources no source osds () went down
2026-02-11T23:30:40.128+0000 7f414b98b640 20 osd.0 68 advance_pg new pool opts old pool opts
2026-02-11T23:30:40.128+0000 7f414f993640 20 osd.0 op_wq(0) _process 1.0 to_process <> waiting <> waiting_peering {}
2026-02-11T23:30:40.128+0000 7f414b98b640 10 osd.0 pg_epoch: 67 pg[4.0( empty local-lis/les=52/53 n=0 ec=49/49 lis/c=52/52 les/c/f=53/53/0 sis=52) [4,0] r=1 lpr=52 crt=0'0 active mbc={}] handle_advance_map: 68
2026-02-11T23:30:40.128+0000 7f4152999640 15 osd.0 68 enqueue_peering_evt 6.0 epoch_sent: 68 epoch_requested: 68 DeleteReserved
2026-02-11T23:30:40.128+0000 7f4152999640 20 osd.0 op_wq(0) _enqueue OpSchedulerItem(6.0 PGPeeringEvent(epoch_sent: 68 epoch_requested: 68 DeleteReserved) class_id 2 prio 255 cost 10 e68)
2026-02-11T23:30:40.128+0000 7f414f993640 20 osd.0 op_wq(0) _process OpSchedulerItem(1.0 PGPeeringEvent(epoch_sent: 68 epoch_requested: 68 NullEvt) class_id 2immediate prio 255 cost 10 e68) queued
2026-02-11T23:30:40.128+0000 7f414f993640 20 osd.0 op_wq(0) _process 1.0 to_process waiting <> waiting_peering {}
2026-02-11T23:30:40.128+0000 7f414f993640 20 osd.0 op_wq(0) _process OpSchedulerItem(1.0 PGPeeringEvent(epoch_sent: 68 epoch_requested: 68 NullEvt) class_id 2immediate prio 255 cost 10 e68) pg 0x5946000
2026-02-11T23:30:40.128+0000 7f414f993640 10 osd.0 pg_epoch: 66 pg[1.0( empty local-lis/les=29/30 n=0 ec=27/27 lis/c=29/29 les/c/f=30/30/0 sis=29) [1,0] r=1 lpr=29 crt=0'0 active mbc={}] handle_advance_map: 67
2026-02-11T23:30:40.128+0000 7f414f993640 20 osd.0:0.update_pg_epoch 1.0 66 -> 67
2026-02-11T23:30:40.128+0000 7f414b98b640 20 osd.0:0.update_pg_epoch 4.0 67 -> 68
2026-02-11T23:30:40.128+0000 7f414f993640 10 osd.0 pg_epoch: 66 pg[1.0( empty local-lis/les=29/30 n=0 ec=27/27 lis/c=29/29 les/c/f=30/30/0 sis=29) [1,0] r=1 lpr=29 crt=0'0 active mbc={}] PeeringState::advance_map handle_advance_map [1,0]/[1,0] -- 1/1
2026-02-11T23:30:40.128+0000 7f414b98b640 10 osd.0 pg_epoch: 67 pg[4.0( empty local-lis/les=52/53 n=0 ec=49/49 lis/c=52/52 les/c/f=53/53/0 sis=52) [4,0] r=1 lpr=52 crt=0'0 active mbc={}] PeeringState::advance_map handle_advance_map [4,0]/[4,0] -- 4/4
2026-02-11T23:30:40.128+0000 7f414f993640 10 osd.0 pg_epoch: 67 pg[1.0( empty local-lis/les=29/30 n=0 ec=27/27 lis/c=29/29 les/c/f=30/30/0 sis=29) [1,0] r=1 lpr=29 crt=0'0 active mbc={}] state: Started advmap
2026-02-11T23:30:40.128+0000 7f414b98b640 10 osd.0 pg_epoch: 68 pg[4.0( empty local-lis/les=52/53 n=0 ec=49/49 lis/c=52/52 les/c/f=53/53/0 sis=52) [4,0] r=1 lpr=52 crt=0'0 active mbc={}] state: Started advmap
2026-02-11T23:30:40.128+0000 7f414f993640 10 osd.0 pg_epoch: 67 pg[1.0( empty local-lis/les=29/30 n=0 ec=27/27 lis/c=29/29 les/c/f=30/30/0 sis=29) [1,0] r=1 lpr=29 crt=0'0 active mbc={}] check_recovery_sources no source osds () went down
2026-02-11T23:30:40.128+0000 7f414b98b640 10 osd.0 pg_epoch: 68 pg[4.0( empty local-lis/les=52/53 n=0 ec=49/49 lis/c=52/52 les/c/f=53/53/0 sis=52) [4,0] r=1 lpr=52 crt=0'0 active mbc={}] check_recovery_sources no source osds () went down
2026-02-11T23:30:40.128+0000 7f414b98b640 20 osd.0 68 advance_pg new pool opts old pool opts
2026-02-11T23:30:40.128+0000 7f414f993640 20 osd.0 68 advance_pg new pool opts old pool opts
2026-02-11T23:30:40.128+0000 7f414b98b640 10 osd.0 pg_epoch: 68 pg[4.0( empty local-lis/les=52/53 n=0 ec=49/49 lis/c=52/52 les/c/f=53/53/0 sis=52) [4,0] r=1 lpr=52 crt=0'0 active mbc={}] handle_activate_map: epoch range: 67..68
2026-02-11T23:30:40.128+0000 7f414b98b640 10 osd.0 pg_epoch: 68 pg[4.0( empty local-lis/les=52/53 n=0 ec=49/49 lis/c=52/52 les/c/f=53/53/0 sis=52) [4,0] r=1 lpr=52 crt=0'0 active mbc={}] PeeringState::activate_map
2026-02-11T23:30:40.128+0000 7f414b98b640 20 osd.0 pg_epoch: 68 pg[4.0( empty local-lis/les=52/53 n=0 ec=49/49 lis/c=52/52 les/c/f=53/53/0 sis=52) [4,0] r=1 lpr=52 crt=0'0 active mbc={}] PeeringState::activate_map : Not dirtying info: last_persisted is 53 while current is 68
2026-02-11T23:30:40.128+0000 7f414f993640 10 osd.0 pg_epoch: 67 pg[1.0( empty local-lis/les=29/30 n=0 ec=27/27 lis/c=29/29 les/c/f=30/30/0 sis=29) [1,0] r=1 lpr=29 crt=0'0 active mbc={}] handle_advance_map: 68
2026-02-11T23:30:40.128+0000 7f414b98b640 10 log is not dirty
2026-02-11T23:30:40.128+0000 7f414f993640 20 osd.0:0.update_pg_epoch 1.0 67 -> 68
2026-02-11T23:30:40.128+0000 7f414b98b640 10 osd.0 pg_epoch: 68 pg[4.0( empty local-lis/les=52/53 n=0 ec=49/49 lis/c=52/52 les/c/f=53/53/0 sis=52) [4,0] r=1 lpr=52 crt=0'0 active mbc={}] do_peering_event: epoch_sent: 68 epoch_requested: 68 NullEvt
2026-02-11T23:30:40.128+0000 7f414b98b640 10 log is not dirty
2026-02-11T23:30:40.128+0000 7f414b98b640 20 osd.0 op_wq(0) _process 6.0 to_process <> waiting <> waiting_peering {}
2026-02-11T23:30:40.128+0000 7f414b98b640 20 osd.0 op_wq(0) _process OpSchedulerItem(6.0 PGPeeringEvent(epoch_sent: 68 epoch_requested: 68 DeleteReserved) class_id 2immediate prio 255 cost 10 e68) queued
2026-02-11T23:30:40.128+0000 7f414f993640 10 osd.0 pg_epoch: 67 pg[1.0( empty local-lis/les=29/30 n=0 ec=27/27 lis/c=29/29 les/c/f=30/30/0 sis=29) [1,0] r=1 lpr=29 crt=0'0 active mbc={}] PeeringState::advance_map handle_advance_map [1,0]/[1,0] -- 1/1
2026-02-11T23:30:40.128+0000 7f414b98b640 20 osd.0 op_wq(0) _process 6.0 to_process waiting <> waiting_peering {}
2026-02-11T23:30:40.128+0000 7f414b98b640 20 osd.0 op_wq(0) _process OpSchedulerItem(6.0 PGPeeringEvent(epoch_sent: 68 epoch_requested: 68 DeleteReserved) class_id 2immediate prio 255 cost 10 e68) pg 0x4aa0000
2026-02-11T23:30:40.128+0000 7f414f993640 10 osd.0 pg_epoch: 68 pg[1.0( empty local-lis/les=29/30 n=0 ec=27/27 lis/c=29/29 les/c/f=30/30/0 sis=29) [1,0] r=1 lpr=29 crt=0'0 active mbc={}] state: Started advmap
2026-02-11T23:30:40.128+0000 7f414b98b640 10 osd.0 pg_epoch: 68 pg[6.0( empty local-lis/les=64/65 n=0 ec=64/64 lis/c=0/0 les/c/f=0/0/0 sis=66) [4,2] r=-1 lpr=66 pi=[64,66)/1 crt=0'0 unknown NOTIFY mbc={}] do_peering_event: epoch_sent: 68 epoch_requested: 68 DeleteReserved
2026-02-11T23:30:40.128+0000 7f414f993640 10 osd.0 pg_epoch: 68 pg[1.0( empty local-lis/les=29/30 n=0 ec=27/27 lis/c=29/29 les/c/f=30/30/0 sis=29) [1,0] r=1 lpr=29 crt=0'0 active mbc={}] check_recovery_sources no source osds () went down
2026-02-11T23:30:40.128+0000 7f414f993640 20 osd.0 68 advance_pg new pool opts old pool opts
