2026-02-11T23:30:38.227+0000 7f414f993640 20 scrubberFSM event: --^^^^---- IntervalChanged
2026-02-11T23:30:38.227+0000 7f414f993640 10 osd.0 pg_epoch: 62 pg[5.0( empty lb MIN local-lis/les=56/57 n=0 ec=56/56 lis/c=56/56 les/c/f=57/57/0 sis=59 pruub=15.108879089s) [3,4] r=-1 lpr=59 DELETING pi=[56,59)/1 crt=0'0 unknown NOTIFY pruub 35.936801910s@ mbc={}] cancel_copy_ops
2026-02-11T23:30:38.227+0000 7f414f993640 10 osd.0 pg_epoch: 62 pg[5.0( empty lb MIN local-lis/les=56/57 n=0 ec=56/56 lis/c=56/56 les/c/f=57/57/0 sis=59 pruub=15.108879089s) [3,4] r=-1 lpr=59 DELETING pi=[56,59)/1 crt=0'0 unknown NOTIFY pruub 35.936801910s@ mbc={}] cancel_flush_ops
2026-02-11T23:30:38.227+0000 7f414f993640 10 osd.0 pg_epoch: 62 pg[5.0( empty lb MIN local-lis/les=56/57 n=0 ec=56/56 lis/c=56/56 les/c/f=57/57/0 sis=59 pruub=15.108879089s) [3,4] r=-1 lpr=59 DELETING pi=[56,59)/1 crt=0'0 unknown NOTIFY pruub 35.936801910s@ mbc={}] cancel_proxy_ops
2026-02-11T23:30:38.227+0000 7f414f993640 10 osd.0 pg_epoch: 62 pg[5.0( empty lb MIN local-lis/les=56/57 n=0 ec=56/56 lis/c=56/56 les/c/f=57/57/0 sis=59 pruub=15.108879089s) [3,4] r=-1 lpr=59 DELETING pi=[56,59)/1 crt=0'0 unknown NOTIFY pruub 35.936801910s@ mbc={}] cancel_manifest_ops
2026-02-11T23:30:38.227+0000 7f414f993640 10 osd.0 pg_epoch: 62 pg[5.0( empty lb MIN local-lis/les=56/57 n=0 ec=56/56 lis/c=56/56 les/c/f=57/57/0 sis=59 pruub=15.108879089s) [3,4] r=-1 lpr=59 DELETING pi=[56,59)/1 crt=0'0 unknown NOTIFY pruub 35.936801910s@ mbc={}] cancel_cls_gather_ops
2026-02-11T23:30:38.227+0000 7f414f993640 10 osd.0 pg_epoch: 62 pg[5.0( empty lb MIN local-lis/les=56/57 n=0 ec=56/56 lis/c=56/56 les/c/f=57/57/0 sis=59 pruub=15.108879089s) [3,4] r=-1 lpr=59 DELETING pi=[56,59)/1 crt=0'0 unknown NOTIFY pruub 35.936801910s@ mbc={}] clear_backoffs
2026-02-11T23:30:38.227+0000 7f414f993640 20 osd.0 pg_epoch: 62 pg[5.0( empty lb MIN local-lis/les=56/57 n=0 ec=56/56 lis/c=56/56 les/c/f=57/57/0 sis=59 pruub=15.108879089s) [3,4] r=-1 lpr=59 DELETING pi=[56,59)/1 crt=0'0 unknown NOTIFY pruub 35.936801910s@ mbc={}] exit NotTrimming
2026-02-11T23:30:38.227+0000 7f414f993640 20 osd.0 pg_epoch: 62 pg[5.0( empty lb MIN local-lis/les=56/57 n=0 ec=56/56 lis/c=56/56 les/c/f=57/57/0 sis=59 pruub=15.108879089s) [3,4] r=-1 lpr=59 DELETING pi=[56,59)/1 crt=0'0 unknown NOTIFY pruub 35.936801910s@ mbc={}] enter NotTrimming
2026-02-11T23:30:38.227+0000 7f414f993640 10 osd.0 pg_epoch: 62 pg[5.0( empty lb MIN local-lis/les=56/57 n=0 ec=56/56 lis/c=56/56 les/c/f=57/57/0 sis=59 pruub=15.108879089s) [3,4] r=-1 lpr=59 DELETING pi=[56,59)/1 crt=0'0 unknown NOTIFY pruub 35.936801910s@ mbc={}] on_change
2026-02-11T23:30:38.227+0000 7f414f993640 10 osd.0 pg_epoch: 62 pg[5.0( empty lb MIN local-lis/les=56/57 n=0 ec=56/56 lis/c=56/56 les/c/f=57/57/0 sis=59 pruub=15.108879089s) [3,4] r=-1 lpr=59 DELETING pi=[56,59)/1 crt=0'0 unknown NOTIFY pruub 35.936801910s@ mbc={}] clear_async_reads
2026-02-11T23:30:38.227+0000 7f414f993640 20 osd.0 pg_epoch: 62 pg[5.0( empty lb MIN local-lis/les=56/57 n=0 ec=56/56 lis/c=56/56 les/c/f=57/57/0 sis=59 pruub=15.108879089s) [3,4] r=-1 lpr=59 DELETING pi=[56,59)/1 crt=0'0 unknown NOTIFY pruub 35.936801910s@ mbc={}] clear_primary_state
2026-02-11T23:30:38.227+0000 7f414f993640 10 osd.0 pg_epoch: 62 pg[5.0( empty lb MIN local-lis/les=56/57 n=0 ec=56/56 lis/c=56/56 les/c/f=57/57/0 sis=59 pruub=15.108879089s) [3,4] r=-1 lpr=59 DELETING pi=[56,59)/1 crt=0'0 unknown NOTIFY pruub 35.936801910s@ mbc={}] release_backoffs [5:00000000::::0,MAX)
2026-02-11T23:30:38.227+0000 7f414f993640 10 osd.0 pg_epoch: 62 pg[5.0( empty lb MIN local-lis/les=56/57 n=0 ec=56/56 lis/c=56/56 les/c/f=57/57/0 sis=59 pruub=15.108879089s) [3,4] r=-1 lpr=59 DELETING pi=[56,59)/1 crt=0'0 unknown NOTIFY pruub 35.936801910s@ mbc={}] scrubber: on_new_interval: current role:Replica/other active?false q/a:false
2026-02-11T23:30:38.227+0000 7f414f993640 20 scrubberFSM event: --vvvv---- IntervalChanged
2026-02-11T23:30:38.227+0000 7f414f993640 20 scrubberFSM event: --^^^^---- IntervalChanged
2026-02-11T23:30:38.227+0000 7f414f993640 20 osd.0 pg_epoch: 62 pg[5.0( empty lb MIN local-lis/les=56/57 n=0 ec=56/56 lis/c=56/56 les/c/f=57/57/0 sis=59 pruub=15.108879089s) [3,4] r=-1 lpr=59 DELETING pi=[56,59)/1 crt=0'0 unknown NOTIFY pruub 35.936801910s@ mbc={}] agent_stop
2026-02-11T23:30:38.227+0000 7f414f993640 10 osd.0 pg_epoch: 62 pg[5.0( empty lb MIN local-lis/les=56/57 n=0 ec=56/56 lis/c=56/56 les/c/f=57/57/0 sis=59 pruub=15.108879089s) [3,4] r=-1 lpr=59 DELETING pi=[56,59)/1 crt=0'0 unknown NOTIFY pruub 35.936801910s@ mbc={}] cancel_recovery
2026-02-11T23:30:38.227+0000 7f414f993640 10 osd.0 pg_epoch: 62 pg[5.0( empty lb MIN local-lis/les=56/57 n=0 ec=56/56 lis/c=56/56 les/c/f=57/57/0 sis=59 pruub=15.108879089s) [3,4] r=-1 lpr=59 DELETING pi=[56,59)/1 crt=0'0 unknown NOTIFY pruub 35.936801910s@ mbc={}] clear_recovery_state
2026-02-11T23:30:38.227+0000 7f414f993640 15 osd.0 pg_epoch: 62 pg[5.0( empty lb MIN local-lis/les=56/57 n=0 ec=56/56 lis/c=56/56 les/c/f=57/57/0 sis=59 pruub=15.108879089s) [3,4] r=-1 lpr=59 DELETING pi=[56,59)/1 crt=0'0 unknown NOTIFY pruub 35.936801910s@ mbc={}] _clear_recovery_state
2026-02-11T23:30:38.227+0000 7f414f993640 10 log is not dirty
2026-02-11T23:30:38.227+0000 7f414f993640 20 osd.0 op_wq(0) _process empty q, waiting
2026-02-11T23:30:38.227+0000 7f414b98b640 20 osd.0 op_wq(0) _process empty q, waiting
2026-02-11T23:30:38.227+0000 7f414f993640 10 osd.0 62 queue_for_pg_delete on 5.0 e 62
2026-02-11T23:30:38.227+0000 7f414f993640 20 osd.0 op_wq(0) _enqueue OpSchedulerItem(5.0 PGDelete(pgid=5.0 epoch_queued=62) class_id 1 prio 5 cost 1048576 e62)
2026-02-11T23:30:38.227+0000 7f414f993640 20 osd.0 op_wq(0) _process 5.0 to_process <> waiting <> waiting_peering {}
2026-02-11T23:30:38.227+0000 7f414f993640 20 osd.0 op_wq(0) _process OpSchedulerItem(5.0 PGDelete(5.0 e62) class_id 1background_best_effort prio 5 qos_cost 1048576 cost 1048576 e62) queued
2026-02-11T23:30:38.227+0000 7f414f993640 20 osd.0 op_wq(0) _process 5.0 to_process waiting <> waiting_peering {}
2026-02-11T23:30:38.227+0000 7f414f993640 20 osd.0 op_wq(0) _process OpSchedulerItem(5.0 PGDelete(5.0 e62) class_id 1background_best_effort prio 5 qos_cost 1048576 cost 1048576 e62) pg 0x4aa0000
2026-02-11T23:30:38.227+0000 7f414b98b640 20 osd.0 op_wq(0) _process empty q, waiting
2026-02-11T23:30:38.227+0000 7f414f993640 10 osd.0 pg_epoch: 62 pg[5.0( empty lb MIN local-lis/les=56/57 n=0 ec=56/56 lis/c=56/56 les/c/f=57/57/0 sis=59 pruub=15.108879089s) [3,4] r=-1 lpr=59 DELETING pi=[56,59)/1 crt=0'0 unknown NOTIFY pruub 35.936801910s@ mbc={}] do_peering_event: epoch_sent: 62 epoch_requested: 62 DeleteSome
2026-02-11T23:30:38.227+0000 7f414f993640 10 osd.0 pg_epoch: 62 pg[5.0( empty lb MIN local-lis/les=56/57 n=0 ec=56/56 lis/c=56/56 les/c/f=57/57/0 sis=59 pruub=15.108879089s) [3,4] r=-1 lpr=59 DELETING pi=[56,59)/1 crt=0'0 unknown NOTIFY pruub 35.936801910s@ mbc={}] do_delete_work
2026-02-11T23:30:38.227+0000 7f414f993640 20 osd.0 pg_epoch: 62 pg[5.0( empty lb MIN local-lis/les=56/57 n=0 ec=56/56 lis/c=56/56 les/c/f=57/57/0 sis=59 pruub=15.108879089s) [3,4] r=-1 lpr=59 DELETING pi=[56,59)/1 crt=0'0 unknown NOTIFY pruub 35.936801910s@ mbc={}] do_delete_work [#5:00000000::::head#]
2026-02-11T23:30:38.227+0000 7f414b98b640 20 osd.0 op_wq(0) _process empty q, waiting
2026-02-11T23:30:38.227+0000 7f414f993640 20 osd.0 62 try_finish_pg_delete 5.0 0x4aa0000
2026-02-11T23:30:38.227+0000 7f414f993640 10 osd.0:0._detach_pg 5.0 0x4aa0000
2026-02-11T23:30:38.227+0000 7f414f993640 5 osd.0 pg_epoch: 62 pg[5.0( empty lb MIN local-lis/les=56/57 n=0 ec=56/56 lis/c=56/56 les/c/f=57/57/0 sis=59 pruub=15.108879089s) [3,4] r=-1 lpr=59 DELETING pi=[56,59)/1 crt=0'0 unknown NOTIFY pruub 35.936801910s@ mbc={}] exit Started/ToDelete/Deleting 0.000260 1 0.000031
2026-02-11T23:30:38.227+0000 7f414f993640 5 osd.0 pg_epoch: 62 pg[5.0( empty lb MIN local-lis/les=56/57 n=0 ec=56/56 lis/c=56/56 les/c/f=57/57/0 sis=59 pruub=15.108879089s) [3,4] r=-1 lpr=59 pi=[56,59)/1 crt=0'0 unknown NOTIFY pruub 35.936801910s@ mbc={}] exit Started/ToDelete 0.000301 0 0.000000
2026-02-11T23:30:38.227+0000 7f414f993640 5 osd.0 pg_epoch: 62 pg[5.0( empty lb MIN local-lis/les=56/57 n=0 ec=56/56 lis/c=56/56 les/c/f=57/57/0 sis=59 pruub=15.108879089s) [3,4] r=-1 lpr=59 pi=[56,59)/1 crt=0'0 unknown NOTIFY pruub 35.936801910s@ mbc={}] exit Started 0.278927 0 0.000000
2026-02-11T23:30:38.227+0000 7f414f993640 10 log is not dirty
2026-02-11T23:30:38.227+0000 7f414f993640 20 osd.0 op_wq(0) _process empty q, waiting
2026-02-11T23:30:38.227+0000 7f414b98b640 20 osd.0 op_wq(0) _process empty q, waiting
2026-02-11T23:30:38.227+0000 7f414f993640 20 scrubberFSM event: --vvvv---- IntervalChanged
2026-02-11T23:30:38.227+0000 7f414f993640 20 scrubberFSM event: --^^^^---- IntervalChanged
2026-02-11T23:30:38.227+0000 7f414f993640 20 osd.0 op_wq(0) _process empty q, waiting
2026-02-11T23:30:38.229+0000 7f4162bea640 10 osd.0 62 tick_without_osd_lock
2026-02-11T23:30:38.229+0000 7f4162bea640 0 osd.0 62 set_statfs fake total 3686400 adjust available 3686400
2026-02-11T23:30:38.229+0000 7f4162bea640 20 osd.0 osd-scrub:scrub_random_backoff: lost coin flip, randomly backing off (ratio: 0.660)
2026-02-11T23:30:38.229+0000 7f4162bea640 15 osd.0 osd-scrub:restrictions_on_scrubbing: Lost on the dice. Regular scheduled scrubs are not permitted.
2026-02-11T23:30:38.229+0000 7f4162bea640 20 osd.0 osd-scrub:scrub_time_permit: should run between 0 - 0 now 23 = yes
2026-02-11T23:30:38.229+0000 7f4162bea640 20 osd.0 osd-scrub:scrub_load_below_threshold: loadavg per cpu 0.468 < max 2000.000 (#CPUs:24) = yes
2026-02-11T23:30:38.229+0000 7f4162bea640 10 osd.0 osd-scrub:initiate_scrub: scrub scheduling (@tick) starts. time now:2026-02-11T23:30:38.231, recovery is active?:false restrictions:<.backoff...>
2026-02-11T23:30:38.230+0000 7f4162bea640 20 osd.0 osd-scrub:initiate_scrub: no PGs are ready for scrubbing
2026-02-11T23:30:38.230+0000 7f4162bea640 10 osd.0 62 promote_throttle_recalibrate 0 attempts, promoted 0 objects and 0 B; target 25 obj/sec or 5 MiB/sec
2026-02-11T23:30:38.230+0000 7f4162bea640 20 osd.0 62 promote_throttle_recalibrate new_prob 1000
2026-02-11T23:30:38.230+0000 7f4162bea640 10 osd.0 62 promote_throttle_recalibrate actual 0, actual/prob ratio 1, adjusted new_prob 1000, prob 1000 -> 1000
2026-02-11T23:30:38.230+0000 7f4162bea640 20 osd.0 62 maybe_send_beacon beacon would be too frequent; skipping
2026-02-11T23:30:38.272+0000 7f416abfa640 1 -- [v2:127.0.0.1:6802/3294232400,v1:127.0.0.1:6803/3294232400] <== osd.1 v2:127.0.0.1:6812/3043114013 17 ==== pg_lease(1.0 pg_lease(ru 26.937025070s ub 34.937133789s int 16.000000000s) e63/63) ==== 58+0+0 (unknown 0 0 0) 0x4c9b980 con 0x4acb000
2026-02-11T23:30:38.272+0000 7f416abfa640 15 osd.0 62 enqueue_peering_evt 1.0 epoch_sent: 63 epoch_requested: 63 MLease epoch 63 from osd.1 pg_lease(ru 26.937025070s ub 34.937133789s int 16.000000000s)
2026-02-11T23:30:38.272+0000 7f416abfa640 20 osd.0 op_wq(0) _enqueue OpSchedulerItem(1.0 PGPeeringEvent(epoch_sent: 63 epoch_requested: 63 MLease epoch 63 from osd.1 pg_lease(ru 26.937025070s ub 34.937133789s int 16.000000000s)) class_id 2 prio 255 cost 10 e63)
2026-02-11T23:30:38.272+0000 7f414b98b640 20 osd.0 op_wq(0) _process 1.0 to_process <> waiting <> waiting_peering {}
2026-02-11T23:30:38.272+0000 7f414b98b640 20 osd.0 op_wq(0) _process OpSchedulerItem(1.0 PGPeeringEvent(epoch_sent: 63 epoch_requested: 63 MLease epoch 63 from osd.1 pg_lease(ru 26.937025070s ub 34.937133789s int 16.000000000s)) class_id 2immediate prio 255 cost 10 e63) queued
2026-02-11T23:30:38.272+0000 7f414b98b640 20 osd.0 op_wq(0) _process 1.0 to_process waiting <> waiting_peering {}
2026-02-11T23:30:38.272+0000 7f414b98b640 20 osd.0 op_wq(0) _process OpSchedulerItem(1.0 PGPeeringEvent(epoch_sent: 63 epoch_requested: 63 MLease epoch 63 from osd.1 pg_lease(ru 26.937025070s ub 34.937133789s int 16.000000000s)) class_id 2immediate prio 255 cost 10 e63) pg 0x5946000
2026-02-11T23:30:38.272+0000 7f414b98b640 20 osd.0 op_wq _add_slot_waiter 1.0 peering, item epoch is 63, will wait on OpSchedulerItem(1.0 PGPeeringEvent(epoch_sent: 63 epoch_requested: 63 MLease epoch 63 from osd.1 pg_lease(ru 26.937025070s ub 34.937133789s int 16.000000000s)) class_id 2immediate prio 255 cost 10 e63)
2026-02-11T23:30:38.272+0000 7f414b98b640 20 osd.0 op_wq(0) _process empty q, waiting
2026-02-11T23:30:38.272+0000 7f414f993640 20 osd.0 op_wq(0) _process empty q, waiting
2026-02-11T23:30:38.326+0000 7f415bf00640 10 monclient: tick
2026-02-11T23:30:38.326+0000 7f415bf00640 10 monclient: _check_auth_tickets
2026-02-11T23:30:38.326+0000 7f415bf00640 10 monclient: _check_auth_rotating renewing rotating keys (they expired before
2026-02-11T23:30:08.327720+0000)
2026-02-11T23:30:38.393+0000 7f416cbfe640 1 -- [v2:127.0.0.1:6806/3294232400,v1:127.0.0.1:6807/3294232400] <== osd.2 127.0.0.1:0/2365263801 3 ==== osd_ping(ping e61 up_from 14 ping_stamp
2026-02-11T23:30:38.394434+0000/16.503030777s send_stamp 16.503030777s delta_ub -4.566684246s) ==== 2033+0+0 (crc 0 0 0) 0x4a89200 con 0x4641000
2026-02-11T23:30:38.393+0000 7f416cbfe640 20 osd.0 62 handle_osd_ping new stamps hbstamp(osd.2 up_from 14 peer_clock_delta [-4.566867352s,-4.566684246s])
2026-02-11T23:30:38.393+0000 7f416cbfe640 1 -- [v2:127.0.0.1:6806/3294232400,v1:127.0.0.1:6807/3294232400] --> 127.0.0.1:0/2365263801 -- osd_ping(ping_reply e62 up_from 5 ping_stamp
2026-02-11T23:30:38.394434+0000/16.503030777s send_stamp 21.069898605s delta_ub 4.566867352s) -- 0x4c9ad80 con 0x4641000
2026-02-11T23:30:38.393+0000 7f416cbfe640 20 osd.0 62 get_con_osd_cluster to osd.2 from_epoch 62
2026-02-11T23:30:38.393+0000 7f416cbfe640 20 osd.0 62 get_nextmap_reserved map_reservations: {62=1}
2026-02-11T23:30:38.393+0000 7f416cbfe640 20 osd.0 62 release_map epoch: 62
2026-02-11T23:30:38.393+0000 7f416cbfe640 10 osd.0 62 maybe_share_map: con v2:127.0.0.1:6820/2365263801 updating session's projected_epoch from 54 to ping map epoch of 61
2026-02-11T23:30:38.393+0000 7f416cbfe640 10 osd.0 62 maybe_share_map: con v2:127.0.0.1:6820/2365263801 map epoch 61 -> 62 (shared)
2026-02-11T23:30:38.393+0000 7f416cbfe640 10 osd.0 62 send_incremental_map epoch range: (62, 62] to v2:127.0.0.1:6820/2365263801
2026-02-11T23:30:38.393+0000 7f416cbfe640 1 -- [v2:127.0.0.1:6802/3294232400,v1:127.0.0.1:6803/3294232400] --> [v2:127.0.0.1:6820/2365263801,v1:127.0.0.1:6821/2365263801] -- osd_map(62..62 src has 1..62) -- 0x4a30700 con 0x507b800
2026-02-11T23:30:38.393+0000 7f416c3fd640 1 -- [v2:127.0.0.1:6804/3294232400,v1:127.0.0.1:6805/3294232400] <== osd.2 127.0.0.1:0/2365263801 3 ==== osd_ping(ping e61 up_from 14 ping_stamp
2026-02-11T23:30:38.394434+0000/16.503030777s send_stamp 16.503030777s delta_ub -4.566684246s) ==== 2033+0+0 (crc 0 0 0) 0x4c9aa80 con 0x48cc000
2026-02-11T23:30:38.393+0000 7f416c3fd640 20 osd.0 62 handle_osd_ping new stamps hbstamp(osd.2 up_from 14 peer_clock_delta [-4.566909790s,-4.566684246s])
2026-02-11T23:30:38.393+0000 7f416c3fd640 1 -- [v2:127.0.0.1:6804/3294232400,v1:127.0.0.1:6805/3294232400] --> 127.0.0.1:0/2365263801 -- osd_ping(ping_reply e62 up_from 5 ping_stamp
2026-02-11T23:30:38.394434+0000/16.503030777s send_stamp 21.069940567s delta_ub 4.566909790s) -- 0x4c9b800 con 0x48cc000
2026-02-11T23:30:38.393+0000 7f416c3fd640 20 osd.0 62 get_con_osd_cluster to osd.2 from_epoch 62
2026-02-11T23:30:38.393+0000 7f416c3fd640 20 osd.0 62 get_nextmap_reserved map_reservations: {62=1}
2026-02-11T23:30:38.393+0000 7f416c3fd640 20 osd.0 62 release_map epoch: 62
2026-02-11T23:30:38.393+0000 7f416c3fd640 10 osd.0 62 maybe_share_map: con v2:127.0.0.1:6820/2365263801 our osdmap epoch of 62 is not newer than session's projected_epoch of 62
2026-02-11T23:30:38.398+0000 7f41633eb640 10 osd.0 62 tick
2026-02-11T23:30:38.398+0000 7f41633eb640 20 osd.0 62 tick last_purged_snaps_scrub
2026-02-11T23:30:18.281208+0000 next
2026-02-13T04:54:26.718708+0000
2026-02-11T23:30:39.261+0000 7f416abfa640 1 -- [v2:127.0.0.1:6802/3294232400,v1:127.0.0.1:6803/3294232400] <== osd.4 v2:127.0.0.1:6836/3331151400 14 ==== pg_query2(6.0 6.0 query(info 0'0 epoch_sent 64) e64/64) ==== 158+0+0 (unknown 0 0 0) 0x4fca960 con 0x507ac00
2026-02-11T23:30:39.261+0000 7f416abfa640 15 osd.0 62 enqueue_peering_evt 6.0 epoch_sent: 64 epoch_requested: 64 MQuery 6.0 from 4 query_epoch 64 query: query(info 0'0 epoch_sent 64)
2026-02-11T23:30:39.261+0000 7f416abfa640 20 osd.0 op_wq(0) _enqueue OpSchedulerItem(6.0 PGPeeringEvent(epoch_sent: 64 epoch_requested: 64 MQuery 6.0 from 4 query_epoch 64 query: query(info 0'0 epoch_sent 64)) class_id 2 prio 255 cost 10 e64)
2026-02-11T23:30:39.261+0000 7f414b98b640 20 osd.0 op_wq(0) _process 6.0 (new) to_process <> waiting <> waiting_peering {}
2026-02-11T23:30:39.261+0000 7f414b98b640 20 osd.0 op_wq(0) _process OpSchedulerItem(6.0 PGPeeringEvent(epoch_sent: 64 epoch_requested: 64 MQuery 6.0 from 4 query_epoch 64 query: query(info 0'0 epoch_sent 64)) class_id 2immediate prio 255 cost 10 e64) queued
2026-02-11T23:30:39.261+0000 7f414b98b640 20 osd.0 op_wq(0) _process 6.0 to_process waiting <> waiting_peering {}
2026-02-11T23:30:39.261+0000 7f414b98b640 20 osd.0 op_wq(0) _process OpSchedulerItem(6.0 PGPeeringEvent(epoch_sent: 64 epoch_requested: 64 MQuery 6.0 from 4 query_epoch 64 query: query(info 0'0 epoch_sent 64)) class_id 2immediate prio 255 cost 10 e64) pg 0
2026-02-11T23:30:39.261+0000 7f414b98b640 20 osd.0 op_wq(0) _process 6.0 map 64 > 62
2026-02-11T23:30:39.261+0000 7f414b98b640 20 osd.0 op_wq _add_slot_waiter 6.0 peering, item epoch is 64, will wait on OpSchedulerItem(6.0 PGPeeringEvent(epoch_sent: 64 epoch_requested: 64 MQuery 6.0 from 4 query_epoch 64 query: query(info 0'0 epoch_sent 64)) class_id 2immediate prio 255 cost 10 e64)
2026-02-11T23:30:39.261+0000 7f414b98b640 20 osd.0 op_wq(0) _process empty q, waiting
2026-02-11T23:30:39.261+0000 7f414f993640 20 osd.0 op_wq(0) _process empty q, waiting
2026-02-11T23:30:39.261+0000 7f415aefe640 1 -- [v2:127.0.0.1:6802/3294232400,v1:127.0.0.1:6803/3294232400] <== osd.4 v2:127.0.0.1:6836/3331151400 15 ==== osd_map(57..64 src has 1..64) ==== 4065+0+0 (unknown 0 0 0) 0x5954a80 con 0x507ac00
2026-02-11T23:30:39.261+0000 7f415aefe640 20 osd.0 62 OSD::ms_dispatch: osd_map(57..64 src has 1..64)
2026-02-11T23:30:39.261+0000 7f415aefe640 20 osd.0 62 _dispatch 0x5954a80 osd_map(57..64 src has 1..64)
2026-02-11T23:30:39.261+0000 7f415aefe640 3 osd.0 62 handle_osd_map epochs [57,64], i have 62, src has [1,64]
2026-02-11T23:30:39.261+0000 7f415aefe640 10 osd.0 62 handle_osd_map: received 0 full maps and 8 incremental maps
2026-02-11T23:30:39.261+0000 7f415aefe640 10 osd.0 62 handle_osd_map got inc map for epoch 63
2026-02-11T23:30:39.261+0000 7f415aefe640 20 osd.0 62 got_full_map 63, nothing requested
2026-02-11T23:30:39.261+0000 7f415aefe640 10 osd.0 62 handle_osd_map got inc map for epoch 64
2026-02-11T23:30:39.261+0000 7f415aefe640 20 osd.0 62 got_full_map 64, nothing requested
2026-02-11T23:30:39.261+0000 7f415aefe640 10 osd.0 62 _track_pools_and_pg_num_changes recording new pool 6 pg_num 1
2026-02-11T23:30:39.261+0000 7f415aefe640 20 osd.0 62 trim_maps: min=1 oldest_map=1
2026-02-11T23:30:39.261+0000 7f415aefe640 20 osd.0 62 handle_osd_map pg_num_history pg_num_history(e64 pg_nums {1={27=1},2={34=1},3={42=1},4={49=1},5={56=1},6={64=1}} deleted_pools )
2026-02-11T23:30:39.261+0000 7f415aefe640 10 snap_mapper record_purged_snaps purged_snaps {63={},64={}}
2026-02-11T23:30:39.261+0000 7f415aefe640 10 snap_mapper record_purged_snaps rm 0 keys, set 0 keys
2026-02-11T23:30:39.261+0000 7f415aefe640 10 write_superblock sb(cb0a9481-482d-477a-a81c-1446b6498370 osd.0 01217804-d5cf-416e-93e4-5f1242b1c391 e64 maps [1~64] lci=[5,64] tlb=1)
2026-02-11T23:30:39.261+0000 7f41591a6640 10 osd.0 62 _committed_osd_maps 63..64
2026-02-11T23:30:39.261+0000 7f41591a6640 10 osd.0 62 advance to epoch 63 (<= last 64 <= newest_map 64)
2026-02-11T23:30:39.261+0000 7f41591a6640 10 osd.0 63 advance to epoch 64 (<= last 64 <= newest_map 64)
2026-02-11T23:30:39.261+0000 7f41591a6640 20 osd.0 64 consume_map version 64
2026-02-11T23:30:39.261+0000 7f41591a6640 20 osd.0 62 await_reserved_maps epoch:64
2026-02-11T23:30:39.261+0000 7f41591a6640 20 osd.0 62 await_reserved_maps done 0
2026-02-11T23:30:39.261+0000 7f41591a6640 20 osd.0 64 consume_map 64 -- publish done
2026-02-11T23:30:39.261+0000 7f41591a6640 20 osd.0:0.identify_splits_and_merges identify_splits_and_merges 4 slots
2026-02-11T23:30:39.261+0000 7f41591a6640 20 osd.0:0.identify_splits_and_merges identify_splits_and_merges slot pgid:6.0slot:0x37591e0
2026-02-11T23:30:39.261+0000 7f41591a6640 20 osd.0:0.identify_splits_and_merges identify_splits_and_merges slot 6.0 has no pg and waiting_for_split
2026-02-11T23:30:39.261+0000 7f41591a6640 20 osd.0:0.identify_splits_and_merges identify_splits_and_merges slot pgid:5.0slot:0x3759080
2026-02-11T23:30:39.261+0000 7f41591a6640 20 osd.0:0.identify_splits_and_merges identify_splits_and_merges slot 5.0 has no pg and waiting_for_split
2026-02-11T23:30:39.261+0000 7f41591a6640 20 osd.0:0.identify_splits_and_merges identify_splits_and_merges slot pgid:4.0slot:0x37582c0
2026-02-11T23:30:39.261+0000 7f41591a6640 20 osd.0 64 identify_splits_and_merges 4.0 e62 to e64
2026-02-11T23:30:39.261+0000 7f41591a6640 20 osd.0 64 identify_splits_and_merges 4.0 e62 to e64 pg_nums {49=1}
2026-02-11T23:30:39.261+0000 7f41591a6640 20 osd.0:0.identify_splits_and_merges identify_splits_and_merges slot pgid:1.0slot:0x3700dc0
2026-02-11T23:30:39.261+0000 7f41591a6640 20 osd.0 64 identify_splits_and_merges 1.0 e62 to e64
2026-02-11T23:30:39.261+0000 7f41591a6640 20 osd.0 64 identify_splits_and_merges 1.0 e62 to e64 pg_nums {27=1}
2026-02-11T23:30:39.261+0000 7f41591a6640 20 osd.0:0.identify_splits_and_merges identify_splits_and_merges 0 splits, 0 merges
2026-02-11T23:30:39.261+0000 7f41591a6640 20 osd.0:1.identify_splits_and_merges identify_splits_and_merges 0 slots
2026-02-11T23:30:39.261+0000 7f41591a6640 20 osd.0:1.identify_splits_and_merges identify_splits_and_merges 0 splits, 0 merges
2026-02-11T23:30:39.261+0000 7f41591a6640 20 osd.0:2.identify_splits_and_merges identify_splits_and_merges 0 slots
2026-02-11T23:30:39.261+0000 7f41591a6640 20 osd.0:2.identify_splits_and_merges identify_splits_and_merges 0 splits, 0 merges
2026-02-11T23:30:39.261+0000 7f41591a6640 20 osd.0:3.identify_splits_and_merges identify_splits_and_merges 0 slots
2026-02-11T23:30:39.261+0000 7f41591a6640 20 osd.0:3.identify_splits_and_merges identify_splits_and_merges 0 splits, 0 merges
2026-02-11T23:30:39.261+0000 7f41591a6640 20 osd.0:4.identify_splits_and_merges identify_splits_and_merges 0 slots
2026-02-11T23:30:39.261+0000 7f41591a6640 20 osd.0:4.identify_splits_and_merges identify_splits_and_merges 0 splits, 0 merges
2026-02-11T23:30:39.261+0000 7f41591a6640 20 osd.0:5.identify_splits_and_merges identify_splits_and_merges 0 slots
2026-02-11T23:30:39.261+0000 7f41591a6640 20 osd.0:5.identify_splits_and_merges identify_splits_and_merges 0 splits, 0 merges
2026-02-11T23:30:39.261+0000 7f41591a6640 20 osd.0:6.identify_splits_and_merges identify_splits_and_merges 0 slots
2026-02-11T23:30:39.261+0000 7f41591a6640 20 osd.0:6.identify_splits_and_merges identify_splits_and_merges 0 splits, 0 merges
2026-02-11T23:30:39.261+0000 7f41591a6640 20 osd.0:7.identify_splits_and_merges identify_splits_and_merges 0 slots
2026-02-11T23:30:39.261+0000 7f41591a6640 20 osd.0:7.identify_splits_and_merges identify_splits_and_merges 0 splits, 0 merges
2026-02-11T23:30:39.261+0000 7f41591a6640 20 osd.0 64 prune_pg_created
2026-02-11T23:30:39.261+0000 7f41591a6640 10 osd.0:0.consume_map 64 (was 62)
2026-02-11T23:30:39.261+0000 7f41591a6640 20 osd.0:0.consume_map consume_map 6.0
2026-02-11T23:30:39.261+0000 7f41591a6640 20 osd.0:0.consume_map consume_map 6.0 pending_peering first epoch 64 <= 64, requeueing
2026-02-11T23:30:39.261+0000 7f41591a6640 20 osd.0:0._wake_pg_slot _wake_pg_slot 6.0 to_process <> waiting <> waiting_peering {64=}
2026-02-11T23:30:39.261+0000 7f41591a6640 20 osd.0:0.consume_map consume_map 5.0
2026-02-11T23:30:39.261+0000 7f41591a6640 20 osd.0:0.consume_map consume_map 5.0 empty, pruning
2026-02-11T23:30:39.261+0000 7f41591a6640 20 osd.0:0.consume_map consume_map 4.0
2026-02-11T23:30:39.261+0000 7f41591a6640 20 osd.0:0.consume_map consume_map 1.0
2026-02-11T23:30:39.261+0000 7f41591a6640 20 osd.0:0.consume_map consume_map 1.0 pending_peering first epoch 63 <= 64, requeueing
2026-02-11T23:30:39.261+0000 7f41591a6640 20 osd.0:0._wake_pg_slot _wake_pg_slot 1.0 to_process <> waiting <> waiting_peering {63=}
2026-02-11T23:30:39.261+0000 7f41591a6640 10 osd.0:1.consume_map 64 (was 62)
2026-02-11T23:30:39.261+0000 7f41591a6640 10 osd.0:2.consume_map 64 (was 62)
2026-02-11T23:30:39.261+0000 7f41591a6640 10 osd.0:3.consume_map 64 (was 62)
2026-02-11T23:30:39.261+0000 7f41591a6640 10 osd.0:4.consume_map 64 (was 62)
2026-02-11T23:30:39.261+0000 7f41591a6640 10 osd.0:5.consume_map 64 (was 62)
2026-02-11T23:30:39.261+0000 7f41591a6640 10 osd.0:6.consume_map 64 (was 62)
2026-02-11T23:30:39.261+0000 7f41591a6640 10 osd.0:7.consume_map 64 (was 62)
2026-02-11T23:30:39.261+0000 7f41591a6640 10 osd.0 64 release_reserved_pushes(0), recovery_ops_reserved 0 -> 0
2026-02-11T23:30:39.261+0000 7f414f993640 20 osd.0 op_wq(0) _process 1.0 to_process <> waiting <> waiting_peering {}
2026-02-11T23:30:39.261+0000 7f41591a6640 15 osd.0 64 enqueue_peering_evt 4.0 epoch_sent: 64 epoch_requested: 64 NullEvt
2026-02-11T23:30:39.261+0000 7f414f993640 20 osd.0 op_wq(0) _process OpSchedulerItem(1.0 PGPeeringEvent(epoch_sent: 63 epoch_requested: 63 MLease epoch 63 from osd.1 pg_lease(ru 26.937025070s ub 34.937133789s int 16.000000000s)) class_id 2immediate prio 255 cost 10 e63) queued
2026-02-11T23:30:39.261+0000 7f41591a6640 20 osd.0 op_wq(0) _enqueue OpSchedulerItem(4.0 PGPeeringEvent(epoch_sent: 64 epoch_requested: 64 NullEvt) class_id 2 prio 255 cost 10 e64)
2026-02-11T23:30:39.261+0000 7f41591a6640 15 osd.0 64 enqueue_peering_evt 1.0 epoch_sent: 64 epoch_requested: 64 NullEvt
2026-02-11T23:30:39.261+0000 7f414f993640 20 osd.0 op_wq(0) _process 1.0 to_process waiting <> waiting_peering {}
2026-02-11T23:30:39.261+0000 7f41591a6640 20 osd.0 op_wq(0) _enqueue OpSchedulerItem(1.0 PGPeeringEvent(epoch_sent: 64 epoch_requested: 64 NullEvt) class_id 2 prio 255 cost 10 e64)
2026-02-11T23:30:39.261+0000 7f414f993640 20 osd.0 op_wq(0) _process OpSchedulerItem(1.0 PGPeeringEvent(epoch_sent: 63 epoch_requested: 63 MLease epoch 63 from osd.1 pg_lease(ru 26.937025070s ub 34.937133789s int 16.000000000s)) class_id 2immediate prio 255 cost 10 e63) pg 0x5946000
2026-02-11T23:30:39.261+0000 7f414b98b640 20 osd.0 op_wq(0) _process 6.0 to_process <> waiting <> waiting_peering {}
2026-02-11T23:30:39.261+0000 7f414b98b640 20 osd.0 op_wq(0) _process OpSchedulerItem(6.0 PGPeeringEvent(epoch_sent: 64 epoch_requested: 64 MQuery 6.0 from 4 query_epoch 64 query: query(info 0'0 epoch_sent 64)) class_id 2immediate prio 255 cost 10 e64) queued
2026-02-11T23:30:39.261+0000 7f414b98b640 20 osd.0 op_wq(0) _process 6.0 to_process waiting <> waiting_peering {}
2026-02-11T23:30:39.261+0000 7f414b98b640 20 osd.0 op_wq(0) _process OpSchedulerItem(6.0 PGPeeringEvent(epoch_sent: 64 epoch_requested: 64 MQuery 6.0 from 4 query_epoch 64 query: query(info 0'0 epoch_sent 64)) class_id 2immediate prio 255 cost 10 e64) pg 0
2026-02-11T23:30:39.261+0000 7f414f993640 10 osd.0 pg_epoch: 62 pg[1.0( empty local-lis/les=29/30 n=0 ec=27/27 lis/c=29/29 les/c/f=30/30/0 sis=29) [1,0] r=1 lpr=29 crt=0'0 active mbc={}] handle_advance_map: 63
2026-02-11T23:30:39.261+0000 7f414b98b640 10 osd.0 64 handle_pg_query_nopg 6.0
2026-02-11T23:30:39.261+0000 7f414b98b640 10 osd.0 64 pg 6.0 dne
2026-02-11T23:30:39.261+0000 7f414b98b640 20 osd.0 64 get_con_osd_cluster to osd.4 from_epoch 64
2026-02-11T23:30:39.261+0000 7f414b98b640 20 osd.0 64 get_nextmap_reserved map_reservations: {64=1}
2026-02-11T23:30:39.261+0000 7f414b98b640 20 osd.0 64 release_map epoch: 64
2026-02-11T23:30:39.261+0000 7f414b98b640 10 osd.0 64 maybe_share_map: con v2:127.0.0.1:6836/3331151400 map epoch 56 -> 64 (shared)
2026-02-11T23:30:39.261+0000 7f414b98b640 10 osd.0 64 send_incremental_map epoch range: (57, 64] to v2:127.0.0.1:6836/3331151400
2026-02-11T23:30:39.261+0000 7f414b98b640 10 osd.0 64 add_map_inc_bl 63 574 bytes
2026-02-11T23:30:39.261+0000 7f414b98b640 10 osd.0 64 add_map_inc_bl 64 591 bytes
2026-02-11T23:30:39.261+0000 7f414b98b640 1 -- [v2:127.0.0.1:6802/3294232400,v1:127.0.0.1:6803/3294232400] --> [v2:127.0.0.1:6836/3331151400,v1:127.0.0.1:6837/3331151400] -- osd_map(57..64 src has 1..64) -- 0x4a31c00 con 0x507ac00
2026-02-11T23:30:39.261+0000 7f414b98b640 1 -- [v2:127.0.0.1:6802/3294232400,v1:127.0.0.1:6803/3294232400] --> [v2:127.0.0.1:6836/3331151400,v1:127.0.0.1:6837/3331151400] -- pg_notify2(6.0 6.0 (query:64 sent:64 6.0( DNE empty local-lis/les=0/0 n=0 ec=0/0 lis/c=0/0 les/c/f=0/0/0 sis=0) ([0,0] all_participants={} intervals=[])) e64/64) -- 0x5a8c000 con 0x507ac00
2026-02-11T23:30:39.261+0000 7f414b98b640 20 osd.0 op_wq(0) _process 4.0 to_process <> waiting <> waiting_peering {}
2026-02-11T23:30:39.261+0000 7f414b98b640 20 osd.0 op_wq(0) _process OpSchedulerItem(4.0 PGPeeringEvent(epoch_sent: 64 epoch_requested: 64 NullEvt) class_id 2immediate prio 255 cost 10 e64) queued
2026-02-11T23:30:39.261+0000 7f414b98b640 20 osd.0 op_wq(0) _process 4.0 to_process waiting <> waiting_peering {}
2026-02-11T23:30:39.261+0000 7f414b98b640 20 osd.0 op_wq(0) _process OpSchedulerItem(4.0 PGPeeringEvent(epoch_sent: 64 epoch_requested: 64 NullEvt) class_id 2immediate prio 255 cost 10 e64) pg 0x5978000
2026-02-11T23:30:39.261+0000 7f414f993640 20 osd.0:0.update_pg_epoch 1.0 62 -> 63
2026-02-11T23:30:39.261+0000 7f414f993640 10 osd.0 pg_epoch: 62 pg[1.0( empty local-lis/les=29/30 n=0 ec=27/27 lis/c=29/29 les/c/f=30/30/0 sis=29) [1,0] r=1 lpr=29 crt=0'0 active mbc={}] PeeringState::advance_map handle_advance_map [1,0]/[1,0] -- 1/1
2026-02-11T23:30:39.261+0000 7f41591a6640 7 osd.0 64 activate_map version 64
2026-02-11T23:30:39.261+0000 7f414b98b640 10 osd.0 pg_epoch: 62 pg[4.0( empty local-lis/les=52/53 n=0 ec=49/49 lis/c=52/52 les/c/f=53/53/0 sis=52) [4,0] r=1 lpr=52 crt=0'0 active mbc={}] handle_advance_map: 63
2026-02-11T23:30:39.261+0000 7f414f993640 10 osd.0 pg_epoch: 63 pg[1.0( empty local-lis/les=29/30 n=0 ec=27/27 lis/c=29/29 les/c/f=30/30/0 sis=29) [1,0] r=1 lpr=29 crt=0'0 active mbc={}] state: Started advmap
2026-02-11T23:30:39.261+0000 7f414b98b640 20 osd.0:0.update_pg_epoch 4.0 62 -> 63
2026-02-11T23:30:39.261+0000 7f414f993640 10 osd.0 pg_epoch: 63 pg[1.0( empty local-lis/les=29/30 n=0 ec=27/27 lis/c=29/29 les/c/f=30/30/0 sis=29) [1,0] r=1 lpr=29 crt=0'0 active mbc={}] check_recovery_sources no source osds () went down
2026-02-11T23:30:39.261+0000 7f414b98b640 10 osd.0 pg_epoch: 62 pg[4.0( empty local-lis/les=52/53 n=0 ec=49/49 lis/c=52/52 les/c/f=53/53/0 sis=52) [4,0] r=1 lpr=52 crt=0'0 active mbc={}] PeeringState::advance_map handle_advance_map [4,0]/[4,0] -- 4/4
2026-02-11T23:30:39.261+0000 7f414f993640 20 osd.0 64 advance_pg new pool opts old pool opts
2026-02-11T23:30:39.261+0000 7f414f993640 10 osd.0 pg_epoch: 63 pg[1.0( empty local-lis/les=29/30 n=0 ec=27/27 lis/c=29/29 les/c/f=30/30/0 sis=29) [1,0] r=1 lpr=29 crt=0'0 active mbc={}] handle_advance_map: 64
2026-02-11T23:30:39.261+0000 7f414f993640 20 osd.0:0.update_pg_epoch 1.0 63 -> 64
2026-02-11T23:30:39.261+0000 7f414b98b640 10 osd.0 pg_epoch: 63 pg[4.0( empty local-lis/les=52/53 n=0 ec=49/49 lis/c=52/52 les/c/f=53/53/0 sis=52) [4,0] r=1 lpr=52 crt=0'0 active mbc={}] state: Started advmap
2026-02-11T23:30:39.261+0000 7f414f993640 10 osd.0 pg_epoch: 63 pg[1.0( empty local-lis/les=29/30 n=0 ec=27/27 lis/c=29/29 les/c/f=30/30/0 sis=29) [1,0] r=1 lpr=29 crt=0'0 active mbc={}] PeeringState::advance_map handle_advance_map [1,0]/[1,0] -- 1/1
2026-02-11T23:30:39.261+0000 7f414b98b640 10 osd.0 pg_epoch: 63 pg[4.0( empty local-lis/les=52/53 n=0 ec=49/49 lis/c=52/52 les/c/f=53/53/0 sis=52) [4,0] r=1 lpr=52 crt=0'0 active mbc={}] check_recovery_sources no source osds () went down
2026-02-11T23:30:39.261+0000 7f414f993640 10 osd.0 pg_epoch: 64 pg[1.0( empty local-lis/les=29/30 n=0 ec=27/27 lis/c=29/29 les/c/f=30/30/0 sis=29) [1,0] r=1 lpr=29 crt=0'0 active mbc={}] state: Started advmap
2026-02-11T23:30:39.261+0000 7f414f993640 10 osd.0 pg_epoch: 64 pg[1.0( empty local-lis/les=29/30 n=0 ec=27/27 lis/c=29/29 les/c/f=30/30/0 sis=29) [1,0] r=1 lpr=29 crt=0'0 active mbc={}] check_recovery_sources no source osds () went down
2026-02-11T23:30:39.261+0000 7f414b98b640 20 osd.0 64 advance_pg new pool opts old pool opts
2026-02-11T23:30:39.261+0000 7f414f993640 20 osd.0 64 advance_pg new pool opts old pool opts
2026-02-11T23:30:39.261+0000 7f414f993640 10 osd.0 pg_epoch: 64 pg[1.0( empty local-lis/les=29/30 n=0 ec=27/27 lis/c=29/29 les/c/f=30/30/0 sis=29) [1,0] r=1 lpr=29 crt=0'0 active mbc={}] handle_activate_map: epoch range: 63..64
2026-02-11T23:30:39.261+0000 7f414f993640 10 osd.0 pg_epoch: 64 pg[1.0( empty local-lis/les=29/30 n=0 ec=27/27 lis/c=29/29 les/c/f=30/30/0 sis=29) [1,0] r=1 lpr=29 crt=0'0 active mbc={}] PeeringState::activate_map
2026-02-11T23:30:39.261+0000 7f414b98b640 10 osd.0 pg_epoch: 63 pg[4.0( empty local-lis/les=52/53 n=0 ec=49/49 lis/c=52/52 les/c/f=53/53/0 sis=52) [4,0] r=1 lpr=52 crt=0'0 active mbc={}] handle_advance_map: 64
2026-02-11T23:30:39.261+0000 7f4150194640 20 osd.0 64 agent_entry empty queue
2026-02-11T23:30:39.261+0000 7f414b98b640 20 osd.0:0.update_pg_epoch 4.0 63 -> 64
2026-02-11T23:30:39.261+0000 7f414f993640 20 osd.0 pg_epoch: 64 pg[1.0( empty local-lis/les=29/30 n=0 ec=27/27 lis/c=29/29 les/c/f=30/30/0 sis=29) [1,0] r=1 lpr=29 crt=0'0 active mbc={}] PeeringState::activate_map : Not dirtying info: last_persisted is 30 while current is 64
2026-02-11T23:30:39.261+0000 7f414f993640 10 log is not dirty
2026-02-11T23:30:39.261+0000 7f414b98b640 10 osd.0 pg_epoch: 63 pg[4.0( empty local-lis/les=52/53 n=0 ec=49/49 lis/c=52/52 les/c/f=53/53/0 sis=52) [4,0] r=1 lpr=52 crt=0'0 active mbc={}] PeeringState::advance_map handle_advance_map [4,0]/[4,0] -- 4/4
2026-02-11T23:30:39.261+0000 7f414f993640 10 osd.0 pg_epoch: 64 pg[1.0( empty local-lis/les=29/30 n=0 ec=27/27 lis/c=29/29 les/c/f=30/30/0 sis=29) [1,0] r=1 lpr=29 crt=0'0 active mbc={}] do_peering_event: epoch_sent: 63 epoch_requested: 63 MLease epoch 63 from osd.1 pg_lease(ru 26.937025070s ub 34.937133789s int 16.000000000s)
2026-02-11T23:30:39.261+0000 7f414b98b640 10 osd.0 pg_epoch: 64 pg[4.0( empty local-lis/les=52/53 n=0 ec=49/49 lis/c=52/52 les/c/f=53/53/0 sis=52) [4,0] r=1 lpr=52 crt=0'0 active mbc={}] state: Started advmap
2026-02-11T23:30:39.261+0000 7f414b98b640 10 osd.0 pg_epoch: 64 pg[4.0( empty local-lis/les=52/53 n=0 ec=49/49 lis/c=52/52 les/c/f=53/53/0 sis=52) [4,0] r=1 lpr=52 crt=0'0 active mbc={}] check_recovery_sources no source osds () went down
2026-02-11T23:30:39.261+0000 7f414b98b640 20 osd.0 64 advance_pg new pool opts old pool opts
2026-02-11T23:30:39.261+0000 7f414f993640 10 osd.0 pg_epoch: 64 pg[1.0( empty local-lis/les=29/30 n=0 ec=27/27 lis/c=29/29 les/c/f=30/30/0 sis=29) [1,0] r=1 lpr=29 crt=0'0 active mbc={}] PeeringState::proc_lease pg_lease(ru 26.937025070s ub 34.937133789s int 16.000000000s)
2026-02-11T23:30:39.261+0000 7f414b98b640 10 osd.0 pg_epoch: 64 pg[4.0( empty local-lis/les=52/53 n=0 ec=49/49 lis/c=52/52 les/c/f=53/53/0 sis=52) [4,0] r=1 lpr=52 crt=0'0 active mbc={}] handle_activate_map: epoch range: 63..64
2026-02-11T23:30:39.261+0000 7f414f993640 20 osd.0 pg_epoch: 64 pg[1.0( empty local-lis/les=29/30 n=0 ec=27/27 lis/c=29/29 les/c/f=30/30/0 sis=29) [1,0] r=1 lpr=29 crt=0'0 active mbc={}] PeeringState::proc_lease peer_clock_delta_ub -2.011401892s -> ru 28.948427200s
2026-02-11T23:30:39.261+0000 7f414b98b640 10 osd.0 pg_epoch: 64 pg[4.0( empty local-lis/les=52/53 n=0 ec=49/49 lis/c=52/52 les/c/f=53/53/0 sis=52) [4,0] r=1 lpr=52 crt=0'0 active mbc={}] PeeringState::activate_map
2026-02-11T23:30:39.261+0000 7f414f993640 20 osd.0 pg_epoch: 64 pg[1.0( empty local-lis/les=29/30 n=0 ec=27/27 lis/c=29/29 les/c/f=30/30/0 sis=29) [1,0] r=1 lpr=29 crt=0'0 active mbc={}] PeeringState::proc_lease readable_until now 28.948427200s
2026-02-11T23:30:39.261+0000 7f414b98b640 20 osd.0 pg_epoch: 64 pg[4.0( empty local-lis/les=52/53 n=0 ec=49/49 lis/c=52/52 les/c/f=53/53/0 sis=52) [4,0] r=1 lpr=52 crt=0'0 active mbc={}] PeeringState::activate_map : Not dirtying info: last_persisted is 53 while current is 64
2026-02-11T23:30:39.261+0000 7f414b98b640 10 log is not dirty
2026-02-11T23:30:39.261+0000 7f414f993640 20 osd.0 pg_epoch: 64 pg[1.0( empty local-lis/les=29/30 n=0 ec=27/27 lis/c=29/29 les/c/f=30/30/0 sis=29) [1,0] r=1 lpr=29 crt=0'0 active mbc={}] PeeringState::proc_lease peer_clock_delta_lb -2.011763096s -> ruub 36.948898315s
2026-02-11T23:30:39.261+0000 7f414b98b640 10 osd.0 pg_epoch: 64 pg[4.0( empty local-lis/les=52/53 n=0 ec=49/49 lis/c=52/52 les/c/f=53/53/0 sis=52) [4,0] r=1 lpr=52 crt=0'0 active mbc={}] do_peering_event: epoch_sent: 64 epoch_requested: 64 NullEvt
2026-02-11T23:30:39.261+0000 7f414b98b640 10 log is not dirty
2026-02-11T23:30:39.261+0000 7f414f993640 20 osd.0 pg_epoch: 64 pg[1.0( empty local-lis/les=29/30 n=0 ec=27/27 lis/c=29/29 les/c/f=30/30/0 sis=29) [1,0] r=1 lpr=29 crt=0'0 active mbc={}] PeeringState::proc_lease readable_until_ub now 36.948898315s
2026-02-11T23:30:39.261+0000 7f414f993640 20 osd.0 64 get_con_osd_cluster to osd.1 from_epoch 64
2026-02-11T23:30:39.261+0000 7f414b98b640 20 osd.0 op_wq(0) _process 1.0 to_process <> waiting <> waiting_peering {}
2026-02-11T23:30:39.261+0000 7f414f993640 20 osd.0 64 get_nextmap_reserved map_reservations: {64=1}
2026-02-11T23:30:39.261+0000 7f414b98b640 20 osd.0 op_wq(0) _process OpSchedulerItem(1.0 PGPeeringEvent(epoch_sent: 64 epoch_requested: 64 NullEvt) class_id 2immediate prio 255 cost 10 e64) queued
2026-02-11T23:30:39.261+0000 7f414f993640 20 osd.0 64 release_map epoch: 64
2026-02-11T23:30:39.261+0000 7f414f993640 1 -- [v2:127.0.0.1:6802/3294232400,v1:127.0.0.1:6803/3294232400] --> [v2:127.0.0.1:6812/3043114013,v1:127.0.0.1:6813/3043114013] -- pg_lease_ack(1.0 pg_lease_ack(ruub 34.937133789s) e64/64) -- 0x3700000 con 0x4acb000
2026-02-11T23:30:39.261+0000 7f414f993640 10 log is not dirty
2026-02-11T23:30:39.261+0000 7f414f993640 20 osd.0 op_wq(0) _process empty q, waiting
2026-02-11T23:30:39.261+0000 7f414b98b640 20 osd.0 op_wq(0) _process 1.0 to_process waiting <> waiting_peering {}
2026-02-11T23:30:39.261+0000 7f414b98b640 20 osd.0 op_wq(0) _process OpSchedulerItem(1.0 PGPeeringEvent(epoch_sent: 64 epoch_requested: 64 NullEvt) class_id 2immediate prio 255 cost 10 e64) pg 0x5946000
2026-02-11T23:30:39.261+0000 7f414b98b640 10 osd.0 pg_epoch: 64 pg[1.0( empty local-lis/les=29/30 n=0 ec=27/27 lis/c=29/29 les/c/f=30/30/0 sis=29) [1,0] r=1 lpr=29 crt=0'0 active mbc={}] do_peering_event: epoch_sent: 64 epoch_requested: 64 NullEvt
2026-02-11T23:30:39.261+0000 7f414b98b640 10 log is not dirty
2026-02-11T23:30:39.261+0000 7f414b98b640 20 osd.0 op_wq(0) _process empty q, waiting
2026-02-11T23:30:39.271+0000 7f4162bea640 10 osd.0 64 tick_without_osd_lock
2026-02-11T23:30:39.271+0000 7f4162bea640 0 osd.0 64 set_statfs fake total 3686400 adjust available 3686400
2026-02-11T23:30:39.271+0000 7f4162bea640 20 osd.0 osd-scrub:scrub_random_backoff: lost coin flip, randomly backing off (ratio: 0.660)
2026-02-11T23:30:39.271+0000 7f4162bea640 15 osd.0 osd-scrub:restrictions_on_scrubbing: Lost on the dice. Regular scheduled scrubs are not permitted.
2026-02-11T23:30:39.271+0000 7f4162bea640 20 osd.0 osd-scrub:scrub_time_permit: should run between 0 - 0 now 23 = yes
2026-02-11T23:30:39.271+0000 7f4162bea640 20 osd.0 osd-scrub:scrub_load_below_threshold: loadavg per cpu 0.468 < max 2000.000 (#CPUs:24) = yes
2026-02-11T23:30:39.271+0000 7f4162bea640 10 osd.0 osd-scrub:initiate_scrub: scrub scheduling (@tick) starts. time now:2026-02-11T23:30:39.271, recovery is active?:false restrictions:<.backoff...>
2026-02-11T23:30:39.271+0000 7f4162bea640 20 osd.0 osd-scrub:initiate_scrub: no PGs are ready for scrubbing
2026-02-11T23:30:39.271+0000 7f4162bea640 10 osd.0 64 promote_throttle_recalibrate 0 attempts, promoted 0 objects and 0 B; target 25 obj/sec or 5 MiB/sec
2026-02-11T23:30:39.271+0000 7f4162bea640 20 osd.0 64 promote_throttle_recalibrate new_prob 1000
2026-02-11T23:30:39.271+0000 7f4162bea640 10 osd.0 64 promote_throttle_recalibrate actual 0, actual/prob ratio 1, adjusted new_prob 1000, prob 1000 -> 1000
2026-02-11T23:30:39.271+0000 7f4162bea640 20 osd.0 64 maybe_send_beacon beacon would be too frequent; skipping
2026-02-11T23:30:39.312+0000 7f415cf02640 1 -- [v2:127.0.0.1:6800/3294232400,v1:127.0.0.1:6801/3294232400] <== mon.0 v2:127.0.0.1:7180/0 37 ==== osd_map(64..65 src has 1..65) ==== 895+0+0 (crc 0 0 0) 0x4a30700 con 0x4acbc00
2026-02-11T23:30:39.312+0000 7f415cf02640 20 osd.0 64 OSD::ms_dispatch: osd_map(64..65 src has 1..65)
2026-02-11T23:30:39.312+0000 7f415cf02640 20 osd.0 64 _dispatch 0x4a30700 osd_map(64..65 src has 1..65)
2026-02-11T23:30:39.312+0000 7f415cf02640 3 osd.0 64 handle_osd_map epochs [64,65], i have 64, src has [1,65]
2026-02-11T23:30:39.312+0000 7f415cf02640 10 osd.0 64 handle_osd_map: received 0 full maps and 2 incremental maps
2026-02-11T23:30:39.312+0000 7f415cf02640 10 osd.0 64 handle_osd_map got inc map for epoch 65
2026-02-11T23:30:39.312+0000 7f415cf02640 20 osd.0 64 got_full_map 65, nothing requested
2026-02-11T23:30:39.312+0000 7f415cf02640 20 osd.0 64 trim_maps: min=1 oldest_map=1
2026-02-11T23:30:39.312+0000 7f415cf02640 20 osd.0 64 handle_osd_map pg_num_history pg_num_history(e65 pg_nums {1={27=1},2={34=1},3={42=1},4={49=1},5={56=1},6={64=1}} deleted_pools )
2026-02-11T23:30:39.312+0000 7f415cf02640 10 snap_mapper record_purged_snaps purged_snaps {65={}}
2026-02-11T23:30:39.312+0000 7f415cf02640 10 snap_mapper record_purged_snaps rm 0 keys, set 0 keys
2026-02-11T23:30:39.312+0000 7f415cf02640 10 write_superblock sb(cb0a9481-482d-477a-a81c-1446b6498370 osd.0 01217804-d5cf-416e-93e4-5f1242b1c391 e65 maps [1~65] lci=[5,65] tlb=1)
2026-02-11T23:30:39.312+0000 7f41591a6640 10 osd.0 64 _committed_osd_maps 65..65
2026-02-11T23:30:39.312+0000 7f41591a6640 10 osd.0 64 advance to epoch 65 (<= last 65 <= newest_map 65)
2026-02-11T23:30:39.312+0000 7f41591a6640 20 osd.0 65 consume_map version 65
2026-02-11T23:30:39.312+0000 7f41591a6640 20 osd.0 64 await_reserved_maps epoch:65
2026-02-11T23:30:39.312+0000 7f41591a6640 20 osd.0 64 await_reserved_maps done 0
2026-02-11T23:30:39.312+0000 7f41591a6640 20 osd.0 65 consume_map 65 -- publish done
2026-02-11T23:30:39.312+0000 7f41591a6640 20 osd.0:0.identify_splits_and_merges identify_splits_and_merges 3 slots
2026-02-11T23:30:39.312+0000 7f41591a6640 20 osd.0:0.identify_splits_and_merges identify_splits_and_merges slot pgid:6.0slot:0x37591e0
2026-02-11T23:30:39.312+0000 7f41591a6640 20 osd.0:0.identify_splits_and_merges identify_splits_and_merges slot 6.0 has no pg and waiting_for_split
2026-02-11T23:30:39.312+0000 7f41591a6640 20 osd.0:0.identify_splits_and_merges identify_splits_and_merges slot pgid:4.0slot:0x37582c0
2026-02-11T23:30:39.312+0000 7f41591a6640 20 osd.0 65 identify_splits_and_merges 4.0 e64 to e65
2026-02-11T23:30:39.312+0000 7f41591a6640 20 osd.0 65 identify_splits_and_merges 4.0 e64 to e65 pg_nums {49=1}
2026-02-11T23:30:39.312+0000 7f41591a6640 20 osd.0:0.identify_splits_and_merges identify_splits_and_merges slot pgid:1.0slot:0x3700dc0
2026-02-11T23:30:39.312+0000 7f41591a6640 20 osd.0 65 identify_splits_and_merges 1.0 e64 to e65
2026-02-11T23:30:39.312+0000 7f41591a6640 20 osd.0 65 identify_splits_and_merges 1.0 e64 to e65 pg_nums {27=1}
2026-02-11T23:30:39.312+0000 7f41591a6640 20 osd.0:0.identify_splits_and_merges identify_splits_and_merges 0 splits, 0 merges
2026-02-11T23:30:39.312+0000 7f41591a6640 20 osd.0:1.identify_splits_and_merges identify_splits_and_merges 0 slots
2026-02-11T23:30:39.312+0000 7f41591a6640 20 osd.0:1.identify_splits_and_merges identify_splits_and_merges 0 splits, 0 merges
2026-02-11T23:30:39.312+0000 7f41591a6640 20 osd.0:2.identify_splits_and_merges identify_splits_and_merges 0 slots
2026-02-11T23:30:39.312+0000 7f41591a6640 20 osd.0:2.identify_splits_and_merges identify_splits_and_merges 0 splits, 0 merges
2026-02-11T23:30:39.312+0000 7f41591a6640 20 osd.0:3.identify_splits_and_merges identify_splits_and_merges 0 slots
2026-02-11T23:30:39.312+0000 7f41591a6640 20 osd.0:3.identify_splits_and_merges identify_splits_and_merges 0 splits, 0 merges
2026-02-11T23:30:39.312+0000 7f41591a6640 20 osd.0:4.identify_splits_and_merges identify_splits_and_merges 0 slots
2026-02-11T23:30:39.312+0000 7f41591a6640 20 osd.0:4.identify_splits_and_merges identify_splits_and_merges 0 splits, 0 merges
2026-02-11T23:30:39.312+0000 7f41591a6640 20 osd.0:5.identify_splits_and_merges identify_splits_and_merges 0 slots
2026-02-11T23:30:39.312+0000 7f41591a6640 20 osd.0:5.identify_splits_and_merges identify_splits_and_merges 0 splits, 0 merges
2026-02-11T23:30:39.312+0000 7f41591a6640 20 osd.0:6.identify_splits_and_merges identify_splits_and_merges 0 slots
2026-02-11T23:30:39.312+0000 7f41591a6640 20 osd.0:6.identify_splits_and_merges identify_splits_and_merges 0 splits, 0 merges
2026-02-11T23:30:39.312+0000 7f41591a6640 20 osd.0:7.identify_splits_and_merges identify_splits_and_merges 0 slots
2026-02-11T23:30:39.312+0000 7f41591a6640 20 osd.0:7.identify_splits_and_merges identify_splits_and_merges 0 splits, 0 merges
2026-02-11T23:30:39.312+0000 7f41591a6640 20 osd.0 65 prune_pg_created
2026-02-11T23:30:39.312+0000 7f41591a6640 10 osd.0:0.consume_map 65 (was 64)
2026-02-11T23:30:39.312+0000 7f41591a6640 20 osd.0:0.consume_map consume_map 6.0
2026-02-11T23:30:39.312+0000 7f41591a6640 20 osd.0:0.consume_map consume_map 6.0 empty, pruning
2026-02-11T23:30:39.312+0000 7f41591a6640 20 osd.0:0.consume_map consume_map 4.0
2026-02-11T23:30:39.312+0000 7f41591a6640 20 osd.0:0.consume_map consume_map 1.0
2026-02-11T23:30:39.312+0000 7f41591a6640 10 osd.0:1.consume_map 65 (was 64)
2026-02-11T23:30:39.312+0000 7f41591a6640 10 osd.0:2.consume_map 65 (was 64)
2026-02-11T23:30:39.312+0000 7f41591a6640 10 osd.0:3.consume_map 65 (was 64)
2026-02-11T23:30:39.312+0000 7f41591a6640 10 osd.0:4.consume_map 65 (was 64)
2026-02-11T23:30:39.312+0000 7f41591a6640 10 osd.0:5.consume_map 65 (was 64)
2026-02-11T23:30:39.312+0000 7f41591a6640 10 osd.0:6.consume_map 65 (was 64)
2026-02-11T23:30:39.312+0000 7f41591a6640 10 osd.0:7.consume_map 65 (was 64)
2026-02-11T23:30:39.312+0000 7f41591a6640 10 osd.0 65 release_reserved_pushes(0), recovery_ops_reserved 0 -> 0
2026-02-11T23:30:39.312+0000 7f41591a6640 15 osd.0 65 enqueue_peering_evt 4.0 epoch_sent: 65 epoch_requested: 65 NullEvt
2026-02-11T23:30:39.312+0000 7f41591a6640 20 osd.0 op_wq(0) _enqueue OpSchedulerItem(4.0 PGPeeringEvent(epoch_sent: 65 epoch_requested: 65 NullEvt) class_id 2 prio 255 cost 10 e65)
2026-02-11T23:30:39.312+0000 7f41591a6640 15 osd.0 65 enqueue_peering_evt 1.0 epoch_sent: 65 epoch_requested: 65 NullEvt
2026-02-11T23:30:39.312+0000 7f41591a6640 20 osd.0 op_wq(0) _enqueue OpSchedulerItem(1.0 PGPeeringEvent(epoch_sent: 65 epoch_requested: 65 NullEvt) class_id 2 prio 255 cost 10 e65)
2026-02-11T23:30:39.312+0000 7f41591a6640 7 osd.0 65 activate_map version 65
2026-02-11T23:30:39.312+0000 7f414f993640 20 osd.0 op_wq(0) _process 4.0 to_process <> waiting <> waiting_peering {}
2026-02-11T23:30:39.312+0000 7f414f993640 20 osd.0 op_wq(0) _process OpSchedulerItem(4.0 PGPeeringEvent(epoch_sent: 65 epoch_requested: 65 NullEvt) class_id 2immediate prio 255 cost 10 e65) queued
2026-02-11T23:30:39.312+0000 7f414f993640 20 osd.0 op_wq(0) _process 4.0 to_process waiting <> waiting_peering {}
2026-02-11T23:30:39.312+0000 7f414f993640 20 osd.0 op_wq(0) _process OpSchedulerItem(4.0 PGPeeringEvent(epoch_sent: 65 epoch_requested: 65 NullEvt) class_id 2immediate prio 255 cost 10 e65) pg 0x5978000
2026-02-11T23:30:39.312+0000 7f4150194640 20 osd.0 65 agent_entry empty queue
2026-02-11T23:30:39.312+0000 7f414f993640 10 osd.0 pg_epoch: 64 pg[4.0( empty local-lis/les=52/53 n=0 ec=49/49 lis/c=52/52 les/c/f=53/53/0 sis=52) [4,0] r=1 lpr=52 crt=0'0 active mbc={}] handle_advance_map: 65
2026-02-11T23:30:39.312+0000 7f414b98b640 20 osd.0 op_wq(0) _process 1.0 to_process <> waiting <> waiting_peering {}
2026-02-11T23:30:39.312+0000 7f414b98b640 20 osd.0 op_wq(0) _process OpSchedulerItem(1.0 PGPeeringEvent(epoch_sent: 65 epoch_requested: 65 NullEvt) class_id 2immediate prio 255 cost 10 e65) queued
2026-02-11T23:30:39.312+0000 7f414b98b640 20 osd.0 op_wq(0) _process 1.0 to_process waiting <> waiting_peering {}
2026-02-11T23:30:39.312+0000 7f414b98b640 20 osd.0 op_wq(0) _process OpSchedulerItem(1.0 PGPeeringEvent(epoch_sent: 65 epoch_requested: 65 NullEvt) class_id 2immediate prio 255 cost 10 e65) pg 0x5946000
2026-02-11T23:30:39.312+0000 7f414f993640 20 osd.0:0.update_pg_epoch 4.0 64 -> 65
2026-02-11T23:30:39.312+0000 7f414f993640 10 osd.0 pg_epoch: 64 pg[4.0( empty local-lis/les=52/53 n=0 ec=49/49 lis/c=52/52 les/c/f=53/53/0 sis=52) [4,0] r=1 lpr=52 crt=0'0 active mbc={}] PeeringState::advance_map handle_advance_map [4,0]/[4,0] -- 4/4
2026-02-11T23:30:39.312+0000 7f414b98b640 10 osd.0 pg_epoch: 64 pg[1.0( empty local-lis/les=29/30 n=0 ec=27/27 lis/c=29/29 les/c/f=30/30/0 sis=29) [1,0] r=1 lpr=29 crt=0'0 active mbc={}] handle_advance_map: 65
2026-02-11T23:30:39.312+0000 7f414f993640 10 osd.0 pg_epoch: 65 pg[4.0( empty local-lis/les=52/53 n=0 ec=49/49 lis/c=52/52 les/c/f=53/53/0 sis=52) [4,0] r=1 lpr=52 crt=0'0 active mbc={}] state: Started advmap
2026-02-11T23:30:39.312+0000 7f414b98b640 20 osd.0:0.update_pg_epoch 1.0 64 -> 65
