2026-02-11T23:30:35.988+0000 7f414b98b640 20 osd.0 op_wq(0) _process OpSchedulerItem(4.0 PGPeeringEvent(epoch_sent: 53 epoch_requested: 53 MInfoRec from 4 info: 4.0( empty local-lis/les=52/53 n=0 ec=49/49 lis/c=52/52 les/c/f=53/53/0 sis=52) pg_lease(ru 24.827859879s ub 24.828193665s int 16.000000000s)) class_id 2immediate prio 255 cost 10 e53) pg 0x5978000
2026-02-11T23:30:35.988+0000 7f414b98b640 10 osd.0 pg_epoch: 53 pg[4.0( empty local-lis/les=52/53 n=0 ec=49/49 lis/c=52/49 les/c/f=53/50/0 sis=52) [4,0] r=1 lpr=52 pi=[49,52)/1 crt=0'0 active mbc={}] do_peering_event: epoch_sent: 53 epoch_requested: 53 MInfoRec from 4 info: 4.0( empty local-lis/les=52/53 n=0 ec=49/49 lis/c=52/52 les/c/f=53/53/0 sis=52) pg_lease(ru 24.827859879s ub 24.828193665s int 16.000000000s)
2026-02-11T23:30:35.988+0000 7f414f993640 20 osd.0 op_wq(0) _process empty q, waiting
2026-02-11T23:30:35.988+0000 7f414b98b640 20 osd.0 pg_epoch: 53 pg[4.0( empty local-lis/les=52/53 n=0 ec=49/49 lis/c=52/52 les/c/f=53/53/0 sis=52) [4,0] r=1 lpr=52 pi=[49,52)/1 crt=0'0 active mbc={}] PeeringState::update_history advanced history from ec=49/49 lis/c=52/52 les/c/f=53/53/0 sis=52
2026-02-11T23:30:35.988+0000 7f414b98b640 20 osd.0 pg_epoch: 53 pg[4.0( empty local-lis/les=52/53 n=0 ec=49/49 lis/c=52/52 les/c/f=53/53/0 sis=52) [4,0] r=1 lpr=52 pi=[49,52)/1 crt=0'0 active mbc={}] PeeringState::update_history clearing past_intervals
2026-02-11T23:30:35.988+0000 7f414b98b640 10 log is not dirty
2026-02-11T23:30:35.988+0000 7f414b98b640 20 osd.0 op_wq(0) _process empty q, waiting
2026-02-11T23:30:35.988+0000 7f414b98b640 20 osd.0 op_wq(0) _process empty q, waiting
2026-02-11T23:30:35.988+0000 7f414f993640 20 osd.0 op_wq(0) _process empty q, waiting
2026-02-11T23:30:36.216+0000 7f4162bea640 10 osd.0 53 tick_without_osd_lock
2026-02-11T23:30:36.216+0000 7f4162bea640 0 osd.0 53 set_statfs fake total 3686400 adjust available 3686400
2026-02-11T23:30:36.216+0000 7f4162bea640 20 osd.0 osd-scrub:scrub_random_backoff: lost coin flip, randomly backing off (ratio: 0.660)
2026-02-11T23:30:36.216+0000 7f4162bea640 15 osd.0 osd-scrub:restrictions_on_scrubbing: Lost on the dice. Regular scheduled scrubs are not permitted.
2026-02-11T23:30:36.216+0000 7f4162bea640 20 osd.0 osd-scrub:scrub_time_permit: should run between 0 - 0 now 23 = yes
2026-02-11T23:30:36.216+0000 7f4162bea640 20 osd.0 osd-scrub:scrub_load_below_threshold: loadavg per cpu 0.508 < max 2000.000 (#CPUs:24) = yes
2026-02-11T23:30:36.216+0000 7f4162bea640 10 osd.0 osd-scrub:initiate_scrub: scrub scheduling (@tick) starts. time now:2026-02-11T23:30:36.217, recovery is active?:false restrictions:<.backoff...>
2026-02-11T23:30:36.216+0000 7f4162bea640 20 osd.0 osd-scrub:initiate_scrub: no PGs are ready for scrubbing
2026-02-11T23:30:36.216+0000 7f4162bea640 10 osd.0 53 promote_throttle_recalibrate 0 attempts, promoted 0 objects and 0 B; target 25 obj/sec or 5 MiB/sec
2026-02-11T23:30:36.216+0000 7f4162bea640 20 osd.0 53 promote_throttle_recalibrate new_prob 1000
2026-02-11T23:30:36.216+0000 7f4162bea640 10 osd.0 53 promote_throttle_recalibrate actual 0, actual/prob ratio 1, adjusted new_prob 1000, prob 1000 -> 1000
2026-02-11T23:30:36.216+0000 7f4162bea640 20 osd.0 53 maybe_send_beacon beacon would be too frequent; skipping
2026-02-11T23:30:36.246+0000 7f416c3fd640 1 -- [v2:127.0.0.1:6806/3294232400,v1:127.0.0.1:6807/3294232400] <== osd.3 127.0.0.1:0/2699377081 3 ==== osd_ping(ping e52 up_from 19 ping_stamp
2026-02-11T23:30:36.247202+0000/11.703141212s send_stamp 11.703141212s delta_ub -7.219387531s) ==== 2033+0+0 (crc 0 0 0) 0x4c9a480 con 0x48cc400
2026-02-11T23:30:36.246+0000 7f416c3fd640 20 osd.0 53 handle_osd_ping new stamps hbstamp(osd.3 up_from 19 peer_clock_delta [-7.219543457s,-7.219387531s])
2026-02-11T23:30:36.246+0000 7f416c3fd640 1 -- [v2:127.0.0.1:6806/3294232400,v1:127.0.0.1:6807/3294232400] --> 127.0.0.1:0/2699377081 -- osd_ping(ping_reply e53 up_from 5 ping_stamp
2026-02-11T23:30:36.247202+0000/11.703141212s send_stamp 18.922683716s delta_ub 7.219543457s) -- 0x4c9b200 con 0x48cc400
2026-02-11T23:30:36.246+0000 7f416c3fd640 20 osd.0 53 get_con_osd_cluster to osd.3 from_epoch 53
2026-02-11T23:30:36.246+0000 7f416c3fd640 20 osd.0 53 get_nextmap_reserved map_reservations: {53=1}
2026-02-11T23:30:36.246+0000 7f416c3fd640 20 osd.0 53 release_map epoch: 53
2026-02-11T23:30:36.246+0000 7f416c3fd640 10 osd.0 53 maybe_share_map: con v2:127.0.0.1:6828/2699377081 updating session's projected_epoch from 43 to ping map epoch of 52
2026-02-11T23:30:36.246+0000 7f416c3fd640 10 osd.0 53 maybe_share_map: con v2:127.0.0.1:6828/2699377081 map epoch 52 -> 53 (shared)
2026-02-11T23:30:36.246+0000 7f416c3fd640 10 osd.0 53 send_incremental_map epoch range: (53, 53] to v2:127.0.0.1:6828/2699377081
2026-02-11T23:30:36.246+0000 7f416c3fd640 1 -- [v2:127.0.0.1:6802/3294232400,v1:127.0.0.1:6803/3294232400] --> [v2:127.0.0.1:6828/2699377081,v1:127.0.0.1:6829/2699377081] -- osd_map(53..53 src has 1..53) -- 0x59548c0 con 0x48ccc00
2026-02-11T23:30:36.246+0000 7f416cbfe640 1 -- [v2:127.0.0.1:6804/3294232400,v1:127.0.0.1:6805/3294232400] <== osd.3 127.0.0.1:0/2699377081 3 ==== osd_ping(ping e52 up_from 19 ping_stamp
2026-02-11T23:30:36.247202+0000/11.703141212s send_stamp 11.703141212s delta_ub -7.219387531s) ==== 2033+0+0 (crc 0 0 0) 0x4c9ad80 con 0x48cc800
2026-02-11T23:30:36.246+0000 7f416cbfe640 20 osd.0 53 handle_osd_ping new stamps hbstamp(osd.3 up_from 19 peer_clock_delta [-7.219582558s,-7.219387531s])
2026-02-11T23:30:36.246+0000 7f416cbfe640 1 -- [v2:127.0.0.1:6804/3294232400,v1:127.0.0.1:6805/3294232400] --> 127.0.0.1:0/2699377081 -- osd_ping(ping_reply e53 up_from 5 ping_stamp
2026-02-11T23:30:36.247202+0000/11.703141212s send_stamp 18.922725677s delta_ub 7.219582558s) -- 0x4c9af00 con 0x48cc800
2026-02-11T23:30:36.246+0000 7f416cbfe640 20 osd.0 53 get_con_osd_cluster to osd.3 from_epoch 53
2026-02-11T23:30:36.246+0000 7f416cbfe640 20 osd.0 53 get_nextmap_reserved map_reservations: {53=1}
2026-02-11T23:30:36.246+0000 7f416cbfe640 20 osd.0 53 release_map epoch: 53
2026-02-11T23:30:36.246+0000 7f416cbfe640 10 osd.0 53 maybe_share_map: con v2:127.0.0.1:6828/2699377081 our osdmap epoch of 53 is not newer than session's projected_epoch of 53
2026-02-11T23:30:36.255+0000 7f415cf02640 1 -- [v2:127.0.0.1:6800/3294232400,v1:127.0.0.1:6801/3294232400] <== mon.0 v2:127.0.0.1:7180/0 33 ==== osd_map(53..54 src has 1..54) ==== 1208+0+0 (crc 0 0 0) 0x59548c0 con 0x4acbc00
2026-02-11T23:30:36.255+0000 7f415cf02640 20 osd.0 53 OSD::ms_dispatch: osd_map(53..54 src has 1..54)
2026-02-11T23:30:36.255+0000 7f415cf02640 20 osd.0 53 _dispatch 0x59548c0 osd_map(53..54 src has 1..54)
2026-02-11T23:30:36.255+0000 7f415cf02640 3 osd.0 53 handle_osd_map epochs [53,54], i have 53, src has [1,54]
2026-02-11T23:30:36.255+0000 7f415cf02640 10 osd.0 53 handle_osd_map: received 0 full maps and 2 incremental maps
2026-02-11T23:30:36.255+0000 7f415cf02640 10 osd.0 53 handle_osd_map got inc map for epoch 54
2026-02-11T23:30:36.255+0000 7f415cf02640 20 osd.0 53 got_full_map 54, nothing requested
2026-02-11T23:30:36.255+0000 7f415cf02640 20 osd.0 53 trim_maps: min=1 oldest_map=1
2026-02-11T23:30:36.255+0000 7f415cf02640 20 osd.0 53 handle_osd_map pg_num_history pg_num_history(e54 pg_nums {1={27=1},2={34=1},3={42=1},4={49=1}} deleted_pools )
2026-02-11T23:30:36.255+0000 7f415cf02640 10 snap_mapper record_purged_snaps purged_snaps {54={}}
2026-02-11T23:30:36.255+0000 7f415cf02640 10 snap_mapper record_purged_snaps rm 0 keys, set 0 keys
2026-02-11T23:30:36.255+0000 7f415cf02640 10 write_superblock sb(cb0a9481-482d-477a-a81c-1446b6498370 osd.0 01217804-d5cf-416e-93e4-5f1242b1c391 e54 maps [1~54] lci=[5,54] tlb=1)
2026-02-11T23:30:36.255+0000 7f41591a6640 10 osd.0 53 _committed_osd_maps 54..54
2026-02-11T23:30:36.255+0000 7f41591a6640 10 osd.0 53 advance to epoch 54 (<= last 54 <= newest_map 54)
2026-02-11T23:30:36.255+0000 7f41591a6640 20 osd.0 54 consume_map version 54
2026-02-11T23:30:36.255+0000 7f41591a6640 20 osd.0 53 await_reserved_maps epoch:54
2026-02-11T23:30:36.255+0000 7f41591a6640 20 osd.0 53 await_reserved_maps done 0
2026-02-11T23:30:36.255+0000 7f41591a6640 20 osd.0 54 consume_map 54 -- publish done
2026-02-11T23:30:36.255+0000 7f41591a6640 20 osd.0:0.identify_splits_and_merges identify_splits_and_merges 2 slots
2026-02-11T23:30:36.255+0000 7f41591a6640 20 osd.0:0.identify_splits_and_merges identify_splits_and_merges slot pgid:4.0slot:0x37582c0
2026-02-11T23:30:36.255+0000 7f41591a6640 20 osd.0 54 identify_splits_and_merges 4.0 e53 to e54
2026-02-11T23:30:36.255+0000 7f41591a6640 20 osd.0 54 identify_splits_and_merges 4.0 e53 to e54 pg_nums {49=1}
2026-02-11T23:30:36.255+0000 7f41591a6640 20 osd.0:0.identify_splits_and_merges identify_splits_and_merges slot pgid:1.0slot:0x3700dc0
2026-02-11T23:30:36.255+0000 7f41591a6640 20 osd.0 54 identify_splits_and_merges 1.0 e53 to e54
2026-02-11T23:30:36.255+0000 7f41591a6640 20 osd.0 54 identify_splits_and_merges 1.0 e53 to e54 pg_nums {27=1}
2026-02-11T23:30:36.255+0000 7f41591a6640 20 osd.0:0.identify_splits_and_merges identify_splits_and_merges 0 splits, 0 merges
2026-02-11T23:30:36.255+0000 7f41591a6640 20 osd.0:1.identify_splits_and_merges identify_splits_and_merges 0 slots
2026-02-11T23:30:36.255+0000 7f41591a6640 20 osd.0:1.identify_splits_and_merges identify_splits_and_merges 0 splits, 0 merges
2026-02-11T23:30:36.255+0000 7f41591a6640 20 osd.0:2.identify_splits_and_merges identify_splits_and_merges 0 slots
2026-02-11T23:30:36.255+0000 7f41591a6640 20 osd.0:2.identify_splits_and_merges identify_splits_and_merges 0 splits, 0 merges
2026-02-11T23:30:36.255+0000 7f41591a6640 20 osd.0:3.identify_splits_and_merges identify_splits_and_merges 0 slots
2026-02-11T23:30:36.255+0000 7f41591a6640 20 osd.0:3.identify_splits_and_merges identify_splits_and_merges 0 splits, 0 merges
2026-02-11T23:30:36.255+0000 7f41591a6640 20 osd.0:4.identify_splits_and_merges identify_splits_and_merges 0 slots
2026-02-11T23:30:36.255+0000 7f41591a6640 20 osd.0:4.identify_splits_and_merges identify_splits_and_merges 0 splits, 0 merges
2026-02-11T23:30:36.255+0000 7f41591a6640 20 osd.0:5.identify_splits_and_merges identify_splits_and_merges 0 slots
2026-02-11T23:30:36.255+0000 7f41591a6640 20 osd.0:5.identify_splits_and_merges identify_splits_and_merges 0 splits, 0 merges
2026-02-11T23:30:36.255+0000 7f41591a6640 20 osd.0:6.identify_splits_and_merges identify_splits_and_merges 0 slots
2026-02-11T23:30:36.255+0000 7f41591a6640 20 osd.0:6.identify_splits_and_merges identify_splits_and_merges 0 splits, 0 merges
2026-02-11T23:30:36.255+0000 7f41591a6640 20 osd.0:7.identify_splits_and_merges identify_splits_and_merges 0 slots
2026-02-11T23:30:36.255+0000 7f41591a6640 20 osd.0:7.identify_splits_and_merges identify_splits_and_merges 0 splits, 0 merges
2026-02-11T23:30:36.255+0000 7f41591a6640 20 osd.0 54 prune_pg_created
2026-02-11T23:30:36.255+0000 7f41591a6640 10 osd.0:0.consume_map 54 (was 53)
2026-02-11T23:30:36.255+0000 7f41591a6640 20 osd.0:0.consume_map consume_map 4.0
2026-02-11T23:30:36.255+0000 7f41591a6640 20 osd.0:0.consume_map consume_map 1.0
2026-02-11T23:30:36.255+0000 7f41591a6640 10 osd.0:1.consume_map 54 (was 53)
2026-02-11T23:30:36.255+0000 7f41591a6640 10 osd.0:2.consume_map 54 (was 53)
2026-02-11T23:30:36.255+0000 7f41591a6640 10 osd.0:3.consume_map 54 (was 53)
2026-02-11T23:30:36.255+0000 7f41591a6640 10 osd.0:4.consume_map 54 (was 53)
2026-02-11T23:30:36.255+0000 7f41591a6640 10 osd.0:5.consume_map 54 (was 53)
2026-02-11T23:30:36.255+0000 7f41591a6640 10 osd.0:6.consume_map 54 (was 53)
2026-02-11T23:30:36.255+0000 7f41591a6640 10 osd.0:7.consume_map 54 (was 53)
2026-02-11T23:30:36.255+0000 7f41591a6640 10 osd.0 54 release_reserved_pushes(0), recovery_ops_reserved 0 -> 0
2026-02-11T23:30:36.255+0000 7f41591a6640 15 osd.0 54 enqueue_peering_evt 4.0 epoch_sent: 54 epoch_requested: 54 NullEvt
2026-02-11T23:30:36.255+0000 7f41591a6640 20 osd.0 op_wq(0) _enqueue OpSchedulerItem(4.0 PGPeeringEvent(epoch_sent: 54 epoch_requested: 54 NullEvt) class_id 2 prio 255 cost 10 e54)
2026-02-11T23:30:36.255+0000 7f41591a6640 15 osd.0 54 enqueue_peering_evt 1.0 epoch_sent: 54 epoch_requested: 54 NullEvt
2026-02-11T23:30:36.255+0000 7f41591a6640 20 osd.0 op_wq(0) _enqueue OpSchedulerItem(1.0 PGPeeringEvent(epoch_sent: 54 epoch_requested: 54 NullEvt) class_id 2 prio 255 cost 10 e54)
2026-02-11T23:30:36.255+0000 7f41591a6640 7 osd.0 54 activate_map version 54
2026-02-11T23:30:36.255+0000 7f414b98b640 20 osd.0 op_wq(0) _process 4.0 to_process <> waiting <> waiting_peering {}
2026-02-11T23:30:36.255+0000 7f414b98b640 20 osd.0 op_wq(0) _process OpSchedulerItem(4.0 PGPeeringEvent(epoch_sent: 54 epoch_requested: 54 NullEvt) class_id 2immediate prio 255 cost 10 e54) queued
2026-02-11T23:30:36.255+0000 7f414b98b640 20 osd.0 op_wq(0) _process 4.0 to_process waiting <> waiting_peering {}
2026-02-11T23:30:36.255+0000 7f414b98b640 20 osd.0 op_wq(0) _process OpSchedulerItem(4.0 PGPeeringEvent(epoch_sent: 54 epoch_requested: 54 NullEvt) class_id 2immediate prio 255 cost 10 e54) pg 0x5978000
2026-02-11T23:30:36.255+0000 7f4150194640 20 osd.0 54 agent_entry empty queue
2026-02-11T23:30:36.255+0000 7f414f993640 20 osd.0 op_wq(0) _process 1.0 to_process <> waiting <> waiting_peering {}
2026-02-11T23:30:36.255+0000 7f414f993640 20 osd.0 op_wq(0) _process OpSchedulerItem(1.0 PGPeeringEvent(epoch_sent: 54 epoch_requested: 54 NullEvt) class_id 2immediate prio 255 cost 10 e54) queued
2026-02-11T23:30:36.255+0000 7f414f993640 20 osd.0 op_wq(0) _process 1.0 to_process waiting <> waiting_peering {}
2026-02-11T23:30:36.255+0000 7f414b98b640 10 osd.0 pg_epoch: 53 pg[4.0( empty local-lis/les=52/53 n=0 ec=49/49 lis/c=52/52 les/c/f=53/53/0 sis=52) [4,0] r=1 lpr=52 crt=0'0 active mbc={}] handle_advance_map: 54
2026-02-11T23:30:36.255+0000 7f414f993640 20 osd.0 op_wq(0) _process OpSchedulerItem(1.0 PGPeeringEvent(epoch_sent: 54 epoch_requested: 54 NullEvt) class_id 2immediate prio 255 cost 10 e54) pg 0x5946000
2026-02-11T23:30:36.255+0000 7f414b98b640 20 osd.0:0.update_pg_epoch 4.0 53 -> 54
2026-02-11T23:30:36.255+0000 7f414f993640 10 osd.0 pg_epoch: 53 pg[1.0( empty local-lis/les=29/30 n=0 ec=27/27 lis/c=29/29 les/c/f=30/30/0 sis=29) [1,0] r=1 lpr=29 crt=0'0 active mbc={}] handle_advance_map: 54
2026-02-11T23:30:36.255+0000 7f414f993640 20 osd.0:0.update_pg_epoch 1.0 53 -> 54
2026-02-11T23:30:36.255+0000 7f414b98b640 10 osd.0 pg_epoch: 53 pg[4.0( empty local-lis/les=52/53 n=0 ec=49/49 lis/c=52/52 les/c/f=53/53/0 sis=52) [4,0] r=1 lpr=52 crt=0'0 active mbc={}] PeeringState::advance_map handle_advance_map [4,0]/[4,0] -- 4/4
2026-02-11T23:30:36.255+0000 7f414f993640 10 osd.0 pg_epoch: 53 pg[1.0( empty local-lis/les=29/30 n=0 ec=27/27 lis/c=29/29 les/c/f=30/30/0 sis=29) [1,0] r=1 lpr=29 crt=0'0 active mbc={}] PeeringState::advance_map handle_advance_map [1,0]/[1,0] -- 1/1
2026-02-11T23:30:36.255+0000 7f414b98b640 10 osd.0 pg_epoch: 54 pg[4.0( empty local-lis/les=52/53 n=0 ec=49/49 lis/c=52/52 les/c/f=53/53/0 sis=52) [4,0] r=1 lpr=52 crt=0'0 active mbc={}] state: Started advmap
2026-02-11T23:30:36.255+0000 7f414f993640 10 osd.0 pg_epoch: 54 pg[1.0( empty local-lis/les=29/30 n=0 ec=27/27 lis/c=29/29 les/c/f=30/30/0 sis=29) [1,0] r=1 lpr=29 crt=0'0 active mbc={}] state: Started advmap
2026-02-11T23:30:36.255+0000 7f414b98b640 10 osd.0 pg_epoch: 54 pg[4.0( empty local-lis/les=52/53 n=0 ec=49/49 lis/c=52/52 les/c/f=53/53/0 sis=52) [4,0] r=1 lpr=52 crt=0'0 active mbc={}] check_recovery_sources no source osds () went down
2026-02-11T23:30:36.255+0000 7f414f993640 10 osd.0 pg_epoch: 54 pg[1.0( empty local-lis/les=29/30 n=0 ec=27/27 lis/c=29/29 les/c/f=30/30/0 sis=29) [1,0] r=1 lpr=29 crt=0'0 active mbc={}] check_recovery_sources no source osds () went down
2026-02-11T23:30:36.255+0000 7f414b98b640 10 osd.0 pg_epoch: 54 pg[4.0( empty local-lis/les=52/53 n=0 ec=49/49 lis/c=52/52 les/c/f=53/53/0 sis=52) [4,0] r=1 lpr=52 crt=0'0 active mbc={}] plpg_on_pool_change
2026-02-11T23:30:36.255+0000 7f414f993640 20 osd.0 54 advance_pg new pool opts old pool opts
2026-02-11T23:30:36.255+0000 7f414b98b640 20 osd.0 pg_epoch: 54 pg[4.0( empty local-lis/les=52/53 n=0 ec=49/49 lis/c=52/52 les/c/f=53/53/0 sis=52) [4,0] r=1 lpr=52 crt=0'0 active mbc={}] hit_set_clear
2026-02-11T23:30:36.255+0000 7f414b98b640 20 osd.0 pg_epoch: 54 pg[4.0( empty local-lis/les=52/53 n=0 ec=49/49 lis/c=52/52 les/c/f=53/53/0 sis=52) [4,0] r=1 lpr=52 crt=0'0 active mbc={}] agent_stop
2026-02-11T23:30:36.255+0000 7f414f993640 10 osd.0 pg_epoch: 54 pg[1.0( empty local-lis/les=29/30 n=0 ec=27/27 lis/c=29/29 les/c/f=30/30/0 sis=29) [1,0] r=1 lpr=29 crt=0'0 active mbc={}] handle_activate_map: epoch range: 54..54
2026-02-11T23:30:36.255+0000 7f414b98b640 20 osd.0 54 advance_pg new pool opts old pool opts
2026-02-11T23:30:36.255+0000 7f414f993640 10 osd.0 pg_epoch: 54 pg[1.0( empty local-lis/les=29/30 n=0 ec=27/27 lis/c=29/29 les/c/f=30/30/0 sis=29) [1,0] r=1 lpr=29 crt=0'0 active mbc={}] PeeringState::activate_map
2026-02-11T23:30:36.255+0000 7f414b98b640 10 osd.0 pg_epoch: 54 pg[4.0( empty local-lis/les=52/53 n=0 ec=49/49 lis/c=52/52 les/c/f=53/53/0 sis=52) [4,0] r=1 lpr=52 crt=0'0 active mbc={}] handle_activate_map: epoch range: 54..54
2026-02-11T23:30:36.255+0000 7f414f993640 20 osd.0 pg_epoch: 54 pg[1.0( empty local-lis/les=29/30 n=0 ec=27/27 lis/c=29/29 les/c/f=30/30/0 sis=29) [1,0] r=1 lpr=29 crt=0'0 active mbc={}] PeeringState::activate_map : Not dirtying info: last_persisted is 30 while current is 54
2026-02-11T23:30:36.255+0000 7f414b98b640 10 osd.0 pg_epoch: 54 pg[4.0( empty local-lis/les=52/53 n=0 ec=49/49 lis/c=52/52 les/c/f=53/53/0 sis=52) [4,0] r=1 lpr=52 crt=0'0 active mbc={}] PeeringState::activate_map
2026-02-11T23:30:36.255+0000 7f414f993640 10 log is not dirty
2026-02-11T23:30:36.255+0000 7f414b98b640 20 osd.0 pg_epoch: 54 pg[4.0( empty local-lis/les=52/53 n=0 ec=49/49 lis/c=52/52 les/c/f=53/53/0 sis=52) [4,0] r=1 lpr=52 crt=0'0 active mbc={}] PeeringState::activate_map : Not dirtying info: last_persisted is 53 while current is 54
2026-02-11T23:30:36.255+0000 7f414b98b640 10 log is not dirty
2026-02-11T23:30:36.255+0000 7f414f993640 10 osd.0 pg_epoch: 54 pg[1.0( empty local-lis/les=29/30 n=0 ec=27/27 lis/c=29/29 les/c/f=30/30/0 sis=29) [1,0] r=1 lpr=29 crt=0'0 active mbc={}] do_peering_event: epoch_sent: 54 epoch_requested: 54 NullEvt
2026-02-11T23:30:36.255+0000 7f414f993640 10 log is not dirty
2026-02-11T23:30:36.255+0000 7f414b98b640 10 osd.0 pg_epoch: 54 pg[4.0( empty local-lis/les=52/53 n=0 ec=49/49 lis/c=52/52 les/c/f=53/53/0 sis=52) [4,0] r=1 lpr=52 crt=0'0 active mbc={}] on_scrub_schedule_input_change: inactive, non-primary - or already scrubbing
2026-02-11T23:30:36.255+0000 7f414b98b640 10 osd.0 pg_epoch: 54 pg[4.0( empty local-lis/les=52/53 n=0 ec=49/49 lis/c=52/52 les/c/f=53/53/0 sis=52) [4,0] r=1 lpr=52 crt=0'0 active mbc={}] do_peering_event: epoch_sent: 54 epoch_requested: 54 NullEvt
2026-02-11T23:30:36.255+0000 7f414b98b640 10 log is not dirty
2026-02-11T23:30:36.255+0000 7f414f993640 20 osd.0 op_wq(0) _process empty q, waiting
2026-02-11T23:30:36.255+0000 7f414b98b640 20 osd.0 op_wq(0) _process empty q, waiting
2026-02-11T23:30:36.327+0000 7f415bf00640 10 monclient: tick
2026-02-11T23:30:36.327+0000 7f415bf00640 10 monclient: _check_auth_tickets
2026-02-11T23:30:36.327+0000 7f415bf00640 10 monclient: _check_auth_rotating renewing rotating keys (they expired before
2026-02-11T23:30:06.327598+0000)
2026-02-11T23:30:36.430+0000 7f41633eb640 10 osd.0 54 tick
2026-02-11T23:30:36.430+0000 7f41633eb640 20 osd.0 54 tick last_purged_snaps_scrub
2026-02-11T23:30:18.281208+0000 next
2026-02-13T04:54:26.718708+0000
2026-02-11T23:30:36.627+0000 7f4147983640 5 osd.0 54 heartbeat osd_stat(store_statfs(0x384000/0x0/0x384000, data 0x2cd54/0x71000, compress 0x0/0x0/0x0, omap 0x52a3, meta 0x1a4ad5d), peers [1,2,3,4] op hist [])
2026-02-11T23:30:36.627+0000 7f4147983640 20 osd.0 54 check_full_status cur ratio 0, physical ratio 0, new state none
2026-02-11T23:30:36.627+0000 7f4147983640 1 -- 127.0.0.1:0/3294232400 --> [v2:127.0.0.1:6816/3043114013,v1:127.0.0.1:6817/3043114013] -- osd_ping(ping e54 up_from 5 ping_stamp
2026-02-11T23:30:36.628476+0000/19.303880692s send_stamp 19.303880692s delta_ub 2.011784554s) -- 0x4c9b080 con 0x48c4400
2026-02-11T23:30:36.627+0000 7f4147983640 1 -- 127.0.0.1:0/3294232400 --> [v2:127.0.0.1:6814/3043114013,v1:127.0.0.1:6815/3043114013] -- osd_ping(ping e54 up_from 5 ping_stamp
2026-02-11T23:30:36.628476+0000/19.303880692s send_stamp 19.303880692s delta_ub 2.011784554s) -- 0x4c9a900 con 0x4640c00
2026-02-11T23:30:36.627+0000 7f4147983640 1 -- 127.0.0.1:0/3294232400 --> [v2:127.0.0.1:6824/2365263801,v1:127.0.0.1:6825/2365263801] -- osd_ping(ping e54 up_from 5 ping_stamp
2026-02-11T23:30:36.628476+0000/19.303880692s send_stamp 19.303880692s delta_ub 4.566905499s) -- 0x4a89200 con 0x48c4000
2026-02-11T23:30:36.627+0000 7f4147983640 1 -- 127.0.0.1:0/3294232400 --> [v2:127.0.0.1:6822/2365263801,v1:127.0.0.1:6823/2365263801] -- osd_ping(ping e54 up_from 5 ping_stamp
2026-02-11T23:30:36.628476+0000/19.303880692s send_stamp 19.303880692s delta_ub 4.566905499s) -- 0x4a89980 con 0x48cd000
2026-02-11T23:30:36.627+0000 7f4147983640 1 -- 127.0.0.1:0/3294232400 --> [v2:127.0.0.1:6832/2699377081,v1:127.0.0.1:6833/2699377081] -- osd_ping(ping e54 up_from 5 ping_stamp
2026-02-11T23:30:36.628476+0000/19.303880692s send_stamp 19.303880692s delta_ub 7.219582558s) -- 0x4c9b980 con 0x48cd400
2026-02-11T23:30:36.627+0000 7f4147983640 1 -- 127.0.0.1:0/3294232400 --> [v2:127.0.0.1:6830/2699377081,v1:127.0.0.1:6831/2699377081] -- osd_ping(ping e54 up_from 5 ping_stamp
2026-02-11T23:30:36.628476+0000/19.303880692s send_stamp 19.303880692s delta_ub 7.219582558s) -- 0x4c9b800 con 0x48cd800
2026-02-11T23:30:36.627+0000 7f4147983640 1 -- 127.0.0.1:0/3294232400 --> [v2:127.0.0.1:6840/3331151400,v1:127.0.0.1:6841/3331151400] -- osd_ping(ping e54 up_from 5 ping_stamp
2026-02-11T23:30:36.628476+0000/19.303880692s send_stamp 19.303880692s delta_ub 9.836717606s) -- 0x4c9a600 con 0x507bc00
2026-02-11T23:30:36.627+0000 7f4147983640 1 -- 127.0.0.1:0/3294232400 --> [v2:127.0.0.1:6838/3331151400,v1:127.0.0.1:6839/3331151400] -- osd_ping(ping e54 up_from 5 ping_stamp
2026-02-11T23:30:36.628476+0000/19.303880692s send_stamp 19.303880692s delta_ub 9.836717606s) -- 0x4c9aa80 con 0x5282000
2026-02-11T23:30:36.627+0000 7f416abfa640 1 -- 127.0.0.1:0/3294232400 <== osd.2 v2:127.0.0.1:6822/2365263801 4 ==== osd_ping(ping_reply e52 up_from 14 ping_stamp
2026-02-11T23:30:36.628476+0000/19.303880692s send_stamp 14.737177849s delta_ub -4.566704273s) ==== 2033+0+0 (crc 0 0 0) 0x4c9a600 con 0x48cd000
2026-02-11T23:30:36.627+0000 7f416abfa640 20 osd.0 54 get_con_osd_cluster to osd.2 from_epoch 54
2026-02-11T23:30:36.627+0000 7f416abfa640 20 osd.0 54 get_nextmap_reserved map_reservations: {54=1}
2026-02-11T23:30:36.627+0000 7f416abfa640 20 osd.0 54 release_map epoch: 54
2026-02-11T23:30:36.627+0000 7f416abfa640 10 osd.0 54 maybe_share_map: con v2:127.0.0.1:6820/2365263801 updating session's projected_epoch from 44 to ping map epoch of 52
2026-02-11T23:30:36.627+0000 7f416abfa640 10 osd.0 54 maybe_share_map: con v2:127.0.0.1:6820/2365263801 map epoch 52 -> 54 (shared)
2026-02-11T23:30:36.627+0000 7f416abfa640 10 osd.0 54 send_incremental_map epoch range: (53, 54] to v2:127.0.0.1:6820/2365263801
2026-02-11T23:30:36.627+0000 7f416c3fd640 1 -- 127.0.0.1:0/3294232400 <== osd.4 v2:127.0.0.1:6838/3331151400 3 ==== osd_ping(ping_reply e53 up_from 23 ping_stamp
2026-02-11T23:30:36.628476+0000/19.303880692s send_stamp 9.467367172s delta_ub -9.836514473s) ==== 2033+0+0 (crc 0 0 0) 0x4c9aa80 con 0x5282000
2026-02-11T23:30:36.627+0000 7f416cbfe640 1 -- 127.0.0.1:0/3294232400 <== osd.2 v2:127.0.0.1:6824/2365263801 4 ==== osd_ping(ping_reply e52 up_from 14 ping_stamp
2026-02-11T23:30:36.628476+0000/19.303880692s send_stamp 14.737196922s delta_ub -4.566684246s) ==== 2033+0+0 (crc 0 0 0) 0x4a89200 con 0x48c4000
2026-02-11T23:30:36.627+0000 7f416abfa640 10 osd.0 54 add_map_inc_bl 54 574 bytes
2026-02-11T23:30:36.627+0000 7f416abfa640 1 -- [v2:127.0.0.1:6802/3294232400,v1:127.0.0.1:6803/3294232400] --> [v2:127.0.0.1:6820/2365263801,v1:127.0.0.1:6821/2365263801] -- osd_map(53..54 src has 1..54) -- 0x4a30fc0 con 0x507b800
2026-02-11T23:30:36.627+0000 7f416abfa640 20 osd.0 54 handle_osd_ping new stamps hbstamp(osd.2 up_from 14 peer_clock_delta [-4.566863537s,-4.566704273s])
2026-02-11T23:30:36.627+0000 7f416c3fd640 20 osd.0 54 get_con_osd_cluster to osd.4 from_epoch 54
2026-02-11T23:30:36.627+0000 7f416c3fd640 20 osd.0 54 get_nextmap_reserved map_reservations: {54=1}
2026-02-11T23:30:36.627+0000 7f416c3fd640 20 osd.0 54 release_map epoch: 54
2026-02-11T23:30:36.627+0000 7f416abfa640 1 -- 127.0.0.1:0/3294232400 <== osd.4 v2:127.0.0.1:6840/3331151400 3 ==== osd_ping(ping_reply e53 up_from 23 ping_stamp
2026-02-11T23:30:36.628476+0000/19.303880692s send_stamp 9.467392921s delta_ub -9.836487770s) ==== 2033+0+0 (crc 0 0 0) 0x4c9a600 con 0x507bc00
2026-02-11T23:30:36.627+0000 7f416c3fd640 10 osd.0 54 maybe_share_map: con v2:127.0.0.1:6836/3331151400 map epoch 53 -> 54 (shared)
2026-02-11T23:30:36.627+0000 7f416c3fd640 10 osd.0 54 send_incremental_map epoch range: (54, 54] to v2:127.0.0.1:6836/3331151400
2026-02-11T23:30:36.627+0000 7f416c3fd640 1 -- [v2:127.0.0.1:6802/3294232400,v1:127.0.0.1:6803/3294232400] --> [v2:127.0.0.1:6836/3331151400,v1:127.0.0.1:6837/3331151400] -- osd_map(54..54 src has 1..54) -- 0x5954a80 con 0x507ac00
2026-02-11T23:30:36.627+0000 7f416c3fd640 20 osd.0 54 handle_osd_ping new stamps hbstamp(osd.4 up_from 23 peer_clock_delta [-9.836812973s,-9.836514473s])
2026-02-11T23:30:36.627+0000 7f416cbfe640 20 osd.0 54 get_con_osd_cluster to osd.2 from_epoch 54
2026-02-11T23:30:36.627+0000 7f416cbfe640 20 osd.0 54 get_nextmap_reserved map_reservations: {54=1}
2026-02-11T23:30:36.627+0000 7f416c3fd640 1 -- 127.0.0.1:0/3294232400 <== osd.1 v2:127.0.0.1:6814/3043114013 5 ==== osd_ping(ping_reply e56 up_from 10 ping_stamp
2026-02-11T23:30:36.628476+0000/19.303880692s send_stamp 17.292480469s delta_ub -2.011401892s) ==== 2033+0+0 (crc 0 0 0) 0x4c9aa80 con 0x4640c00
2026-02-11T23:30:36.627+0000 7f416cbfe640 20 osd.0 54 release_map epoch: 54
2026-02-11T23:30:36.627+0000 7f416cbfe640 10 osd.0 54 maybe_share_map: con v2:127.0.0.1:6820/2365263801 our osdmap epoch of 54 is not newer than session's projected_epoch of 54
2026-02-11T23:30:36.627+0000 7f416cbfe640 20 osd.0 54 handle_osd_ping new stamps hbstamp(osd.2 up_from 14 peer_clock_delta [-4.567018509s,-4.566684246s])
2026-02-11T23:30:36.627+0000 7f416abfa640 20 osd.0 54 get_con_osd_cluster to osd.4 from_epoch 54
2026-02-11T23:30:36.627+0000 7f416abfa640 20 osd.0 54 get_nextmap_reserved map_reservations: {54=1}
2026-02-11T23:30:36.627+0000 7f416abfa640 20 osd.0 54 release_map epoch: 54
2026-02-11T23:30:36.627+0000 7f416abfa640 10 osd.0 54 maybe_share_map: con v2:127.0.0.1:6836/3331151400 our osdmap epoch of 54 is not newer than session's projected_epoch of 54
2026-02-11T23:30:36.627+0000 7f416abfa640 20 osd.0 54 handle_osd_ping new stamps hbstamp(osd.4 up_from 23 peer_clock_delta [-9.836840630s,-9.836487770s])
2026-02-11T23:30:36.627+0000 7f416c3fd640 20 osd.0 54 get_con_osd_cluster to osd.1 from_epoch 54
2026-02-11T23:30:36.627+0000 7f416c3fd640 20 osd.0 54 get_nextmap_reserved map_reservations: {54=1}
2026-02-11T23:30:36.627+0000 7f416c3fd640 20 osd.0 54 release_map epoch: 54
2026-02-11T23:30:36.627+0000 7f416c3fd640 10 osd.0 54 maybe_share_map: con v2:127.0.0.1:6812/3043114013 updating session's projected_epoch from 46 to ping map epoch of 56
2026-02-11T23:30:36.627+0000 7f416c3fd640 10 osd.0 54 maybe_share_map: con v2:127.0.0.1:6812/3043114013 our osdmap epoch of 54 is not newer than session's projected_epoch of 56
2026-02-11T23:30:36.627+0000 7f416abfa640 1 -- 127.0.0.1:0/3294232400 <== osd.1 v2:127.0.0.1:6816/3043114013 5 ==== osd_ping(ping_reply e56 up_from 10 ping_stamp
2026-02-11T23:30:36.628476+0000/19.303880692s send_stamp 17.292312622s delta_ub -2.011568069s) ==== 2033+0+0 (crc 0 0 0) 0x4c9a600 con 0x48c4400
2026-02-11T23:30:36.627+0000 7f416c3fd640 20 osd.0 54 handle_osd_ping new stamps hbstamp(osd.1 up_from 10 peer_clock_delta [-2.011767864s,-2.011401892s])
2026-02-11T23:30:36.627+0000 7f416abfa640 20 osd.0 54 get_con_osd_cluster to osd.1 from_epoch 54
2026-02-11T23:30:36.627+0000 7f416abfa640 20 osd.0 54 get_nextmap_reserved map_reservations: {54=1}
2026-02-11T23:30:36.627+0000 7f416abfa640 20 osd.0 54 release_map epoch: 54
2026-02-11T23:30:36.627+0000 7f416abfa640 10 osd.0 54 maybe_share_map: con v2:127.0.0.1:6812/3043114013 our osdmap epoch of 54 is not newer than session's projected_epoch of 56
2026-02-11T23:30:36.627+0000 7f416abfa640 20 osd.0 54 handle_osd_ping new stamps hbstamp(osd.1 up_from 10 peer_clock_delta [-2.011944771s,-2.011568069s])
2026-02-11T23:30:36.627+0000 7f416c3fd640 1 -- 127.0.0.1:0/3294232400 <== osd.3 v2:127.0.0.1:6830/2699377081 4 ==== osd_ping(ping_reply e55 up_from 19 ping_stamp
2026-02-11T23:30:36.628476+0000/19.303880692s send_stamp 12.084701538s delta_ub -7.219180584s) ==== 2033+0+0 (crc 0 0 0) 0x4c9aa80 con 0x48cd800
2026-02-11T23:30:36.627+0000 7f416c3fd640 20 osd.0 54 get_con_osd_cluster to osd.3 from_epoch 54
2026-02-11T23:30:36.627+0000 7f416c3fd640 20 osd.0 54 get_nextmap_reserved map_reservations: {54=1}
2026-02-11T23:30:36.627+0000 7f416c3fd640 20 osd.0 54 release_map epoch: 54
2026-02-11T23:30:36.627+0000 7f416c3fd640 10 osd.0 54 maybe_share_map: con v2:127.0.0.1:6828/2699377081 updating session's projected_epoch from 53 to ping map epoch of 55
2026-02-11T23:30:36.627+0000 7f416c3fd640 10 osd.0 54 maybe_share_map: con v2:127.0.0.1:6828/2699377081 our osdmap epoch of 54 is not newer than session's projected_epoch of 55
2026-02-11T23:30:36.627+0000 7f416c3fd640 20 osd.0 54 handle_osd_ping new stamps hbstamp(osd.3 up_from 19 peer_clock_delta [-7.219563961s,-7.219180584s])
2026-02-11T23:30:36.627+0000 7f415aefe640 1 -- [v2:127.0.0.1:6802/3294232400,v1:127.0.0.1:6803/3294232400] <== osd.3 v2:127.0.0.1:6828/2699377081 11 ==== osd_map(55..55 src has 1..55) ==== 618+0+0 (crc 0 0 0) 0x4a308c0 con 0x48ccc00
2026-02-11T23:30:36.627+0000 7f415aefe640 20 osd.0 54 OSD::ms_dispatch: osd_map(55..55 src has 1..55)
2026-02-11T23:30:36.627+0000 7f416abfa640 1 -- 127.0.0.1:0/3294232400 <== osd.3 v2:127.0.0.1:6832/2699377081 4 ==== osd_ping(ping_reply e55 up_from 19 ping_stamp
2026-02-11T23:30:36.628476+0000/19.303880692s send_stamp 12.084529877s delta_ub -7.219351768s) ==== 2033+0+0 (crc 0 0 0) 0x4c9a600 con 0x48cd400
2026-02-11T23:30:36.627+0000 7f415aefe640 20 osd.0 54 _dispatch 0x4a308c0 osd_map(55..55 src has 1..55)
2026-02-11T23:30:36.627+0000 7f416abfa640 20 osd.0 54 get_con_osd_cluster to osd.3 from_epoch 54
2026-02-11T23:30:36.627+0000 7f416abfa640 20 osd.0 54 get_nextmap_reserved map_reservations: {54=1}
2026-02-11T23:30:36.627+0000 7f416abfa640 20 osd.0 54 release_map epoch: 54
2026-02-11T23:30:36.627+0000 7f416abfa640 10 osd.0 54 maybe_share_map: con v2:127.0.0.1:6828/2699377081 our osdmap epoch of 54 is not newer than session's projected_epoch of 55
2026-02-11T23:30:36.627+0000 7f416abfa640 20 osd.0 54 handle_osd_ping new stamps hbstamp(osd.3 up_from 19 peer_clock_delta [-7.219748974s,-7.219351768s])
2026-02-11T23:30:36.627+0000 7f415aefe640 3 osd.0 54 handle_osd_map epochs [55,55], i have 54, src has [1,55]
2026-02-11T23:30:36.627+0000 7f415aefe640 10 osd.0 54 handle_osd_map: received 0 full maps and 1 incremental maps
2026-02-11T23:30:36.627+0000 7f415aefe640 10 osd.0 54 handle_osd_map got inc map for epoch 55
2026-02-11T23:30:36.627+0000 7f415aefe640 20 osd.0 54 got_full_map 55, nothing requested
2026-02-11T23:30:36.627+0000 7f415aefe640 20 osd.0 54 trim_maps: min=1 oldest_map=1
2026-02-11T23:30:36.627+0000 7f415aefe640 20 osd.0 54 handle_osd_map pg_num_history pg_num_history(e55 pg_nums {1={27=1},2={34=1},3={42=1},4={49=1}} deleted_pools )
2026-02-11T23:30:36.627+0000 7f415aefe640 10 snap_mapper record_purged_snaps purged_snaps {55={}}
2026-02-11T23:30:36.627+0000 7f415aefe640 10 snap_mapper record_purged_snaps rm 0 keys, set 0 keys
2026-02-11T23:30:36.627+0000 7f415aefe640 10 write_superblock sb(cb0a9481-482d-477a-a81c-1446b6498370 osd.0 01217804-d5cf-416e-93e4-5f1242b1c391 e55 maps [1~55] lci=[5,55] tlb=1)
2026-02-11T23:30:36.627+0000 7f415aefe640 1 -- [v2:127.0.0.1:6802/3294232400,v1:127.0.0.1:6803/3294232400] <== osd.1 v2:127.0.0.1:6812/3043114013 16 ==== osd_map(55..56 src has 1..56) ==== 1217+0+0 (unknown 0 0 0) 0x4a31180 con 0x4acb000
2026-02-11T23:30:36.627+0000 7f415aefe640 20 osd.0 54 OSD::ms_dispatch: osd_map(55..56 src has 1..56)
2026-02-11T23:30:36.627+0000 7f415aefe640 20 osd.0 54 _dispatch 0x4a31180 osd_map(55..56 src has 1..56)
2026-02-11T23:30:36.627+0000 7f415aefe640 3 osd.0 54 handle_osd_map epochs [55,56], i have 55, src has [1,56]
2026-02-11T23:30:36.627+0000 7f415aefe640 10 osd.0 54 handle_osd_map: received 0 full maps and 2 incremental maps
2026-02-11T23:30:36.627+0000 7f415aefe640 10 osd.0 54 handle_osd_map got inc map for epoch 56
2026-02-11T23:30:36.627+0000 7f415aefe640 20 osd.0 54 got_full_map 56, nothing requested
2026-02-11T23:30:36.627+0000 7f415aefe640 10 osd.0 54 _track_pools_and_pg_num_changes recording new pool 5 pg_num 1
2026-02-11T23:30:36.627+0000 7f415aefe640 20 osd.0 54 trim_maps: min=1 oldest_map=1
2026-02-11T23:30:36.627+0000 7f415aefe640 20 osd.0 54 handle_osd_map pg_num_history pg_num_history(e56 pg_nums {1={27=1},2={34=1},3={42=1},4={49=1},5={56=1}} deleted_pools )
2026-02-11T23:30:36.627+0000 7f415aefe640 10 snap_mapper record_purged_snaps purged_snaps {56={}}
2026-02-11T23:30:36.627+0000 7f415aefe640 10 snap_mapper record_purged_snaps rm 0 keys, set 0 keys
2026-02-11T23:30:36.627+0000 7f415aefe640 10 write_superblock sb(cb0a9481-482d-477a-a81c-1446b6498370 osd.0 01217804-d5cf-416e-93e4-5f1242b1c391 e56 maps [1~56] lci=[5,56] tlb=1)
2026-02-11T23:30:36.627+0000 7f41591a6640 10 osd.0 54 _committed_osd_maps 55..55
2026-02-11T23:30:36.627+0000 7f41591a6640 10 osd.0 54 advance to epoch 55 (<= last 55 <= newest_map 56)
2026-02-11T23:30:36.627+0000 7f41591a6640 20 osd.0 55 consume_map version 55
2026-02-11T23:30:36.627+0000 7f41591a6640 20 osd.0 54 await_reserved_maps epoch:55
2026-02-11T23:30:36.627+0000 7f41591a6640 20 osd.0 54 await_reserved_maps done 0
2026-02-11T23:30:36.627+0000 7f41591a6640 20 osd.0 55 consume_map 55 -- publish done
2026-02-11T23:30:36.627+0000 7f41591a6640 20 osd.0:0.identify_splits_and_merges identify_splits_and_merges 2 slots
2026-02-11T23:30:36.627+0000 7f41591a6640 20 osd.0:0.identify_splits_and_merges identify_splits_and_merges slot pgid:4.0slot:0x37582c0
2026-02-11T23:30:36.627+0000 7f41591a6640 20 osd.0 55 identify_splits_and_merges 4.0 e54 to e55
2026-02-11T23:30:36.627+0000 7f41591a6640 20 osd.0 55 identify_splits_and_merges 4.0 e54 to e55 pg_nums {49=1}
2026-02-11T23:30:36.627+0000 7f41591a6640 20 osd.0:0.identify_splits_and_merges identify_splits_and_merges slot pgid:1.0slot:0x3700dc0
2026-02-11T23:30:36.627+0000 7f41591a6640 20 osd.0 55 identify_splits_and_merges 1.0 e54 to e55
2026-02-11T23:30:36.627+0000 7f41591a6640 20 osd.0 55 identify_splits_and_merges 1.0 e54 to e55 pg_nums {27=1}
2026-02-11T23:30:36.627+0000 7f41591a6640 20 osd.0:0.identify_splits_and_merges identify_splits_and_merges 0 splits, 0 merges
2026-02-11T23:30:36.627+0000 7f41591a6640 20 osd.0:1.identify_splits_and_merges identify_splits_and_merges 0 slots
2026-02-11T23:30:36.627+0000 7f41591a6640 20 osd.0:1.identify_splits_and_merges identify_splits_and_merges 0 splits, 0 merges
2026-02-11T23:30:36.627+0000 7f41591a6640 20 osd.0:2.identify_splits_and_merges identify_splits_and_merges 0 slots
2026-02-11T23:30:36.627+0000 7f41591a6640 20 osd.0:2.identify_splits_and_merges identify_splits_and_merges 0 splits, 0 merges
2026-02-11T23:30:36.627+0000 7f41591a6640 20 osd.0:3.identify_splits_and_merges identify_splits_and_merges 0 slots
2026-02-11T23:30:36.627+0000 7f41591a6640 20 osd.0:3.identify_splits_and_merges identify_splits_and_merges 0 splits, 0 merges
2026-02-11T23:30:36.627+0000 7f41591a6640 20 osd.0:4.identify_splits_and_merges identify_splits_and_merges 0 slots
2026-02-11T23:30:36.627+0000 7f41591a6640 20 osd.0:4.identify_splits_and_merges identify_splits_and_merges 0 splits, 0 merges
2026-02-11T23:30:36.627+0000 7f41591a6640 20 osd.0:5.identify_splits_and_merges identify_splits_and_merges 0 slots
2026-02-11T23:30:36.627+0000 7f41591a6640 20 osd.0:5.identify_splits_and_merges identify_splits_and_merges 0 splits, 0 merges
2026-02-11T23:30:36.627+0000 7f41591a6640 20 osd.0:6.identify_splits_and_merges identify_splits_and_merges 0 slots
2026-02-11T23:30:36.627+0000 7f41591a6640 20 osd.0:6.identify_splits_and_merges identify_splits_and_merges 0 splits, 0 merges
2026-02-11T23:30:36.627+0000 7f41591a6640 20 osd.0:7.identify_splits_and_merges identify_splits_and_merges 0 slots
2026-02-11T23:30:36.627+0000 7f41591a6640 20 osd.0:7.identify_splits_and_merges identify_splits_and_merges 0 splits, 0 merges
2026-02-11T23:30:36.627+0000 7f41591a6640 20 osd.0 55 prune_pg_created
2026-02-11T23:30:36.627+0000 7f41591a6640 10 osd.0:0.consume_map 55 (was 54)
2026-02-11T23:30:36.627+0000 7f41591a6640 20 osd.0:0.consume_map consume_map 4.0
2026-02-11T23:30:36.627+0000 7f41591a6640 20 osd.0:0.consume_map consume_map 1.0
2026-02-11T23:30:36.627+0000 7f41591a6640 10 osd.0:1.consume_map 55 (was 54)
2026-02-11T23:30:36.627+0000 7f41591a6640 10 osd.0:2.consume_map 55 (was 54)
2026-02-11T23:30:36.627+0000 7f41591a6640 10 osd.0:3.consume_map 55 (was 54)
2026-02-11T23:30:36.627+0000 7f41591a6640 10 osd.0:4.consume_map 55 (was 54)
2026-02-11T23:30:36.627+0000 7f41591a6640 10 osd.0:5.consume_map 55 (was 54)
2026-02-11T23:30:36.627+0000 7f41591a6640 10 osd.0:6.consume_map 55 (was 54)
2026-02-11T23:30:36.627+0000 7f41591a6640 10 osd.0:7.consume_map 55 (was 54)
2026-02-11T23:30:36.627+0000 7f41591a6640 10 osd.0 55 release_reserved_pushes(0), recovery_ops_reserved 0 -> 0
2026-02-11T23:30:36.627+0000 7f41591a6640 15 osd.0 55 enqueue_peering_evt 4.0 epoch_sent: 55 epoch_requested: 55 NullEvt
2026-02-11T23:30:36.627+0000 7f41591a6640 20 osd.0 op_wq(0) _enqueue OpSchedulerItem(4.0 PGPeeringEvent(epoch_sent: 55 epoch_requested: 55 NullEvt) class_id 2 prio 255 cost 10 e55)
2026-02-11T23:30:36.627+0000 7f41591a6640 15 osd.0 55 enqueue_peering_evt 1.0 epoch_sent: 55 epoch_requested: 55 NullEvt
2026-02-11T23:30:36.627+0000 7f41591a6640 20 osd.0 op_wq(0) _enqueue OpSchedulerItem(1.0 PGPeeringEvent(epoch_sent: 55 epoch_requested: 55 NullEvt) class_id 2 prio 255 cost 10 e55)
2026-02-11T23:30:36.627+0000 7f414b98b640 20 osd.0 op_wq(0) _process 4.0 to_process <> waiting <> waiting_peering {}
2026-02-11T23:30:36.627+0000 7f414b98b640 20 osd.0 op_wq(0) _process OpSchedulerItem(4.0 PGPeeringEvent(epoch_sent: 55 epoch_requested: 55 NullEvt) class_id 2immediate prio 255 cost 10 e55) queued
2026-02-11T23:30:36.627+0000 7f414b98b640 20 osd.0 op_wq(0) _process 4.0 to_process waiting <> waiting_peering {}
2026-02-11T23:30:36.627+0000 7f414b98b640 20 osd.0 op_wq(0) _process OpSchedulerItem(4.0 PGPeeringEvent(epoch_sent: 55 epoch_requested: 55 NullEvt) class_id 2immediate prio 255 cost 10 e55) pg 0x5978000
2026-02-11T23:30:36.627+0000 7f414f993640 20 osd.0 op_wq(0) _process empty q, waiting
2026-02-11T23:30:36.627+0000 7f414b98b640 10 osd.0 pg_epoch: 54 pg[4.0( empty local-lis/les=52/53 n=0 ec=49/49 lis/c=52/52 les/c/f=53/53/0 sis=52) [4,0] r=1 lpr=52 crt=0'0 active mbc={}] handle_advance_map: 55
2026-02-11T23:30:36.627+0000 7f414b98b640 20 osd.0:0.update_pg_epoch 4.0 54 -> 55
2026-02-11T23:30:36.627+0000 7f414b98b640 10 osd.0 pg_epoch: 54 pg[4.0( empty local-lis/les=52/53 n=0 ec=49/49 lis/c=52/52 les/c/f=53/53/0 sis=52) [4,0] r=1 lpr=52 crt=0'0 active mbc={}] PeeringState::advance_map handle_advance_map [4,0]/[4,0] -- 4/4
2026-02-11T23:30:36.627+0000 7f41591a6640 7 osd.0 55 activate_map version 55
2026-02-11T23:30:36.627+0000 7f414b98b640 10 osd.0 pg_epoch: 55 pg[4.0( empty local-lis/les=52/53 n=0 ec=49/49 lis/c=52/52 les/c/f=53/53/0 sis=52) [4,0] r=1 lpr=52 crt=0'0 active mbc={}] state: Started advmap
2026-02-11T23:30:36.627+0000 7f414b98b640 10 osd.0 pg_epoch: 55 pg[4.0( empty local-lis/les=52/53 n=0 ec=49/49 lis/c=52/52 les/c/f=53/53/0 sis=52) [4,0] r=1 lpr=52 crt=0'0 active mbc={}] check_recovery_sources no source osds () went down
2026-02-11T23:30:36.627+0000 7f414b98b640 10 osd.0 pg_epoch: 55 pg[4.0( empty local-lis/les=52/53 n=0 ec=49/49 lis/c=52/52 les/c/f=53/53/0 sis=52) [4,0] r=1 lpr=52 crt=0'0 active mbc={}] plpg_on_pool_change
2026-02-11T23:30:36.627+0000 7f414f993640 20 osd.0 op_wq(0) _process 1.0 to_process <> waiting <> waiting_peering {}
2026-02-11T23:30:36.627+0000 7f414b98b640 20 osd.0 pg_epoch: 55 pg[4.0( empty local-lis/les=52/53 n=0 ec=49/49 lis/c=52/52 les/c/f=53/53/0 sis=52) [4,0] r=1 lpr=52 crt=0'0 active mbc={}] hit_set_clear
2026-02-11T23:30:36.627+0000 7f414f993640 20 osd.0 op_wq(0) _process OpSchedulerItem(1.0 PGPeeringEvent(epoch_sent: 55 epoch_requested: 55 NullEvt) class_id 2immediate prio 255 cost 10 e55) queued
2026-02-11T23:30:36.627+0000 7f414b98b640 20 osd.0 pg_epoch: 55 pg[4.0( empty local-lis/les=52/53 n=0 ec=49/49 lis/c=52/52 les/c/f=53/53/0 sis=52) [4,0] r=1 lpr=52 crt=0'0 active mbc={}] agent_stop
2026-02-11T23:30:36.627+0000 7f41591a6640 10 osd.0 55 _committed_osd_maps 56..56
2026-02-11T23:30:36.627+0000 7f414f993640 20 osd.0 op_wq(0) _process 1.0 to_process waiting <> waiting_peering {}
2026-02-11T23:30:36.627+0000 7f41591a6640 10 osd.0 55 advance to epoch 56 (<= last 56 <= newest_map 56)
2026-02-11T23:30:36.627+0000 7f414b98b640 20 osd.0 55 advance_pg new pool opts old pool opts
2026-02-11T23:30:36.627+0000 7f414f993640 20 osd.0 op_wq(0) _process OpSchedulerItem(1.0 PGPeeringEvent(epoch_sent: 55 epoch_requested: 55 NullEvt) class_id 2immediate prio 255 cost 10 e55) pg 0x5946000
2026-02-11T23:30:36.627+0000 7f414b98b640 10 osd.0 pg_epoch: 55 pg[4.0( empty local-lis/les=52/53 n=0 ec=49/49 lis/c=52/52 les/c/f=53/53/0 sis=52) [4,0] r=1 lpr=52 crt=0'0 active mbc={}] handle_activate_map: epoch range: 55..55
2026-02-11T23:30:36.627+0000 7f414b98b640 10 osd.0 pg_epoch: 55 pg[4.0( empty local-lis/les=52/53 n=0 ec=49/49 lis/c=52/52 les/c/f=53/53/0 sis=52) [4,0] r=1 lpr=52 crt=0'0 active mbc={}] PeeringState::activate_map
2026-02-11T23:30:36.627+0000 7f4150194640 20 osd.0 55 agent_entry empty queue
2026-02-11T23:30:36.627+0000 7f41591a6640 20 osd.0 56 consume_map version 56
2026-02-11T23:30:36.627+0000 7f414b98b640 20 osd.0 pg_epoch: 55 pg[4.0( empty local-lis/les=52/53 n=0 ec=49/49 lis/c=52/52 les/c/f=53/53/0 sis=52) [4,0] r=1 lpr=52 crt=0'0 active mbc={}] PeeringState::activate_map : Not dirtying info: last_persisted is 53 while current is 55
2026-02-11T23:30:36.627+0000 7f414b98b640 10 log is not dirty
2026-02-11T23:30:36.627+0000 7f41591a6640 20 osd.0 55 await_reserved_maps epoch:56
2026-02-11T23:30:36.627+0000 7f41591a6640 20 osd.0 55 await_reserved_maps done 0
2026-02-11T23:30:36.627+0000 7f41591a6640 20 osd.0 56 consume_map 56 -- publish done
2026-02-11T23:30:36.627+0000 7f414b98b640 10 osd.0 pg_epoch: 55 pg[4.0( empty local-lis/les=52/53 n=0 ec=49/49 lis/c=52/52 les/c/f=53/53/0 sis=52) [4,0] r=1 lpr=52 crt=0'0 active mbc={}] on_scrub_schedule_input_change: inactive, non-primary - or already scrubbing
2026-02-11T23:30:36.627+0000 7f41591a6640 20 osd.0:0.identify_splits_and_merges identify_splits_and_merges 2 slots
2026-02-11T23:30:36.627+0000 7f414f993640 10 osd.0 pg_epoch: 54 pg[1.0( empty local-lis/les=29/30 n=0 ec=27/27 lis/c=29/29 les/c/f=30/30/0 sis=29) [1,0] r=1 lpr=29 crt=0'0 active mbc={}] handle_advance_map: 55
2026-02-11T23:30:36.627+0000 7f414b98b640 10 osd.0 pg_epoch: 55 pg[4.0( empty local-lis/les=52/53 n=0 ec=49/49 lis/c=52/52 les/c/f=53/53/0 sis=52) [4,0] r=1 lpr=52 crt=0'0 active mbc={}] do_peering_event: epoch_sent: 55 epoch_requested: 55 NullEvt
2026-02-11T23:30:36.627+0000 7f41591a6640 20 osd.0:0.identify_splits_and_merges identify_splits_and_merges slot pgid:4.0slot:0x37582c0
2026-02-11T23:30:36.627+0000 7f414b98b640 10 log is not dirty
2026-02-11T23:30:36.627+0000 7f41591a6640 20 osd.0 56 identify_splits_and_merges 4.0 e55 to e56
2026-02-11T23:30:36.627+0000 7f41591a6640 20 osd.0 56 identify_splits_and_merges 4.0 e55 to e56 pg_nums {49=1}
2026-02-11T23:30:36.627+0000 7f41591a6640 20 osd.0:0.identify_splits_and_merges identify_splits_and_merges slot pgid:1.0slot:0x3700dc0
2026-02-11T23:30:36.627+0000 7f41591a6640 20 osd.0 56 identify_splits_and_merges 1.0 e55 to e56
2026-02-11T23:30:36.627+0000 7f41591a6640 20 osd.0 56 identify_splits_and_merges 1.0 e55 to e56 pg_nums {27=1}
2026-02-11T23:30:36.627+0000 7f41591a6640 20 osd.0:0.identify_splits_and_merges identify_splits_and_merges 0 splits, 0 merges
2026-02-11T23:30:36.627+0000 7f41591a6640 20 osd.0:1.identify_splits_and_merges identify_splits_and_merges 0 slots
2026-02-11T23:30:36.627+0000 7f41591a6640 20 osd.0:1.identify_splits_and_merges identify_splits_and_merges 0 splits, 0 merges
2026-02-11T23:30:36.627+0000 7f41591a6640 20 osd.0:2.identify_splits_and_merges identify_splits_and_merges 0 slots
2026-02-11T23:30:36.627+0000 7f41591a6640 20 osd.0:2.identify_splits_and_merges identify_splits_and_merges 0 splits, 0 merges
2026-02-11T23:30:36.627+0000 7f41591a6640 20 osd.0:3.identify_splits_and_merges identify_splits_and_merges 0 slots
2026-02-11T23:30:36.627+0000 7f41591a6640 20 osd.0:3.identify_splits_and_merges identify_splits_and_merges 0 splits, 0 merges
2026-02-11T23:30:36.627+0000 7f414f993640 20 osd.0:0.update_pg_epoch 1.0 54 -> 55
2026-02-11T23:30:36.627+0000 7f41591a6640 20 osd.0:4.identify_splits_and_merges identify_splits_and_merges 0 slots
2026-02-11T23:30:36.627+0000 7f41591a6640 20 osd.0:4.identify_splits_and_merges identify_splits_and_merges 0 splits, 0 merges
2026-02-11T23:30:36.627+0000 7f41591a6640 20 osd.0:5.identify_splits_and_merges identify_splits_and_merges 0 slots
2026-02-11T23:30:36.627+0000 7f41591a6640 20 osd.0:5.identify_splits_and_merges identify_splits_and_merges 0 splits, 0 merges
2026-02-11T23:30:36.627+0000 7f41591a6640 20 osd.0:6.identify_splits_and_merges identify_splits_and_merges 0 slots
2026-02-11T23:30:36.627+0000 7f41591a6640 20 osd.0:6.identify_splits_and_merges identify_splits_and_merges 0 splits, 0 merges
2026-02-11T23:30:36.627+0000 7f41591a6640 20 osd.0:7.identify_splits_and_merges identify_splits_and_merges 0 slots
2026-02-11T23:30:36.627+0000 7f414f993640 10 osd.0 pg_epoch: 54 pg[1.0( empty local-lis/les=29/30 n=0 ec=27/27 lis/c=29/29 les/c/f=30/30/0 sis=29) [1,0] r=1 lpr=29 crt=0'0 active mbc={}] PeeringState::advance_map handle_advance_map [1,0]/[1,0] -- 1/1
2026-02-11T23:30:36.627+0000 7f414b98b640 20 osd.0 op_wq(0) _process empty q, waiting
2026-02-11T23:30:36.627+0000 7f41591a6640 20 osd.0:7.identify_splits_and_merges identify_splits_and_merges 0 splits, 0 merges
2026-02-11T23:30:36.627+0000 7f41591a6640 20 osd.0 56 prune_pg_created
2026-02-11T23:30:36.627+0000 7f414f993640 10 osd.0 pg_epoch: 55 pg[1.0( empty local-lis/les=29/30 n=0 ec=27/27 lis/c=29/29 les/c/f=30/30/0 sis=29) [1,0] r=1 lpr=29 crt=0'0 active mbc={}] state: Started advmap
2026-02-11T23:30:36.627+0000 7f41591a6640 10 osd.0:0.consume_map 56 (was 55)
2026-02-11T23:30:36.627+0000 7f41591a6640 20 osd.0:0.consume_map consume_map 4.0
2026-02-11T23:30:36.627+0000 7f41591a6640 20 osd.0:0.consume_map consume_map 1.0
2026-02-11T23:30:36.627+0000 7f414f993640 10 osd.0 pg_epoch: 55 pg[1.0( empty local-lis/les=29/30 n=0 ec=27/27 lis/c=29/29 les/c/f=30/30/0 sis=29) [1,0] r=1 lpr=29 crt=0'0 active mbc={}] check_recovery_sources no source osds () went down
2026-02-11T23:30:36.627+0000 7f41591a6640 10 osd.0:1.consume_map 56 (was 55)
2026-02-11T23:30:36.628+0000 7f41591a6640 10 osd.0:2.consume_map 56 (was 55)
2026-02-11T23:30:36.628+0000 7f41591a6640 10 osd.0:3.consume_map 56 (was 55)
2026-02-11T23:30:36.628+0000 7f414f993640 20 osd.0 56 advance_pg new pool opts old pool opts
2026-02-11T23:30:36.628+0000 7f41591a6640 10 osd.0:4.consume_map 56 (was 55)
2026-02-11T23:30:36.628+0000 7f41591a6640 10 osd.0:5.consume_map 56 (was 55)
2026-02-11T23:30:36.628+0000 7f414f993640 10 osd.0 pg_epoch: 55 pg[1.0( empty local-lis/les=29/30 n=0 ec=27/27 lis/c=29/29 les/c/f=30/30/0 sis=29) [1,0] r=1 lpr=29 crt=0'0 active mbc={}] handle_activate_map: epoch range: 55..55
2026-02-11T23:30:36.628+0000 7f41591a6640 10 osd.0:6.consume_map 56 (was 55)
2026-02-11T23:30:36.628+0000 7f414f993640 10 osd.0 pg_epoch: 55 pg[1.0( empty local-lis/les=29/30 n=0 ec=27/27 lis/c=29/29 les/c/f=30/30/0 sis=29) [1,0] r=1 lpr=29 crt=0'0 active mbc={}] PeeringState::activate_map
2026-02-11T23:30:36.628+0000 7f41591a6640 10 osd.0:7.consume_map 56 (was 55)
2026-02-11T23:30:36.628+0000 7f414f993640 20 osd.0 pg_epoch: 55 pg[1.0( empty local-lis/les=29/30 n=0 ec=27/27 lis/c=29/29 les/c/f=30/30/0 sis=29) [1,0] r=1 lpr=29 crt=0'0 active mbc={}] PeeringState::activate_map : Not dirtying info: last_persisted is 30 while current is 55
2026-02-11T23:30:36.628+0000 7f41591a6640 10 osd.0 56 release_reserved_pushes(0), recovery_ops_reserved 0 -> 0
2026-02-11T23:30:36.628+0000 7f414f993640 10 log is not dirty
2026-02-11T23:30:36.628+0000 7f414f993640 10 osd.0 pg_epoch: 55 pg[1.0( empty local-lis/les=29/30 n=0 ec=27/27 lis/c=29/29 les/c/f=30/30/0 sis=29) [1,0] r=1 lpr=29 crt=0'0 active mbc={}] do_peering_event: epoch_sent: 55 epoch_requested: 55 NullEvt
2026-02-11T23:30:36.628+0000 7f414f993640 10 log is not dirty
2026-02-11T23:30:36.628+0000 7f41591a6640 15 osd.0 56 enqueue_peering_evt 4.0 epoch_sent: 56 epoch_requested: 56 NullEvt
2026-02-11T23:30:36.628+0000 7f41591a6640 20 osd.0 op_wq(0) _enqueue OpSchedulerItem(4.0 PGPeeringEvent(epoch_sent: 56 epoch_requested: 56 NullEvt) class_id 2 prio 255 cost 10 e56)
2026-02-11T23:30:36.628+0000 7f414f993640 20 osd.0 op_wq(0) _process empty q, waiting
