2026-02-11T23:30:35.887+0000 7f414b98b640 1 osd.0 pg_epoch: 52 pg[4.0( empty local-lis/les=49/50 n=0 ec=49/49 lis/c=49/49 les/c/f=50/50/0 sis=52 pruub=15.481337547s) [4,0] r=1 lpr=52 pi=[49,52)/1 crt=0'0 active pruub 34.045890808s@ mbc={}] PeeringState::start_peering_interval up [4,0,3] -> [4,0], acting [4,0,3] -> [4,0], acting_primary 4 -> 4, up_primary 4 -> 4, role 1 -> 1, features acting 4544132024016699391 upacting 4544132024016699391
2026-02-11T23:30:35.887+0000 7f414b98b640 10 osd.0 pg_epoch: 52 pg[4.0( empty local-lis/les=49/50 n=0 ec=49/49 lis/c=49/49 les/c/f=50/50/0 sis=52 pruub=15.481337547s) [4,0] r=1 lpr=52 pi=[49,52)/1 crt=0'0 unknown pruub 34.045890808s@ mbc={}] PeeringState::clear_primary_state clear_primary_state
2026-02-11T23:30:35.887+0000 7f414b98b640 20 osd.0 pg_epoch: 52 pg[4.0( empty local-lis/les=49/50 n=0 ec=49/49 lis/c=49/49 les/c/f=50/50/0 sis=52 pruub=15.481337547s) [4,0] r=1 lpr=52 pi=[49,52)/1 crt=0'0 unknown pruub 34.045890808s@ mbc={}] clear_primary_state
2026-02-11T23:30:35.887+0000 7f414b98b640 10 osd.0 pg_epoch: 52 pg[4.0( empty local-lis/les=49/50 n=0 ec=49/49 lis/c=49/49 les/c/f=50/50/0 sis=52 pruub=15.481337547s) [4,0] r=1 lpr=52 pi=[49,52)/1 crt=0'0 unknown pruub 34.045890808s@ mbc={}] release_backoffs [4:00000000::::0,MAX)
2026-02-11T23:30:35.887+0000 7f414b98b640 10 osd.0 pg_epoch: 52 pg[4.0( empty local-lis/les=49/50 n=0 ec=49/49 lis/c=49/49 les/c/f=50/50/0 sis=52 pruub=15.481337547s) [4,0] r=1 lpr=52 pi=[49,52)/1 crt=0'0 unknown pruub 34.045890808s@ mbc={}] scrubber: on_new_interval: current role:Replica/other active?false q/a:false
2026-02-11T23:30:35.887+0000 7f414b98b640 20 scrubberFSM event: --vvvv---- IntervalChanged
2026-02-11T23:30:35.887+0000 7f414b98b640 20 scrubberFSM event: --^^^^---- IntervalChanged
2026-02-11T23:30:35.887+0000 7f414b98b640 20 osd.0 pg_epoch: 52 pg[4.0( empty local-lis/les=49/50 n=0 ec=49/49 lis/c=49/49 les/c/f=50/50/0 sis=52 pruub=15.481337547s) [4,0] r=1 lpr=52 pi=[49,52)/1 crt=0'0 unknown pruub 34.045890808s@ mbc={}] agent_stop
2026-02-11T23:30:35.887+0000 7f414b98b640 10 osd.0 pg_epoch: 52 pg[4.0( empty local-lis/les=49/50 n=0 ec=49/49 lis/c=49/49 les/c/f=50/50/0 sis=52 pruub=15.481337547s) [4,0] r=1 lpr=52 pi=[49,52)/1 crt=0'0 unknown pruub 34.045890808s@ mbc={}] on_change
2026-02-11T23:30:35.887+0000 7f414b98b640 10 osd.0 pg_epoch: 52 pg[4.0( empty local-lis/les=49/50 n=0 ec=49/49 lis/c=49/49 les/c/f=50/50/0 sis=52 pruub=15.481337547s) [4,0] r=1 lpr=52 pi=[49,52)/1 crt=0'0 unknown pruub 34.045890808s@ mbc={}] cancel_copy_ops
2026-02-11T23:30:35.887+0000 7f414b98b640 10 osd.0 pg_epoch: 52 pg[4.0( empty local-lis/les=49/50 n=0 ec=49/49 lis/c=49/49 les/c/f=50/50/0 sis=52 pruub=15.481337547s) [4,0] r=1 lpr=52 pi=[49,52)/1 crt=0'0 unknown pruub 34.045890808s@ mbc={}] cancel_flush_ops
2026-02-11T23:30:35.887+0000 7f414b98b640 10 osd.0 pg_epoch: 52 pg[4.0( empty local-lis/les=49/50 n=0 ec=49/49 lis/c=49/49 les/c/f=50/50/0 sis=52 pruub=15.481337547s) [4,0] r=1 lpr=52 pi=[49,52)/1 crt=0'0 unknown pruub 34.045890808s@ mbc={}] cancel_proxy_ops
2026-02-11T23:30:35.887+0000 7f414b98b640 10 osd.0 pg_epoch: 52 pg[4.0( empty local-lis/les=49/50 n=0 ec=49/49 lis/c=49/49 les/c/f=50/50/0 sis=52 pruub=15.481337547s) [4,0] r=1 lpr=52 pi=[49,52)/1 crt=0'0 unknown pruub 34.045890808s@ mbc={}] cancel_manifest_ops
2026-02-11T23:30:35.887+0000 7f414b98b640 10 osd.0 pg_epoch: 52 pg[4.0( empty local-lis/les=49/50 n=0 ec=49/49 lis/c=49/49 les/c/f=50/50/0 sis=52 pruub=15.481337547s) [4,0] r=1 lpr=52 pi=[49,52)/1 crt=0'0 unknown pruub 34.045890808s@ mbc={}] cancel_cls_gather_ops
2026-02-11T23:30:35.887+0000 7f414b98b640 10 osd.0 pg_epoch: 52 pg[4.0( empty local-lis/les=49/50 n=0 ec=49/49 lis/c=49/49 les/c/f=50/50/0 sis=52 pruub=15.481337547s) [4,0] r=1 lpr=52 pi=[49,52)/1 crt=0'0 unknown pruub 34.045890808s@ mbc={}] on_change_cleanup
2026-02-11T23:30:35.887+0000 7f414b98b640 10 osd.0 pg_epoch: 52 pg[4.0( empty local-lis/les=49/50 n=0 ec=49/49 lis/c=49/49 les/c/f=50/50/0 sis=52 pruub=15.481337547s) [4,0] r=1 lpr=52 pi=[49,52)/1 crt=0'0 unknown pruub 34.045890808s@ mbc={}] on_change
2026-02-11T23:30:35.887+0000 7f414b98b640 20 osd.0 pg_epoch: 52 pg[4.0( empty local-lis/les=49/50 n=0 ec=49/49 lis/c=49/49 les/c/f=50/50/0 sis=52 pruub=15.481337547s) [4,0] r=1 lpr=52 pi=[49,52)/1 crt=0'0 unknown pruub 34.045890808s@ mbc={}] exit NotTrimming
2026-02-11T23:30:35.887+0000 7f414b98b640 20 osd.0 pg_epoch: 52 pg[4.0( empty local-lis/les=49/50 n=0 ec=49/49 lis/c=49/49 les/c/f=50/50/0 sis=52 pruub=15.481337547s) [4,0] r=1 lpr=52 pi=[49,52)/1 crt=0'0 unknown pruub 34.045890808s@ mbc={}] enter NotTrimming
2026-02-11T23:30:35.887+0000 7f414b98b640 10 osd.0 pg_epoch: 52 pg[4.0( empty local-lis/les=49/50 n=0 ec=49/49 lis/c=49/49 les/c/f=50/50/0 sis=52 pruub=15.481337547s) [4,0] r=1 lpr=52 pi=[49,52)/1 crt=0'0 unknown NOTIFY pruub 34.045890808s@ mbc={}] check_recovery_sources no source osds () went down
2026-02-11T23:30:35.887+0000 7f414b98b640 10 osd.0 pg_epoch: 52 pg[4.0( empty local-lis/les=49/50 n=0 ec=49/49 lis/c=49/49 les/c/f=50/50/0 sis=52 pruub=15.481337547s) [4,0] r=1 lpr=52 pi=[49,52)/1 crt=0'0 unknown NOTIFY pruub 34.045890808s@ mbc={}] plpg_on_pool_change
2026-02-11T23:30:35.887+0000 7f414b98b640 20 osd.0 pg_epoch: 52 pg[4.0( empty local-lis/les=49/50 n=0 ec=49/49 lis/c=49/49 les/c/f=50/50/0 sis=52 pruub=15.481337547s) [4,0] r=1 lpr=52 pi=[49,52)/1 crt=0'0 unknown NOTIFY pruub 34.045890808s@ mbc={}] hit_set_clear
2026-02-11T23:30:35.887+0000 7f414b98b640 20 osd.0 pg_epoch: 52 pg[4.0( empty local-lis/les=49/50 n=0 ec=49/49 lis/c=49/49 les/c/f=50/50/0 sis=52 pruub=15.481337547s) [4,0] r=1 lpr=52 pi=[49,52)/1 crt=0'0 unknown NOTIFY pruub 34.045890808s@ mbc={}] agent_stop
2026-02-11T23:30:35.887+0000 7f414b98b640 20 osd.0 52 advance_pg new pool opts old pool opts
2026-02-11T23:30:35.887+0000 7f414b98b640 10 osd.0 pg_epoch: 52 pg[4.0( empty local-lis/les=49/50 n=0 ec=49/49 lis/c=49/49 les/c/f=50/50/0 sis=52 pruub=15.481337547s) [4,0] r=1 lpr=52 pi=[49,52)/1 crt=0'0 unknown NOTIFY pruub 34.045890808s@ mbc={}] handle_activate_map: epoch range: 51..52
2026-02-11T23:30:35.887+0000 7f414b98b640 10 osd.0 pg_epoch: 52 pg[4.0( empty local-lis/les=49/50 n=0 ec=49/49 lis/c=49/49 les/c/f=50/50/0 sis=52 pruub=15.481337547s) [4,0] r=1 lpr=52 pi=[49,52)/1 crt=0'0 unknown NOTIFY pruub 34.045890808s@ mbc={}] PeeringState::activate_map
2026-02-11T23:30:35.887+0000 7f414b98b640 5 osd.0 pg_epoch: 52 pg[4.0( empty local-lis/les=49/50 n=0 ec=49/49 lis/c=49/49 les/c/f=50/50/0 sis=52 pruub=15.481280327s) [4,0] r=1 lpr=52 pi=[49,52)/1 crt=0'0 unknown NOTIFY pruub 34.045890808s@ mbc={}] exit Reset 0.000093 1 0.000095
2026-02-11T23:30:35.887+0000 7f414b98b640 5 osd.0 pg_epoch: 52 pg[4.0( empty local-lis/les=49/50 n=0 ec=49/49 lis/c=49/49 les/c/f=50/50/0 sis=52 pruub=15.481280327s) [4,0] r=1 lpr=52 pi=[49,52)/1 crt=0'0 unknown NOTIFY pruub 34.045890808s@ mbc={}] enter Started
2026-02-11T23:30:35.887+0000 7f414b98b640 5 osd.0 pg_epoch: 52 pg[4.0( empty local-lis/les=49/50 n=0 ec=49/49 lis/c=49/49 les/c/f=50/50/0 sis=52 pruub=15.481280327s) [4,0] r=1 lpr=52 pi=[49,52)/1 crt=0'0 unknown NOTIFY pruub 34.045890808s@ mbc={}] enter Start
2026-02-11T23:30:35.887+0000 7f414b98b640 1 osd.0 pg_epoch: 52 pg[4.0( empty local-lis/les=49/50 n=0 ec=49/49 lis/c=49/49 les/c/f=50/50/0 sis=52 pruub=15.481280327s) [4,0] r=1 lpr=52 pi=[49,52)/1 crt=0'0 unknown NOTIFY pruub 34.045890808s@ mbc={}] state: transitioning to Stray
2026-02-11T23:30:35.887+0000 7f414b98b640 5 osd.0 pg_epoch: 52 pg[4.0( empty local-lis/les=49/50 n=0 ec=49/49 lis/c=49/49 les/c/f=50/50/0 sis=52 pruub=15.481280327s) [4,0] r=1 lpr=52 pi=[49,52)/1 crt=0'0 unknown NOTIFY pruub 34.045890808s@ mbc={}] exit Start 0.000002 0 0.000000
2026-02-11T23:30:35.887+0000 7f414b98b640 5 osd.0 pg_epoch: 52 pg[4.0( empty local-lis/les=49/50 n=0 ec=49/49 lis/c=49/49 les/c/f=50/50/0 sis=52 pruub=15.481280327s) [4,0] r=1 lpr=52 pi=[49,52)/1 crt=0'0 unknown NOTIFY pruub 34.045890808s@ mbc={}] enter Started/Stray
2026-02-11T23:30:35.887+0000 7f414b98b640 20 osd.0 pg_epoch: 52 pg[4.0( empty local-lis/les=49/50 n=0 ec=49/49 lis/c=49/49 les/c/f=50/50/0 sis=52 pruub=15.481280327s) [4,0] r=1 lpr=52 pi=[49,52)/1 crt=0'0 unknown NOTIFY pruub 34.045890808s@ mbc={}] PeeringState::activate_map : Not dirtying info: last_persisted is 50 while current is 52
2026-02-11T23:30:35.887+0000 7f414b98b640 10 log is not dirty
2026-02-11T23:30:35.887+0000 7f414b98b640 10 osd.0 pg_epoch: 52 pg[4.0( empty local-lis/les=49/50 n=0 ec=49/49 lis/c=49/49 les/c/f=50/50/0 sis=52 pruub=15.481280327s) [4,0] r=1 lpr=52 pi=[49,52)/1 crt=0'0 unknown NOTIFY pruub 34.045890808s@ mbc={}] on_scrub_schedule_input_change: inactive, non-primary - or already scrubbing
2026-02-11T23:30:35.887+0000 7f414b98b640 10 osd.0 pg_epoch: 52 pg[4.0( empty local-lis/les=49/50 n=0 ec=49/49 lis/c=49/49 les/c/f=50/50/0 sis=52 pruub=15.481280327s) [4,0] r=1 lpr=52 pi=[49,52)/1 crt=0'0 unknown NOTIFY pruub 34.045890808s@ mbc={}] do_peering_event: epoch_sent: 52 epoch_requested: 52 MQuery 4.0 from 4 query_epoch 52 query: query(info 0'0 epoch_sent 52)
2026-02-11T23:30:35.887+0000 7f414b98b640 10 osd.0 pg_epoch: 52 pg[4.0( empty local-lis/les=49/50 n=0 ec=49/49 lis/c=49/49 les/c/f=50/50/0 sis=52 pruub=15.481263161s) [4,0] r=1 lpr=52 pi=[49,52)/1 crt=0'0 unknown NOTIFY pruub 34.045890808s@ mbc={}] PeeringState::fulfill_info sending info
2026-02-11T23:30:35.887+0000 7f414b98b640 10 log is not dirty
2026-02-11T23:30:35.887+0000 7f414b98b640 20 osd.0 52 get_con_osd_cluster to osd.4 from_epoch 52
2026-02-11T23:30:35.887+0000 7f414b98b640 20 osd.0 52 get_nextmap_reserved map_reservations: {52=1}
2026-02-11T23:30:35.887+0000 7f414b98b640 20 osd.0 52 release_map epoch: 52
2026-02-11T23:30:35.887+0000 7f414b98b640 10 osd.0 52 maybe_share_map: con v2:127.0.0.1:6836/3331151400 map epoch 50 -> 52 (shared)
2026-02-11T23:30:35.887+0000 7f414b98b640 10 osd.0 52 send_incremental_map epoch range: (51, 52] to v2:127.0.0.1:6836/3331151400
2026-02-11T23:30:35.887+0000 7f414b98b640 10 osd.0 52 add_map_inc_bl 51 574 bytes
2026-02-11T23:30:35.887+0000 7f414b98b640 10 osd.0 52 add_map_inc_bl 52 574 bytes
2026-02-11T23:30:35.887+0000 7f414b98b640 1 -- [v2:127.0.0.1:6802/3294232400,v1:127.0.0.1:6803/3294232400] --> [v2:127.0.0.1:6836/3331151400,v1:127.0.0.1:6837/3331151400] -- osd_map(51..52 src has 1..52) -- 0x4a31180 con 0x507ac00
2026-02-11T23:30:35.887+0000 7f414b98b640 1 -- [v2:127.0.0.1:6802/3294232400,v1:127.0.0.1:6803/3294232400] --> [v2:127.0.0.1:6836/3331151400,v1:127.0.0.1:6837/3331151400] -- pg_notify2(4.0 4.0 (query:52 sent:52 4.0( empty local-lis/les=49/50 n=0 ec=49/49 lis/c=49/49 les/c/f=50/50/0 sis=52 pruub=15.481280327s) ([49,51] all_participants={0, 3, 4} intervals=[([49,51] acting={0, 3, 4})])) e52/52) -- 0x373b800 con 0x507ac00
2026-02-11T23:30:35.887+0000 7f414b98b640 1 -- [v2:127.0.0.1:6802/3294232400,v1:127.0.0.1:6803/3294232400] --> [v2:127.0.0.1:6836/3331151400,v1:127.0.0.1:6837/3331151400] -- pg_notify2(4.0 4.0 (query:52 sent:52 4.0( empty local-lis/les=49/50 n=0 ec=49/49 lis/c=49/49 les/c/f=50/50/0 sis=52 pruub=15.481263161s) ([49,51] all_participants={0, 3, 4} intervals=[([49,51] acting={0, 3, 4})])) e52/52) -- 0x5a8c700 con 0x507ac00
2026-02-11T23:30:35.888+0000 7f414b98b640 20 osd.0 op_wq(0) _process 1.0 to_process <> waiting <> waiting_peering {}
2026-02-11T23:30:35.888+0000 7f414b98b640 20 osd.0 op_wq(0) _process OpSchedulerItem(1.0 PGPeeringEvent(epoch_sent: 52 epoch_requested: 52 NullEvt) class_id 2immediate prio 255 cost 10 e52) queued
2026-02-11T23:30:35.888+0000 7f414b98b640 20 osd.0 op_wq(0) _process 1.0 to_process waiting <> waiting_peering {}
2026-02-11T23:30:35.888+0000 7f414b98b640 20 osd.0 op_wq(0) _process OpSchedulerItem(1.0 PGPeeringEvent(epoch_sent: 52 epoch_requested: 52 NullEvt) class_id 2immediate prio 255 cost 10 e52) pg 0x5946000
2026-02-11T23:30:35.888+0000 7f414f993640 20 osd.0 op_wq(0) _process 4.0 to_process waiting <> waiting_peering {}
2026-02-11T23:30:35.888+0000 7f414f993640 20 osd.0 op_wq(0) _process OpSchedulerItem(4.0 PGPeeringEvent(epoch_sent: 52 epoch_requested: 52 NullEvt) class_id 2immediate prio 255 cost 10 e52) pg 0x5978000
2026-02-11T23:30:35.888+0000 7f414b98b640 10 osd.0 pg_epoch: 50 pg[1.0( empty local-lis/les=29/30 n=0 ec=27/27 lis/c=29/29 les/c/f=30/30/0 sis=29) [1,0] r=1 lpr=29 crt=0'0 active mbc={}] handle_advance_map: 51
2026-02-11T23:30:35.888+0000 7f414b98b640 20 osd.0:0.update_pg_epoch 1.0 50 -> 51
2026-02-11T23:30:35.888+0000 7f414b98b640 10 osd.0 pg_epoch: 50 pg[1.0( empty local-lis/les=29/30 n=0 ec=27/27 lis/c=29/29 les/c/f=30/30/0 sis=29) [1,0] r=1 lpr=29 crt=0'0 active mbc={}] PeeringState::advance_map handle_advance_map [1,0]/[1,0] -- 1/1
2026-02-11T23:30:35.888+0000 7f414f993640 10 osd.0 pg_epoch: 52 pg[4.0( empty local-lis/les=49/50 n=0 ec=49/49 lis/c=49/49 les/c/f=50/50/0 sis=52 pruub=15.481263161s) [4,0] r=1 lpr=52 pi=[49,52)/1 crt=0'0 unknown NOTIFY pruub 34.045890808s@ mbc={}] do_peering_event: epoch_sent: 52 epoch_requested: 52 NullEvt
2026-02-11T23:30:35.888+0000 7f414f993640 10 log is not dirty
2026-02-11T23:30:35.888+0000 7f414b98b640 10 osd.0 pg_epoch: 51 pg[1.0( empty local-lis/les=29/30 n=0 ec=27/27 lis/c=29/29 les/c/f=30/30/0 sis=29) [1,0] r=1 lpr=29 crt=0'0 active mbc={}] state: Started advmap
2026-02-11T23:30:35.888+0000 7f414b98b640 10 osd.0 pg_epoch: 51 pg[1.0( empty local-lis/les=29/30 n=0 ec=27/27 lis/c=29/29 les/c/f=30/30/0 sis=29) [1,0] r=1 lpr=29 crt=0'0 active mbc={}] check_recovery_sources no source osds () went down
2026-02-11T23:30:35.888+0000 7f414f993640 20 osd.0 op_wq(0) _process empty q, waiting
2026-02-11T23:30:35.888+0000 7f414b98b640 20 osd.0 52 advance_pg new pool opts old pool opts
2026-02-11T23:30:35.888+0000 7f414b98b640 10 osd.0 pg_epoch: 51 pg[1.0( empty local-lis/les=29/30 n=0 ec=27/27 lis/c=29/29 les/c/f=30/30/0 sis=29) [1,0] r=1 lpr=29 crt=0'0 active mbc={}] handle_advance_map: 52
2026-02-11T23:30:35.888+0000 7f414b98b640 20 osd.0:0.update_pg_epoch 1.0 51 -> 52
2026-02-11T23:30:35.888+0000 7f414b98b640 10 osd.0 pg_epoch: 51 pg[1.0( empty local-lis/les=29/30 n=0 ec=27/27 lis/c=29/29 les/c/f=30/30/0 sis=29) [1,0] r=1 lpr=29 crt=0'0 active mbc={}] PeeringState::advance_map handle_advance_map [1,0]/[1,0] -- 1/1
2026-02-11T23:30:35.888+0000 7f414b98b640 10 osd.0 pg_epoch: 52 pg[1.0( empty local-lis/les=29/30 n=0 ec=27/27 lis/c=29/29 les/c/f=30/30/0 sis=29) [1,0] r=1 lpr=29 crt=0'0 active mbc={}] state: Started advmap
2026-02-11T23:30:35.888+0000 7f414b98b640 10 osd.0 pg_epoch: 52 pg[1.0( empty local-lis/les=29/30 n=0 ec=27/27 lis/c=29/29 les/c/f=30/30/0 sis=29) [1,0] r=1 lpr=29 crt=0'0 active mbc={}] check_recovery_sources no source osds () went down
2026-02-11T23:30:35.888+0000 7f414b98b640 20 osd.0 52 advance_pg new pool opts old pool opts
2026-02-11T23:30:35.888+0000 7f414b98b640 10 osd.0 pg_epoch: 52 pg[1.0( empty local-lis/les=29/30 n=0 ec=27/27 lis/c=29/29 les/c/f=30/30/0 sis=29) [1,0] r=1 lpr=29 crt=0'0 active mbc={}] handle_activate_map: epoch range: 51..52
2026-02-11T23:30:35.888+0000 7f414b98b640 10 osd.0 pg_epoch: 52 pg[1.0( empty local-lis/les=29/30 n=0 ec=27/27 lis/c=29/29 les/c/f=30/30/0 sis=29) [1,0] r=1 lpr=29 crt=0'0 active mbc={}] PeeringState::activate_map
2026-02-11T23:30:35.888+0000 7f414b98b640 20 osd.0 pg_epoch: 52 pg[1.0( empty local-lis/les=29/30 n=0 ec=27/27 lis/c=29/29 les/c/f=30/30/0 sis=29) [1,0] r=1 lpr=29 crt=0'0 active mbc={}] PeeringState::activate_map : Not dirtying info: last_persisted is 30 while current is 52
2026-02-11T23:30:35.888+0000 7f414b98b640 10 log is not dirty
2026-02-11T23:30:35.888+0000 7f414b98b640 10 osd.0 pg_epoch: 52 pg[1.0( empty local-lis/les=29/30 n=0 ec=27/27 lis/c=29/29 les/c/f=30/30/0 sis=29) [1,0] r=1 lpr=29 crt=0'0 active mbc={}] do_peering_event: epoch_sent: 52 epoch_requested: 52 NullEvt
2026-02-11T23:30:35.888+0000 7f414b98b640 10 log is not dirty
2026-02-11T23:30:35.888+0000 7f414b98b640 20 osd.0 op_wq(0) _process empty q, waiting
2026-02-11T23:30:35.888+0000 7f414b98b640 20 osd.0 op_wq(0) _process empty q, waiting
2026-02-11T23:30:35.888+0000 7f414f993640 20 osd.0 op_wq(0) _process empty q, waiting
2026-02-11T23:30:35.986+0000 7f415cf02640 1 -- [v2:127.0.0.1:6800/3294232400,v1:127.0.0.1:6801/3294232400] <== mon.0 v2:127.0.0.1:7180/0 32 ==== osd_map(52..53 src has 1..53) ==== 1208+0+0 (crc 0 0 0) 0x4a31c00 con 0x4acbc00
2026-02-11T23:30:35.986+0000 7f415cf02640 20 osd.0 52 OSD::ms_dispatch: osd_map(52..53 src has 1..53)
2026-02-11T23:30:35.986+0000 7f415cf02640 20 osd.0 52 _dispatch 0x4a31c00 osd_map(52..53 src has 1..53)
2026-02-11T23:30:35.986+0000 7f415cf02640 3 osd.0 52 handle_osd_map epochs [52,53], i have 52, src has [1,53]
2026-02-11T23:30:35.986+0000 7f415cf02640 10 osd.0 52 handle_osd_map: received 0 full maps and 2 incremental maps
2026-02-11T23:30:35.986+0000 7f415cf02640 10 osd.0 52 handle_osd_map got inc map for epoch 53
2026-02-11T23:30:35.986+0000 7f415cf02640 20 osd.0 52 got_full_map 53, nothing requested
2026-02-11T23:30:35.986+0000 7f415cf02640 20 osd.0 52 trim_maps: min=1 oldest_map=1
2026-02-11T23:30:35.986+0000 7f415cf02640 20 osd.0 52 handle_osd_map pg_num_history pg_num_history(e53 pg_nums {1={27=1},2={34=1},3={42=1},4={49=1}} deleted_pools )
2026-02-11T23:30:35.986+0000 7f415cf02640 10 snap_mapper record_purged_snaps purged_snaps {53={}}
2026-02-11T23:30:35.986+0000 7f415cf02640 10 snap_mapper record_purged_snaps rm 0 keys, set 0 keys
2026-02-11T23:30:35.986+0000 7f415cf02640 10 write_superblock sb(cb0a9481-482d-477a-a81c-1446b6498370 osd.0 01217804-d5cf-416e-93e4-5f1242b1c391 e53 maps [1~53] lci=[5,53] tlb=1)
2026-02-11T23:30:35.987+0000 7f41591a6640 10 osd.0 52 _committed_osd_maps 53..53
2026-02-11T23:30:35.987+0000 7f41591a6640 10 osd.0 52 advance to epoch 53 (<= last 53 <= newest_map 53)
2026-02-11T23:30:35.987+0000 7f41591a6640 20 osd.0 53 consume_map version 53
2026-02-11T23:30:35.987+0000 7f41591a6640 20 osd.0 52 await_reserved_maps epoch:53
2026-02-11T23:30:35.987+0000 7f41591a6640 20 osd.0 52 await_reserved_maps done 0
2026-02-11T23:30:35.987+0000 7f41591a6640 20 osd.0 53 consume_map 53 -- publish done
2026-02-11T23:30:35.987+0000 7f41591a6640 20 osd.0:0.identify_splits_and_merges identify_splits_and_merges 2 slots
2026-02-11T23:30:35.987+0000 7f41591a6640 20 osd.0:0.identify_splits_and_merges identify_splits_and_merges slot pgid:4.0slot:0x37582c0
2026-02-11T23:30:35.987+0000 7f41591a6640 20 osd.0 53 identify_splits_and_merges 4.0 e52 to e53
2026-02-11T23:30:35.987+0000 7f41591a6640 20 osd.0 53 identify_splits_and_merges 4.0 e52 to e53 pg_nums {49=1}
2026-02-11T23:30:35.987+0000 7f41591a6640 20 osd.0:0.identify_splits_and_merges identify_splits_and_merges slot pgid:1.0slot:0x3700dc0
2026-02-11T23:30:35.987+0000 7f41591a6640 20 osd.0 53 identify_splits_and_merges 1.0 e52 to e53
2026-02-11T23:30:35.987+0000 7f41591a6640 20 osd.0 53 identify_splits_and_merges 1.0 e52 to e53 pg_nums {27=1}
2026-02-11T23:30:35.987+0000 7f41591a6640 20 osd.0:0.identify_splits_and_merges identify_splits_and_merges 0 splits, 0 merges
2026-02-11T23:30:35.987+0000 7f41591a6640 20 osd.0:1.identify_splits_and_merges identify_splits_and_merges 0 slots
2026-02-11T23:30:35.987+0000 7f41591a6640 20 osd.0:1.identify_splits_and_merges identify_splits_and_merges 0 splits, 0 merges
2026-02-11T23:30:35.987+0000 7f41591a6640 20 osd.0:2.identify_splits_and_merges identify_splits_and_merges 0 slots
2026-02-11T23:30:35.987+0000 7f41591a6640 20 osd.0:2.identify_splits_and_merges identify_splits_and_merges 0 splits, 0 merges
2026-02-11T23:30:35.987+0000 7f41591a6640 20 osd.0:3.identify_splits_and_merges identify_splits_and_merges 0 slots
2026-02-11T23:30:35.987+0000 7f41591a6640 20 osd.0:3.identify_splits_and_merges identify_splits_and_merges 0 splits, 0 merges
2026-02-11T23:30:35.987+0000 7f41591a6640 20 osd.0:4.identify_splits_and_merges identify_splits_and_merges 0 slots
2026-02-11T23:30:35.987+0000 7f41591a6640 20 osd.0:4.identify_splits_and_merges identify_splits_and_merges 0 splits, 0 merges
2026-02-11T23:30:35.987+0000 7f41591a6640 20 osd.0:5.identify_splits_and_merges identify_splits_and_merges 0 slots
2026-02-11T23:30:35.987+0000 7f41591a6640 20 osd.0:5.identify_splits_and_merges identify_splits_and_merges 0 splits, 0 merges
2026-02-11T23:30:35.987+0000 7f41591a6640 20 osd.0:6.identify_splits_and_merges identify_splits_and_merges 0 slots
2026-02-11T23:30:35.987+0000 7f41591a6640 20 osd.0:6.identify_splits_and_merges identify_splits_and_merges 0 splits, 0 merges
2026-02-11T23:30:35.987+0000 7f41591a6640 20 osd.0:7.identify_splits_and_merges identify_splits_and_merges 0 slots
2026-02-11T23:30:35.987+0000 7f41591a6640 20 osd.0:7.identify_splits_and_merges identify_splits_and_merges 0 splits, 0 merges
2026-02-11T23:30:35.987+0000 7f41591a6640 20 osd.0 53 prune_pg_created
2026-02-11T23:30:35.987+0000 7f41591a6640 10 osd.0:0.consume_map 53 (was 52)
2026-02-11T23:30:35.987+0000 7f41591a6640 20 osd.0:0.consume_map consume_map 4.0
2026-02-11T23:30:35.987+0000 7f41591a6640 20 osd.0:0.consume_map consume_map 1.0
2026-02-11T23:30:35.987+0000 7f41591a6640 10 osd.0:1.consume_map 53 (was 52)
2026-02-11T23:30:35.987+0000 7f41591a6640 10 osd.0:2.consume_map 53 (was 52)
2026-02-11T23:30:35.987+0000 7f41591a6640 10 osd.0:3.consume_map 53 (was 52)
2026-02-11T23:30:35.987+0000 7f41591a6640 10 osd.0:4.consume_map 53 (was 52)
2026-02-11T23:30:35.987+0000 7f41591a6640 10 osd.0:5.consume_map 53 (was 52)
2026-02-11T23:30:35.987+0000 7f41591a6640 10 osd.0:6.consume_map 53 (was 52)
2026-02-11T23:30:35.987+0000 7f41591a6640 10 osd.0:7.consume_map 53 (was 52)
2026-02-11T23:30:35.987+0000 7f41591a6640 10 osd.0 53 release_reserved_pushes(0), recovery_ops_reserved 0 -> 0
2026-02-11T23:30:35.987+0000 7f41591a6640 15 osd.0 53 enqueue_peering_evt 4.0 epoch_sent: 53 epoch_requested: 53 NullEvt
2026-02-11T23:30:35.987+0000 7f41591a6640 20 osd.0 op_wq(0) _enqueue OpSchedulerItem(4.0 PGPeeringEvent(epoch_sent: 53 epoch_requested: 53 NullEvt) class_id 2 prio 255 cost 10 e53)
2026-02-11T23:30:35.987+0000 7f41591a6640 15 osd.0 53 enqueue_peering_evt 1.0 epoch_sent: 53 epoch_requested: 53 NullEvt
2026-02-11T23:30:35.987+0000 7f41591a6640 20 osd.0 op_wq(0) _enqueue OpSchedulerItem(1.0 PGPeeringEvent(epoch_sent: 53 epoch_requested: 53 NullEvt) class_id 2 prio 255 cost 10 e53)
2026-02-11T23:30:35.987+0000 7f41591a6640 7 osd.0 53 activate_map version 53
2026-02-11T23:30:35.987+0000 7f414f993640 20 osd.0 op_wq(0) _process 4.0 to_process <> waiting <> waiting_peering {}
2026-02-11T23:30:35.987+0000 7f414f993640 20 osd.0 op_wq(0) _process OpSchedulerItem(4.0 PGPeeringEvent(epoch_sent: 53 epoch_requested: 53 NullEvt) class_id 2immediate prio 255 cost 10 e53) queued
2026-02-11T23:30:35.987+0000 7f414f993640 20 osd.0 op_wq(0) _process 4.0 to_process waiting <> waiting_peering {}
2026-02-11T23:30:35.987+0000 7f414f993640 20 osd.0 op_wq(0) _process OpSchedulerItem(4.0 PGPeeringEvent(epoch_sent: 53 epoch_requested: 53 NullEvt) class_id 2immediate prio 255 cost 10 e53) pg 0x5978000
2026-02-11T23:30:35.987+0000 7f414b98b640 20 osd.0 op_wq(0) _process 1.0 to_process <> waiting <> waiting_peering {}
2026-02-11T23:30:35.987+0000 7f414b98b640 20 osd.0 op_wq(0) _process OpSchedulerItem(1.0 PGPeeringEvent(epoch_sent: 53 epoch_requested: 53 NullEvt) class_id 2immediate prio 255 cost 10 e53) queued
2026-02-11T23:30:35.987+0000 7f414b98b640 20 osd.0 op_wq(0) _process 1.0 to_process waiting <> waiting_peering {}
2026-02-11T23:30:35.987+0000 7f414b98b640 20 osd.0 op_wq(0) _process OpSchedulerItem(1.0 PGPeeringEvent(epoch_sent: 53 epoch_requested: 53 NullEvt) class_id 2immediate prio 255 cost 10 e53) pg 0x5946000
2026-02-11T23:30:35.987+0000 7f414f993640 10 osd.0 pg_epoch: 52 pg[4.0( empty local-lis/les=49/50 n=0 ec=49/49 lis/c=49/49 les/c/f=50/50/0 sis=52 pruub=15.481263161s) [4,0] r=1 lpr=52 pi=[49,52)/1 crt=0'0 unknown NOTIFY pruub 34.045890808s@ mbc={}] handle_advance_map: 53
2026-02-11T23:30:35.987+0000 7f414f993640 20 osd.0:0.update_pg_epoch 4.0 52 -> 53
2026-02-11T23:30:35.987+0000 7f4150194640 20 osd.0 53 agent_entry empty queue
2026-02-11T23:30:35.987+0000 7f414b98b640 10 osd.0 pg_epoch: 52 pg[1.0( empty local-lis/les=29/30 n=0 ec=27/27 lis/c=29/29 les/c/f=30/30/0 sis=29) [1,0] r=1 lpr=29 crt=0'0 active mbc={}] handle_advance_map: 53
2026-02-11T23:30:35.987+0000 7f414b98b640 20 osd.0:0.update_pg_epoch 1.0 52 -> 53
2026-02-11T23:30:35.987+0000 7f414b98b640 10 osd.0 pg_epoch: 52 pg[1.0( empty local-lis/les=29/30 n=0 ec=27/27 lis/c=29/29 les/c/f=30/30/0 sis=29) [1,0] r=1 lpr=29 crt=0'0 active mbc={}] PeeringState::advance_map handle_advance_map [1,0]/[1,0] -- 1/1
2026-02-11T23:30:35.987+0000 7f414f993640 10 osd.0 pg_epoch: 52 pg[4.0( empty local-lis/les=49/50 n=0 ec=49/49 lis/c=49/49 les/c/f=50/50/0 sis=52 pruub=15.481263161s) [4,0] r=1 lpr=52 pi=[49,52)/1 crt=0'0 unknown NOTIFY pruub 34.045890808s@ mbc={}] PeeringState::advance_map handle_advance_map [4,0]/[4,0] -- 4/4
2026-02-11T23:30:35.987+0000 7f414b98b640 10 osd.0 pg_epoch: 53 pg[1.0( empty local-lis/les=29/30 n=0 ec=27/27 lis/c=29/29 les/c/f=30/30/0 sis=29) [1,0] r=1 lpr=29 crt=0'0 active mbc={}] state: Started advmap
2026-02-11T23:30:35.987+0000 7f414b98b640 10 osd.0 pg_epoch: 53 pg[1.0( empty local-lis/les=29/30 n=0 ec=27/27 lis/c=29/29 les/c/f=30/30/0 sis=29) [1,0] r=1 lpr=29 crt=0'0 active mbc={}] check_recovery_sources no source osds () went down
2026-02-11T23:30:35.987+0000 7f414f993640 10 osd.0 pg_epoch: 53 pg[4.0( empty local-lis/les=49/50 n=0 ec=49/49 lis/c=49/49 les/c/f=50/50/0 sis=52 pruub=15.481263161s) [4,0] r=1 lpr=52 pi=[49,52)/1 crt=0'0 unknown NOTIFY pruub 34.045890808s@ mbc={}] state: Started advmap
2026-02-11T23:30:35.987+0000 7f414b98b640 20 osd.0 53 advance_pg new pool opts old pool opts
2026-02-11T23:30:35.987+0000 7f414f993640 10 osd.0 pg_epoch: 53 pg[4.0( empty local-lis/les=49/50 n=0 ec=49/49 lis/c=49/49 les/c/f=50/50/0 sis=52 pruub=15.481263161s) [4,0] r=1 lpr=52 pi=[49,52)/1 crt=0'0 unknown NOTIFY pruub 34.045890808s@ mbc={}] check_recovery_sources no source osds () went down
2026-02-11T23:30:35.987+0000 7f414b98b640 10 osd.0 pg_epoch: 53 pg[1.0( empty local-lis/les=29/30 n=0 ec=27/27 lis/c=29/29 les/c/f=30/30/0 sis=29) [1,0] r=1 lpr=29 crt=0'0 active mbc={}] handle_activate_map: epoch range: 53..53
2026-02-11T23:30:35.987+0000 7f414f993640 10 osd.0 pg_epoch: 53 pg[4.0( empty local-lis/les=49/50 n=0 ec=49/49 lis/c=49/49 les/c/f=50/50/0 sis=52 pruub=15.481263161s) [4,0] r=1 lpr=52 pi=[49,52)/1 crt=0'0 unknown NOTIFY pruub 34.045890808s@ mbc={}] plpg_on_pool_change
2026-02-11T23:30:35.987+0000 7f414b98b640 10 osd.0 pg_epoch: 53 pg[1.0( empty local-lis/les=29/30 n=0 ec=27/27 lis/c=29/29 les/c/f=30/30/0 sis=29) [1,0] r=1 lpr=29 crt=0'0 active mbc={}] PeeringState::activate_map
2026-02-11T23:30:35.987+0000 7f414f993640 20 osd.0 pg_epoch: 53 pg[4.0( empty local-lis/les=49/50 n=0 ec=49/49 lis/c=49/49 les/c/f=50/50/0 sis=52 pruub=15.481263161s) [4,0] r=1 lpr=52 pi=[49,52)/1 crt=0'0 unknown NOTIFY pruub 34.045890808s@ mbc={}] hit_set_clear
2026-02-11T23:30:35.987+0000 7f414b98b640 20 osd.0 pg_epoch: 53 pg[1.0( empty local-lis/les=29/30 n=0 ec=27/27 lis/c=29/29 les/c/f=30/30/0 sis=29) [1,0] r=1 lpr=29 crt=0'0 active mbc={}] PeeringState::activate_map : Not dirtying info: last_persisted is 30 while current is 53
2026-02-11T23:30:35.987+0000 7f414f993640 20 osd.0 pg_epoch: 53 pg[4.0( empty local-lis/les=49/50 n=0 ec=49/49 lis/c=49/49 les/c/f=50/50/0 sis=52 pruub=15.481263161s) [4,0] r=1 lpr=52 pi=[49,52)/1 crt=0'0 unknown NOTIFY pruub 34.045890808s@ mbc={}] agent_stop
2026-02-11T23:30:35.987+0000 7f414b98b640 10 log is not dirty
2026-02-11T23:30:35.987+0000 7f414f993640 20 osd.0 53 advance_pg new pool opts old pool opts
2026-02-11T23:30:35.987+0000 7f414b98b640 10 osd.0 pg_epoch: 53 pg[1.0( empty local-lis/les=29/30 n=0 ec=27/27 lis/c=29/29 les/c/f=30/30/0 sis=29) [1,0] r=1 lpr=29 crt=0'0 active mbc={}] do_peering_event: epoch_sent: 53 epoch_requested: 53 NullEvt
2026-02-11T23:30:35.987+0000 7f414b98b640 10 log is not dirty
2026-02-11T23:30:35.987+0000 7f414f993640 10 osd.0 pg_epoch: 53 pg[4.0( empty local-lis/les=49/50 n=0 ec=49/49 lis/c=49/49 les/c/f=50/50/0 sis=52 pruub=15.481263161s) [4,0] r=1 lpr=52 pi=[49,52)/1 crt=0'0 unknown NOTIFY pruub 34.045890808s@ mbc={}] handle_activate_map: epoch range: 53..53
2026-02-11T23:30:35.987+0000 7f414b98b640 20 osd.0 op_wq(0) _process empty q, waiting
2026-02-11T23:30:35.987+0000 7f414f993640 10 osd.0 pg_epoch: 53 pg[4.0( empty local-lis/les=49/50 n=0 ec=49/49 lis/c=49/49 les/c/f=50/50/0 sis=52 pruub=15.481263161s) [4,0] r=1 lpr=52 pi=[49,52)/1 crt=0'0 unknown NOTIFY pruub 34.045890808s@ mbc={}] PeeringState::activate_map
2026-02-11T23:30:35.987+0000 7f414f993640 20 osd.0 pg_epoch: 53 pg[4.0( empty local-lis/les=49/50 n=0 ec=49/49 lis/c=49/49 les/c/f=50/50/0 sis=52 pruub=15.381997108s) [4,0] r=1 lpr=52 pi=[49,52)/1 crt=0'0 unknown NOTIFY pruub 34.045890808s@ mbc={}] PeeringState::activate_map : Not dirtying info: last_persisted is 52 while current is 53
2026-02-11T23:30:35.987+0000 7f414f993640 10 log is not dirty
2026-02-11T23:30:35.987+0000 7f414f993640 10 osd.0 pg_epoch: 53 pg[4.0( empty local-lis/les=49/50 n=0 ec=49/49 lis/c=49/49 les/c/f=50/50/0 sis=52 pruub=15.381997108s) [4,0] r=1 lpr=52 pi=[49,52)/1 crt=0'0 unknown NOTIFY pruub 34.045890808s@ mbc={}] on_scrub_schedule_input_change: inactive, non-primary - or already scrubbing
2026-02-11T23:30:35.987+0000 7f414f993640 10 osd.0 pg_epoch: 53 pg[4.0( empty local-lis/les=49/50 n=0 ec=49/49 lis/c=49/49 les/c/f=50/50/0 sis=52 pruub=15.381997108s) [4,0] r=1 lpr=52 pi=[49,52)/1 crt=0'0 unknown NOTIFY pruub 34.045890808s@ mbc={}] do_peering_event: epoch_sent: 53 epoch_requested: 53 NullEvt
2026-02-11T23:30:35.987+0000 7f414f993640 10 log is not dirty
2026-02-11T23:30:35.987+0000 7f414f993640 20 osd.0 53 get_con_osd_cluster to osd.4 from_epoch 53
2026-02-11T23:30:35.987+0000 7f414f993640 20 osd.0 53 get_nextmap_reserved map_reservations: {53=1}
2026-02-11T23:30:35.987+0000 7f414f993640 20 osd.0 53 release_map epoch: 53
2026-02-11T23:30:35.987+0000 7f414f993640 10 osd.0 53 maybe_share_map: con v2:127.0.0.1:6836/3331151400 map epoch 52 -> 53 (shared)
2026-02-11T23:30:35.987+0000 7f414f993640 10 osd.0 53 send_incremental_map epoch range: (53, 53] to v2:127.0.0.1:6836/3331151400
2026-02-11T23:30:35.987+0000 7f414f993640 10 osd.0 53 add_map_inc_bl 53 582 bytes
2026-02-11T23:30:35.987+0000 7f414f993640 1 -- [v2:127.0.0.1:6802/3294232400,v1:127.0.0.1:6803/3294232400] --> [v2:127.0.0.1:6836/3331151400,v1:127.0.0.1:6837/3331151400] -- osd_map(53..53 src has 1..53) -- 0x4a30fc0 con 0x507ac00
2026-02-11T23:30:35.987+0000 7f414f993640 1 -- [v2:127.0.0.1:6802/3294232400,v1:127.0.0.1:6803/3294232400] --> [v2:127.0.0.1:6836/3331151400,v1:127.0.0.1:6837/3331151400] -- pg_notify2(4.0 4.0 (query:53 sent:53 4.0( empty local-lis/les=49/50 n=0 ec=49/49 lis/c=49/49 les/c/f=50/50/0 sis=52 pruub=15.381997108s) ([49,51] all_participants={0, 3, 4} intervals=[([49,51] acting={0, 3, 4})])) e53/53) -- 0x5a8ce00 con 0x507ac00
2026-02-11T23:30:35.987+0000 7f414f993640 20 osd.0 op_wq(0) _process empty q, waiting
2026-02-11T23:30:35.987+0000 7f416abfa640 1 -- [v2:127.0.0.1:6802/3294232400,v1:127.0.0.1:6803/3294232400] <== osd.4 v2:127.0.0.1:6836/3331151400 10 ==== PGlog(4.0 log log((0'0,0'0], crt=0'0) pi ([0,0] all_participants={} intervals=[]) pg_lease(ru 0.000000000s ub 24.827859879s int 16.000000000s) e53/52) ==== 1164+0+0 (unknown 0 0 0) 0x5a95000 con 0x507ac00
2026-02-11T23:30:35.987+0000 7f416abfa640 15 osd.0 53 enqueue_peering_evt 4.0 epoch_sent: 53 epoch_requested: 52 MLogRec from 4 log log((0'0,0'0], crt=0'0) pi ([0,0] all_participants={} intervals=[]) pg_lease(ru 0.000000000s ub 24.827859879s int 16.000000000s) +create_info
2026-02-11T23:30:35.987+0000 7f416abfa640 20 osd.0 op_wq(0) _enqueue OpSchedulerItem(4.0 PGPeeringEvent(epoch_sent: 53 epoch_requested: 52 MLogRec from 4 log log((0'0,0'0], crt=0'0) pi ([0,0] all_participants={} intervals=[]) pg_lease(ru 0.000000000s ub 24.827859879s int 16.000000000s) +create_info) class_id 2 prio 255 cost 10 e53)
2026-02-11T23:30:35.987+0000 7f414f993640 20 osd.0 op_wq(0) _process 4.0 to_process <> waiting <> waiting_peering {}
2026-02-11T23:30:35.987+0000 7f414f993640 20 osd.0 op_wq(0) _process OpSchedulerItem(4.0 PGPeeringEvent(epoch_sent: 53 epoch_requested: 52 MLogRec from 4 log log((0'0,0'0], crt=0'0) pi ([0,0] all_participants={} intervals=[]) pg_lease(ru 0.000000000s ub 24.827859879s int 16.000000000s) +create_info) class_id 2immediate prio 255 cost 10 e53) queued
2026-02-11T23:30:35.987+0000 7f414f993640 20 osd.0 op_wq(0) _process 4.0 to_process waiting <> waiting_peering {}
2026-02-11T23:30:35.987+0000 7f414f993640 20 osd.0 op_wq(0) _process OpSchedulerItem(4.0 PGPeeringEvent(epoch_sent: 53 epoch_requested: 52 MLogRec from 4 log log((0'0,0'0], crt=0'0) pi ([0,0] all_participants={} intervals=[]) pg_lease(ru 0.000000000s ub 24.827859879s int 16.000000000s) +create_info) class_id 2immediate prio 255 cost 10 e53) pg 0x5978000
2026-02-11T23:30:35.987+0000 7f414b98b640 20 osd.0 op_wq(0) _process empty q, waiting
2026-02-11T23:30:35.987+0000 7f414f993640 10 osd.0 pg_epoch: 53 pg[4.0( empty local-lis/les=49/50 n=0 ec=49/49 lis/c=49/49 les/c/f=50/50/0 sis=52 pruub=15.381997108s) [4,0] r=1 lpr=52 pi=[49,52)/1 crt=0'0 unknown NOTIFY pruub 34.045890808s@ mbc={}] do_peering_event: epoch_sent: 53 epoch_requested: 52 MLogRec from 4 log log((0'0,0'0], crt=0'0) pi ([0,0] all_participants={} intervals=[]) pg_lease(ru 0.000000000s ub 24.827859879s int 16.000000000s) +create_info
2026-02-11T23:30:35.987+0000 7f414f993640 10 osd.0 pg_epoch: 53 pg[4.0( empty local-lis/les=49/50 n=0 ec=49/49 lis/c=49/49 les/c/f=50/50/0 sis=52 pruub=15.381997108s) [4,0] r=1 lpr=52 pi=[49,52)/1 crt=0'0 unknown NOTIFY pruub 34.045890808s@ mbc={}] state: got info+log from osd.4 4.0( empty local-lis/les=52/53 n=0 ec=49/49 lis/c=49/49 les/c/f=50/50/0 sis=52) log((0'0,0'0], crt=0'0)
2026-02-11T23:30:35.987+0000 7f414f993640 10 merge_log log((0'0,0'0], crt=0'0) from osd.4 into log((0'0,0'0], crt=0'0)
2026-02-11T23:30:35.987+0000 7f414f993640 5 merge_log_dups log.dups.size()=0olog.dups.size()=0
2026-02-11T23:30:35.987+0000 7f414f993640 5 end of merge_log_dups changed=0 log.dups.size()=0 olog.dups.size()=0
2026-02-11T23:30:35.987+0000 7f414f993640 10 merge_log result log((0'0,0'0], crt=0'0) missing(0 may_include_deletes = 1) changed=0
2026-02-11T23:30:35.987+0000 7f414f993640 10 osd.0 pg_epoch: 53 pg[4.0( empty local-lis/les=49/50 n=0 ec=49/49 lis/c=49/49 les/c/f=50/50/0 sis=52 pruub=15.381997108s) [4,0] r=1 lpr=52 pi=[49,52)/1 crt=0'0 unknown NOTIFY pruub 34.045890808s@ mbc={}] PeeringState::proc_lease pg_lease(ru 0.000000000s ub 24.827859879s int 16.000000000s)
2026-02-11T23:30:35.987+0000 7f414f993640 20 osd.0 pg_epoch: 53 pg[4.0( empty local-lis/les=49/50 n=0 ec=49/49 lis/c=49/49 les/c/f=50/50/0 sis=52 pruub=15.381997108s) [4,0] r=1 lpr=52 pi=[49,52)/1 crt=0'0 unknown NOTIFY pruub 34.045890808s@ mbc={}] PeeringState::proc_lease peer_clock_delta_lb -9.836717606s -> ruub 34.664573669s
2026-02-11T23:30:35.987+0000 7f414f993640 20 osd.0 pg_epoch: 53 pg[4.0( empty local-lis/les=49/50 n=0 ec=49/49 lis/c=49/49 les/c/f=50/50/0 sis=52 pruub=15.381997108s) [4,0] r=1 lpr=52 pi=[49,52)/1 crt=0'0 unknown NOTIFY pruub 34.045890808s@ mbc={}] PeeringState::proc_lease readable_until_ub now 34.664573669s
2026-02-11T23:30:35.987+0000 7f414f993640 5 osd.0 pg_epoch: 53 pg[4.0( empty local-lis/les=49/50 n=0 ec=49/49 lis/c=49/49 les/c/f=50/50/0 sis=52 pruub=15.381997108s) [4,0] r=1 lpr=52 pi=[49,52)/1 crt=0'0 unknown NOTIFY pruub 34.045890808s@ mbc={}] exit Started/Stray 0.099971 6 0.000018
2026-02-11T23:30:35.987+0000 7f414f993640 5 osd.0 pg_epoch: 53 pg[4.0( empty local-lis/les=49/50 n=0 ec=49/49 lis/c=49/49 les/c/f=50/50/0 sis=52 pruub=15.381997108s) [4,0] r=1 lpr=52 pi=[49,52)/1 crt=0'0 unknown NOTIFY pruub 34.045890808s@ mbc={}] enter Started/ReplicaActive
2026-02-11T23:30:35.987+0000 7f414f993640 5 osd.0 pg_epoch: 53 pg[4.0( empty local-lis/les=49/50 n=0 ec=49/49 lis/c=49/49 les/c/f=50/50/0 sis=52 pruub=15.381997108s) [4,0] r=1 lpr=52 pi=[49,52)/1 crt=0'0 unknown NOTIFY pruub 34.045890808s@ mbc={}] enter Started/ReplicaActive/RepNotRecovering
2026-02-11T23:30:35.987+0000 7f414f993640 10 osd.0 pg_epoch: 53 pg[4.0( empty local-lis/les=49/50 n=0 ec=49/49 lis/c=49/49 les/c/f=50/50/0 sis=52 pruub=15.381997108s) [4,0] r=1 lpr=52 pi=[49,52)/1 crt=0'0 unknown NOTIFY pruub 34.045890808s@ mbc={}] state: In ReplicaActive, about to call activate
2026-02-11T23:30:35.987+0000 7f414f993640 10 osd.0 pg_epoch: 53 pg[4.0( empty local-lis/les=52/53 n=0 ec=49/49 lis/c=49/49 les/c/f=50/50/0 sis=52 pruub=15.381997108s) [4,0] r=1 lpr=52 pi=[49,52)/1 crt=0'0 unknown pruub 34.045890808s@ mbc={}] PeeringState::activate activate - no missing, moving last_complete 0'0 -> 0'0
2026-02-11T23:30:35.987+0000 7f414f993640 10 osd.0 pg_epoch: 53 pg[4.0( empty local-lis/les=52/53 n=0 ec=49/49 lis/c=49/49 les/c/f=50/50/0 sis=52 pruub=15.381997108s) [4,0] r=1 lpr=52 pi=[49,52)/1 crt=0'0 unknown pruub 34.045890808s@ mbc={}] scrubber: on_replica_activate
2026-02-11T23:30:35.987+0000 7f414f993640 20 scrubberFSM event: --vvvv---- ReplicaActivate
2026-02-11T23:30:35.987+0000 7f414f993640 10 osd.0 pg_epoch: 53 pg[4.0( empty local-lis/les=52/53 n=0 ec=49/49 lis/c=49/49 les/c/f=50/50/0 sis=52 pruub=15.381997108s) [4,0] r=1 lpr=52 pi=[49,52)/1 crt=0'0 unknown pruub 34.045890808s@ mbc={}] scrubber: FSM: -- state -->> ReplicaActive
2026-02-11T23:30:35.987+0000 7f414f993640 10 osd.0 pg_epoch: 53 pg[4.0( empty local-lis/les=52/53 n=0 ec=49/49 lis/c=49/49 les/c/f=50/50/0 sis=52 pruub=15.381997108s) [4,0] r=1 lpr=52 pi=[49,52)/1 crt=0'0 unknown pruub 34.045890808s@ mbc={}] scrubber: FSM: -- state -->> ReplicaActive/ReplicaIdle
2026-02-11T23:30:35.987+0000 7f414f993640 20 scrubberFSM event: --^^^^---- ReplicaActivate
2026-02-11T23:30:35.987+0000 7f414f993640 10 osd.0 pg_epoch: 53 pg[4.0( empty local-lis/les=52/53 n=0 ec=49/49 lis/c=49/49 les/c/f=50/50/0 sis=52 pruub=15.381997108s) [4,0] r=1 lpr=52 pi=[49,52)/1 crt=0'0 unknown pruub 34.045890808s@ mbc={}] state: Activate Finished
2026-02-11T23:30:35.987+0000 7f414f993640 10 log is not dirty
2026-02-11T23:30:35.987+0000 7f414f993640 20 osd.0 op_wq(0) _process empty q, waiting
2026-02-11T23:30:35.987+0000 7f414b98b640 20 osd.0 op_wq(0) _process empty q, waiting
2026-02-11T23:30:35.987+0000 7f414f993640 15 osd.0 53 enqueue_peering_evt 4.0 epoch_sent: 53 epoch_requested: 53 ActivateCommitted from 53 processed at 53
2026-02-11T23:30:35.987+0000 7f414f993640 20 osd.0 op_wq(0) _enqueue OpSchedulerItem(4.0 PGPeeringEvent(epoch_sent: 53 epoch_requested: 53 ActivateCommitted from 53 processed at 53) class_id 2 prio 255 cost 10 e53)
2026-02-11T23:30:35.987+0000 7f414b98b640 20 osd.0 op_wq(0) _process empty q, waiting
2026-02-11T23:30:35.987+0000 7f414f993640 20 osd.0 op_wq(0) _process 4.0 to_process <> waiting <> waiting_peering {}
2026-02-11T23:30:35.987+0000 7f414f993640 20 osd.0 op_wq(0) _process OpSchedulerItem(4.0 PGPeeringEvent(epoch_sent: 53 epoch_requested: 53 ActivateCommitted from 53 processed at 53) class_id 2immediate prio 255 cost 10 e53) queued
2026-02-11T23:30:35.987+0000 7f414f993640 20 osd.0 op_wq(0) _process 4.0 to_process waiting <> waiting_peering {}
2026-02-11T23:30:35.987+0000 7f414f993640 20 osd.0 op_wq(0) _process OpSchedulerItem(4.0 PGPeeringEvent(epoch_sent: 53 epoch_requested: 53 ActivateCommitted from 53 processed at 53) class_id 2immediate prio 255 cost 10 e53) pg 0x5978000
2026-02-11T23:30:35.987+0000 7f414b98b640 20 osd.0 op_wq(0) _process empty q, waiting
2026-02-11T23:30:35.987+0000 7f414f993640 10 osd.0 pg_epoch: 53 pg[4.0( empty local-lis/les=52/53 n=0 ec=49/49 lis/c=49/49 les/c/f=50/50/0 sis=52 pruub=15.381997108s) [4,0] r=1 lpr=52 pi=[49,52)/1 crt=0'0 unknown pruub 34.045890808s@ mbc={}] do_peering_event: epoch_sent: 53 epoch_requested: 53 ActivateCommitted from 53 processed at 53
2026-02-11T23:30:35.987+0000 7f414f993640 10 osd.0 pg_epoch: 53 pg[4.0( empty local-lis/les=52/53 n=0 ec=49/49 lis/c=49/49 les/c/f=50/50/0 sis=52 pruub=15.381997108s) [4,0] r=1 lpr=52 pi=[49,52)/1 crt=0'0 unknown pruub 34.045890808s@ mbc={}] state: react 53 telling primary
2026-02-11T23:30:35.987+0000 7f414f993640 10 log is not dirty
2026-02-11T23:30:35.987+0000 7f414f993640 20 osd.0 53 get_con_osd_cluster to osd.4 from_epoch 53
2026-02-11T23:30:35.987+0000 7f414f993640 20 osd.0 53 get_nextmap_reserved map_reservations: {53=1}
2026-02-11T23:30:35.987+0000 7f414f993640 20 osd.0 53 release_map epoch: 53
2026-02-11T23:30:35.987+0000 7f414f993640 10 osd.0 53 maybe_share_map: con v2:127.0.0.1:6836/3331151400 our osdmap epoch of 53 is not newer than session's projected_epoch of 53
2026-02-11T23:30:35.987+0000 7f414f993640 1 -- [v2:127.0.0.1:6802/3294232400,v1:127.0.0.1:6803/3294232400] --> [v2:127.0.0.1:6836/3331151400,v1:127.0.0.1:6837/3331151400] -- pg_info2(4.0 4.0 4.0( empty local-lis/les=52/53 n=0 ec=49/49 lis/c=52/49 les/c/f=53/50/0 sis=52 pruub=15.381997108s) e53/53) -- 0x5a8d500 con 0x507ac00
2026-02-11T23:30:35.988+0000 7f414f993640 20 osd.0 op_wq(0) _process empty q, waiting
2026-02-11T23:30:35.988+0000 7f416abfa640 1 -- [v2:127.0.0.1:6802/3294232400,v1:127.0.0.1:6803/3294232400] <== osd.4 v2:127.0.0.1:6836/3331151400 11 ==== pg_lease(4.0 pg_lease(ru 24.827859879s ub 24.828193665s int 16.000000000s) e53/53) ==== 58+0+0 (unknown 0 0 0) 0x4c9b500 con 0x507ac00
2026-02-11T23:30:35.988+0000 7f416abfa640 15 osd.0 53 enqueue_peering_evt 4.0 epoch_sent: 53 epoch_requested: 53 MLease epoch 53 from osd.4 pg_lease(ru 24.827859879s ub 24.828193665s int 16.000000000s)
2026-02-11T23:30:35.988+0000 7f416abfa640 20 osd.0 op_wq(0) _enqueue OpSchedulerItem(4.0 PGPeeringEvent(epoch_sent: 53 epoch_requested: 53 MLease epoch 53 from osd.4 pg_lease(ru 24.827859879s ub 24.828193665s int 16.000000000s)) class_id 2 prio 255 cost 10 e53)
2026-02-11T23:30:35.988+0000 7f414b98b640 20 osd.0 op_wq(0) _process 4.0 to_process <> waiting <> waiting_peering {}
2026-02-11T23:30:35.988+0000 7f414b98b640 20 osd.0 op_wq(0) _process OpSchedulerItem(4.0 PGPeeringEvent(epoch_sent: 53 epoch_requested: 53 MLease epoch 53 from osd.4 pg_lease(ru 24.827859879s ub 24.828193665s int 16.000000000s)) class_id 2immediate prio 255 cost 10 e53) queued
2026-02-11T23:30:35.988+0000 7f414b98b640 20 osd.0 op_wq(0) _process 4.0 to_process waiting <> waiting_peering {}
2026-02-11T23:30:35.988+0000 7f414b98b640 20 osd.0 op_wq(0) _process OpSchedulerItem(4.0 PGPeeringEvent(epoch_sent: 53 epoch_requested: 53 MLease epoch 53 from osd.4 pg_lease(ru 24.827859879s ub 24.828193665s int 16.000000000s)) class_id 2immediate prio 255 cost 10 e53) pg 0x5978000
2026-02-11T23:30:35.988+0000 7f414b98b640 10 osd.0 pg_epoch: 53 pg[4.0( empty local-lis/les=52/53 n=0 ec=49/49 lis/c=49/49 les/c/f=50/50/0 sis=52 pruub=15.381997108s) [4,0] r=1 lpr=52 pi=[49,52)/1 crt=0'0 active pruub 34.045890808s@ mbc={}] do_peering_event: epoch_sent: 53 epoch_requested: 53 MLease epoch 53 from osd.4 pg_lease(ru 24.827859879s ub 24.828193665s int 16.000000000s)
2026-02-11T23:30:35.988+0000 7f414f993640 20 osd.0 op_wq(0) _process empty q, waiting
2026-02-11T23:30:35.988+0000 7f414b98b640 10 osd.0 pg_epoch: 53 pg[4.0( empty local-lis/les=52/53 n=0 ec=49/49 lis/c=49/49 les/c/f=50/50/0 sis=52 pruub=15.381997108s) [4,0] r=1 lpr=52 pi=[49,52)/1 crt=0'0 active pruub 34.045890808s@ mbc={}] PeeringState::proc_lease pg_lease(ru 24.827859879s ub 24.828193665s int 16.000000000s)
2026-02-11T23:30:35.988+0000 7f414b98b640 20 osd.0 pg_epoch: 53 pg[4.0( empty local-lis/les=52/53 n=0 ec=49/49 lis/c=49/49 les/c/f=50/50/0 sis=52 pruub=15.381997108s) [4,0] r=1 lpr=52 pi=[49,52)/1 crt=0'0 active pruub 34.045890808s@ mbc={}] PeeringState::proc_lease peer_clock_delta_ub -9.836281776s -> ru 34.664142609s
2026-02-11T23:30:35.988+0000 7f414b98b640 20 osd.0 pg_epoch: 53 pg[4.0( empty local-lis/les=52/53 n=0 ec=49/49 lis/c=49/49 les/c/f=50/50/0 sis=52 pruub=15.381997108s) [4,0] r=1 lpr=52 pi=[49,52)/1 crt=0'0 active pruub 34.045890808s@ mbc={}] PeeringState::proc_lease readable_until now 34.664142609s
2026-02-11T23:30:35.988+0000 7f414b98b640 20 osd.0 pg_epoch: 53 pg[4.0( empty local-lis/les=52/53 n=0 ec=49/49 lis/c=49/49 les/c/f=50/50/0 sis=52 pruub=15.381997108s) [4,0] r=1 lpr=52 pi=[49,52)/1 crt=0'0 active pruub 34.045890808s@ mbc={}] PeeringState::proc_lease peer_clock_delta_lb -9.836717606s -> ruub 34.664909363s
2026-02-11T23:30:35.988+0000 7f414b98b640 20 osd.0 pg_epoch: 53 pg[4.0( empty local-lis/les=52/53 n=0 ec=49/49 lis/c=49/49 les/c/f=50/50/0 sis=52 pruub=15.381997108s) [4,0] r=1 lpr=52 pi=[49,52)/1 crt=0'0 active pruub 34.045890808s@ mbc={}] PeeringState::proc_lease readable_until_ub now 34.664909363s
2026-02-11T23:30:35.988+0000 7f414b98b640 20 osd.0 53 get_con_osd_cluster to osd.4 from_epoch 53
2026-02-11T23:30:35.988+0000 7f414b98b640 20 osd.0 53 get_nextmap_reserved map_reservations: {53=1}
2026-02-11T23:30:35.988+0000 7f414b98b640 20 osd.0 53 release_map epoch: 53
2026-02-11T23:30:35.988+0000 7f414b98b640 1 -- [v2:127.0.0.1:6802/3294232400,v1:127.0.0.1:6803/3294232400] --> [v2:127.0.0.1:6836/3331151400,v1:127.0.0.1:6837/3331151400] -- pg_lease_ack(4.0 pg_lease_ack(ruub 24.828193665s) e53/53) -- 0x3758f20 con 0x507ac00
2026-02-11T23:30:35.988+0000 7f414b98b640 10 log is not dirty
2026-02-11T23:30:35.988+0000 7f414b98b640 20 osd.0 op_wq(0) _process empty q, waiting
2026-02-11T23:30:35.988+0000 7f416abfa640 1 -- [v2:127.0.0.1:6802/3294232400,v1:127.0.0.1:6803/3294232400] <== osd.4 v2:127.0.0.1:6836/3331151400 12 ==== pg_info2(4.0 4.0 4.0( empty local-lis/les=52/53 n=0 ec=49/49 lis/c=52/49 les/c/f=53/50/0 sis=52) e53/53) ==== 1118+0+0 (unknown 0 0 0) 0x5a8d500 con 0x507ac00
2026-02-11T23:30:35.988+0000 7f416abfa640 15 osd.0 53 enqueue_peering_evt 4.0 epoch_sent: 53 epoch_requested: 53 MInfoRec from 4 info: 4.0( empty local-lis/les=52/53 n=0 ec=49/49 lis/c=52/49 les/c/f=53/50/0 sis=52) pg_lease(ru 24.827859879s ub 24.828193665s int 16.000000000s)
2026-02-11T23:30:35.988+0000 7f416abfa640 20 osd.0 op_wq(0) _enqueue OpSchedulerItem(4.0 PGPeeringEvent(epoch_sent: 53 epoch_requested: 53 MInfoRec from 4 info: 4.0( empty local-lis/les=52/53 n=0 ec=49/49 lis/c=52/49 les/c/f=53/50/0 sis=52) pg_lease(ru 24.827859879s ub 24.828193665s int 16.000000000s)) class_id 2 prio 255 cost 10 e53)
2026-02-11T23:30:35.988+0000 7f414b98b640 20 osd.0 op_wq(0) _process 4.0 to_process <> waiting <> waiting_peering {}
2026-02-11T23:30:35.988+0000 7f414b98b640 20 osd.0 op_wq(0) _process OpSchedulerItem(4.0 PGPeeringEvent(epoch_sent: 53 epoch_requested: 53 MInfoRec from 4 info: 4.0( empty local-lis/les=52/53 n=0 ec=49/49 lis/c=52/49 les/c/f=53/50/0 sis=52) pg_lease(ru 24.827859879s ub 24.828193665s int 16.000000000s)) class_id 2immediate prio 255 cost 10 e53) queued
2026-02-11T23:30:35.988+0000 7f414b98b640 20 osd.0 op_wq(0) _process 4.0 to_process waiting <> waiting_peering {}
2026-02-11T23:30:35.988+0000 7f414b98b640 20 osd.0 op_wq(0) _process OpSchedulerItem(4.0 PGPeeringEvent(epoch_sent: 53 epoch_requested: 53 MInfoRec from 4 info: 4.0( empty local-lis/les=52/53 n=0 ec=49/49 lis/c=52/49 les/c/f=53/50/0 sis=52) pg_lease(ru 24.827859879s ub 24.828193665s int 16.000000000s)) class_id 2immediate prio 255 cost 10 e53) pg 0x5978000
2026-02-11T23:30:35.988+0000 7f414b98b640 10 osd.0 pg_epoch: 53 pg[4.0( empty local-lis/les=52/53 n=0 ec=49/49 lis/c=49/49 les/c/f=50/50/0 sis=52 pruub=15.381997108s) [4,0] r=1 lpr=52 pi=[49,52)/1 crt=0'0 active pruub 34.045890808s@ mbc={}] do_peering_event: epoch_sent: 53 epoch_requested: 53 MInfoRec from 4 info: 4.0( empty local-lis/les=52/53 n=0 ec=49/49 lis/c=52/49 les/c/f=53/50/0 sis=52) pg_lease(ru 24.827859879s ub 24.828193665s int 16.000000000s)
2026-02-11T23:30:35.988+0000 7f414b98b640 20 osd.0 pg_epoch: 53 pg[4.0( empty local-lis/les=52/53 n=0 ec=49/49 lis/c=52/49 les/c/f=53/50/0 sis=52) [4,0] r=1 lpr=52 pi=[49,52)/1 crt=0'0 active pruub 34.045890808s@ mbc={}] PeeringState::update_history advanced history from ec=49/49 lis/c=52/49 les/c/f=53/50/0 sis=52
2026-02-11T23:30:35.988+0000 7f414f993640 20 osd.0 op_wq(0) _process empty q, waiting
2026-02-11T23:30:35.988+0000 7f414b98b640 10 log is not dirty
2026-02-11T23:30:35.988+0000 7f414b98b640 20 osd.0 op_wq(0) _process empty q, waiting
2026-02-11T23:30:35.988+0000 7f414b98b640 20 osd.0 op_wq(0) _process empty q, waiting
2026-02-11T23:30:35.988+0000 7f414f993640 20 osd.0 op_wq(0) _process empty q, waiting
2026-02-11T23:30:35.988+0000 7f416abfa640 1 -- [v2:127.0.0.1:6802/3294232400,v1:127.0.0.1:6803/3294232400] <== osd.4 v2:127.0.0.1:6836/3331151400 13 ==== pg_info2(4.0 4.0 4.0( empty local-lis/les=52/53 n=0 ec=49/49 lis/c=52/52 les/c/f=53/53/0 sis=52) e53/53) ==== 1118+0+0 (unknown 0 0 0) 0x5a8d500 con 0x507ac00
2026-02-11T23:30:35.988+0000 7f416abfa640 15 osd.0 53 enqueue_peering_evt 4.0 epoch_sent: 53 epoch_requested: 53 MInfoRec from 4 info: 4.0( empty local-lis/les=52/53 n=0 ec=49/49 lis/c=52/52 les/c/f=53/53/0 sis=52) pg_lease(ru 24.827859879s ub 24.828193665s int 16.000000000s)
2026-02-11T23:30:35.988+0000 7f416abfa640 20 osd.0 op_wq(0) _enqueue OpSchedulerItem(4.0 PGPeeringEvent(epoch_sent: 53 epoch_requested: 53 MInfoRec from 4 info: 4.0( empty local-lis/les=52/53 n=0 ec=49/49 lis/c=52/52 les/c/f=53/53/0 sis=52) pg_lease(ru 24.827859879s ub 24.828193665s int 16.000000000s)) class_id 2 prio 255 cost 10 e53)
2026-02-11T23:30:35.988+0000 7f414b98b640 20 osd.0 op_wq(0) _process 4.0 to_process <> waiting <> waiting_peering {}
2026-02-11T23:30:35.988+0000 7f414b98b640 20 osd.0 op_wq(0) _process OpSchedulerItem(4.0 PGPeeringEvent(epoch_sent: 53 epoch_requested: 53 MInfoRec from 4 info: 4.0( empty local-lis/les=52/53 n=0 ec=49/49 lis/c=52/52 les/c/f=53/53/0 sis=52) pg_lease(ru 24.827859879s ub 24.828193665s int 16.000000000s)) class_id 2immediate prio 255 cost 10 e53) queued
2026-02-11T23:30:35.988+0000 7f414b98b640 20 osd.0 op_wq(0) _process 4.0 to_process waiting <> waiting_peering {}
