2026-02-11T23:30:45.707+0000 7fdb16394640 20 osd.2:7.identify_splits_and_merges identify_splits_and_merges 0 slots
2026-02-11T23:30:45.707+0000 7fdb16394640 20 osd.2:7.identify_splits_and_merges identify_splits_and_merges 0 splits, 0 merges
2026-02-11T23:30:45.707+0000 7fdb16394640 20 osd.2 90 prune_pg_created
2026-02-11T23:30:45.707+0000 7fdb16394640 10 osd.2:0.consume_map 90 (was 87)
2026-02-11T23:30:45.707+0000 7fdb16394640 20 osd.2:0.consume_map consume_map 9.0
2026-02-11T23:30:45.707+0000 7fdb16394640 20 osd.2:0.consume_map consume_map 9.0 pending_peering first epoch 90 <= 90, requeueing
2026-02-11T23:30:45.707+0000 7fdb16394640 20 osd.2:0._wake_pg_slot _wake_pg_slot 9.0 to_process <> waiting <> waiting_peering {90=}
2026-02-11T23:30:45.707+0000 7fdb16394640 20 osd.2:0.consume_map consume_map 6.0
2026-02-11T23:30:45.707+0000 7fdb16394640 20 osd.2:0.consume_map consume_map 3.0
2026-02-11T23:30:45.707+0000 7fdb16394640 10 osd.2:1.consume_map 90 (was 87)
2026-02-11T23:30:45.707+0000 7fdb16394640 10 osd.2:2.consume_map 90 (was 87)
2026-02-11T23:30:45.707+0000 7fdb16394640 10 osd.2:3.consume_map 90 (was 87)
2026-02-11T23:30:45.707+0000 7fdb16394640 10 osd.2:4.consume_map 90 (was 87)
2026-02-11T23:30:45.707+0000 7fdb16394640 10 osd.2:5.consume_map 90 (was 87)
2026-02-11T23:30:45.707+0000 7fdb16394640 10 osd.2:6.consume_map 90 (was 87)
2026-02-11T23:30:45.707+0000 7fdb16394640 10 osd.2:7.consume_map 90 (was 87)
2026-02-11T23:30:45.707+0000 7fdb08b79640 20 osd.2 op_wq(0) _process 9.0 to_process <> waiting <> waiting_peering {}
2026-02-11T23:30:45.707+0000 7fdb08b79640 20 osd.2 op_wq(0) _process OpSchedulerItem(9.0 PGPeeringEvent(epoch_sent: 90 epoch_requested: 90 MQuery 9.0 from 1 query_epoch 90 query: query(info 0'0 epoch_sent 90)) class_id 2immediate prio 255 cost 10 e90) queued
2026-02-11T23:30:45.707+0000 7fdb08b79640 20 osd.2 op_wq(0) _process 9.0 to_process waiting <> waiting_peering {}
2026-02-11T23:30:45.707+0000 7fdb08b79640 20 osd.2 op_wq(0) _process OpSchedulerItem(9.0 PGPeeringEvent(epoch_sent: 90 epoch_requested: 90 MQuery 9.0 from 1 query_epoch 90 query: query(info 0'0 epoch_sent 90)) class_id 2immediate prio 255 cost 10 e90) pg 0x52be000
2026-02-11T23:30:45.707+0000 7fdb16394640 10 osd.2 90 release_reserved_pushes(0), recovery_ops_reserved 0 -> 0
2026-02-11T23:30:45.707+0000 7fdb16394640 15 osd.2 90 enqueue_peering_evt 9.0 epoch_sent: 90 epoch_requested: 90 NullEvt
2026-02-11T23:30:45.707+0000 7fdb08b79640 10 osd.2 pg_epoch: 87 pg[9.0( empty local-lis/les=85/86 n=0 ec=85/85 lis/c=85/85 les/c/f=86/86/0 sis=85) [1,2,4] r=1 lpr=85 crt=0'0 active mbc={}] handle_advance_map: 88
2026-02-11T23:30:45.707+0000 7fdb08b79640 20 osd.2:0.update_pg_epoch 9.0 87 -> 88
2026-02-11T23:30:45.707+0000 7fdb16394640 20 osd.2 op_wq(0) _enqueue OpSchedulerItem(9.0 PGPeeringEvent(epoch_sent: 90 epoch_requested: 90 NullEvt) class_id 2 prio 255 cost 10 e90)
2026-02-11T23:30:45.707+0000 7fdb08b79640 10 osd.2 pg_epoch: 87 pg[9.0( empty local-lis/les=85/86 n=0 ec=85/85 lis/c=85/85 les/c/f=86/86/0 sis=85) [1,2,4] r=1 lpr=85 crt=0'0 active mbc={}] PeeringState::advance_map handle_advance_map [1,2]/[1,2] -- 1/1
2026-02-11T23:30:45.707+0000 7fdb16394640 15 osd.2 90 enqueue_peering_evt 6.0 epoch_sent: 90 epoch_requested: 90 NullEvt
2026-02-11T23:30:45.707+0000 7fdb08b79640 10 osd.2 pg_epoch: 88 pg[9.0( empty local-lis/les=85/86 n=0 ec=85/85 lis/c=85/85 les/c/f=86/86/0 sis=85) [1,2,4] r=1 lpr=85 crt=0'0 active mbc={}] state: Started advmap
2026-02-11T23:30:45.707+0000 7fdb08b79640 20 osd.2 pg_epoch: 88 pg[9.0( empty local-lis/les=85/86 n=0 ec=85/85 lis/c=85/85 les/c/f=86/86/0 sis=85) [1,2,4] r=1 lpr=85 crt=0'0 active mbc={}] PeeringState::should_restart_peering new interval newup [1,2] newacting [1,2]
2026-02-11T23:30:45.707+0000 7fdb16394640 20 osd.2 op_wq(0) _enqueue OpSchedulerItem(6.0 PGPeeringEvent(epoch_sent: 90 epoch_requested: 90 NullEvt) class_id 2 prio 255 cost 10 e90)
2026-02-11T23:30:45.707+0000 7fdb08b79640 10 osd.2 pg_epoch: 88 pg[9.0( empty local-lis/les=85/86 n=0 ec=85/85 lis/c=85/85 les/c/f=86/86/0 sis=85) [1,2,4] r=1 lpr=85 crt=0'0 active mbc={}] state: should_restart_peering, transitioning to Reset
2026-02-11T23:30:45.707+0000 7fdb08b79640 5 osd.2 pg_epoch: 88 pg[9.0( empty local-lis/les=85/86 n=0 ec=85/85 lis/c=85/85 les/c/f=86/86/0 sis=85) [1,2,4] r=1 lpr=85 crt=0'0 active mbc={}] exit Started/ReplicaActive/RepNotRecovering 0.911674 9 0.000074
2026-02-11T23:30:45.707+0000 7fdb0cb81640 20 osd.2 op_wq(0) _process 9.0 to_process <> waiting <> waiting_peering {}
2026-02-11T23:30:45.707+0000 7fdb08b79640 5 osd.2 pg_epoch: 88 pg[9.0( empty local-lis/les=85/86 n=0 ec=85/85 lis/c=85/85 les/c/f=86/86/0 sis=85) [1,2,4] r=1 lpr=85 crt=0'0 active mbc={}] exit Started/ReplicaActive 0.911679 0 0.000000
2026-02-11T23:30:45.707+0000 7fdb0cb81640 20 osd.2 op_wq(0) _process OpSchedulerItem(9.0 PGPeeringEvent(epoch_sent: 90 epoch_requested: 90 NullEvt) class_id 2immediate prio 255 cost 10 e90) queued
2026-02-11T23:30:45.707+0000 7fdb08b79640 5 osd.2 pg_epoch: 88 pg[9.0( empty local-lis/les=85/86 n=0 ec=85/85 lis/c=85/85 les/c/f=86/86/0 sis=85) [1,2,4] r=1 lpr=85 crt=0'0 active mbc={}] exit Started 0.911813 0 0.000000
2026-02-11T23:30:45.707+0000 7fdb08b79640 5 osd.2 pg_epoch: 88 pg[9.0( empty local-lis/les=85/86 n=0 ec=85/85 lis/c=85/85 les/c/f=86/86/0 sis=85) [1,2,4] r=1 lpr=85 crt=0'0 active mbc={}] enter Reset
2026-02-11T23:30:45.707+0000 7fdb08b79640 20 osd.2 pg_epoch: 88 pg[9.0( empty local-lis/les=85/86 n=0 ec=85/85 lis/c=85/85 les/c/f=86/86/0 sis=85) [1,2,4] r=1 lpr=85 crt=0'0 active mbc={}] PeeringState::set_last_peering_reset set_last_peering_reset 88
2026-02-11T23:30:45.707+0000 7fdb08b79640 10 osd.2 pg_epoch: 88 pg[9.0( empty local-lis/les=85/86 n=0 ec=85/85 lis/c=85/85 les/c/f=86/86/0 sis=85) [1,2,4] r=1 lpr=88 crt=0'0 active mbc={}] PeeringState::set_last_peering_reset Clearing blocked outgoing recovery messages
2026-02-11T23:30:45.707+0000 7fdb16394640 15 osd.2 90 enqueue_peering_evt 3.0 epoch_sent: 90 epoch_requested: 90 NullEvt
2026-02-11T23:30:45.707+0000 7fdb16394640 20 osd.2 op_wq(0) _enqueue OpSchedulerItem(3.0 PGPeeringEvent(epoch_sent: 90 epoch_requested: 90 NullEvt) class_id 2 prio 255 cost 10 e90)
2026-02-11T23:30:45.707+0000 7fdb16394640 7 osd.2 90 activate_map version 90
2026-02-11T23:30:45.707+0000 7fdb08b79640 10 osd.2 pg_epoch: 88 pg[9.0( empty local-lis/les=85/86 n=0 ec=85/85 lis/c=85/85 les/c/f=86/86/0 sis=85) [1,2,4] r=1 lpr=88 crt=0'0 active mbc={}] PeeringState::set_last_peering_reset Not blocking outgoing recovery messages
2026-02-11T23:30:45.707+0000 7fdb08b79640 10 osd.2 pg_epoch: 88 pg[9.0( empty local-lis/les=85/86 n=0 ec=85/85 lis/c=85/85 les/c/f=86/86/0 sis=85) [1,2,4] r=1 lpr=88 crt=0'0 active mbc={}] state: Reset advmap
2026-02-11T23:30:45.707+0000 7fdb08b79640 20 osd.2 pg_epoch: 88 pg[9.0( empty local-lis/les=85/86 n=0 ec=85/85 lis/c=85/85 les/c/f=86/86/0 sis=85) [1,2,4] r=1 lpr=88 crt=0'0 active mbc={}] PeeringState::should_restart_peering new interval newup [1,2] newacting [1,2]
2026-02-11T23:30:45.707+0000 7fdb08b79640 10 osd.2 pg_epoch: 88 pg[9.0( empty local-lis/les=85/86 n=0 ec=85/85 lis/c=85/85 les/c/f=86/86/0 sis=85) [1,2,4] r=1 lpr=88 crt=0'0 active mbc={}] state: should restart peering, calling start_peering_interval again
2026-02-11T23:30:45.707+0000 7fdb08b79640 20 osd.2 pg_epoch: 88 pg[9.0( empty local-lis/les=85/86 n=0 ec=85/85 lis/c=85/85 les/c/f=86/86/0 sis=85) [1,2,4] r=1 lpr=88 crt=0'0 active mbc={}] PeeringState::set_last_peering_reset set_last_peering_reset 88
2026-02-11T23:30:45.707+0000 7fdb08b79640 15 osd.2 pg_epoch: 88 pg[9.0( empty local-lis/les=85/86 n=0 ec=85/85 lis/c=85/85 les/c/f=86/86/0 sis=85) [1,2] r=1 lpr=88 crt=0'0 active mbc={}] clear_stats
2026-02-11T23:30:45.707+0000 7fdb0d382640 20 osd.2 90 agent_entry empty queue
2026-02-11T23:30:45.707+0000 7fdb08b79640 10 osd.2 pg_epoch: 88 pg[9.0( empty local-lis/les=85/86 n=0 ec=85/85 lis/c=85/85 les/c/f=86/86/0 sis=85) [1,2] r=1 lpr=88 pi=[85,88)/1 crt=0'0 active mbc={}] PeeringState::start_peering_interval : check_new_interval output: check_new_interval interval(85-87 up [1, 2, 4](1) acting [1, 2, 4](1)) up_thru 85 up_from 10 last_epoch_clean 86 interval(85-87 up [1, 2, 4](1) acting [1, 2, 4](1) maybe_went_rw) : primary up 10-85 includes interval
2026-02-11T23:30:45.707+0000 7fdb08b79640 10 osd.2 pg_epoch: 88 pg[9.0( empty local-lis/les=85/86 n=0 ec=85/85 lis/c=85/85 les/c/f=86/86/0 sis=85) [1,2] r=1 lpr=88 pi=[85,88)/1 crt=0'0 active mbc={}] PeeringState::start_peering_interval noting past ([85,87] all_participants={1, 2, 4} intervals=[([85,87] acting={1, 2, 4})])
2026-02-11T23:30:45.707+0000 7fdb08b79640 20 osd.2 pg_epoch: 88 pg[9.0( empty local-lis/les=85/86 n=0 ec=85/85 lis/c=85/85 les/c/f=86/86/0 sis=88) [1,2] r=1 lpr=88 pi=[85,88)/1 crt=0'0 active mbc={}] PeeringState::on_new_interval
2026-02-11T23:30:45.707+0000 7fdb08b79640 20 osd.2 pg_epoch: 88 pg[9.0( empty local-lis/les=85/86 n=0 ec=85/85 lis/c=85/85 les/c/f=86/86/0 sis=88) [1,2] r=1 lpr=88 pi=[85,88)/1 crt=0'0 active mbc={}] PeeringState::on_new_interval upacting_features 0x3f0ffffffffdffff from [1,2]+[1,2]
2026-02-11T23:30:45.707+0000 7fdb08b79640 20 osd.2 pg_epoch: 88 pg[9.0( empty local-lis/les=85/86 n=0 ec=85/85 lis/c=85/85 les/c/f=86/86/0 sis=88) [1,2] r=1 lpr=88 pi=[85,88)/1 crt=0'0 active mbc={}] PeeringState::on_new_interval checking missing set deletes flag. missing = missing(0 may_include_deletes = 1)
2026-02-11T23:30:45.707+0000 7fdb08b79640 10 osd.2 pg_epoch: 88 pg[9.0( empty local-lis/les=85/86 n=0 ec=85/85 lis/c=85/85 les/c/f=86/86/0 sis=88) [1,2] r=1 lpr=88 pi=[85,88)/1 crt=0'0 active mbc={}] PeeringState::init_hb_stamps now [0x5977260]
2026-02-11T23:30:45.707+0000 7fdb08b79640 10 osd.2 pg_epoch: 88 pg[9.0( empty local-lis/les=85/86 n=0 ec=85/85 lis/c=85/85 les/c/f=86/86/0 sis=88 pruub=15.088668823s) [1,2] r=1 lpr=88 pi=[85,88)/1 crt=0'0 active pruub 38.904964447s@ mbc={}] PeeringState::on_new_interval prior_readable_until_ub 38.904964447s (mnow 23.816293716s + 15.088668823s)
2026-02-11T23:30:45.707+0000 7fdb08b79640 10 osd.2 pg_epoch: 88 pg[9.0( empty local-lis/les=85/86 n=0 ec=85/85 lis/c=85/85 les/c/f=86/86/0 sis=88 pruub=15.088668823s) [1,2] r=1 lpr=88 pi=[85,88)/1 crt=0'0 active pruub 38.904964447s@ mbc={}] cancel_recovery
2026-02-11T23:30:45.707+0000 7fdb08b79640 10 osd.2 pg_epoch: 88 pg[9.0( empty local-lis/les=85/86 n=0 ec=85/85 lis/c=85/85 les/c/f=86/86/0 sis=88 pruub=15.088668823s) [1,2] r=1 lpr=88 pi=[85,88)/1 crt=0'0 active pruub 38.904964447s@ mbc={}] clear_recovery_state
2026-02-11T23:30:45.707+0000 7fdb08b79640 15 osd.2 pg_epoch: 88 pg[9.0( empty local-lis/les=85/86 n=0 ec=85/85 lis/c=85/85 les/c/f=86/86/0 sis=88 pruub=15.088668823s) [1,2] r=1 lpr=88 pi=[85,88)/1 crt=0'0 active pruub 38.904964447s@ mbc={}] _clear_recovery_state
2026-02-11T23:30:45.707+0000 7fdb08b79640 10 osd.2 pg_epoch: 88 pg[9.0( empty local-lis/les=85/86 n=0 ec=85/85 lis/c=85/85 les/c/f=86/86/0 sis=88 pruub=15.088668823s) [1,2] r=1 lpr=88 pi=[85,88)/1 crt=0'0 active pruub 38.904964447s@ mbc={}] scrubber: on_new_interval: current role:Replica/other active?false q/a:false
2026-02-11T23:30:45.707+0000 7fdb08b79640 20 scrubberFSM event: --vvvv---- IntervalChanged
2026-02-11T23:30:45.707+0000 7fdb08b79640 20 osd.2 pg_epoch: 88 pg[9.0( empty local-lis/les=85/86 n=0 ec=85/85 lis/c=85/85 les/c/f=86/86/0 sis=88 pruub=15.088668823s) [1,2] r=1 lpr=88 pi=[85,88)/1 crt=0'0 active pruub 38.904964447s@ mbc={}] scrubber: FSM: ReplicaActive::exit()
2026-02-11T23:30:45.707+0000 7fdb08b79640 10 osd.2 pg_epoch: 88 pg[9.0( empty local-lis/les=85/86 n=0 ec=85/85 lis/c=85/85 les/c/f=86/86/0 sis=88 pruub=15.088668823s) [1,2] r=1 lpr=88 pi=[85,88)/1 crt=0'0 active pruub 38.904964447s@ mbc={}] scrubber: FSM: ReplicaActive::clear_remote_reservation(): pending_reservation_nonce 0, reservation_granted false
2026-02-11T23:30:45.707+0000 7fdb08b79640 10 osd.2 pg_epoch: 88 pg[9.0( empty local-lis/les=85/86 n=0 ec=85/85 lis/c=85/85 les/c/f=86/86/0 sis=88 pruub=15.088668823s) [1,2] r=1 lpr=88 pi=[85,88)/1 crt=0'0 active pruub 38.904964447s@ mbc={}] scrubber: FSM: -- state -->> NotActive
2026-02-11T23:30:45.707+0000 7fdb08b79640 20 scrubberFSM event: --^^^^---- IntervalChanged
2026-02-11T23:30:45.707+0000 7fdb08b79640 1 osd.2 pg_epoch: 88 pg[9.0( empty local-lis/les=85/86 n=0 ec=85/85 lis/c=85/85 les/c/f=86/86/0 sis=88 pruub=15.088668823s) [1,2] r=1 lpr=88 pi=[85,88)/1 crt=0'0 active pruub 38.904964447s@ mbc={}] PeeringState::start_peering_interval up [1,2,4] -> [1,2], acting [1,2,4] -> [1,2], acting_primary 1 -> 1, up_primary 1 -> 1, role 1 -> 1, features acting 4544132024016699391 upacting 4544132024016699391
2026-02-11T23:30:45.707+0000 7fdb08b79640 10 osd.2 pg_epoch: 88 pg[9.0( empty local-lis/les=85/86 n=0 ec=85/85 lis/c=85/85 les/c/f=86/86/0 sis=88 pruub=15.088668823s) [1,2] r=1 lpr=88 pi=[85,88)/1 crt=0'0 unknown pruub 38.904964447s@ mbc={}] PeeringState::clear_primary_state clear_primary_state
2026-02-11T23:30:45.707+0000 7fdb08b79640 20 osd.2 pg_epoch: 88 pg[9.0( empty local-lis/les=85/86 n=0 ec=85/85 lis/c=85/85 les/c/f=86/86/0 sis=88 pruub=15.088668823s) [1,2] r=1 lpr=88 pi=[85,88)/1 crt=0'0 unknown pruub 38.904964447s@ mbc={}] clear_primary_state
2026-02-11T23:30:45.707+0000 7fdb08b79640 10 osd.2 pg_epoch: 88 pg[9.0( empty local-lis/les=85/86 n=0 ec=85/85 lis/c=85/85 les/c/f=86/86/0 sis=88 pruub=15.088668823s) [1,2] r=1 lpr=88 pi=[85,88)/1 crt=0'0 unknown pruub 38.904964447s@ mbc={}] release_backoffs [9:00000000::::0,MAX)
2026-02-11T23:30:45.707+0000 7fdb08b79640 10 osd.2 pg_epoch: 88 pg[9.0( empty local-lis/les=85/86 n=0 ec=85/85 lis/c=85/85 les/c/f=86/86/0 sis=88 pruub=15.088668823s) [1,2] r=1 lpr=88 pi=[85,88)/1 crt=0'0 unknown pruub 38.904964447s@ mbc={}] scrubber: on_new_interval: current role:Replica/other active?false q/a:false
2026-02-11T23:30:45.707+0000 7fdb08b79640 20 scrubberFSM event: --vvvv---- IntervalChanged
2026-02-11T23:30:45.707+0000 7fdb08b79640 20 scrubberFSM event: --^^^^---- IntervalChanged
2026-02-11T23:30:45.707+0000 7fdb08b79640 20 osd.2 pg_epoch: 88 pg[9.0( empty local-lis/les=85/86 n=0 ec=85/85 lis/c=85/85 les/c/f=86/86/0 sis=88 pruub=15.088668823s) [1,2] r=1 lpr=88 pi=[85,88)/1 crt=0'0 unknown pruub 38.904964447s@ mbc={}] agent_stop
2026-02-11T23:30:45.707+0000 7fdb08b79640 10 osd.2 pg_epoch: 88 pg[9.0( empty local-lis/les=85/86 n=0 ec=85/85 lis/c=85/85 les/c/f=86/86/0 sis=88 pruub=15.088668823s) [1,2] r=1 lpr=88 pi=[85,88)/1 crt=0'0 unknown pruub 38.904964447s@ mbc={}] on_change
2026-02-11T23:30:45.707+0000 7fdb08b79640 10 osd.2 pg_epoch: 88 pg[9.0( empty local-lis/les=85/86 n=0 ec=85/85 lis/c=85/85 les/c/f=86/86/0 sis=88 pruub=15.088668823s) [1,2] r=1 lpr=88 pi=[85,88)/1 crt=0'0 unknown pruub 38.904964447s@ mbc={}] cancel_copy_ops
2026-02-11T23:30:45.707+0000 7fdb08b79640 10 osd.2 pg_epoch: 88 pg[9.0( empty local-lis/les=85/86 n=0 ec=85/85 lis/c=85/85 les/c/f=86/86/0 sis=88 pruub=15.088668823s) [1,2] r=1 lpr=88 pi=[85,88)/1 crt=0'0 unknown pruub 38.904964447s@ mbc={}] cancel_flush_ops
2026-02-11T23:30:45.707+0000 7fdb08b79640 10 osd.2 pg_epoch: 88 pg[9.0( empty local-lis/les=85/86 n=0 ec=85/85 lis/c=85/85 les/c/f=86/86/0 sis=88 pruub=15.088668823s) [1,2] r=1 lpr=88 pi=[85,88)/1 crt=0'0 unknown pruub 38.904964447s@ mbc={}] cancel_proxy_ops
2026-02-11T23:30:45.707+0000 7fdb08b79640 10 osd.2 pg_epoch: 88 pg[9.0( empty local-lis/les=85/86 n=0 ec=85/85 lis/c=85/85 les/c/f=86/86/0 sis=88 pruub=15.088668823s) [1,2] r=1 lpr=88 pi=[85,88)/1 crt=0'0 unknown pruub 38.904964447s@ mbc={}] cancel_manifest_ops
2026-02-11T23:30:45.707+0000 7fdb08b79640 10 osd.2 pg_epoch: 88 pg[9.0( empty local-lis/les=85/86 n=0 ec=85/85 lis/c=85/85 les/c/f=86/86/0 sis=88 pruub=15.088668823s) [1,2] r=1 lpr=88 pi=[85,88)/1 crt=0'0 unknown pruub 38.904964447s@ mbc={}] cancel_cls_gather_ops
2026-02-11T23:30:45.707+0000 7fdb08b79640 10 osd.2 pg_epoch: 88 pg[9.0( empty local-lis/les=85/86 n=0 ec=85/85 lis/c=85/85 les/c/f=86/86/0 sis=88 pruub=15.088668823s) [1,2] r=1 lpr=88 pi=[85,88)/1 crt=0'0 unknown pruub 38.904964447s@ mbc={}] on_change_cleanup
2026-02-11T23:30:45.707+0000 7fdb08b79640 10 osd.2 pg_epoch: 88 pg[9.0( empty local-lis/les=85/86 n=0 ec=85/85 lis/c=85/85 les/c/f=86/86/0 sis=88 pruub=15.088668823s) [1,2] r=1 lpr=88 pi=[85,88)/1 crt=0'0 unknown pruub 38.904964447s@ mbc={}] on_change
2026-02-11T23:30:45.707+0000 7fdb08b79640 20 osd.2 pg_epoch: 88 pg[9.0( empty local-lis/les=85/86 n=0 ec=85/85 lis/c=85/85 les/c/f=86/86/0 sis=88 pruub=15.088668823s) [1,2] r=1 lpr=88 pi=[85,88)/1 crt=0'0 unknown pruub 38.904964447s@ mbc={}] exit NotTrimming
2026-02-11T23:30:45.707+0000 7fdb08b79640 20 osd.2 pg_epoch: 88 pg[9.0( empty local-lis/les=85/86 n=0 ec=85/85 lis/c=85/85 les/c/f=86/86/0 sis=88 pruub=15.088668823s) [1,2] r=1 lpr=88 pi=[85,88)/1 crt=0'0 unknown pruub 38.904964447s@ mbc={}] enter NotTrimming
2026-02-11T23:30:45.707+0000 7fdb08b79640 10 osd.2 pg_epoch: 88 pg[9.0( empty local-lis/les=85/86 n=0 ec=85/85 lis/c=85/85 les/c/f=86/86/0 sis=88 pruub=15.088668823s) [1,2] r=1 lpr=88 pi=[85,88)/1 crt=0'0 unknown NOTIFY pruub 38.904964447s@ mbc={}] check_recovery_sources no source osds () went down
2026-02-11T23:30:45.707+0000 7fdb08b79640 10 osd.2 pg_epoch: 88 pg[9.0( empty local-lis/les=85/86 n=0 ec=85/85 lis/c=85/85 les/c/f=86/86/0 sis=88 pruub=15.088668823s) [1,2] r=1 lpr=88 pi=[85,88)/1 crt=0'0 unknown NOTIFY pruub 38.904964447s@ mbc={}] plpg_on_pool_change
2026-02-11T23:30:45.707+0000 7fdb08b79640 20 osd.2 pg_epoch: 88 pg[9.0( empty local-lis/les=85/86 n=0 ec=85/85 lis/c=85/85 les/c/f=86/86/0 sis=88 pruub=15.088668823s) [1,2] r=1 lpr=88 pi=[85,88)/1 crt=0'0 unknown NOTIFY pruub 38.904964447s@ mbc={}] hit_set_clear
2026-02-11T23:30:45.707+0000 7fdb08b79640 20 osd.2 pg_epoch: 88 pg[9.0( empty local-lis/les=85/86 n=0 ec=85/85 lis/c=85/85 les/c/f=86/86/0 sis=88 pruub=15.088668823s) [1,2] r=1 lpr=88 pi=[85,88)/1 crt=0'0 unknown NOTIFY pruub 38.904964447s@ mbc={}] agent_stop
2026-02-11T23:30:45.707+0000 7fdb08b79640 20 osd.2 90 advance_pg new pool opts old pool opts
2026-02-11T23:30:45.707+0000 7fdb08b79640 10 osd.2 pg_epoch: 88 pg[9.0( empty local-lis/les=85/86 n=0 ec=85/85 lis/c=85/85 les/c/f=86/86/0 sis=88 pruub=15.088668823s) [1,2] r=1 lpr=88 pi=[85,88)/1 crt=0'0 unknown NOTIFY pruub 38.904964447s@ mbc={}] handle_advance_map: 89
2026-02-11T23:30:45.707+0000 7fdb08b79640 20 osd.2:0.update_pg_epoch 9.0 88 -> 89
2026-02-11T23:30:45.707+0000 7fdb08b79640 10 osd.2 pg_epoch: 88 pg[9.0( empty local-lis/les=85/86 n=0 ec=85/85 lis/c=85/85 les/c/f=86/86/0 sis=88 pruub=15.088668823s) [1,2] r=1 lpr=88 pi=[85,88)/1 crt=0'0 unknown NOTIFY pruub 38.904964447s@ mbc={}] PeeringState::advance_map handle_advance_map [1,2]/[1,2] -- 1/1
2026-02-11T23:30:45.707+0000 7fdb08b79640 10 osd.2 pg_epoch: 89 pg[9.0( empty local-lis/les=85/86 n=0 ec=85/85 lis/c=85/85 les/c/f=86/86/0 sis=88 pruub=15.088668823s) [1,2] r=1 lpr=88 pi=[85,88)/1 crt=0'0 unknown NOTIFY pruub 38.904964447s@ mbc={}] state: Reset advmap
2026-02-11T23:30:45.707+0000 7fdb08b79640 10 osd.2 pg_epoch: 89 pg[9.0( empty local-lis/les=85/86 n=0 ec=85/85 lis/c=85/85 les/c/f=86/86/0 sis=88 pruub=15.088668823s) [1,2] r=1 lpr=88 pi=[85,88)/1 crt=0'0 unknown NOTIFY pruub 38.904964447s@ mbc={}] check_recovery_sources no source osds () went down
2026-02-11T23:30:45.707+0000 7fdb08b79640 10 osd.2 pg_epoch: 89 pg[9.0( empty local-lis/les=85/86 n=0 ec=85/85 lis/c=85/85 les/c/f=86/86/0 sis=88 pruub=15.088668823s) [1,2] r=1 lpr=88 pi=[85,88)/1 crt=0'0 unknown NOTIFY pruub 38.904964447s@ mbc={}] plpg_on_pool_change
2026-02-11T23:30:45.707+0000 7fdb08b79640 20 osd.2 pg_epoch: 89 pg[9.0( empty local-lis/les=85/86 n=0 ec=85/85 lis/c=85/85 les/c/f=86/86/0 sis=88 pruub=15.088668823s) [1,2] r=1 lpr=88 pi=[85,88)/1 crt=0'0 unknown NOTIFY pruub 38.904964447s@ mbc={}] hit_set_clear
2026-02-11T23:30:45.707+0000 7fdb08b79640 20 osd.2 pg_epoch: 89 pg[9.0( empty local-lis/les=85/86 n=0 ec=85/85 lis/c=85/85 les/c/f=86/86/0 sis=88 pruub=15.088668823s) [1,2] r=1 lpr=88 pi=[85,88)/1 crt=0'0 unknown NOTIFY pruub 38.904964447s@ mbc={}] agent_stop
2026-02-11T23:30:45.707+0000 7fdb08b79640 20 osd.2 90 advance_pg new pool opts old pool opts
2026-02-11T23:30:45.707+0000 7fdb08b79640 10 osd.2 pg_epoch: 89 pg[9.0( empty local-lis/les=85/86 n=0 ec=85/85 lis/c=85/85 les/c/f=86/86/0 sis=88 pruub=15.088668823s) [1,2] r=1 lpr=88 pi=[85,88)/1 crt=0'0 unknown NOTIFY pruub 38.904964447s@ mbc={}] handle_advance_map: 90
2026-02-11T23:30:45.707+0000 7fdb08b79640 20 osd.2:0.update_pg_epoch 9.0 89 -> 90
2026-02-11T23:30:45.707+0000 7fdb08b79640 10 osd.2 pg_epoch: 89 pg[9.0( empty local-lis/les=85/86 n=0 ec=85/85 lis/c=85/85 les/c/f=86/86/0 sis=88 pruub=15.088668823s) [1,2] r=1 lpr=88 pi=[85,88)/1 crt=0'0 unknown NOTIFY pruub 38.904964447s@ mbc={}] PeeringState::advance_map handle_advance_map [1,2]/[1,2] -- 1/1
2026-02-11T23:30:45.707+0000 7fdb08b79640 10 osd.2 pg_epoch: 90 pg[9.0( empty local-lis/les=85/86 n=0 ec=85/85 lis/c=85/85 les/c/f=86/86/0 sis=88 pruub=15.088668823s) [1,2] r=1 lpr=88 pi=[85,88)/1 crt=0'0 unknown NOTIFY pruub 38.904964447s@ mbc={}] state: Reset advmap
2026-02-11T23:30:45.707+0000 7fdb08b79640 10 osd.2 pg_epoch: 90 pg[9.0( empty local-lis/les=85/86 n=0 ec=85/85 lis/c=85/85 les/c/f=86/86/0 sis=88 pruub=15.088668823s) [1,2] r=1 lpr=88 pi=[85,88)/1 crt=0'0 unknown NOTIFY pruub 38.904964447s@ mbc={}] check_recovery_sources no source osds () went down
2026-02-11T23:30:45.707+0000 7fdb08b79640 10 osd.2 pg_epoch: 90 pg[9.0( empty local-lis/les=85/86 n=0 ec=85/85 lis/c=85/85 les/c/f=86/86/0 sis=88 pruub=15.088668823s) [1,2] r=1 lpr=88 pi=[85,88)/1 crt=0'0 unknown NOTIFY pruub 38.904964447s@ mbc={}] plpg_on_pool_change
2026-02-11T23:30:45.707+0000 7fdb08b79640 20 osd.2 pg_epoch: 90 pg[9.0( empty local-lis/les=85/86 n=0 ec=85/85 lis/c=85/85 les/c/f=86/86/0 sis=88 pruub=15.088668823s) [1,2] r=1 lpr=88 pi=[85,88)/1 crt=0'0 unknown NOTIFY pruub 38.904964447s@ mbc={}] hit_set_clear
2026-02-11T23:30:45.707+0000 7fdb08b79640 20 osd.2 pg_epoch: 90 pg[9.0( empty local-lis/les=85/86 n=0 ec=85/85 lis/c=85/85 les/c/f=86/86/0 sis=88 pruub=15.088668823s) [1,2] r=1 lpr=88 pi=[85,88)/1 crt=0'0 unknown NOTIFY pruub 38.904964447s@ mbc={}] agent_stop
2026-02-11T23:30:45.707+0000 7fdb08b79640 20 osd.2 90 advance_pg new pool opts old pool opts
2026-02-11T23:30:45.707+0000 7fdb08b79640 10 osd.2 pg_epoch: 90 pg[9.0( empty local-lis/les=85/86 n=0 ec=85/85 lis/c=85/85 les/c/f=86/86/0 sis=88 pruub=15.088668823s) [1,2] r=1 lpr=88 pi=[85,88)/1 crt=0'0 unknown NOTIFY pruub 38.904964447s@ mbc={}] handle_activate_map: epoch range: 88..90
2026-02-11T23:30:45.707+0000 7fdb08b79640 10 osd.2 pg_epoch: 90 pg[9.0( empty local-lis/les=85/86 n=0 ec=85/85 lis/c=85/85 les/c/f=86/86/0 sis=88 pruub=15.088668823s) [1,2] r=1 lpr=88 pi=[85,88)/1 crt=0'0 unknown NOTIFY pruub 38.904964447s@ mbc={}] PeeringState::activate_map
2026-02-11T23:30:45.707+0000 7fdb08b79640 5 osd.2 pg_epoch: 90 pg[9.0( empty local-lis/les=85/86 n=0 ec=85/85 lis/c=85/85 les/c/f=86/86/0 sis=88 pruub=15.088601112s) [1,2] r=1 lpr=88 pi=[85,88)/1 crt=0'0 unknown NOTIFY pruub 38.904964447s@ mbc={}] exit Reset 0.000095 3 0.000079
2026-02-11T23:30:45.707+0000 7fdb08b79640 5 osd.2 pg_epoch: 90 pg[9.0( empty local-lis/les=85/86 n=0 ec=85/85 lis/c=85/85 les/c/f=86/86/0 sis=88 pruub=15.088601112s) [1,2] r=1 lpr=88 pi=[85,88)/1 crt=0'0 unknown NOTIFY pruub 38.904964447s@ mbc={}] enter Started
2026-02-11T23:30:45.707+0000 7fdb08b79640 5 osd.2 pg_epoch: 90 pg[9.0( empty local-lis/les=85/86 n=0 ec=85/85 lis/c=85/85 les/c/f=86/86/0 sis=88 pruub=15.088601112s) [1,2] r=1 lpr=88 pi=[85,88)/1 crt=0'0 unknown NOTIFY pruub 38.904964447s@ mbc={}] enter Start
2026-02-11T23:30:45.707+0000 7fdb08b79640 1 osd.2 pg_epoch: 90 pg[9.0( empty local-lis/les=85/86 n=0 ec=85/85 lis/c=85/85 les/c/f=86/86/0 sis=88 pruub=15.088601112s) [1,2] r=1 lpr=88 pi=[85,88)/1 crt=0'0 unknown NOTIFY pruub 38.904964447s@ mbc={}] state: transitioning to Stray
2026-02-11T23:30:45.707+0000 7fdb08b79640 5 osd.2 pg_epoch: 90 pg[9.0( empty local-lis/les=85/86 n=0 ec=85/85 lis/c=85/85 les/c/f=86/86/0 sis=88 pruub=15.088601112s) [1,2] r=1 lpr=88 pi=[85,88)/1 crt=0'0 unknown NOTIFY pruub 38.904964447s@ mbc={}] exit Start 0.000002 0 0.000000
2026-02-11T23:30:45.707+0000 7fdb08b79640 5 osd.2 pg_epoch: 90 pg[9.0( empty local-lis/les=85/86 n=0 ec=85/85 lis/c=85/85 les/c/f=86/86/0 sis=88 pruub=15.088601112s) [1,2] r=1 lpr=88 pi=[85,88)/1 crt=0'0 unknown NOTIFY pruub 38.904964447s@ mbc={}] enter Started/Stray
2026-02-11T23:30:45.707+0000 7fdb08b79640 20 osd.2 pg_epoch: 90 pg[9.0( empty local-lis/les=85/86 n=0 ec=85/85 lis/c=85/85 les/c/f=86/86/0 sis=88 pruub=15.088601112s) [1,2] r=1 lpr=88 pi=[85,88)/1 crt=0'0 unknown NOTIFY pruub 38.904964447s@ mbc={}] PeeringState::activate_map : Not dirtying info: last_persisted is 86 while current is 90
2026-02-11T23:30:45.707+0000 7fdb08b79640 10 log is not dirty
2026-02-11T23:30:45.707+0000 7fdb08b79640 10 osd.2 pg_epoch: 90 pg[9.0( empty local-lis/les=85/86 n=0 ec=85/85 lis/c=85/85 les/c/f=86/86/0 sis=88 pruub=15.088601112s) [1,2] r=1 lpr=88 pi=[85,88)/1 crt=0'0 unknown NOTIFY pruub 38.904964447s@ mbc={}] on_scrub_schedule_input_change: inactive, non-primary - or already scrubbing
2026-02-11T23:30:45.707+0000 7fdb08b79640 10 osd.2 pg_epoch: 90 pg[9.0( empty local-lis/les=85/86 n=0 ec=85/85 lis/c=85/85 les/c/f=86/86/0 sis=88 pruub=15.088601112s) [1,2] r=1 lpr=88 pi=[85,88)/1 crt=0'0 unknown NOTIFY pruub 38.904964447s@ mbc={}] do_peering_event: epoch_sent: 90 epoch_requested: 90 MQuery 9.0 from 1 query_epoch 90 query: query(info 0'0 epoch_sent 90)
2026-02-11T23:30:45.707+0000 7fdb08b79640 10 osd.2 pg_epoch: 90 pg[9.0( empty local-lis/les=85/86 n=0 ec=85/85 lis/c=85/85 les/c/f=86/86/0 sis=88 pruub=15.088579178s) [1,2] r=1 lpr=88 pi=[85,88)/1 crt=0'0 unknown NOTIFY pruub 38.904964447s@ mbc={}] PeeringState::fulfill_info sending info
2026-02-11T23:30:45.707+0000 7fdb08b79640 10 log is not dirty
2026-02-11T23:30:45.707+0000 7fdb08b79640 20 osd.2 90 get_con_osd_cluster to osd.1 from_epoch 90
2026-02-11T23:30:45.707+0000 7fdb08b79640 20 osd.2 90 get_nextmap_reserved map_reservations: {90=1}
2026-02-11T23:30:45.707+0000 7fdb08b79640 20 osd.2 90 release_map epoch: 90
2026-02-11T23:30:45.707+0000 7fdb08b79640 10 osd.2 90 maybe_share_map: con v2:127.0.0.1:6812/3043114013 map epoch 87 -> 90 (shared)
2026-02-11T23:30:45.707+0000 7fdb08b79640 10 osd.2 90 send_incremental_map epoch range: (88, 90] to v2:127.0.0.1:6812/3043114013
2026-02-11T23:30:45.707+0000 7fdb08b79640 10 osd.2 90 add_map_inc_bl 88 574 bytes
2026-02-11T23:30:45.707+0000 7fdb08b79640 10 osd.2 90 add_map_inc_bl 89 574 bytes
2026-02-11T23:30:45.707+0000 7fdb08b79640 10 osd.2 90 add_map_inc_bl 90 574 bytes
2026-02-11T23:30:45.707+0000 7fdb08b79640 1 -- [v2:127.0.0.1:6820/2365263801,v1:127.0.0.1:6821/2365263801] --> [v2:127.0.0.1:6812/3043114013,v1:127.0.0.1:6813/3043114013] -- osd_map(88..90 src has 1..90) -- 0x5b1da40 con 0x4a03c00
2026-02-11T23:30:45.707+0000 7fdb08b79640 1 -- [v2:127.0.0.1:6820/2365263801,v1:127.0.0.1:6821/2365263801] --> [v2:127.0.0.1:6812/3043114013,v1:127.0.0.1:6813/3043114013] -- pg_notify2(9.0 9.0 (query:90 sent:90 9.0( empty local-lis/les=85/86 n=0 ec=85/85 lis/c=85/85 les/c/f=86/86/0 sis=88 pruub=15.088601112s) ([85,87] all_participants={1, 2, 4} intervals=[([85,87] acting={1, 2, 4})])) e90/90) -- 0x5d41500 con 0x4a03c00
2026-02-11T23:30:45.707+0000 7fdb08b79640 1 -- [v2:127.0.0.1:6820/2365263801,v1:127.0.0.1:6821/2365263801] --> [v2:127.0.0.1:6812/3043114013,v1:127.0.0.1:6813/3043114013] -- pg_notify2(9.0 9.0 (query:90 sent:90 9.0( empty local-lis/les=85/86 n=0 ec=85/85 lis/c=85/85 les/c/f=86/86/0 sis=88 pruub=15.088579178s) ([85,87] all_participants={1, 2, 4} intervals=[([85,87] acting={1, 2, 4})])) e90/90) -- 0x5d40700 con 0x4a03c00
2026-02-11T23:30:45.707+0000 7fdb08b79640 20 osd.2 op_wq(0) _process 6.0 to_process <> waiting <> waiting_peering {}
2026-02-11T23:30:45.707+0000 7fdb08b79640 20 osd.2 op_wq(0) _process OpSchedulerItem(6.0 PGPeeringEvent(epoch_sent: 90 epoch_requested: 90 NullEvt) class_id 2immediate prio 255 cost 10 e90) queued
2026-02-11T23:30:45.707+0000 7fdb08b79640 20 osd.2 op_wq(0) _process 6.0 to_process waiting <> waiting_peering {}
2026-02-11T23:30:45.707+0000 7fdb08b79640 20 osd.2 op_wq(0) _process OpSchedulerItem(6.0 PGPeeringEvent(epoch_sent: 90 epoch_requested: 90 NullEvt) class_id 2immediate prio 255 cost 10 e90) pg 0x5af4000
2026-02-11T23:30:45.707+0000 7fdb0cb81640 20 osd.2 op_wq(0) _process 9.0 to_process waiting <> waiting_peering {}
2026-02-11T23:30:45.707+0000 7fdb08b79640 10 osd.2 pg_epoch: 87 pg[6.0( empty local-lis/les=66/67 n=0 ec=64/64 lis/c=66/66 les/c/f=67/67/0 sis=66) [4,2] r=1 lpr=66 crt=0'0 active mbc={}] handle_advance_map: 88
2026-02-11T23:30:45.707+0000 7fdb0cb81640 20 osd.2 op_wq(0) _process OpSchedulerItem(9.0 PGPeeringEvent(epoch_sent: 90 epoch_requested: 90 NullEvt) class_id 2immediate prio 255 cost 10 e90) pg 0x52be000
2026-02-11T23:30:45.707+0000 7fdb08b79640 20 osd.2:0.update_pg_epoch 6.0 87 -> 88
2026-02-11T23:30:45.707+0000 7fdb08b79640 10 osd.2 pg_epoch: 87 pg[6.0( empty local-lis/les=66/67 n=0 ec=64/64 lis/c=66/66 les/c/f=67/67/0 sis=66) [4,2] r=1 lpr=66 crt=0'0 active mbc={}] PeeringState::advance_map handle_advance_map [4,2]/[4,2] -- 4/4
2026-02-11T23:30:45.707+0000 7fdb0cb81640 10 osd.2 pg_epoch: 90 pg[9.0( empty local-lis/les=85/86 n=0 ec=85/85 lis/c=85/85 les/c/f=86/86/0 sis=88 pruub=15.088579178s) [1,2] r=1 lpr=88 pi=[85,88)/1 crt=0'0 unknown NOTIFY pruub 38.904964447s@ mbc={}] do_peering_event: epoch_sent: 90 epoch_requested: 90 NullEvt
2026-02-11T23:30:45.707+0000 7fdb08b79640 10 osd.2 pg_epoch: 88 pg[6.0( empty local-lis/les=66/67 n=0 ec=64/64 lis/c=66/66 les/c/f=67/67/0 sis=66) [4,2] r=1 lpr=66 crt=0'0 active mbc={}] state: Started advmap
2026-02-11T23:30:45.707+0000 7fdb0cb81640 10 log is not dirty
2026-02-11T23:30:45.707+0000 7fdb08b79640 10 osd.2 pg_epoch: 88 pg[6.0( empty local-lis/les=66/67 n=0 ec=64/64 lis/c=66/66 les/c/f=67/67/0 sis=66) [4,2] r=1 lpr=66 crt=0'0 active mbc={}] check_recovery_sources no source osds () went down
2026-02-11T23:30:45.707+0000 7fdb0cb81640 20 osd.2 op_wq(0) _process 3.0 to_process <> waiting <> waiting_peering {}
2026-02-11T23:30:45.707+0000 7fdb0cb81640 20 osd.2 op_wq(0) _process OpSchedulerItem(3.0 PGPeeringEvent(epoch_sent: 90 epoch_requested: 90 NullEvt) class_id 2immediate prio 255 cost 10 e90) queued
2026-02-11T23:30:45.707+0000 7fdb08b79640 20 osd.2 90 advance_pg new pool opts old pool opts
2026-02-11T23:30:45.707+0000 7fdb0cb81640 20 osd.2 op_wq(0) _process 3.0 to_process waiting <> waiting_peering {}
2026-02-11T23:30:45.707+0000 7fdb0cb81640 20 osd.2 op_wq(0) _process OpSchedulerItem(3.0 PGPeeringEvent(epoch_sent: 90 epoch_requested: 90 NullEvt) class_id 2immediate prio 255 cost 10 e90) pg 0x5640000
2026-02-11T23:30:45.707+0000 7fdb08b79640 10 osd.2 pg_epoch: 88 pg[6.0( empty local-lis/les=66/67 n=0 ec=64/64 lis/c=66/66 les/c/f=67/67/0 sis=66) [4,2] r=1 lpr=66 crt=0'0 active mbc={}] handle_advance_map: 89
2026-02-11T23:30:45.707+0000 7fdb08b79640 20 osd.2:0.update_pg_epoch 6.0 88 -> 89
2026-02-11T23:30:45.707+0000 7fdb08b79640 10 osd.2 pg_epoch: 88 pg[6.0( empty local-lis/les=66/67 n=0 ec=64/64 lis/c=66/66 les/c/f=67/67/0 sis=66) [4,2] r=1 lpr=66 crt=0'0 active mbc={}] PeeringState::advance_map handle_advance_map [4,2]/[4,2] -- 4/4
2026-02-11T23:30:45.707+0000 7fdb0cb81640 10 osd.2 pg_epoch: 87 pg[3.0( empty local-lis/les=45/46 n=0 ec=42/42 lis/c=45/45 les/c/f=46/46/0 sis=45) [1,2] r=1 lpr=45 crt=0'0 active mbc={}] handle_advance_map: 88
2026-02-11T23:30:45.707+0000 7fdb08b79640 10 osd.2 pg_epoch: 89 pg[6.0( empty local-lis/les=66/67 n=0 ec=64/64 lis/c=66/66 les/c/f=67/67/0 sis=66) [4,2] r=1 lpr=66 crt=0'0 active mbc={}] state: Started advmap
2026-02-11T23:30:45.707+0000 7fdb0cb81640 20 osd.2:0.update_pg_epoch 3.0 87 -> 88
2026-02-11T23:30:45.707+0000 7fdb08b79640 10 osd.2 pg_epoch: 89 pg[6.0( empty local-lis/les=66/67 n=0 ec=64/64 lis/c=66/66 les/c/f=67/67/0 sis=66) [4,2] r=1 lpr=66 crt=0'0 active mbc={}] check_recovery_sources no source osds () went down
2026-02-11T23:30:45.707+0000 7fdb08b79640 20 osd.2 90 advance_pg new pool opts old pool opts
2026-02-11T23:30:45.707+0000 7fdb0cb81640 10 osd.2 pg_epoch: 87 pg[3.0( empty local-lis/les=45/46 n=0 ec=42/42 lis/c=45/45 les/c/f=46/46/0 sis=45) [1,2] r=1 lpr=45 crt=0'0 active mbc={}] PeeringState::advance_map handle_advance_map [1,2]/[1,2] -- 1/1
2026-02-11T23:30:45.707+0000 7fdb08b79640 10 osd.2 pg_epoch: 89 pg[6.0( empty local-lis/les=66/67 n=0 ec=64/64 lis/c=66/66 les/c/f=67/67/0 sis=66) [4,2] r=1 lpr=66 crt=0'0 active mbc={}] handle_advance_map: 90
2026-02-11T23:30:45.707+0000 7fdb08b79640 20 osd.2:0.update_pg_epoch 6.0 89 -> 90
2026-02-11T23:30:45.707+0000 7fdb0cb81640 10 osd.2 pg_epoch: 88 pg[3.0( empty local-lis/les=45/46 n=0 ec=42/42 lis/c=45/45 les/c/f=46/46/0 sis=45) [1,2] r=1 lpr=45 crt=0'0 active mbc={}] state: Started advmap
2026-02-11T23:30:45.707+0000 7fdb08b79640 10 osd.2 pg_epoch: 89 pg[6.0( empty local-lis/les=66/67 n=0 ec=64/64 lis/c=66/66 les/c/f=67/67/0 sis=66) [4,2] r=1 lpr=66 crt=0'0 active mbc={}] PeeringState::advance_map handle_advance_map [4,2]/[4,2] -- 4/4
2026-02-11T23:30:45.707+0000 7fdb0cb81640 10 osd.2 pg_epoch: 88 pg[3.0( empty local-lis/les=45/46 n=0 ec=42/42 lis/c=45/45 les/c/f=46/46/0 sis=45) [1,2] r=1 lpr=45 crt=0'0 active mbc={}] check_recovery_sources no source osds () went down
2026-02-11T23:30:45.707+0000 7fdb08b79640 10 osd.2 pg_epoch: 90 pg[6.0( empty local-lis/les=66/67 n=0 ec=64/64 lis/c=66/66 les/c/f=67/67/0 sis=66) [4,2] r=1 lpr=66 crt=0'0 active mbc={}] state: Started advmap
2026-02-11T23:30:45.707+0000 7fdb0cb81640 20 osd.2 90 advance_pg new pool opts old pool opts
2026-02-11T23:30:45.707+0000 7fdb08b79640 10 osd.2 pg_epoch: 90 pg[6.0( empty local-lis/les=66/67 n=0 ec=64/64 lis/c=66/66 les/c/f=67/67/0 sis=66) [4,2] r=1 lpr=66 crt=0'0 active mbc={}] check_recovery_sources no source osds () went down
2026-02-11T23:30:45.707+0000 7fdb08b79640 20 osd.2 90 advance_pg new pool opts old pool opts
2026-02-11T23:30:45.707+0000 7fdb0cb81640 10 osd.2 pg_epoch: 88 pg[3.0( empty local-lis/les=45/46 n=0 ec=42/42 lis/c=45/45 les/c/f=46/46/0 sis=45) [1,2] r=1 lpr=45 crt=0'0 active mbc={}] handle_advance_map: 89
2026-02-11T23:30:45.707+0000 7fdb08b79640 10 osd.2 pg_epoch: 90 pg[6.0( empty local-lis/les=66/67 n=0 ec=64/64 lis/c=66/66 les/c/f=67/67/0 sis=66) [4,2] r=1 lpr=66 crt=0'0 active mbc={}] handle_activate_map: epoch range: 88..90
2026-02-11T23:30:45.707+0000 7fdb0cb81640 20 osd.2:0.update_pg_epoch 3.0 88 -> 89
2026-02-11T23:30:45.707+0000 7fdb08b79640 10 osd.2 pg_epoch: 90 pg[6.0( empty local-lis/les=66/67 n=0 ec=64/64 lis/c=66/66 les/c/f=67/67/0 sis=66) [4,2] r=1 lpr=66 crt=0'0 active mbc={}] PeeringState::activate_map
2026-02-11T23:30:45.707+0000 7fdb08b79640 20 osd.2 pg_epoch: 90 pg[6.0( empty local-lis/les=66/67 n=0 ec=64/64 lis/c=66/66 les/c/f=67/67/0 sis=66) [4,2] r=1 lpr=66 crt=0'0 active mbc={}] PeeringState::activate_map : Not dirtying info: last_persisted is 67 while current is 90
2026-02-11T23:30:45.707+0000 7fdb0cb81640 10 osd.2 pg_epoch: 88 pg[3.0( empty local-lis/les=45/46 n=0 ec=42/42 lis/c=45/45 les/c/f=46/46/0 sis=45) [1,2] r=1 lpr=45 crt=0'0 active mbc={}] PeeringState::advance_map handle_advance_map [1,2]/[1,2] -- 1/1
2026-02-11T23:30:45.707+0000 7fdb08b79640 10 log is not dirty
2026-02-11T23:30:45.707+0000 7fdb0cb81640 10 osd.2 pg_epoch: 89 pg[3.0( empty local-lis/les=45/46 n=0 ec=42/42 lis/c=45/45 les/c/f=46/46/0 sis=45) [1,2] r=1 lpr=45 crt=0'0 active mbc={}] state: Started advmap
2026-02-11T23:30:45.707+0000 7fdb08b79640 10 osd.2 pg_epoch: 90 pg[6.0( empty local-lis/les=66/67 n=0 ec=64/64 lis/c=66/66 les/c/f=67/67/0 sis=66) [4,2] r=1 lpr=66 crt=0'0 active mbc={}] do_peering_event: epoch_sent: 90 epoch_requested: 90 NullEvt
2026-02-11T23:30:45.707+0000 7fdb08b79640 10 log is not dirty
2026-02-11T23:30:45.707+0000 7fdb08b79640 20 osd.2 op_wq(0) _process empty q, waiting
2026-02-11T23:30:45.707+0000 7fdb0cb81640 10 osd.2 pg_epoch: 89 pg[3.0( empty local-lis/les=45/46 n=0 ec=42/42 lis/c=45/45 les/c/f=46/46/0 sis=45) [1,2] r=1 lpr=45 crt=0'0 active mbc={}] check_recovery_sources no source osds () went down
2026-02-11T23:30:45.707+0000 7fdb0cb81640 20 osd.2 90 advance_pg new pool opts old pool opts
2026-02-11T23:30:45.707+0000 7fdb0cb81640 10 osd.2 pg_epoch: 89 pg[3.0( empty local-lis/les=45/46 n=0 ec=42/42 lis/c=45/45 les/c/f=46/46/0 sis=45) [1,2] r=1 lpr=45 crt=0'0 active mbc={}] handle_advance_map: 90
2026-02-11T23:30:45.707+0000 7fdb0cb81640 20 osd.2:0.update_pg_epoch 3.0 89 -> 90
2026-02-11T23:30:45.707+0000 7fdb0cb81640 10 osd.2 pg_epoch: 89 pg[3.0( empty local-lis/les=45/46 n=0 ec=42/42 lis/c=45/45 les/c/f=46/46/0 sis=45) [1,2] r=1 lpr=45 crt=0'0 active mbc={}] PeeringState::advance_map handle_advance_map [1,2]/[1,2] -- 1/1
2026-02-11T23:30:45.707+0000 7fdb0cb81640 10 osd.2 pg_epoch: 90 pg[3.0( empty local-lis/les=45/46 n=0 ec=42/42 lis/c=45/45 les/c/f=46/46/0 sis=45) [1,2] r=1 lpr=45 crt=0'0 active mbc={}] state: Started advmap
2026-02-11T23:30:45.707+0000 7fdb0cb81640 10 osd.2 pg_epoch: 90 pg[3.0( empty local-lis/les=45/46 n=0 ec=42/42 lis/c=45/45 les/c/f=46/46/0 sis=45) [1,2] r=1 lpr=45 crt=0'0 active mbc={}] check_recovery_sources no source osds () went down
2026-02-11T23:30:45.707+0000 7fdb0cb81640 20 osd.2 90 advance_pg new pool opts old pool opts
2026-02-11T23:30:45.707+0000 7fdb0cb81640 10 osd.2 pg_epoch: 90 pg[3.0( empty local-lis/les=45/46 n=0 ec=42/42 lis/c=45/45 les/c/f=46/46/0 sis=45) [1,2] r=1 lpr=45 crt=0'0 active mbc={}] handle_activate_map: epoch range: 88..90
2026-02-11T23:30:45.707+0000 7fdb0cb81640 10 osd.2 pg_epoch: 90 pg[3.0( empty local-lis/les=45/46 n=0 ec=42/42 lis/c=45/45 les/c/f=46/46/0 sis=45) [1,2] r=1 lpr=45 crt=0'0 active mbc={}] PeeringState::activate_map
2026-02-11T23:30:45.707+0000 7fdb0cb81640 20 osd.2 pg_epoch: 90 pg[3.0( empty local-lis/les=45/46 n=0 ec=42/42 lis/c=45/45 les/c/f=46/46/0 sis=45) [1,2] r=1 lpr=45 crt=0'0 active mbc={}] PeeringState::activate_map : Not dirtying info: last_persisted is 87 while current is 90
2026-02-11T23:30:45.707+0000 7fdb0cb81640 10 log is not dirty
2026-02-11T23:30:45.707+0000 7fdb0cb81640 10 osd.2 pg_epoch: 90 pg[3.0( empty local-lis/les=45/46 n=0 ec=42/42 lis/c=45/45 les/c/f=46/46/0 sis=45) [1,2] r=1 lpr=45 crt=0'0 active mbc={}] do_peering_event: epoch_sent: 90 epoch_requested: 90 NullEvt
2026-02-11T23:30:45.707+0000 7fdb0cb81640 10 log is not dirty
2026-02-11T23:30:45.707+0000 7fdb0cb81640 20 osd.2 op_wq(0) _process empty q, waiting
2026-02-11T23:30:45.707+0000 7fdb08b79640 20 osd.2 op_wq(0) _process empty q, waiting
2026-02-11T23:30:45.707+0000 7fdb0cb81640 20 osd.2 op_wq(0) _process empty q, waiting
2026-02-11T23:30:45.807+0000 7fdb29dfe640 1 -- [v2:127.0.0.1:6820/2365263801,v1:127.0.0.1:6821/2365263801] <== osd.1 v2:127.0.0.1:6812/3043114013 34 ==== PGlog(9.0 log log((0'0,0'0], crt=0'0) pi ([0,0] all_participants={} intervals=[]) pg_lease(ru 0.000000000s ub 42.471336365s int 16.000000000s) e91/88) ==== 1164+0+0 (unknown 0 0 0) 0x4dbb000 con 0x4a03c00
2026-02-11T23:30:45.807+0000 7fdb29dfe640 15 osd.2 90 enqueue_peering_evt 9.0 epoch_sent: 91 epoch_requested: 88 MLogRec from 1 log log((0'0,0'0], crt=0'0) pi ([0,0] all_participants={} intervals=[]) pg_lease(ru 0.000000000s ub 42.471336365s int 16.000000000s) +create_info
2026-02-11T23:30:45.807+0000 7fdb29dfe640 20 osd.2 op_wq(0) _enqueue OpSchedulerItem(9.0 PGPeeringEvent(epoch_sent: 91 epoch_requested: 88 MLogRec from 1 log log((0'0,0'0], crt=0'0) pi ([0,0] all_participants={} intervals=[]) pg_lease(ru 0.000000000s ub 42.471336365s int 16.000000000s) +create_info) class_id 2 prio 255 cost 10 e91)
2026-02-11T23:30:45.807+0000 7fdb0cb81640 20 osd.2 op_wq(0) _process 9.0 to_process <> waiting <> waiting_peering {}
2026-02-11T23:30:45.807+0000 7fdb0cb81640 20 osd.2 op_wq(0) _process OpSchedulerItem(9.0 PGPeeringEvent(epoch_sent: 91 epoch_requested: 88 MLogRec from 1 log log((0'0,0'0], crt=0'0) pi ([0,0] all_participants={} intervals=[]) pg_lease(ru 0.000000000s ub 42.471336365s int 16.000000000s) +create_info) class_id 2immediate prio 255 cost 10 e91) queued
2026-02-11T23:30:45.807+0000 7fdb0cb81640 20 osd.2 op_wq(0) _process 9.0 to_process waiting <> waiting_peering {}
2026-02-11T23:30:45.807+0000 7fdb0cb81640 20 osd.2 op_wq(0) _process OpSchedulerItem(9.0 PGPeeringEvent(epoch_sent: 91 epoch_requested: 88 MLogRec from 1 log log((0'0,0'0], crt=0'0) pi ([0,0] all_participants={} intervals=[]) pg_lease(ru 0.000000000s ub 42.471336365s int 16.000000000s) +create_info) class_id 2immediate prio 255 cost 10 e91) pg 0x52be000
2026-02-11T23:30:45.807+0000 7fdb0cb81640 20 osd.2 op_wq _add_slot_waiter 9.0 peering, item epoch is 91, will wait on OpSchedulerItem(9.0 PGPeeringEvent(epoch_sent: 91 epoch_requested: 88 MLogRec from 1 log log((0'0,0'0], crt=0'0) pi ([0,0] all_participants={} intervals=[]) pg_lease(ru 0.000000000s ub 42.471336365s int 16.000000000s) +create_info) class_id 2immediate prio 255 cost 10 e91)
2026-02-11T23:30:45.807+0000 7fdb0cb81640 20 osd.2 op_wq(0) _process empty q, waiting
2026-02-11T23:30:45.807+0000 7fdb08b79640 20 osd.2 op_wq(0) _process empty q, waiting
2026-02-11T23:30:45.894+0000 7fdb190f7640 10 monclient: tick
2026-02-11T23:30:45.894+0000 7fdb190f7640 10 monclient: _check_auth_tickets
2026-02-11T23:30:45.894+0000 7fdb190f7640 10 monclient: _check_auth_rotating renewing rotating keys (they expired before
2026-02-11T23:30:15.894496+0000)
2026-02-11T23:30:45.932+0000 7fdb1fdea640 10 osd.2 90 tick_without_osd_lock
2026-02-11T23:30:45.932+0000 7fdb1fdea640 0 osd.2 90 set_statfs fake total 3686400 adjust available 3686400
2026-02-11T23:30:45.932+0000 7fdb1fdea640 20 osd.2 90 tick_without_osd_lock max_waiting_epoch 91, requesting new map
2026-02-11T23:30:45.932+0000 7fdb1fdea640 10 monclient: _renew_subs
2026-02-11T23:30:45.932+0000 7fdb1fdea640 10 monclient: _send_mon_message to mon.a at v2:127.0.0.1:7180/0
2026-02-11T23:30:45.932+0000 7fdb1fdea640 1 -- [v2:127.0.0.1:6818/2365263801,v1:127.0.0.1:6819/2365263801] --> v2:127.0.0.1:7180/0 -- mon_subscribe({osdmap=91}) -- 0x50bc340 con 0x4efbc00
2026-02-11T23:30:45.932+0000 7fdb1fdea640 20 osd.2 osd-scrub:scrub_random_backoff: lost coin flip, randomly backing off (ratio: 0.660)
2026-02-11T23:30:45.932+0000 7fdb1fdea640 15 osd.2 osd-scrub:restrictions_on_scrubbing: Lost on the dice. Regular scheduled scrubs are not permitted.
2026-02-11T23:30:45.932+0000 7fdb1fdea640 20 osd.2 osd-scrub:scrub_time_permit: should run between 0 - 0 now 23 = yes
2026-02-11T23:30:45.932+0000 7fdb1fdea640 20 osd.2 osd-scrub:scrub_load_below_threshold: loadavg per cpu 0.430 < max 2000.000 (#CPUs:24) = yes
2026-02-11T23:30:45.932+0000 7fdb1fdea640 10 osd.2 osd-scrub:initiate_scrub: scrub scheduling (@tick) starts. time now:2026-02-11T23:30:45.932, recovery is active?:false restrictions:<.backoff...>
2026-02-11T23:30:45.932+0000 7fdb1fdea640 20 osd.2 osd-scrub:initiate_scrub: no PGs are ready for scrubbing
2026-02-11T23:30:45.932+0000 7fdb1fdea640 10 osd.2 90 promote_throttle_recalibrate 0 attempts, promoted 0 objects and 0 B; target 25 obj/sec or 5 MiB/sec
2026-02-11T23:30:45.932+0000 7fdb1fdea640 20 osd.2 90 promote_throttle_recalibrate new_prob 1000
2026-02-11T23:30:45.932+0000 7fdb1fdea640 10 osd.2 90 promote_throttle_recalibrate actual 0, actual/prob ratio 1, adjusted new_prob 1000, prob 1000 -> 1000
2026-02-11T23:30:45.932+0000 7fdb1fdea640 20 osd.2 90 maybe_send_beacon beacon would be too frequent; skipping
2026-02-11T23:30:45.932+0000 7fdb1a0f9640 1 -- [v2:127.0.0.1:6818/2365263801,v1:127.0.0.1:6819/2365263801] <== mon.0 v2:127.0.0.1:7180/0 43 ==== osd_map(91..91 src has 1..91) ==== 626+0+0 (crc 0 0 0) 0x5b1da40 con 0x4efbc00
2026-02-11T23:30:45.932+0000 7fdb1a0f9640 20 osd.2 90 OSD::ms_dispatch: osd_map(91..91 src has 1..91)
2026-02-11T23:30:45.932+0000 7fdb1a0f9640 20 osd.2 90 _dispatch 0x5b1da40 osd_map(91..91 src has 1..91)
2026-02-11T23:30:45.932+0000 7fdb1a0f9640 3 osd.2 90 handle_osd_map epochs [91,91], i have 90, src has [1,91]
2026-02-11T23:30:45.932+0000 7fdb1a0f9640 10 osd.2 90 handle_osd_map: received 0 full maps and 1 incremental maps
2026-02-11T23:30:45.932+0000 7fdb1a0f9640 10 osd.2 90 handle_osd_map got inc map for epoch 91
2026-02-11T23:30:45.932+0000 7fdb1a0f9640 20 osd.2 90 got_full_map 91, nothing requested
2026-02-11T23:30:45.932+0000 7fdb1a0f9640 20 osd.2 90 trim_maps: min=1 oldest_map=1
2026-02-11T23:30:45.932+0000 7fdb1a0f9640 20 osd.2 90 handle_osd_map pg_num_history pg_num_history(e91 pg_nums {1={27=1},2={34=1},3={42=1},4={49=1},5={56=1},6={64=1},7={70=1},8={77=1},9={85=1}} deleted_pools )
2026-02-11T23:30:45.932+0000 7fdb1a0f9640 10 snap_mapper record_purged_snaps purged_snaps {91={}}
2026-02-11T23:30:45.932+0000 7fdb1a0f9640 10 snap_mapper record_purged_snaps rm 0 keys, set 0 keys
2026-02-11T23:30:45.932+0000 7fdb1a0f9640 10 write_superblock sb(cb0a9481-482d-477a-a81c-1446b6498370 osd.2 e82f0040-28e5-4838-8cef-99f429ac8c44 e91 maps [1~91] lci=[14,91] tlb=1)
2026-02-11T23:30:45.932+0000 7fdb16394640 10 osd.2 90 _committed_osd_maps 91..91
2026-02-11T23:30:45.932+0000 7fdb16394640 10 osd.2 90 advance to epoch 91 (<= last 91 <= newest_map 91)
2026-02-11T23:30:45.932+0000 7fdb16394640 20 osd.2 91 consume_map version 91
2026-02-11T23:30:45.932+0000 7fdb16394640 20 osd.2 90 await_reserved_maps epoch:91
2026-02-11T23:30:45.932+0000 7fdb16394640 20 osd.2 90 await_reserved_maps done 0
2026-02-11T23:30:45.932+0000 7fdb16394640 20 osd.2 91 consume_map 91 -- publish done
2026-02-11T23:30:45.932+0000 7fdb16394640 20 osd.2:0.identify_splits_and_merges identify_splits_and_merges 3 slots
2026-02-11T23:30:45.932+0000 7fdb16394640 20 osd.2:0.identify_splits_and_merges identify_splits_and_merges slot pgid:9.0slot:0x3ac2160
2026-02-11T23:30:45.932+0000 7fdb16394640 20 osd.2 91 identify_splits_and_merges 9.0 e90 to e91
2026-02-11T23:30:45.932+0000 7fdb16394640 20 osd.2 91 identify_splits_and_merges 9.0 e90 to e91 pg_nums {85=1}
2026-02-11T23:30:45.932+0000 7fdb16394640 20 osd.2:0.identify_splits_and_merges identify_splits_and_merges slot pgid:6.0slot:0x3ac29a0
2026-02-11T23:30:45.932+0000 7fdb16394640 20 osd.2 91 identify_splits_and_merges 6.0 e90 to e91
2026-02-11T23:30:45.932+0000 7fdb16394640 20 osd.2 91 identify_splits_and_merges 6.0 e90 to e91 pg_nums {64=1}
2026-02-11T23:30:45.932+0000 7fdb16394640 20 osd.2:0.identify_splits_and_merges identify_splits_and_merges slot pgid:3.0slot:0x3b1a2c0
2026-02-11T23:30:45.932+0000 7fdb16394640 20 osd.2 91 identify_splits_and_merges 3.0 e90 to e91
2026-02-11T23:30:45.932+0000 7fdb16394640 20 osd.2 91 identify_splits_and_merges 3.0 e90 to e91 pg_nums {42=1}
2026-02-11T23:30:45.932+0000 7fdb16394640 20 osd.2:0.identify_splits_and_merges identify_splits_and_merges 0 splits, 0 merges
2026-02-11T23:30:45.932+0000 7fdb16394640 20 osd.2:1.identify_splits_and_merges identify_splits_and_merges 0 slots
2026-02-11T23:30:45.932+0000 7fdb16394640 20 osd.2:1.identify_splits_and_merges identify_splits_and_merges 0 splits, 0 merges
2026-02-11T23:30:45.932+0000 7fdb16394640 20 osd.2:2.identify_splits_and_merges identify_splits_and_merges 0 slots
2026-02-11T23:30:45.932+0000 7fdb16394640 20 osd.2:2.identify_splits_and_merges identify_splits_and_merges 0 splits, 0 merges
2026-02-11T23:30:45.932+0000 7fdb16394640 20 osd.2:3.identify_splits_and_merges identify_splits_and_merges 0 slots
2026-02-11T23:30:45.932+0000 7fdb16394640 20 osd.2:3.identify_splits_and_merges identify_splits_and_merges 0 splits, 0 merges
2026-02-11T23:30:45.932+0000 7fdb16394640 20 osd.2:4.identify_splits_and_merges identify_splits_and_merges 0 slots
2026-02-11T23:30:45.932+0000 7fdb16394640 20 osd.2:4.identify_splits_and_merges identify_splits_and_merges 0 splits, 0 merges
2026-02-11T23:30:45.932+0000 7fdb16394640 20 osd.2:5.identify_splits_and_merges identify_splits_and_merges 0 slots
2026-02-11T23:30:45.932+0000 7fdb16394640 20 osd.2:5.identify_splits_and_merges identify_splits_and_merges 0 splits, 0 merges
2026-02-11T23:30:45.932+0000 7fdb16394640 20 osd.2:6.identify_splits_and_merges identify_splits_and_merges 0 slots
2026-02-11T23:30:45.932+0000 7fdb16394640 20 osd.2:6.identify_splits_and_merges identify_splits_and_merges 0 splits, 0 merges
2026-02-11T23:30:45.932+0000 7fdb16394640 20 osd.2:7.identify_splits_and_merges identify_splits_and_merges 0 slots
2026-02-11T23:30:45.932+0000 7fdb16394640 20 osd.2:7.identify_splits_and_merges identify_splits_and_merges 0 splits, 0 merges
2026-02-11T23:30:45.932+0000 7fdb16394640 20 osd.2 91 prune_pg_created
2026-02-11T23:30:45.932+0000 7fdb16394640 10 osd.2:0.consume_map 91 (was 90)
2026-02-11T23:30:45.932+0000 7fdb16394640 20 osd.2:0.consume_map consume_map 9.0
2026-02-11T23:30:45.932+0000 7fdb16394640 20 osd.2:0.consume_map consume_map 9.0 pending_peering first epoch 91 <= 91, requeueing
2026-02-11T23:30:45.932+0000 7fdb16394640 20 osd.2:0._wake_pg_slot _wake_pg_slot 9.0 to_process <> waiting <> waiting_peering {91=}
2026-02-11T23:30:45.932+0000 7fdb16394640 20 osd.2:0.consume_map consume_map 6.0
2026-02-11T23:30:45.932+0000 7fdb16394640 20 osd.2:0.consume_map consume_map 3.0
2026-02-11T23:30:45.932+0000 7fdb16394640 10 osd.2:1.consume_map 91 (was 90)
2026-02-11T23:30:45.932+0000 7fdb16394640 10 osd.2:2.consume_map 91 (was 90)
2026-02-11T23:30:45.932+0000 7fdb16394640 10 osd.2:3.consume_map 91 (was 90)
2026-02-11T23:30:45.932+0000 7fdb16394640 10 osd.2:4.consume_map 91 (was 90)
2026-02-11T23:30:45.932+0000 7fdb16394640 10 osd.2:5.consume_map 91 (was 90)
2026-02-11T23:30:45.932+0000 7fdb16394640 10 osd.2:6.consume_map 91 (was 90)
2026-02-11T23:30:45.932+0000 7fdb16394640 10 osd.2:7.consume_map 91 (was 90)
2026-02-11T23:30:45.932+0000 7fdb16394640 10 osd.2 91 release_reserved_pushes(0), recovery_ops_reserved 0 -> 0
2026-02-11T23:30:45.932+0000 7fdb16394640 15 osd.2 91 enqueue_peering_evt 9.0 epoch_sent: 91 epoch_requested: 91 NullEvt
