2026-02-11T23:30:27.671+0000 7efc17670640 10 snap_mapper record_purged_snaps purged_snaps {1={},2={},3={},4={},5={},6={},7={},8={},9={},10={},11={},12={},13={},14={},15={},16={},17={},18={},19={},20={},21={},22={}}
2026-02-11T23:30:27.671+0000 7efc17670640 10 snap_mapper record_purged_snaps rm 0 keys, set 0 keys
2026-02-11T23:30:27.671+0000 7efc17670640 10 write_superblock sb(cb0a9481-482d-477a-a81c-1446b6498370 osd.4 7f46abd4-9d3f-4544-909e-21eba1958f3f e22 maps [1~22] lci=[0,0] tlb=1)
2026-02-11T23:30:27.672+0000 7efc13914640 10 osd.4 0 _committed_osd_maps 1..22
2026-02-11T23:30:27.672+0000 7efc13914640 10 osd.4 0 advance to epoch 1 (<= last 22 <= newest_map 22)
2026-02-11T23:30:27.672+0000 7efc13914640 10 osd.4 1 advance to epoch 2 (<= last 22 <= newest_map 22)
2026-02-11T23:30:27.672+0000 7efc13914640 10 osd.4 2 advance to epoch 3 (<= last 22 <= newest_map 22)
2026-02-11T23:30:27.672+0000 7efc13914640 10 osd.4 3 advance to epoch 4 (<= last 22 <= newest_map 22)
2026-02-11T23:30:27.672+0000 7efc13914640 10 osd.4 4 advance to epoch 5 (<= last 22 <= newest_map 22)
2026-02-11T23:30:27.672+0000 7efc13914640 10 osd.4 5 advance to epoch 6 (<= last 22 <= newest_map 22)
2026-02-11T23:30:27.672+0000 7efc13914640 10 osd.4 6 advance to epoch 7 (<= last 22 <= newest_map 22)
2026-02-11T23:30:27.672+0000 7efc13914640 10 osd.4 7 advance to epoch 8 (<= last 22 <= newest_map 22)
2026-02-11T23:30:27.672+0000 7efc13914640 10 osd.4 8 advance to epoch 9 (<= last 22 <= newest_map 22)
2026-02-11T23:30:27.672+0000 7efc13914640 10 osd.4 9 advance to epoch 10 (<= last 22 <= newest_map 22)
2026-02-11T23:30:27.672+0000 7efc13914640 10 osd.4 10 advance to epoch 11 (<= last 22 <= newest_map 22)
2026-02-11T23:30:27.672+0000 7efc13914640 10 osd.4 11 advance to epoch 12 (<= last 22 <= newest_map 22)
2026-02-11T23:30:27.672+0000 7efc13914640 10 osd.4 12 advance to epoch 13 (<= last 22 <= newest_map 22)
2026-02-11T23:30:27.672+0000 7efc13914640 10 osd.4 13 advance to epoch 14 (<= last 22 <= newest_map 22)
2026-02-11T23:30:27.672+0000 7efc13914640 10 osd.4 14 advance to epoch 15 (<= last 22 <= newest_map 22)
2026-02-11T23:30:27.672+0000 7efc13914640 10 osd.4 15 advance to epoch 16 (<= last 22 <= newest_map 22)
2026-02-11T23:30:27.672+0000 7efc13914640 10 osd.4 16 advance to epoch 17 (<= last 22 <= newest_map 22)
2026-02-11T23:30:27.672+0000 7efc13914640 10 osd.4 17 advance to epoch 18 (<= last 22 <= newest_map 22)
2026-02-11T23:30:27.672+0000 7efc13914640 10 osd.4 18 advance to epoch 19 (<= last 22 <= newest_map 22)
2026-02-11T23:30:27.672+0000 7efc13914640 10 osd.4 19 advance to epoch 20 (<= last 22 <= newest_map 22)
2026-02-11T23:30:27.672+0000 7efc13914640 10 osd.4 20 advance to epoch 21 (<= last 22 <= newest_map 22)
2026-02-11T23:30:27.672+0000 7efc13914640 10 osd.4 21 advance to epoch 22 (<= last 22 <= newest_map 22)
2026-02-11T23:30:27.672+0000 7efc13914640 0 osd.4 22 crush map has features 288514050185494528, adjusting msgr requires for clients
2026-02-11T23:30:27.672+0000 7efc13914640 0 osd.4 22 crush map has features 288514050185494528 was 288232575208792577, adjusting msgr requires for mons
2026-02-11T23:30:27.672+0000 7efc13914640 0 osd.4 22 crush map has features 3314932999778484224, adjusting msgr requires for osds
2026-02-11T23:30:27.672+0000 7efc13914640 1 osd.4 22 check_osdmap_features require_osd_release unknown -> tentacle
2026-02-11T23:30:27.672+0000 7efc17670640 1 -- [v2:127.0.0.1:6834/3331151400,v1:127.0.0.1:6835/3331151400] <== mon.0 v2:127.0.0.1:7180/0 9 ==== mon_command_ack([{prefix=config set, name=osd_mclock_max_capacity_iops_ssd}]=0 v7)=0 v7) ==== 143+0+0 (crc 0 0 0) 0x3bb84e0 con 0x3cc9c00
2026-02-11T23:30:27.672+0000 7efc17670640 10 monclient: handle_mon_command_ack 3 [{"prefix": "config set", "who": "osd.4", "name": "osd_mclock_max_capacity_iops_ssd", "value": "70945.375986"}]
2026-02-11T23:30:27.672+0000 7efc17670640 10 monclient: _finish_command 3 = system:0
2026-02-11T23:30:27.672+0000 7efc13914640 20 osd.4 22 consume_map version 22
2026-02-11T23:30:27.672+0000 7efc13914640 20 osd.4 0 await_reserved_maps epoch:22
2026-02-11T23:30:27.672+0000 7efc13914640 20 osd.4 0 await_reserved_maps done 0
2026-02-11T23:30:27.672+0000 7efc13914640 20 osd.4 22 consume_map 22 -- publish done
2026-02-11T23:30:27.672+0000 7efc13914640 20 osd.4:0.identify_splits_and_merges identify_splits_and_merges 0 slots
2026-02-11T23:30:27.672+0000 7efc13914640 20 osd.4:0.identify_splits_and_merges identify_splits_and_merges 0 splits, 0 merges
2026-02-11T23:30:27.672+0000 7efc13914640 20 osd.4:1.identify_splits_and_merges identify_splits_and_merges 0 slots
2026-02-11T23:30:27.672+0000 7efc13914640 20 osd.4:1.identify_splits_and_merges identify_splits_and_merges 0 splits, 0 merges
2026-02-11T23:30:27.672+0000 7efc13914640 20 osd.4:2.identify_splits_and_merges identify_splits_and_merges 0 slots
2026-02-11T23:30:27.672+0000 7efc13914640 20 osd.4:2.identify_splits_and_merges identify_splits_and_merges 0 splits, 0 merges
2026-02-11T23:30:27.672+0000 7efc13914640 20 osd.4:3.identify_splits_and_merges identify_splits_and_merges 0 slots
2026-02-11T23:30:27.672+0000 7efc13914640 20 osd.4:3.identify_splits_and_merges identify_splits_and_merges 0 splits, 0 merges
2026-02-11T23:30:27.672+0000 7efc13914640 20 osd.4:4.identify_splits_and_merges identify_splits_and_merges 0 slots
2026-02-11T23:30:27.672+0000 7efc13914640 20 osd.4:4.identify_splits_and_merges identify_splits_and_merges 0 splits, 0 merges
2026-02-11T23:30:27.672+0000 7efc13914640 20 osd.4:5.identify_splits_and_merges identify_splits_and_merges 0 slots
2026-02-11T23:30:27.672+0000 7efc13914640 20 osd.4:5.identify_splits_and_merges identify_splits_and_merges 0 splits, 0 merges
2026-02-11T23:30:27.672+0000 7efc13914640 20 osd.4:6.identify_splits_and_merges identify_splits_and_merges 0 slots
2026-02-11T23:30:27.672+0000 7efc13914640 20 osd.4:6.identify_splits_and_merges identify_splits_and_merges 0 splits, 0 merges
2026-02-11T23:30:27.672+0000 7efc13914640 20 osd.4:7.identify_splits_and_merges identify_splits_and_merges 0 slots
2026-02-11T23:30:27.672+0000 7efc13914640 20 osd.4:7.identify_splits_and_merges identify_splits_and_merges 0 splits, 0 merges
2026-02-11T23:30:27.672+0000 7efc13914640 20 osd.4 22 prune_pg_created
2026-02-11T23:30:27.672+0000 7efc13914640 10 osd.4:0.consume_map 22 (was 0)
2026-02-11T23:30:27.672+0000 7efc13914640 10 osd.4:1.consume_map 22 (was 0)
2026-02-11T23:30:27.672+0000 7efc13914640 10 osd.4:2.consume_map 22 (was 0)
2026-02-11T23:30:27.672+0000 7efc13914640 10 osd.4:3.consume_map 22 (was 0)
2026-02-11T23:30:27.672+0000 7efc13914640 10 osd.4:4.consume_map 22 (was 0)
2026-02-11T23:30:27.672+0000 7efc13914640 10 osd.4:5.consume_map 22 (was 0)
2026-02-11T23:30:27.672+0000 7efc13914640 10 osd.4:6.consume_map 22 (was 0)
2026-02-11T23:30:27.672+0000 7efc13914640 10 osd.4:7.consume_map 22 (was 0)
2026-02-11T23:30:27.672+0000 7efc13914640 10 osd.4 22 release_reserved_pushes(0), recovery_ops_reserved 0 -> 0
2026-02-11T23:30:27.672+0000 7efc13914640 10 osd.4 22 _preboot _preboot mon has osdmaps 1..22
2026-02-11T23:30:27.672+0000 7efc13914640 5 osd.4 22 heartbeat osd_stat(store_statfs(0x384000/0x0/0x384000, data 0x256/0x1000, compress 0x0/0x0/0x0, omap 0x63a, meta 0x1a4f9c6), peers [] op hist [])
2026-02-11T23:30:27.672+0000 7efc13914640 20 osd.4 22 check_full_status cur ratio 0, physical ratio 0, new state none
2026-02-11T23:30:27.672+0000 7efc1bb2a640 10 osd.4 22 operator() waiting for peering work to drain
2026-02-11T23:30:27.672+0000 7efc17670640 1 -- [v2:127.0.0.1:6834/3331151400,v1:127.0.0.1:6835/3331151400] <== mon.0 v2:127.0.0.1:7180/0 10 ==== config(1 keys) ==== 56+0+0 (crc 0 0 0) 0x3c2f980 con 0x3cc9c00
2026-02-11T23:30:27.672+0000 7efc17670640 10 monclient: handle_config config(1 keys)
2026-02-11T23:30:27.672+0000 7efc1bb2a640 10 osd.4 22 _send_boot
2026-02-11T23:30:27.672+0000 7efc23bf7640 4 set_mon_vals no callback set
2026-02-11T23:30:27.672+0000 7efc1bb2a640 20 osd.4 22 initial client_addrs [v2:127.0.0.1:6834/3331151400,v1:127.0.0.1:6835/3331151400], cluster_addrs [v2:0.0.0.0:6836/3331151400,v1:0.0.0.0:6837/3331151400], hb_back_addrs [v2:0.0.0.0:6840/3331151400,v1:0.0.0.0:6841/3331151400], hb_front_addrs [v2:0.0.0.0:6838/3331151400,v1:0.0.0.0:6839/3331151400]
2026-02-11T23:30:27.672+0000 7efc1bb2a640 1 -- [v2:0.0.0.0:6836/3331151400,v1:0.0.0.0:6837/3331151400] set_addr_unknowns [v2:127.0.0.1:6834/3331151400,v1:127.0.0.1:6835/3331151400]
2026-02-11T23:30:27.672+0000 7efc1bb2a640 1 -- [v2:0.0.0.0:6836/3331151400,v1:0.0.0.0:6837/3331151400] set_addr_unknowns assuming my addr v2:0.0.0.0:6836/3331151400 matches provided addr v2:127.0.0.1:6834/3331151400
2026-02-11T23:30:27.672+0000 7efc23bf7640 10 set_mon_vals osd_mclock_max_capacity_iops_ssd = 70945.375986
2026-02-11T23:30:27.672+0000 7efc1bb2a640 1 -- [v2:0.0.0.0:6836/3331151400,v1:0.0.0.0:6837/3331151400] set_addr_unknowns assuming my addr v1:0.0.0.0:6837/3331151400 matches provided addr v2:127.0.0.1:6834/3331151400
2026-02-11T23:30:27.672+0000 7efc1bb2a640 10 osd.4 22 new session (outgoing) 0x3c68700 con=0x2877000 addr=v2:127.0.0.1:6836/3331151400
2026-02-11T23:30:27.672+0000 7efc1bb2a640 1 -- [v2:127.0.0.1:6836/3331151400,v1:127.0.0.1:6837/3331151400] set_addr_unknowns now [v2:127.0.0.1:6836/3331151400,v1:127.0.0.1:6837/3331151400]
2026-02-11T23:30:27.672+0000 7efc1bb2a640 10 osd.4 22 assuming cluster_addrs match client_addrs [v2:127.0.0.1:6834/3331151400,v1:127.0.0.1:6835/3331151400]
2026-02-11T23:30:27.672+0000 7efc1bb2a640 1 -- [v2:0.0.0.0:6840/3331151400,v1:0.0.0.0:6841/3331151400] set_addr_unknowns [v2:127.0.0.1:6836/3331151400,v1:127.0.0.1:6837/3331151400]
2026-02-11T23:30:27.672+0000 7efc1bb2a640 1 -- [v2:0.0.0.0:6840/3331151400,v1:0.0.0.0:6841/3331151400] set_addr_unknowns assuming my addr v2:0.0.0.0:6840/3331151400 matches provided addr v2:127.0.0.1:6836/3331151400
2026-02-11T23:30:27.672+0000 7efc1bb2a640 1 -- [v2:0.0.0.0:6840/3331151400,v1:0.0.0.0:6841/3331151400] set_addr_unknowns assuming my addr v1:0.0.0.0:6841/3331151400 matches provided addr v2:127.0.0.1:6836/3331151400
2026-02-11T23:30:27.672+0000 7efc1bb2a640 1 -- [v2:127.0.0.1:6840/3331151400,v1:127.0.0.1:6841/3331151400] set_addr_unknowns now [v2:127.0.0.1:6840/3331151400,v1:127.0.0.1:6841/3331151400]
2026-02-11T23:30:27.672+0000 7efc1bb2a640 10 osd.4 22 assuming hb_back_addrs match cluster_addrs [v2:127.0.0.1:6836/3331151400,v1:127.0.0.1:6837/3331151400]
2026-02-11T23:30:27.672+0000 7efc1bb2a640 1 -- [v2:0.0.0.0:6838/3331151400,v1:0.0.0.0:6839/3331151400] set_addr_unknowns [v2:127.0.0.1:6834/3331151400,v1:127.0.0.1:6835/3331151400]
2026-02-11T23:30:27.672+0000 7efc1bb2a640 1 -- [v2:0.0.0.0:6838/3331151400,v1:0.0.0.0:6839/3331151400] set_addr_unknowns assuming my addr v2:0.0.0.0:6838/3331151400 matches provided addr v2:127.0.0.1:6834/3331151400
2026-02-11T23:30:27.672+0000 7efc1bb2a640 1 -- [v2:0.0.0.0:6838/3331151400,v1:0.0.0.0:6839/3331151400] set_addr_unknowns assuming my addr v1:0.0.0.0:6839/3331151400 matches provided addr v2:127.0.0.1:6834/3331151400
2026-02-11T23:30:27.672+0000 7efc1bb2a640 1 -- [v2:127.0.0.1:6838/3331151400,v1:127.0.0.1:6839/3331151400] set_addr_unknowns now [v2:127.0.0.1:6838/3331151400,v1:127.0.0.1:6839/3331151400]
2026-02-11T23:30:27.672+0000 7efc1bb2a640 10 osd.4 22 assuming hb_front_addrs match client_addrs [v2:127.0.0.1:6834/3331151400,v1:127.0.0.1:6835/3331151400]
2026-02-11T23:30:27.672+0000 7efc1bb2a640 1 osd.4 22 set_numa_affinity storage numa node 0
2026-02-11T23:30:27.673+0000 7efc1bb2a640 -1 osd.4 22 set_numa_affinity unable to identify public interface '' numa node: (2) No such file or directory
2026-02-11T23:30:27.673+0000 7efc1bb2a640 1 osd.4 22 set_numa_affinity not setting numa affinity
2026-02-11T23:30:27.673+0000 7efc23bf7640 1 mclock_common: set_from_config: osd_bandwidth_cost_per_io: 17736.06 bytes/io, osd_bandwidth_capacity_per_shard 157286400.00 bytes/second
2026-02-11T23:30:27.673+0000 7efc1bb2a640 10 osd.4 22 final client_addrs [v2:127.0.0.1:6834/3331151400,v1:127.0.0.1:6835/3331151400], cluster_addrs [v2:127.0.0.1:6836/3331151400,v1:127.0.0.1:6837/3331151400], hb_back_addrs [v2:127.0.0.1:6840/3331151400,v1:127.0.0.1:6841/3331151400], hb_front_addrs [v2:127.0.0.1:6838/3331151400,v1:127.0.0.1:6839/3331151400]
2026-02-11T23:30:27.673+0000 7efc23bf7640 1 mclock_common: set_from_config: osd_bandwidth_cost_per_io: 17736.06 bytes/io, osd_bandwidth_capacity_per_shard 157286400.00 bytes/second
2026-02-11T23:30:27.673+0000 7efc23bf7640 1 mclock_common: set_from_config: osd_bandwidth_cost_per_io: 17736.06 bytes/io, osd_bandwidth_capacity_per_shard 157286400.00 bytes/second
2026-02-11T23:30:27.673+0000 7efc23bf7640 1 mclock_common: set_from_config: osd_bandwidth_cost_per_io: 17736.06 bytes/io, osd_bandwidth_capacity_per_shard 157286400.00 bytes/second
2026-02-11T23:30:27.673+0000 7efc23bf7640 1 mclock_common: set_from_config: osd_bandwidth_cost_per_io: 17736.06 bytes/io, osd_bandwidth_capacity_per_shard 157286400.00 bytes/second
2026-02-11T23:30:27.673+0000 7efc23bf7640 1 mclock_common: set_from_config: osd_bandwidth_cost_per_io: 17736.06 bytes/io, osd_bandwidth_capacity_per_shard 157286400.00 bytes/second
2026-02-11T23:30:27.673+0000 7efc23bf7640 1 mclock_common: set_from_config: osd_bandwidth_cost_per_io: 17736.06 bytes/io, osd_bandwidth_capacity_per_shard 157286400.00 bytes/second
2026-02-11T23:30:27.673+0000 7efc23bf7640 1 mclock_common: set_from_config: osd_bandwidth_cost_per_io: 17736.06 bytes/io, osd_bandwidth_capacity_per_shard 157286400.00 bytes/second
2026-02-11T23:30:27.673+0000 7efc1bb2a640 1 bluestore(td/osd-backfill-space/4) collect_metadata devices span numa nodes 0
2026-02-11T23:30:27.673+0000 7efc1bb2a640 1 bluestore(td/osd-backfill-space/4) collect_metadata devices span numa nodes 0
2026-02-11T23:30:27.673+0000 7efc1bb2a640 10 osd.4 22 _collect_metadata {arch=x86_64,back_addr=[v2:127.0.0.1:6836/3331151400,v1:127.0.0.1:6837/3331151400],back_iface=,bluefs=1,bluefs_dedicated_db=0,bluefs_dedicated_wal=0,bluefs_single_shared_device=1,bluestore_allocation_from_file=1,bluestore_allocator=hybrid,bluestore_bdev_access_mode=file,bluestore_bdev_block_size=4096,bluestore_bdev_devices=nvme0n1,bluestore_bdev_driver=KernelDevice,bluestore_bdev_optimal_io_size=4096,bluestore_bdev_path=td/osd-backfill-space/4/block,bluestore_bdev_rotational=0,bluestore_bdev_size=107374182400,bluestore_bdev_support_discard=1,bluestore_bdev_type=ssd,bluestore_min_alloc_size=4096,bluestore_onode_segmentation=inactive,bluestore_write_mode=classic,ceph_release=tentacle,ceph_version=ceph version 20.3.0-5256-gf2a98edf (f2a98edfc002a9c9c8df236a812719da23bb2dd0) tentacle (dev - RelWithDebInfo),ceph_version_short=20.3.0-5256-gf2a98edf,ceph_version_when_created=ceph version 20.3.0-5256-gf2a98edf (f2a98edfc002a9c9c8df236a812719da23bb2dd0) tentacle (dev - RelWithDebInfo),cpu=AMD EPYC 4464P 12-Core Processor,created_at=2026-02-11T23:30:26.348420Z,default_device_class=ssd,device_ids=nvme0n1=Micron_7450_MTFDKBA960TFR_25174FCD6C99,device_paths=nvme0n1=/dev/disk/by-path/pci-0000:02:00.0-nvme-1,devices=nvme0n1,distro=centos,distro_description=CentOS Stream 9,distro_version=9,front_addr=[v2:127.0.0.1:6834/3331151400,v1:127.0.0.1:6835/3331151400],front_iface=,hb_back_addr=[v2:127.0.0.1:6840/3331151400,v1:127.0.0.1:6841/3331151400],hb_front_addr=[v2:127.0.0.1:6838/3331151400,v1:127.0.0.1:6839/3331151400],hostname=trial048,journal_rotational=0,kernel_description=#1 SMP PREEMPT_DYNAMIC Fri Feb 6 13:57:07 UTC 2026,kernel_version=5.14.0-677.el9.x86_64,mem_swap_kb=8388604,mem_total_kb=130438944,network_numa_unknown_ifaces=back_iface,front_iface,objectstore_numa_node=0,objectstore_numa_nodes=0,os=Linux,osd_data=td/osd-backfill-space/4,osd_objectstore=bluestore,osdspec_affinity=,rotational=0}
2026-02-11T23:30:27.673+0000 7efc1bb2a640 10 monclient: _send_mon_message to mon.a at v2:127.0.0.1:7180/0
2026-02-11T23:30:27.673+0000 7efc1bb2a640 1 -- [v2:127.0.0.1:6834/3331151400,v1:127.0.0.1:6835/3331151400] --> v2:127.0.0.1:7180/0 -- osd_boot(osd.4 booted 0 features 4544132024016699391 v22) -- 0x3aa4000 con 0x3cc9c00
2026-02-11T23:30:27.772+0000 7efc26bfd640 1 --2- [v2:127.0.0.1:6838/3331151400,v1:127.0.0.1:6839/3331151400] >> conn(0x3cc8800 0x3d3a100 unknown :-1 s=NONE pgs=0 gs=0 cs=0 l=0 c_cookie=0 s_cookie=0 reconnecting=0 rev1=0 crypto rx=0 tx=0 comp rx=0 tx=0).accept
2026-02-11T23:30:27.772+0000 7efc26bfd640 1 --2- [v2:127.0.0.1:6840/3331151400,v1:127.0.0.1:6841/3331151400] >> conn(0x3cc8400 0x3d39b80 unknown :-1 s=NONE pgs=0 gs=0 cs=0 l=0 c_cookie=0 s_cookie=0 reconnecting=0 rev1=0 crypto rx=0 tx=0 comp rx=0 tx=0).accept
2026-02-11T23:30:27.772+0000 7efc253fa640 1 --2- [v2:127.0.0.1:6838/3331151400,v1:127.0.0.1:6839/3331151400] >> conn(0x3cc8800 0x3d3a100 unknown :-1 s=BANNER_ACCEPTING pgs=0 gs=0 cs=0 l=0 c_cookie=0 s_cookie=0 reconnecting=0 rev1=0 crypto rx=0 tx=0 comp rx=0 tx=0)._handle_peer_banner_payload supported=3 required=0
2026-02-11T23:30:27.772+0000 7efc26bfd640 1 --2- [v2:127.0.0.1:6840/3331151400,v1:127.0.0.1:6841/3331151400] >> conn(0x3cc8400 0x3d39b80 unknown :-1 s=BANNER_ACCEPTING pgs=0 gs=0 cs=0 l=0 c_cookie=0 s_cookie=0 reconnecting=0 rev1=0 crypto rx=0 tx=0 comp rx=0 tx=0)._handle_peer_banner_payload supported=3 required=0
2026-02-11T23:30:27.772+0000 7efc253fa640 10 osd.4 22 ms_handle_fast_authentication new session 0x3c69340 con 0x3cc8800 entity osd.2 addr
2026-02-11T23:30:27.772+0000 7efc26bfd640 10 osd.4 22 ms_handle_fast_authentication new session 0x3c68fc0 con 0x3cc8400 entity osd.2 addr
2026-02-11T23:30:27.772+0000 7efc253fa640 1 --2- [v2:127.0.0.1:6838/3331151400,v1:127.0.0.1:6839/3331151400] >> 127.0.0.1:0/2365263801 conn(0x3cc8800 0x3d3a100 crc :-1 s=READY pgs=4 gs=1 cs=0 l=1 c_cookie=0 s_cookie=0 reconnecting=0 rev1=1 crypto rx=0 tx=0 comp rx=0 tx=0).ready entity=osd.2 client_cookie=0 server_cookie=0 in_seq=0 out_seq=0
2026-02-11T23:30:27.772+0000 7efc26bfd640 1 --2- [v2:127.0.0.1:6840/3331151400,v1:127.0.0.1:6841/3331151400] >> 127.0.0.1:0/2365263801 conn(0x3cc8400 0x3d39b80 crc :-1 s=READY pgs=4 gs=1 cs=0 l=1 c_cookie=0 s_cookie=0 reconnecting=0 rev1=1 crypto rx=0 tx=0 comp rx=0 tx=0).ready entity=osd.2 client_cookie=0 server_cookie=0 in_seq=0 out_seq=0
2026-02-11T23:30:27.773+0000 7efc17670640 1 -- [v2:127.0.0.1:6834/3331151400,v1:127.0.0.1:6835/3331151400] <== mon.0 v2:127.0.0.1:7180/0 11 ==== osd_map(23..23 src has 1..23) ==== 662+0+0 (crc 0 0 0) 0x3827c00 con 0x3cc9c00
2026-02-11T23:30:27.773+0000 7efc17670640 20 osd.4 22 OSD::ms_dispatch: osd_map(23..23 src has 1..23)
2026-02-11T23:30:27.773+0000 7efc17670640 20 osd.4 22 _dispatch 0x3827c00 osd_map(23..23 src has 1..23)
2026-02-11T23:30:27.773+0000 7efc17670640 10 monclient: _renew_subs
2026-02-11T23:30:27.773+0000 7efc17670640 10 monclient: _send_mon_message to mon.a at v2:127.0.0.1:7180/0
2026-02-11T23:30:27.773+0000 7efc17670640 1 -- [v2:127.0.0.1:6834/3331151400,v1:127.0.0.1:6835/3331151400] --> v2:127.0.0.1:7180/0 -- mon_subscribe({osdmap=0}) -- 0x3bb84e0 con 0x3cc9c00
2026-02-11T23:30:27.773+0000 7efc17670640 3 osd.4 22 handle_osd_map epochs [23,23], i have 22, src has [1,23]
2026-02-11T23:30:27.773+0000 7efc17670640 10 osd.4 22 handle_osd_map: received 0 full maps and 1 incremental maps
2026-02-11T23:30:27.773+0000 7efc17670640 10 osd.4 22 handle_osd_map got inc map for epoch 23
2026-02-11T23:30:27.773+0000 7efc17670640 20 osd.4 22 got_full_map 23, nothing requested
2026-02-11T23:30:27.773+0000 7efc17670640 20 osd.4 22 trim_maps: min=0 oldest_map=1
2026-02-11T23:30:27.773+0000 7efc17670640 20 osd.4 22 handle_osd_map pg_num_history pg_num_history(e23 pg_nums {} deleted_pools )
2026-02-11T23:30:27.773+0000 7efc17670640 10 snap_mapper record_purged_snaps purged_snaps {23={}}
2026-02-11T23:30:27.773+0000 7efc17670640 10 snap_mapper record_purged_snaps rm 0 keys, set 0 keys
2026-02-11T23:30:27.773+0000 7efc17670640 10 write_superblock sb(cb0a9481-482d-477a-a81c-1446b6498370 osd.4 7f46abd4-9d3f-4544-909e-21eba1958f3f e23 maps [1~23] lci=[0,0] tlb=1)
2026-02-11T23:30:27.773+0000 7efc13914640 10 osd.4 22 _committed_osd_maps 23..23
2026-02-11T23:30:27.773+0000 7efc13914640 10 osd.4 22 advance to epoch 23 (<= last 23 <= newest_map 23)
2026-02-11T23:30:27.773+0000 7efc13914640 10 osd.4 23 up_epoch is 23
2026-02-11T23:30:27.773+0000 7efc13914640 10 osd.4 23 boot_epoch is 23
2026-02-11T23:30:27.773+0000 7efc13914640 1 osd.4 23 state: booting -> active
2026-02-11T23:30:27.773+0000 7efc13914640 20 osd.4 23 consume_map version 23
2026-02-11T23:30:27.773+0000 7efc13914640 20 osd.4 22 await_reserved_maps epoch:23
2026-02-11T23:30:27.773+0000 7efc13914640 20 osd.4 22 await_reserved_maps done 0
2026-02-11T23:30:27.773+0000 7efc13914640 20 osd.4 23 consume_map 23 -- publish done
2026-02-11T23:30:27.773+0000 7efc13914640 20 osd.4:0.identify_splits_and_merges identify_splits_and_merges 0 slots
2026-02-11T23:30:27.773+0000 7efc13914640 20 osd.4:0.identify_splits_and_merges identify_splits_and_merges 0 splits, 0 merges
2026-02-11T23:30:27.773+0000 7efc13914640 20 osd.4:1.identify_splits_and_merges identify_splits_and_merges 0 slots
2026-02-11T23:30:27.773+0000 7efc13914640 20 osd.4:1.identify_splits_and_merges identify_splits_and_merges 0 splits, 0 merges
2026-02-11T23:30:27.773+0000 7efc13914640 20 osd.4:2.identify_splits_and_merges identify_splits_and_merges 0 slots
2026-02-11T23:30:27.773+0000 7efc13914640 20 osd.4:2.identify_splits_and_merges identify_splits_and_merges 0 splits, 0 merges
2026-02-11T23:30:27.773+0000 7efc13914640 20 osd.4:3.identify_splits_and_merges identify_splits_and_merges 0 slots
2026-02-11T23:30:27.773+0000 7efc13914640 20 osd.4:3.identify_splits_and_merges identify_splits_and_merges 0 splits, 0 merges
2026-02-11T23:30:27.773+0000 7efc13914640 20 osd.4:4.identify_splits_and_merges identify_splits_and_merges 0 slots
2026-02-11T23:30:27.773+0000 7efc13914640 20 osd.4:4.identify_splits_and_merges identify_splits_and_merges 0 splits, 0 merges
2026-02-11T23:30:27.773+0000 7efc13914640 20 osd.4:5.identify_splits_and_merges identify_splits_and_merges 0 slots
2026-02-11T23:30:27.773+0000 7efc13914640 20 osd.4:5.identify_splits_and_merges identify_splits_and_merges 0 splits, 0 merges
2026-02-11T23:30:27.773+0000 7efc13914640 20 osd.4:6.identify_splits_and_merges identify_splits_and_merges 0 slots
2026-02-11T23:30:27.773+0000 7efc13914640 20 osd.4:6.identify_splits_and_merges identify_splits_and_merges 0 splits, 0 merges
2026-02-11T23:30:27.773+0000 7efc13914640 20 osd.4:7.identify_splits_and_merges identify_splits_and_merges 0 slots
2026-02-11T23:30:27.773+0000 7efc13914640 20 osd.4:7.identify_splits_and_merges identify_splits_and_merges 0 splits, 0 merges
2026-02-11T23:30:27.773+0000 7efc13914640 20 osd.4 23 prune_pg_created
2026-02-11T23:30:27.773+0000 7efc13914640 10 osd.4:0.consume_map 23 (was 22)
2026-02-11T23:30:27.773+0000 7efc13914640 10 osd.4:1.consume_map 23 (was 22)
2026-02-11T23:30:27.773+0000 7efc13914640 10 osd.4:2.consume_map 23 (was 22)
2026-02-11T23:30:27.773+0000 7efc13914640 10 osd.4:3.consume_map 23 (was 22)
2026-02-11T23:30:27.773+0000 7efc13914640 10 osd.4:4.consume_map 23 (was 22)
2026-02-11T23:30:27.773+0000 7efc13914640 10 osd.4:5.consume_map 23 (was 22)
2026-02-11T23:30:27.773+0000 7efc13914640 10 osd.4:6.consume_map 23 (was 22)
2026-02-11T23:30:27.773+0000 7efc13914640 10 osd.4:7.consume_map 23 (was 22)
2026-02-11T23:30:27.773+0000 7efc13914640 10 osd.4 23 release_reserved_pushes(0), recovery_ops_reserved 0 -> 0
2026-02-11T23:30:27.773+0000 7efc13914640 10 osd.4 23 maybe_update_heartbeat_peers updating
2026-02-11T23:30:27.773+0000 7efc13914640 10 osd.4 23 adding neighbor peer osd.0
2026-02-11T23:30:27.773+0000 7efc13914640 20 osd.4 23 get_con_osd_hb to osd.0 from_epoch 23
2026-02-11T23:30:27.773+0000 7efc13914640 20 osd.4 23 get_nextmap_reserved map_reservations: {23=1}
2026-02-11T23:30:27.773+0000 7efc13914640 1 --2- >> [v2:127.0.0.1:6806/3294232400,v1:127.0.0.1:6807/3294232400] conn(0x3cc9000 0x2a35080 unknown :-1 s=NONE pgs=0 gs=0 cs=0 l=1 c_cookie=0 s_cookie=0 reconnecting=0 rev1=0 crypto rx=0 tx=0 comp rx=0 tx=0).connect
2026-02-11T23:30:27.773+0000 7efc13914640 1 --2- >> [v2:127.0.0.1:6804/3294232400,v1:127.0.0.1:6805/3294232400] conn(0x3cc9400 0x3bfe000 unknown :-1 s=NONE pgs=0 gs=0 cs=0 l=1 c_cookie=0 s_cookie=0 reconnecting=0 rev1=0 crypto rx=0 tx=0 comp rx=0 tx=0).connect
2026-02-11T23:30:27.773+0000 7efc13914640 20 osd.4 23 release_map epoch: 23
2026-02-11T23:30:27.773+0000 7efc13914640 10 osd.4 23 _add_heartbeat_peer: new peer osd.0 v2:127.0.0.1:6806/3294232400 v2:127.0.0.1:6804/3294232400
2026-02-11T23:30:27.773+0000 7efc13914640 10 osd.4 23 adding neighbor peer osd.3
2026-02-11T23:30:27.773+0000 7efc13914640 20 osd.4 23 get_con_osd_hb to osd.3 from_epoch 23
2026-02-11T23:30:27.773+0000 7efc13914640 20 osd.4 23 get_nextmap_reserved map_reservations: {23=1}
2026-02-11T23:30:27.773+0000 7efc13914640 1 --2- >> [v2:127.0.0.1:6832/2699377081,v1:127.0.0.1:6833/2699377081] conn(0x3cc9800 0x3bfe580 unknown :-1 s=NONE pgs=0 gs=0 cs=0 l=1 c_cookie=0 s_cookie=0 reconnecting=0 rev1=0 crypto rx=0 tx=0 comp rx=0 tx=0).connect
2026-02-11T23:30:27.773+0000 7efc13914640 1 --2- >> [v2:127.0.0.1:6830/2699377081,v1:127.0.0.1:6831/2699377081] conn(0x3828c00 0x3bfeb00 unknown :-1 s=NONE pgs=0 gs=0 cs=0 l=1 c_cookie=0 s_cookie=0 reconnecting=0 rev1=0 crypto rx=0 tx=0 comp rx=0 tx=0).connect
2026-02-11T23:30:27.773+0000 7efc13914640 20 osd.4 23 release_map epoch: 23
2026-02-11T23:30:27.773+0000 7efc13914640 10 osd.4 23 _add_heartbeat_peer: new peer osd.3 v2:127.0.0.1:6832/2699377081 v2:127.0.0.1:6830/2699377081
2026-02-11T23:30:27.773+0000 7efc13914640 10 osd.4 23 adding random peer osd.1
2026-02-11T23:30:27.773+0000 7efc13914640 20 osd.4 23 get_con_osd_hb to osd.1 from_epoch 23
2026-02-11T23:30:27.773+0000 7efc13914640 20 osd.4 23 get_nextmap_reserved map_reservations: {23=1}
2026-02-11T23:30:27.773+0000 7efc13914640 1 --2- >> [v2:127.0.0.1:6816/3043114013,v1:127.0.0.1:6817/3043114013] conn(0x3829c00 0x3bff080 unknown :-1 s=NONE pgs=0 gs=0 cs=0 l=1 c_cookie=0 s_cookie=0 reconnecting=0 rev1=0 crypto rx=0 tx=0 comp rx=0 tx=0).connect
2026-02-11T23:30:27.773+0000 7efc13914640 1 --2- >> [v2:127.0.0.1:6814/3043114013,v1:127.0.0.1:6815/3043114013] conn(0x3d00000 0x3bff600 unknown :-1 s=NONE pgs=0 gs=0 cs=0 l=1 c_cookie=0 s_cookie=0 reconnecting=0 rev1=0 crypto rx=0 tx=0 comp rx=0 tx=0).connect
2026-02-11T23:30:27.773+0000 7efc13914640 20 osd.4 23 release_map epoch: 23
2026-02-11T23:30:27.773+0000 7efc13914640 10 osd.4 23 _add_heartbeat_peer: new peer osd.1 v2:127.0.0.1:6816/3043114013 v2:127.0.0.1:6814/3043114013
2026-02-11T23:30:27.773+0000 7efc13914640 10 osd.4 23 adding random peer osd.2
2026-02-11T23:30:27.773+0000 7efc13914640 20 osd.4 23 get_con_osd_hb to osd.2 from_epoch 23
2026-02-11T23:30:27.773+0000 7efc13914640 20 osd.4 23 get_nextmap_reserved map_reservations: {23=1}
2026-02-11T23:30:27.773+0000 7efc13914640 1 --2- >> [v2:127.0.0.1:6824/2365263801,v1:127.0.0.1:6825/2365263801] conn(0x3829000 0x3bffb80 unknown :-1 s=NONE pgs=0 gs=0 cs=0 l=1 c_cookie=0 s_cookie=0 reconnecting=0 rev1=0 crypto rx=0 tx=0 comp rx=0 tx=0).connect
2026-02-11T23:30:27.773+0000 7efc13914640 1 --2- >> [v2:127.0.0.1:6822/2365263801,v1:127.0.0.1:6823/2365263801] conn(0x3c02000 0x3c00100 unknown :-1 s=NONE pgs=0 gs=0 cs=0 l=1 c_cookie=0 s_cookie=0 reconnecting=0 rev1=0 crypto rx=0 tx=0 comp rx=0 tx=0).connect
2026-02-11T23:30:27.773+0000 7efc13914640 20 osd.4 23 release_map epoch: 23
2026-02-11T23:30:27.773+0000 7efc13914640 10 osd.4 23 _add_heartbeat_peer: new peer osd.2 v2:127.0.0.1:6824/2365263801 v2:127.0.0.1:6822/2365263801
2026-02-11T23:30:27.773+0000 7efc13914640 10 osd.4 23 maybe_update_heartbeat_peers 4 peers, extras 0,1,2,3
2026-02-11T23:30:27.773+0000 7efc13914640 7 osd.4 23 activate_map version 23
2026-02-11T23:30:27.773+0000 7efc0a902640 20 osd.4 23 agent_entry empty queue
2026-02-11T23:30:27.782+0000 7efc253fa640 1 --2- >> [v2:127.0.0.1:6804/3294232400,v1:127.0.0.1:6805/3294232400] conn(0x3cc9400 0x3bfe000 unknown :-1 s=BANNER_CONNECTING pgs=0 gs=1 cs=0 l=1 c_cookie=0 s_cookie=0 reconnecting=0 rev1=0 crypto rx=0 tx=0 comp rx=0 tx=0)._handle_peer_banner_payload supported=3 required=0
2026-02-11T23:30:27.782+0000 7efc253fa640 1 --2- >> [v2:127.0.0.1:6804/3294232400,v1:127.0.0.1:6805/3294232400] conn(0x3cc9400 0x3bfe000 unknown :-1 s=HELLO_CONNECTING pgs=0 gs=1 cs=0 l=1 c_cookie=0 s_cookie=0 reconnecting=0 rev1=1 crypto rx=0 tx=0 comp rx=0 tx=0).handle_hello peer v2:127.0.0.1:6804/3294232400 says I am v2:127.0.0.1:47536/0 (socket says 127.0.0.1:47536)
2026-02-11T23:30:27.782+0000 7efc273fe640 1 --2- >> [v2:127.0.0.1:6806/3294232400,v1:127.0.0.1:6807/3294232400] conn(0x3cc9000 0x2a35080 unknown :-1 s=BANNER_CONNECTING pgs=0 gs=1 cs=0 l=1 c_cookie=0 s_cookie=0 reconnecting=0 rev1=0 crypto rx=0 tx=0 comp rx=0 tx=0)._handle_peer_banner_payload supported=3 required=0
2026-02-11T23:30:27.782+0000 7efc253fa640 1 -- 127.0.0.1:0/3331151400 learned_addr learned my addr 127.0.0.1:0/3331151400 (peer_addr_for_me v2:127.0.0.1:0/0)
2026-02-11T23:30:27.782+0000 7efc253fa640 10 monclient: get_auth_request con 0x3cc9400 auth_method 0
2026-02-11T23:30:27.782+0000 7efc273fe640 1 --2- >> [v2:127.0.0.1:6806/3294232400,v1:127.0.0.1:6807/3294232400] conn(0x3cc9000 0x2a35080 unknown :-1 s=HELLO_CONNECTING pgs=0 gs=1 cs=0 l=1 c_cookie=0 s_cookie=0 reconnecting=0 rev1=1 crypto rx=0 tx=0 comp rx=0 tx=0).handle_hello peer v2:127.0.0.1:6806/3294232400 says I am v2:127.0.0.1:56414/0 (socket says 127.0.0.1:56414)
2026-02-11T23:30:27.782+0000 7efc253fa640 1 --2- >> [v2:127.0.0.1:6816/3043114013,v1:127.0.0.1:6817/3043114013] conn(0x3829c00 0x3bff080 unknown :-1 s=BANNER_CONNECTING pgs=0 gs=2 cs=0 l=1 c_cookie=0 s_cookie=0 reconnecting=0 rev1=0 crypto rx=0 tx=0 comp rx=0 tx=0)._handle_peer_banner_payload supported=3 required=0
2026-02-11T23:30:27.782+0000 7efc273fe640 1 -- 127.0.0.1:0/3331151400 learned_addr learned my addr 127.0.0.1:0/3331151400 (peer_addr_for_me v2:127.0.0.1:0/0)
2026-02-11T23:30:27.782+0000 7efc273fe640 10 monclient: get_auth_request con 0x3cc9000 auth_method 0
2026-02-11T23:30:27.782+0000 7efc253fa640 10 monclient: get_auth_request con 0x3829c00 auth_method 0
2026-02-11T23:30:27.782+0000 7efc253fa640 1 --2- 127.0.0.1:0/3331151400 >> [v2:127.0.0.1:6822/2365263801,v1:127.0.0.1:6823/2365263801] conn(0x3c02000 0x3c00100 unknown :-1 s=BANNER_CONNECTING pgs=0 gs=3 cs=0 l=1 c_cookie=0 s_cookie=0 reconnecting=0 rev1=0 crypto rx=0 tx=0 comp rx=0 tx=0)._handle_peer_banner_payload supported=3 required=0
2026-02-11T23:30:27.782+0000 7efc17670640 1 -- [v2:127.0.0.1:6834/3331151400,v1:127.0.0.1:6835/3331151400] <== mon.0 v2:127.0.0.1:7180/0 12 ==== osd_map(23..23 src has 1..23) ==== 3027+0+0 (crc 0 0 0) 0x3c69dc0 con 0x3cc9c00
2026-02-11T23:30:27.782+0000 7efc17670640 20 osd.4 23 OSD::ms_dispatch: osd_map(23..23 src has 1..23)
2026-02-11T23:30:27.782+0000 7efc273fe640 1 --2- 127.0.0.1:0/3331151400 >> [v2:127.0.0.1:6824/2365263801,v1:127.0.0.1:6825/2365263801] conn(0x3829000 0x3bffb80 unknown :-1 s=BANNER_CONNECTING pgs=0 gs=4 cs=0 l=1 c_cookie=0 s_cookie=0 reconnecting=0 rev1=0 crypto rx=0 tx=0 comp rx=0 tx=0)._handle_peer_banner_payload supported=3 required=0
2026-02-11T23:30:27.782+0000 7efc253fa640 10 monclient: get_auth_request con 0x3c02000 auth_method 0
2026-02-11T23:30:27.782+0000 7efc17670640 20 osd.4 23 _dispatch 0x3c69dc0 osd_map(23..23 src has 1..23)
2026-02-11T23:30:27.782+0000 7efc26bfd640 1 --2- 127.0.0.1:0/3331151400 >> [v2:127.0.0.1:6814/3043114013,v1:127.0.0.1:6815/3043114013] conn(0x3d00000 0x3bff600 unknown :-1 s=BANNER_CONNECTING pgs=0 gs=4 cs=0 l=1 c_cookie=0 s_cookie=0 reconnecting=0 rev1=0 crypto rx=0 tx=0 comp rx=0 tx=0)._handle_peer_banner_payload supported=3 required=0
2026-02-11T23:30:27.782+0000 7efc17670640 3 osd.4 23 handle_osd_map epochs [23,23], i have 23, src has [1,23]
2026-02-11T23:30:27.782+0000 7efc17670640 10 osd.4 23 handle_osd_map: received 1 full maps and 0 incremental maps
2026-02-11T23:30:27.782+0000 7efc17670640 10 osd.4 23 no new maps here, dropping
2026-02-11T23:30:27.782+0000 7efc273fe640 10 monclient: get_auth_request con 0x3829000 auth_method 0
2026-02-11T23:30:27.782+0000 7efc26bfd640 10 monclient: get_auth_request con 0x3d00000 auth_method 0
2026-02-11T23:30:27.782+0000 7efc273fe640 1 --2- 127.0.0.1:0/3331151400 >> [v2:127.0.0.1:6830/2699377081,v1:127.0.0.1:6831/2699377081] conn(0x3828c00 0x3bfeb00 unknown :-1 s=BANNER_CONNECTING pgs=0 gs=2 cs=0 l=1 c_cookie=0 s_cookie=0 reconnecting=0 rev1=0 crypto rx=0 tx=0 comp rx=0 tx=0)._handle_peer_banner_payload supported=3 required=0
2026-02-11T23:30:27.782+0000 7efc273fe640 10 monclient: get_auth_request con 0x3828c00 auth_method 0
2026-02-11T23:30:27.782+0000 7efc26bfd640 1 --2- 127.0.0.1:0/3331151400 >> [v2:127.0.0.1:6832/2699377081,v1:127.0.0.1:6833/2699377081] conn(0x3cc9800 0x3bfe580 unknown :-1 s=BANNER_CONNECTING pgs=0 gs=3 cs=0 l=1 c_cookie=0 s_cookie=0 reconnecting=0 rev1=0 crypto rx=0 tx=0 comp rx=0 tx=0)._handle_peer_banner_payload supported=3 required=0
2026-02-11T23:30:27.782+0000 7efc253fa640 1 --2- 127.0.0.1:0/3331151400 >> [v2:127.0.0.1:6804/3294232400,v1:127.0.0.1:6805/3294232400] conn(0x3cc9400 0x3bfe000 crc :-1 s=READY pgs=4 gs=1 cs=0 l=1 c_cookie=0 s_cookie=0 reconnecting=0 rev1=1 crypto rx=0 tx=0 comp rx=0 tx=0).ready entity=osd.0 client_cookie=0 server_cookie=0 in_seq=0 out_seq=0
2026-02-11T23:30:27.782+0000 7efc26bfd640 10 monclient: get_auth_request con 0x3cc9800 auth_method 0
2026-02-11T23:30:27.782+0000 7efc253fa640 1 --2- 127.0.0.1:0/3331151400 >> [v2:127.0.0.1:6816/3043114013,v1:127.0.0.1:6817/3043114013] conn(0x3829c00 0x3bff080 crc :-1 s=READY pgs=4 gs=2 cs=0 l=1 c_cookie=0 s_cookie=0 reconnecting=0 rev1=1 crypto rx=0 tx=0 comp rx=0 tx=0).ready entity=osd.1 client_cookie=0 server_cookie=0 in_seq=0 out_seq=0
2026-02-11T23:30:27.782+0000 7efc253fa640 1 --2- 127.0.0.1:0/3331151400 >> [v2:127.0.0.1:6822/2365263801,v1:127.0.0.1:6823/2365263801] conn(0x3c02000 0x3c00100 crc :-1 s=READY pgs=4 gs=3 cs=0 l=1 c_cookie=0 s_cookie=0 reconnecting=0 rev1=1 crypto rx=0 tx=0 comp rx=0 tx=0).ready entity=osd.2 client_cookie=0 server_cookie=0 in_seq=0 out_seq=0
2026-02-11T23:30:27.782+0000 7efc273fe640 1 --2- 127.0.0.1:0/3331151400 >> [v2:127.0.0.1:6806/3294232400,v1:127.0.0.1:6807/3294232400] conn(0x3cc9000 0x2a35080 crc :-1 s=READY pgs=4 gs=1 cs=0 l=1 c_cookie=0 s_cookie=0 reconnecting=0 rev1=1 crypto rx=0 tx=0 comp rx=0 tx=0).ready entity=osd.0 client_cookie=0 server_cookie=0 in_seq=0 out_seq=0
2026-02-11T23:30:27.782+0000 7efc26bfd640 1 --2- 127.0.0.1:0/3331151400 >> [v2:127.0.0.1:6814/3043114013,v1:127.0.0.1:6815/3043114013] conn(0x3d00000 0x3bff600 crc :-1 s=READY pgs=4 gs=4 cs=0 l=1 c_cookie=0 s_cookie=0 reconnecting=0 rev1=1 crypto rx=0 tx=0 comp rx=0 tx=0).ready entity=osd.1 client_cookie=0 server_cookie=0 in_seq=0 out_seq=0
2026-02-11T23:30:27.782+0000 7efc26bfd640 1 --2- 127.0.0.1:0/3331151400 >> [v2:127.0.0.1:6832/2699377081,v1:127.0.0.1:6833/2699377081] conn(0x3cc9800 0x3bfe580 crc :-1 s=READY pgs=4 gs=3 cs=0 l=1 c_cookie=0 s_cookie=0 reconnecting=0 rev1=1 crypto rx=0 tx=0 comp rx=0 tx=0).ready entity=osd.3 client_cookie=0 server_cookie=0 in_seq=0 out_seq=0
2026-02-11T23:30:27.782+0000 7efc273fe640 1 --2- 127.0.0.1:0/3331151400 >> [v2:127.0.0.1:6824/2365263801,v1:127.0.0.1:6825/2365263801] conn(0x3829000 0x3bffb80 crc :-1 s=READY pgs=4 gs=4 cs=0 l=1 c_cookie=0 s_cookie=0 reconnecting=0 rev1=1 crypto rx=0 tx=0 comp rx=0 tx=0).ready entity=osd.2 client_cookie=0 server_cookie=0 in_seq=0 out_seq=0
2026-02-11T23:30:27.782+0000 7efc273fe640 1 --2- 127.0.0.1:0/3331151400 >> [v2:127.0.0.1:6830/2699377081,v1:127.0.0.1:6831/2699377081] conn(0x3828c00 0x3bfeb00 crc :-1 s=READY pgs=4 gs=2 cs=0 l=1 c_cookie=0 s_cookie=0 reconnecting=0 rev1=1 crypto rx=0 tx=0 comp rx=0 tx=0).ready entity=osd.3 client_cookie=0 server_cookie=0 in_seq=0 out_seq=0
2026-02-11T23:30:27.792+0000 7efc26bfd640 1 -- [v2:127.0.0.1:6840/3331151400,v1:127.0.0.1:6841/3331151400] <== osd.2 127.0.0.1:0/2365263801 1 ==== osd_ping(ping e23 up_from 14 ping_stamp
2026-02-11T23:30:27.793961+0000/5.902557373s send_stamp 5.902557373s) ==== 2025+0+0 (crc 0 0 0) 0x3c2f980 con 0x3cc8400
2026-02-11T23:30:27.792+0000 7efc26bfd640 20 osd.4 23 handle_osd_ping new stamps hbstamp(osd.2 up_from 14 peer_clock_delta [5.269699097s,])
2026-02-11T23:30:27.792+0000 7efc26bfd640 1 -- [v2:127.0.0.1:6840/3331151400,v1:127.0.0.1:6841/3331151400] --> 127.0.0.1:0/2365263801 -- osd_ping(ping_reply e23 up_from 23 ping_stamp
2026-02-11T23:30:27.793961+0000/5.902557373s send_stamp 0.632858455s delta_ub -5.269699097s) -- 0x3c12000 con 0x3cc8400
2026-02-11T23:30:27.792+0000 7efc26bfd640 20 osd.4 23 get_con_osd_cluster to osd.2 from_epoch 23
2026-02-11T23:30:27.792+0000 7efc26bfd640 20 osd.4 23 get_nextmap_reserved map_reservations: {23=1}
2026-02-11T23:30:27.792+0000 7efc26bfd640 1 --2- [v2:127.0.0.1:6836/3331151400,v1:127.0.0.1:6837/3331151400] >> [v2:127.0.0.1:6820/2365263801,v1:127.0.0.1:6821/2365263801] conn(0x3cc8000 0x3d39600 unknown :-1 s=NONE pgs=0 gs=0 cs=0 l=0 c_cookie=0 s_cookie=0 reconnecting=0 rev1=0 crypto rx=0 tx=0 comp rx=0 tx=0).connect
2026-02-11T23:30:27.792+0000 7efc26bfd640 20 osd.4 23 release_map epoch: 23
2026-02-11T23:30:27.792+0000 7efc253fa640 1 -- [v2:127.0.0.1:6838/3331151400,v1:127.0.0.1:6839/3331151400] <== osd.2 127.0.0.1:0/2365263801 1 ==== osd_ping(ping e23 up_from 14 ping_stamp
2026-02-11T23:30:27.793961+0000/5.902557373s send_stamp 5.902557373s) ==== 2025+0+0 (crc 0 0 0) 0x3c12300 con 0x3cc8800
2026-02-11T23:30:27.792+0000 7efc253fa640 20 osd.4 23 handle_osd_ping new stamps hbstamp(osd.2 up_from 14 peer_clock_delta [5.269550800s,])
2026-02-11T23:30:27.792+0000 7efc253fa640 1 -- [v2:127.0.0.1:6838/3331151400,v1:127.0.0.1:6839/3331151400] --> 127.0.0.1:0/2365263801 -- osd_ping(ping_reply e23 up_from 23 ping_stamp
2026-02-11T23:30:27.793961+0000/5.902557373s send_stamp 0.633006811s delta_ub -5.269550800s) -- 0x3c12480 con 0x3cc8800
2026-02-11T23:30:27.792+0000 7efc253fa640 20 osd.4 23 get_con_osd_cluster to osd.2 from_epoch 23
2026-02-11T23:30:27.792+0000 7efc253fa640 20 osd.4 23 get_nextmap_reserved map_reservations: {23=1}
2026-02-11T23:30:27.792+0000 7efc253fa640 20 osd.4 23 release_map epoch: 23
2026-02-11T23:30:27.793+0000 7efc26bfd640 1 --2- [v2:127.0.0.1:6836/3331151400,v1:127.0.0.1:6837/3331151400] >> [v2:127.0.0.1:6820/2365263801,v1:127.0.0.1:6821/2365263801] conn(0x3cc8000 0x3d39600 unknown :-1 s=BANNER_CONNECTING pgs=0 gs=1 cs=0 l=0 c_cookie=0 s_cookie=0 reconnecting=0 rev1=0 crypto rx=0 tx=0 comp rx=0 tx=0)._handle_peer_banner_payload supported=3 required=0
2026-02-11T23:30:27.793+0000 7efc26bfd640 10 monclient: get_auth_request con 0x3cc8000 auth_method 0
2026-02-11T23:30:27.793+0000 7efc26bfd640 1 --2- [v2:127.0.0.1:6836/3331151400,v1:127.0.0.1:6837/3331151400] >> conn(0x3c03400 0x3c01180 unknown :-1 s=NONE pgs=0 gs=0 cs=0 l=0 c_cookie=0 s_cookie=0 reconnecting=0 rev1=0 crypto rx=0 tx=0 comp rx=0 tx=0).accept
2026-02-11T23:30:27.793+0000 7efc273fe640 1 --2- [v2:127.0.0.1:6836/3331151400,v1:127.0.0.1:6837/3331151400] >> conn(0x3c03400 0x3c01180 unknown :-1 s=BANNER_ACCEPTING pgs=0 gs=0 cs=0 l=0 c_cookie=0 s_cookie=0 reconnecting=0 rev1=0 crypto rx=0 tx=0 comp rx=0 tx=0)._handle_peer_banner_payload supported=3 required=0
2026-02-11T23:30:27.793+0000 7efc273fe640 1 -- [v2:127.0.0.1:6836/3331151400,v1:127.0.0.1:6837/3331151400] >> conn(0x3c03400 msgr2=0x3c01180 unknown :-1 s=STATE_CONNECTION_ESTABLISHED l=0).read_bulk peer close file descriptor 71
2026-02-11T23:30:27.793+0000 7efc273fe640 1 -- [v2:127.0.0.1:6836/3331151400,v1:127.0.0.1:6837/3331151400] >> conn(0x3c03400 msgr2=0x3c01180 unknown :-1 s=STATE_CONNECTION_ESTABLISHED l=0).read_until read failed
2026-02-11T23:30:27.793+0000 7efc273fe640 1 --2- [v2:127.0.0.1:6836/3331151400,v1:127.0.0.1:6837/3331151400] >> conn(0x3c03400 0x3c01180 unknown :-1 s=HELLO_ACCEPTING pgs=0 gs=0 cs=0 l=0 c_cookie=0 s_cookie=0 reconnecting=0 rev1=1 crypto rx=0 tx=0 comp rx=0 tx=0).handle_read_frame_preamble_main read frame preamble failed r=-1
2026-02-11T23:30:27.793+0000 7efc273fe640 1 --2- [v2:127.0.0.1:6836/3331151400,v1:127.0.0.1:6837/3331151400] >> conn(0x3c03400 0x3c01180 unknown :-1 s=HELLO_ACCEPTING pgs=0 gs=0 cs=0 l=0 c_cookie=0 s_cookie=0 reconnecting=0 rev1=1 crypto rx=0 tx=0 comp rx=0 tx=0).stop
2026-02-11T23:30:27.793+0000 7efc1566c640 2 osd.4 23 ms_handle_reset con 0x3c03400 session 0
2026-02-11T23:30:27.793+0000 7efc26bfd640 10 osd.4 23 new session (outgoing) 0x49be000 con=0x3cc8000 addr=v2:127.0.0.1:6820/2365263801
2026-02-11T23:30:27.793+0000 7efc1566c640 10 osd.4 23 ms_handle_connect con 0x3cc8000
2026-02-11T23:30:27.793+0000 7efc26bfd640 1 --2- [v2:127.0.0.1:6836/3331151400,v1:127.0.0.1:6837/3331151400] >> [v2:127.0.0.1:6820/2365263801,v1:127.0.0.1:6821/2365263801] conn(0x3cc8000 0x3d39600 crc :-1 s=READY pgs=9 gs=1 cs=0 l=0 c_cookie=15288443420542728579 s_cookie=14897505407138193713 reconnecting=0 rev1=1 crypto rx=0 tx=0 comp rx=0 tx=0).ready entity=osd.2 client_cookie=d42b764a121b7983 server_cookie=cebe923cc7eee131 in_seq=0 out_seq=0
2026-02-11T23:30:27.793+0000 7efc26bfd640 1 --2- [v2:127.0.0.1:6840/3331151400,v1:127.0.0.1:6841/3331151400] >> conn(0x3c03800 0x3c01700 unknown :-1 s=NONE pgs=0 gs=0 cs=0 l=0 c_cookie=0 s_cookie=0 reconnecting=0 rev1=0 crypto rx=0 tx=0 comp rx=0 tx=0).accept
2026-02-11T23:30:27.793+0000 7efc273fe640 1 --2- [v2:127.0.0.1:6840/3331151400,v1:127.0.0.1:6841/3331151400] >> conn(0x3c03800 0x3c01700 unknown :-1 s=BANNER_ACCEPTING pgs=0 gs=0 cs=0 l=0 c_cookie=0 s_cookie=0 reconnecting=0 rev1=0 crypto rx=0 tx=0 comp rx=0 tx=0)._handle_peer_banner_payload supported=3 required=0
2026-02-11T23:30:27.793+0000 7efc26bfd640 1 --2- [v2:127.0.0.1:6840/3331151400,v1:127.0.0.1:6841/3331151400] >> conn(0x3c03c00 0x3cb8000 unknown :-1 s=NONE pgs=0 gs=0 cs=0 l=0 c_cookie=0 s_cookie=0 reconnecting=0 rev1=0 crypto rx=0 tx=0 comp rx=0 tx=0).accept
2026-02-11T23:30:27.793+0000 7efc253fa640 1 --2- [v2:127.0.0.1:6840/3331151400,v1:127.0.0.1:6841/3331151400] >> conn(0x3c03c00 0x3cb8000 unknown :-1 s=BANNER_ACCEPTING pgs=0 gs=0 cs=0 l=0 c_cookie=0 s_cookie=0 reconnecting=0 rev1=0 crypto rx=0 tx=0 comp rx=0 tx=0)._handle_peer_banner_payload supported=3 required=0
2026-02-11T23:30:27.793+0000 7efc26bfd640 1 --2- [v2:127.0.0.1:6838/3331151400,v1:127.0.0.1:6839/3331151400] >> conn(0x49cc000 0x3cb8580 unknown :-1 s=NONE pgs=0 gs=0 cs=0 l=0 c_cookie=0 s_cookie=0 reconnecting=0 rev1=0 crypto rx=0 tx=0 comp rx=0 tx=0).accept
2026-02-11T23:30:27.793+0000 7efc26bfd640 1 --2- [v2:127.0.0.1:6838/3331151400,v1:127.0.0.1:6839/3331151400] >> conn(0x49cc400 0x3cb8b00 unknown :-1 s=NONE pgs=0 gs=0 cs=0 l=0 c_cookie=0 s_cookie=0 reconnecting=0 rev1=0 crypto rx=0 tx=0 comp rx=0 tx=0).accept
2026-02-11T23:30:27.793+0000 7efc273fe640 10 osd.4 23 ms_handle_fast_authentication new session 0x49be380 con 0x3c03800 entity osd.1 addr
2026-02-11T23:30:27.793+0000 7efc253fa640 10 osd.4 23 ms_handle_fast_authentication new session 0x3c69180 con 0x3c03c00 entity osd.0 addr
2026-02-11T23:30:27.793+0000 7efc273fe640 1 --2- [v2:127.0.0.1:6838/3331151400,v1:127.0.0.1:6839/3331151400] >> conn(0x49cc400 0x3cb8b00 unknown :-1 s=BANNER_ACCEPTING pgs=0 gs=0 cs=0 l=0 c_cookie=0 s_cookie=0 reconnecting=0 rev1=0 crypto rx=0 tx=0 comp rx=0 tx=0)._handle_peer_banner_payload supported=3 required=0
2026-02-11T23:30:27.793+0000 7efc26bfd640 1 --2- [v2:127.0.0.1:6838/3331151400,v1:127.0.0.1:6839/3331151400] >> conn(0x49cc000 0x3cb8580 unknown :-1 s=BANNER_ACCEPTING pgs=0 gs=0 cs=0 l=0 c_cookie=0 s_cookie=0 reconnecting=0 rev1=0 crypto rx=0 tx=0 comp rx=0 tx=0)._handle_peer_banner_payload supported=3 required=0
2026-02-11T23:30:27.793+0000 7efc273fe640 10 osd.4 23 ms_handle_fast_authentication new session 0x49be540 con 0x49cc400 entity osd.1 addr
2026-02-11T23:30:27.793+0000 7efc26bfd640 10 osd.4 23 ms_handle_fast_authentication new session 0x49be1c0 con 0x49cc000 entity osd.0 addr
2026-02-11T23:30:27.793+0000 7efc253fa640 1 --2- [v2:127.0.0.1:6840/3331151400,v1:127.0.0.1:6841/3331151400] >> 127.0.0.1:0/3294232400 conn(0x3c03c00 0x3cb8000 crc :-1 s=READY pgs=4 gs=2 cs=0 l=1 c_cookie=0 s_cookie=0 reconnecting=0 rev1=1 crypto rx=0 tx=0 comp rx=0 tx=0).ready entity=osd.0 client_cookie=0 server_cookie=0 in_seq=0 out_seq=0
2026-02-11T23:30:27.793+0000 7efc273fe640 1 --2- [v2:127.0.0.1:6840/3331151400,v1:127.0.0.1:6841/3331151400] >> 127.0.0.1:0/3043114013 conn(0x3c03800 0x3c01700 crc :-1 s=READY pgs=4 gs=3 cs=0 l=1 c_cookie=0 s_cookie=0 reconnecting=0 rev1=1 crypto rx=0 tx=0 comp rx=0 tx=0).ready entity=osd.1 client_cookie=0 server_cookie=0 in_seq=0 out_seq=0
2026-02-11T23:30:27.793+0000 7efc26bfd640 1 --2- [v2:127.0.0.1:6838/3331151400,v1:127.0.0.1:6839/3331151400] >> 127.0.0.1:0/3294232400 conn(0x49cc000 0x3cb8580 crc :-1 s=READY pgs=4 gs=2 cs=0 l=1 c_cookie=0 s_cookie=0 reconnecting=0 rev1=1 crypto rx=0 tx=0 comp rx=0 tx=0).ready entity=osd.0 client_cookie=0 server_cookie=0 in_seq=0 out_seq=0
2026-02-11T23:30:27.793+0000 7efc273fe640 1 --2- [v2:127.0.0.1:6838/3331151400,v1:127.0.0.1:6839/3331151400] >> 127.0.0.1:0/3043114013 conn(0x49cc400 0x3cb8b00 crc :-1 s=READY pgs=4 gs=3 cs=0 l=1 c_cookie=0 s_cookie=0 reconnecting=0 rev1=1 crypto rx=0 tx=0 comp rx=0 tx=0).ready entity=osd.1 client_cookie=0 server_cookie=0 in_seq=0 out_seq=0
2026-02-11T23:30:28.038+0000 7efc273fe640 1 -- [v2:127.0.0.1:6840/3331151400,v1:127.0.0.1:6841/3331151400] <== osd.1 127.0.0.1:0/3043114013 1 ==== osd_ping(ping e23 up_from 10 ping_stamp
2026-02-11T23:30:28.039211+0000/8.702956200s send_stamp 8.702956200s) ==== 2025+0+0 (crc 0 0 0) 0x3c12780 con 0x3c03800
2026-02-11T23:30:28.038+0000 7efc273fe640 20 osd.4 23 handle_osd_ping new stamps hbstamp(osd.1 up_from 10 peer_clock_delta [7.824819565s,])
2026-02-11T23:30:28.038+0000 7efc273fe640 1 -- [v2:127.0.0.1:6840/3331151400,v1:127.0.0.1:6841/3331151400] --> 127.0.0.1:0/3043114013 -- osd_ping(ping_reply e23 up_from 23 ping_stamp
2026-02-11T23:30:28.039211+0000/8.702956200s send_stamp 0.878136873s delta_ub -7.824819565s) -- 0x3c12900 con 0x3c03800
2026-02-11T23:30:28.038+0000 7efc273fe640 20 osd.4 23 get_con_osd_cluster to osd.1 from_epoch 23
2026-02-11T23:30:28.038+0000 7efc273fe640 20 osd.4 23 get_nextmap_reserved map_reservations: {23=1}
2026-02-11T23:30:28.038+0000 7efc273fe640 1 --2- [v2:127.0.0.1:6836/3331151400,v1:127.0.0.1:6837/3331151400] >> [v2:127.0.0.1:6812/3043114013,v1:127.0.0.1:6813/3043114013] conn(0x49cd000 0x3cb9600 unknown :-1 s=NONE pgs=0 gs=0 cs=0 l=0 c_cookie=0 s_cookie=0 reconnecting=0 rev1=0 crypto rx=0 tx=0 comp rx=0 tx=0).connect
2026-02-11T23:30:28.038+0000 7efc273fe640 20 osd.4 23 release_map epoch: 23
2026-02-11T23:30:28.038+0000 7efc273fe640 1 -- [v2:127.0.0.1:6838/3331151400,v1:127.0.0.1:6839/3331151400] <== osd.1 127.0.0.1:0/3043114013 1 ==== osd_ping(ping e23 up_from 10 ping_stamp
2026-02-11T23:30:28.039211+0000/8.702956200s send_stamp 8.702956200s) ==== 2025+0+0 (crc 0 0 0) 0x3c12900 con 0x49cc400
2026-02-11T23:30:28.038+0000 7efc273fe640 20 osd.4 23 handle_osd_ping new stamps hbstamp(osd.1 up_from 10 peer_clock_delta [7.824771404s,])
2026-02-11T23:30:28.038+0000 7efc273fe640 1 -- [v2:127.0.0.1:6838/3331151400,v1:127.0.0.1:6839/3331151400] --> 127.0.0.1:0/3043114013 -- osd_ping(ping_reply e23 up_from 23 ping_stamp
2026-02-11T23:30:28.039211+0000/8.702956200s send_stamp 0.878185451s delta_ub -7.824771404s) -- 0x3c12780 con 0x49cc400
2026-02-11T23:30:28.038+0000 7efc273fe640 20 osd.4 23 get_con_osd_cluster to osd.1 from_epoch 23
2026-02-11T23:30:28.038+0000 7efc273fe640 20 osd.4 23 get_nextmap_reserved map_reservations: {23=1}
2026-02-11T23:30:28.038+0000 7efc273fe640 20 osd.4 23 release_map epoch: 23
2026-02-11T23:30:28.038+0000 7efc26bfd640 1 --2- [v2:127.0.0.1:6836/3331151400,v1:127.0.0.1:6837/3331151400] >> conn(0x49cc800 0x3cb9080 unknown :-1 s=NONE pgs=0 gs=0 cs=0 l=0 c_cookie=0 s_cookie=0 reconnecting=0 rev1=0 crypto rx=0 tx=0 comp rx=0 tx=0).accept
2026-02-11T23:30:28.038+0000 7efc253fa640 1 --2- [v2:127.0.0.1:6836/3331151400,v1:127.0.0.1:6837/3331151400] >> [v2:127.0.0.1:6812/3043114013,v1:127.0.0.1:6813/3043114013] conn(0x49cd000 0x3cb9600 unknown :-1 s=BANNER_CONNECTING pgs=0 gs=2 cs=0 l=0 c_cookie=0 s_cookie=0 reconnecting=0 rev1=0 crypto rx=0 tx=0 comp rx=0 tx=0)._handle_peer_banner_payload supported=3 required=0
2026-02-11T23:30:28.038+0000 7efc253fa640 10 monclient: get_auth_request con 0x49cd000 auth_method 0
2026-02-11T23:30:28.038+0000 7efc26bfd640 1 --2- [v2:127.0.0.1:6836/3331151400,v1:127.0.0.1:6837/3331151400] >> conn(0x49cc800 0x3cb9080 unknown :-1 s=BANNER_ACCEPTING pgs=0 gs=0 cs=0 l=0 c_cookie=0 s_cookie=0 reconnecting=0 rev1=0 crypto rx=0 tx=0 comp rx=0 tx=0)._handle_peer_banner_payload supported=3 required=0
2026-02-11T23:30:28.038+0000 7efc26bfd640 10 osd.4 23 ms_handle_fast_authentication new session 0x49bea80 con 0x49cc800 entity osd.1 addr
2026-02-11T23:30:28.038+0000 7efc253fa640 1 --2- [v2:127.0.0.1:6836/3331151400,v1:127.0.0.1:6837/3331151400] >> [v2:127.0.0.1:6812/3043114013,v1:127.0.0.1:6813/3043114013] conn(0x49cd000 0x3cb9600 unknown :-1 s=START_CONNECT pgs=0 gs=3 cs=0 l=0 c_cookie=18108032212607698651 s_cookie=0 reconnecting=0 rev1=1 crypto rx=0 tx=0 comp rx=0 tx=0)._fault waiting 15.000000
2026-02-11T23:30:28.038+0000 7efc26bfd640 1 --2- [v2:127.0.0.1:6836/3331151400,v1:127.0.0.1:6837/3331151400] >> [v2:127.0.0.1:6812/3043114013,v1:127.0.0.1:6813/3043114013] conn(0x49cc800 0x3cb9080 crc :-1 s=SESSION_ACCEPTING pgs=4 gs=0 cs=0 l=0 c_cookie=13801405887804112029 s_cookie=0 reconnecting=0 rev1=1 crypto rx=0 tx=0 comp rx=0 tx=0).handle_existing_connection connection race detected, replacing existing=0x49cd000 socket by this connection's socket
