2026-02-12T10:33:48.934+0000 7fe59b1f6640 1 -- 127.0.0.1:0/1352358857 <== mon.0 v2:127.0.0.1:7180/0 5 ==== osd_map(1..1 src has 1..1) ==== 689+0+0 (crc 0 0 0) 0x2c7ca80 con 0x2b0e000
2026-02-12T10:33:48.934+0000 7fe59b1f6640 10 mgr.4100.objecter ms_dispatch2 0x2ca6000 osd_map(1..1 src has 1..1)
2026-02-12T10:33:48.934+0000 7fe59b1f6640 3 mgr.4100.objecter handle_osd_map got epochs [1,1] > 0
2026-02-12T10:33:48.934+0000 7fe59b1f6640 3 mgr.4100.objecter handle_osd_map decoding full epoch 1
2026-02-12T10:33:48.934+0000 7fe59b1f6640 20 mgr.4100.objecter dump_active .. 0 homeless
2026-02-12T10:33:48.934+0000 7fe59b1f6640 10 mgr ms_dispatch2 standby osd_map(1..1 src has 1..1)
2026-02-12T10:33:48.934+0000 7fe59f1fe640 2 --2- 127.0.0.1:0/1352358857 >> v2:127.0.0.1:7180/0 conn(0x2b0e000 0x2b98000 crc :-1 s=READY pgs=4 gs=1 cs=0 l=1 c_cookie=3365400883103589323 s_cookie=0 reconnecting=0 rev1=1 crypto rx=0 tx=0 comp rx=0 tx=0).write_message sending message m=0xc3fdb80 seq=4 mgrbeacon mgr.x(3cf90f83-debb-4504-b9e3-77bf6c3d2f54,4100, , 0)
2026-02-12T10:33:48.934+0000 7fe59b1f6640 10 -- 127.0.0.1:0/1352358857 dispatch_throttle_release 689 to dispatch throttler 689/104857600
2026-02-12T10:33:48.934+0000 7fe59b1f6640 20 -- 127.0.0.1:0/1352358857 done calling dispatch on 0x2c7ca80
2026-02-12T10:33:48.934+0000 7fe59f1fe640 20 --2- 127.0.0.1:0/1352358857 >> v2:127.0.0.1:7180/0 conn(0x2b0e000 0x2b98000 crc :-1 s=READY pgs=4 gs=1 cs=0 l=1 c_cookie=3365400883103589323 s_cookie=0 reconnecting=0 rev1=1 crypto rx=0 tx=0 comp rx=0 tx=0).write_message sending m=0xc3fdb80 seq=4 src=mgr.4100 off=0
2026-02-12T10:33:48.934+0000 7fe59f1fe640 10 -- 127.0.0.1:0/1352358857 >> v2:127.0.0.1:7180/0 conn(0x2b0e000 msgr2=0x2b98000 crc :-1 s=STATE_CONNECTION_ESTABLISHED l=1)._try_send sent bytes 53939 remaining bytes 0
2026-02-12T10:33:48.934+0000 7fe59f1fe640 10 --2- 127.0.0.1:0/1352358857 >> v2:127.0.0.1:7180/0 conn(0x2b0e000 0x2b98000 crc :-1 s=READY pgs=4 gs=1 cs=0 l=1 c_cookie=3365400883103589323 s_cookie=0 reconnecting=0 rev1=1 crypto rx=0 tx=0 comp rx=0 tx=0).write_message sending 0xc3fdb80 done.
2026-02-12T10:33:48.936+0000 7fe59f1fe640 20 -- 127.0.0.1:0/1352358857 >> v2:127.0.0.1:7180/0 conn(0x2b0e000 msgr2=0x2b98000 crc :-1 s=STATE_CONNECTION_ESTABLISHED l=1).process
2026-02-12T10:33:48.936+0000 7fe59f1fe640 20 -- 127.0.0.1:0/1352358857 >> v2:127.0.0.1:7180/0 conn(0x2b0e000 msgr2=0x2b98000 crc :-1 s=STATE_CONNECTION_ESTABLISHED l=1).read continue len=32
2026-02-12T10:33:48.936+0000 7fe59f1fe640 20 --2- 127.0.0.1:0/1352358857 >> v2:127.0.0.1:7180/0 conn(0x2b0e000 0x2b98000 crc :-1 s=READY pgs=4 gs=1 cs=0 l=1 c_cookie=3365400883103589323 s_cookie=0 reconnecting=0 rev1=1 crypto rx=0 tx=0 comp rx=0 tx=0).handle_read_frame_preamble_main r=0
2026-02-12T10:33:48.936+0000 7fe59f1fe640 20 --2- 127.0.0.1:0/1352358857 >> v2:127.0.0.1:7180/0 conn(0x2b0e000 0x2b98000 crc :-1 s=THROTTLE_MESSAGE pgs=4 gs=1 cs=0 l=1 c_cookie=3365400883103589323 s_cookie=0 reconnecting=0 rev1=1 crypto rx=0 tx=0 comp rx=0 tx=0).throttle_message
2026-02-12T10:33:48.936+0000 7fe59f1fe640 20 --2- 127.0.0.1:0/1352358857 >> v2:127.0.0.1:7180/0 conn(0x2b0e000 0x2b98000 crc :-1 s=THROTTLE_BYTES pgs=4 gs=1 cs=0 l=1 c_cookie=3365400883103589323 s_cookie=0 reconnecting=0 rev1=1 crypto rx=0 tx=0 comp rx=0 tx=0).throttle_bytes
2026-02-12T10:33:48.936+0000 7fe59f1fe640 20 --2- 127.0.0.1:0/1352358857 >> v2:127.0.0.1:7180/0 conn(0x2b0e000 0x2b98000 crc :-1 s=THROTTLE_DISPATCH_QUEUE pgs=4 gs=1 cs=0 l=1 c_cookie=3365400883103589323 s_cookie=0 reconnecting=0 rev1=1 crypto rx=0 tx=0 comp rx=0 tx=0).throttle_dispatch_queue
2026-02-12T10:33:48.936+0000 7fe59f1fe640 20 --2- 127.0.0.1:0/1352358857 >> v2:127.0.0.1:7180/0 conn(0x2b0e000 0x2b98000 crc :-1 s=THROTTLE_DONE pgs=4 gs=1 cs=0 l=1 c_cookie=3365400883103589323 s_cookie=0 reconnecting=0 rev1=1 crypto rx=0 tx=0 comp rx=0 tx=0).read_frame_segment seg_idx=0
2026-02-12T10:33:48.936+0000 7fe59f1fe640 20 -- 127.0.0.1:0/1352358857 >> v2:127.0.0.1:7180/0 conn(0x2b0e000 msgr2=0x2b98000 crc :-1 s=STATE_CONNECTION_ESTABLISHED l=1).read start len=45
2026-02-12T10:33:48.936+0000 7fe59f1fe640 20 --2- 127.0.0.1:0/1352358857 >> v2:127.0.0.1:7180/0 conn(0x2b0e000 0x2b98000 crc :-1 s=THROTTLE_DONE pgs=4 gs=1 cs=0 l=1 c_cookie=3365400883103589323 s_cookie=0 reconnecting=0 rev1=1 crypto rx=0 tx=0 comp rx=0 tx=0).handle_read_frame_segment r=0
2026-02-12T10:33:48.936+0000 7fe59f1fe640 20 --2- 127.0.0.1:0/1352358857 >> v2:127.0.0.1:7180/0 conn(0x2b0e000 0x2b98000 crc :-1 s=THROTTLE_DONE pgs=4 gs=1 cs=0 l=1 c_cookie=3365400883103589323 s_cookie=0 reconnecting=0 rev1=1 crypto rx=0 tx=0 comp rx=0 tx=0).read_frame_segment seg_idx=1
2026-02-12T10:33:48.936+0000 7fe59f1fe640 20 -- 127.0.0.1:0/1352358857 >> v2:127.0.0.1:7180/0 conn(0x2b0e000 msgr2=0x2b98000 crc :-1 s=STATE_CONNECTION_ESTABLISHED l=1).read start len=53625
2026-02-12T10:33:48.936+0000 7fe59f1fe640 20 --2- 127.0.0.1:0/1352358857 >> v2:127.0.0.1:7180/0 conn(0x2b0e000 0x2b98000 crc :-1 s=THROTTLE_DONE pgs=4 gs=1 cs=0 l=1 c_cookie=3365400883103589323 s_cookie=0 reconnecting=0 rev1=1 crypto rx=0 tx=0 comp rx=0 tx=0).handle_read_frame_segment r=0
2026-02-12T10:33:48.936+0000 7fe59f1fe640 20 -- 127.0.0.1:0/1352358857 >> v2:127.0.0.1:7180/0 conn(0x2b0e000 msgr2=0x2b98000 crc :-1 s=STATE_CONNECTION_ESTABLISHED l=1).read start len=13
2026-02-12T10:33:48.936+0000 7fe59f1fe640 20 --2- 127.0.0.1:0/1352358857 >> v2:127.0.0.1:7180/0 conn(0x2b0e000 0x2b98000 crc :-1 s=THROTTLE_DONE pgs=4 gs=1 cs=0 l=1 c_cookie=3365400883103589323 s_cookie=0 reconnecting=0 rev1=1 crypto rx=0 tx=0 comp rx=0 tx=0).handle_read_frame_epilogue_main r=0
2026-02-12T10:33:48.936+0000 7fe59f1fe640 10 --2- 127.0.0.1:0/1352358857 >> v2:127.0.0.1:7180/0 conn(0x2b0e000 0x2b98000 crc :-1 s=THROTTLE_DONE pgs=4 gs=1 cs=0 l=1 c_cookie=3365400883103589323 s_cookie=0 reconnecting=0 rev1=1 crypto rx=0 tx=0 comp rx=0 tx=0).handle_read_frame_dispatch tag=17
2026-02-12T10:33:48.936+0000 7fe59f1fe640 20 --2- 127.0.0.1:0/1352358857 >> v2:127.0.0.1:7180/0 conn(0x2b0e000 0x2b98000 crc :-1 s=THROTTLE_DONE pgs=4 gs=1 cs=0 l=1 c_cookie=3365400883103589323 s_cookie=0 reconnecting=0 rev1=1 crypto rx=0 tx=0 comp rx=0 tx=0).handle_message
2026-02-12T10:33:48.936+0000 7fe59f1fe640 5 --2- 127.0.0.1:0/1352358857 >> v2:127.0.0.1:7180/0 conn(0x2b0e000 0x2b98000 crc :-1 s=THROTTLE_DONE pgs=4 gs=1 cs=0 l=1 c_cookie=3365400883103589323 s_cookie=0 reconnecting=0 rev1=1 crypto rx=0 tx=0 comp rx=0 tx=0).handle_message got 53625 + 0 + 0 byte message. envelope type=1796 src mon.0 off 0
2026-02-12T10:33:48.937+0000 7fe59f1fe640 5 --2- 127.0.0.1:0/1352358857 >> v2:127.0.0.1:7180/0 conn(0x2b0e000 0x2b98000 crc :-1 s=READ_MESSAGE_COMPLETE pgs=4 gs=1 cs=0 l=1 c_cookie=3365400883103589323 s_cookie=0 reconnecting=0 rev1=1 crypto rx=0 tx=0 comp rx=0 tx=0).handle_message received message m=0xc4ca300 seq=6 from=mon.0 type=1796 mgrmap(e 2)
2026-02-12T10:33:48.937+0000 7fe59f1fe640 20 -- 127.0.0.1:0/1352358857 queue 0xc4ca300 prio 196
2026-02-12T10:33:48.937+0000 7fe59f1fe640 20 --2- 127.0.0.1:0/1352358857 >> v2:127.0.0.1:7180/0 conn(0x2b0e000 0x2b98000 crc :-1 s=READY pgs=4 gs=1 cs=0 l=1 c_cookie=3365400883103589323 s_cookie=0 reconnecting=0 rev1=1 crypto rx=0 tx=0 comp rx=0 tx=0).read_frame
2026-02-12T10:33:48.937+0000 7fe59f1fe640 20 -- 127.0.0.1:0/1352358857 >> v2:127.0.0.1:7180/0 conn(0x2b0e000 msgr2=0x2b98000 crc :-1 s=STATE_CONNECTION_ESTABLISHED l=1).read start len=32
2026-02-12T10:33:48.937+0000 7fe59b1f6640 1 -- 127.0.0.1:0/1352358857 <== mon.0 v2:127.0.0.1:7180/0 6 ==== mgrmap(e 2) ==== 53625+0+0 (crc 0 0 0) 0xc4ca300 con 0x2b0e000
2026-02-12T10:33:48.937+0000 7fe59b1f6640 10 mgr.4100.objecter ms_dispatch2 0x2ca6000 mgrmap(e 2)
2026-02-12T10:33:48.937+0000 7fe59b1f6640 10 mgr ms_dispatch2 standby mgrmap(e 2)
2026-02-12T10:33:48.937+0000 7fe59b1f6640 4 mgr handle_mgr_map received map epoch 2
2026-02-12T10:33:48.937+0000 7fe59b1f6640 4 mgr handle_mgr_map active in map: 1 active is 4100
2026-02-12T10:33:48.937+0000 7fe59b1f6640 1 mgr handle_mgr_map Activating!
2026-02-12T10:33:48.937+0000 7fe59b1f6640 1 mgr handle_mgr_map I am now activating
2026-02-12T10:33:48.937+0000 7fe59b1f6640 10 mgr ms_dispatch2 mgrmap(e 2)
2026-02-12T10:33:48.937+0000 7fe4bc21c640 4 mgr init waiting for OSDMap...
2026-02-12T10:33:48.937+0000 7fe4bc21c640 10 mgr.4100.objecter _maybe_request_map subscribing (onetime) to next osd map
2026-02-12T10:33:48.937+0000 7fe4bc21c640 1 -- 127.0.0.1:0/1352358857 --> v2:127.0.0.1:7180/0 -- mon_subscribe({fsmap=0+,kv:config/=0+,kv:device/=0+,kv:mgr/=0+,log-info=0+,mgrdigest=0+,osdmap=2,servicemap=0+}) -- 0xc5a8000 con 0x2b0e000
2026-02-12T10:33:48.937+0000 7fe4bc21c640 5 --2- 127.0.0.1:0/1352358857 >> v2:127.0.0.1:7180/0 conn(0x2b0e000 0x2b98000 crc :-1 s=READY pgs=4 gs=1 cs=0 l=1 c_cookie=3365400883103589323 s_cookie=0 reconnecting=0 rev1=1 crypto rx=0 tx=0 comp rx=0 tx=0).send_message enqueueing message m=0xc5a8000 type=15 mon_subscribe({fsmap=0+,kv:config/=0+,kv:device/=0+,kv:mgr/=0+,log-info=0+,mgrdigest=0+,osdmap=2,servicemap=0+})
2026-02-12T10:33:48.937+0000 7fe4bc21c640 15 --2- 127.0.0.1:0/1352358857 >> v2:127.0.0.1:7180/0 conn(0x2b0e000 0x2b98000 crc :-1 s=READY pgs=4 gs=1 cs=0 l=1 c_cookie=3365400883103589323 s_cookie=0 reconnecting=0 rev1=1 crypto rx=0 tx=0 comp rx=0 tx=0).send_message message queued for async transmission m=0xc5a8000
2026-02-12T10:33:48.937+0000 7fe4bc21c640 20 Event(0x2b38748 nevent=5000 time_id=3).wakeup
2026-02-12T10:33:48.937+0000 7fe4bc21c640 1 -- 127.0.0.1:0/1352358857 >> v2:127.0.0.1:7180/0 conn(0x2b0e000 msgr2=0x2b98000 crc :-1 s=STATE_CONNECTION_ESTABLISHED l=1).mark_down
2026-02-12T10:33:48.937+0000 7fe4bc21c640 1 --2- 127.0.0.1:0/1352358857 >> v2:127.0.0.1:7180/0 conn(0x2b0e000 0x2b98000 crc :-1 s=READY pgs=4 gs=1 cs=0 l=1 c_cookie=3365400883103589323 s_cookie=0 reconnecting=0 rev1=1 crypto rx=0 tx=0 comp rx=0 tx=0).stop
2026-02-12T10:33:48.937+0000 7fe4bc21c640 5 --2- 127.0.0.1:0/1352358857 >> v2:127.0.0.1:7180/0 conn(0x2b0e000 0x2b98000 crc :-1 s=READY pgs=4 gs=1 cs=0 l=1 c_cookie=3365400883103589323 s_cookie=0 reconnecting=0 rev1=1 crypto rx=0 tx=0 comp rx=0 tx=0).reset_recv_state
2026-02-12T10:33:48.937+0000 7fe4bc21c640 20 Event(0x2b38748 nevent=5000 time_id=3).wakeup
2026-02-12T10:33:48.937+0000 7fe59f1fe640 10 -- 127.0.0.1:0/1352358857 >> v2:127.0.0.1:7180/0 conn(0x2b0e000 msgr2=0x2b98000 crc :-1 s=STATE_CONNECTION_ESTABLISHED l=1).handle_write
2026-02-12T10:33:48.937+0000 7fe4bc21c640 10 --2- 127.0.0.1:0/1352358857 >> v2:127.0.0.1:7180/0 conn(0x2b0e000 0x2b98000 crc :-1 s=READY pgs=4 gs=1 cs=0 l=1 c_cookie=3365400883103589323 s_cookie=0 reconnecting=0 rev1=1 crypto rx=0 tx=0 comp rx=0 tx=0).discard_out_queue started
2026-02-12T10:33:48.937+0000 7fe59f1fe640 10 --2- 127.0.0.1:0/1352358857 >> v2:127.0.0.1:7180/0 conn(0x2b0e000 0x2b98000 crc :-1 s=READY pgs=4 gs=1 cs=0 l=1 c_cookie=3365400883103589323 s_cookie=0 reconnecting=0 rev1=1 crypto rx=0 tx=0 comp rx=0 tx=0).write_event
2026-02-12T10:33:48.937+0000 7fe4bc21c640 20 --2- 127.0.0.1:0/1352358857 >> v2:127.0.0.1:7180/0 conn(0x2b0e000 0x2b98000 crc :-1 s=READY pgs=4 gs=1 cs=0 l=1 c_cookie=3365400883103589323 s_cookie=0 reconnecting=0 rev1=1 crypto rx=0 tx=0 comp rx=0 tx=0).discard_out_queue discard mon_subscribe({fsmap=0+,kv:config/=0+,kv:device/=0+,kv:mgr/=0+,log-info=0+,mgrdigest=0+,osdmap=2,servicemap=0+})
2026-02-12T10:33:48.937+0000 7fe4bc21c640 10 -- 127.0.0.1:0/1352358857 create_connect v2:127.0.0.1:7180/0, creating connection and registering
2026-02-12T10:33:48.937+0000 7fe59f1fe640 5 --2- 127.0.0.1:0/1352358857 >> v2:127.0.0.1:7180/0 conn(0x2b0e000 0x2b98000 crc :-1 s=CLOSED pgs=4 gs=1 cs=0 l=1 c_cookie=3365400883103589323 s_cookie=0 reconnecting=0 rev1=1 crypto rx=0 tx=0 comp rx=0 tx=0).reset_recv_state (warped) reseting crypto and compression handlers
2026-02-12T10:33:48.937+0000 7fe59f1fe640 5 --2- 127.0.0.1:0/1352358857 >> v2:127.0.0.1:7180/0 conn(0x2b0e000 0x2b98000 crc :-1 s=CLOSED pgs=4 gs=1 cs=0 l=1 c_cookie=3365400883103589323 s_cookie=0 reconnecting=0 rev1=1 crypto rx=0 tx=0 comp rx=0 tx=0).reset_security
2026-02-12T10:33:48.937+0000 7fe59f1fe640 5 --2- 127.0.0.1:0/1352358857 >> v2:127.0.0.1:7180/0 conn(0x2b0e000 0x2b98000 unknown :-1 s=CLOSED pgs=4 gs=1 cs=0 l=1 c_cookie=3365400883103589323 s_cookie=0 reconnecting=0 rev1=1 crypto rx=0 tx=0 comp rx=0 tx=0).reset_compression
2026-02-12T10:33:48.937+0000 7fe59b1f6640 10 -- 127.0.0.1:0/1352358857 dispatch_throttle_release 53625 to dispatch throttler 53625/104857600
2026-02-12T10:33:48.937+0000 7fe59b1f6640 20 -- 127.0.0.1:0/1352358857 done calling dispatch on 0xc4ca300
2026-02-12T10:33:48.937+0000 7fe59f1fe640 20 EpollDriver.del_event del event fd=20 cur_mask=1 delmask=3 to 12
2026-02-12T10:33:48.937+0000 7fe4bc21c640 10 -- 127.0.0.1:0/1352358857 >> v2:127.0.0.1:7180/0 conn(0xc5be000 msgr2=0xc5e2000 unknown :-1 s=STATE_NONE l=0)._connect
2026-02-12T10:33:48.937+0000 7fe4bc21c640 1 --2- 127.0.0.1:0/1352358857 >> v2:127.0.0.1:7180/0 conn(0xc5be000 0xc5e2000 unknown :-1 s=NONE pgs=0 gs=0 cs=0 l=0 c_cookie=0 s_cookie=0 reconnecting=0 rev1=0 crypto rx=0 tx=0 comp rx=0 tx=0).connect
2026-02-12T10:33:48.937+0000 7fe4bc21c640 20 Event(0x2b38748 nevent=5000 time_id=3).wakeup
2026-02-12T10:33:48.937+0000 7fe4bc21c640 10 -- 127.0.0.1:0/1352358857 create_connect 0xc5be000 v2:127.0.0.1:7180/0 v2:127.0.0.1:7180/0
2026-02-12T10:33:48.937+0000 7fe4bc21c640 10 -- 127.0.0.1:0/1352358857 connect_to v2:127.0.0.1:7180/0 new 0xc5be000
2026-02-12T10:33:48.937+0000 7fe4bc21c640 1 -- 127.0.0.1:0/1352358857 --> v2:127.0.0.1:7180/0 -- mon_getmap magic: 0 -- 0xa305a40 con 0xc5be000
2026-02-12T10:33:48.937+0000 7fe4bc21c640 5 --2- 127.0.0.1:0/1352358857 >> v2:127.0.0.1:7180/0 conn(0xc5be000 0xc5e2000 unknown :-1 s=START_CONNECT pgs=0 gs=0 cs=0 l=0 c_cookie=0 s_cookie=0 reconnecting=0 rev1=0 crypto rx=0 tx=0 comp rx=0 tx=0).send_message enqueueing message m=0xa305a40 type=5 mon_getmap magic: 0
2026-02-12T10:33:48.937+0000 7fe4bc21c640 15 --2- 127.0.0.1:0/1352358857 >> v2:127.0.0.1:7180/0 conn(0xc5be000 0xc5e2000 unknown :-1 s=START_CONNECT pgs=0 gs=0 cs=0 l=0 c_cookie=0 s_cookie=0 reconnecting=0 rev1=0 crypto rx=0 tx=0 comp rx=0 tx=0).send_message message queued for async transmission m=0xa305a40
2026-02-12T10:33:48.937+0000 7fe4bc21c640 4 mgr init Waiting for new OSDMap (e=0) that may blocklist prior active.
2026-02-12T10:33:48.937+0000 7fe59f1fe640 20 -- 127.0.0.1:0/1352358857 >> v2:127.0.0.1:7180/0 conn(0xc5be000 msgr2=0xc5e2000 unknown :-1 s=STATE_CONNECTING l=0).process
2026-02-12T10:33:48.937+0000 7fe4bc21c640 20 CompressorRegistry(0xc4d8218) adding algorithm method: snappy
2026-02-12T10:33:48.937+0000 7fe4bc21c640 20 CompressorRegistry(0xc4d8218) _parse_method_list snappy -> [1]
2026-02-12T10:33:48.937+0000 7fe4bc21c640 10 CompressorRegistry(0xc4d8218) _refresh_config ms_osd_compression_mode 0 ms_osd_compression_methods [1] ms_osd_compress_above_min_size 1024 ms_compress_secure 0
2026-02-12T10:33:48.937+0000 7fe59f1fe640 20 Event(0x2b38748 nevent=5000 time_id=4).create_file_event create event started fd=20 mask=1 original mask is 0
2026-02-12T10:33:48.937+0000 7fe59f1fe640 20 EpollDriver.add_event add event fd=20 cur_mask=0 add_mask=1 to 12
2026-02-12T10:33:48.937+0000 7fe59f1fe640 20 Event(0x2b38748 nevent=5000 time_id=4).create_file_event create event end fd=20 mask=1 current mask is 1
2026-02-12T10:33:48.937+0000 7fe59f1fe640 20 EpollDriver.del_event del event fd=20 cur_mask=1 delmask=2 to 12
2026-02-12T10:33:48.937+0000 7fe59f1fe640 10 -- 127.0.0.1:0/1352358857 >> v2:127.0.0.1:7180/0 conn(0xc5be000 msgr2=0xc5e2000 unknown :-1 s=STATE_CONNECTING_RE l=0).process connect successfully, ready to send banner
2026-02-12T10:33:48.937+0000 7fe59f1fe640 20 --2- 127.0.0.1:0/1352358857 >> v2:127.0.0.1:7180/0 conn(0xc5be000 0xc5e2000 unknown :-1 s=START_CONNECT pgs=0 gs=0 cs=0 l=0 c_cookie=0 s_cookie=0 reconnecting=0 rev1=0 crypto rx=0 tx=0 comp rx=0 tx=0).read_event
2026-02-12T10:33:48.937+0000 7fe59f1fe640 20 --2- 127.0.0.1:0/1352358857 >> v2:127.0.0.1:7180/0 conn(0xc5be000 0xc5e2000 unknown :-1 s=START_CONNECT pgs=0 gs=0 cs=0 l=0 c_cookie=0 s_cookie=0 reconnecting=0 rev1=0 crypto rx=0 tx=0 comp rx=0 tx=0).start_client_banner_exchange
2026-02-12T10:33:48.937+0000 7fe59f1fe640 10 -- 127.0.0.1:0/1352358857 get_global_seq increment to global_seq=2
2026-02-12T10:33:48.937+0000 7fe59f1fe640 20 --2- 127.0.0.1:0/1352358857 >> v2:127.0.0.1:7180/0 conn(0xc5be000 0xc5e2000 unknown :-1 s=BANNER_CONNECTING pgs=0 gs=2 cs=0 l=0 c_cookie=0 s_cookie=0 reconnecting=0 rev1=0 crypto rx=0 tx=0 comp rx=0 tx=0)._banner_exchange
2026-02-12T10:33:48.937+0000 7fe59f1fe640 10 -- 127.0.0.1:0/1352358857 >> v2:127.0.0.1:7180/0 conn(0xc5be000 msgr2=0xc5e2000 unknown :-1 s=STATE_CONNECTION_ESTABLISHED l=0)._try_send sent bytes 26 remaining bytes 0
2026-02-12T10:33:48.937+0000 7fe59f1fe640 20 -- 127.0.0.1:0/1352358857 >> v2:127.0.0.1:7180/0 conn(0xc5be000 msgr2=0xc5e2000 unknown :-1 s=STATE_CONNECTION_ESTABLISHED l=0).read start len=10
2026-02-12T10:33:48.937+0000 7fe59f1fe640 20 -- 127.0.0.1:0/1352358857 >> v2:127.0.0.1:7180/0 conn(0xc5be000 msgr2=0xc5e2000 unknown :-1 s=STATE_CONNECTION_ESTABLISHED l=0).process
2026-02-12T10:33:48.937+0000 7fe59f1fe640 20 -- 127.0.0.1:0/1352358857 >> v2:127.0.0.1:7180/0 conn(0xc5be000 msgr2=0xc5e2000 unknown :-1 s=STATE_CONNECTION_ESTABLISHED l=0).read continue len=10
2026-02-12T10:33:48.937+0000 7fe59f1fe640 20 --2- 127.0.0.1:0/1352358857 >> v2:127.0.0.1:7180/0 conn(0xc5be000 0xc5e2000 unknown :-1 s=BANNER_CONNECTING pgs=0 gs=2 cs=0 l=0 c_cookie=0 s_cookie=0 reconnecting=0 rev1=0 crypto rx=0 tx=0 comp rx=0 tx=0)._handle_peer_banner r=0
2026-02-12T10:33:48.937+0000 7fe59f1fe640 20 -- 127.0.0.1:0/1352358857 >> v2:127.0.0.1:7180/0 conn(0xc5be000 msgr2=0xc5e2000 unknown :-1 s=STATE_CONNECTION_ESTABLISHED l=0).read start len=16
2026-02-12T10:33:48.937+0000 7fe59f1fe640 20 --2- 127.0.0.1:0/1352358857 >> v2:127.0.0.1:7180/0 conn(0xc5be000 0xc5e2000 unknown :-1 s=BANNER_CONNECTING pgs=0 gs=2 cs=0 l=0 c_cookie=0 s_cookie=0 reconnecting=0 rev1=0 crypto rx=0 tx=0 comp rx=0 tx=0)._handle_peer_banner_payload r=0
2026-02-12T10:33:48.937+0000 7fe59f1fe640 1 --2- 127.0.0.1:0/1352358857 >> v2:127.0.0.1:7180/0 conn(0xc5be000 0xc5e2000 unknown :-1 s=BANNER_CONNECTING pgs=0 gs=2 cs=0 l=0 c_cookie=0 s_cookie=0 reconnecting=0 rev1=0 crypto rx=0 tx=0 comp rx=0 tx=0)._handle_peer_banner_payload supported=3 required=0
2026-02-12T10:33:48.937+0000 7fe4bc21c640 20 mgr.server init init will bind to [v2:0.0.0.0:0/0,v1:0.0.0.0:0/0]
2026-02-12T10:33:48.937+0000 7fe4bc21c640 10 -- bindv [v2:0.0.0.0:0/0,v1:0.0.0.0:0/0] public --
2026-02-12T10:33:48.937+0000 7fe4bc21c640 10 Processor -- bind [v2:0.0.0.0:0/0,v1:0.0.0.0:0/0]
2026-02-12T10:33:48.937+0000 7fe4bc21c640 20 Event(0x2b38508 nevent=5000 time_id=1).wakeup
2026-02-12T10:33:48.937+0000 7fe59f1fe640 10 -- 127.0.0.1:0/1352358857 >> v2:127.0.0.1:7180/0 conn(0xc5be000 msgr2=0xc5e2000 unknown :-1 s=STATE_CONNECTION_ESTABLISHED l=0)._try_send sent bytes 72 remaining bytes 0
2026-02-12T10:33:48.937+0000 7fe59f1fe640 20 --2- 127.0.0.1:0/1352358857 >> v2:127.0.0.1:7180/0 conn(0xc5be000 0xc5e2000 unknown :-1 s=HELLO_CONNECTING pgs=0 gs=2 cs=0 l=0 c_cookie=0 s_cookie=0 reconnecting=0 rev1=1 crypto rx=0 tx=0 comp rx=0 tx=0).read_frame
2026-02-12T10:33:48.937+0000 7fe59f1fe640 20 -- 127.0.0.1:0/1352358857 >> v2:127.0.0.1:7180/0 conn(0xc5be000 msgr2=0xc5e2000 unknown :-1 s=STATE_CONNECTION_ESTABLISHED l=0).read start len=32
2026-02-12T10:33:48.937+0000 7fe59f1fe640 20 --2- 127.0.0.1:0/1352358857 >> v2:127.0.0.1:7180/0 conn(0xc5be000 0xc5e2000 unknown :-1 s=HELLO_CONNECTING pgs=0 gs=2 cs=0 l=0 c_cookie=0 s_cookie=0 reconnecting=0 rev1=1 crypto rx=0 tx=0 comp rx=0 tx=0).handle_read_frame_preamble_main r=0
2026-02-12T10:33:48.937+0000 7fe59f1fe640 20 --2- 127.0.0.1:0/1352358857 >> v2:127.0.0.1:7180/0 conn(0xc5be000 0xc5e2000 unknown :-1 s=HELLO_CONNECTING pgs=0 gs=2 cs=0 l=0 c_cookie=0 s_cookie=0 reconnecting=0 rev1=1 crypto rx=0 tx=0 comp rx=0 tx=0).read_frame_segment seg_idx=0
2026-02-12T10:33:48.937+0000 7fe59f1fe640 20 -- 127.0.0.1:0/1352358857 >> v2:127.0.0.1:7180/0 conn(0xc5be000 msgr2=0xc5e2000 unknown :-1 s=STATE_CONNECTION_ESTABLISHED l=0).read start len=40
2026-02-12T10:33:48.937+0000 7fe59f1fe640 20 --2- 127.0.0.1:0/1352358857 >> v2:127.0.0.1:7180/0 conn(0xc5be000 0xc5e2000 unknown :-1 s=HELLO_CONNECTING pgs=0 gs=2 cs=0 l=0 c_cookie=0 s_cookie=0 reconnecting=0 rev1=1 crypto rx=0 tx=0 comp rx=0 tx=0).handle_read_frame_segment r=0
2026-02-12T10:33:48.937+0000 7fe59f1fe640 10 --2- 127.0.0.1:0/1352358857 >> v2:127.0.0.1:7180/0 conn(0xc5be000 0xc5e2000 unknown :-1 s=HELLO_CONNECTING pgs=0 gs=2 cs=0 l=0 c_cookie=0 s_cookie=0 reconnecting=0 rev1=1 crypto rx=0 tx=0 comp rx=0 tx=0).handle_read_frame_dispatch tag=1
2026-02-12T10:33:48.937+0000 7fe59f1fe640 20 --2- 127.0.0.1:0/1352358857 >> v2:127.0.0.1:7180/0 conn(0xc5be000 0xc5e2000 unknown :-1 s=HELLO_CONNECTING pgs=0 gs=2 cs=0 l=0 c_cookie=0 s_cookie=0 reconnecting=0 rev1=1 crypto rx=0 tx=0 comp rx=0 tx=0).handle_hello payload.length()=36
2026-02-12T10:33:48.937+0000 7fe59f1fe640 5 --2- 127.0.0.1:0/1352358857 >> v2:127.0.0.1:7180/0 conn(0xc5be000 0xc5e2000 unknown :-1 s=HELLO_CONNECTING pgs=0 gs=2 cs=0 l=0 c_cookie=0 s_cookie=0 reconnecting=0 rev1=1 crypto rx=0 tx=0 comp rx=0 tx=0).handle_hello received hello: peer_type=1 peer_addr_for_me=v2:127.0.0.1:42870/0
2026-02-12T10:33:48.937+0000 7fe59f1fe640 5 --2- 127.0.0.1:0/1352358857 >> v2:127.0.0.1:7180/0 conn(0xc5be000 0xc5e2000 unknown :-1 s=HELLO_CONNECTING pgs=0 gs=2 cs=0 l=0 c_cookie=0 s_cookie=0 reconnecting=0 rev1=1 crypto rx=0 tx=0 comp rx=0 tx=0).handle_hello getsockname says I am 127.0.0.1:42870 when talking to v2:127.0.0.1:7180/0
2026-02-12T10:33:48.937+0000 7fe59f1fe640 20 --2- 127.0.0.1:0/1352358857 >> v2:127.0.0.1:7180/0 conn(0xc5be000 0xc5e2000 unknown :-1 s=HELLO_CONNECTING pgs=0 gs=2 cs=0 l=0 c_cookie=0 s_cookie=0 reconnecting=0 rev1=1 crypto rx=0 tx=0 comp rx=0 tx=0).post_client_banner_exchange
2026-02-12T10:33:48.937+0000 7fe59f1fe640 20 --2- 127.0.0.1:0/1352358857 >> v2:127.0.0.1:7180/0 conn(0xc5be000 0xc5e2000 unknown :-1 s=AUTH_CONNECTING pgs=0 gs=2 cs=0 l=0 c_cookie=0 s_cookie=0 reconnecting=0 rev1=1 crypto rx=0 tx=0 comp rx=0 tx=0).send_auth_request peer_type 1 auth_client 0x7ffd6ac853d8
2026-02-12T10:33:48.937+0000 7fe59e9fd640 10 PosixStack listen unable to bind to 0.0.0.0:6800: (98) Address already in use
2026-02-12T10:33:48.937+0000 7fe59f1fe640 10 -- 127.0.0.1:0/1352358857 >> v2:127.0.0.1:7180/0 conn(0xc5be000 msgr2=0xc5e2000 unknown :-1 s=STATE_CONNECTION_ESTABLISHED l=0)._try_send sent bytes 70 remaining bytes 0
2026-02-12T10:33:48.937+0000 7fe4bc21c640 20 Event(0x2b38508 nevent=5000 time_id=1).wakeup
2026-02-12T10:33:48.937+0000 7fe59f1fe640 20 --2- 127.0.0.1:0/1352358857 >> v2:127.0.0.1:7180/0 conn(0xc5be000 0xc5e2000 unknown :-1 s=AUTH_CONNECTING pgs=0 gs=2 cs=0 l=0 c_cookie=0 s_cookie=0 reconnecting=0 rev1=1 crypto rx=0 tx=0 comp rx=0 tx=0).read_frame
2026-02-12T10:33:48.937+0000 7fe59f1fe640 20 -- 127.0.0.1:0/1352358857 >> v2:127.0.0.1:7180/0 conn(0xc5be000 msgr2=0xc5e2000 unknown :-1 s=STATE_CONNECTION_ESTABLISHED l=0).read start len=32
2026-02-12T10:33:48.937+0000 7fe59e9fd640 10 PosixStack listen unable to bind to 0.0.0.0:6801: (98) Address already in use
2026-02-12T10:33:48.937+0000 7fe4bc21c640 20 Event(0x2b38508 nevent=5000 time_id=1).wakeup
2026-02-12T10:33:48.937+0000 7fe59f1fe640 20 -- 127.0.0.1:0/1352358857 >> v2:127.0.0.1:7180/0 conn(0xc5be000 msgr2=0xc5e2000 unknown :-1 s=STATE_CONNECTION_ESTABLISHED l=0).process
2026-02-12T10:33:48.937+0000 7fe59f1fe640 20 -- 127.0.0.1:0/1352358857 >> v2:127.0.0.1:7180/0 conn(0xc5be000 msgr2=0xc5e2000 unknown :-1 s=STATE_CONNECTION_ESTABLISHED l=0).read continue len=32
2026-02-12T10:33:48.937+0000 7fe59e9fd640 10 PosixStack listen unable to bind to 0.0.0.0:6802: (98) Address already in use
2026-02-12T10:33:48.937+0000 7fe59f1fe640 20 --2- 127.0.0.1:0/1352358857 >> v2:127.0.0.1:7180/0 conn(0xc5be000 0xc5e2000 unknown :-1 s=AUTH_CONNECTING pgs=0 gs=2 cs=0 l=0 c_cookie=0 s_cookie=0 reconnecting=0 rev1=1 crypto rx=0 tx=0 comp rx=0 tx=0).handle_read_frame_preamble_main r=0
2026-02-12T10:33:48.937+0000 7fe59f1fe640 20 --2- 127.0.0.1:0/1352358857 >> v2:127.0.0.1:7180/0 conn(0xc5be000 0xc5e2000 unknown :-1 s=AUTH_CONNECTING pgs=0 gs=2 cs=0 l=0 c_cookie=0 s_cookie=0 reconnecting=0 rev1=1 crypto rx=0 tx=0 comp rx=0 tx=0).read_frame_segment seg_idx=0
2026-02-12T10:33:48.937+0000 7fe59f1fe640 20 -- 127.0.0.1:0/1352358857 >> v2:127.0.0.1:7180/0 conn(0xc5be000 msgr2=0xc5e2000 unknown :-1 s=STATE_CONNECTION_ESTABLISHED l=0).read start len=20
2026-02-12T10:33:48.937+0000 7fe4bc21c640 20 Event(0x2b38508 nevent=5000 time_id=1).wakeup
2026-02-12T10:33:48.937+0000 7fe59f1fe640 20 --2- 127.0.0.1:0/1352358857 >> v2:127.0.0.1:7180/0 conn(0xc5be000 0xc5e2000 unknown :-1 s=AUTH_CONNECTING pgs=0 gs=2 cs=0 l=0 c_cookie=0 s_cookie=0 reconnecting=0 rev1=1 crypto rx=0 tx=0 comp rx=0 tx=0).handle_read_frame_segment r=0
2026-02-12T10:33:48.937+0000 7fe59f1fe640 10 --2- 127.0.0.1:0/1352358857 >> v2:127.0.0.1:7180/0 conn(0xc5be000 0xc5e2000 unknown :-1 s=AUTH_CONNECTING pgs=0 gs=2 cs=0 l=0 c_cookie=0 s_cookie=0 reconnecting=0 rev1=1 crypto rx=0 tx=0 comp rx=0 tx=0).handle_read_frame_dispatch tag=6
2026-02-12T10:33:48.937+0000 7fe59f1fe640 20 --2- 127.0.0.1:0/1352358857 >> v2:127.0.0.1:7180/0 conn(0xc5be000 0xc5e2000 unknown :-1 s=AUTH_CONNECTING pgs=0 gs=2 cs=0 l=0 c_cookie=0 s_cookie=0 reconnecting=0 rev1=1 crypto rx=0 tx=0 comp rx=0 tx=0).handle_auth_done payload.length()=16
2026-02-12T10:33:48.937+0000 7fe59e9fd640 10 PosixStack listen unable to bind to 0.0.0.0:6803: (98) Address already in use
2026-02-12T10:33:48.937+0000 7fe59f1fe640 1 -- 127.0.0.1:0/1352358857 --> v2:127.0.0.1:7180/0 -- mon_subscribe({config=0+,fsmap=0+,kv:config/=0+,kv:device/=0+,kv:mgr/=0+,log-info=0+,mgrdigest=0+,mgrmap=0+,monmap=2+,osdmap=2,servicemap=0+}) -- 0xc5a8000 con 0xc5be000
2026-02-12T10:33:48.937+0000 7fe4bc21c640 20 Event(0x2b38508 nevent=5000 time_id=1).wakeup
2026-02-12T10:33:48.937+0000 7fe59f1fe640 5 --2- 127.0.0.1:0/1352358857 >> v2:127.0.0.1:7180/0 conn(0xc5be000 0xc5e2000 unknown :-1 s=AUTH_CONNECTING pgs=0 gs=2 cs=0 l=0 c_cookie=0 s_cookie=0 reconnecting=0 rev1=1 crypto rx=0 tx=0 comp rx=0 tx=0).send_message enqueueing message m=0xc5a8000 type=15 mon_subscribe({config=0+,fsmap=0+,kv:config/=0+,kv:device/=0+,kv:mgr/=0+,log-info=0+,mgrdigest=0+,mgrmap=0+,monmap=2+,osdmap=2,servicemap=0+})
2026-02-12T10:33:48.937+0000 7fe59f1fe640 15 --2- 127.0.0.1:0/1352358857 >> v2:127.0.0.1:7180/0 conn(0xc5be000 0xc5e2000 unknown :-1 s=AUTH_CONNECTING pgs=0 gs=2 cs=0 l=0 c_cookie=0 s_cookie=0 reconnecting=0 rev1=1 crypto rx=0 tx=0 comp rx=0 tx=0).send_message message queued for async transmission m=0xc5a8000
2026-02-12T10:33:48.937+0000 7fe59e9fd640 10 PosixStack listen unable to bind to 0.0.0.0:6804: (98) Address already in use
2026-02-12T10:33:48.937+0000 7fe4bc21c640 20 Event(0x2b38508 nevent=5000 time_id=1).wakeup
2026-02-12T10:33:48.937+0000 7fe59f1fe640 10 -- 127.0.0.1:0/1352358857 >> v2:127.0.0.1:7180/0 conn(0xc5be000 msgr2=0xc5e2000 crc :-1 s=STATE_CONNECTION_ESTABLISHED l=0)._try_send sent bytes 68 remaining bytes 0
2026-02-12T10:33:48.937+0000 7fe59f1fe640 20 --2- 127.0.0.1:0/1352358857 >> v2:127.0.0.1:7180/0 conn(0xc5be000 0xc5e2000 crc :-1 s=AUTH_CONNECTING_SIGN pgs=0 gs=2 cs=0 l=0 c_cookie=0 s_cookie=0 reconnecting=0 rev1=1 crypto rx=0 tx=0 comp rx=0 tx=0).read_frame
2026-02-12T10:33:48.937+0000 7fe59f1fe640 20 -- 127.0.0.1:0/1352358857 >> v2:127.0.0.1:7180/0 conn(0xc5be000 msgr2=0xc5e2000 crc :-1 s=STATE_CONNECTION_ESTABLISHED l=0).read start len=32
2026-02-12T10:33:48.937+0000 7fe59f1fe640 20 --2- 127.0.0.1:0/1352358857 >> v2:127.0.0.1:7180/0 conn(0xc5be000 0xc5e2000 crc :-1 s=AUTH_CONNECTING_SIGN pgs=0 gs=2 cs=0 l=0 c_cookie=0 s_cookie=0 reconnecting=0 rev1=1 crypto rx=0 tx=0 comp rx=0 tx=0).handle_read_frame_preamble_main r=0
2026-02-12T10:33:48.937+0000 7fe59e9fd640 10 PosixStack listen unable to bind to 0.0.0.0:6805: (98) Address already in use
2026-02-12T10:33:48.937+0000 7fe59f1fe640 20 --2- 127.0.0.1:0/1352358857 >> v2:127.0.0.1:7180/0 conn(0xc5be000 0xc5e2000 crc :-1 s=AUTH_CONNECTING_SIGN pgs=0 gs=2 cs=0 l=0 c_cookie=0 s_cookie=0 reconnecting=0 rev1=1 crypto rx=0 tx=0 comp rx=0 tx=0).read_frame_segment seg_idx=0
2026-02-12T10:33:48.937+0000 7fe59f1fe640 20 -- 127.0.0.1:0/1352358857 >> v2:127.0.0.1:7180/0 conn(0xc5be000 msgr2=0xc5e2000 crc :-1 s=STATE_CONNECTION_ESTABLISHED l=0).read start len=36
2026-02-12T10:33:48.937+0000 7fe59f1fe640 20 --2- 127.0.0.1:0/1352358857 >> v2:127.0.0.1:7180/0 conn(0xc5be000 0xc5e2000 crc :-1 s=AUTH_CONNECTING_SIGN pgs=0 gs=2 cs=0 l=0 c_cookie=0 s_cookie=0 reconnecting=0 rev1=1 crypto rx=0 tx=0 comp rx=0 tx=0).handle_read_frame_segment r=0
2026-02-12T10:33:48.937+0000 7fe59f1fe640 10 --2- 127.0.0.1:0/1352358857 >> v2:127.0.0.1:7180/0 conn(0xc5be000 0xc5e2000 crc :-1 s=AUTH_CONNECTING_SIGN pgs=0 gs=2 cs=0 l=0 c_cookie=0 s_cookie=0 reconnecting=0 rev1=1 crypto rx=0 tx=0 comp rx=0 tx=0).handle_read_frame_dispatch tag=7
2026-02-12T10:33:48.937+0000 7fe4bc21c640 20 Event(0x2b38508 nevent=5000 time_id=1).wakeup
2026-02-12T10:33:48.937+0000 7fe59f1fe640 20 --2- 127.0.0.1:0/1352358857 >> v2:127.0.0.1:7180/0 conn(0xc5be000 0xc5e2000 crc :-1 s=AUTH_CONNECTING_SIGN pgs=0 gs=2 cs=0 l=0 c_cookie=0 s_cookie=0 reconnecting=0 rev1=1 crypto rx=0 tx=0 comp rx=0 tx=0).handle_auth_signature payload.length()=32
2026-02-12T10:33:48.937+0000 7fe59f1fe640 20 --2- 127.0.0.1:0/1352358857 >> v2:127.0.0.1:7180/0 conn(0xc5be000 0xc5e2000 crc :-1 s=AUTH_CONNECTING_SIGN pgs=0 gs=2 cs=0 l=0 c_cookie=0 s_cookie=0 reconnecting=0 rev1=1 crypto rx=0 tx=0 comp rx=0 tx=0).handle_auth_signature pre-auth signature success sig_frame.signature()=0000000000000000000000000000000000000000000000000000000000000000
2026-02-12T10:33:48.937+0000 7fe59e9fd640 10 PosixStack listen unable to bind to 0.0.0.0:6806: (98) Address already in use
2026-02-12T10:33:48.937+0000 7fe59f1fe640 20 --2- 127.0.0.1:0/1352358857 >> v2:127.0.0.1:7180/0 conn(0xc5be000 0xc5e2000 crc :-1 s=AUTH_CONNECTING_SIGN pgs=0 gs=2 cs=0 l=0 c_cookie=0 s_cookie=0 reconnecting=0 rev1=1 crypto rx=0 tx=0 comp rx=0 tx=0).finish_client_auth
2026-02-12T10:33:48.937+0000 7fe59f1fe640 20 CompressorRegistry(0x2bcf218) get_mode peer_type 1 is_secure 0
2026-02-12T10:33:48.937+0000 7fe4bc21c640 20 Event(0x2b38508 nevent=5000 time_id=1).wakeup
2026-02-12T10:33:48.937+0000 7fe59f1fe640 10 -- 127.0.0.1:0/1352358857 >> v2:127.0.0.1:7180/0 conn(0xc5be000 msgr2=0xc5e2000 crc :-1 s=STATE_CONNECTION_ESTABLISHED l=0)._try_send sent bytes 41 remaining bytes 0
2026-02-12T10:33:48.937+0000 7fe59f1fe640 20 --2- 127.0.0.1:0/1352358857 >> v2:127.0.0.1:7180/0 conn(0xc5be000 0xc5e2000 crc :-1 s=COMPRESSION_CONNECTING pgs=0 gs=2 cs=0 l=0 c_cookie=0 s_cookie=0 reconnecting=0 rev1=1 crypto rx=0 tx=0 comp rx=0 tx=0).read_frame
2026-02-12T10:33:48.937+0000 7fe59f1fe640 20 -- 127.0.0.1:0/1352358857 >> v2:127.0.0.1:7180/0 conn(0xc5be000 msgr2=0xc5e2000 crc :-1 s=STATE_CONNECTION_ESTABLISHED l=0).read start len=32
2026-02-12T10:33:48.937+0000 7fe59e9fd640 10 PosixStack listen unable to bind to 0.0.0.0:6807: (98) Address already in use
2026-02-12T10:33:48.937+0000 7fe4bc21c640 20 Event(0x2b38508 nevent=5000 time_id=1).wakeup
2026-02-12T10:33:48.938+0000 7fe59f1fe640 20 -- 127.0.0.1:0/1352358857 >> v2:127.0.0.1:7180/0 conn(0xc5be000 msgr2=0xc5e2000 crc :-1 s=STATE_CONNECTION_ESTABLISHED l=0).process
2026-02-12T10:33:48.938+0000 7fe59f1fe640 20 -- 127.0.0.1:0/1352358857 >> v2:127.0.0.1:7180/0 conn(0xc5be000 msgr2=0xc5e2000 crc :-1 s=STATE_CONNECTION_ESTABLISHED l=0).read continue len=32
2026-02-12T10:33:48.938+0000 7fe59f1fe640 20 --2- 127.0.0.1:0/1352358857 >> v2:127.0.0.1:7180/0 conn(0xc5be000 0xc5e2000 crc :-1 s=COMPRESSION_CONNECTING pgs=0 gs=2 cs=0 l=0 c_cookie=0 s_cookie=0 reconnecting=0 rev1=1 crypto rx=0 tx=0 comp rx=0 tx=0).handle_read_frame_preamble_main r=0
2026-02-12T10:33:48.938+0000 7fe59f1fe640 20 --2- 127.0.0.1:0/1352358857 >> v2:127.0.0.1:7180/0 conn(0xc5be000 0xc5e2000 crc :-1 s=COMPRESSION_CONNECTING pgs=0 gs=2 cs=0 l=0 c_cookie=0 s_cookie=0 reconnecting=0 rev1=1 crypto rx=0 tx=0 comp rx=0 tx=0).read_frame_segment seg_idx=0
2026-02-12T10:33:48.938+0000 7fe59f1fe640 20 -- 127.0.0.1:0/1352358857 >> v2:127.0.0.1:7180/0 conn(0xc5be000 msgr2=0xc5e2000 crc :-1 s=STATE_CONNECTION_ESTABLISHED l=0).read start len=9
2026-02-12T10:33:48.938+0000 7fe59f1fe640 20 --2- 127.0.0.1:0/1352358857 >> v2:127.0.0.1:7180/0 conn(0xc5be000 0xc5e2000 crc :-1 s=COMPRESSION_CONNECTING pgs=0 gs=2 cs=0 l=0 c_cookie=0 s_cookie=0 reconnecting=0 rev1=1 crypto rx=0 tx=0 comp rx=0 tx=0).handle_read_frame_segment r=0
2026-02-12T10:33:48.938+0000 7fe59f1fe640 10 --2- 127.0.0.1:0/1352358857 >> v2:127.0.0.1:7180/0 conn(0xc5be000 0xc5e2000 crc :-1 s=COMPRESSION_CONNECTING pgs=0 gs=2 cs=0 l=0 c_cookie=0 s_cookie=0 reconnecting=0 rev1=1 crypto rx=0 tx=0 comp rx=0 tx=0).handle_read_frame_dispatch tag=22
2026-02-12T10:33:48.938+0000 7fe59f1fe640 10 --2- 127.0.0.1:0/1352358857 >> v2:127.0.0.1:7180/0 conn(0xc5be000 0xc5e2000 crc :-1 s=COMPRESSION_CONNECTING pgs=0 gs=2 cs=0 l=0 c_cookie=0 s_cookie=0 reconnecting=0 rev1=1 crypto rx=0 tx=0 comp rx=0 tx=0).handle_compression_done CompressionDoneFrame(is_compress=0, method=0)
2026-02-12T10:33:48.938+0000 7fe4bc21c640 10 Processor -- bind bound on random port v2:0.0.0.0:6808/0
2026-02-12T10:33:48.938+0000 7fe4bc21c640 20 Event(0x2b38508 nevent=5000 time_id=1).wakeup
2026-02-12T10:33:48.938+0000 7fe59f1fe640 20 --2- 127.0.0.1:0/1352358857 >> v2:127.0.0.1:7180/0 conn(0xc5be000 0xc5e2000 crc :-1 s=COMPRESSION_CONNECTING pgs=0 gs=2 cs=0 l=0 c_cookie=0 s_cookie=0 reconnecting=0 rev1=1 crypto rx=0 tx=0 comp rx=0 tx=0).start_session_connect starting a new session
2026-02-12T10:33:48.938+0000 7fe59f1fe640 20 --2- 127.0.0.1:0/1352358857 >> v2:127.0.0.1:7180/0 conn(0xc5be000 0xc5e2000 crc :-1 s=SESSION_CONNECTING pgs=0 gs=2 cs=0 l=0 c_cookie=0 s_cookie=0 reconnecting=0 rev1=1 crypto rx=0 tx=0 comp rx=0 tx=0).send_client_ident
2026-02-12T10:33:48.938+0000 7fe59f1fe640 5 --2- 127.0.0.1:0/1352358857 >> v2:127.0.0.1:7180/0 conn(0xc5be000 0xc5e2000 crc :-1 s=SESSION_CONNECTING pgs=0 gs=2 cs=0 l=0 c_cookie=14059524773488292778 s_cookie=0 reconnecting=0 rev1=1 crypto rx=0 tx=0 comp rx=0 tx=0).send_client_ident sending identification: addrs=127.0.0.1:0/1352358857 target=v2:127.0.0.1:7180/0 gid=4100 global_seq=2 features_supported=3f0ffffffffdffff features_required=800000000000000 flags=0 cookie=c31d774a7a92f3aa
2026-02-12T10:33:48.938+0000 7fe59e9fd640 10 PosixStack listen unable to bind to 0.0.0.0:6800: (98) Address already in use
2026-02-12T10:33:48.938+0000 7fe59f1fe640 10 -- 127.0.0.1:0/1352358857 >> v2:127.0.0.1:7180/0 conn(0xc5be000 msgr2=0xc5e2000 crc :-1 s=STATE_CONNECTION_ESTABLISHED l=0)._try_send sent bytes 159 remaining bytes 0
2026-02-12T10:33:48.938+0000 7fe59f1fe640 20 --2- 127.0.0.1:0/1352358857 >> v2:127.0.0.1:7180/0 conn(0xc5be000 0xc5e2000 crc :-1 s=SESSION_CONNECTING pgs=0 gs=2 cs=0 l=0 c_cookie=14059524773488292778 s_cookie=0 reconnecting=0 rev1=1 crypto rx=0 tx=0 comp rx=0 tx=0).read_frame
2026-02-12T10:33:48.938+0000 7fe59f1fe640 20 -- 127.0.0.1:0/1352358857 >> v2:127.0.0.1:7180/0 conn(0xc5be000 msgr2=0xc5e2000 crc :-1 s=STATE_CONNECTION_ESTABLISHED l=0).read start len=32
2026-02-12T10:33:48.938+0000 7fe4bc21c640 20 Event(0x2b38508 nevent=5000 time_id=1).wakeup
2026-02-12T10:33:48.938+0000 7fe59e9fd640 10 PosixStack listen unable to bind to 0.0.0.0:6801: (98) Address already in use
2026-02-12T10:33:48.938+0000 7fe4bc21c640 20 Event(0x2b38508 nevent=5000 time_id=1).wakeup
2026-02-12T10:33:48.938+0000 7fe59f1fe640 20 -- 127.0.0.1:0/1352358857 >> v2:127.0.0.1:7180/0 conn(0xc5be000 msgr2=0xc5e2000 crc :-1 s=STATE_CONNECTION_ESTABLISHED l=0).process
2026-02-12T10:33:48.938+0000 7fe59f1fe640 20 -- 127.0.0.1:0/1352358857 >> v2:127.0.0.1:7180/0 conn(0xc5be000 msgr2=0xc5e2000 crc :-1 s=STATE_CONNECTION_ESTABLISHED l=0).read continue len=32
2026-02-12T10:33:48.938+0000 7fe59f1fe640 20 --2- 127.0.0.1:0/1352358857 >> v2:127.0.0.1:7180/0 conn(0xc5be000 0xc5e2000 crc :-1 s=SESSION_CONNECTING pgs=0 gs=2 cs=0 l=0 c_cookie=14059524773488292778 s_cookie=0 reconnecting=0 rev1=1 crypto rx=0 tx=0 comp rx=0 tx=0).handle_read_frame_preamble_main r=0
2026-02-12T10:33:48.938+0000 7fe59e9fd640 10 PosixStack listen unable to bind to 0.0.0.0:6802: (98) Address already in use
2026-02-12T10:33:48.938+0000 7fe59f1fe640 20 --2- 127.0.0.1:0/1352358857 >> v2:127.0.0.1:7180/0 conn(0xc5be000 0xc5e2000 crc :-1 s=SESSION_CONNECTING pgs=0 gs=2 cs=0 l=0 c_cookie=14059524773488292778 s_cookie=0 reconnecting=0 rev1=1 crypto rx=0 tx=0 comp rx=0 tx=0).read_frame_segment seg_idx=0
2026-02-12T10:33:48.938+0000 7fe59f1fe640 20 -- 127.0.0.1:0/1352358857 >> v2:127.0.0.1:7180/0 conn(0xc5be000 msgr2=0xc5e2000 crc :-1 s=STATE_CONNECTION_ESTABLISHED l=0).read start len=92
2026-02-12T10:33:48.938+0000 7fe59f1fe640 20 --2- 127.0.0.1:0/1352358857 >> v2:127.0.0.1:7180/0 conn(0xc5be000 0xc5e2000 crc :-1 s=SESSION_CONNECTING pgs=0 gs=2 cs=0 l=0 c_cookie=14059524773488292778 s_cookie=0 reconnecting=0 rev1=1 crypto rx=0 tx=0 comp rx=0 tx=0).handle_read_frame_segment r=0
2026-02-12T10:33:48.938+0000 7fe4bc21c640 20 Event(0x2b38508 nevent=5000 time_id=1).wakeup
2026-02-12T10:33:48.938+0000 7fe59f1fe640 10 --2- 127.0.0.1:0/1352358857 >> v2:127.0.0.1:7180/0 conn(0xc5be000 0xc5e2000 crc :-1 s=SESSION_CONNECTING pgs=0 gs=2 cs=0 l=0 c_cookie=14059524773488292778 s_cookie=0 reconnecting=0 rev1=1 crypto rx=0 tx=0 comp rx=0 tx=0).handle_read_frame_dispatch tag=9
2026-02-12T10:33:48.938+0000 7fe59f1fe640 20 --2- 127.0.0.1:0/1352358857 >> v2:127.0.0.1:7180/0 conn(0xc5be000 0xc5e2000 crc :-1 s=SESSION_CONNECTING pgs=0 gs=2 cs=0 l=0 c_cookie=14059524773488292778 s_cookie=0 reconnecting=0 rev1=1 crypto rx=0 tx=0 comp rx=0 tx=0).handle_server_ident payload.length()=88
2026-02-12T10:33:48.938+0000 7fe59f1fe640 5 --2- 127.0.0.1:0/1352358857 >> v2:127.0.0.1:7180/0 conn(0xc5be000 0xc5e2000 crc :-1 s=SESSION_CONNECTING pgs=0 gs=2 cs=0 l=0 c_cookie=14059524773488292778 s_cookie=0 reconnecting=0 rev1=1 crypto rx=0 tx=0 comp rx=0 tx=0).handle_server_ident received server identification: addrs=v2:127.0.0.1:7180/0 gid=0 global_seq=18 features_supported=3f0ffffffffdffff features_required=800000000000000 flags=1 cookie=0
2026-02-12T10:33:48.938+0000 7fe59f1fe640 10 --2- 127.0.0.1:0/1352358857 >> v2:127.0.0.1:7180/0 conn(0xc5be000 0xc5e2000 crc :-1 s=SESSION_CONNECTING pgs=18 gs=2 cs=0 l=1 c_cookie=14059524773488292778 s_cookie=0 reconnecting=0 rev1=1 crypto rx=0 tx=0 comp rx=0 tx=0).handle_server_ident connect success 0, lossy = 1, features 4544132024016699391
2026-02-12T10:33:48.938+0000 7fe59e9fd640 10 PosixStack listen unable to bind to 0.0.0.0:6803: (98) Address already in use
2026-02-12T10:33:48.938+0000 7fe59b1f6640 10 mgr.4100.objecter ms_handle_connect 0xc5be000
2026-02-12T10:33:48.938+0000 7fe59f1fe640 1 --2- 127.0.0.1:0/1352358857 >> v2:127.0.0.1:7180/0 conn(0xc5be000 0xc5e2000 crc :-1 s=READY pgs=18 gs=2 cs=0 l=1 c_cookie=14059524773488292778 s_cookie=0 reconnecting=0 rev1=1 crypto rx=0 tx=0 comp rx=0 tx=0).ready entity=mon.0 client_cookie=c31d774a7a92f3aa server_cookie=0 in_seq=0 out_seq=0
2026-02-12T10:33:48.938+0000 7fe59b1f6640 10 mgr.4100.objecter resend_mon_ops
2026-02-12T10:33:48.938+0000 7fe59f1fe640 20 --2- 127.0.0.1:0/1352358857 >> v2:127.0.0.1:7180/0 conn(0xc5be000 0xc5e2000 crc :-1 s=READY pgs=18 gs=2 cs=0 l=1 c_cookie=14059524773488292778 s_cookie=0 reconnecting=0 rev1=1 crypto rx=0 tx=0 comp rx=0 tx=0).read_frame
2026-02-12T10:33:48.938+0000 7fe59f1fe640 20 -- 127.0.0.1:0/1352358857 >> v2:127.0.0.1:7180/0 conn(0xc5be000 msgr2=0xc5e2000 crc :-1 s=STATE_CONNECTION_ESTABLISHED l=1).read start len=32
2026-02-12T10:33:48.938+0000 7fe4bc21c640 20 Event(0x2b38508 nevent=5000 time_id=1).wakeup
2026-02-12T10:33:48.938+0000 7fe59f1fe640 10 -- 127.0.0.1:0/1352358857 >> v2:127.0.0.1:7180/0 conn(0xc5be000 msgr2=0xc5e2000 crc :-1 s=STATE_CONNECTION_ESTABLISHED l=1).handle_write
2026-02-12T10:33:48.938+0000 7fe59f1fe640 10 --2- 127.0.0.1:0/1352358857 >> v2:127.0.0.1:7180/0 conn(0xc5be000 0xc5e2000 crc :-1 s=READY pgs=18 gs=2 cs=0 l=1 c_cookie=14059524773488292778 s_cookie=0 reconnecting=0 rev1=1 crypto rx=0 tx=0 comp rx=0 tx=0).write_event
2026-02-12T10:33:48.938+0000 7fe59f1fe640 20 --2- 127.0.0.1:0/1352358857 >> v2:127.0.0.1:7180/0 conn(0xc5be000 0xc5e2000 crc :-1 s=READY pgs=18 gs=2 cs=0 l=1 c_cookie=14059524773488292778 s_cookie=0 reconnecting=0 rev1=1 crypto rx=0 tx=0 comp rx=0 tx=0).prepare_send_message m=mon_getmap magic: 0
2026-02-12T10:33:48.938+0000 7fe59f1fe640 20 --2- 127.0.0.1:0/1352358857 >> v2:127.0.0.1:7180/0 conn(0xc5be000 0xc5e2000 crc :-1 s=READY pgs=18 gs=2 cs=0 l=1 c_cookie=14059524773488292778 s_cookie=0 reconnecting=0 rev1=1 crypto rx=0 tx=0 comp rx=0 tx=0).prepare_send_message encoding features 4544132024016699391 0xa305a40 mon_getmap magic: 0
2026-02-12T10:33:48.938+0000 7fe59f1fe640 2 --2- 127.0.0.1:0/1352358857 >> v2:127.0.0.1:7180/0 conn(0xc5be000 0xc5e2000 crc :-1 s=READY pgs=18 gs=2 cs=0 l=1 c_cookie=14059524773488292778 s_cookie=0 reconnecting=0 rev1=1 crypto rx=0 tx=0 comp rx=0 tx=0).write_message sending message m=0xa305a40 seq=1 mon_getmap magic: 0
2026-02-12T10:33:48.938+0000 7fe59f1fe640 20 --2- 127.0.0.1:0/1352358857 >> v2:127.0.0.1:7180/0 conn(0xc5be000 0xc5e2000 crc :-1 s=READY pgs=18 gs=2 cs=0 l=1 c_cookie=14059524773488292778 s_cookie=0 reconnecting=0 rev1=1 crypto rx=0 tx=0 comp rx=0 tx=0).write_message sending m=0xa305a40 seq=1 src=mgr.4100 off=0
2026-02-12T10:33:48.938+0000 7fe59e9fd640 10 PosixStack listen unable to bind to 0.0.0.0:6804: (98) Address already in use
2026-02-12T10:33:48.938+0000 7fe59f1fe640 10 -- 127.0.0.1:0/1352358857 >> v2:127.0.0.1:7180/0 conn(0xc5be000 msgr2=0xc5e2000 crc :-1 s=STATE_CONNECTION_ESTABLISHED l=1)._try_send sent bytes 77 remaining bytes 0
2026-02-12T10:33:48.938+0000 7fe59f1fe640 10 --2- 127.0.0.1:0/1352358857 >> v2:127.0.0.1:7180/0 conn(0xc5be000 0xc5e2000 crc :-1 s=READY pgs=18 gs=2 cs=0 l=1 c_cookie=14059524773488292778 s_cookie=0 reconnecting=0 rev1=1 crypto rx=0 tx=0 comp rx=0 tx=0).write_message sending 0xa305a40 done.
2026-02-12T10:33:48.938+0000 7fe4bc21c640 20 Event(0x2b38508 nevent=5000 time_id=1).wakeup
2026-02-12T10:33:48.938+0000 7fe59f1fe640 20 --2- 127.0.0.1:0/1352358857 >> v2:127.0.0.1:7180/0 conn(0xc5be000 0xc5e2000 crc :-1 s=READY pgs=18 gs=2 cs=0 l=1 c_cookie=14059524773488292778 s_cookie=0 reconnecting=0 rev1=1 crypto rx=0 tx=0 comp rx=0 tx=0).prepare_send_message m=mon_subscribe({config=0+,fsmap=0+,kv:config/=0+,kv:device/=0+,kv:mgr/=0+,log-info=0+,mgrdigest=0+,mgrmap=0+,monmap=2+,osdmap=2,servicemap=0+})
2026-02-12T10:33:48.938+0000 7fe59f1fe640 20 --2- 127.0.0.1:0/1352358857 >> v2:127.0.0.1:7180/0 conn(0xc5be000 0xc5e2000 crc :-1 s=READY pgs=18 gs=2 cs=0 l=1 c_cookie=14059524773488292778 s_cookie=0 reconnecting=0 rev1=1 crypto rx=0 tx=0 comp rx=0 tx=0).prepare_send_message encoding features 4544132024016699391 0xc5a8000 mon_subscribe({config=0+,fsmap=0+,kv:config/=0+,kv:device/=0+,kv:mgr/=0+,log-info=0+,mgrdigest=0+,mgrmap=0+,monmap=2+,osdmap=2,servicemap=0+})
2026-02-12T10:33:48.938+0000 7fe59f1fe640 2 --2- 127.0.0.1:0/1352358857 >> v2:127.0.0.1:7180/0 conn(0xc5be000 0xc5e2000 crc :-1 s=READY pgs=18 gs=2 cs=0 l=1 c_cookie=14059524773488292778 s_cookie=0 reconnecting=0 rev1=1 crypto rx=0 tx=0 comp rx=0 tx=0).write_message sending message m=0xc5a8000 seq=2 mon_subscribe({config=0+,fsmap=0+,kv:config/=0+,kv:device/=0+,kv:mgr/=0+,log-info=0+,mgrdigest=0+,mgrmap=0+,monmap=2+,osdmap=2,servicemap=0+})
2026-02-12T10:33:48.938+0000 7fe59e9fd640 10 PosixStack listen unable to bind to 0.0.0.0:6805: (98) Address already in use
2026-02-12T10:33:48.938+0000 7fe59f1fe640 20 --2- 127.0.0.1:0/1352358857 >> v2:127.0.0.1:7180/0 conn(0xc5be000 0xc5e2000 crc :-1 s=READY pgs=18 gs=2 cs=0 l=1 c_cookie=14059524773488292778 s_cookie=0 reconnecting=0 rev1=1 crypto rx=0 tx=0 comp rx=0 tx=0).write_message sending m=0xc5a8000 seq=2 src=mgr.4100 off=0
2026-02-12T10:33:48.938+0000 7fe4bc21c640 20 Event(0x2b38508 nevent=5000 time_id=1).wakeup
2026-02-12T10:33:48.938+0000 7fe59f1fe640 10 -- 127.0.0.1:0/1352358857 >> v2:127.0.0.1:7180/0 conn(0xc5be000 msgr2=0xc5e2000 crc :-1 s=STATE_CONNECTION_ESTABLISHED l=1)._try_send sent bytes 332 remaining bytes 0
2026-02-12T10:33:48.938+0000 7fe59f1fe640 10 --2- 127.0.0.1:0/1352358857 >> v2:127.0.0.1:7180/0 conn(0xc5be000 0xc5e2000 crc :-1 s=READY pgs=18 gs=2 cs=0 l=1 c_cookie=14059524773488292778 s_cookie=0 reconnecting=0 rev1=1 crypto rx=0 tx=0 comp rx=0 tx=0).write_message sending 0xc5a8000 done.
2026-02-12T10:33:48.938+0000 7fe59e9fd640 10 PosixStack listen unable to bind to 0.0.0.0:6806: (98) Address already in use
2026-02-12T10:33:48.938+0000 7fe4bc21c640 20 Event(0x2b38508 nevent=5000 time_id=1).wakeup
2026-02-12T10:33:48.938+0000 7fe59e9fd640 10 PosixStack listen unable to bind to 0.0.0.0:6807: (98) Address already in use
2026-02-12T10:33:48.938+0000 7fe4bc21c640 20 Event(0x2b38508 nevent=5000 time_id=1).wakeup
2026-02-12T10:33:48.938+0000 7fe59e9fd640 10 PosixStack listen unable to bind to 0.0.0.0:6808: (98) Address already in use
2026-02-12T10:33:48.938+0000 7fe4bc21c640 20 Event(0x2b38508 nevent=5000 time_id=1).wakeup
2026-02-12T10:33:48.938+0000 7fe4bc21c640 10 Processor -- bind bound on random port v1:0.0.0.0:6809/0
2026-02-12T10:33:48.938+0000 7fe4bc21c640 10 Processor -- bind bound to [v2:0.0.0.0:6808/0,v1:0.0.0.0:6809/0]
2026-02-12T10:33:48.938+0000 7fe59f1fe640 20 -- 127.0.0.1:0/1352358857 >> v2:127.0.0.1:7180/0 conn(0xc5be000 msgr2=0xc5e2000 crc :-1 s=STATE_CONNECTION_ESTABLISHED l=1).process
2026-02-12T10:33:48.938+0000 7fe4bc21c640 1 -- [v2:0.0.0.0:6808/3193795536,v1:0.0.0.0:6809/3193795536] _finish_bind bind my_addrs is [v2:0.0.0.0:6808/3193795536,v1:0.0.0.0:6809/3193795536]
2026-02-12T10:33:48.938+0000 7fe59f1fe640 20 -- 127.0.0.1:0/1352358857 >> v2:127.0.0.1:7180/0 conn(0xc5be000 msgr2=0xc5e2000 crc :-1 s=STATE_CONNECTION_ESTABLISHED l=1).read continue len=32
2026-02-12T10:33:48.938+0000 7fe4bc21c640 1 -- [v2:0.0.0.0:6808/3193795536,v1:0.0.0.0:6809/3193795536] set_addr_unknowns 127.0.0.1:0/1352358857
2026-02-12T10:33:48.938+0000 7fe4bc21c640 1 -- [v2:0.0.0.0:6808/3193795536,v1:0.0.0.0:6809/3193795536] set_addr_unknowns assuming my addr v2:0.0.0.0:6808/3193795536 matches provided addr 127.0.0.1:0/1352358857
2026-02-12T10:33:48.938+0000 7fe59f1fe640 20 --2- 127.0.0.1:0/1352358857 >> v2:127.0.0.1:7180/0 conn(0xc5be000 0xc5e2000 crc :-1 s=READY pgs=18 gs=2 cs=0 l=1 c_cookie=14059524773488292778 s_cookie=0 reconnecting=0 rev1=1 crypto rx=0 tx=0 comp rx=0 tx=0).handle_read_frame_preamble_main r=0
2026-02-12T10:33:48.938+0000 7fe4bc21c640 1 -- [v2:0.0.0.0:6808/3193795536,v1:0.0.0.0:6809/3193795536] set_addr_unknowns assuming my addr v1:0.0.0.0:6809/3193795536 matches provided addr 127.0.0.1:0/1352358857
2026-02-12T10:33:48.938+0000 7fe59f1fe640 20 --2- 127.0.0.1:0/1352358857 >> v2:127.0.0.1:7180/0 conn(0xc5be000 0xc5e2000 crc :-1 s=THROTTLE_MESSAGE pgs=18 gs=2 cs=0 l=1 c_cookie=14059524773488292778 s_cookie=0 reconnecting=0 rev1=1 crypto rx=0 tx=0 comp rx=0 tx=0).throttle_message
2026-02-12T10:33:48.938+0000 7fe4bc21c640 1 -- [v2:127.0.0.1:6808/3193795536,v1:127.0.0.1:6809/3193795536] set_addr_unknowns now [v2:127.0.0.1:6808/3193795536,v1:127.0.0.1:6809/3193795536]
2026-02-12T10:33:48.938+0000 7fe4bc21c640 1 -- [v2:127.0.0.1:6808/3193795536,v1:127.0.0.1:6809/3193795536] start start
2026-02-12T10:33:48.938+0000 7fe59f1fe640 20 --2- 127.0.0.1:0/1352358857 >> v2:127.0.0.1:7180/0 conn(0xc5be000 0xc5e2000 crc :-1 s=THROTTLE_BYTES pgs=18 gs=2 cs=0 l=1 c_cookie=14059524773488292778 s_cookie=0 reconnecting=0 rev1=1 crypto rx=0 tx=0 comp rx=0 tx=0).throttle_bytes
2026-02-12T10:33:48.938+0000 7fe4bc21c640 10 -- [v2:127.0.0.1:6808/3193795536,v1:127.0.0.1:6809/3193795536] ready [v2:127.0.0.1:6808/3193795536,v1:127.0.0.1:6809/3193795536]
2026-02-12T10:33:48.938+0000 7fe4bc21c640 1 Processor -- start
2026-02-12T10:33:48.938+0000 7fe4bc21c640 20 Event(0x2b38508 nevent=5000 time_id=1).wakeup
2026-02-12T10:33:48.938+0000 7fe59f1fe640 20 --2- 127.0.0.1:0/1352358857 >> v2:127.0.0.1:7180/0 conn(0xc5be000 0xc5e2000 crc :-1 s=THROTTLE_DISPATCH_QUEUE pgs=18 gs=2 cs=0 l=1 c_cookie=14059524773488292778 s_cookie=0 reconnecting=0 rev1=1 crypto rx=0 tx=0 comp rx=0 tx=0).throttle_dispatch_queue
2026-02-12T10:33:48.938+0000 7fe59f1fe640 20 --2- 127.0.0.1:0/1352358857 >> v2:127.0.0.1:7180/0 conn(0xc5be000 0xc5e2000 crc :-1 s=THROTTLE_DONE pgs=18 gs=2 cs=0 l=1 c_cookie=14059524773488292778 s_cookie=0 reconnecting=0 rev1=1 crypto rx=0 tx=0 comp rx=0 tx=0).read_frame_segment seg_idx=0
2026-02-12T10:33:48.938+0000 7fe59f1fe640 20 -- 127.0.0.1:0/1352358857 >> v2:127.0.0.1:7180/0 conn(0xc5be000 msgr2=0xc5e2000 crc :-1 s=STATE_CONNECTION_ESTABLISHED l=1).read start len=45
2026-02-12T10:33:48.938+0000 7fe59f1fe640 20 --2- 127.0.0.1:0/1352358857 >> v2:127.0.0.1:7180/0 conn(0xc5be000 0xc5e2000 crc :-1 s=THROTTLE_DONE pgs=18 gs=2 cs=0 l=1 c_cookie=14059524773488292778 s_cookie=0 reconnecting=0 rev1=1 crypto rx=0 tx=0 comp rx=0 tx=0).handle_read_frame_segment r=0
2026-02-12T10:33:48.938+0000 7fe59e9fd640 20 Event(0x2b38508 nevent=5000 time_id=1).create_file_event create event started fd=25 mask=1 original mask is 0
2026-02-12T10:33:48.938+0000 7fe59e9fd640 20 EpollDriver.add_event add event fd=25 cur_mask=0 add_mask=1 to 10
2026-02-12T10:33:48.938+0000 7fe59f1fe640 20 --2- 127.0.0.1:0/1352358857 >> v2:127.0.0.1:7180/0 conn(0xc5be000 0xc5e2000 crc :-1 s=THROTTLE_DONE pgs=18 gs=2 cs=0 l=1 c_cookie=14059524773488292778 s_cookie=0 reconnecting=0 rev1=1 crypto rx=0 tx=0 comp rx=0 tx=0).read_frame_segment seg_idx=1
