2026-02-12T10:33:48.951+0000 7fe4bc21c640 20 mgr get_config key: mgr/telemetry/interval
2026-02-12T10:33:48.951+0000 7fe4bc21c640 10 mgr get_typed_config interval not found
2026-02-12T10:33:48.951+0000 7fe4bc21c640 0 [telemetry DEBUG root] interval = 24
2026-02-12T10:33:48.951+0000 7fe4bc21c640 20 mgr get_config key: mgr/telemetry/channel_basic
2026-02-12T10:33:48.951+0000 7fe4bc21c640 10 mgr get_typed_config channel_basic not found
2026-02-12T10:33:48.951+0000 7fe4bc21c640 0 [telemetry DEBUG root] channel_basic = True
2026-02-12T10:33:48.951+0000 7fe4bc21c640 20 mgr get_config key: mgr/telemetry/channel_ident
2026-02-12T10:33:48.951+0000 7fe4bc21c640 10 mgr get_typed_config channel_ident not found
2026-02-12T10:33:48.951+0000 7fe4bc21c640 0 [telemetry DEBUG root] channel_ident = False
2026-02-12T10:33:48.951+0000 7fe4bc21c640 20 mgr get_config key: mgr/telemetry/channel_crash
2026-02-12T10:33:48.951+0000 7fe4bc21c640 10 mgr get_typed_config channel_crash not found
2026-02-12T10:33:48.951+0000 7fe4bc21c640 0 [telemetry DEBUG root] channel_crash = True
2026-02-12T10:33:48.951+0000 7fe4bc21c640 20 mgr get_config key: mgr/telemetry/channel_device
2026-02-12T10:33:48.951+0000 7fe4bc21c640 10 mgr get_typed_config channel_device not found
2026-02-12T10:33:48.951+0000 7fe4bc21c640 0 [telemetry DEBUG root] channel_device = True
2026-02-12T10:33:48.951+0000 7fe4bc21c640 20 mgr get_config key: mgr/telemetry/channel_perf
2026-02-12T10:33:48.951+0000 7fe4bc21c640 10 mgr get_typed_config channel_perf not found
2026-02-12T10:33:48.951+0000 7fe4bc21c640 0 [telemetry DEBUG root] channel_perf = False
2026-02-12T10:33:48.951+0000 7fe4bc21c640 20 mgr get_config key: mgr/telemetry/log_level
2026-02-12T10:33:48.951+0000 7fe4bc21c640 10 mgr get_typed_config log_level not found
2026-02-12T10:33:48.951+0000 7fe4bc21c640 0 [telemetry DEBUG root] log_level =
2026-02-12T10:33:48.951+0000 7fe4bc21c640 20 mgr get_config key: mgr/telemetry/log_to_file
2026-02-12T10:33:48.951+0000 7fe4bc21c640 10 mgr get_typed_config log_to_file not found
2026-02-12T10:33:48.951+0000 7fe4bc21c640 0 [telemetry DEBUG root] log_to_file = False
2026-02-12T10:33:48.951+0000 7fe4bc21c640 20 mgr get_config key: mgr/telemetry/sqlite3_killpoint
2026-02-12T10:33:48.951+0000 7fe4bc21c640 10 mgr get_typed_config sqlite3_killpoint not found
2026-02-12T10:33:48.951+0000 7fe4bc21c640 0 [telemetry DEBUG root] sqlite3_killpoint = 0
2026-02-12T10:33:48.951+0000 7fe4bc21c640 20 mgr get_config key: mgr/telemetry/log_to_cluster
2026-02-12T10:33:48.951+0000 7fe4bc21c640 10 mgr get_typed_config log_to_cluster not found
2026-02-12T10:33:48.951+0000 7fe4bc21c640 0 [telemetry DEBUG root] log_to_cluster = False
2026-02-12T10:33:48.951+0000 7fe4bc21c640 20 mgr get_config key: mgr/telemetry/log_to_cluster_level
2026-02-12T10:33:48.951+0000 7fe4bc21c640 10 mgr get_typed_config log_to_cluster_level not found
2026-02-12T10:33:48.951+0000 7fe4bc21c640 0 [telemetry DEBUG root] log_to_cluster_level = info
2026-02-12T10:33:48.951+0000 7fe4bc21c640 1 mgr load Constructed class from module: telemetry
2026-02-12T10:33:48.951+0000 7fe4bc21c640 20 mgr ~Gil Destroying new thread state 0xc54b560
2026-02-12T10:33:48.951+0000 7fe4bc21c640 4 mgr operator() Starting thread for telemetry
2026-02-12T10:33:48.951+0000 7fe4aa979640 20 mgr get_config key: mgr/rbd_support/x/mirror_snapshot_schedule
2026-02-12T10:33:48.951+0000 7fe4aa979640 20 mgr get_config key: mgr/rbd_support/mirror_snapshot_schedule
2026-02-12T10:33:48.951+0000 7fe4aa979640 10 mgr get_typed_config [x/]mirror_snapshot_schedule not found
2026-02-12T10:33:48.951+0000 7fe4bc21c640 4 mgr operator() Starting active module telemetry finisher thread m-fin-telemetry
2026-02-12T10:33:48.951+0000 7fe4a8174640 4 mgr entry Entering thread for telemetry
2026-02-12T10:33:48.951+0000 7fe4a8174640 20 mgr Gil Switched to new thread state 0xc54aa20
2026-02-12T10:33:48.951+0000 7fe4aa979640 1 -- 127.0.0.1:0/1352358857 --> v2:127.0.0.1:7180/0 -- mon_command({"prefix":"config rm","who":"mgr","name":"mgr/rbd_support/x/mirror_snapshot_schedule"} v 0) -- 0xc610000 con 0xc5be000
2026-02-12T10:33:48.951+0000 7fe4aa979640 5 --2- 127.0.0.1:0/1352358857 >> v2:127.0.0.1:7180/0 conn(0xc5be000 0xc5e2000 crc :-1 s=READY pgs=18 gs=2 cs=0 l=1 c_cookie=14059524773488292778 s_cookie=0 reconnecting=0 rev1=1 crypto rx=0 tx=0 comp rx=0 tx=0).send_message enqueueing message m=0xc610000 type=50 mon_command({"prefix":"config rm","who":"mgr","name":"mgr/rbd_support/x/mirror_snapshot_schedule"} v 0)
2026-02-12T10:33:48.951+0000 7fe4aa979640 15 --2- 127.0.0.1:0/1352358857 >> v2:127.0.0.1:7180/0 conn(0xc5be000 0xc5e2000 crc :-1 s=READY pgs=18 gs=2 cs=0 l=1 c_cookie=14059524773488292778 s_cookie=0 reconnecting=0 rev1=1 crypto rx=0 tx=0 comp rx=0 tx=0).send_message message queued for async transmission m=0xc610000
2026-02-12T10:33:48.951+0000 7fe4aa979640 20 Event(0x2b38748 nevent=5000 time_id=9).wakeup
2026-02-12T10:33:48.951+0000 7fe59f1fe640 10 -- 127.0.0.1:0/1352358857 >> v2:127.0.0.1:7180/0 conn(0xc5be000 msgr2=0xc5e2000 crc :-1 s=STATE_CONNECTION_ESTABLISHED l=1).handle_write
2026-02-12T10:33:48.951+0000 7fe59f1fe640 10 --2- 127.0.0.1:0/1352358857 >> v2:127.0.0.1:7180/0 conn(0xc5be000 0xc5e2000 crc :-1 s=READY pgs=18 gs=2 cs=0 l=1 c_cookie=14059524773488292778 s_cookie=0 reconnecting=0 rev1=1 crypto rx=0 tx=0 comp rx=0 tx=0).write_event
2026-02-12T10:33:48.951+0000 7fe4bc21c640 20 mgr Gil Switched to new thread state 0xc54b560
2026-02-12T10:33:48.951+0000 7fe4a8174640 4 mgr get_store get_store key: mgr/telemetry/last_upload
2026-02-12T10:33:48.951+0000 7fe59f1fe640 20 --2- 127.0.0.1:0/1352358857 >> v2:127.0.0.1:7180/0 conn(0xc5be000 0xc5e2000 crc :-1 s=READY pgs=18 gs=2 cs=0 l=1 c_cookie=14059524773488292778 s_cookie=0 reconnecting=0 rev1=1 crypto rx=0 tx=0 comp rx=0 tx=0).prepare_send_message m=mon_command({"prefix":"config rm","who":"mgr","name":"mgr/rbd_support/x/mirror_snapshot_schedule"} v 0)
2026-02-12T10:33:48.951+0000 7fe59f1fe640 20 --2- 127.0.0.1:0/1352358857 >> v2:127.0.0.1:7180/0 conn(0xc5be000 0xc5e2000 crc :-1 s=READY pgs=18 gs=2 cs=0 l=1 c_cookie=14059524773488292778 s_cookie=0 reconnecting=0 rev1=1 crypto rx=0 tx=0 comp rx=0 tx=0).prepare_send_message encoding features 4544132024016699391 0xc610000 mon_command({"prefix":"config rm","who":"mgr","name":"mgr/rbd_support/x/mirror_snapshot_schedule"} v 0)
2026-02-12T10:33:48.951+0000 7fe4bc21c640 10 ceph_option_get debug_mgr found: 20/20
2026-02-12T10:33:48.951+0000 7fe59f1fe640 2 --2- 127.0.0.1:0/1352358857 >> v2:127.0.0.1:7180/0 conn(0xc5be000 0xc5e2000 crc :-1 s=READY pgs=18 gs=2 cs=0 l=1 c_cookie=14059524773488292778 s_cookie=0 reconnecting=0 rev1=1 crypto rx=0 tx=0 comp rx=0 tx=0).write_message sending message m=0xc610000 seq=11 mon_command({"prefix":"config rm","who":"mgr","name":"mgr/rbd_support/x/mirror_snapshot_schedule"} v 0)
2026-02-12T10:33:48.951+0000 7fe59f1fe640 20 --2- 127.0.0.1:0/1352358857 >> v2:127.0.0.1:7180/0 conn(0xc5be000 0xc5e2000 crc :-1 s=READY pgs=18 gs=2 cs=0 l=1 c_cookie=14059524773488292778 s_cookie=0 reconnecting=0 rev1=1 crypto rx=0 tx=0 comp rx=0 tx=0).write_message sending m=0xc610000 seq=11 src=mgr.4100 off=0
2026-02-12T10:33:48.951+0000 7fe4bc21c640 20 mgr get_config key: mgr/volumes/log_level
2026-02-12T10:33:48.951+0000 7fe4a8174640 4 ceph_store_get last_upload not found
2026-02-12T10:33:48.951+0000 7fe4bc21c640 10 mgr get_typed_config log_level not found
2026-02-12T10:33:48.951+0000 7fe4a8174640 4 mgr get_store get_store key: mgr/telemetry/report_id
2026-02-12T10:33:48.951+0000 7fe59f1fe640 10 -- 127.0.0.1:0/1352358857 >> v2:127.0.0.1:7180/0 conn(0xc5be000 msgr2=0xc5e2000 crc :-1 s=STATE_CONNECTION_ESTABLISHED l=1)._try_send sent bytes 218 remaining bytes 0
2026-02-12T10:33:48.951+0000 7fe59f1fe640 10 --2- 127.0.0.1:0/1352358857 >> v2:127.0.0.1:7180/0 conn(0xc5be000 0xc5e2000 crc :-1 s=READY pgs=18 gs=2 cs=0 l=1 c_cookie=14059524773488292778 s_cookie=0 reconnecting=0 rev1=1 crypto rx=0 tx=0 comp rx=0 tx=0).write_message sending 0xc610000 done.
2026-02-12T10:33:48.951+0000 7fe4bc21c640 20 mgr get_config key: mgr/volumes/log_to_cluster_level
2026-02-12T10:33:48.951+0000 7fe4bc21c640 10 mgr get_typed_config log_to_cluster_level not found
2026-02-12T10:33:48.951+0000 7fe4bc21c640 20 mgr get_config key: mgr/volumes/log_to_file
2026-02-12T10:33:48.951+0000 7fe4bc21c640 10 mgr get_typed_config log_to_file not found
2026-02-12T10:33:48.951+0000 7fe4a8174640 4 ceph_store_get report_id not found
2026-02-12T10:33:48.951+0000 7fe4bc21c640 20 mgr get_config key: mgr/volumes/log_to_cluster
2026-02-12T10:33:48.951+0000 7fe4bc21c640 10 mgr get_typed_config log_to_cluster not found
2026-02-12T10:33:48.951+0000 7fe4a8174640 1 -- 127.0.0.1:0/1352358857 --> v2:127.0.0.1:7180/0 -- mon_command([{prefix=config-key set, key=mgr/telemetry/report_id}] v 0) -- 0xc611500 con 0xc5be000
2026-02-12T10:33:48.951+0000 7fe4a8174640 5 --2- 127.0.0.1:0/1352358857 >> v2:127.0.0.1:7180/0 conn(0xc5be000 0xc5e2000 crc :-1 s=READY pgs=18 gs=2 cs=0 l=1 c_cookie=14059524773488292778 s_cookie=0 reconnecting=0 rev1=1 crypto rx=0 tx=0 comp rx=0 tx=0).send_message enqueueing message m=0xc611500 type=50 mon_command([{prefix=config-key set, key=mgr/telemetry/report_id}] v 0)
2026-02-12T10:33:48.951+0000 7fe4a8174640 15 --2- 127.0.0.1:0/1352358857 >> v2:127.0.0.1:7180/0 conn(0xc5be000 0xc5e2000 crc :-1 s=READY pgs=18 gs=2 cs=0 l=1 c_cookie=14059524773488292778 s_cookie=0 reconnecting=0 rev1=1 crypto rx=0 tx=0 comp rx=0 tx=0).send_message message queued for async transmission m=0xc611500
2026-02-12T10:33:48.951+0000 7fe4a8174640 20 Event(0x2b38748 nevent=5000 time_id=9).wakeup
2026-02-12T10:33:48.951+0000 7fe59f1fe640 10 -- 127.0.0.1:0/1352358857 >> v2:127.0.0.1:7180/0 conn(0xc5be000 msgr2=0xc5e2000 crc :-1 s=STATE_CONNECTION_ESTABLISHED l=1).handle_write
2026-02-12T10:33:48.951+0000 7fe59f1fe640 10 --2- 127.0.0.1:0/1352358857 >> v2:127.0.0.1:7180/0 conn(0xc5be000 0xc5e2000 crc :-1 s=READY pgs=18 gs=2 cs=0 l=1 c_cookie=14059524773488292778 s_cookie=0 reconnecting=0 rev1=1 crypto rx=0 tx=0 comp rx=0 tx=0).write_event
2026-02-12T10:33:48.951+0000 7fe59f1fe640 20 --2- 127.0.0.1:0/1352358857 >> v2:127.0.0.1:7180/0 conn(0xc5be000 0xc5e2000 crc :-1 s=READY pgs=18 gs=2 cs=0 l=1 c_cookie=14059524773488292778 s_cookie=0 reconnecting=0 rev1=1 crypto rx=0 tx=0 comp rx=0 tx=0).prepare_send_message m=mon_command([{prefix=config-key set, key=mgr/telemetry/report_id}] v 0)
2026-02-12T10:33:48.951+0000 7fe59f1fe640 20 --2- 127.0.0.1:0/1352358857 >> v2:127.0.0.1:7180/0 conn(0xc5be000 0xc5e2000 crc :-1 s=READY pgs=18 gs=2 cs=0 l=1 c_cookie=14059524773488292778 s_cookie=0 reconnecting=0 rev1=1 crypto rx=0 tx=0 comp rx=0 tx=0).prepare_send_message encoding features 4544132024016699391 0xc611500 mon_command([{prefix=config-key set, key=mgr/telemetry/report_id}] v 0)
2026-02-12T10:33:48.951+0000 7fe59f1fe640 2 --2- 127.0.0.1:0/1352358857 >> v2:127.0.0.1:7180/0 conn(0xc5be000 0xc5e2000 crc :-1 s=READY pgs=18 gs=2 cs=0 l=1 c_cookie=14059524773488292778 s_cookie=0 reconnecting=0 rev1=1 crypto rx=0 tx=0 comp rx=0 tx=0).write_message sending message m=0xc611500 seq=12 mon_command([{prefix=config-key set, key=mgr/telemetry/report_id}] v 0)
2026-02-12T10:33:48.951+0000 7fe59f1fe640 20 --2- 127.0.0.1:0/1352358857 >> v2:127.0.0.1:7180/0 conn(0xc5be000 0xc5e2000 crc :-1 s=READY pgs=18 gs=2 cs=0 l=1 c_cookie=14059524773488292778 s_cookie=0 reconnecting=0 rev1=1 crypto rx=0 tx=0 comp rx=0 tx=0).write_message sending m=0xc611500 seq=12 src=mgr.4100 off=0
2026-02-12T10:33:48.951+0000 7fe59f1fe640 10 -- 127.0.0.1:0/1352358857 >> v2:127.0.0.1:7180/0 conn(0xc5be000 msgr2=0xc5e2000 crc :-1 s=STATE_CONNECTION_ESTABLISHED l=1)._try_send sent bytes 236 remaining bytes 0
2026-02-12T10:33:48.951+0000 7fe4bc21c640 10 ceph_option_get log_file found: td/osd-backfill-space/mgr.x.log
2026-02-12T10:33:48.951+0000 7fe59f1fe640 10 --2- 127.0.0.1:0/1352358857 >> v2:127.0.0.1:7180/0 conn(0xc5be000 0xc5e2000 crc :-1 s=READY pgs=18 gs=2 cs=0 l=1 c_cookie=14059524773488292778 s_cookie=0 reconnecting=0 rev1=1 crypto rx=0 tx=0 comp rx=0 tx=0).write_message sending 0xc611500 done.
2026-02-12T10:33:48.951+0000 7fe59f1fe640 20 -- 127.0.0.1:0/1352358857 >> v2:127.0.0.1:7180/0 conn(0xc5be000 msgr2=0xc5e2000 crc :-1 s=STATE_CONNECTION_ESTABLISHED l=1).process
2026-02-12T10:33:48.951+0000 7fe59f1fe640 20 -- 127.0.0.1:0/1352358857 >> v2:127.0.0.1:7180/0 conn(0xc5be000 msgr2=0xc5e2000 crc :-1 s=STATE_CONNECTION_ESTABLISHED l=1).read continue len=32
2026-02-12T10:33:48.951+0000 7fe59f1fe640 20 --2- 127.0.0.1:0/1352358857 >> v2:127.0.0.1:7180/0 conn(0xc5be000 0xc5e2000 crc :-1 s=READY pgs=18 gs=2 cs=0 l=1 c_cookie=14059524773488292778 s_cookie=0 reconnecting=0 rev1=1 crypto rx=0 tx=0 comp rx=0 tx=0).handle_read_frame_preamble_main r=0
2026-02-12T10:33:48.951+0000 7fe59f1fe640 20 --2- 127.0.0.1:0/1352358857 >> v2:127.0.0.1:7180/0 conn(0xc5be000 0xc5e2000 crc :-1 s=THROTTLE_MESSAGE pgs=18 gs=2 cs=0 l=1 c_cookie=14059524773488292778 s_cookie=0 reconnecting=0 rev1=1 crypto rx=0 tx=0 comp rx=0 tx=0).throttle_message
2026-02-12T10:33:48.951+0000 7fe59f1fe640 20 --2- 127.0.0.1:0/1352358857 >> v2:127.0.0.1:7180/0 conn(0xc5be000 0xc5e2000 crc :-1 s=THROTTLE_BYTES pgs=18 gs=2 cs=0 l=1 c_cookie=14059524773488292778 s_cookie=0 reconnecting=0 rev1=1 crypto rx=0 tx=0 comp rx=0 tx=0).throttle_bytes
2026-02-12T10:33:48.951+0000 7fe59f1fe640 20 --2- 127.0.0.1:0/1352358857 >> v2:127.0.0.1:7180/0 conn(0xc5be000 0xc5e2000 crc :-1 s=THROTTLE_DISPATCH_QUEUE pgs=18 gs=2 cs=0 l=1 c_cookie=14059524773488292778 s_cookie=0 reconnecting=0 rev1=1 crypto rx=0 tx=0 comp rx=0 tx=0).throttle_dispatch_queue
2026-02-12T10:33:48.951+0000 7fe59f1fe640 20 --2- 127.0.0.1:0/1352358857 >> v2:127.0.0.1:7180/0 conn(0xc5be000 0xc5e2000 crc :-1 s=THROTTLE_DONE pgs=18 gs=2 cs=0 l=1 c_cookie=14059524773488292778 s_cookie=0 reconnecting=0 rev1=1 crypto rx=0 tx=0 comp rx=0 tx=0).read_frame_segment seg_idx=0
2026-02-12T10:33:48.951+0000 7fe59f1fe640 20 -- 127.0.0.1:0/1352358857 >> v2:127.0.0.1:7180/0 conn(0xc5be000 msgr2=0xc5e2000 crc :-1 s=STATE_CONNECTION_ESTABLISHED l=1).read start len=45
2026-02-12T10:33:48.951+0000 7fe59f1fe640 20 --2- 127.0.0.1:0/1352358857 >> v2:127.0.0.1:7180/0 conn(0xc5be000 0xc5e2000 crc :-1 s=THROTTLE_DONE pgs=18 gs=2 cs=0 l=1 c_cookie=14059524773488292778 s_cookie=0 reconnecting=0 rev1=1 crypto rx=0 tx=0 comp rx=0 tx=0).handle_read_frame_segment r=0
2026-02-12T10:33:48.951+0000 7fe59f1fe640 20 --2- 127.0.0.1:0/1352358857 >> v2:127.0.0.1:7180/0 conn(0xc5be000 0xc5e2000 crc :-1 s=THROTTLE_DONE pgs=18 gs=2 cs=0 l=1 c_cookie=14059524773488292778 s_cookie=0 reconnecting=0 rev1=1 crypto rx=0 tx=0 comp rx=0 tx=0).read_frame_segment seg_idx=1
2026-02-12T10:33:48.951+0000 7fe59f1fe640 20 -- 127.0.0.1:0/1352358857 >> v2:127.0.0.1:7180/0 conn(0xc5be000 msgr2=0xc5e2000 crc :-1 s=STATE_CONNECTION_ESTABLISHED l=1).read start len=120
2026-02-12T10:33:48.951+0000 7fe59f1fe640 20 --2- 127.0.0.1:0/1352358857 >> v2:127.0.0.1:7180/0 conn(0xc5be000 0xc5e2000 crc :-1 s=THROTTLE_DONE pgs=18 gs=2 cs=0 l=1 c_cookie=14059524773488292778 s_cookie=0 reconnecting=0 rev1=1 crypto rx=0 tx=0 comp rx=0 tx=0).handle_read_frame_segment r=0
2026-02-12T10:33:48.951+0000 7fe59f1fe640 20 -- 127.0.0.1:0/1352358857 >> v2:127.0.0.1:7180/0 conn(0xc5be000 msgr2=0xc5e2000 crc :-1 s=STATE_CONNECTION_ESTABLISHED l=1).read start len=13
2026-02-12T10:33:48.951+0000 7fe59f1fe640 20 --2- 127.0.0.1:0/1352358857 >> v2:127.0.0.1:7180/0 conn(0xc5be000 0xc5e2000 crc :-1 s=THROTTLE_DONE pgs=18 gs=2 cs=0 l=1 c_cookie=14059524773488292778 s_cookie=0 reconnecting=0 rev1=1 crypto rx=0 tx=0 comp rx=0 tx=0).handle_read_frame_epilogue_main r=0
2026-02-12T10:33:48.951+0000 7fe59f1fe640 10 --2- 127.0.0.1:0/1352358857 >> v2:127.0.0.1:7180/0 conn(0xc5be000 0xc5e2000 crc :-1 s=THROTTLE_DONE pgs=18 gs=2 cs=0 l=1 c_cookie=14059524773488292778 s_cookie=0 reconnecting=0 rev1=1 crypto rx=0 tx=0 comp rx=0 tx=0).handle_read_frame_dispatch tag=17
2026-02-12T10:33:48.951+0000 7fe59f1fe640 20 --2- 127.0.0.1:0/1352358857 >> v2:127.0.0.1:7180/0 conn(0xc5be000 0xc5e2000 crc :-1 s=THROTTLE_DONE pgs=18 gs=2 cs=0 l=1 c_cookie=14059524773488292778 s_cookie=0 reconnecting=0 rev1=1 crypto rx=0 tx=0 comp rx=0 tx=0).handle_message
2026-02-12T10:33:48.951+0000 7fe59f1fe640 5 --2- 127.0.0.1:0/1352358857 >> v2:127.0.0.1:7180/0 conn(0xc5be000 0xc5e2000 crc :-1 s=THROTTLE_DONE pgs=18 gs=2 cs=0 l=1 c_cookie=14059524773488292778 s_cookie=0 reconnecting=0 rev1=1 crypto rx=0 tx=0 comp rx=0 tx=0).handle_message got 120 + 0 + 0 byte message. envelope type=51 src mon.0 off 0
2026-02-12T10:33:48.951+0000 7fe59f1fe640 5 --2- 127.0.0.1:0/1352358857 >> v2:127.0.0.1:7180/0 conn(0xc5be000 0xc5e2000 crc :-1 s=READ_MESSAGE_COMPLETE pgs=18 gs=2 cs=0 l=1 c_cookie=14059524773488292778 s_cookie=0 reconnecting=0 rev1=1 crypto rx=0 tx=0 comp rx=0 tx=0).handle_message received message m=0xc6a8000 seq=18 from=mon.0 type=51 mon_command_ack([{"prefix":"config rm","who":"mgr","name":"mgr/rbd_support/x/mirror_snapshot_schedule"}]=0 v3)
2026-02-12T10:33:48.951+0000 7fe59f1fe640 20 -- 127.0.0.1:0/1352358857 queue 0xc6a8000 prio 196
2026-02-12T10:33:48.951+0000 7fe59f1fe640 20 --2- 127.0.0.1:0/1352358857 >> v2:127.0.0.1:7180/0 conn(0xc5be000 0xc5e2000 crc :-1 s=READY pgs=18 gs=2 cs=0 l=1 c_cookie=14059524773488292778 s_cookie=0 reconnecting=0 rev1=1 crypto rx=0 tx=0 comp rx=0 tx=0).read_frame
2026-02-12T10:33:48.951+0000 7fe59f1fe640 20 -- 127.0.0.1:0/1352358857 >> v2:127.0.0.1:7180/0 conn(0xc5be000 msgr2=0xc5e2000 crc :-1 s=STATE_CONNECTION_ESTABLISHED l=1).read start len=32
2026-02-12T10:33:48.951+0000 7fe59b1f6640 1 -- 127.0.0.1:0/1352358857 <== mon.0 v2:127.0.0.1:7180/0 18 ==== mon_command_ack([{"prefix":"config rm","who":"mgr","name":"mgr/rbd_support/x/mirror_snapshot_schedule"}]=0 v3) ==== 120+0+0 (crc 0 0 0) 0xc6a8000 con 0xc5be000
2026-02-12T10:33:48.951+0000 7fe59b1f6640 10 -- 127.0.0.1:0/1352358857 dispatch_throttle_release 120 to dispatch throttler 120/104857600
2026-02-12T10:33:48.951+0000 7fe59b1f6640 20 -- 127.0.0.1:0/1352358857 done calling dispatch on 0xc6a8000
2026-02-12T10:33:48.951+0000 7fe4bc21c640 0 [volumes DEBUG root] setting log level based on debug_mgr: DEBUG (20/20)
2026-02-12T10:33:48.951+0000 7fe4bc21c640 20 mgr get_config key: mgr/volumes/max_concurrent_clones
2026-02-12T10:33:48.951+0000 7fe4bc21c640 10 mgr get_typed_config max_concurrent_clones not found
2026-02-12T10:33:48.951+0000 7fe4aa979640 0 [rbd_support DEBUG root] MirrorSnapshotScheduleHandler: refresh_images
2026-02-12T10:33:48.951+0000 7fe4aa979640 0 [rbd_support INFO root] MirrorSnapshotScheduleHandler: load_schedules
2026-02-12T10:33:48.951+0000 7fe4aa979640 20 mgr get_config key: mgr/rbd_support/mirror_snapshot_schedule
2026-02-12T10:33:48.951+0000 7fe4aa979640 10 mgr get_typed_config mirror_snapshot_schedule not found
2026-02-12T10:33:48.951+0000 7fe4aa979640 0 [rbd_support DEBUG root] MirrorSnapshotScheduleHandler: no schedules
2026-02-12T10:33:48.951+0000 7fe4aa979640 0 [rbd_support DEBUG root] MirrorSnapshotScheduleHandler: queue is initialized
2026-02-12T10:33:48.952+0000 7fe4bc21c640 0 [volumes DEBUG root] mgr option max_concurrent_clones = 4
2026-02-12T10:33:48.952+0000 7fe4bc21c640 20 mgr get_config key: mgr/volumes/snapshot_clone_delay
2026-02-12T10:33:48.952+0000 7fe4bc21c640 10 mgr get_typed_config snapshot_clone_delay not found
2026-02-12T10:33:48.952+0000 7fe4bc21c640 0 [volumes DEBUG root] mgr option snapshot_clone_delay = 0
2026-02-12T10:33:48.952+0000 7fe4bc21c640 20 mgr get_config key: mgr/volumes/periodic_async_work
2026-02-12T10:33:48.952+0000 7fe4bc21c640 10 mgr get_typed_config periodic_async_work not found
2026-02-12T10:33:48.952+0000 7fe4bc21c640 0 [volumes DEBUG root] mgr option periodic_async_work = False
2026-02-12T10:33:48.952+0000 7fe4bc21c640 20 mgr get_config key: mgr/volumes/snapshot_clone_no_wait
2026-02-12T10:33:48.952+0000 7fe4bc21c640 10 mgr get_typed_config snapshot_clone_no_wait not found
2026-02-12T10:33:48.952+0000 7fe4bc21c640 0 [volumes DEBUG root] mgr option snapshot_clone_no_wait = True
2026-02-12T10:33:48.952+0000 7fe4bc21c640 20 mgr get_config key: mgr/volumes/pause_purging
2026-02-12T10:33:48.952+0000 7fe4bc21c640 10 mgr get_typed_config pause_purging not found
2026-02-12T10:33:48.952+0000 7fe4bc21c640 0 [volumes DEBUG root] mgr option pause_purging = False
2026-02-12T10:33:48.952+0000 7fe4bc21c640 20 mgr get_config key: mgr/volumes/pause_cloning
2026-02-12T10:33:48.952+0000 7fe4bc21c640 10 mgr get_typed_config pause_cloning not found
2026-02-12T10:33:48.952+0000 7fe4bc21c640 0 [volumes DEBUG root] mgr option pause_cloning = False
2026-02-12T10:33:48.952+0000 7fe4bc21c640 20 mgr get_config key: mgr/volumes/log_level
2026-02-12T10:33:48.952+0000 7fe4bc21c640 10 mgr get_typed_config log_level not found
2026-02-12T10:33:48.952+0000 7fe4bc21c640 0 [volumes DEBUG root] mgr option log_level =
2026-02-12T10:33:48.952+0000 7fe4bc21c640 20 mgr get_config key: mgr/volumes/log_to_file
2026-02-12T10:33:48.952+0000 7fe4bc21c640 10 mgr get_typed_config log_to_file not found
2026-02-12T10:33:48.952+0000 7fe4bc21c640 0 [volumes DEBUG root] mgr option log_to_file = False
2026-02-12T10:33:48.952+0000 7fe4bc21c640 20 mgr get_config key: mgr/volumes/sqlite3_killpoint
2026-02-12T10:33:48.952+0000 7fe4bc21c640 10 mgr get_typed_config sqlite3_killpoint not found
2026-02-12T10:33:48.952+0000 7fe4bc21c640 0 [volumes DEBUG root] mgr option sqlite3_killpoint = 0
2026-02-12T10:33:48.952+0000 7fe4bc21c640 20 mgr get_config key: mgr/volumes/log_to_cluster
2026-02-12T10:33:48.952+0000 7fe4bc21c640 10 mgr get_typed_config log_to_cluster not found
2026-02-12T10:33:48.952+0000 7fe4bc21c640 0 [volumes DEBUG root] mgr option log_to_cluster = False
2026-02-12T10:33:48.952+0000 7fe4bc21c640 20 mgr get_config key: mgr/volumes/log_to_cluster_level
2026-02-12T10:33:48.952+0000 7fe4bc21c640 10 mgr get_typed_config log_to_cluster_level not found
2026-02-12T10:33:48.952+0000 7fe4bc21c640 0 [volumes DEBUG root] mgr option log_to_cluster_level = info
2026-02-12T10:33:48.952+0000 7fe4a7172640 0 [rbd_support INFO root] MirrorSnapshotScheduleHandler: starting
2026-02-12T10:33:48.952+0000 7fe4a6170640 0 [rbd_support INFO root] PerfHandler: starting
2026-02-12T10:33:48.952+0000 7fe4a6170640 10 ceph_option_get mgr_stats_period found: 5
2026-02-12T10:33:48.952+0000 7fe4aa979640 0 [rbd_support DEBUG root] sequence=0, tasks_by_sequence={}, tasks_by_id={}
2026-02-12T10:33:48.952+0000 7fe4a596f640 0 [rbd_support INFO root] TaskHandler: starting
2026-02-12T10:33:48.952+0000 7fe4aa979640 20 mgr get_config key: mgr/rbd_support/trash_purge_schedule
2026-02-12T10:33:48.952+0000 7fe4aa979640 10 mgr get_typed_config trash_purge_schedule not found
2026-02-12T10:33:48.952+0000 7fe4aa979640 20 mgr get_config key: mgr/rbd_support/x/trash_purge_schedule
2026-02-12T10:33:48.952+0000 7fe4aa979640 20 mgr get_config key: mgr/rbd_support/trash_purge_schedule
2026-02-12T10:33:48.952+0000 7fe4aa979640 10 mgr get_typed_config [x/]trash_purge_schedule not found
2026-02-12T10:33:48.952+0000 7fe4aa979640 1 -- 127.0.0.1:0/1352358857 --> v2:127.0.0.1:7180/0 -- mon_command({"prefix":"config rm","who":"mgr","name":"mgr/rbd_support/x/trash_purge_schedule"} v 0) -- 0xc610900 con 0xc5be000
2026-02-12T10:33:48.952+0000 7fe4bc21c640 20 CompressorRegistry(0xc4db218) adding algorithm method: snappy
2026-02-12T10:33:48.952+0000 7fe4bc21c640 20 CompressorRegistry(0xc4db218) _parse_method_list snappy -> [1]
2026-02-12T10:33:48.952+0000 7fe4bc21c640 10 CompressorRegistry(0xc4db218) _refresh_config ms_osd_compression_mode 0 ms_osd_compression_methods [1] ms_osd_compress_above_min_size 1024 ms_compress_secure 0
2026-02-12T10:33:48.952+0000 7fe4aa979640 5 --2- 127.0.0.1:0/1352358857 >> v2:127.0.0.1:7180/0 conn(0xc5be000 0xc5e2000 crc :-1 s=READY pgs=18 gs=2 cs=0 l=1 c_cookie=14059524773488292778 s_cookie=0 reconnecting=0 rev1=1 crypto rx=0 tx=0 comp rx=0 tx=0).send_message enqueueing message m=0xc610900 type=50 mon_command({"prefix":"config rm","who":"mgr","name":"mgr/rbd_support/x/trash_purge_schedule"} v 0)
2026-02-12T10:33:48.952+0000 7fe4aa979640 15 --2- 127.0.0.1:0/1352358857 >> v2:127.0.0.1:7180/0 conn(0xc5be000 0xc5e2000 crc :-1 s=READY pgs=18 gs=2 cs=0 l=1 c_cookie=14059524773488292778 s_cookie=0 reconnecting=0 rev1=1 crypto rx=0 tx=0 comp rx=0 tx=0).send_message message queued for async transmission m=0xc610900
2026-02-12T10:33:48.952+0000 7fe4aa979640 20 Event(0x2b38748 nevent=5000 time_id=9).wakeup
2026-02-12T10:33:48.952+0000 7fe59f1fe640 10 -- 127.0.0.1:0/1352358857 >> v2:127.0.0.1:7180/0 conn(0xc5be000 msgr2=0xc5e2000 crc :-1 s=STATE_CONNECTION_ESTABLISHED l=1).handle_write
2026-02-12T10:33:48.952+0000 7fe59f1fe640 10 --2- 127.0.0.1:0/1352358857 >> v2:127.0.0.1:7180/0 conn(0xc5be000 0xc5e2000 crc :-1 s=READY pgs=18 gs=2 cs=0 l=1 c_cookie=14059524773488292778 s_cookie=0 reconnecting=0 rev1=1 crypto rx=0 tx=0 comp rx=0 tx=0).write_event
2026-02-12T10:33:48.952+0000 7fe59f1fe640 20 --2- 127.0.0.1:0/1352358857 >> v2:127.0.0.1:7180/0 conn(0xc5be000 0xc5e2000 crc :-1 s=READY pgs=18 gs=2 cs=0 l=1 c_cookie=14059524773488292778 s_cookie=0 reconnecting=0 rev1=1 crypto rx=0 tx=0 comp rx=0 tx=0).prepare_send_message m=mon_command({"prefix":"config rm","who":"mgr","name":"mgr/rbd_support/x/trash_purge_schedule"} v 0)
2026-02-12T10:33:48.952+0000 7fe59f1fe640 20 --2- 127.0.0.1:0/1352358857 >> v2:127.0.0.1:7180/0 conn(0xc5be000 0xc5e2000 crc :-1 s=READY pgs=18 gs=2 cs=0 l=1 c_cookie=14059524773488292778 s_cookie=0 reconnecting=0 rev1=1 crypto rx=0 tx=0 comp rx=0 tx=0).prepare_send_message encoding features 4544132024016699391 0xc610900 mon_command({"prefix":"config rm","who":"mgr","name":"mgr/rbd_support/x/trash_purge_schedule"} v 0)
2026-02-12T10:33:48.952+0000 7fe59f1fe640 2 --2- 127.0.0.1:0/1352358857 >> v2:127.0.0.1:7180/0 conn(0xc5be000 0xc5e2000 crc :-1 s=READY pgs=18 gs=2 cs=0 l=1 c_cookie=14059524773488292778 s_cookie=0 reconnecting=0 rev1=1 crypto rx=0 tx=0 comp rx=0 tx=0).write_message sending message m=0xc610900 seq=13 mon_command({"prefix":"config rm","who":"mgr","name":"mgr/rbd_support/x/trash_purge_schedule"} v 0)
2026-02-12T10:33:48.952+0000 7fe59f1fe640 20 --2- 127.0.0.1:0/1352358857 >> v2:127.0.0.1:7180/0 conn(0xc5be000 0xc5e2000 crc :-1 s=READY pgs=18 gs=2 cs=0 l=1 c_cookie=14059524773488292778 s_cookie=0 reconnecting=0 rev1=1 crypto rx=0 tx=0 comp rx=0 tx=0).write_message sending m=0xc610900 seq=13 src=mgr.4100 off=0
2026-02-12T10:33:48.952+0000 7fe59f1fe640 10 -- 127.0.0.1:0/1352358857 >> v2:127.0.0.1:7180/0 conn(0xc5be000 msgr2=0xc5e2000 crc :-1 s=STATE_CONNECTION_ESTABLISHED l=1)._try_send sent bytes 214 remaining bytes 0
2026-02-12T10:33:48.952+0000 7fe59f1fe640 10 --2- 127.0.0.1:0/1352358857 >> v2:127.0.0.1:7180/0 conn(0xc5be000 0xc5e2000 crc :-1 s=READY pgs=18 gs=2 cs=0 l=1 c_cookie=14059524773488292778 s_cookie=0 reconnecting=0 rev1=1 crypto rx=0 tx=0 comp rx=0 tx=0).write_message sending 0xc610900 done.
2026-02-12T10:33:48.952+0000 7fe4bc21c640 10 -- operator() registering messenger temp_mon_client using key temp_mon_client failed due to a name collision. messenger won't be available to "messenger dump"
2026-02-12T10:33:48.952+0000 7fe4bc21c640 10 -- ready
2026-02-12T10:33:48.952+0000 7fe4bc21c640 1 Processor -- start
2026-02-12T10:33:48.952+0000 7fe4bc21c640 20 Event(0x2b38508 nevent=5000 time_id=5).wakeup
2026-02-12T10:33:48.952+0000 7fe4bc21c640 1 -- start start
2026-02-12T10:33:48.952+0000 7fe4bc21c640 10 -- create_connect v2:127.0.0.1:7180/0, creating connection and registering
2026-02-12T10:33:48.952+0000 7fe4bc21c640 10 -- >> v2:127.0.0.1:7180/0 conn(0x2b0e000 msgr2=0xc5e3080 unknown :-1 s=STATE_NONE l=0)._connect
2026-02-12T10:33:48.952+0000 7fe4bc21c640 1 --2- >> v2:127.0.0.1:7180/0 conn(0x2b0e000 0xc5e3080 unknown :-1 s=NONE pgs=0 gs=0 cs=0 l=0 c_cookie=0 s_cookie=0 reconnecting=0 rev1=0 crypto rx=0 tx=0 comp rx=0 tx=0).connect
2026-02-12T10:33:48.952+0000 7fe4bc21c640 20 Event(0x2b38088 nevent=5000 time_id=1).wakeup
2026-02-12T10:33:48.952+0000 7fe4bc21c640 10 -- create_connect 0x2b0e000 v2:127.0.0.1:7180/0 v2:127.0.0.1:7180/0
2026-02-12T10:33:48.952+0000 7fe4bc21c640 10 -- connect_to v2:127.0.0.1:7180/0 new 0x2b0e000
2026-02-12T10:33:48.952+0000 7fe4bc21c640 1 -- --> v2:127.0.0.1:7180/0 -- mon_getmap magic: 0 -- 0xc612b40 con 0x2b0e000
2026-02-12T10:33:48.952+0000 7fe4bc21c640 5 --2- >> v2:127.0.0.1:7180/0 conn(0x2b0e000 0xc5e3080 unknown :-1 s=START_CONNECT pgs=0 gs=0 cs=0 l=0 c_cookie=0 s_cookie=0 reconnecting=0 rev1=0 crypto rx=0 tx=0 comp rx=0 tx=0).send_message enqueueing message m=0xc612b40 type=5 mon_getmap magic: 0
2026-02-12T10:33:48.952+0000 7fe59d1fa640 20 -- >> v2:127.0.0.1:7180/0 conn(0x2b0e000 msgr2=0xc5e3080 unknown :-1 s=STATE_CONNECTING l=0).process
2026-02-12T10:33:48.952+0000 7fe4bc21c640 15 --2- >> v2:127.0.0.1:7180/0 conn(0x2b0e000 0xc5e3080 unknown :-1 s=START_CONNECT pgs=0 gs=0 cs=0 l=0 c_cookie=0 s_cookie=0 reconnecting=0 rev1=0 crypto rx=0 tx=0 comp rx=0 tx=0).send_message message queued for async transmission m=0xc612b40
2026-02-12T10:33:48.953+0000 7fe59d1fa640 20 Event(0x2b38088 nevent=5000 time_id=2).create_file_event create event started fd=29 mask=1 original mask is 0
2026-02-12T10:33:48.953+0000 7fe59d1fa640 20 EpollDriver.add_event add event fd=29 cur_mask=0 add_mask=1 to 14
2026-02-12T10:33:48.953+0000 7fe59d1fa640 20 Event(0x2b38088 nevent=5000 time_id=2).create_file_event create event end fd=29 mask=1 current mask is 1
2026-02-12T10:33:48.953+0000 7fe59d1fa640 20 EpollDriver.del_event del event fd=29 cur_mask=1 delmask=2 to 14
2026-02-12T10:33:48.953+0000 7fe59d1fa640 10 -- >> v2:127.0.0.1:7180/0 conn(0x2b0e000 msgr2=0xc5e3080 unknown :-1 s=STATE_CONNECTING_RE l=0).process connect successfully, ready to send banner
2026-02-12T10:33:48.953+0000 7fe59d1fa640 20 --2- >> v2:127.0.0.1:7180/0 conn(0x2b0e000 0xc5e3080 unknown :-1 s=START_CONNECT pgs=0 gs=0 cs=0 l=0 c_cookie=0 s_cookie=0 reconnecting=0 rev1=0 crypto rx=0 tx=0 comp rx=0 tx=0).read_event
2026-02-12T10:33:48.953+0000 7fe59d1fa640 20 --2- >> v2:127.0.0.1:7180/0 conn(0x2b0e000 0xc5e3080 unknown :-1 s=START_CONNECT pgs=0 gs=0 cs=0 l=0 c_cookie=0 s_cookie=0 reconnecting=0 rev1=0 crypto rx=0 tx=0 comp rx=0 tx=0).start_client_banner_exchange
2026-02-12T10:33:48.953+0000 7fe59d1fa640 10 -- get_global_seq increment to global_seq=1
2026-02-12T10:33:48.953+0000 7fe59d1fa640 20 --2- >> v2:127.0.0.1:7180/0 conn(0x2b0e000 0xc5e3080 unknown :-1 s=BANNER_CONNECTING pgs=0 gs=1 cs=0 l=0 c_cookie=0 s_cookie=0 reconnecting=0 rev1=0 crypto rx=0 tx=0 comp rx=0 tx=0)._banner_exchange
2026-02-12T10:33:48.953+0000 7fe59d1fa640 10 -- >> v2:127.0.0.1:7180/0 conn(0x2b0e000 msgr2=0xc5e3080 unknown :-1 s=STATE_CONNECTION_ESTABLISHED l=0)._try_send sent bytes 26 remaining bytes 0
2026-02-12T10:33:48.953+0000 7fe59d1fa640 20 -- >> v2:127.0.0.1:7180/0 conn(0x2b0e000 msgr2=0xc5e3080 unknown :-1 s=STATE_CONNECTION_ESTABLISHED l=0).read start len=10
2026-02-12T10:33:48.953+0000 7fe59d1fa640 20 --2- >> v2:127.0.0.1:7180/0 conn(0x2b0e000 0xc5e3080 unknown :-1 s=BANNER_CONNECTING pgs=0 gs=1 cs=0 l=0 c_cookie=0 s_cookie=0 reconnecting=0 rev1=0 crypto rx=0 tx=0 comp rx=0 tx=0)._handle_peer_banner r=0
2026-02-12T10:33:48.953+0000 7fe59d1fa640 20 -- >> v2:127.0.0.1:7180/0 conn(0x2b0e000 msgr2=0xc5e3080 unknown :-1 s=STATE_CONNECTION_ESTABLISHED l=0).read start len=16
2026-02-12T10:33:48.953+0000 7fe59d1fa640 20 --2- >> v2:127.0.0.1:7180/0 conn(0x2b0e000 0xc5e3080 unknown :-1 s=BANNER_CONNECTING pgs=0 gs=1 cs=0 l=0 c_cookie=0 s_cookie=0 reconnecting=0 rev1=0 crypto rx=0 tx=0 comp rx=0 tx=0)._handle_peer_banner_payload r=0
2026-02-12T10:33:48.953+0000 7fe59d1fa640 1 --2- >> v2:127.0.0.1:7180/0 conn(0x2b0e000 0xc5e3080 unknown :-1 s=BANNER_CONNECTING pgs=0 gs=1 cs=0 l=0 c_cookie=0 s_cookie=0 reconnecting=0 rev1=0 crypto rx=0 tx=0 comp rx=0 tx=0)._handle_peer_banner_payload supported=3 required=0
2026-02-12T10:33:48.953+0000 7fe59d1fa640 10 -- >> v2:127.0.0.1:7180/0 conn(0x2b0e000 msgr2=0xc5e3080 unknown :-1 s=STATE_CONNECTION_ESTABLISHED l=0)._try_send sent bytes 72 remaining bytes 0
2026-02-12T10:33:48.953+0000 7fe59d1fa640 20 --2- >> v2:127.0.0.1:7180/0 conn(0x2b0e000 0xc5e3080 unknown :-1 s=HELLO_CONNECTING pgs=0 gs=1 cs=0 l=0 c_cookie=0 s_cookie=0 reconnecting=0 rev1=1 crypto rx=0 tx=0 comp rx=0 tx=0).read_frame
2026-02-12T10:33:48.953+0000 7fe59d1fa640 20 -- >> v2:127.0.0.1:7180/0 conn(0x2b0e000 msgr2=0xc5e3080 unknown :-1 s=STATE_CONNECTION_ESTABLISHED l=0).read start len=32
2026-02-12T10:33:48.953+0000 7fe59d1fa640 20 --2- >> v2:127.0.0.1:7180/0 conn(0x2b0e000 0xc5e3080 unknown :-1 s=HELLO_CONNECTING pgs=0 gs=1 cs=0 l=0 c_cookie=0 s_cookie=0 reconnecting=0 rev1=1 crypto rx=0 tx=0 comp rx=0 tx=0).handle_read_frame_preamble_main r=0
2026-02-12T10:33:48.953+0000 7fe59d1fa640 20 --2- >> v2:127.0.0.1:7180/0 conn(0x2b0e000 0xc5e3080 unknown :-1 s=HELLO_CONNECTING pgs=0 gs=1 cs=0 l=0 c_cookie=0 s_cookie=0 reconnecting=0 rev1=1 crypto rx=0 tx=0 comp rx=0 tx=0).read_frame_segment seg_idx=0
2026-02-12T10:33:48.953+0000 7fe59d1fa640 20 -- >> v2:127.0.0.1:7180/0 conn(0x2b0e000 msgr2=0xc5e3080 unknown :-1 s=STATE_CONNECTION_ESTABLISHED l=0).read start len=40
2026-02-12T10:33:48.953+0000 7fe59d1fa640 20 --2- >> v2:127.0.0.1:7180/0 conn(0x2b0e000 0xc5e3080 unknown :-1 s=HELLO_CONNECTING pgs=0 gs=1 cs=0 l=0 c_cookie=0 s_cookie=0 reconnecting=0 rev1=1 crypto rx=0 tx=0 comp rx=0 tx=0).handle_read_frame_segment r=0
2026-02-12T10:33:48.953+0000 7fe59f1fe640 20 -- 127.0.0.1:0/1352358857 >> v2:127.0.0.1:7180/0 conn(0xc5be000 msgr2=0xc5e2000 crc :-1 s=STATE_CONNECTION_ESTABLISHED l=1).process
2026-02-12T10:33:48.953+0000 7fe59d1fa640 10 --2- >> v2:127.0.0.1:7180/0 conn(0x2b0e000 0xc5e3080 unknown :-1 s=HELLO_CONNECTING pgs=0 gs=1 cs=0 l=0 c_cookie=0 s_cookie=0 reconnecting=0 rev1=1 crypto rx=0 tx=0 comp rx=0 tx=0).handle_read_frame_dispatch tag=1
2026-02-12T10:33:48.953+0000 7fe59f1fe640 20 -- 127.0.0.1:0/1352358857 >> v2:127.0.0.1:7180/0 conn(0xc5be000 msgr2=0xc5e2000 crc :-1 s=STATE_CONNECTION_ESTABLISHED l=1).read continue len=32
2026-02-12T10:33:48.953+0000 7fe59d1fa640 20 --2- >> v2:127.0.0.1:7180/0 conn(0x2b0e000 0xc5e3080 unknown :-1 s=HELLO_CONNECTING pgs=0 gs=1 cs=0 l=0 c_cookie=0 s_cookie=0 reconnecting=0 rev1=1 crypto rx=0 tx=0 comp rx=0 tx=0).handle_hello payload.length()=36
2026-02-12T10:33:48.953+0000 7fe59d1fa640 5 --2- >> v2:127.0.0.1:7180/0 conn(0x2b0e000 0xc5e3080 unknown :-1 s=HELLO_CONNECTING pgs=0 gs=1 cs=0 l=0 c_cookie=0 s_cookie=0 reconnecting=0 rev1=1 crypto rx=0 tx=0 comp rx=0 tx=0).handle_hello received hello: peer_type=1 peer_addr_for_me=v2:127.0.0.1:42896/0
2026-02-12T10:33:48.953+0000 7fe59f1fe640 20 --2- 127.0.0.1:0/1352358857 >> v2:127.0.0.1:7180/0 conn(0xc5be000 0xc5e2000 crc :-1 s=READY pgs=18 gs=2 cs=0 l=1 c_cookie=14059524773488292778 s_cookie=0 reconnecting=0 rev1=1 crypto rx=0 tx=0 comp rx=0 tx=0).handle_read_frame_preamble_main r=0
2026-02-12T10:33:48.953+0000 7fe59f1fe640 20 --2- 127.0.0.1:0/1352358857 >> v2:127.0.0.1:7180/0 conn(0xc5be000 0xc5e2000 crc :-1 s=THROTTLE_MESSAGE pgs=18 gs=2 cs=0 l=1 c_cookie=14059524773488292778 s_cookie=0 reconnecting=0 rev1=1 crypto rx=0 tx=0 comp rx=0 tx=0).throttle_message
2026-02-12T10:33:48.953+0000 7fe59d1fa640 5 --2- >> v2:127.0.0.1:7180/0 conn(0x2b0e000 0xc5e3080 unknown :-1 s=HELLO_CONNECTING pgs=0 gs=1 cs=0 l=0 c_cookie=0 s_cookie=0 reconnecting=0 rev1=1 crypto rx=0 tx=0 comp rx=0 tx=0).handle_hello getsockname says I am 127.0.0.1:42896 when talking to v2:127.0.0.1:7180/0
2026-02-12T10:33:48.953+0000 7fe59f1fe640 20 --2- 127.0.0.1:0/1352358857 >> v2:127.0.0.1:7180/0 conn(0xc5be000 0xc5e2000 crc :-1 s=THROTTLE_BYTES pgs=18 gs=2 cs=0 l=1 c_cookie=14059524773488292778 s_cookie=0 reconnecting=0 rev1=1 crypto rx=0 tx=0 comp rx=0 tx=0).throttle_bytes
2026-02-12T10:33:48.953+0000 7fe59d1fa640 1 --2- >> v2:127.0.0.1:7180/0 conn(0x2b0e000 0xc5e3080 unknown :-1 s=HELLO_CONNECTING pgs=0 gs=1 cs=0 l=0 c_cookie=0 s_cookie=0 reconnecting=0 rev1=1 crypto rx=0 tx=0 comp rx=0 tx=0).handle_hello peer v2:127.0.0.1:7180/0 says I am v2:127.0.0.1:42896/0 (socket says 127.0.0.1:42896)
2026-02-12T10:33:48.953+0000 7fe59f1fe640 20 --2- 127.0.0.1:0/1352358857 >> v2:127.0.0.1:7180/0 conn(0xc5be000 0xc5e2000 crc :-1 s=THROTTLE_DISPATCH_QUEUE pgs=18 gs=2 cs=0 l=1 c_cookie=14059524773488292778 s_cookie=0 reconnecting=0 rev1=1 crypto rx=0 tx=0 comp rx=0 tx=0).throttle_dispatch_queue
2026-02-12T10:33:48.953+0000 7fe59d1fa640 10 -- 127.0.0.1:0/2559974163 learned_addr had no addrs
2026-02-12T10:33:48.953+0000 7fe59f1fe640 20 --2- 127.0.0.1:0/1352358857 >> v2:127.0.0.1:7180/0 conn(0xc5be000 0xc5e2000 crc :-1 s=THROTTLE_DONE pgs=18 gs=2 cs=0 l=1 c_cookie=14059524773488292778 s_cookie=0 reconnecting=0 rev1=1 crypto rx=0 tx=0 comp rx=0 tx=0).read_frame_segment seg_idx=0
2026-02-12T10:33:48.953+0000 7fe59d1fa640 1 -- 127.0.0.1:0/2559974163 learned_addr learned my addr 127.0.0.1:0/2559974163 (peer_addr_for_me v2:127.0.0.1:0/0)
2026-02-12T10:33:48.953+0000 7fe59f1fe640 20 -- 127.0.0.1:0/1352358857 >> v2:127.0.0.1:7180/0 conn(0xc5be000 msgr2=0xc5e2000 crc :-1 s=STATE_CONNECTION_ESTABLISHED l=1).read start len=45
2026-02-12T10:33:48.953+0000 7fe59d1fa640 20 --2- 127.0.0.1:0/2559974163 >> v2:127.0.0.1:7180/0 conn(0x2b0e000 0xc5e3080 unknown :-1 s=HELLO_CONNECTING pgs=0 gs=1 cs=0 l=0 c_cookie=0 s_cookie=0 reconnecting=0 rev1=1 crypto rx=0 tx=0 comp rx=0 tx=0).post_client_banner_exchange
2026-02-12T10:33:48.953+0000 7fe59f1fe640 20 --2- 127.0.0.1:0/1352358857 >> v2:127.0.0.1:7180/0 conn(0xc5be000 0xc5e2000 crc :-1 s=THROTTLE_DONE pgs=18 gs=2 cs=0 l=1 c_cookie=14059524773488292778 s_cookie=0 reconnecting=0 rev1=1 crypto rx=0 tx=0 comp rx=0 tx=0).handle_read_frame_segment r=0
2026-02-12T10:33:48.953+0000 7fe59d1fa640 20 --2- 127.0.0.1:0/2559974163 >> v2:127.0.0.1:7180/0 conn(0x2b0e000 0xc5e3080 unknown :-1 s=AUTH_CONNECTING pgs=0 gs=1 cs=0 l=0 c_cookie=0 s_cookie=0 reconnecting=0 rev1=1 crypto rx=0 tx=0 comp rx=0 tx=0).send_auth_request peer_type 1 auth_client 0x7fe4bc216e80
2026-02-12T10:33:48.953+0000 7fe59f1fe640 20 --2- 127.0.0.1:0/1352358857 >> v2:127.0.0.1:7180/0 conn(0xc5be000 0xc5e2000 crc :-1 s=THROTTLE_DONE pgs=18 gs=2 cs=0 l=1 c_cookie=14059524773488292778 s_cookie=0 reconnecting=0 rev1=1 crypto rx=0 tx=0 comp rx=0 tx=0).read_frame_segment seg_idx=1
2026-02-12T10:33:48.953+0000 7fe59f1fe640 20 -- 127.0.0.1:0/1352358857 >> v2:127.0.0.1:7180/0 conn(0xc5be000 msgr2=0xc5e2000 crc :-1 s=STATE_CONNECTION_ESTABLISHED l=1).read start len=165
2026-02-12T10:33:48.953+0000 7fe59f1fe640 20 --2- 127.0.0.1:0/1352358857 >> v2:127.0.0.1:7180/0 conn(0xc5be000 0xc5e2000 crc :-1 s=THROTTLE_DONE pgs=18 gs=2 cs=0 l=1 c_cookie=14059524773488292778 s_cookie=0 reconnecting=0 rev1=1 crypto rx=0 tx=0 comp rx=0 tx=0).handle_read_frame_segment r=0
2026-02-12T10:33:48.953+0000 7fe59f1fe640 20 -- 127.0.0.1:0/1352358857 >> v2:127.0.0.1:7180/0 conn(0xc5be000 msgr2=0xc5e2000 crc :-1 s=STATE_CONNECTION_ESTABLISHED l=1).read start len=13
2026-02-12T10:33:48.953+0000 7fe59f1fe640 20 --2- 127.0.0.1:0/1352358857 >> v2:127.0.0.1:7180/0 conn(0xc5be000 0xc5e2000 crc :-1 s=THROTTLE_DONE pgs=18 gs=2 cs=0 l=1 c_cookie=14059524773488292778 s_cookie=0 reconnecting=0 rev1=1 crypto rx=0 tx=0 comp rx=0 tx=0).handle_read_frame_epilogue_main r=0
2026-02-12T10:33:48.953+0000 7fe59f1fe640 10 --2- 127.0.0.1:0/1352358857 >> v2:127.0.0.1:7180/0 conn(0xc5be000 0xc5e2000 crc :-1 s=THROTTLE_DONE pgs=18 gs=2 cs=0 l=1 c_cookie=14059524773488292778 s_cookie=0 reconnecting=0 rev1=1 crypto rx=0 tx=0 comp rx=0 tx=0).handle_read_frame_dispatch tag=17
2026-02-12T10:33:48.953+0000 7fe59f1fe640 20 --2- 127.0.0.1:0/1352358857 >> v2:127.0.0.1:7180/0 conn(0xc5be000 0xc5e2000 crc :-1 s=THROTTLE_DONE pgs=18 gs=2 cs=0 l=1 c_cookie=14059524773488292778 s_cookie=0 reconnecting=0 rev1=1 crypto rx=0 tx=0 comp rx=0 tx=0).handle_message
2026-02-12T10:33:48.953+0000 7fe59d1fa640 10 -- 127.0.0.1:0/2559974163 >> v2:127.0.0.1:7180/0 conn(0x2b0e000 msgr2=0xc5e3080 unknown :-1 s=STATE_CONNECTION_ESTABLISHED l=0)._try_send sent bytes 70 remaining bytes 0
2026-02-12T10:33:48.953+0000 7fe59f1fe640 5 --2- 127.0.0.1:0/1352358857 >> v2:127.0.0.1:7180/0 conn(0xc5be000 0xc5e2000 crc :-1 s=THROTTLE_DONE pgs=18 gs=2 cs=0 l=1 c_cookie=14059524773488292778 s_cookie=0 reconnecting=0 rev1=1 crypto rx=0 tx=0 comp rx=0 tx=0).handle_message got 165 + 0 + 0 byte message. envelope type=51 src mon.0 off 0
2026-02-12T10:33:48.953+0000 7fe59d1fa640 20 --2- 127.0.0.1:0/2559974163 >> v2:127.0.0.1:7180/0 conn(0x2b0e000 0xc5e3080 unknown :-1 s=AUTH_CONNECTING pgs=0 gs=1 cs=0 l=0 c_cookie=0 s_cookie=0 reconnecting=0 rev1=1 crypto rx=0 tx=0 comp rx=0 tx=0).read_frame
2026-02-12T10:33:48.953+0000 7fe59d1fa640 20 -- 127.0.0.1:0/2559974163 >> v2:127.0.0.1:7180/0 conn(0x2b0e000 msgr2=0xc5e3080 unknown :-1 s=STATE_CONNECTION_ESTABLISHED l=0).read start len=32
2026-02-12T10:33:48.953+0000 7fe59f1fe640 5 --2- 127.0.0.1:0/1352358857 >> v2:127.0.0.1:7180/0 conn(0xc5be000 0xc5e2000 crc :-1 s=READ_MESSAGE_COMPLETE pgs=18 gs=2 cs=0 l=1 c_cookie=14059524773488292778 s_cookie=0 reconnecting=0 rev1=1 crypto rx=0 tx=0 comp rx=0 tx=0).handle_message received message m=0xc6a7d40 seq=19 from=mon.0 type=51 mon_command_ack([{prefix=config-key set, key=mgr/telemetry/report_id}]=0 set mgr/telemetry/report_id v4)=0 set mgr/telemetry/report_id v4)
2026-02-12T10:33:48.953+0000 7fe59f1fe640 20 -- 127.0.0.1:0/1352358857 queue 0xc6a7d40 prio 196
2026-02-12T10:33:48.953+0000 7fe59f1fe640 20 --2- 127.0.0.1:0/1352358857 >> v2:127.0.0.1:7180/0 conn(0xc5be000 0xc5e2000 crc :-1 s=READY pgs=18 gs=2 cs=0 l=1 c_cookie=14059524773488292778 s_cookie=0 reconnecting=0 rev1=1 crypto rx=0 tx=0 comp rx=0 tx=0).read_frame
2026-02-12T10:33:48.953+0000 7fe59f1fe640 20 -- 127.0.0.1:0/1352358857 >> v2:127.0.0.1:7180/0 conn(0xc5be000 msgr2=0xc5e2000 crc :-1 s=STATE_CONNECTION_ESTABLISHED l=1).read start len=32
2026-02-12T10:33:48.953+0000 7fe59f1fe640 20 --2- 127.0.0.1:0/1352358857 >> v2:127.0.0.1:7180/0 conn(0xc5be000 0xc5e2000 crc :-1 s=READY pgs=18 gs=2 cs=0 l=1 c_cookie=14059524773488292778 s_cookie=0 reconnecting=0 rev1=1 crypto rx=0 tx=0 comp rx=0 tx=0).handle_read_frame_preamble_main r=0
2026-02-12T10:33:48.953+0000 7fe59f1fe640 20 --2- 127.0.0.1:0/1352358857 >> v2:127.0.0.1:7180/0 conn(0xc5be000 0xc5e2000 crc :-1 s=THROTTLE_MESSAGE pgs=18 gs=2 cs=0 l=1 c_cookie=14059524773488292778 s_cookie=0 reconnecting=0 rev1=1 crypto rx=0 tx=0 comp rx=0 tx=0).throttle_message
2026-02-12T10:33:48.953+0000 7fe59f1fe640 20 --2- 127.0.0.1:0/1352358857 >> v2:127.0.0.1:7180/0 conn(0xc5be000 0xc5e2000 crc :-1 s=THROTTLE_BYTES pgs=18 gs=2 cs=0 l=1 c_cookie=14059524773488292778 s_cookie=0 reconnecting=0 rev1=1 crypto rx=0 tx=0 comp rx=0 tx=0).throttle_bytes
2026-02-12T10:33:48.953+0000 7fe59f1fe640 20 --2- 127.0.0.1:0/1352358857 >> v2:127.0.0.1:7180/0 conn(0xc5be000 0xc5e2000 crc :-1 s=THROTTLE_DISPATCH_QUEUE pgs=18 gs=2 cs=0 l=1 c_cookie=14059524773488292778 s_cookie=0 reconnecting=0 rev1=1 crypto rx=0 tx=0 comp rx=0 tx=0).throttle_dispatch_queue
2026-02-12T10:33:48.953+0000 7fe59f1fe640 20 --2- 127.0.0.1:0/1352358857 >> v2:127.0.0.1:7180/0 conn(0xc5be000 0xc5e2000 crc :-1 s=THROTTLE_DONE pgs=18 gs=2 cs=0 l=1 c_cookie=14059524773488292778 s_cookie=0 reconnecting=0 rev1=1 crypto rx=0 tx=0 comp rx=0 tx=0).read_frame_segment seg_idx=0
2026-02-12T10:33:48.953+0000 7fe59f1fe640 20 -- 127.0.0.1:0/1352358857 >> v2:127.0.0.1:7180/0 conn(0xc5be000 msgr2=0xc5e2000 crc :-1 s=STATE_CONNECTION_ESTABLISHED l=1).read start len=45
2026-02-12T10:33:48.953+0000 7fe59f1fe640 20 --2- 127.0.0.1:0/1352358857 >> v2:127.0.0.1:7180/0 conn(0xc5be000 0xc5e2000 crc :-1 s=THROTTLE_DONE pgs=18 gs=2 cs=0 l=1 c_cookie=14059524773488292778 s_cookie=0 reconnecting=0 rev1=1 crypto rx=0 tx=0 comp rx=0 tx=0).handle_read_frame_segment r=0
2026-02-12T10:33:48.953+0000 7fe59d1fa640 20 -- 127.0.0.1:0/2559974163 >> v2:127.0.0.1:7180/0 conn(0x2b0e000 msgr2=0xc5e3080 unknown :-1 s=STATE_CONNECTION_ESTABLISHED l=0).process
2026-02-12T10:33:48.953+0000 7fe59f1fe640 20 --2- 127.0.0.1:0/1352358857 >> v2:127.0.0.1:7180/0 conn(0xc5be000 0xc5e2000 crc :-1 s=THROTTLE_DONE pgs=18 gs=2 cs=0 l=1 c_cookie=14059524773488292778 s_cookie=0 reconnecting=0 rev1=1 crypto rx=0 tx=0 comp rx=0 tx=0).read_frame_segment seg_idx=1
2026-02-12T10:33:48.953+0000 7fe59d1fa640 20 -- 127.0.0.1:0/2559974163 >> v2:127.0.0.1:7180/0 conn(0x2b0e000 msgr2=0xc5e3080 unknown :-1 s=STATE_CONNECTION_ESTABLISHED l=0).read continue len=32
2026-02-12T10:33:48.953+0000 7fe59b1f6640 1 -- 127.0.0.1:0/1352358857 <== mon.0 v2:127.0.0.1:7180/0 19 ==== mon_command_ack([{prefix=config-key set, key=mgr/telemetry/report_id}]=0 set mgr/telemetry/report_id v4)=0 set mgr/telemetry/report_id v4) ==== 165+0+0 (crc 0 0 0) 0xc6a7d40 con 0xc5be000
2026-02-12T10:33:48.953+0000 7fe59f1fe640 20 -- 127.0.0.1:0/1352358857 >> v2:127.0.0.1:7180/0 conn(0xc5be000 msgr2=0xc5e2000 crc :-1 s=STATE_CONNECTION_ESTABLISHED l=1).read start len=24
2026-02-12T10:33:48.953+0000 7fe59f1fe640 20 --2- 127.0.0.1:0/1352358857 >> v2:127.0.0.1:7180/0 conn(0xc5be000 0xc5e2000 crc :-1 s=THROTTLE_DONE pgs=18 gs=2 cs=0 l=1 c_cookie=14059524773488292778 s_cookie=0 reconnecting=0 rev1=1 crypto rx=0 tx=0 comp rx=0 tx=0).handle_read_frame_segment r=0
2026-02-12T10:33:48.953+0000 7fe59d1fa640 20 --2- 127.0.0.1:0/2559974163 >> v2:127.0.0.1:7180/0 conn(0x2b0e000 0xc5e3080 unknown :-1 s=AUTH_CONNECTING pgs=0 gs=1 cs=0 l=0 c_cookie=0 s_cookie=0 reconnecting=0 rev1=1 crypto rx=0 tx=0 comp rx=0 tx=0).handle_read_frame_preamble_main r=0
2026-02-12T10:33:48.953+0000 7fe59f1fe640 20 -- 127.0.0.1:0/1352358857 >> v2:127.0.0.1:7180/0 conn(0xc5be000 msgr2=0xc5e2000 crc :-1 s=STATE_CONNECTION_ESTABLISHED l=1).read start len=13
2026-02-12T10:33:48.953+0000 7fe59b1f6640 10 -- 127.0.0.1:0/1352358857 dispatch_throttle_release 165 to dispatch throttler 189/104857600
2026-02-12T10:33:48.953+0000 7fe59d1fa640 20 --2- 127.0.0.1:0/2559974163 >> v2:127.0.0.1:7180/0 conn(0x2b0e000 0xc5e3080 unknown :-1 s=AUTH_CONNECTING pgs=0 gs=1 cs=0 l=0 c_cookie=0 s_cookie=0 reconnecting=0 rev1=1 crypto rx=0 tx=0 comp rx=0 tx=0).read_frame_segment seg_idx=0
2026-02-12T10:33:48.953+0000 7fe59f1fe640 20 --2- 127.0.0.1:0/1352358857 >> v2:127.0.0.1:7180/0 conn(0xc5be000 0xc5e2000 crc :-1 s=THROTTLE_DONE pgs=18 gs=2 cs=0 l=1 c_cookie=14059524773488292778 s_cookie=0 reconnecting=0 rev1=1 crypto rx=0 tx=0 comp rx=0 tx=0).handle_read_frame_epilogue_main r=0
2026-02-12T10:33:48.953+0000 7fe59b1f6640 20 -- 127.0.0.1:0/1352358857 done calling dispatch on 0xc6a7d40
2026-02-12T10:33:48.953+0000 7fe59f1fe640 10 --2- 127.0.0.1:0/1352358857 >> v2:127.0.0.1:7180/0 conn(0xc5be000 0xc5e2000 crc :-1 s=THROTTLE_DONE pgs=18 gs=2 cs=0 l=1 c_cookie=14059524773488292778 s_cookie=0 reconnecting=0 rev1=1 crypto rx=0 tx=0 comp rx=0 tx=0).handle_read_frame_dispatch tag=17
2026-02-12T10:33:48.953+0000 7fe59d1fa640 20 -- 127.0.0.1:0/2559974163 >> v2:127.0.0.1:7180/0 conn(0x2b0e000 msgr2=0xc5e3080 unknown :-1 s=STATE_CONNECTION_ESTABLISHED l=0).read start len=20
2026-02-12T10:33:48.953+0000 7fe59f1fe640 20 --2- 127.0.0.1:0/1352358857 >> v2:127.0.0.1:7180/0 conn(0xc5be000 0xc5e2000 crc :-1 s=THROTTLE_DONE pgs=18 gs=2 cs=0 l=1 c_cookie=14059524773488292778 s_cookie=0 reconnecting=0 rev1=1 crypto rx=0 tx=0 comp rx=0 tx=0).handle_message
2026-02-12T10:33:48.953+0000 7fe59d1fa640 20 --2- 127.0.0.1:0/2559974163 >> v2:127.0.0.1:7180/0 conn(0x2b0e000 0xc5e3080 unknown :-1 s=AUTH_CONNECTING pgs=0 gs=1 cs=0 l=0 c_cookie=0 s_cookie=0 reconnecting=0 rev1=1 crypto rx=0 tx=0 comp rx=0 tx=0).handle_read_frame_segment r=0
2026-02-12T10:33:48.953+0000 7fe59d1fa640 10 --2- 127.0.0.1:0/2559974163 >> v2:127.0.0.1:7180/0 conn(0x2b0e000 0xc5e3080 unknown :-1 s=AUTH_CONNECTING pgs=0 gs=1 cs=0 l=0 c_cookie=0 s_cookie=0 reconnecting=0 rev1=1 crypto rx=0 tx=0 comp rx=0 tx=0).handle_read_frame_dispatch tag=6
2026-02-12T10:33:48.953+0000 7fe59f1fe640 5 --2- 127.0.0.1:0/1352358857 >> v2:127.0.0.1:7180/0 conn(0xc5be000 0xc5e2000 crc :-1 s=THROTTLE_DONE pgs=18 gs=2 cs=0 l=1 c_cookie=14059524773488292778 s_cookie=0 reconnecting=0 rev1=1 crypto rx=0 tx=0 comp rx=0 tx=0).handle_message got 24 + 0 + 0 byte message. envelope type=54 src mon.0 off 0
2026-02-12T10:33:48.953+0000 7fe59d1fa640 20 --2- 127.0.0.1:0/2559974163 >> v2:127.0.0.1:7180/0 conn(0x2b0e000 0xc5e3080 unknown :-1 s=AUTH_CONNECTING pgs=0 gs=1 cs=0 l=0 c_cookie=0 s_cookie=0 reconnecting=0 rev1=1 crypto rx=0 tx=0 comp rx=0 tx=0).handle_auth_done payload.length()=16
2026-02-12T10:33:48.953+0000 7fe59f1fe640 5 --2- 127.0.0.1:0/1352358857 >> v2:127.0.0.1:7180/0 conn(0xc5be000 0xc5e2000 crc :-1 s=READ_MESSAGE_COMPLETE pgs=18 gs=2 cs=0 l=1 c_cookie=14059524773488292778 s_cookie=0 reconnecting=0 rev1=1 crypto rx=0 tx=0 comp rx=0 tx=0).handle_message received message m=0xc6a7a00 seq=20 from=mon.0 type=54 kv_data(v4 prefix config/, incremental, 0 keys)
2026-02-12T10:33:48.953+0000 7fe4a8174640 4 mgr get_store get_store key: mgr/telemetry/salt
2026-02-12T10:33:48.953+0000 7fe4a8174640 4 ceph_store_get salt not found
2026-02-12T10:33:48.953+0000 7fe59f1fe640 20 -- 127.0.0.1:0/1352358857 queue 0xc6a7a00 prio 196
2026-02-12T10:33:48.953+0000 7fe59d1fa640 1 -- 127.0.0.1:0/2559974163 --> v2:127.0.0.1:7180/0 -- mon_subscribe({config=0+,monmap=0+}) -- 0xc7596c0 con 0x2b0e000
2026-02-12T10:33:48.953+0000 7fe59f1fe640 20 --2- 127.0.0.1:0/1352358857 >> v2:127.0.0.1:7180/0 conn(0xc5be000 0xc5e2000 crc :-1 s=READY pgs=18 gs=2 cs=0 l=1 c_cookie=14059524773488292778 s_cookie=0 reconnecting=0 rev1=1 crypto rx=0 tx=0 comp rx=0 tx=0).read_frame
2026-02-12T10:33:48.953+0000 7fe59d1fa640 5 --2- 127.0.0.1:0/2559974163 >> v2:127.0.0.1:7180/0 conn(0x2b0e000 0xc5e3080 unknown :-1 s=AUTH_CONNECTING pgs=0 gs=1 cs=0 l=0 c_cookie=0 s_cookie=0 reconnecting=0 rev1=1 crypto rx=0 tx=0 comp rx=0 tx=0).send_message enqueueing message m=0xc7596c0 type=15 mon_subscribe({config=0+,monmap=0+})
