2026-02-12T10:33:50.964+0000 7fe59f1fe640 20 --2- 127.0.0.1:0/1352358857 >> v2:127.0.0.1:7180/0 conn(0xc5be000 0xc5e2000 crc :-1 s=THROTTLE_DONE pgs=18 gs=2 cs=0 l=1 c_cookie=14059524773488292778 s_cookie=0 reconnecting=0 rev1=1 crypto rx=0 tx=0 comp rx=0 tx=0).handle_read_frame_segment r=0
2026-02-12T10:33:50.964+0000 7fe59f1fe640 20 --2- 127.0.0.1:0/1352358857 >> v2:127.0.0.1:7180/0 conn(0xc5be000 0xc5e2000 crc :-1 s=THROTTLE_DONE pgs=18 gs=2 cs=0 l=1 c_cookie=14059524773488292778 s_cookie=0 reconnecting=0 rev1=1 crypto rx=0 tx=0 comp rx=0 tx=0).read_frame_segment seg_idx=1
2026-02-12T10:33:50.964+0000 7fe59f1fe640 20 -- 127.0.0.1:0/1352358857 >> v2:127.0.0.1:7180/0 conn(0xc5be000 msgr2=0xc5e2000 crc :-1 s=STATE_CONNECTION_ESTABLISHED l=1).read start len=28
2026-02-12T10:33:50.964+0000 7fe59f1fe640 20 --2- 127.0.0.1:0/1352358857 >> v2:127.0.0.1:7180/0 conn(0xc5be000 0xc5e2000 crc :-1 s=THROTTLE_DONE pgs=18 gs=2 cs=0 l=1 c_cookie=14059524773488292778 s_cookie=0 reconnecting=0 rev1=1 crypto rx=0 tx=0 comp rx=0 tx=0).handle_read_frame_segment r=0
2026-02-12T10:33:50.964+0000 7fe59f1fe640 20 -- 127.0.0.1:0/1352358857 >> v2:127.0.0.1:7180/0 conn(0xc5be000 msgr2=0xc5e2000 crc :-1 s=STATE_CONNECTION_ESTABLISHED l=1).read start len=13
2026-02-12T10:33:50.964+0000 7fe59f1fe640 20 --2- 127.0.0.1:0/1352358857 >> v2:127.0.0.1:7180/0 conn(0xc5be000 0xc5e2000 crc :-1 s=THROTTLE_DONE pgs=18 gs=2 cs=0 l=1 c_cookie=14059524773488292778 s_cookie=0 reconnecting=0 rev1=1 crypto rx=0 tx=0 comp rx=0 tx=0).handle_read_frame_epilogue_main r=0
2026-02-12T10:33:50.964+0000 7fe59f1fe640 10 --2- 127.0.0.1:0/1352358857 >> v2:127.0.0.1:7180/0 conn(0xc5be000 0xc5e2000 crc :-1 s=THROTTLE_DONE pgs=18 gs=2 cs=0 l=1 c_cookie=14059524773488292778 s_cookie=0 reconnecting=0 rev1=1 crypto rx=0 tx=0 comp rx=0 tx=0).handle_read_frame_dispatch tag=17
2026-02-12T10:33:50.964+0000 7fe59f1fe640 20 --2- 127.0.0.1:0/1352358857 >> v2:127.0.0.1:7180/0 conn(0xc5be000 0xc5e2000 crc :-1 s=THROTTLE_DONE pgs=18 gs=2 cs=0 l=1 c_cookie=14059524773488292778 s_cookie=0 reconnecting=0 rev1=1 crypto rx=0 tx=0 comp rx=0 tx=0).handle_message
2026-02-12T10:33:50.964+0000 7fe59f1fe640 5 --2- 127.0.0.1:0/1352358857 >> v2:127.0.0.1:7180/0 conn(0xc5be000 0xc5e2000 crc :-1 s=THROTTLE_DONE pgs=18 gs=2 cs=0 l=1 c_cookie=14059524773488292778 s_cookie=0 reconnecting=0 rev1=1 crypto rx=0 tx=0 comp rx=0 tx=0).handle_message got 28 + 0 + 0 byte message. envelope type=53 src mon.0 off 0
2026-02-12T10:33:50.964+0000 7fe59f1fe640 5 --2- 127.0.0.1:0/1352358857 >> v2:127.0.0.1:7180/0 conn(0xc5be000 0xc5e2000 crc :-1 s=READ_MESSAGE_COMPLETE pgs=18 gs=2 cs=0 l=1 c_cookie=14059524773488292778 s_cookie=0 reconnecting=0 rev1=1 crypto rx=0 tx=0 comp rx=0 tx=0).handle_message received message m=0xc610f00 seq=57 from=mon.0 type=53 log(last 3)
2026-02-12T10:33:50.964+0000 7fe59f1fe640 20 -- 127.0.0.1:0/1352358857 queue 0xc610f00 prio 196
2026-02-12T10:33:50.964+0000 7fe59f1fe640 20 --2- 127.0.0.1:0/1352358857 >> v2:127.0.0.1:7180/0 conn(0xc5be000 0xc5e2000 crc :-1 s=READY pgs=18 gs=2 cs=0 l=1 c_cookie=14059524773488292778 s_cookie=0 reconnecting=0 rev1=1 crypto rx=0 tx=0 comp rx=0 tx=0).read_frame
2026-02-12T10:33:50.964+0000 7fe59f1fe640 20 -- 127.0.0.1:0/1352358857 >> v2:127.0.0.1:7180/0 conn(0xc5be000 msgr2=0xc5e2000 crc :-1 s=STATE_CONNECTION_ESTABLISHED l=1).read start len=32
2026-02-12T10:33:50.964+0000 7fe59b1f6640 1 -- 127.0.0.1:0/1352358857 <== mon.0 v2:127.0.0.1:7180/0 57 ==== log(last 3) ==== 28+0+0 (crc 0 0 0) 0xc610f00 con 0xc5be000
2026-02-12T10:33:50.964+0000 7fe59b1f6640 10 -- 127.0.0.1:0/1352358857 dispatch_throttle_release 28 to dispatch throttler 28/104857600
2026-02-12T10:33:50.964+0000 7fe59b1f6640 20 -- 127.0.0.1:0/1352358857 done calling dispatch on 0xc610f00
2026-02-12T10:33:50.965+0000 7fe59f1fe640 20 -- 127.0.0.1:0/1352358857 >> v2:127.0.0.1:7180/0 conn(0xc5be000 msgr2=0xc5e2000 crc :-1 s=STATE_CONNECTION_ESTABLISHED l=1).process
2026-02-12T10:33:50.965+0000 7fe59f1fe640 20 -- 127.0.0.1:0/1352358857 >> v2:127.0.0.1:7180/0 conn(0xc5be000 msgr2=0xc5e2000 crc :-1 s=STATE_CONNECTION_ESTABLISHED l=1).read continue len=32
2026-02-12T10:33:50.965+0000 7fe59f1fe640 20 --2- 127.0.0.1:0/1352358857 >> v2:127.0.0.1:7180/0 conn(0xc5be000 0xc5e2000 crc :-1 s=READY pgs=18 gs=2 cs=0 l=1 c_cookie=14059524773488292778 s_cookie=0 reconnecting=0 rev1=1 crypto rx=0 tx=0 comp rx=0 tx=0).handle_read_frame_preamble_main r=0
2026-02-12T10:33:50.965+0000 7fe59f1fe640 20 --2- 127.0.0.1:0/1352358857 >> v2:127.0.0.1:7180/0 conn(0xc5be000 0xc5e2000 crc :-1 s=THROTTLE_MESSAGE pgs=18 gs=2 cs=0 l=1 c_cookie=14059524773488292778 s_cookie=0 reconnecting=0 rev1=1 crypto rx=0 tx=0 comp rx=0 tx=0).throttle_message
2026-02-12T10:33:50.965+0000 7fe59f1fe640 20 --2- 127.0.0.1:0/1352358857 >> v2:127.0.0.1:7180/0 conn(0xc5be000 0xc5e2000 crc :-1 s=THROTTLE_BYTES pgs=18 gs=2 cs=0 l=1 c_cookie=14059524773488292778 s_cookie=0 reconnecting=0 rev1=1 crypto rx=0 tx=0 comp rx=0 tx=0).throttle_bytes
2026-02-12T10:33:50.965+0000 7fe59f1fe640 20 --2- 127.0.0.1:0/1352358857 >> v2:127.0.0.1:7180/0 conn(0xc5be000 0xc5e2000 crc :-1 s=THROTTLE_DISPATCH_QUEUE pgs=18 gs=2 cs=0 l=1 c_cookie=14059524773488292778 s_cookie=0 reconnecting=0 rev1=1 crypto rx=0 tx=0 comp rx=0 tx=0).throttle_dispatch_queue
2026-02-12T10:33:50.965+0000 7fe59f1fe640 20 --2- 127.0.0.1:0/1352358857 >> v2:127.0.0.1:7180/0 conn(0xc5be000 0xc5e2000 crc :-1 s=THROTTLE_DONE pgs=18 gs=2 cs=0 l=1 c_cookie=14059524773488292778 s_cookie=0 reconnecting=0 rev1=1 crypto rx=0 tx=0 comp rx=0 tx=0).read_frame_segment seg_idx=0
2026-02-12T10:33:50.965+0000 7fe59f1fe640 20 -- 127.0.0.1:0/1352358857 >> v2:127.0.0.1:7180/0 conn(0xc5be000 msgr2=0xc5e2000 crc :-1 s=STATE_CONNECTION_ESTABLISHED l=1).read start len=45
2026-02-12T10:33:50.965+0000 7fe59f1fe640 20 --2- 127.0.0.1:0/1352358857 >> v2:127.0.0.1:7180/0 conn(0xc5be000 0xc5e2000 crc :-1 s=THROTTLE_DONE pgs=18 gs=2 cs=0 l=1 c_cookie=14059524773488292778 s_cookie=0 reconnecting=0 rev1=1 crypto rx=0 tx=0 comp rx=0 tx=0).handle_read_frame_segment r=0
2026-02-12T10:33:50.965+0000 7fe59f1fe640 20 --2- 127.0.0.1:0/1352358857 >> v2:127.0.0.1:7180/0 conn(0xc5be000 0xc5e2000 crc :-1 s=THROTTLE_DONE pgs=18 gs=2 cs=0 l=1 c_cookie=14059524773488292778 s_cookie=0 reconnecting=0 rev1=1 crypto rx=0 tx=0 comp rx=0 tx=0).read_frame_segment seg_idx=1
2026-02-12T10:33:50.965+0000 7fe59f1fe640 20 -- 127.0.0.1:0/1352358857 >> v2:127.0.0.1:7180/0 conn(0xc5be000 msgr2=0xc5e2000 crc :-1 s=STATE_CONNECTION_ESTABLISHED l=1).read start len=53858
2026-02-12T10:33:50.965+0000 7fe59f1fe640 20 --2- 127.0.0.1:0/1352358857 >> v2:127.0.0.1:7180/0 conn(0xc5be000 0xc5e2000 crc :-1 s=THROTTLE_DONE pgs=18 gs=2 cs=0 l=1 c_cookie=14059524773488292778 s_cookie=0 reconnecting=0 rev1=1 crypto rx=0 tx=0 comp rx=0 tx=0).handle_read_frame_segment r=0
2026-02-12T10:33:50.965+0000 7fe59f1fe640 20 -- 127.0.0.1:0/1352358857 >> v2:127.0.0.1:7180/0 conn(0xc5be000 msgr2=0xc5e2000 crc :-1 s=STATE_CONNECTION_ESTABLISHED l=1).read start len=13
2026-02-12T10:33:50.965+0000 7fe59f1fe640 20 --2- 127.0.0.1:0/1352358857 >> v2:127.0.0.1:7180/0 conn(0xc5be000 0xc5e2000 crc :-1 s=THROTTLE_DONE pgs=18 gs=2 cs=0 l=1 c_cookie=14059524773488292778 s_cookie=0 reconnecting=0 rev1=1 crypto rx=0 tx=0 comp rx=0 tx=0).handle_read_frame_epilogue_main r=0
2026-02-12T10:33:50.965+0000 7fe59f1fe640 10 --2- 127.0.0.1:0/1352358857 >> v2:127.0.0.1:7180/0 conn(0xc5be000 0xc5e2000 crc :-1 s=THROTTLE_DONE pgs=18 gs=2 cs=0 l=1 c_cookie=14059524773488292778 s_cookie=0 reconnecting=0 rev1=1 crypto rx=0 tx=0 comp rx=0 tx=0).handle_read_frame_dispatch tag=17
2026-02-12T10:33:50.965+0000 7fe59f1fe640 20 --2- 127.0.0.1:0/1352358857 >> v2:127.0.0.1:7180/0 conn(0xc5be000 0xc5e2000 crc :-1 s=THROTTLE_DONE pgs=18 gs=2 cs=0 l=1 c_cookie=14059524773488292778 s_cookie=0 reconnecting=0 rev1=1 crypto rx=0 tx=0 comp rx=0 tx=0).handle_message
2026-02-12T10:33:50.965+0000 7fe59f1fe640 5 --2- 127.0.0.1:0/1352358857 >> v2:127.0.0.1:7180/0 conn(0xc5be000 0xc5e2000 crc :-1 s=THROTTLE_DONE pgs=18 gs=2 cs=0 l=1 c_cookie=14059524773488292778 s_cookie=0 reconnecting=0 rev1=1 crypto rx=0 tx=0 comp rx=0 tx=0).handle_message got 53858 + 0 + 0 byte message. envelope type=1796 src mon.0 off 0
2026-02-12T10:33:50.965+0000 7fe59e9fd640 20 -- 127.0.0.1:0/4032328471 >> v2:127.0.0.1:7180/0 conn(0xc5bfc00 msgr2=0xc5e2580 crc :-1 s=STATE_CONNECTION_ESTABLISHED l=1).process
2026-02-12T10:33:50.965+0000 7fe59e9fd640 20 -- 127.0.0.1:0/4032328471 >> v2:127.0.0.1:7180/0 conn(0xc5bfc00 msgr2=0xc5e2580 crc :-1 s=STATE_CONNECTION_ESTABLISHED l=1).read continue len=32
2026-02-12T10:33:50.965+0000 7fe59e9fd640 20 --2- 127.0.0.1:0/4032328471 >> v2:127.0.0.1:7180/0 conn(0xc5bfc00 0xc5e2580 crc :-1 s=READY pgs=22 gs=1 cs=0 l=1 c_cookie=0 s_cookie=0 reconnecting=0 rev1=1 crypto rx=0 tx=0 comp rx=0 tx=0).handle_read_frame_preamble_main r=0
2026-02-12T10:33:50.965+0000 7fe59f1fe640 5 --2- 127.0.0.1:0/1352358857 >> v2:127.0.0.1:7180/0 conn(0xc5be000 0xc5e2000 crc :-1 s=READ_MESSAGE_COMPLETE pgs=18 gs=2 cs=0 l=1 c_cookie=14059524773488292778 s_cookie=0 reconnecting=0 rev1=1 crypto rx=0 tx=0 comp rx=0 tx=0).handle_message received message m=0xc8fa300 seq=58 from=mon.0 type=1796 mgrmap(e 4)
2026-02-12T10:33:50.965+0000 7fe59f1fe640 20 -- 127.0.0.1:0/1352358857 queue 0xc8fa300 prio 196
2026-02-12T10:33:50.965+0000 7fe59e9fd640 20 --2- 127.0.0.1:0/4032328471 >> v2:127.0.0.1:7180/0 conn(0xc5bfc00 0xc5e2580 crc :-1 s=THROTTLE_MESSAGE pgs=22 gs=1 cs=0 l=1 c_cookie=0 s_cookie=0 reconnecting=0 rev1=1 crypto rx=0 tx=0 comp rx=0 tx=0).throttle_message
2026-02-12T10:33:50.965+0000 7fe59e9fd640 20 --2- 127.0.0.1:0/4032328471 >> v2:127.0.0.1:7180/0 conn(0xc5bfc00 0xc5e2580 crc :-1 s=THROTTLE_BYTES pgs=22 gs=1 cs=0 l=1 c_cookie=0 s_cookie=0 reconnecting=0 rev1=1 crypto rx=0 tx=0 comp rx=0 tx=0).throttle_bytes
2026-02-12T10:33:50.965+0000 7fe59f1fe640 20 --2- 127.0.0.1:0/1352358857 >> v2:127.0.0.1:7180/0 conn(0xc5be000 0xc5e2000 crc :-1 s=READY pgs=18 gs=2 cs=0 l=1 c_cookie=14059524773488292778 s_cookie=0 reconnecting=0 rev1=1 crypto rx=0 tx=0 comp rx=0 tx=0).read_frame
2026-02-12T10:33:50.965+0000 7fe59f1fe640 20 -- 127.0.0.1:0/1352358857 >> v2:127.0.0.1:7180/0 conn(0xc5be000 msgr2=0xc5e2000 crc :-1 s=STATE_CONNECTION_ESTABLISHED l=1).read start len=32
2026-02-12T10:33:50.965+0000 7fe59e9fd640 20 --2- 127.0.0.1:0/4032328471 >> v2:127.0.0.1:7180/0 conn(0xc5bfc00 0xc5e2580 crc :-1 s=THROTTLE_DISPATCH_QUEUE pgs=22 gs=1 cs=0 l=1 c_cookie=0 s_cookie=0 reconnecting=0 rev1=1 crypto rx=0 tx=0 comp rx=0 tx=0).throttle_dispatch_queue
2026-02-12T10:33:50.965+0000 7fe59e9fd640 20 --2- 127.0.0.1:0/4032328471 >> v2:127.0.0.1:7180/0 conn(0xc5bfc00 0xc5e2580 crc :-1 s=THROTTLE_DONE pgs=22 gs=1 cs=0 l=1 c_cookie=0 s_cookie=0 reconnecting=0 rev1=1 crypto rx=0 tx=0 comp rx=0 tx=0).read_frame_segment seg_idx=0
2026-02-12T10:33:50.965+0000 7fe59f1fe640 20 -- 127.0.0.1:0/438021450 >> v2:127.0.0.1:7180/0 conn(0xc5bf400 msgr2=0xc5e2b00 crc :-1 s=STATE_CONNECTION_ESTABLISHED l=1).process
2026-02-12T10:33:50.965+0000 7fe59b1f6640 1 -- 127.0.0.1:0/1352358857 <== mon.0 v2:127.0.0.1:7180/0 58 ==== mgrmap(e 4) ==== 53858+0+0 (crc 0 0 0) 0xc8fa300 con 0xc5be000
2026-02-12T10:33:50.965+0000 7fe59e9fd640 20 -- 127.0.0.1:0/4032328471 >> v2:127.0.0.1:7180/0 conn(0xc5bfc00 msgr2=0xc5e2580 crc :-1 s=STATE_CONNECTION_ESTABLISHED l=1).read start len=45
2026-02-12T10:33:50.965+0000 7fe59f1fe640 20 -- 127.0.0.1:0/438021450 >> v2:127.0.0.1:7180/0 conn(0xc5bf400 msgr2=0xc5e2b00 crc :-1 s=STATE_CONNECTION_ESTABLISHED l=1).read continue len=32
2026-02-12T10:33:50.965+0000 7fe59b1f6640 10 mgr.4100.objecter ms_dispatch2 0x2ca6000 mgrmap(e 4)
2026-02-12T10:33:50.965+0000 7fe59b1f6640 10 mgr ms_dispatch2 active mgrmap(e 4)
2026-02-12T10:33:50.965+0000 7fe59b1f6640 4 mgr handle_mgr_map received map epoch 4
2026-02-12T10:33:50.965+0000 7fe59e9fd640 20 --2- 127.0.0.1:0/4032328471 >> v2:127.0.0.1:7180/0 conn(0xc5bfc00 0xc5e2580 crc :-1 s=THROTTLE_DONE pgs=22 gs=1 cs=0 l=1 c_cookie=0 s_cookie=0 reconnecting=0 rev1=1 crypto rx=0 tx=0 comp rx=0 tx=0).handle_read_frame_segment r=0
2026-02-12T10:33:50.965+0000 7fe59b1f6640 4 mgr handle_mgr_map active in map: 1 active is 4100
2026-02-12T10:33:50.965+0000 7fe59e9fd640 20 --2- 127.0.0.1:0/4032328471 >> v2:127.0.0.1:7180/0 conn(0xc5bfc00 0xc5e2580 crc :-1 s=THROTTLE_DONE pgs=22 gs=1 cs=0 l=1 c_cookie=0 s_cookie=0 reconnecting=0 rev1=1 crypto rx=0 tx=0 comp rx=0 tx=0).read_frame_segment seg_idx=1
2026-02-12T10:33:50.965+0000 7fe59f1fe640 20 --2- 127.0.0.1:0/438021450 >> v2:127.0.0.1:7180/0 conn(0xc5bf400 0xc5e2b00 crc :-1 s=READY pgs=20 gs=1 cs=0 l=1 c_cookie=0 s_cookie=0 reconnecting=0 rev1=1 crypto rx=0 tx=0 comp rx=0 tx=0).handle_read_frame_preamble_main r=0
2026-02-12T10:33:50.965+0000 7fe59e9fd640 20 -- 127.0.0.1:0/4032328471 >> v2:127.0.0.1:7180/0 conn(0xc5bfc00 msgr2=0xc5e2580 crc :-1 s=STATE_CONNECTION_ESTABLISHED l=1).read start len=53858
2026-02-12T10:33:50.965+0000 7fe59f1fe640 20 --2- 127.0.0.1:0/438021450 >> v2:127.0.0.1:7180/0 conn(0xc5bf400 0xc5e2b00 crc :-1 s=THROTTLE_MESSAGE pgs=20 gs=1 cs=0 l=1 c_cookie=0 s_cookie=0 reconnecting=0 rev1=1 crypto rx=0 tx=0 comp rx=0 tx=0).throttle_message
2026-02-12T10:33:50.965+0000 7fe59f1fe640 20 --2- 127.0.0.1:0/438021450 >> v2:127.0.0.1:7180/0 conn(0xc5bf400 0xc5e2b00 crc :-1 s=THROTTLE_BYTES pgs=20 gs=1 cs=0 l=1 c_cookie=0 s_cookie=0 reconnecting=0 rev1=1 crypto rx=0 tx=0 comp rx=0 tx=0).throttle_bytes
2026-02-12T10:33:50.965+0000 7fe59f1fe640 20 --2- 127.0.0.1:0/438021450 >> v2:127.0.0.1:7180/0 conn(0xc5bf400 0xc5e2b00 crc :-1 s=THROTTLE_DISPATCH_QUEUE pgs=20 gs=1 cs=0 l=1 c_cookie=0 s_cookie=0 reconnecting=0 rev1=1 crypto rx=0 tx=0 comp rx=0 tx=0).throttle_dispatch_queue
2026-02-12T10:33:50.965+0000 7fe59f1fe640 20 --2- 127.0.0.1:0/438021450 >> v2:127.0.0.1:7180/0 conn(0xc5bf400 0xc5e2b00 crc :-1 s=THROTTLE_DONE pgs=20 gs=1 cs=0 l=1 c_cookie=0 s_cookie=0 reconnecting=0 rev1=1 crypto rx=0 tx=0 comp rx=0 tx=0).read_frame_segment seg_idx=0
2026-02-12T10:33:50.965+0000 7fe59e9fd640 20 --2- 127.0.0.1:0/4032328471 >> v2:127.0.0.1:7180/0 conn(0xc5bfc00 0xc5e2580 crc :-1 s=THROTTLE_DONE pgs=22 gs=1 cs=0 l=1 c_cookie=0 s_cookie=0 reconnecting=0 rev1=1 crypto rx=0 tx=0 comp rx=0 tx=0).handle_read_frame_segment r=0
2026-02-12T10:33:50.965+0000 7fe59f1fe640 20 -- 127.0.0.1:0/438021450 >> v2:127.0.0.1:7180/0 conn(0xc5bf400 msgr2=0xc5e2b00 crc :-1 s=STATE_CONNECTION_ESTABLISHED l=1).read start len=45
2026-02-12T10:33:50.965+0000 7fe59f1fe640 20 --2- 127.0.0.1:0/438021450 >> v2:127.0.0.1:7180/0 conn(0xc5bf400 0xc5e2b00 crc :-1 s=THROTTLE_DONE pgs=20 gs=1 cs=0 l=1 c_cookie=0 s_cookie=0 reconnecting=0 rev1=1 crypto rx=0 tx=0 comp rx=0 tx=0).handle_read_frame_segment r=0
2026-02-12T10:33:50.965+0000 7fe59e9fd640 20 -- 127.0.0.1:0/4032328471 >> v2:127.0.0.1:7180/0 conn(0xc5bfc00 msgr2=0xc5e2580 crc :-1 s=STATE_CONNECTION_ESTABLISHED l=1).read start len=13
2026-02-12T10:33:50.965+0000 7fe59f1fe640 20 --2- 127.0.0.1:0/438021450 >> v2:127.0.0.1:7180/0 conn(0xc5bf400 0xc5e2b00 crc :-1 s=THROTTLE_DONE pgs=20 gs=1 cs=0 l=1 c_cookie=0 s_cookie=0 reconnecting=0 rev1=1 crypto rx=0 tx=0 comp rx=0 tx=0).read_frame_segment seg_idx=1
2026-02-12T10:33:50.965+0000 7fe59f1fe640 20 -- 127.0.0.1:0/438021450 >> v2:127.0.0.1:7180/0 conn(0xc5bf400 msgr2=0xc5e2b00 crc :-1 s=STATE_CONNECTION_ESTABLISHED l=1).read start len=53858
2026-02-12T10:33:50.965+0000 7fe59e9fd640 20 --2- 127.0.0.1:0/4032328471 >> v2:127.0.0.1:7180/0 conn(0xc5bfc00 0xc5e2580 crc :-1 s=THROTTLE_DONE pgs=22 gs=1 cs=0 l=1 c_cookie=0 s_cookie=0 reconnecting=0 rev1=1 crypto rx=0 tx=0 comp rx=0 tx=0).handle_read_frame_epilogue_main r=0
2026-02-12T10:33:50.965+0000 7fe59f1fe640 20 --2- 127.0.0.1:0/438021450 >> v2:127.0.0.1:7180/0 conn(0xc5bf400 0xc5e2b00 crc :-1 s=THROTTLE_DONE pgs=20 gs=1 cs=0 l=1 c_cookie=0 s_cookie=0 reconnecting=0 rev1=1 crypto rx=0 tx=0 comp rx=0 tx=0).handle_read_frame_segment r=0
2026-02-12T10:33:50.965+0000 7fe59f1fe640 20 -- 127.0.0.1:0/438021450 >> v2:127.0.0.1:7180/0 conn(0xc5bf400 msgr2=0xc5e2b00 crc :-1 s=STATE_CONNECTION_ESTABLISHED l=1).read start len=13
2026-02-12T10:33:50.965+0000 7fe59e9fd640 10 --2- 127.0.0.1:0/4032328471 >> v2:127.0.0.1:7180/0 conn(0xc5bfc00 0xc5e2580 crc :-1 s=THROTTLE_DONE pgs=22 gs=1 cs=0 l=1 c_cookie=0 s_cookie=0 reconnecting=0 rev1=1 crypto rx=0 tx=0 comp rx=0 tx=0).handle_read_frame_dispatch tag=17
2026-02-12T10:33:50.965+0000 7fe59f1fe640 20 --2- 127.0.0.1:0/438021450 >> v2:127.0.0.1:7180/0 conn(0xc5bf400 0xc5e2b00 crc :-1 s=THROTTLE_DONE pgs=20 gs=1 cs=0 l=1 c_cookie=0 s_cookie=0 reconnecting=0 rev1=1 crypto rx=0 tx=0 comp rx=0 tx=0).handle_read_frame_epilogue_main r=0
2026-02-12T10:33:50.965+0000 7fe59e9fd640 20 --2- 127.0.0.1:0/4032328471 >> v2:127.0.0.1:7180/0 conn(0xc5bfc00 0xc5e2580 crc :-1 s=THROTTLE_DONE pgs=22 gs=1 cs=0 l=1 c_cookie=0 s_cookie=0 reconnecting=0 rev1=1 crypto rx=0 tx=0 comp rx=0 tx=0).handle_message
2026-02-12T10:33:50.965+0000 7fe59f1fe640 10 --2- 127.0.0.1:0/438021450 >> v2:127.0.0.1:7180/0 conn(0xc5bf400 0xc5e2b00 crc :-1 s=THROTTLE_DONE pgs=20 gs=1 cs=0 l=1 c_cookie=0 s_cookie=0 reconnecting=0 rev1=1 crypto rx=0 tx=0 comp rx=0 tx=0).handle_read_frame_dispatch tag=17
2026-02-12T10:33:50.965+0000 7fe59f1fe640 20 --2- 127.0.0.1:0/438021450 >> v2:127.0.0.1:7180/0 conn(0xc5bf400 0xc5e2b00 crc :-1 s=THROTTLE_DONE pgs=20 gs=1 cs=0 l=1 c_cookie=0 s_cookie=0 reconnecting=0 rev1=1 crypto rx=0 tx=0 comp rx=0 tx=0).handle_message
2026-02-12T10:33:50.965+0000 7fe59e9fd640 5 --2- 127.0.0.1:0/4032328471 >> v2:127.0.0.1:7180/0 conn(0xc5bfc00 0xc5e2580 crc :-1 s=THROTTLE_DONE pgs=22 gs=1 cs=0 l=1 c_cookie=0 s_cookie=0 reconnecting=0 rev1=1 crypto rx=0 tx=0 comp rx=0 tx=0).handle_message got 53858 + 0 + 0 byte message. envelope type=1796 src mon.0 off 0
2026-02-12T10:33:50.965+0000 7fe59f1fe640 5 --2- 127.0.0.1:0/438021450 >> v2:127.0.0.1:7180/0 conn(0xc5bf400 0xc5e2b00 crc :-1 s=THROTTLE_DONE pgs=20 gs=1 cs=0 l=1 c_cookie=0 s_cookie=0 reconnecting=0 rev1=1 crypto rx=0 tx=0 comp rx=0 tx=0).handle_message got 53858 + 0 + 0 byte message. envelope type=1796 src mon.0 off 0
2026-02-12T10:33:50.965+0000 7fe59d1fa640 20 -- 127.0.0.1:0/3722372712 >> v2:127.0.0.1:7180/0 conn(0x2b0e000 msgr2=0xc5e3080 crc :-1 s=STATE_CONNECTION_ESTABLISHED l=1).process
2026-02-12T10:33:50.965+0000 7fe59d1fa640 20 -- 127.0.0.1:0/3722372712 >> v2:127.0.0.1:7180/0 conn(0x2b0e000 msgr2=0xc5e3080 crc :-1 s=STATE_CONNECTION_ESTABLISHED l=1).read continue len=32
2026-02-12T10:33:50.965+0000 7fe59d1fa640 20 --2- 127.0.0.1:0/3722372712 >> v2:127.0.0.1:7180/0 conn(0x2b0e000 0xc5e3080 crc :-1 s=READY pgs=24 gs=1 cs=0 l=1 c_cookie=0 s_cookie=0 reconnecting=0 rev1=1 crypto rx=0 tx=0 comp rx=0 tx=0).handle_read_frame_preamble_main r=0
2026-02-12T10:33:50.965+0000 7fe59d1fa640 20 --2- 127.0.0.1:0/3722372712 >> v2:127.0.0.1:7180/0 conn(0x2b0e000 0xc5e3080 crc :-1 s=THROTTLE_MESSAGE pgs=24 gs=1 cs=0 l=1 c_cookie=0 s_cookie=0 reconnecting=0 rev1=1 crypto rx=0 tx=0 comp rx=0 tx=0).throttle_message
2026-02-12T10:33:50.965+0000 7fe59d1fa640 20 --2- 127.0.0.1:0/3722372712 >> v2:127.0.0.1:7180/0 conn(0x2b0e000 0xc5e3080 crc :-1 s=THROTTLE_BYTES pgs=24 gs=1 cs=0 l=1 c_cookie=0 s_cookie=0 reconnecting=0 rev1=1 crypto rx=0 tx=0 comp rx=0 tx=0).throttle_bytes
2026-02-12T10:33:50.965+0000 7fe59d1fa640 20 --2- 127.0.0.1:0/3722372712 >> v2:127.0.0.1:7180/0 conn(0x2b0e000 0xc5e3080 crc :-1 s=THROTTLE_DISPATCH_QUEUE pgs=24 gs=1 cs=0 l=1 c_cookie=0 s_cookie=0 reconnecting=0 rev1=1 crypto rx=0 tx=0 comp rx=0 tx=0).throttle_dispatch_queue
2026-02-12T10:33:50.965+0000 7fe59d1fa640 20 --2- 127.0.0.1:0/3722372712 >> v2:127.0.0.1:7180/0 conn(0x2b0e000 0xc5e3080 crc :-1 s=THROTTLE_DONE pgs=24 gs=1 cs=0 l=1 c_cookie=0 s_cookie=0 reconnecting=0 rev1=1 crypto rx=0 tx=0 comp rx=0 tx=0).read_frame_segment seg_idx=0
2026-02-12T10:33:50.965+0000 7fe59d1fa640 20 -- 127.0.0.1:0/3722372712 >> v2:127.0.0.1:7180/0 conn(0x2b0e000 msgr2=0xc5e3080 crc :-1 s=STATE_CONNECTION_ESTABLISHED l=1).read start len=45
2026-02-12T10:33:50.965+0000 7fe59d1fa640 20 --2- 127.0.0.1:0/3722372712 >> v2:127.0.0.1:7180/0 conn(0x2b0e000 0xc5e3080 crc :-1 s=THROTTLE_DONE pgs=24 gs=1 cs=0 l=1 c_cookie=0 s_cookie=0 reconnecting=0 rev1=1 crypto rx=0 tx=0 comp rx=0 tx=0).handle_read_frame_segment r=0
2026-02-12T10:33:50.965+0000 7fe59d1fa640 20 --2- 127.0.0.1:0/3722372712 >> v2:127.0.0.1:7180/0 conn(0x2b0e000 0xc5e3080 crc :-1 s=THROTTLE_DONE pgs=24 gs=1 cs=0 l=1 c_cookie=0 s_cookie=0 reconnecting=0 rev1=1 crypto rx=0 tx=0 comp rx=0 tx=0).read_frame_segment seg_idx=1
2026-02-12T10:33:50.965+0000 7fe59d1fa640 20 -- 127.0.0.1:0/3722372712 >> v2:127.0.0.1:7180/0 conn(0x2b0e000 msgr2=0xc5e3080 crc :-1 s=STATE_CONNECTION_ESTABLISHED l=1).read start len=53858
2026-02-12T10:33:50.965+0000 7fe59d1fa640 20 --2- 127.0.0.1:0/3722372712 >> v2:127.0.0.1:7180/0 conn(0x2b0e000 0xc5e3080 crc :-1 s=THROTTLE_DONE pgs=24 gs=1 cs=0 l=1 c_cookie=0 s_cookie=0 reconnecting=0 rev1=1 crypto rx=0 tx=0 comp rx=0 tx=0).handle_read_frame_segment r=0
2026-02-12T10:33:50.965+0000 7fe59d1fa640 20 -- 127.0.0.1:0/3722372712 >> v2:127.0.0.1:7180/0 conn(0x2b0e000 msgr2=0xc5e3080 crc :-1 s=STATE_CONNECTION_ESTABLISHED l=1).read start len=13
2026-02-12T10:33:50.965+0000 7fe59d1fa640 20 --2- 127.0.0.1:0/3722372712 >> v2:127.0.0.1:7180/0 conn(0x2b0e000 0xc5e3080 crc :-1 s=THROTTLE_DONE pgs=24 gs=1 cs=0 l=1 c_cookie=0 s_cookie=0 reconnecting=0 rev1=1 crypto rx=0 tx=0 comp rx=0 tx=0).handle_read_frame_epilogue_main r=0
2026-02-12T10:33:50.965+0000 7fe59d1fa640 10 --2- 127.0.0.1:0/3722372712 >> v2:127.0.0.1:7180/0 conn(0x2b0e000 0xc5e3080 crc :-1 s=THROTTLE_DONE pgs=24 gs=1 cs=0 l=1 c_cookie=0 s_cookie=0 reconnecting=0 rev1=1 crypto rx=0 tx=0 comp rx=0 tx=0).handle_read_frame_dispatch tag=17
2026-02-12T10:33:50.965+0000 7fe59d1fa640 20 --2- 127.0.0.1:0/3722372712 >> v2:127.0.0.1:7180/0 conn(0x2b0e000 0xc5e3080 crc :-1 s=THROTTLE_DONE pgs=24 gs=1 cs=0 l=1 c_cookie=0 s_cookie=0 reconnecting=0 rev1=1 crypto rx=0 tx=0 comp rx=0 tx=0).handle_message
2026-02-12T10:33:50.965+0000 7fe59d1fa640 5 --2- 127.0.0.1:0/3722372712 >> v2:127.0.0.1:7180/0 conn(0x2b0e000 0xc5e3080 crc :-1 s=THROTTLE_DONE pgs=24 gs=1 cs=0 l=1 c_cookie=0 s_cookie=0 reconnecting=0 rev1=1 crypto rx=0 tx=0 comp rx=0 tx=0).handle_message got 53858 + 0 + 0 byte message. envelope type=1796 src mon.0 off 0
2026-02-12T10:33:50.965+0000 7fe59b1f6640 10 mgr handle_mgr_map I was already active
2026-02-12T10:33:50.965+0000 7fe59b1f6640 10 mgr got_mgr_map x(active, since 2s)
2026-02-12T10:33:50.965+0000 7fe59f1fe640 5 --2- 127.0.0.1:0/438021450 >> v2:127.0.0.1:7180/0 conn(0xc5bf400 0xc5e2b00 crc :-1 s=READ_MESSAGE_COMPLETE pgs=20 gs=1 cs=0 l=1 c_cookie=0 s_cookie=0 reconnecting=0 rev1=1 crypto rx=0 tx=0 comp rx=0 tx=0).handle_message received message m=0xc6ee900 seq=7 from=mon.0 type=1796 mgrmap(e 4)
2026-02-12T10:33:50.965+0000 7fe59f1fe640 20 -- 127.0.0.1:0/438021450 queue 0xc6ee900 prio 196
2026-02-12T10:33:50.965+0000 7fe59f1fe640 20 --2- 127.0.0.1:0/438021450 >> v2:127.0.0.1:7180/0 conn(0xc5bf400 0xc5e2b00 crc :-1 s=READY pgs=20 gs=1 cs=0 l=1 c_cookie=0 s_cookie=0 reconnecting=0 rev1=1 crypto rx=0 tx=0 comp rx=0 tx=0).read_frame
2026-02-12T10:33:50.965+0000 7fe59b1f6640 10 mgr ms_dispatch2 mgrmap(e 4)
2026-02-12T10:33:50.965+0000 7fe59f1fe640 20 -- 127.0.0.1:0/438021450 >> v2:127.0.0.1:7180/0 conn(0xc5bf400 msgr2=0xc5e2b00 crc :-1 s=STATE_CONNECTION_ESTABLISHED l=1).read start len=32
2026-02-12T10:33:50.965+0000 7fe4b8214640 1 -- 127.0.0.1:0/438021450 <== mon.0 v2:127.0.0.1:7180/0 7 ==== mgrmap(e 4) ==== 53858+0+0 (crc 0 0 0) 0xc6ee900 con 0xc5bf400
2026-02-12T10:33:50.965+0000 7fe59e9fd640 5 --2- 127.0.0.1:0/4032328471 >> v2:127.0.0.1:7180/0 conn(0xc5bfc00 0xc5e2580 crc :-1 s=READ_MESSAGE_COMPLETE pgs=22 gs=1 cs=0 l=1 c_cookie=0 s_cookie=0 reconnecting=0 rev1=1 crypto rx=0 tx=0 comp rx=0 tx=0).handle_message received message m=0xcbd4300 seq=8 from=mon.0 type=1796 mgrmap(e 4)
2026-02-12T10:33:50.965+0000 7fe59e9fd640 20 -- 127.0.0.1:0/4032328471 queue 0xcbd4300 prio 196
2026-02-12T10:33:50.965+0000 7fe59e9fd640 20 --2- 127.0.0.1:0/4032328471 >> v2:127.0.0.1:7180/0 conn(0xc5bfc00 0xc5e2580 crc :-1 s=READY pgs=22 gs=1 cs=0 l=1 c_cookie=0 s_cookie=0 reconnecting=0 rev1=1 crypto rx=0 tx=0 comp rx=0 tx=0).read_frame
2026-02-12T10:33:50.965+0000 7fe59e9fd640 20 -- 127.0.0.1:0/4032328471 >> v2:127.0.0.1:7180/0 conn(0xc5bfc00 msgr2=0xc5e2580 crc :-1 s=STATE_CONNECTION_ESTABLISHED l=1).read start len=32
2026-02-12T10:33:50.965+0000 7fe4ac97d640 1 -- 127.0.0.1:0/4032328471 <== mon.0 v2:127.0.0.1:7180/0 8 ==== mgrmap(e 4) ==== 53858+0+0 (crc 0 0 0) 0xcbd4300 con 0xc5bfc00
2026-02-12T10:33:50.965+0000 7fe59d1fa640 5 --2- 127.0.0.1:0/3722372712 >> v2:127.0.0.1:7180/0 conn(0x2b0e000 0xc5e3080 crc :-1 s=READ_MESSAGE_COMPLETE pgs=24 gs=1 cs=0 l=1 c_cookie=0 s_cookie=0 reconnecting=0 rev1=1 crypto rx=0 tx=0 comp rx=0 tx=0).handle_message received message m=0xc816600 seq=7 from=mon.0 type=1796 mgrmap(e 4)
2026-02-12T10:33:50.965+0000 7fe59d1fa640 20 -- 127.0.0.1:0/3722372712 queue 0xc816600 prio 196
2026-02-12T10:33:50.965+0000 7fe59d1fa640 20 --2- 127.0.0.1:0/3722372712 >> v2:127.0.0.1:7180/0 conn(0x2b0e000 0xc5e3080 crc :-1 s=READY pgs=24 gs=1 cs=0 l=1 c_cookie=0 s_cookie=0 reconnecting=0 rev1=1 crypto rx=0 tx=0 comp rx=0 tx=0).read_frame
2026-02-12T10:33:50.965+0000 7fe59d1fa640 20 -- 127.0.0.1:0/3722372712 >> v2:127.0.0.1:7180/0 conn(0x2b0e000 msgr2=0xc5e3080 crc :-1 s=STATE_CONNECTION_ESTABLISHED l=1).read start len=32
2026-02-12T10:33:50.965+0000 7fe4a316a640 1 -- 127.0.0.1:0/3722372712 <== mon.0 v2:127.0.0.1:7180/0 7 ==== mgrmap(e 4) ==== 53858+0+0 (crc 0 0 0) 0xc816600 con 0x2b0e000
2026-02-12T10:33:50.965+0000 7fe59b1f6640 10 -- 127.0.0.1:0/1352358857 dispatch_throttle_release 53858 to dispatch throttler 53858/104857600
2026-02-12T10:33:50.965+0000 7fe59b1f6640 20 -- 127.0.0.1:0/1352358857 done calling dispatch on 0xc8fa300
2026-02-12T10:33:50.965+0000 7fe4ac97d640 10 -- 127.0.0.1:0/4032328471 dispatch_throttle_release 53858 to dispatch throttler 53858/104857600
2026-02-12T10:33:50.965+0000 7fe4ac97d640 20 -- 127.0.0.1:0/4032328471 done calling dispatch on 0xcbd4300
2026-02-12T10:33:50.965+0000 7fe4b8214640 10 -- 127.0.0.1:0/438021450 dispatch_throttle_release 53858 to dispatch throttler 53858/104857600
2026-02-12T10:33:50.965+0000 7fe4b8214640 20 -- 127.0.0.1:0/438021450 done calling dispatch on 0xc6ee900
2026-02-12T10:33:50.965+0000 7fe4a316a640 10 -- 127.0.0.1:0/3722372712 dispatch_throttle_release 53858 to dispatch throttler 53858/104857600
2026-02-12T10:33:50.965+0000 7fe4a316a640 20 -- 127.0.0.1:0/3722372712 done calling dispatch on 0xc816600
2026-02-12T10:33:51.222+0000 7fe59e9fd640 10 Processor -- accept listen_fd=25
2026-02-12T10:33:51.222+0000 7fe59e9fd640 10 Processor -- accept accepted incoming on sd 40
2026-02-12T10:33:51.222+0000 7fe59e9fd640 10 -- [v2:127.0.0.1:6808/3193795536,v1:127.0.0.1:6809/3193795536] >> conn(0xcb17c00 msgr2=0xcafc680 unknown :-1 s=STATE_NONE l=0).accept sd=40 listen_addr v2:127.0.0.1:6808/3193795536 peer_addr v2:127.0.0.1:55658/0
2026-02-12T10:33:51.222+0000 7fe59e9fd640 1 --2- [v2:127.0.0.1:6808/3193795536,v1:127.0.0.1:6809/3193795536] >> conn(0xcb17c00 0xcafc680 unknown :-1 s=NONE pgs=0 gs=0 cs=0 l=0 c_cookie=0 s_cookie=0 reconnecting=0 rev1=0 crypto rx=0 tx=0 comp rx=0 tx=0).accept
2026-02-12T10:33:51.222+0000 7fe59e9fd640 20 Event(0x2b38748 nevent=5000 time_id=18).wakeup
2026-02-12T10:33:51.222+0000 7fe59e9fd640 10 Processor -- accept listen_fd=26
2026-02-12T10:33:51.222+0000 7fe59f1fe640 20 -- [v2:127.0.0.1:6808/3193795536,v1:127.0.0.1:6809/3193795536] >> conn(0xcb17c00 msgr2=0xcafc680 unknown :-1 s=STATE_ACCEPTING l=0).process
2026-02-12T10:33:51.222+0000 7fe59f1fe640 20 Event(0x2b38748 nevent=5000 time_id=18).create_file_event create event started fd=40 mask=1 original mask is 0
2026-02-12T10:33:51.222+0000 7fe59f1fe640 20 EpollDriver.add_event add event fd=40 cur_mask=0 add_mask=1 to 12
2026-02-12T10:33:51.222+0000 7fe59f1fe640 20 Event(0x2b38748 nevent=5000 time_id=18).create_file_event create event end fd=40 mask=1 current mask is 1
2026-02-12T10:33:51.222+0000 7fe59f1fe640 20 --2- [v2:127.0.0.1:6808/3193795536,v1:127.0.0.1:6809/3193795536] >> conn(0xcb17c00 0xcafc680 unknown :-1 s=START_ACCEPT pgs=0 gs=0 cs=0 l=0 c_cookie=0 s_cookie=0 reconnecting=0 rev1=0 crypto rx=0 tx=0 comp rx=0 tx=0).read_event
2026-02-12T10:33:51.222+0000 7fe59f1fe640 20 --2- [v2:127.0.0.1:6808/3193795536,v1:127.0.0.1:6809/3193795536] >> conn(0xcb17c00 0xcafc680 unknown :-1 s=START_ACCEPT pgs=0 gs=0 cs=0 l=0 c_cookie=0 s_cookie=0 reconnecting=0 rev1=0 crypto rx=0 tx=0 comp rx=0 tx=0).start_server_banner_exchange
2026-02-12T10:33:51.222+0000 7fe59f1fe640 20 --2- [v2:127.0.0.1:6808/3193795536,v1:127.0.0.1:6809/3193795536] >> conn(0xcb17c00 0xcafc680 unknown :-1 s=BANNER_ACCEPTING pgs=0 gs=0 cs=0 l=0 c_cookie=0 s_cookie=0 reconnecting=0 rev1=0 crypto rx=0 tx=0 comp rx=0 tx=0)._banner_exchange
2026-02-12T10:33:51.222+0000 7fe59f1fe640 10 -- [v2:127.0.0.1:6808/3193795536,v1:127.0.0.1:6809/3193795536] >> conn(0xcb17c00 msgr2=0xcafc680 unknown :-1 s=STATE_CONNECTION_ESTABLISHED l=0)._try_send sent bytes 26 remaining bytes 0
2026-02-12T10:33:51.222+0000 7fe59f1fe640 20 -- [v2:127.0.0.1:6808/3193795536,v1:127.0.0.1:6809/3193795536] >> conn(0xcb17c00 msgr2=0xcafc680 unknown :-1 s=STATE_CONNECTION_ESTABLISHED l=0).read start len=10
2026-02-12T10:33:51.222+0000 7fe59f1fe640 20 --2- [v2:127.0.0.1:6808/3193795536,v1:127.0.0.1:6809/3193795536] >> conn(0xcb17c00 0xcafc680 unknown :-1 s=BANNER_ACCEPTING pgs=0 gs=0 cs=0 l=0 c_cookie=0 s_cookie=0 reconnecting=0 rev1=0 crypto rx=0 tx=0 comp rx=0 tx=0)._handle_peer_banner r=0
2026-02-12T10:33:51.222+0000 7fe59f1fe640 20 -- [v2:127.0.0.1:6808/3193795536,v1:127.0.0.1:6809/3193795536] >> conn(0xcb17c00 msgr2=0xcafc680 unknown :-1 s=STATE_CONNECTION_ESTABLISHED l=0).read start len=16
2026-02-12T10:33:51.222+0000 7fe59f1fe640 20 --2- [v2:127.0.0.1:6808/3193795536,v1:127.0.0.1:6809/3193795536] >> conn(0xcb17c00 0xcafc680 unknown :-1 s=BANNER_ACCEPTING pgs=0 gs=0 cs=0 l=0 c_cookie=0 s_cookie=0 reconnecting=0 rev1=0 crypto rx=0 tx=0 comp rx=0 tx=0)._handle_peer_banner_payload r=0
2026-02-12T10:33:51.222+0000 7fe59f1fe640 1 --2- [v2:127.0.0.1:6808/3193795536,v1:127.0.0.1:6809/3193795536] >> conn(0xcb17c00 0xcafc680 unknown :-1 s=BANNER_ACCEPTING pgs=0 gs=0 cs=0 l=0 c_cookie=0 s_cookie=0 reconnecting=0 rev1=0 crypto rx=0 tx=0 comp rx=0 tx=0)._handle_peer_banner_payload supported=3 required=0
2026-02-12T10:33:51.222+0000 7fe59f1fe640 10 -- [v2:127.0.0.1:6808/3193795536,v1:127.0.0.1:6809/3193795536] >> conn(0xcb17c00 msgr2=0xcafc680 unknown :-1 s=STATE_CONNECTION_ESTABLISHED l=0)._try_send sent bytes 72 remaining bytes 0
2026-02-12T10:33:51.222+0000 7fe59f1fe640 20 --2- [v2:127.0.0.1:6808/3193795536,v1:127.0.0.1:6809/3193795536] >> conn(0xcb17c00 0xcafc680 unknown :-1 s=HELLO_ACCEPTING pgs=0 gs=0 cs=0 l=0 c_cookie=0 s_cookie=0 reconnecting=0 rev1=1 crypto rx=0 tx=0 comp rx=0 tx=0).read_frame
2026-02-12T10:33:51.222+0000 7fe59f1fe640 20 -- [v2:127.0.0.1:6808/3193795536,v1:127.0.0.1:6809/3193795536] >> conn(0xcb17c00 msgr2=0xcafc680 unknown :-1 s=STATE_CONNECTION_ESTABLISHED l=0).read start len=32
2026-02-12T10:33:51.222+0000 7fe59f1fe640 20 --2- [v2:127.0.0.1:6808/3193795536,v1:127.0.0.1:6809/3193795536] >> conn(0xcb17c00 0xcafc680 unknown :-1 s=HELLO_ACCEPTING pgs=0 gs=0 cs=0 l=0 c_cookie=0 s_cookie=0 reconnecting=0 rev1=1 crypto rx=0 tx=0 comp rx=0 tx=0).handle_read_frame_preamble_main r=0
2026-02-12T10:33:51.222+0000 7fe59f1fe640 20 --2- [v2:127.0.0.1:6808/3193795536,v1:127.0.0.1:6809/3193795536] >> conn(0xcb17c00 0xcafc680 unknown :-1 s=HELLO_ACCEPTING pgs=0 gs=0 cs=0 l=0 c_cookie=0 s_cookie=0 reconnecting=0 rev1=1 crypto rx=0 tx=0 comp rx=0 tx=0).read_frame_segment seg_idx=0
2026-02-12T10:33:51.222+0000 7fe59f1fe640 20 -- [v2:127.0.0.1:6808/3193795536,v1:127.0.0.1:6809/3193795536] >> conn(0xcb17c00 msgr2=0xcafc680 unknown :-1 s=STATE_CONNECTION_ESTABLISHED l=0).read start len=40
2026-02-12T10:33:51.222+0000 7fe59f1fe640 20 --2- [v2:127.0.0.1:6808/3193795536,v1:127.0.0.1:6809/3193795536] >> conn(0xcb17c00 0xcafc680 unknown :-1 s=HELLO_ACCEPTING pgs=0 gs=0 cs=0 l=0 c_cookie=0 s_cookie=0 reconnecting=0 rev1=1 crypto rx=0 tx=0 comp rx=0 tx=0).handle_read_frame_segment r=0
2026-02-12T10:33:51.222+0000 7fe59f1fe640 10 --2- [v2:127.0.0.1:6808/3193795536,v1:127.0.0.1:6809/3193795536] >> conn(0xcb17c00 0xcafc680 unknown :-1 s=HELLO_ACCEPTING pgs=0 gs=0 cs=0 l=0 c_cookie=0 s_cookie=0 reconnecting=0 rev1=1 crypto rx=0 tx=0 comp rx=0 tx=0).handle_read_frame_dispatch tag=1
2026-02-12T10:33:51.222+0000 7fe59f1fe640 20 --2- [v2:127.0.0.1:6808/3193795536,v1:127.0.0.1:6809/3193795536] >> conn(0xcb17c00 0xcafc680 unknown :-1 s=HELLO_ACCEPTING pgs=0 gs=0 cs=0 l=0 c_cookie=0 s_cookie=0 reconnecting=0 rev1=1 crypto rx=0 tx=0 comp rx=0 tx=0).handle_hello payload.length()=36
2026-02-12T10:33:51.222+0000 7fe59f1fe640 5 --2- [v2:127.0.0.1:6808/3193795536,v1:127.0.0.1:6809/3193795536] >> conn(0xcb17c00 0xcafc680 unknown :-1 s=HELLO_ACCEPTING pgs=0 gs=0 cs=0 l=0 c_cookie=0 s_cookie=0 reconnecting=0 rev1=1 crypto rx=0 tx=0 comp rx=0 tx=0).handle_hello received hello: peer_type=8 peer_addr_for_me=v2:127.0.0.1:6808/3193795536
2026-02-12T10:33:51.222+0000 7fe59f1fe640 5 --2- [v2:127.0.0.1:6808/3193795536,v1:127.0.0.1:6809/3193795536] >> conn(0xcb17c00 0xcafc680 unknown :-1 s=HELLO_ACCEPTING pgs=0 gs=0 cs=0 l=0 c_cookie=0 s_cookie=0 reconnecting=0 rev1=1 crypto rx=0 tx=0 comp rx=0 tx=0).handle_hello getsockname says I am 127.0.0.1:6808 when talking to v2:127.0.0.1:55658/0
2026-02-12T10:33:51.222+0000 7fe59f1fe640 10 --2- [v2:127.0.0.1:6808/3193795536,v1:127.0.0.1:6809/3193795536] >> conn(0xcb17c00 0xcafc680 unknown :-1 s=HELLO_ACCEPTING pgs=0 gs=0 cs=0 l=1 c_cookie=0 s_cookie=0 reconnecting=0 rev1=1 crypto rx=0 tx=0 comp rx=0 tx=0).handle_hello accept of host_type 8, policy.lossy=1 policy.server=1 policy.standby=0 policy.resetcheck=0
2026-02-12T10:33:51.222+0000 7fe59f1fe640 20 --2- [v2:127.0.0.1:6808/3193795536,v1:127.0.0.1:6809/3193795536] >> conn(0xcb17c00 0xcafc680 unknown :-1 s=HELLO_ACCEPTING pgs=0 gs=0 cs=0 l=1 c_cookie=0 s_cookie=0 reconnecting=0 rev1=1 crypto rx=0 tx=0 comp rx=0 tx=0).post_server_banner_exchange
2026-02-12T10:33:51.222+0000 7fe59f1fe640 20 --2- [v2:127.0.0.1:6808/3193795536,v1:127.0.0.1:6809/3193795536] >> conn(0xcb17c00 0xcafc680 unknown :-1 s=AUTH_ACCEPTING pgs=0 gs=0 cs=0 l=1 c_cookie=0 s_cookie=0 reconnecting=0 rev1=1 crypto rx=0 tx=0 comp rx=0 tx=0).read_frame
2026-02-12T10:33:51.222+0000 7fe59f1fe640 20 -- [v2:127.0.0.1:6808/3193795536,v1:127.0.0.1:6809/3193795536] >> conn(0xcb17c00 msgr2=0xcafc680 unknown :-1 s=STATE_CONNECTION_ESTABLISHED l=1).read start len=32
2026-02-12T10:33:51.222+0000 7fe59f1fe640 20 --2- [v2:127.0.0.1:6808/3193795536,v1:127.0.0.1:6809/3193795536] >> conn(0xcb17c00 0xcafc680 unknown :-1 s=AUTH_ACCEPTING pgs=0 gs=0 cs=0 l=1 c_cookie=0 s_cookie=0 reconnecting=0 rev1=1 crypto rx=0 tx=0 comp rx=0 tx=0).handle_read_frame_preamble_main r=0
2026-02-12T10:33:51.222+0000 7fe59f1fe640 20 --2- [v2:127.0.0.1:6808/3193795536,v1:127.0.0.1:6809/3193795536] >> conn(0xcb17c00 0xcafc680 unknown :-1 s=AUTH_ACCEPTING pgs=0 gs=0 cs=0 l=1 c_cookie=0 s_cookie=0 reconnecting=0 rev1=1 crypto rx=0 tx=0 comp rx=0 tx=0).read_frame_segment seg_idx=0
2026-02-12T10:33:51.222+0000 7fe59f1fe640 20 -- [v2:127.0.0.1:6808/3193795536,v1:127.0.0.1:6809/3193795536] >> conn(0xcb17c00 msgr2=0xcafc680 unknown :-1 s=STATE_CONNECTION_ESTABLISHED l=1).read start len=42
2026-02-12T10:33:51.222+0000 7fe59f1fe640 20 --2- [v2:127.0.0.1:6808/3193795536,v1:127.0.0.1:6809/3193795536] >> conn(0xcb17c00 0xcafc680 unknown :-1 s=AUTH_ACCEPTING pgs=0 gs=0 cs=0 l=1 c_cookie=0 s_cookie=0 reconnecting=0 rev1=1 crypto rx=0 tx=0 comp rx=0 tx=0).handle_read_frame_segment r=0
2026-02-12T10:33:51.222+0000 7fe59f1fe640 10 --2- [v2:127.0.0.1:6808/3193795536,v1:127.0.0.1:6809/3193795536] >> conn(0xcb17c00 0xcafc680 unknown :-1 s=AUTH_ACCEPTING pgs=0 gs=0 cs=0 l=1 c_cookie=0 s_cookie=0 reconnecting=0 rev1=1 crypto rx=0 tx=0 comp rx=0 tx=0).handle_read_frame_dispatch tag=2
2026-02-12T10:33:51.222+0000 7fe59f1fe640 20 --2- [v2:127.0.0.1:6808/3193795536,v1:127.0.0.1:6809/3193795536] >> conn(0xcb17c00 0xcafc680 unknown :-1 s=AUTH_ACCEPTING pgs=0 gs=0 cs=0 l=1 c_cookie=0 s_cookie=0 reconnecting=0 rev1=1 crypto rx=0 tx=0 comp rx=0 tx=0).handle_auth_request payload.length()=38
2026-02-12T10:33:51.222+0000 7fe59f1fe640 10 --2- [v2:127.0.0.1:6808/3193795536,v1:127.0.0.1:6809/3193795536] >> conn(0xcb17c00 0xcafc680 unknown :-1 s=AUTH_ACCEPTING pgs=0 gs=0 cs=0 l=1 c_cookie=0 s_cookie=0 reconnecting=0 rev1=1 crypto rx=0 tx=0 comp rx=0 tx=0).handle_auth_request AuthRequest(method=1, preferred_modes=[1], payload_len=22)
2026-02-12T10:33:51.222+0000 7fe59f1fe640 10 mgr.server ms_handle_fast_authentication ms_handle_fast_authentication new session 0xc7af9e0 con 0xcb17c00 entity client.admin addr
2026-02-12T10:33:51.222+0000 7fe59f1fe640 10 mgr.server ms_handle_fast_authentication session 0xc7af9e0 client.admin allow_all
2026-02-12T10:33:51.222+0000 7fe59f1fe640 10 -- [v2:127.0.0.1:6808/3193795536,v1:127.0.0.1:6809/3193795536] >> conn(0xcb17c00 msgr2=0xcafc680 crc :-1 s=STATE_CONNECTION_ESTABLISHED l=1)._try_send sent bytes 52 remaining bytes 0
2026-02-12T10:33:51.222+0000 7fe59f1fe640 10 -- [v2:127.0.0.1:6808/3193795536,v1:127.0.0.1:6809/3193795536] >> conn(0xcb17c00 msgr2=0xcafc680 crc :-1 s=STATE_CONNECTION_ESTABLISHED l=1)._try_send sent bytes 68 remaining bytes 0
2026-02-12T10:33:51.222+0000 7fe59f1fe640 20 --2- [v2:127.0.0.1:6808/3193795536,v1:127.0.0.1:6809/3193795536] >> conn(0xcb17c00 0xcafc680 crc :-1 s=AUTH_ACCEPTING_SIGN pgs=0 gs=0 cs=0 l=1 c_cookie=0 s_cookie=0 reconnecting=0 rev1=1 crypto rx=0 tx=0 comp rx=0 tx=0).read_frame
2026-02-12T10:33:51.222+0000 7fe59f1fe640 20 -- [v2:127.0.0.1:6808/3193795536,v1:127.0.0.1:6809/3193795536] >> conn(0xcb17c00 msgr2=0xcafc680 crc :-1 s=STATE_CONNECTION_ESTABLISHED l=1).read start len=32
2026-02-12T10:33:51.222+0000 7fe59f1fe640 20 --2- [v2:127.0.0.1:6808/3193795536,v1:127.0.0.1:6809/3193795536] >> conn(0xcb17c00 0xcafc680 crc :-1 s=AUTH_ACCEPTING_SIGN pgs=0 gs=0 cs=0 l=1 c_cookie=0 s_cookie=0 reconnecting=0 rev1=1 crypto rx=0 tx=0 comp rx=0 tx=0).handle_read_frame_preamble_main r=0
2026-02-12T10:33:51.222+0000 7fe59f1fe640 20 --2- [v2:127.0.0.1:6808/3193795536,v1:127.0.0.1:6809/3193795536] >> conn(0xcb17c00 0xcafc680 crc :-1 s=AUTH_ACCEPTING_SIGN pgs=0 gs=0 cs=0 l=1 c_cookie=0 s_cookie=0 reconnecting=0 rev1=1 crypto rx=0 tx=0 comp rx=0 tx=0).read_frame_segment seg_idx=0
2026-02-12T10:33:51.222+0000 7fe59f1fe640 20 -- [v2:127.0.0.1:6808/3193795536,v1:127.0.0.1:6809/3193795536] >> conn(0xcb17c00 msgr2=0xcafc680 crc :-1 s=STATE_CONNECTION_ESTABLISHED l=1).read start len=36
2026-02-12T10:33:51.222+0000 7fe59f1fe640 20 --2- [v2:127.0.0.1:6808/3193795536,v1:127.0.0.1:6809/3193795536] >> conn(0xcb17c00 0xcafc680 crc :-1 s=AUTH_ACCEPTING_SIGN pgs=0 gs=0 cs=0 l=1 c_cookie=0 s_cookie=0 reconnecting=0 rev1=1 crypto rx=0 tx=0 comp rx=0 tx=0).handle_read_frame_segment r=0
2026-02-12T10:33:51.222+0000 7fe59f1fe640 10 --2- [v2:127.0.0.1:6808/3193795536,v1:127.0.0.1:6809/3193795536] >> conn(0xcb17c00 0xcafc680 crc :-1 s=AUTH_ACCEPTING_SIGN pgs=0 gs=0 cs=0 l=1 c_cookie=0 s_cookie=0 reconnecting=0 rev1=1 crypto rx=0 tx=0 comp rx=0 tx=0).handle_read_frame_dispatch tag=7
2026-02-12T10:33:51.222+0000 7fe59f1fe640 20 --2- [v2:127.0.0.1:6808/3193795536,v1:127.0.0.1:6809/3193795536] >> conn(0xcb17c00 0xcafc680 crc :-1 s=AUTH_ACCEPTING_SIGN pgs=0 gs=0 cs=0 l=1 c_cookie=0 s_cookie=0 reconnecting=0 rev1=1 crypto rx=0 tx=0 comp rx=0 tx=0).handle_auth_signature payload.length()=32
2026-02-12T10:33:51.222+0000 7fe59f1fe640 20 --2- [v2:127.0.0.1:6808/3193795536,v1:127.0.0.1:6809/3193795536] >> conn(0xcb17c00 0xcafc680 crc :-1 s=AUTH_ACCEPTING_SIGN pgs=0 gs=0 cs=0 l=1 c_cookie=0 s_cookie=0 reconnecting=0 rev1=1 crypto rx=0 tx=0 comp rx=0 tx=0).handle_auth_signature pre-auth signature success sig_frame.signature()=0000000000000000000000000000000000000000000000000000000000000000
2026-02-12T10:33:51.222+0000 7fe59f1fe640 20 --2- [v2:127.0.0.1:6808/3193795536,v1:127.0.0.1:6809/3193795536] >> conn(0xcb17c00 0xcafc680 crc :-1 s=AUTH_ACCEPTING_SIGN pgs=0 gs=0 cs=0 l=1 c_cookie=0 s_cookie=0 reconnecting=0 rev1=1 crypto rx=0 tx=0 comp rx=0 tx=0).finish_server_auth
2026-02-12T10:33:51.222+0000 7fe59f1fe640 20 --2- [v2:127.0.0.1:6808/3193795536,v1:127.0.0.1:6809/3193795536] >> conn(0xcb17c00 0xcafc680 crc :-1 s=COMPRESSION_ACCEPTING pgs=0 gs=0 cs=0 l=1 c_cookie=0 s_cookie=0 reconnecting=0 rev1=1 crypto rx=0 tx=0 comp rx=0 tx=0).read_frame
2026-02-12T10:33:51.222+0000 7fe59f1fe640 20 -- [v2:127.0.0.1:6808/3193795536,v1:127.0.0.1:6809/3193795536] >> conn(0xcb17c00 msgr2=0xcafc680 crc :-1 s=STATE_CONNECTION_ESTABLISHED l=1).read start len=32
2026-02-12T10:33:51.222+0000 7fe59f1fe640 20 --2- [v2:127.0.0.1:6808/3193795536,v1:127.0.0.1:6809/3193795536] >> conn(0xcb17c00 0xcafc680 crc :-1 s=COMPRESSION_ACCEPTING pgs=0 gs=0 cs=0 l=1 c_cookie=0 s_cookie=0 reconnecting=0 rev1=1 crypto rx=0 tx=0 comp rx=0 tx=0).handle_read_frame_preamble_main r=0
2026-02-12T10:33:51.222+0000 7fe59f1fe640 20 --2- [v2:127.0.0.1:6808/3193795536,v1:127.0.0.1:6809/3193795536] >> conn(0xcb17c00 0xcafc680 crc :-1 s=COMPRESSION_ACCEPTING pgs=0 gs=0 cs=0 l=1 c_cookie=0 s_cookie=0 reconnecting=0 rev1=1 crypto rx=0 tx=0 comp rx=0 tx=0).read_frame_segment seg_idx=0
2026-02-12T10:33:51.222+0000 7fe59f1fe640 20 -- [v2:127.0.0.1:6808/3193795536,v1:127.0.0.1:6809/3193795536] >> conn(0xcb17c00 msgr2=0xcafc680 crc :-1 s=STATE_CONNECTION_ESTABLISHED l=1).read start len=9
2026-02-12T10:33:51.222+0000 7fe59f1fe640 20 --2- [v2:127.0.0.1:6808/3193795536,v1:127.0.0.1:6809/3193795536] >> conn(0xcb17c00 0xcafc680 crc :-1 s=COMPRESSION_ACCEPTING pgs=0 gs=0 cs=0 l=1 c_cookie=0 s_cookie=0 reconnecting=0 rev1=1 crypto rx=0 tx=0 comp rx=0 tx=0).handle_read_frame_segment r=0
2026-02-12T10:33:51.222+0000 7fe59f1fe640 10 --2- [v2:127.0.0.1:6808/3193795536,v1:127.0.0.1:6809/3193795536] >> conn(0xcb17c00 0xcafc680 crc :-1 s=COMPRESSION_ACCEPTING pgs=0 gs=0 cs=0 l=1 c_cookie=0 s_cookie=0 reconnecting=0 rev1=1 crypto rx=0 tx=0 comp rx=0 tx=0).handle_read_frame_dispatch tag=21
2026-02-12T10:33:51.222+0000 7fe59f1fe640 10 --2- [v2:127.0.0.1:6808/3193795536,v1:127.0.0.1:6809/3193795536] >> conn(0xcb17c00 0xcafc680 crc :-1 s=COMPRESSION_ACCEPTING pgs=0 gs=0 cs=0 l=1 c_cookie=0 s_cookie=0 reconnecting=0 rev1=1 crypto rx=0 tx=0 comp rx=0 tx=0).handle_compression_request CompressionRequestFrame(is_compress=0, preferred_methods=[])
2026-02-12T10:33:51.222+0000 7fe59f1fe640 20 CompressorRegistry(0xc4d8218) get_mode peer_type 8 is_secure 0
2026-02-12T10:33:51.222+0000 7fe59f1fe640 10 -- [v2:127.0.0.1:6808/3193795536,v1:127.0.0.1:6809/3193795536] >> conn(0xcb17c00 msgr2=0xcafc680 crc :-1 s=STATE_CONNECTION_ESTABLISHED l=1)._try_send sent bytes 41 remaining bytes 0
2026-02-12T10:33:51.222+0000 7fe59f1fe640 20 --2- [v2:127.0.0.1:6808/3193795536,v1:127.0.0.1:6809/3193795536] >> conn(0xcb17c00 0xcafc680 crc :-1 s=SESSION_ACCEPTING pgs=0 gs=0 cs=0 l=1 c_cookie=0 s_cookie=0 reconnecting=0 rev1=1 crypto rx=0 tx=0 comp rx=0 tx=0).read_frame
2026-02-12T10:33:51.222+0000 7fe59f1fe640 20 -- [v2:127.0.0.1:6808/3193795536,v1:127.0.0.1:6809/3193795536] >> conn(0xcb17c00 msgr2=0xcafc680 crc :-1 s=STATE_CONNECTION_ESTABLISHED l=1).read start len=32
2026-02-12T10:33:51.222+0000 7fe59f1fe640 20 -- [v2:127.0.0.1:6808/3193795536,v1:127.0.0.1:6809/3193795536] >> conn(0xcb17c00 msgr2=0xcafc680 crc :-1 s=STATE_CONNECTION_ESTABLISHED l=1).process
2026-02-12T10:33:51.222+0000 7fe59f1fe640 20 -- [v2:127.0.0.1:6808/3193795536,v1:127.0.0.1:6809/3193795536] >> conn(0xcb17c00 msgr2=0xcafc680 crc :-1 s=STATE_CONNECTION_ESTABLISHED l=1).read continue len=32
2026-02-12T10:33:51.222+0000 7fe59f1fe640 20 --2- [v2:127.0.0.1:6808/3193795536,v1:127.0.0.1:6809/3193795536] >> conn(0xcb17c00 0xcafc680 crc :-1 s=SESSION_ACCEPTING pgs=0 gs=0 cs=0 l=1 c_cookie=0 s_cookie=0 reconnecting=0 rev1=1 crypto rx=0 tx=0 comp rx=0 tx=0).handle_read_frame_preamble_main r=0
2026-02-12T10:33:51.222+0000 7fe59f1fe640 20 --2- [v2:127.0.0.1:6808/3193795536,v1:127.0.0.1:6809/3193795536] >> conn(0xcb17c00 0xcafc680 crc :-1 s=SESSION_ACCEPTING pgs=0 gs=0 cs=0 l=1 c_cookie=0 s_cookie=0 reconnecting=0 rev1=1 crypto rx=0 tx=0 comp rx=0 tx=0).read_frame_segment seg_idx=0
2026-02-12T10:33:51.222+0000 7fe59f1fe640 20 -- [v2:127.0.0.1:6808/3193795536,v1:127.0.0.1:6809/3193795536] >> conn(0xcb17c00 msgr2=0xcafc680 crc :-1 s=STATE_CONNECTION_ESTABLISHED l=1).read start len=127
2026-02-12T10:33:51.222+0000 7fe59f1fe640 20 --2- [v2:127.0.0.1:6808/3193795536,v1:127.0.0.1:6809/3193795536] >> conn(0xcb17c00 0xcafc680 crc :-1 s=SESSION_ACCEPTING pgs=0 gs=0 cs=0 l=1 c_cookie=0 s_cookie=0 reconnecting=0 rev1=1 crypto rx=0 tx=0 comp rx=0 tx=0).handle_read_frame_segment r=0
2026-02-12T10:33:51.222+0000 7fe59f1fe640 10 --2- [v2:127.0.0.1:6808/3193795536,v1:127.0.0.1:6809/3193795536] >> conn(0xcb17c00 0xcafc680 crc :-1 s=SESSION_ACCEPTING pgs=0 gs=0 cs=0 l=1 c_cookie=0 s_cookie=0 reconnecting=0 rev1=1 crypto rx=0 tx=0 comp rx=0 tx=0).handle_read_frame_dispatch tag=8
2026-02-12T10:33:51.222+0000 7fe59f1fe640 20 --2- [v2:127.0.0.1:6808/3193795536,v1:127.0.0.1:6809/3193795536] >> conn(0xcb17c00 0xcafc680 crc :-1 s=SESSION_ACCEPTING pgs=0 gs=0 cs=0 l=1 c_cookie=0 s_cookie=0 reconnecting=0 rev1=1 crypto rx=0 tx=0 comp rx=0 tx=0).handle_client_ident payload.length()=123
2026-02-12T10:33:51.222+0000 7fe59f1fe640 5 --2- [v2:127.0.0.1:6808/3193795536,v1:127.0.0.1:6809/3193795536] >> conn(0xcb17c00 0xcafc680 crc :-1 s=SESSION_ACCEPTING pgs=0 gs=0 cs=0 l=1 c_cookie=0 s_cookie=0 reconnecting=0 rev1=1 crypto rx=0 tx=0 comp rx=0 tx=0).handle_client_ident received client identification: addrs=127.0.0.1:0/2721305900 target=v2:127.0.0.1:6808/3193795536 gid=4132 global_seq=2 features_supported=3f0ffffffffdffff features_required=800000000001000 flags=1 cookie=0
2026-02-12T10:33:51.222+0000 7fe59f1fe640 10 -- [v2:127.0.0.1:6808/3193795536,v1:127.0.0.1:6809/3193795536] >> 127.0.0.1:0/2721305900 conn(0xcb17c00 msgr2=0xcafc680 crc :-1 s=STATE_CONNECTION_ESTABLISHED l=1)._infer_target_addr 127.0.0.1:0/2721305900 -> 127.0.0.1:0/2721305900
2026-02-12T10:33:51.222+0000 7fe59f1fe640 20 --2- [v2:127.0.0.1:6808/3193795536,v1:127.0.0.1:6809/3193795536] >> 127.0.0.1:0/2721305900 conn(0xcb17c00 0xcafc680 crc :-1 s=SESSION_ACCEPTING pgs=2 gs=0 cs=0 l=1 c_cookie=0 s_cookie=0 reconnecting=0 rev1=1 crypto rx=0 tx=0 comp rx=0 tx=0).send_server_ident
2026-02-12T10:33:51.222+0000 7fe59f1fe640 10 --2- [v2:127.0.0.1:6808/3193795536,v1:127.0.0.1:6809/3193795536] >> 127.0.0.1:0/2721305900 conn(0xcb17c00 0xcafc680 crc :-1 s=SESSION_ACCEPTING pgs=2 gs=0 cs=0 l=1 c_cookie=0 s_cookie=0 reconnecting=0 rev1=1 crypto rx=0 tx=0 comp rx=0 tx=0).discard_requeued_up_to 0
2026-02-12T10:33:51.222+0000 7fe59f1fe640 10 -- [v2:127.0.0.1:6808/3193795536,v1:127.0.0.1:6809/3193795536] get_global_seq increment to global_seq=11
2026-02-12T10:33:51.222+0000 7fe59f1fe640 5 --2- [v2:127.0.0.1:6808/3193795536,v1:127.0.0.1:6809/3193795536] >> 127.0.0.1:0/2721305900 conn(0xcb17c00 0xcafc680 crc :-1 s=SESSION_ACCEPTING pgs=2 gs=11 cs=0 l=1 c_cookie=0 s_cookie=0 reconnecting=0 rev1=1 crypto rx=0 tx=0 comp rx=0 tx=0).send_server_ident sending identification: addrs=[v2:127.0.0.1:6808/3193795536,v1:127.0.0.1:6809/3193795536] gid=4100 global_seq=11 features_supported=3f0ffffffffdffff features_required=800000000000000 flags=1 cookie=0
2026-02-12T10:33:51.222+0000 7fe59f1fe640 10 -- [v2:127.0.0.1:6808/3193795536,v1:127.0.0.1:6809/3193795536] >> 127.0.0.1:0/2721305900 conn(0xcb17c00 msgr2=0xcafc680 crc :-1 s=STATE_CONNECTION_ESTABLISHED l=1)._try_send sent bytes 159 remaining bytes 0
2026-02-12T10:33:51.222+0000 7fe59f1fe640 20 --2- [v2:127.0.0.1:6808/3193795536,v1:127.0.0.1:6809/3193795536] >> 127.0.0.1:0/2721305900 conn(0xcb17c00 0xcafc680 crc :-1 s=SESSION_ACCEPTING pgs=2 gs=11 cs=0 l=1 c_cookie=0 s_cookie=0 reconnecting=0 rev1=1 crypto rx=0 tx=0 comp rx=0 tx=0).server_ready
2026-02-12T10:33:51.222+0000 7fe59f1fe640 1 --2- [v2:127.0.0.1:6808/3193795536,v1:127.0.0.1:6809/3193795536] >> 127.0.0.1:0/2721305900 conn(0xcb17c00 0xcafc680 crc :-1 s=READY pgs=2 gs=11 cs=0 l=1 c_cookie=0 s_cookie=0 reconnecting=0 rev1=1 crypto rx=0 tx=0 comp rx=0 tx=0).ready entity=client.4132 client_cookie=0 server_cookie=0 in_seq=0 out_seq=0
2026-02-12T10:33:51.222+0000 7fe59f1fe640 20 --2- [v2:127.0.0.1:6808/3193795536,v1:127.0.0.1:6809/3193795536] >> 127.0.0.1:0/2721305900 conn(0xcb17c00 0xcafc680 crc :-1 s=READY pgs=2 gs=11 cs=0 l=1 c_cookie=0 s_cookie=0 reconnecting=0 rev1=1 crypto rx=0 tx=0 comp rx=0 tx=0).read_frame
2026-02-12T10:33:51.222+0000 7fe59f1fe640 20 -- [v2:127.0.0.1:6808/3193795536,v1:127.0.0.1:6809/3193795536] >> 127.0.0.1:0/2721305900 conn(0xcb17c00 msgr2=0xcafc680 crc :-1 s=STATE_CONNECTION_ESTABLISHED l=1).read start len=32
2026-02-12T10:33:51.236+0000 7fe59f1fe640 20 -- 127.0.0.1:0/1352358857 >> v2:127.0.0.1:7180/0 conn(0xc5be000 msgr2=0xc5e2000 crc :-1 s=STATE_CONNECTION_ESTABLISHED l=1).process
2026-02-12T10:33:51.236+0000 7fe59f1fe640 20 -- 127.0.0.1:0/1352358857 >> v2:127.0.0.1:7180/0 conn(0xc5be000 msgr2=0xc5e2000 crc :-1 s=STATE_CONNECTION_ESTABLISHED l=1).read continue len=32
2026-02-12T10:33:51.236+0000 7fe59f1fe640 20 --2- 127.0.0.1:0/1352358857 >> v2:127.0.0.1:7180/0 conn(0xc5be000 0xc5e2000 crc :-1 s=READY pgs=18 gs=2 cs=0 l=1 c_cookie=14059524773488292778 s_cookie=0 reconnecting=0 rev1=1 crypto rx=0 tx=0 comp rx=0 tx=0).handle_read_frame_preamble_main r=0
2026-02-12T10:33:51.236+0000 7fe59f1fe640 20 --2- 127.0.0.1:0/1352358857 >> v2:127.0.0.1:7180/0 conn(0xc5be000 0xc5e2000 crc :-1 s=THROTTLE_MESSAGE pgs=18 gs=2 cs=0 l=1 c_cookie=14059524773488292778 s_cookie=0 reconnecting=0 rev1=1 crypto rx=0 tx=0 comp rx=0 tx=0).throttle_message
