2026-02-16T23:51:43.005+0000 7f8a355e8640 1 --2- 10.20.193.116:0/4018605672 >> [v2:10.20.193.116:3300/0,v1:10.20.193.116:6789/0] conn(0x7f8a301132f0 0x7f8a301227a0 secure :-1 s=READY pgs=75 gs=1 cs=0 l=1 c_cookie=0 s_cookie=0 reconnecting=0 rev1=1 crypto rx=0x7f8a20009260 tx=0x7f8a20035fa0 comp rx=0 tx=0).ready entity=mon.0 client_cookie=0 server_cookie=0 in_seq=0 out_seq=0
2026-02-16T23:51:43.147 INFO:teuthology.orchestra.run.trial116.stdout:/usr/bin/ceph: stderr
2026-02-16T23:51:43.005+0000 7f8a1e7fc640 1 -- 10.20.193.116:0/4018605672 <== mon.0 v2:10.20.193.116:3300/0 1 ==== mon_map magic: 0 ==== 213+0+0 (secure 0 0 0) 0x7f8a20037ba0 con 0x7f8a301132f0
2026-02-16T23:51:43.148 INFO:teuthology.orchestra.run.trial116.stdout:/usr/bin/ceph: stderr
2026-02-16T23:51:43.005+0000 7f8a37873640 1 -- 10.20.193.116:0/4018605672 --> [v2:10.20.193.116:3300/0,v1:10.20.193.116:6789/0] -- mon_subscribe({mgrmap=0+}) -- 0x7f8a30122f00 con 0x7f8a301132f0
2026-02-16T23:51:43.148 INFO:teuthology.orchestra.run.trial116.stdout:/usr/bin/ceph: stderr
2026-02-16T23:51:43.005+0000 7f8a1e7fc640 1 -- 10.20.193.116:0/4018605672 <== mon.0 v2:10.20.193.116:3300/0 2 ==== config(26 keys) ==== 1060+0+0 (secure 0 0 0) 0x7f8a2002fdd0 con 0x7f8a301132f0
2026-02-16T23:51:43.148 INFO:teuthology.orchestra.run.trial116.stdout:/usr/bin/ceph: stderr
2026-02-16T23:51:43.005+0000 7f8a1e7fc640 1 -- 10.20.193.116:0/4018605672 <== mon.0 v2:10.20.193.116:3300/0 3 ==== mon_map magic: 0 ==== 213+0+0 (secure 0 0 0) 0x7f8a20003850 con 0x7f8a301132f0
2026-02-16T23:51:43.148 INFO:teuthology.orchestra.run.trial116.stdout:/usr/bin/ceph: stderr
2026-02-16T23:51:43.005+0000 7f8a37873640 1 -- 10.20.193.116:0/4018605672 --> [v2:10.20.193.116:3300/0,v1:10.20.193.116:6789/0] -- mon_subscribe({osdmap=0}) -- 0x7f8a30123980 con 0x7f8a301132f0
2026-02-16T23:51:43.148 INFO:teuthology.orchestra.run.trial116.stdout:/usr/bin/ceph: stderr
2026-02-16T23:51:43.005+0000 7f8a1e7fc640 1 -- 10.20.193.116:0/4018605672 <== mon.0 v2:10.20.193.116:3300/0 4 ==== mgrmap(e 11) ==== 52944+0+0 (secure 0 0 0) 0x7f8a2003e070 con 0x7f8a301132f0
2026-02-16T23:51:43.148 INFO:teuthology.orchestra.run.trial116.stdout:/usr/bin/ceph: stderr
2026-02-16T23:51:43.005+0000 7f8a37873640 1 -- 10.20.193.116:0/4018605672 --> [v2:10.20.193.116:3300/0,v1:10.20.193.116:6789/0] -- mon_command({"prefix": "get_command_descriptions"} v 0) -- 0x7f8a30123410 con 0x7f8a301132f0
2026-02-16T23:51:43.148 INFO:teuthology.orchestra.run.trial116.stdout:/usr/bin/ceph: stderr
2026-02-16T23:51:43.006+0000 7f8a1e7fc640 1 --2- 10.20.193.116:0/4018605672 >> v2:10.20.193.116:6800/2906448718 conn(0x7f8a0c03f920 0x7f8a0c05fdd0 unknown :-1 s=NONE pgs=0 gs=0 cs=0 l=1 c_cookie=0 s_cookie=0 reconnecting=0 rev1=0 crypto rx=0 tx=0 comp rx=0 tx=0).connect
2026-02-16T23:51:43.148 INFO:teuthology.orchestra.run.trial116.stdout:/usr/bin/ceph: stderr
2026-02-16T23:51:43.006+0000 7f8a1e7fc640 1 -- 10.20.193.116:0/4018605672 <== mon.0 v2:10.20.193.116:3300/0 5 ==== osd_map(3..3 src has 1..3) ==== 1064+0+0 (secure 0 0 0) 0x7f8a20078620 con 0x7f8a301132f0
2026-02-16T23:51:43.148 INFO:teuthology.orchestra.run.trial116.stdout:/usr/bin/ceph: stderr
2026-02-16T23:51:43.006+0000 7f8a34de7640 1 --2- 10.20.193.116:0/4018605672 >> v2:10.20.193.116:6800/2906448718 conn(0x7f8a0c03f920 0x7f8a0c05fdd0 unknown :-1 s=BANNER_CONNECTING pgs=0 gs=2 cs=0 l=1 c_cookie=0 s_cookie=0 reconnecting=0 rev1=0 crypto rx=0 tx=0 comp rx=0 tx=0)._handle_peer_banner_payload supported=3 required=0
2026-02-16T23:51:43.148 INFO:teuthology.orchestra.run.trial116.stdout:/usr/bin/ceph: stderr
2026-02-16T23:51:43.006+0000 7f8a34de7640 1 --2- 10.20.193.116:0/4018605672 >> v2:10.20.193.116:6800/2906448718 conn(0x7f8a0c03f920 0x7f8a0c05fdd0 secure :-1 s=READY pgs=9 gs=2 cs=0 l=1 c_cookie=0 s_cookie=0 reconnecting=0 rev1=1 crypto rx=0x7f8a24006fd0 tx=0x7f8a24006e60 comp rx=0 tx=0).ready entity=mgr.14152 client_cookie=0 server_cookie=0 in_seq=0 out_seq=0
2026-02-16T23:51:43.148 INFO:teuthology.orchestra.run.trial116.stdout:/usr/bin/ceph: stderr
2026-02-16T23:51:43.008+0000 7f8a1e7fc640 1 -- 10.20.193.116:0/4018605672 <== mon.0 v2:10.20.193.116:3300/0 6 ==== mon_command_ack([{"prefix": "get_command_descriptions"}]=0 v0) ==== 72+0+231697 (secure 0 0 0) 0x7f8a20036850 con 0x7f8a301132f0
2026-02-16T23:51:43.148 INFO:teuthology.orchestra.run.trial116.stdout:/usr/bin/ceph: stderr
2026-02-16T23:51:43.113+0000 7f8a1e7fc640 1 -- 10.20.193.116:0/4018605672 <== mon.0 v2:10.20.193.116:3300/0 7 ==== mgrmap(e 12) ==== 53050+0+0 (secure 0 0 0) 0x7f8a20049440 con 0x7f8a301132f0
2026-02-16T23:51:43.148 INFO:teuthology.orchestra.run.trial116.stdout:/usr/bin/ceph: stderr
2026-02-16T23:51:43.119+0000 7f8a37873640 1 -- 10.20.193.116:0/4018605672 --> v2:10.20.193.116:6800/2906448718 -- mgr_command(tid 0: {"prefix": "dashboard set-ssl-certificate-key", "target": ["mon-mgr", ""]}) -- 0x7f8a3004da10 con 0x7f8a0c03f920
2026-02-16T23:51:43.148 INFO:teuthology.orchestra.run.trial116.stdout:/usr/bin/ceph: stderr
2026-02-16T23:51:43.121+0000 7f8a1e7fc640 1 -- 10.20.193.116:0/4018605672 <== mgr.14152 v2:10.20.193.116:6800/2906448718 1 ==== mgr_command_reply(tid 0: 0 ) ==== 8+0+28 (secure 0 0 0) 0x7f8a3004da10 con 0x7f8a0c03f920
2026-02-16T23:51:43.148 INFO:teuthology.orchestra.run.trial116.stdout:/usr/bin/ceph: stderr
2026-02-16T23:51:43.122+0000 7f8a37873640 1 -- 10.20.193.116:0/4018605672 >> v2:10.20.193.116:6800/2906448718 conn(0x7f8a0c03f920 msgr2=0x7f8a0c05fdd0 secure :-1 s=STATE_CONNECTION_ESTABLISHED l=1).mark_down
2026-02-16T23:51:43.148 INFO:teuthology.orchestra.run.trial116.stdout:/usr/bin/ceph: stderr
2026-02-16T23:51:43.122+0000 7f8a37873640 1 --2- 10.20.193.116:0/4018605672 >> v2:10.20.193.116:6800/2906448718 conn(0x7f8a0c03f920 0x7f8a0c05fdd0 secure :-1 s=READY pgs=9 gs=2 cs=0 l=1 c_cookie=0 s_cookie=0 reconnecting=0 rev1=1 crypto rx=0x7f8a24006fd0 tx=0x7f8a24006e60 comp rx=0 tx=0).stop
2026-02-16T23:51:43.148 INFO:teuthology.orchestra.run.trial116.stdout:/usr/bin/ceph: stderr
2026-02-16T23:51:43.122+0000 7f8a37873640 1 -- 10.20.193.116:0/4018605672 >> [v2:10.20.193.116:3300/0,v1:10.20.193.116:6789/0] conn(0x7f8a301132f0 msgr2=0x7f8a301227a0 secure :-1 s=STATE_CONNECTION_ESTABLISHED l=1).mark_down
2026-02-16T23:51:43.148 INFO:teuthology.orchestra.run.trial116.stdout:/usr/bin/ceph: stderr
2026-02-16T23:51:43.122+0000 7f8a37873640 1 --2- 10.20.193.116:0/4018605672 >> [v2:10.20.193.116:3300/0,v1:10.20.193.116:6789/0] conn(0x7f8a301132f0 0x7f8a301227a0 secure :-1 s=READY pgs=75 gs=1 cs=0 l=1 c_cookie=0 s_cookie=0 reconnecting=0 rev1=1 crypto rx=0x7f8a20009260 tx=0x7f8a20035fa0 comp rx=0 tx=0).stop
2026-02-16T23:51:43.148 INFO:teuthology.orchestra.run.trial116.stdout:/usr/bin/ceph: stderr
2026-02-16T23:51:43.122+0000 7f8a37873640 1 -- 10.20.193.116:0/4018605672 shutdown_connections
2026-02-16T23:51:43.148 INFO:teuthology.orchestra.run.trial116.stdout:/usr/bin/ceph: stderr
2026-02-16T23:51:43.122+0000 7f8a37873640 1 --2- 10.20.193.116:0/4018605672 >> v2:10.20.193.116:6800/2906448718 conn(0x7f8a0c03f920 0x7f8a0c05fdd0 unknown :-1 s=CLOSED pgs=9 gs=2 cs=0 l=1 c_cookie=0 s_cookie=0 reconnecting=0 rev1=1 crypto rx=0 tx=0 comp rx=0 tx=0).stop
2026-02-16T23:51:43.148 INFO:teuthology.orchestra.run.trial116.stdout:/usr/bin/ceph: stderr
2026-02-16T23:51:43.122+0000 7f8a37873640 1 --2- 10.20.193.116:0/4018605672 >> [v2:10.20.193.116:3300/0,v1:10.20.193.116:6789/0] conn(0x7f8a301132f0 0x7f8a301227a0 unknown :-1 s=CLOSED pgs=75 gs=1 cs=0 l=1 c_cookie=0 s_cookie=0 reconnecting=0 rev1=1 crypto rx=0 tx=0 comp rx=0 tx=0).stop
2026-02-16T23:51:43.148 INFO:teuthology.orchestra.run.trial116.stdout:/usr/bin/ceph: stderr
2026-02-16T23:51:43.122+0000 7f8a37873640 1 -- 10.20.193.116:0/4018605672 >> 10.20.193.116:0/4018605672 conn(0x7f8a30068770 msgr2=0x7f8a30110ee0 unknown :-1 s=STATE_NONE l=0).mark_down
2026-02-16T23:51:43.148 INFO:teuthology.orchestra.run.trial116.stdout:/usr/bin/ceph: stderr
2026-02-16T23:51:43.122+0000 7f8a37873640 1 -- 10.20.193.116:0/4018605672 shutdown_connections
2026-02-16T23:51:43.148 INFO:teuthology.orchestra.run.trial116.stdout:/usr/bin/ceph: stderr
2026-02-16T23:51:43.122+0000 7f8a37873640 1 -- 10.20.193.116:0/4018605672 wait complete.
2026-02-16T23:51:43.148 INFO:teuthology.orchestra.run.trial116.stdout:Creating initial admin user...
2026-02-16T23:51:43.584 INFO:teuthology.orchestra.run.trial116.stdout:/usr/bin/ceph: stdout {"username": "admin", "password": "$2b$12$XKHLRf2dS10Hjt3K8oRi5eE970jjQ4ao6JCq71XMpVWW9qxMc18x6", "roles": ["administrator"], "name": null, "email": null, "lastUpdate": 1771285903, "enabled": true, "pwdExpirationDate": null, "pwdUpdateRequired": true}
2026-02-16T23:51:43.584 INFO:teuthology.orchestra.run.trial116.stdout:/usr/bin/ceph: stderr
2026-02-16T23:51:43.239+0000 7f750b9ea640 1 Processor -- start
2026-02-16T23:51:43.584 INFO:teuthology.orchestra.run.trial116.stdout:/usr/bin/ceph: stderr
2026-02-16T23:51:43.239+0000 7f750b9ea640 1 -- start start
2026-02-16T23:51:43.584 INFO:teuthology.orchestra.run.trial116.stdout:/usr/bin/ceph: stderr
2026-02-16T23:51:43.239+0000 7f750b9ea640 1 --2- >> [v2:10.20.193.116:3300/0,v1:10.20.193.116:6789/0] conn(0x7f75041132e0 0x7f75041136d0 unknown :-1 s=NONE pgs=0 gs=0 cs=0 l=0 c_cookie=0 s_cookie=0 reconnecting=0 rev1=0 crypto rx=0 tx=0 comp rx=0 tx=0).connect
2026-02-16T23:51:43.584 INFO:teuthology.orchestra.run.trial116.stdout:/usr/bin/ceph: stderr
2026-02-16T23:51:43.239+0000 7f750b9ea640 1 -- --> [v2:10.20.193.116:3300/0,v1:10.20.193.116:6789/0] -- mon_getmap magic: 0 -- 0x7f7504113cc0 con 0x7f75041132e0
2026-02-16T23:51:43.584 INFO:teuthology.orchestra.run.trial116.stdout:/usr/bin/ceph: stderr
2026-02-16T23:51:43.239+0000 7f750975f640 1 --2- >> [v2:10.20.193.116:3300/0,v1:10.20.193.116:6789/0] conn(0x7f75041132e0 0x7f75041136d0 unknown :-1 s=BANNER_CONNECTING pgs=0 gs=1 cs=0 l=0 c_cookie=0 s_cookie=0 reconnecting=0 rev1=0 crypto rx=0 tx=0 comp rx=0 tx=0)._handle_peer_banner_payload supported=3 required=0
2026-02-16T23:51:43.584 INFO:teuthology.orchestra.run.trial116.stdout:/usr/bin/ceph: stderr
2026-02-16T23:51:43.239+0000 7f750975f640 1 --2- >> [v2:10.20.193.116:3300/0,v1:10.20.193.116:6789/0] conn(0x7f75041132e0 0x7f75041136d0 unknown :-1 s=HELLO_CONNECTING pgs=0 gs=1 cs=0 l=0 c_cookie=0 s_cookie=0 reconnecting=0 rev1=1 crypto rx=0 tx=0 comp rx=0 tx=0).handle_hello peer v2:10.20.193.116:3300/0 says I am v2:10.20.193.116:37652/0 (socket says 10.20.193.116:37652)
2026-02-16T23:51:43.584 INFO:teuthology.orchestra.run.trial116.stdout:/usr/bin/ceph: stderr
2026-02-16T23:51:43.239+0000 7f750975f640 1 -- 10.20.193.116:0/4149958001 learned_addr learned my addr 10.20.193.116:0/4149958001 (peer_addr_for_me v2:10.20.193.116:0/0)
2026-02-16T23:51:43.584 INFO:teuthology.orchestra.run.trial116.stdout:/usr/bin/ceph: stderr
2026-02-16T23:51:43.240+0000 7f750975f640 1 -- 10.20.193.116:0/4149958001 --> [v2:10.20.193.116:3300/0,v1:10.20.193.116:6789/0] -- mon_subscribe({config=0+,monmap=0+}) -- 0x7f7504113e00 con 0x7f75041132e0
2026-02-16T23:51:43.584 INFO:teuthology.orchestra.run.trial116.stdout:/usr/bin/ceph: stderr
2026-02-16T23:51:43.240+0000 7f750975f640 1 --2- 10.20.193.116:0/4149958001 >> [v2:10.20.193.116:3300/0,v1:10.20.193.116:6789/0] conn(0x7f75041132e0 0x7f75041136d0 secure :-1 s=READY pgs=76 gs=1 cs=0 l=1 c_cookie=8917469820820767201 s_cookie=0 reconnecting=0 rev1=1 crypto rx=0x7f74f4009850 tx=0x7f74f402eeb0 comp rx=0 tx=0).ready entity=mon.0 client_cookie=7bc1378e2549c1e1 server_cookie=0 in_seq=0 out_seq=0
2026-02-16T23:51:43.584 INFO:teuthology.orchestra.run.trial116.stdout:/usr/bin/ceph: stderr
2026-02-16T23:51:43.240+0000 7f74f3fff640 1 -- 10.20.193.116:0/4149958001 <== mon.0 v2:10.20.193.116:3300/0 1 ==== mon_map magic: 0 ==== 213+0+0 (secure 0 0 0) 0x7f74f402f940 con 0x7f75041132e0
2026-02-16T23:51:43.584 INFO:teuthology.orchestra.run.trial116.stdout:/usr/bin/ceph: stderr
2026-02-16T23:51:43.240+0000 7f74f3fff640 1 -- 10.20.193.116:0/4149958001 <== mon.0 v2:10.20.193.116:3300/0 2 ==== config(26 keys) ==== 1060+0+0 (secure 0 0 0) 0x7f74f4037440 con 0x7f75041132e0
2026-02-16T23:51:43.584 INFO:teuthology.orchestra.run.trial116.stdout:/usr/bin/ceph: stderr
2026-02-16T23:51:43.240+0000 7f74f3fff640 1 -- 10.20.193.116:0/4149958001 <== mon.0 v2:10.20.193.116:3300/0 3 ==== mon_map magic: 0 ==== 213+0+0 (secure 0 0 0) 0x7f74f40354e0 con 0x7f75041132e0
2026-02-16T23:51:43.584 INFO:teuthology.orchestra.run.trial116.stdout:/usr/bin/ceph: stderr
2026-02-16T23:51:43.240+0000 7f750b9ea640 1 -- 10.20.193.116:0/4149958001 >> [v2:10.20.193.116:3300/0,v1:10.20.193.116:6789/0] conn(0x7f75041132e0 msgr2=0x7f75041136d0 secure :-1 s=STATE_CONNECTION_ESTABLISHED l=1).mark_down
2026-02-16T23:51:43.585 INFO:teuthology.orchestra.run.trial116.stdout:/usr/bin/ceph: stderr
2026-02-16T23:51:43.240+0000 7f750b9ea640 1 --2- 10.20.193.116:0/4149958001 >> [v2:10.20.193.116:3300/0,v1:10.20.193.116:6789/0] conn(0x7f75041132e0 0x7f75041136d0 secure :-1 s=READY pgs=76 gs=1 cs=0 l=1 c_cookie=8917469820820767201 s_cookie=0 reconnecting=0 rev1=1 crypto rx=0x7f74f4009850 tx=0x7f74f402eeb0 comp rx=0 tx=0).stop
2026-02-16T23:51:43.585 INFO:teuthology.orchestra.run.trial116.stdout:/usr/bin/ceph: stderr
2026-02-16T23:51:43.241+0000 7f750b9ea640 1 -- 10.20.193.116:0/4149958001 shutdown_connections
2026-02-16T23:51:43.585 INFO:teuthology.orchestra.run.trial116.stdout:/usr/bin/ceph: stderr
2026-02-16T23:51:43.241+0000 7f750b9ea640 1 --2- 10.20.193.116:0/4149958001 >> [v2:10.20.193.116:3300/0,v1:10.20.193.116:6789/0] conn(0x7f75041132e0 0x7f75041136d0 unknown :-1 s=CLOSED pgs=76 gs=1 cs=0 l=1 c_cookie=8917469820820767201 s_cookie=0 reconnecting=0 rev1=1 crypto rx=0 tx=0 comp rx=0 tx=0).stop
2026-02-16T23:51:43.585 INFO:teuthology.orchestra.run.trial116.stdout:/usr/bin/ceph: stderr
2026-02-16T23:51:43.241+0000 7f750b9ea640 1 -- 10.20.193.116:0/4149958001 >> 10.20.193.116:0/4149958001 conn(0x7f7504068760 msgr2=0x7f7504110ee0 unknown :-1 s=STATE_NONE l=0).mark_down
2026-02-16T23:51:43.585 INFO:teuthology.orchestra.run.trial116.stdout:/usr/bin/ceph: stderr
2026-02-16T23:51:43.241+0000 7f750b9ea640 1 -- 10.20.193.116:0/4149958001 shutdown_connections
2026-02-16T23:51:43.585 INFO:teuthology.orchestra.run.trial116.stdout:/usr/bin/ceph: stderr
2026-02-16T23:51:43.241+0000 7f750b9ea640 1 -- 10.20.193.116:0/4149958001 wait complete.
2026-02-16T23:51:43.585 INFO:teuthology.orchestra.run.trial116.stdout:/usr/bin/ceph: stderr
2026-02-16T23:51:43.241+0000 7f750b9ea640 1 Processor -- start
2026-02-16T23:51:43.585 INFO:teuthology.orchestra.run.trial116.stdout:/usr/bin/ceph: stderr
2026-02-16T23:51:43.241+0000 7f750b9ea640 1 -- start start
2026-02-16T23:51:43.585 INFO:teuthology.orchestra.run.trial116.stdout:/usr/bin/ceph: stderr
2026-02-16T23:51:43.241+0000 7f750b9ea640 1 --2- >> [v2:10.20.193.116:3300/0,v1:10.20.193.116:6789/0] conn(0x7f75041132e0 0x7f7504122760 unknown :-1 s=NONE pgs=0 gs=0 cs=0 l=1 c_cookie=0 s_cookie=0 reconnecting=0 rev1=0 crypto rx=0 tx=0 comp rx=0 tx=0).connect
2026-02-16T23:51:43.585 INFO:teuthology.orchestra.run.trial116.stdout:/usr/bin/ceph: stderr
2026-02-16T23:51:43.241+0000 7f750b9ea640 1 -- --> [v2:10.20.193.116:3300/0,v1:10.20.193.116:6789/0] -- mon_getmap magic: 0 -- 0x7f7504122cc0 con 0x7f75041132e0
2026-02-16T23:51:43.585 INFO:teuthology.orchestra.run.trial116.stdout:/usr/bin/ceph: stderr
2026-02-16T23:51:43.241+0000 7f750975f640 1 --2- >> [v2:10.20.193.116:3300/0,v1:10.20.193.116:6789/0] conn(0x7f75041132e0 0x7f7504122760 unknown :-1 s=BANNER_CONNECTING pgs=0 gs=1 cs=0 l=1 c_cookie=0 s_cookie=0 reconnecting=0 rev1=0 crypto rx=0 tx=0 comp rx=0 tx=0)._handle_peer_banner_payload supported=3 required=0
2026-02-16T23:51:43.585 INFO:teuthology.orchestra.run.trial116.stdout:/usr/bin/ceph: stderr
2026-02-16T23:51:43.241+0000 7f750975f640 1 --2- >> [v2:10.20.193.116:3300/0,v1:10.20.193.116:6789/0] conn(0x7f75041132e0 0x7f7504122760 unknown :-1 s=HELLO_CONNECTING pgs=0 gs=1 cs=0 l=1 c_cookie=0 s_cookie=0 reconnecting=0 rev1=1 crypto rx=0 tx=0 comp rx=0 tx=0).handle_hello peer v2:10.20.193.116:3300/0 says I am v2:10.20.193.116:37656/0 (socket says 10.20.193.116:37656)
2026-02-16T23:51:43.585 INFO:teuthology.orchestra.run.trial116.stdout:/usr/bin/ceph: stderr
2026-02-16T23:51:43.241+0000 7f750975f640 1 -- 10.20.193.116:0/4145181127 learned_addr learned my addr 10.20.193.116:0/4145181127 (peer_addr_for_me v2:10.20.193.116:0/0)
2026-02-16T23:51:43.585 INFO:teuthology.orchestra.run.trial116.stdout:/usr/bin/ceph: stderr
2026-02-16T23:51:43.241+0000 7f750975f640 1 -- 10.20.193.116:0/4145181127 --> [v2:10.20.193.116:3300/0,v1:10.20.193.116:6789/0] -- mon_subscribe({config=0+,monmap=0+}) -- 0x7f74f40094f0 con 0x7f75041132e0
2026-02-16T23:51:43.585 INFO:teuthology.orchestra.run.trial116.stdout:/usr/bin/ceph: stderr
2026-02-16T23:51:43.241+0000 7f750975f640 1 --2- 10.20.193.116:0/4145181127 >> [v2:10.20.193.116:3300/0,v1:10.20.193.116:6789/0] conn(0x7f75041132e0 0x7f7504122760 secure :-1 s=READY pgs=77 gs=1 cs=0 l=1 c_cookie=0 s_cookie=0 reconnecting=0 rev1=1 crypto rx=0x7f74f4009260 tx=0x7f74f4035fa0 comp rx=0 tx=0).ready entity=mon.0 client_cookie=0 server_cookie=0 in_seq=0 out_seq=0
2026-02-16T23:51:43.585 INFO:teuthology.orchestra.run.trial116.stdout:/usr/bin/ceph: stderr
2026-02-16T23:51:43.241+0000 7f74f27fc640 1 -- 10.20.193.116:0/4145181127 <== mon.0 v2:10.20.193.116:3300/0 1 ==== mon_map magic: 0 ==== 213+0+0 (secure 0 0 0) 0x7f74f4037ba0 con 0x7f75041132e0
2026-02-16T23:51:43.585 INFO:teuthology.orchestra.run.trial116.stdout:/usr/bin/ceph: stderr
2026-02-16T23:51:43.241+0000 7f750b9ea640 1 -- 10.20.193.116:0/4145181127 --> [v2:10.20.193.116:3300/0,v1:10.20.193.116:6789/0] -- mon_subscribe({mgrmap=0+}) -- 0x7f7504122ec0 con 0x7f75041132e0
2026-02-16T23:51:43.585 INFO:teuthology.orchestra.run.trial116.stdout:/usr/bin/ceph: stderr
2026-02-16T23:51:43.241+0000 7f74f27fc640 1 -- 10.20.193.116:0/4145181127 <== mon.0 v2:10.20.193.116:3300/0 2 ==== config(26 keys) ==== 1060+0+0 (secure 0 0 0) 0x7f74f402fdd0 con 0x7f75041132e0
2026-02-16T23:51:43.585 INFO:teuthology.orchestra.run.trial116.stdout:/usr/bin/ceph: stderr
2026-02-16T23:51:43.241+0000 7f74f27fc640 1 -- 10.20.193.116:0/4145181127 <== mon.0 v2:10.20.193.116:3300/0 3 ==== mon_map magic: 0 ==== 213+0+0 (secure 0 0 0) 0x7f74f4003850 con 0x7f75041132e0
2026-02-16T23:51:43.585 INFO:teuthology.orchestra.run.trial116.stdout:/usr/bin/ceph: stderr
2026-02-16T23:51:43.241+0000 7f750b9ea640 1 -- 10.20.193.116:0/4145181127 --> [v2:10.20.193.116:3300/0,v1:10.20.193.116:6789/0] -- mon_subscribe({osdmap=0}) -- 0x7f7504123940 con 0x7f75041132e0
2026-02-16T23:51:43.585 INFO:teuthology.orchestra.run.trial116.stdout:/usr/bin/ceph: stderr
2026-02-16T23:51:43.242+0000 7f750b9ea640 1 -- 10.20.193.116:0/4145181127 --> [v2:10.20.193.116:3300/0,v1:10.20.193.116:6789/0] -- mon_command({"prefix": "get_command_descriptions"} v 0) -- 0x7f75041233d0 con 0x7f75041132e0
2026-02-16T23:51:43.586 INFO:teuthology.orchestra.run.trial116.stdout:/usr/bin/ceph: stderr
2026-02-16T23:51:43.242+0000 7f74f27fc640 1 -- 10.20.193.116:0/4145181127 <== mon.0 v2:10.20.193.116:3300/0 4 ==== mgrmap(e 12) ==== 53050+0+0 (secure 0 0 0) 0x7f74f403e070 con 0x7f75041132e0
2026-02-16T23:51:43.586 INFO:teuthology.orchestra.run.trial116.stdout:/usr/bin/ceph: stderr
2026-02-16T23:51:43.242+0000 7f74f27fc640 1 --2- 10.20.193.116:0/4145181127 >> v2:10.20.193.116:6800/2906448718 conn(0x7f74e003f9f0 0x7f74e005fea0 unknown :-1 s=NONE pgs=0 gs=0 cs=0 l=1 c_cookie=0 s_cookie=0 reconnecting=0 rev1=0 crypto rx=0 tx=0 comp rx=0 tx=0).connect
2026-02-16T23:51:43.586 INFO:teuthology.orchestra.run.trial116.stdout:/usr/bin/ceph: stderr
2026-02-16T23:51:43.242+0000 7f74f27fc640 1 -- 10.20.193.116:0/4145181127 <== mon.0 v2:10.20.193.116:3300/0 5 ==== osd_map(3..3 src has 1..3) ==== 1064+0+0 (secure 0 0 0) 0x7f74f4078830 con 0x7f75041132e0
2026-02-16T23:51:43.586 INFO:teuthology.orchestra.run.trial116.stdout:/usr/bin/ceph: stderr
2026-02-16T23:51:43.242+0000 7f7508f5e640 1 --2- 10.20.193.116:0/4145181127 >> v2:10.20.193.116:6800/2906448718 conn(0x7f74e003f9f0 0x7f74e005fea0 unknown :-1 s=BANNER_CONNECTING pgs=0 gs=2 cs=0 l=1 c_cookie=0 s_cookie=0 reconnecting=0 rev1=0 crypto rx=0 tx=0 comp rx=0 tx=0)._handle_peer_banner_payload supported=3 required=0
2026-02-16T23:51:43.586 INFO:teuthology.orchestra.run.trial116.stdout:/usr/bin/ceph: stderr
2026-02-16T23:51:43.242+0000 7f7508f5e640 1 --2- 10.20.193.116:0/4145181127 >> v2:10.20.193.116:6800/2906448718 conn(0x7f74e003f9f0 0x7f74e005fea0 secure :-1 s=READY pgs=10 gs=2 cs=0 l=1 c_cookie=0 s_cookie=0 reconnecting=0 rev1=1 crypto rx=0x7f74f8006fd0 tx=0x7f74f8006e60 comp rx=0 tx=0).ready entity=mgr.14152 client_cookie=0 server_cookie=0 in_seq=0 out_seq=0
2026-02-16T23:51:43.586 INFO:teuthology.orchestra.run.trial116.stdout:/usr/bin/ceph: stderr
2026-02-16T23:51:43.244+0000 7f74f27fc640 1 -- 10.20.193.116:0/4145181127 <== mon.0 v2:10.20.193.116:3300/0 6 ==== mon_command_ack([{"prefix": "get_command_descriptions"}]=0 v0) ==== 72+0+231697 (secure 0 0 0) 0x7f74f4036bf0 con 0x7f75041132e0
2026-02-16T23:51:43.586 INFO:teuthology.orchestra.run.trial116.stdout:/usr/bin/ceph: stderr
2026-02-16T23:51:43.355+0000 7f750b9ea640 1 -- 10.20.193.116:0/4145181127 --> v2:10.20.193.116:6800/2906448718 -- mgr_command(tid 0: {"prefix": "dashboard ac-user-create", "username": "admin", "rolename": "administrator", "force_password": true, "pwd_update_required": true, "target": ["mon-mgr", ""]}) -- 0x7f75041136b0 con 0x7f74e003f9f0
2026-02-16T23:51:43.586 INFO:teuthology.orchestra.run.trial116.stdout:/usr/bin/ceph: stderr
2026-02-16T23:51:43.556+0000 7f74f27fc640 1 -- 10.20.193.116:0/4145181127 <== mgr.14152 v2:10.20.193.116:6800/2906448718 1 ==== mgr_command_reply(tid 0: 0 ) ==== 8+0+252 (secure 0 0 0) 0x7f75041136b0 con 0x7f74e003f9f0
2026-02-16T23:51:43.586 INFO:teuthology.orchestra.run.trial116.stdout:/usr/bin/ceph: stderr
2026-02-16T23:51:43.558+0000 7f750b9ea640 1 -- 10.20.193.116:0/4145181127 >> v2:10.20.193.116:6800/2906448718 conn(0x7f74e003f9f0 msgr2=0x7f74e005fea0 secure :-1 s=STATE_CONNECTION_ESTABLISHED l=1).mark_down
2026-02-16T23:51:43.586 INFO:teuthology.orchestra.run.trial116.stdout:/usr/bin/ceph: stderr
2026-02-16T23:51:43.558+0000 7f750b9ea640 1 --2- 10.20.193.116:0/4145181127 >> v2:10.20.193.116:6800/2906448718 conn(0x7f74e003f9f0 0x7f74e005fea0 secure :-1 s=READY pgs=10 gs=2 cs=0 l=1 c_cookie=0 s_cookie=0 reconnecting=0 rev1=1 crypto rx=0x7f74f8006fd0 tx=0x7f74f8006e60 comp rx=0 tx=0).stop
2026-02-16T23:51:43.586 INFO:teuthology.orchestra.run.trial116.stdout:/usr/bin/ceph: stderr
2026-02-16T23:51:43.558+0000 7f750b9ea640 1 -- 10.20.193.116:0/4145181127 >> [v2:10.20.193.116:3300/0,v1:10.20.193.116:6789/0] conn(0x7f75041132e0 msgr2=0x7f7504122760 secure :-1 s=STATE_CONNECTION_ESTABLISHED l=1).mark_down
2026-02-16T23:51:43.586 INFO:teuthology.orchestra.run.trial116.stdout:/usr/bin/ceph: stderr
2026-02-16T23:51:43.558+0000 7f750b9ea640 1 --2- 10.20.193.116:0/4145181127 >> [v2:10.20.193.116:3300/0,v1:10.20.193.116:6789/0] conn(0x7f75041132e0 0x7f7504122760 secure :-1 s=READY pgs=77 gs=1 cs=0 l=1 c_cookie=0 s_cookie=0 reconnecting=0 rev1=1 crypto rx=0x7f74f4009260 tx=0x7f74f4035fa0 comp rx=0 tx=0).stop
2026-02-16T23:51:43.586 INFO:teuthology.orchestra.run.trial116.stdout:/usr/bin/ceph: stderr
2026-02-16T23:51:43.558+0000 7f750b9ea640 1 -- 10.20.193.116:0/4145181127 shutdown_connections
2026-02-16T23:51:43.586 INFO:teuthology.orchestra.run.trial116.stdout:/usr/bin/ceph: stderr
2026-02-16T23:51:43.558+0000 7f750b9ea640 1 --2- 10.20.193.116:0/4145181127 >> v2:10.20.193.116:6800/2906448718 conn(0x7f74e003f9f0 0x7f74e005fea0 unknown :-1 s=CLOSED pgs=10 gs=2 cs=0 l=1 c_cookie=0 s_cookie=0 reconnecting=0 rev1=1 crypto rx=0 tx=0 comp rx=0 tx=0).stop
2026-02-16T23:51:43.586 INFO:teuthology.orchestra.run.trial116.stdout:/usr/bin/ceph: stderr
2026-02-16T23:51:43.558+0000 7f750b9ea640 1 --2- 10.20.193.116:0/4145181127 >> [v2:10.20.193.116:3300/0,v1:10.20.193.116:6789/0] conn(0x7f75041132e0 0x7f7504122760 unknown :-1 s=CLOSED pgs=77 gs=1 cs=0 l=1 c_cookie=0 s_cookie=0 reconnecting=0 rev1=1 crypto rx=0 tx=0 comp rx=0 tx=0).stop
2026-02-16T23:51:43.586 INFO:teuthology.orchestra.run.trial116.stdout:/usr/bin/ceph: stderr
2026-02-16T23:51:43.558+0000 7f750b9ea640 1 -- 10.20.193.116:0/4145181127 >> 10.20.193.116:0/4145181127 conn(0x7f7504068760 msgr2=0x7f7504110ee0 unknown :-1 s=STATE_NONE l=0).mark_down
2026-02-16T23:51:43.586 INFO:teuthology.orchestra.run.trial116.stdout:/usr/bin/ceph: stderr
2026-02-16T23:51:43.558+0000 7f750b9ea640 1 -- 10.20.193.116:0/4145181127 shutdown_connections
2026-02-16T23:51:43.586 INFO:teuthology.orchestra.run.trial116.stdout:/usr/bin/ceph: stderr
2026-02-16T23:51:43.558+0000 7f750b9ea640 1 -- 10.20.193.116:0/4145181127 wait complete.
2026-02-16T23:51:43.586 INFO:teuthology.orchestra.run.trial116.stdout:Fetching dashboard port number...
2026-02-16T23:51:43.808 INFO:teuthology.orchestra.run.trial116.stdout:/usr/bin/ceph: stdout 8443
2026-02-16T23:51:43.808 INFO:teuthology.orchestra.run.trial116.stdout:/usr/bin/ceph: stderr
2026-02-16T23:51:43.673+0000 7f2e94a5f640 1 Processor -- start
2026-02-16T23:51:43.808 INFO:teuthology.orchestra.run.trial116.stdout:/usr/bin/ceph: stderr
2026-02-16T23:51:43.673+0000 7f2e94a5f640 1 -- start start
2026-02-16T23:51:43.808 INFO:teuthology.orchestra.run.trial116.stdout:/usr/bin/ceph: stderr
2026-02-16T23:51:43.674+0000 7f2e94a5f640 1 --2- >> [v2:10.20.193.116:3300/0,v1:10.20.193.116:6789/0] conn(0x7f2e90113270 0x7f2e90113660 unknown :-1 s=NONE pgs=0 gs=0 cs=0 l=0 c_cookie=0 s_cookie=0 reconnecting=0 rev1=0 crypto rx=0 tx=0 comp rx=0 tx=0).connect
2026-02-16T23:51:43.808 INFO:teuthology.orchestra.run.trial116.stdout:/usr/bin/ceph: stderr
2026-02-16T23:51:43.674+0000 7f2e94a5f640 1 -- --> [v2:10.20.193.116:3300/0,v1:10.20.193.116:6789/0] -- mon_getmap magic: 0 -- 0x7f2e90113c50 con 0x7f2e90113270
2026-02-16T23:51:43.808 INFO:teuthology.orchestra.run.trial116.stdout:/usr/bin/ceph: stderr
2026-02-16T23:51:43.674+0000 7f2e8e575640 1 --2- >> [v2:10.20.193.116:3300/0,v1:10.20.193.116:6789/0] conn(0x7f2e90113270 0x7f2e90113660 unknown :-1 s=BANNER_CONNECTING pgs=0 gs=1 cs=0 l=0 c_cookie=0 s_cookie=0 reconnecting=0 rev1=0 crypto rx=0 tx=0 comp rx=0 tx=0)._handle_peer_banner_payload supported=3 required=0
2026-02-16T23:51:43.808 INFO:teuthology.orchestra.run.trial116.stdout:/usr/bin/ceph: stderr
2026-02-16T23:51:43.674+0000 7f2e8e575640 1 --2- >> [v2:10.20.193.116:3300/0,v1:10.20.193.116:6789/0] conn(0x7f2e90113270 0x7f2e90113660 unknown :-1 s=HELLO_CONNECTING pgs=0 gs=1 cs=0 l=0 c_cookie=0 s_cookie=0 reconnecting=0 rev1=1 crypto rx=0 tx=0 comp rx=0 tx=0).handle_hello peer v2:10.20.193.116:3300/0 says I am v2:10.20.193.116:37660/0 (socket says 10.20.193.116:37660)
2026-02-16T23:51:43.809 INFO:teuthology.orchestra.run.trial116.stdout:/usr/bin/ceph: stderr
2026-02-16T23:51:43.674+0000 7f2e8e575640 1 -- 10.20.193.116:0/3206274526 learned_addr learned my addr 10.20.193.116:0/3206274526 (peer_addr_for_me v2:10.20.193.116:0/0)
2026-02-16T23:51:43.809 INFO:teuthology.orchestra.run.trial116.stdout:/usr/bin/ceph: stderr
2026-02-16T23:51:43.674+0000 7f2e8e575640 1 -- 10.20.193.116:0/3206274526 --> [v2:10.20.193.116:3300/0,v1:10.20.193.116:6789/0] -- mon_subscribe({config=0+,monmap=0+}) -- 0x7f2e90113d90 con 0x7f2e90113270
2026-02-16T23:51:43.809 INFO:teuthology.orchestra.run.trial116.stdout:/usr/bin/ceph: stderr
2026-02-16T23:51:43.674+0000 7f2e8e575640 1 --2- 10.20.193.116:0/3206274526 >> [v2:10.20.193.116:3300/0,v1:10.20.193.116:6789/0] conn(0x7f2e90113270 0x7f2e90113660 secure :-1 s=READY pgs=78 gs=1 cs=0 l=1 c_cookie=576813212157501912 s_cookie=0 reconnecting=0 rev1=1 crypto rx=0x7f2e84009850 tx=0x7f2e8402eeb0 comp rx=0 tx=0).ready entity=mon.0 client_cookie=801408f746661d8 server_cookie=0 in_seq=0 out_seq=0
2026-02-16T23:51:43.809 INFO:teuthology.orchestra.run.trial116.stdout:/usr/bin/ceph: stderr
2026-02-16T23:51:43.674+0000 7f2e8d573640 1 -- 10.20.193.116:0/3206274526 <== mon.0 v2:10.20.193.116:3300/0 1 ==== mon_map magic: 0 ==== 213+0+0 (secure 0 0 0) 0x7f2e8402f940 con 0x7f2e90113270
2026-02-16T23:51:43.809 INFO:teuthology.orchestra.run.trial116.stdout:/usr/bin/ceph: stderr
2026-02-16T23:51:43.675+0000 7f2e8d573640 1 -- 10.20.193.116:0/3206274526 <== mon.0 v2:10.20.193.116:3300/0 2 ==== config(26 keys) ==== 1060+0+0 (secure 0 0 0) 0x7f2e84037440 con 0x7f2e90113270
2026-02-16T23:51:43.809 INFO:teuthology.orchestra.run.trial116.stdout:/usr/bin/ceph: stderr
2026-02-16T23:51:43.675+0000 7f2e8d573640 1 -- 10.20.193.116:0/3206274526 <== mon.0 v2:10.20.193.116:3300/0 3 ==== mon_map magic: 0 ==== 213+0+0 (secure 0 0 0) 0x7f2e840354e0 con 0x7f2e90113270
2026-02-16T23:51:43.809 INFO:teuthology.orchestra.run.trial116.stdout:/usr/bin/ceph: stderr
2026-02-16T23:51:43.675+0000 7f2e94a5f640 1 -- 10.20.193.116:0/3206274526 >> [v2:10.20.193.116:3300/0,v1:10.20.193.116:6789/0] conn(0x7f2e90113270 msgr2=0x7f2e90113660 secure :-1 s=STATE_CONNECTION_ESTABLISHED l=1).mark_down
2026-02-16T23:51:43.809 INFO:teuthology.orchestra.run.trial116.stdout:/usr/bin/ceph: stderr
2026-02-16T23:51:43.675+0000 7f2e94a5f640 1 --2- 10.20.193.116:0/3206274526 >> [v2:10.20.193.116:3300/0,v1:10.20.193.116:6789/0] conn(0x7f2e90113270 0x7f2e90113660 secure :-1 s=READY pgs=78 gs=1 cs=0 l=1 c_cookie=576813212157501912 s_cookie=0 reconnecting=0 rev1=1 crypto rx=0x7f2e84009850 tx=0x7f2e8402eeb0 comp rx=0 tx=0).stop
2026-02-16T23:51:43.809 INFO:teuthology.orchestra.run.trial116.stdout:/usr/bin/ceph: stderr
2026-02-16T23:51:43.675+0000 7f2e94a5f640 1 -- 10.20.193.116:0/3206274526 shutdown_connections
2026-02-16T23:51:43.809 INFO:teuthology.orchestra.run.trial116.stdout:/usr/bin/ceph: stderr
2026-02-16T23:51:43.675+0000 7f2e94a5f640 1 --2- 10.20.193.116:0/3206274526 >> [v2:10.20.193.116:3300/0,v1:10.20.193.116:6789/0] conn(0x7f2e90113270 0x7f2e90113660 unknown :-1 s=CLOSED pgs=78 gs=1 cs=0 l=1 c_cookie=576813212157501912 s_cookie=0 reconnecting=0 rev1=1 crypto rx=0 tx=0 comp rx=0 tx=0).stop
2026-02-16T23:51:43.809 INFO:teuthology.orchestra.run.trial116.stdout:/usr/bin/ceph: stderr
2026-02-16T23:51:43.675+0000 7f2e94a5f640 1 -- 10.20.193.116:0/3206274526 >> 10.20.193.116:0/3206274526 conn(0x7f2e900686d0 msgr2=0x7f2e90110ee0 unknown :-1 s=STATE_NONE l=0).mark_down
2026-02-16T23:51:43.809 INFO:teuthology.orchestra.run.trial116.stdout:/usr/bin/ceph: stderr
2026-02-16T23:51:43.675+0000 7f2e94a5f640 1 -- 10.20.193.116:0/3206274526 shutdown_connections
2026-02-16T23:51:43.809 INFO:teuthology.orchestra.run.trial116.stdout:/usr/bin/ceph: stderr
2026-02-16T23:51:43.675+0000 7f2e94a5f640 1 -- 10.20.193.116:0/3206274526 wait complete.
2026-02-16T23:51:43.809 INFO:teuthology.orchestra.run.trial116.stdout:/usr/bin/ceph: stderr
2026-02-16T23:51:43.675+0000 7f2e94a5f640 1 Processor -- start
2026-02-16T23:51:43.809 INFO:teuthology.orchestra.run.trial116.stdout:/usr/bin/ceph: stderr
2026-02-16T23:51:43.675+0000 7f2e94a5f640 1 -- start start
2026-02-16T23:51:43.809 INFO:teuthology.orchestra.run.trial116.stdout:/usr/bin/ceph: stderr
2026-02-16T23:51:43.675+0000 7f2e94a5f640 1 --2- >> [v2:10.20.193.116:3300/0,v1:10.20.193.116:6789/0] conn(0x7f2e90113270 0x7f2e90122710 unknown :-1 s=NONE pgs=0 gs=0 cs=0 l=1 c_cookie=0 s_cookie=0 reconnecting=0 rev1=0 crypto rx=0 tx=0 comp rx=0 tx=0).connect
2026-02-16T23:51:43.809 INFO:teuthology.orchestra.run.trial116.stdout:/usr/bin/ceph: stderr
2026-02-16T23:51:43.675+0000 7f2e94a5f640 1 -- --> [v2:10.20.193.116:3300/0,v1:10.20.193.116:6789/0] -- mon_getmap magic: 0 -- 0x7f2e90122c70 con 0x7f2e90113270
2026-02-16T23:51:43.809 INFO:teuthology.orchestra.run.trial116.stdout:/usr/bin/ceph: stderr
2026-02-16T23:51:43.675+0000 7f2e8e575640 1 --2- >> [v2:10.20.193.116:3300/0,v1:10.20.193.116:6789/0] conn(0x7f2e90113270 0x7f2e90122710 unknown :-1 s=BANNER_CONNECTING pgs=0 gs=1 cs=0 l=1 c_cookie=0 s_cookie=0 reconnecting=0 rev1=0 crypto rx=0 tx=0 comp rx=0 tx=0)._handle_peer_banner_payload supported=3 required=0
2026-02-16T23:51:43.810 INFO:teuthology.orchestra.run.trial116.stdout:/usr/bin/ceph: stderr
2026-02-16T23:51:43.675+0000 7f2e8e575640 1 --2- >> [v2:10.20.193.116:3300/0,v1:10.20.193.116:6789/0] conn(0x7f2e90113270 0x7f2e90122710 unknown :-1 s=HELLO_CONNECTING pgs=0 gs=1 cs=0 l=1 c_cookie=0 s_cookie=0 reconnecting=0 rev1=1 crypto rx=0 tx=0 comp rx=0 tx=0).handle_hello peer v2:10.20.193.116:3300/0 says I am v2:10.20.193.116:37670/0 (socket says 10.20.193.116:37670)
2026-02-16T23:51:43.810 INFO:teuthology.orchestra.run.trial116.stdout:/usr/bin/ceph: stderr
2026-02-16T23:51:43.675+0000 7f2e8e575640 1 -- 10.20.193.116:0/4288828663 learned_addr learned my addr 10.20.193.116:0/4288828663 (peer_addr_for_me v2:10.20.193.116:0/0)
2026-02-16T23:51:43.810 INFO:teuthology.orchestra.run.trial116.stdout:/usr/bin/ceph: stderr
2026-02-16T23:51:43.676+0000 7f2e8e575640 1 -- 10.20.193.116:0/4288828663 --> [v2:10.20.193.116:3300/0,v1:10.20.193.116:6789/0] -- mon_subscribe({config=0+,monmap=0+}) -- 0x7f2e840094f0 con 0x7f2e90113270
2026-02-16T23:51:43.810 INFO:teuthology.orchestra.run.trial116.stdout:/usr/bin/ceph: stderr
2026-02-16T23:51:43.676+0000 7f2e8e575640 1 --2- 10.20.193.116:0/4288828663 >> [v2:10.20.193.116:3300/0,v1:10.20.193.116:6789/0] conn(0x7f2e90113270 0x7f2e90122710 secure :-1 s=READY pgs=79 gs=1 cs=0 l=1 c_cookie=0 s_cookie=0 reconnecting=0 rev1=1 crypto rx=0x7f2e840023d0 tx=0x7f2e84035f10 comp rx=0 tx=0).ready entity=mon.0 client_cookie=0 server_cookie=0 in_seq=0 out_seq=0
2026-02-16T23:51:43.810 INFO:teuthology.orchestra.run.trial116.stdout:/usr/bin/ceph: stderr
2026-02-16T23:51:43.676+0000 7f2e777fe640 1 -- 10.20.193.116:0/4288828663 <== mon.0 v2:10.20.193.116:3300/0 1 ==== mon_map magic: 0 ==== 213+0+0 (secure 0 0 0) 0x7f2e84043070 con 0x7f2e90113270
2026-02-16T23:51:43.810 INFO:teuthology.orchestra.run.trial116.stdout:/usr/bin/ceph: stderr
2026-02-16T23:51:43.676+0000 7f2e777fe640 1 -- 10.20.193.116:0/4288828663 <== mon.0 v2:10.20.193.116:3300/0 2 ==== config(26 keys) ==== 1060+0+0 (secure 0 0 0) 0x7f2e84037ba0 con 0x7f2e90113270
2026-02-16T23:51:43.810 INFO:teuthology.orchestra.run.trial116.stdout:/usr/bin/ceph: stderr
2026-02-16T23:51:43.676+0000 7f2e94a5f640 1 -- 10.20.193.116:0/4288828663 --> [v2:10.20.193.116:3300/0,v1:10.20.193.116:6789/0] -- mon_subscribe({mgrmap=0+}) -- 0x7f2e90122e70 con 0x7f2e90113270
2026-02-16T23:51:43.810 INFO:teuthology.orchestra.run.trial116.stdout:/usr/bin/ceph: stderr
2026-02-16T23:51:43.676+0000 7f2e777fe640 1 -- 10.20.193.116:0/4288828663 <== mon.0 v2:10.20.193.116:3300/0 3 ==== mon_map magic: 0 ==== 213+0+0 (secure 0 0 0) 0x7f2e840036d0 con 0x7f2e90113270
2026-02-16T23:51:43.810 INFO:teuthology.orchestra.run.trial116.stdout:/usr/bin/ceph: stderr
2026-02-16T23:51:43.676+0000 7f2e94a5f640 1 -- 10.20.193.116:0/4288828663 --> [v2:10.20.193.116:3300/0,v1:10.20.193.116:6789/0] -- mon_subscribe({osdmap=0}) -- 0x7f2e901238f0 con 0x7f2e90113270
2026-02-16T23:51:43.810 INFO:teuthology.orchestra.run.trial116.stdout:/usr/bin/ceph: stderr
2026-02-16T23:51:43.676+0000 7f2e94a5f640 1 -- 10.20.193.116:0/4288828663 --> [v2:10.20.193.116:3300/0,v1:10.20.193.116:6789/0] -- mon_command({"prefix": "get_command_descriptions"} v 0) -- 0x7f2e90123380 con 0x7f2e90113270
2026-02-16T23:51:43.810 INFO:teuthology.orchestra.run.trial116.stdout:/usr/bin/ceph: stderr
2026-02-16T23:51:43.676+0000 7f2e777fe640 1 -- 10.20.193.116:0/4288828663 <== mon.0 v2:10.20.193.116:3300/0 4 ==== mgrmap(e 12) ==== 53050+0+0 (secure 0 0 0) 0x7f2e8403e070 con 0x7f2e90113270
2026-02-16T23:51:43.810 INFO:teuthology.orchestra.run.trial116.stdout:/usr/bin/ceph: stderr
2026-02-16T23:51:43.677+0000 7f2e777fe640 1 --2- 10.20.193.116:0/4288828663 >> v2:10.20.193.116:6800/2906448718 conn(0x7f2e6803fa40 0x7f2e6805fef0 unknown :-1 s=NONE pgs=0 gs=0 cs=0 l=1 c_cookie=0 s_cookie=0 reconnecting=0 rev1=0 crypto rx=0 tx=0 comp rx=0 tx=0).connect
2026-02-16T23:51:43.810 INFO:teuthology.orchestra.run.trial116.stdout:/usr/bin/ceph: stderr
2026-02-16T23:51:43.677+0000 7f2e777fe640 1 -- 10.20.193.116:0/4288828663 <== mon.0 v2:10.20.193.116:3300/0 5 ==== osd_map(3..3 src has 1..3) ==== 1064+0+0 (secure 0 0 0) 0x7f2e84078b40 con 0x7f2e90113270
2026-02-16T23:51:43.810 INFO:teuthology.orchestra.run.trial116.stdout:/usr/bin/ceph: stderr
2026-02-16T23:51:43.677+0000 7f2e8dd74640 1 --2- 10.20.193.116:0/4288828663 >> v2:10.20.193.116:6800/2906448718 conn(0x7f2e6803fa40 0x7f2e6805fef0 unknown :-1 s=BANNER_CONNECTING pgs=0 gs=2 cs=0 l=1 c_cookie=0 s_cookie=0 reconnecting=0 rev1=0 crypto rx=0 tx=0 comp rx=0 tx=0)._handle_peer_banner_payload supported=3 required=0
2026-02-16T23:51:43.810 INFO:teuthology.orchestra.run.trial116.stdout:/usr/bin/ceph: stderr
2026-02-16T23:51:43.677+0000 7f2e8dd74640 1 --2- 10.20.193.116:0/4288828663 >> v2:10.20.193.116:6800/2906448718 conn(0x7f2e6803fa40 0x7f2e6805fef0 secure :-1 s=READY pgs=11 gs=2 cs=0 l=1 c_cookie=0 s_cookie=0 reconnecting=0 rev1=1 crypto rx=0x7f2e78006fd0 tx=0x7f2e78006e60 comp rx=0 tx=0).ready entity=mgr.14152 client_cookie=0 server_cookie=0 in_seq=0 out_seq=0
2026-02-16T23:51:43.811 INFO:teuthology.orchestra.run.trial116.stdout:/usr/bin/ceph: stderr
2026-02-16T23:51:43.679+0000 7f2e777fe640 1 -- 10.20.193.116:0/4288828663 <== mon.0 v2:10.20.193.116:3300/0 6 ==== mon_command_ack([{"prefix": "get_command_descriptions"}]=0 v0) ==== 72+0+231697 (secure 0 0 0) 0x7f2e840469c0 con 0x7f2e90113270
2026-02-16T23:51:43.811 INFO:teuthology.orchestra.run.trial116.stdout:/usr/bin/ceph: stderr
2026-02-16T23:51:43.782+0000 7f2e94a5f640 1 -- 10.20.193.116:0/4288828663 --> [v2:10.20.193.116:3300/0,v1:10.20.193.116:6789/0] -- mon_command({"prefix": "config get", "who": "mgr", "key": "mgr/dashboard/ssl_server_port"} v 0) -- 0x7f2e90066110 con 0x7f2e90113270
2026-02-16T23:51:43.811 INFO:teuthology.orchestra.run.trial116.stdout:/usr/bin/ceph: stderr
2026-02-16T23:51:43.782+0000 7f2e777fe640 1 -- 10.20.193.116:0/4288828663 <== mon.0 v2:10.20.193.116:3300/0 7 ==== mon_command_ack([{"prefix": "config get", "who": "mgr", "key": "mgr/dashboard/ssl_server_port"}]=0 v8) ==== 112+0+5 (secure 0 0 0) 0x7f2e84078e60 con 0x7f2e90113270
2026-02-16T23:51:43.811 INFO:teuthology.orchestra.run.trial116.stdout:/usr/bin/ceph: stderr
2026-02-16T23:51:43.783+0000 7f2e94a5f640 1 -- 10.20.193.116:0/4288828663 >> v2:10.20.193.116:6800/2906448718 conn(0x7f2e6803fa40 msgr2=0x7f2e6805fef0 secure :-1 s=STATE_CONNECTION_ESTABLISHED l=1).mark_down
2026-02-16T23:51:43.811 INFO:teuthology.orchestra.run.trial116.stdout:/usr/bin/ceph: stderr
2026-02-16T23:51:43.783+0000 7f2e94a5f640 1 --2- 10.20.193.116:0/4288828663 >> v2:10.20.193.116:6800/2906448718 conn(0x7f2e6803fa40 0x7f2e6805fef0 secure :-1 s=READY pgs=11 gs=2 cs=0 l=1 c_cookie=0 s_cookie=0 reconnecting=0 rev1=1 crypto rx=0x7f2e78006fd0 tx=0x7f2e78006e60 comp rx=0 tx=0).stop
2026-02-16T23:51:43.811 INFO:teuthology.orchestra.run.trial116.stdout:/usr/bin/ceph: stderr
2026-02-16T23:51:43.783+0000 7f2e94a5f640 1 -- 10.20.193.116:0/4288828663 >> [v2:10.20.193.116:3300/0,v1:10.20.193.116:6789/0] conn(0x7f2e90113270 msgr2=0x7f2e90122710 secure :-1 s=STATE_CONNECTION_ESTABLISHED l=1).mark_down
2026-02-16T23:51:43.811 INFO:teuthology.orchestra.run.trial116.stdout:/usr/bin/ceph: stderr
2026-02-16T23:51:43.783+0000 7f2e94a5f640 1 --2- 10.20.193.116:0/4288828663 >> [v2:10.20.193.116:3300/0,v1:10.20.193.116:6789/0] conn(0x7f2e90113270 0x7f2e90122710 secure :-1 s=READY pgs=79 gs=1 cs=0 l=1 c_cookie=0 s_cookie=0 reconnecting=0 rev1=1 crypto rx=0x7f2e840023d0 tx=0x7f2e84035f10 comp rx=0 tx=0).stop
2026-02-16T23:51:43.811 INFO:teuthology.orchestra.run.trial116.stdout:/usr/bin/ceph: stderr
2026-02-16T23:51:43.783+0000 7f2e94a5f640 1 -- 10.20.193.116:0/4288828663 shutdown_connections
2026-02-16T23:51:43.811 INFO:teuthology.orchestra.run.trial116.stdout:/usr/bin/ceph: stderr
2026-02-16T23:51:43.783+0000 7f2e94a5f640 1 --2- 10.20.193.116:0/4288828663 >> v2:10.20.193.116:6800/2906448718 conn(0x7f2e6803fa40 0x7f2e6805fef0 unknown :-1 s=CLOSED pgs=11 gs=2 cs=0 l=1 c_cookie=0 s_cookie=0 reconnecting=0 rev1=1 crypto rx=0 tx=0 comp rx=0 tx=0).stop
2026-02-16T23:51:43.811 INFO:teuthology.orchestra.run.trial116.stdout:/usr/bin/ceph: stderr
2026-02-16T23:51:43.783+0000 7f2e94a5f640 1 --2- 10.20.193.116:0/4288828663 >> [v2:10.20.193.116:3300/0,v1:10.20.193.116:6789/0] conn(0x7f2e90113270 0x7f2e90122710 unknown :-1 s=CLOSED pgs=79 gs=1 cs=0 l=1 c_cookie=0 s_cookie=0 reconnecting=0 rev1=1 crypto rx=0 tx=0 comp rx=0 tx=0).stop
2026-02-16T23:51:43.811 INFO:teuthology.orchestra.run.trial116.stdout:/usr/bin/ceph: stderr
2026-02-16T23:51:43.783+0000 7f2e94a5f640 1 -- 10.20.193.116:0/4288828663 >> 10.20.193.116:0/4288828663 conn(0x7f2e900686d0 msgr2=0x7f2e90110ee0 unknown :-1 s=STATE_NONE l=0).mark_down
2026-02-16T23:51:43.811 INFO:teuthology.orchestra.run.trial116.stdout:/usr/bin/ceph: stderr
2026-02-16T23:51:43.783+0000 7f2e94a5f640 1 -- 10.20.193.116:0/4288828663 shutdown_connections
2026-02-16T23:51:43.811 INFO:teuthology.orchestra.run.trial116.stdout:/usr/bin/ceph: stderr
2026-02-16T23:51:43.783+0000 7f2e94a5f640 1 -- 10.20.193.116:0/4288828663 wait complete.
2026-02-16T23:51:43.814 INFO:teuthology.orchestra.run.trial116.stdout:Non-zero exit code 1 from systemctl is-enabled firewalld.service
2026-02-16T23:51:43.815 INFO:teuthology.orchestra.run.trial116.stdout:systemctl: stdout disabled
2026-02-16T23:51:43.820 INFO:teuthology.orchestra.run.trial116.stdout:Non-zero exit code 3 from systemctl is-active firewalld.service
2026-02-16T23:51:43.820 INFO:teuthology.orchestra.run.trial116.stdout:systemctl: stdout inactive
2026-02-16T23:51:43.820 INFO:teuthology.orchestra.run.trial116.stdout:firewalld.service is not enabled
2026-02-16T23:51:43.820 INFO:teuthology.orchestra.run.trial116.stdout:Not possible to open ports <[8443]>. firewalld.service is not available
2026-02-16T23:51:43.821 INFO:teuthology.orchestra.run.trial116.stdout:Ceph Dashboard is now available at:
2026-02-16T23:51:43.821 INFO:teuthology.orchestra.run.trial116.stdout:
2026-02-16T23:51:43.821 INFO:teuthology.orchestra.run.trial116.stdout: URL: https://trial116:8443/
2026-02-16T23:51:43.821 INFO:teuthology.orchestra.run.trial116.stdout: User: admin
2026-02-16T23:51:43.822 INFO:teuthology.orchestra.run.trial116.stdout: Password: q1lgtzxa58
2026-02-16T23:51:43.822 INFO:teuthology.orchestra.run.trial116.stdout:
2026-02-16T23:51:43.822 INFO:teuthology.orchestra.run.trial116.stdout:Saving cluster configuration to /var/lib/ceph/5dca49ae-0b92-11f1-8aed-d404e6e7d460/config directory
2026-02-16T23:51:43.838 INFO:journalctl@ceph.mon.a.trial116.stdout:Feb 16 23:51:43 trial116 ceph-mon[38990]: from='client.14164 -' entity='client.admin' cmd=[{"prefix": "orch certmgr generate-certificates", "module_name": "dashboard", "target": ["mon-mgr", ""]}]: dispatch
2026-02-16T23:51:43.838 INFO:journalctl@ceph.mon.a.trial116.stdout:Feb 16 23:51:43 trial116 ceph-mon[38990]: from='mgr.14152 10.20.193.116:0/2189024283' entity='mgr.y'
2026-02-16T23:51:43.838 INFO:journalctl@ceph.mon.a.trial116.stdout:Feb 16 23:51:43 trial116 ceph-mon[38990]: mgrmap e12: y(active, since 2s)
2026-02-16T23:51:43.838 INFO:journalctl@ceph.mon.a.trial116.stdout:Feb 16 23:51:43 trial116 ceph-mon[38990]: from='mgr.14152 10.20.193.116:0/2189024283' entity='mgr.y'
2026-02-16T23:51:43.838 INFO:journalctl@ceph.mon.a.trial116.stdout:Feb 16 23:51:43 trial116 ceph-mon[38990]: from='mgr.14152 10.20.193.116:0/2189024283' entity='mgr.y'
2026-02-16T23:51:44.096 INFO:teuthology.orchestra.run.trial116.stdout:/usr/bin/ceph: stderr
2026-02-16T23:51:43.908+0000 7faf821eb640 1 Processor -- start
2026-02-16T23:51:44.096 INFO:teuthology.orchestra.run.trial116.stdout:/usr/bin/ceph: stderr
2026-02-16T23:51:43.908+0000 7faf821eb640 1 -- start start
2026-02-16T23:51:44.096 INFO:teuthology.orchestra.run.trial116.stdout:/usr/bin/ceph: stderr
2026-02-16T23:51:43.908+0000 7faf821eb640 1 --2- >> [v2:10.20.193.116:3300/0,v1:10.20.193.116:6789/0] conn(0x7faf7c069050 0x7faf7c069440 unknown :-1 s=NONE pgs=0 gs=0 cs=0 l=0 c_cookie=0 s_cookie=0 reconnecting=0 rev1=0 crypto rx=0 tx=0 comp rx=0 tx=0).connect
2026-02-16T23:51:44.096 INFO:teuthology.orchestra.run.trial116.stdout:/usr/bin/ceph: stderr
2026-02-16T23:51:43.908+0000 7faf821eb640 1 -- --> [v2:10.20.193.116:3300/0,v1:10.20.193.116:6789/0] -- mon_getmap magic: 0 -- 0x7faf7c069a30 con 0x7faf7c069050
2026-02-16T23:51:44.096 INFO:teuthology.orchestra.run.trial116.stdout:/usr/bin/ceph: stderr
2026-02-16T23:51:43.908+0000 7faf7b7fe640 1 --2- >> [v2:10.20.193.116:3300/0,v1:10.20.193.116:6789/0] conn(0x7faf7c069050 0x7faf7c069440 unknown :-1 s=BANNER_CONNECTING pgs=0 gs=1 cs=0 l=0 c_cookie=0 s_cookie=0 reconnecting=0 rev1=0 crypto rx=0 tx=0 comp rx=0 tx=0)._handle_peer_banner_payload supported=3 required=0
2026-02-16T23:51:44.096 INFO:teuthology.orchestra.run.trial116.stdout:/usr/bin/ceph: stderr
2026-02-16T23:51:43.908+0000 7faf7b7fe640 1 --2- >> [v2:10.20.193.116:3300/0,v1:10.20.193.116:6789/0] conn(0x7faf7c069050 0x7faf7c069440 unknown :-1 s=HELLO_CONNECTING pgs=0 gs=1 cs=0 l=0 c_cookie=0 s_cookie=0 reconnecting=0 rev1=1 crypto rx=0 tx=0 comp rx=0 tx=0).handle_hello peer v2:10.20.193.116:3300/0 says I am v2:10.20.193.116:37684/0 (socket says 10.20.193.116:37684)
2026-02-16T23:51:44.096 INFO:teuthology.orchestra.run.trial116.stdout:/usr/bin/ceph: stderr
2026-02-16T23:51:43.908+0000 7faf7b7fe640 1 -- 10.20.193.116:0/2324214657 learned_addr learned my addr 10.20.193.116:0/2324214657 (peer_addr_for_me v2:10.20.193.116:0/0)
2026-02-16T23:51:44.096 INFO:teuthology.orchestra.run.trial116.stdout:/usr/bin/ceph: stderr
2026-02-16T23:51:43.908+0000 7faf7b7fe640 1 -- 10.20.193.116:0/2324214657 --> [v2:10.20.193.116:3300/0,v1:10.20.193.116:6789/0] -- mon_subscribe({config=0+,monmap=0+}) -- 0x7faf7c069b70 con 0x7faf7c069050
2026-02-16T23:51:44.096 INFO:teuthology.orchestra.run.trial116.stdout:/usr/bin/ceph: stderr
2026-02-16T23:51:43.909+0000 7faf7b7fe640 1 --2- 10.20.193.116:0/2324214657 >> [v2:10.20.193.116:3300/0,v1:10.20.193.116:6789/0] conn(0x7faf7c069050 0x7faf7c069440 secure :-1 s=READY pgs=80 gs=1 cs=0 l=1 c_cookie=2181796862155725718 s_cookie=0 reconnecting=0 rev1=1 crypto rx=0x7faf68009850 tx=0x7faf6802eeb0 comp rx=0 tx=0).ready entity=mon.0 client_cookie=1e474cafbcda9b96 server_cookie=0 in_seq=0 out_seq=0
2026-02-16T23:51:44.096 INFO:teuthology.orchestra.run.trial116.stdout:/usr/bin/ceph: stderr
2026-02-16T23:51:43.909+0000 7faf7a7fc640 1 -- 10.20.193.116:0/2324214657 <== mon.0 v2:10.20.193.116:3300/0 1 ==== mon_map magic: 0 ==== 213+0+0 (secure 0 0 0) 0x7faf6802f940 con 0x7faf7c069050
2026-02-16T23:51:44.097 INFO:teuthology.orchestra.run.trial116.stdout:/usr/bin/ceph: stderr
2026-02-16T23:51:43.909+0000 7faf7a7fc640 1 -- 10.20.193.116:0/2324214657 <== mon.0 v2:10.20.193.116:3300/0 2 ==== config(26 keys) ==== 1060+0+0 (secure 0 0 0) 0x7faf68037440 con 0x7faf7c069050
2026-02-16T23:51:44.097 INFO:teuthology.orchestra.run.trial116.stdout:/usr/bin/ceph: stderr
2026-02-16T23:51:43.909+0000 7faf7a7fc640 1 -- 10.20.193.116:0/2324214657 <== mon.0 v2:10.20.193.116:3300/0 3 ==== mon_map magic: 0 ==== 213+0+0 (secure 0 0 0) 0x7faf680354e0 con 0x7faf7c069050
2026-02-16T23:51:44.097 INFO:teuthology.orchestra.run.trial116.stdout:/usr/bin/ceph: stderr
2026-02-16T23:51:43.909+0000 7faf821eb640 1 -- 10.20.193.116:0/2324214657 >> [v2:10.20.193.116:3300/0,v1:10.20.193.116:6789/0] conn(0x7faf7c069050 msgr2=0x7faf7c069440 secure :-1 s=STATE_CONNECTION_ESTABLISHED l=1).mark_down
2026-02-16T23:51:44.097 INFO:teuthology.orchestra.run.trial116.stdout:/usr/bin/ceph: stderr
2026-02-16T23:51:43.909+0000 7faf821eb640 1 --2- 10.20.193.116:0/2324214657 >> [v2:10.20.193.116:3300/0,v1:10.20.193.116:6789/0] conn(0x7faf7c069050 0x7faf7c069440 secure :-1 s=READY pgs=80 gs=1 cs=0 l=1 c_cookie=2181796862155725718 s_cookie=0 reconnecting=0 rev1=1 crypto rx=0x7faf68009850 tx=0x7faf6802eeb0 comp rx=0 tx=0).stop
2026-02-16T23:51:44.097 INFO:teuthology.orchestra.run.trial116.stdout:/usr/bin/ceph: stderr
2026-02-16T23:51:43.909+0000 7faf821eb640 1 -- 10.20.193.116:0/2324214657 shutdown_connections
2026-02-16T23:51:44.097 INFO:teuthology.orchestra.run.trial116.stdout:/usr/bin/ceph: stderr
2026-02-16T23:51:43.909+0000 7faf821eb640 1 --2- 10.20.193.116:0/2324214657 >> [v2:10.20.193.116:3300/0,v1:10.20.193.116:6789/0] conn(0x7faf7c069050 0x7faf7c069440 unknown :-1 s=CLOSED pgs=80 gs=1 cs=0 l=1 c_cookie=2181796862155725718 s_cookie=0 reconnecting=0 rev1=1 crypto rx=0 tx=0 comp rx=0 tx=0).stop
2026-02-16T23:51:44.097 INFO:teuthology.orchestra.run.trial116.stdout:/usr/bin/ceph: stderr
2026-02-16T23:51:43.909+0000 7faf821eb640 1 -- 10.20.193.116:0/2324214657 >> 10.20.193.116:0/2324214657 conn(0x7faf7c0686d0 msgr2=0x7faf7c110ee0 unknown :-1 s=STATE_NONE l=0).mark_down
2026-02-16T23:51:44.097 INFO:teuthology.orchestra.run.trial116.stdout:/usr/bin/ceph: stderr
2026-02-16T23:51:43.909+0000 7faf821eb640 1 -- 10.20.193.116:0/2324214657 shutdown_connections
2026-02-16T23:51:44.097 INFO:teuthology.orchestra.run.trial116.stdout:/usr/bin/ceph: stderr
2026-02-16T23:51:43.909+0000 7faf821eb640 1 -- 10.20.193.116:0/2324214657 wait complete.
2026-02-16T23:51:44.097 INFO:teuthology.orchestra.run.trial116.stdout:/usr/bin/ceph: stderr
2026-02-16T23:51:43.910+0000 7faf821eb640 1 Processor -- start
2026-02-16T23:51:44.097 INFO:teuthology.orchestra.run.trial116.stdout:/usr/bin/ceph: stderr
2026-02-16T23:51:43.910+0000 7faf821eb640 1 -- start start
2026-02-16T23:51:44.097 INFO:teuthology.orchestra.run.trial116.stdout:/usr/bin/ceph: stderr
2026-02-16T23:51:43.910+0000 7faf821eb640 1 --2- >> [v2:10.20.193.116:3300/0,v1:10.20.193.116:6789/0] conn(0x7faf7c069050 0x7faf7c0fe150 unknown :-1 s=NONE pgs=0 gs=0 cs=0 l=1 c_cookie=0 s_cookie=0 reconnecting=0 rev1=0 crypto rx=0 tx=0 comp rx=0 tx=0).connect
2026-02-16T23:51:44.097 INFO:teuthology.orchestra.run.trial116.stdout:/usr/bin/ceph: stderr
2026-02-16T23:51:43.910+0000 7faf821eb640 1 -- --> [v2:10.20.193.116:3300/0,v1:10.20.193.116:6789/0] -- mon_getmap magic: 0 -- 0x7faf7c0fe6b0 con 0x7faf7c069050
