2026-02-12 07:21:53.873 18354 INFO tempest [-] Using tempest config file /home/ubuntu/cephtest/tempest/rgw/etc/tempest.conf
2026-02-12 07:21:54.436 18358 INFO tempest [-] Using tempest config file /home/ubuntu/cephtest/tempest/rgw/etc/tempest.conf
2026-02-12 07:21:54.451 18360 INFO tempest [-] Using tempest config file /home/ubuntu/cephtest/tempest/rgw/etc/tempest.conf
2026-02-12 07:21:54.453 18376 INFO tempest [-] Using tempest config file /home/ubuntu/cephtest/tempest/rgw/etc/tempest.conf
2026-02-12 07:21:54.454 18374 INFO tempest [-] Using tempest config file /home/ubuntu/cephtest/tempest/rgw/etc/tempest.conf
2026-02-12 07:21:54.475 18380 INFO tempest [-] Using tempest config file /home/ubuntu/cephtest/tempest/rgw/etc/tempest.conf
2026-02-12 07:21:54.528 18364 INFO tempest [-] Using tempest config file /home/ubuntu/cephtest/tempest/rgw/etc/tempest.conf
2026-02-12 07:21:54.535 18356 INFO tempest [-] Using tempest config file /home/ubuntu/cephtest/tempest/rgw/etc/tempest.conf
2026-02-12 07:21:54.545 18362 INFO tempest [-] Using tempest config file /home/ubuntu/cephtest/tempest/rgw/etc/tempest.conf
2026-02-12 07:21:54.545 18372 INFO tempest [-] Using tempest config file /home/ubuntu/cephtest/tempest/rgw/etc/tempest.conf
2026-02-12 07:21:54.548 18368 INFO tempest [-] Using tempest config file /home/ubuntu/cephtest/tempest/rgw/etc/tempest.conf
2026-02-12 07:21:54.553 18370 INFO tempest [-] Using tempest config file /home/ubuntu/cephtest/tempest/rgw/etc/tempest.conf
2026-02-12 07:21:54.553 18366 INFO tempest [-] Using tempest config file /home/ubuntu/cephtest/tempest/rgw/etc/tempest.conf
2026-02-12 07:21:54.572 18378 INFO tempest [-] Using tempest config file /home/ubuntu/cephtest/tempest/rgw/etc/tempest.conf
2026-02-12 07:21:54.572 18388 INFO tempest [-] Using tempest config file /home/ubuntu/cephtest/tempest/rgw/etc/tempest.conf
2026-02-12 07:21:54.576 18392 INFO tempest [-] Using tempest config file /home/ubuntu/cephtest/tempest/rgw/etc/tempest.conf
2026-02-12 07:21:54.580 18382 INFO tempest [-] Using tempest config file /home/ubuntu/cephtest/tempest/rgw/etc/tempest.conf
2026-02-12 07:21:54.582 18386 INFO tempest [-] Using tempest config file /home/ubuntu/cephtest/tempest/rgw/etc/tempest.conf
2026-02-12 07:21:54.586 18390 INFO tempest [-] Using tempest config file /home/ubuntu/cephtest/tempest/rgw/etc/tempest.conf
2026-02-12 07:21:54.590 18384 INFO tempest [-] Using tempest config file /home/ubuntu/cephtest/tempest/rgw/etc/tempest.conf
2026-02-12 07:21:54.795 18358 INFO tempest.lib.common.rest_client [req-d3143b8f-a5f9-4187-8814-e335499f0f4c req-d3143b8f-a5f9-4187-8814-e335499f0f4c ] Request (AccountTest:setUpClass): 201 POST http://trial114.front.sepia.ceph.com:5000/v3/auth/tokens 0.210s
2026-02-12 07:21:54.986 18360 INFO tempest.lib.common.rest_client [req-087e28e4-761b-4cf1-a037-06ae9b92a207 req-087e28e4-761b-4cf1-a037-06ae9b92a207 ] Request (ObjectSloTest:setUpClass): 201 POST http://trial114.front.sepia.ceph.com:5000/v3/auth/tokens 0.392s
2026-02-12 07:21:55.177 18376 INFO tempest.lib.common.rest_client [req-e2bfcc4f-cd49-4016-98b5-25a369f5ad02 req-e2bfcc4f-cd49-4016-98b5-25a369f5ad02 ] Request (ContainerNegativeTest:setUpClass): 201 POST http://trial114.front.sepia.ceph.com:5000/v3/auth/tokens 0.582s
2026-02-12 07:21:55.367 18374 INFO tempest.lib.common.rest_client [req-a17f7ab2-badf-4696-aa20-572d316c6acb req-a17f7ab2-badf-4696-aa20-572d316c6acb ] Request (ObjectTempUrlNegativeTest:setUpClass): 201 POST http://trial114.front.sepia.ceph.com:5000/v3/auth/tokens 0.770s
2026-02-12 07:21:55.556 18380 INFO tempest.lib.common.rest_client [req-a4028853-091b-439f-bb95-7b965b3e3ad4 req-a4028853-091b-439f-bb95-7b965b3e3ad4 ] Request (ObjectTestACLs:setUpClass): 201 POST http://trial114.front.sepia.ceph.com:5000/v3/auth/tokens 0.946s
2026-02-12 07:21:55.800 18364 INFO tempest.lib.common.rest_client [req-a8dde77a-43c0-4278-ae59-be6036c33f5c req-a8dde77a-43c0-4278-ae59-be6036c33f5c ] Request (ContainerTest:setUpClass): 201 POST http://trial114.front.sepia.ceph.com:5000/v3/auth/tokens 1.102s
2026-02-12 07:21:55.990 18356 INFO tempest.lib.common.rest_client [req-d8b0b4aa-7cb4-454e-aa6c-1c98623573b9 req-d8b0b4aa-7cb4-454e-aa6c-1c98623573b9 ] Request (ContainerQuotasTest:setUpClass): 201 POST http://trial114.front.sepia.ceph.com:5000/v3/auth/tokens 1.281s
2026-02-12 07:21:56.180 18358 INFO tempest.lib.common.rest_client [req-f519870d-b460-4189-bfd8-c7f8e611221c req-f519870d-b460-4189-bfd8-c7f8e611221c ] Request (AccountTest:setUpClass): 201 POST http://trial114.front.sepia.ceph.com:5000/v3/auth/tokens 1.383s
2026-02-12 07:21:56.369 18360 INFO tempest.lib.common.rest_client [req-2130c74e-3b18-4800-80b0-31af611a49af req-2130c74e-3b18-4800-80b0-31af611a49af ] Request (ObjectSloTest:setUpClass): 201 POST http://trial114.front.sepia.ceph.com:5000/v3/auth/tokens 1.381s
2026-02-12 07:21:56.558 18376 INFO tempest.lib.common.rest_client [req-4cb6d629-5d81-4b8c-adbc-080335a00ad1 req-4cb6d629-5d81-4b8c-adbc-080335a00ad1 ] Request (ContainerNegativeTest:setUpClass): 201 POST http://trial114.front.sepia.ceph.com:5000/v3/auth/tokens 1.380s
2026-02-12 07:21:56.748 18374 INFO tempest.lib.common.rest_client [req-5a800cb8-489c-4407-82f0-5f4256e7c67e req-5a800cb8-489c-4407-82f0-5f4256e7c67e ] Request (ObjectTempUrlNegativeTest:setUpClass): 201 POST http://trial114.front.sepia.ceph.com:5000/v3/auth/tokens 1.379s
2026-02-12 07:21:56.937 18380 INFO tempest.lib.common.rest_client [req-027f4cf1-1a29-4e84-8ea3-c9d4ca5fab49 req-027f4cf1-1a29-4e84-8ea3-c9d4ca5fab49 ] Request (ObjectTestACLs:setUpClass): 201 POST http://trial114.front.sepia.ceph.com:5000/v3/auth/tokens 1.379s
2026-02-12 07:21:57.126 18364 INFO tempest.lib.common.rest_client [req-d6fc18bb-0d53-4c6b-8b43-8054d6b04a5a req-d6fc18bb-0d53-4c6b-8b43-8054d6b04a5a ] Request (ContainerTest:setUpClass): 201 POST http://trial114.front.sepia.ceph.com:5000/v3/auth/tokens 1.325s
2026-02-12 07:21:57.316 18356 INFO tempest.lib.common.rest_client [req-fa19f585-1360-4cbe-9e3d-a902b41aea76 req-fa19f585-1360-4cbe-9e3d-a902b41aea76 ] Request (ContainerQuotasTest:setUpClass): 201 POST http://trial114.front.sepia.ceph.com:5000/v3/auth/tokens 1.324s
2026-02-12 07:21:57.340 18358 INFO tempest.lib.common.rest_client [req-de69be87-d6ef-4367-94d7-3d953af5d027 req-de69be87-d6ef-4367-94d7-3d953af5d027 ] Request (AccountTest:setUpClass): 200 GET http://trial114.front.sepia.ceph.com:5000/v3/domains?name=Default 1.160s
2026-02-12 07:21:57.366 18360 INFO tempest.lib.common.rest_client [req-8ce521a1-44ee-4d93-96a1-4e5b05097316 req-8ce521a1-44ee-4d93-96a1-4e5b05097316 ] Request (ObjectSloTest:setUpClass): 200 GET http://trial114.front.sepia.ceph.com:5000/v3/domains?name=Default 0.997s
2026-02-12 07:21:57.392 18376 INFO tempest.lib.common.rest_client [req-4030da20-d4a4-4fcd-a135-381b7f99b82b req-4030da20-d4a4-4fcd-a135-381b7f99b82b ] Request (ContainerNegativeTest:setUpClass): 200 GET http://trial114.front.sepia.ceph.com:5000/v3/domains?name=Default 0.834s
2026-02-12 07:21:57.418 18374 INFO tempest.lib.common.rest_client [req-d1420e3a-bbed-44d9-96e9-68e6a7400e41 req-d1420e3a-bbed-44d9-96e9-68e6a7400e41 ] Request (ObjectTempUrlNegativeTest:setUpClass): 200 GET http://trial114.front.sepia.ceph.com:5000/v3/domains?name=Default 0.670s
2026-02-12 07:21:57.444 18380 INFO tempest.lib.common.rest_client [req-ed129dc4-a8e4-47d8-8d53-881a0064bd87 req-ed129dc4-a8e4-47d8-8d53-881a0064bd87 ] Request (ObjectTestACLs:setUpClass): 200 GET http://trial114.front.sepia.ceph.com:5000/v3/domains?name=Default 0.507s
2026-02-12 07:21:57.470 18364 INFO tempest.lib.common.rest_client [req-f05b28de-d707-4bc5-857a-e0017e3a78fa req-f05b28de-d707-4bc5-857a-e0017e3a78fa ] Request (ContainerTest:setUpClass): 200 GET http://trial114.front.sepia.ceph.com:5000/v3/domains?name=Default 0.343s
2026-02-12 07:21:57.496 18356 INFO tempest.lib.common.rest_client [req-241b7b62-dea3-4cad-a84d-e7db3b961a96 req-241b7b62-dea3-4cad-a84d-e7db3b961a96 ] Request (ContainerQuotasTest:setUpClass): 200 GET http://trial114.front.sepia.ceph.com:5000/v3/domains?name=Default 0.180s
2026-02-12 07:21:57.533 18358 INFO tempest.lib.common.rest_client [req-d94edb05-6388-406f-a700-1dbe025acc58 req-d94edb05-6388-406f-a700-1dbe025acc58 ] Request (AccountTest:setUpClass): 201 POST http://trial114.front.sepia.ceph.com:5000/v3/projects 0.191s
2026-02-12 07:21:57.573 18360 INFO tempest.lib.common.rest_client [req-46a7ae02-0647-4071-9a85-0977420d0fff req-46a7ae02-0647-4071-9a85-0977420d0fff ] Request (ObjectSloTest:setUpClass): 201 POST http://trial114.front.sepia.ceph.com:5000/v3/projects 0.205s
2026-02-12 07:21:57.612 18376 INFO tempest.lib.common.rest_client [req-9edc9938-bc6d-4763-8498-0470ca624c61 req-9edc9938-bc6d-4763-8498-0470ca624c61 ] Request (ContainerNegativeTest:setUpClass): 201 POST http://trial114.front.sepia.ceph.com:5000/v3/projects 0.218s
2026-02-12 07:21:57.651 18374 INFO tempest.lib.common.rest_client [req-7f3d1701-4338-43ba-86e1-2a1b0948f89a req-7f3d1701-4338-43ba-86e1-2a1b0948f89a ] Request (ObjectTempUrlNegativeTest:setUpClass): 201 POST http://trial114.front.sepia.ceph.com:5000/v3/projects 0.231s
2026-02-12 07:21:57.690 18380 INFO tempest.lib.common.rest_client [req-3aa36bdb-03b4-42f4-82a9-36cfc5f6efdf req-3aa36bdb-03b4-42f4-82a9-36cfc5f6efdf ] Request (ObjectTestACLs:setUpClass): 201 POST http://trial114.front.sepia.ceph.com:5000/v3/projects 0.244s
2026-02-12 07:21:57.729 18364 INFO tempest.lib.common.rest_client [req-4429711a-3969-46da-bba8-b699a532f28a req-4429711a-3969-46da-bba8-b699a532f28a ] Request (ContainerTest:setUpClass): 201 POST http://trial114.front.sepia.ceph.com:5000/v3/projects 0.256s
2026-02-12 07:21:57.767 18356 INFO tempest.lib.common.rest_client [req-37f07398-0a70-4248-a151-be4ebff8b2c5 req-37f07398-0a70-4248-a151-be4ebff8b2c5 ] Request (ContainerQuotasTest:setUpClass): 201 POST http://trial114.front.sepia.ceph.com:5000/v3/projects 0.269s
2026-02-12 07:21:57.960 18358 INFO tempest.lib.common.rest_client [req-42a2bd51-6f64-49eb-8ca9-df92881a3782 req-42a2bd51-6f64-49eb-8ca9-df92881a3782 ] Request (AccountTest:setUpClass): 201 POST http://trial114.front.sepia.ceph.com:5000/v3/users 0.426s
2026-02-12 07:21:58.142 18360 INFO tempest.lib.common.rest_client [req-e2d6033b-b072-4300-a698-49b1a7624800 req-e2d6033b-b072-4300-a698-49b1a7624800 ] Request (ObjectSloTest:setUpClass): 201 POST http://trial114.front.sepia.ceph.com:5000/v3/users 0.568s
2026-02-12 07:21:58.325 18376 INFO tempest.lib.common.rest_client [req-aed15bd2-d0d1-4ef5-b3de-754929fa8ff6 req-aed15bd2-d0d1-4ef5-b3de-754929fa8ff6 ] Request (ContainerNegativeTest:setUpClass): 201 POST http://trial114.front.sepia.ceph.com:5000/v3/users 0.712s
2026-02-12 07:21:58.507 18374 INFO tempest.lib.common.rest_client [req-8fd9af3b-18d3-4b85-809b-5b9ae3c65b73 req-8fd9af3b-18d3-4b85-809b-5b9ae3c65b73 ] Request (ObjectTempUrlNegativeTest:setUpClass): 201 POST http://trial114.front.sepia.ceph.com:5000/v3/users 0.856s
2026-02-12 07:21:58.690 18380 INFO tempest.lib.common.rest_client [req-8811f921-ddc6-4bdb-8cbe-6a07bc170067 req-8811f921-ddc6-4bdb-8cbe-6a07bc170067 ] Request (ObjectTestACLs:setUpClass): 201 POST http://trial114.front.sepia.ceph.com:5000/v3/users 1.000s
2026-02-12 07:21:58.872 18364 INFO tempest.lib.common.rest_client [req-24346eb3-c6b1-447f-9c15-486a89d4ba04 req-24346eb3-c6b1-447f-9c15-486a89d4ba04 ] Request (ContainerTest:setUpClass): 201 POST http://trial114.front.sepia.ceph.com:5000/v3/users 1.143s
2026-02-12 07:21:59.054 18356 INFO tempest.lib.common.rest_client [req-8fbc8110-832e-41ca-b167-30ab651b377f req-8fbc8110-832e-41ca-b167-30ab651b377f ] Request (ContainerQuotasTest:setUpClass): 201 POST http://trial114.front.sepia.ceph.com:5000/v3/users 1.287s
2026-02-12 07:21:59.076 18358 INFO tempest.lib.common.rest_client [req-d85af461-4457-4a98-b949-1fe8dbe82eea req-d85af461-4457-4a98-b949-1fe8dbe82eea ] Request (AccountTest:setUpClass): 200 GET http://trial114.front.sepia.ceph.com:5000/v3/roles 1.116s
2026-02-12 07:21:59.101 18360 INFO tempest.lib.common.rest_client [req-87eb8869-8e99-4af4-9264-f4ae6875f04f req-87eb8869-8e99-4af4-9264-f4ae6875f04f ] Request (ObjectSloTest:setUpClass): 200 GET http://trial114.front.sepia.ceph.com:5000/v3/roles 0.959s
2026-02-12 07:21:59.126 18376 INFO tempest.lib.common.rest_client [req-a322d387-e308-400c-bcaf-6a877f6eb520 req-a322d387-e308-400c-bcaf-6a877f6eb520 ] Request (ContainerNegativeTest:setUpClass): 200 GET http://trial114.front.sepia.ceph.com:5000/v3/roles 0.801s
2026-02-12 07:21:59.152 18374 INFO tempest.lib.common.rest_client [req-6c1d1c70-74a0-4d0f-adba-74c9862e9a1f req-6c1d1c70-74a0-4d0f-adba-74c9862e9a1f ] Request (ObjectTempUrlNegativeTest:setUpClass): 200 GET http://trial114.front.sepia.ceph.com:5000/v3/roles 0.644s
2026-02-12 07:21:59.177 18380 INFO tempest.lib.common.rest_client [req-606e6201-47d9-40c2-9752-54f0d3f0b293 req-606e6201-47d9-40c2-9752-54f0d3f0b293 ] Request (ObjectTestACLs:setUpClass): 200 GET http://trial114.front.sepia.ceph.com:5000/v3/roles 0.487s
2026-02-12 07:21:59.202 18364 INFO tempest.lib.common.rest_client [req-8910a33b-4903-453b-887a-7facd44b53e9 req-8910a33b-4903-453b-887a-7facd44b53e9 ] Request (ContainerTest:setUpClass): 200 GET http://trial114.front.sepia.ceph.com:5000/v3/roles 0.330s
2026-02-12 07:21:59.227 18356 INFO tempest.lib.common.rest_client [req-3a3a187a-b04c-4b4c-9fff-27e0f4411c47 req-3a3a187a-b04c-4b4c-9fff-27e0f4411c47 ] Request (ContainerQuotasTest:setUpClass): 200 GET http://trial114.front.sepia.ceph.com:5000/v3/roles 0.173s
2026-02-12 07:21:59.260 18358 INFO tempest.lib.common.rest_client [req-69e34ff6-0b60-4ea1-9d6f-cf685773db55 req-69e34ff6-0b60-4ea1-9d6f-cf685773db55 ] Request (AccountTest:setUpClass): 204 PUT http://trial114.front.sepia.ceph.com:5000/v3/projects/955615886432490ca67e625572e4a70c/users/52ff3475adef41f5b8863118283cd312/roles/d42b63d2e0f84ec890a477286e606222 0.183s
2026-02-12 07:21:59.299 18360 INFO tempest.lib.common.rest_client [req-4e65b5ef-75db-4e6d-8ca8-02059a81f235 req-4e65b5ef-75db-4e6d-8ca8-02059a81f235 ] Request (ObjectSloTest:setUpClass): 204 PUT http://trial114.front.sepia.ceph.com:5000/v3/projects/d350b85d7ac44b558dfcff915127f2eb/users/555cba0505a846ef897bde4d1aec2b37/roles/d42b63d2e0f84ec890a477286e606222 0.197s
2026-02-12 07:21:59.337 18376 INFO tempest.lib.common.rest_client [req-0d84219f-9cfd-467d-a138-60a71700fbb9 req-0d84219f-9cfd-467d-a138-60a71700fbb9 ] Request (ContainerNegativeTest:setUpClass): 204 PUT http://trial114.front.sepia.ceph.com:5000/v3/projects/47766efec4e044a69331da8dc200a467/users/4a9e2cf88b604e8497da956f55fbced8/roles/d42b63d2e0f84ec890a477286e606222 0.211s
2026-02-12 07:21:59.376 18374 INFO tempest.lib.common.rest_client [req-0b4da247-24c8-4562-a06c-265ceb9f556f req-0b4da247-24c8-4562-a06c-265ceb9f556f ] Request (ObjectTempUrlNegativeTest:setUpClass): 204 PUT http://trial114.front.sepia.ceph.com:5000/v3/projects/949e1227241a44488fec744aa487f584/users/1741865d14ae41439c28755f9bc179b5/roles/d42b63d2e0f84ec890a477286e606222 0.224s
2026-02-12 07:21:59.414 18380 INFO tempest.lib.common.rest_client [req-56e54cc7-def8-4d09-8413-5bd9d29637db req-56e54cc7-def8-4d09-8413-5bd9d29637db ] Request (ObjectTestACLs:setUpClass): 204 PUT http://trial114.front.sepia.ceph.com:5000/v3/projects/315023dc9db84c48b6b7a516e7c2c631/users/d2d6c82b248946cf8695a27d06e8109a/roles/d42b63d2e0f84ec890a477286e606222 0.237s
2026-02-12 07:21:59.453 18364 INFO tempest.lib.common.rest_client [req-eb7afbba-8d70-4be4-a2bc-af977c7dc004 req-eb7afbba-8d70-4be4-a2bc-af977c7dc004 ] Request (ContainerTest:setUpClass): 204 PUT http://trial114.front.sepia.ceph.com:5000/v3/projects/e8d44fd884d542dca911787b6c8cd02a/users/a24b78a2379a41abad8951bcf9e7ffee/roles/d42b63d2e0f84ec890a477286e606222 0.250s
2026-02-12 07:21:59.490 18356 INFO tempest.lib.common.rest_client [req-e375ed20-fb7e-4c97-98f8-4fd88f1e129c req-e375ed20-fb7e-4c97-98f8-4fd88f1e129c ] Request (ContainerQuotasTest:setUpClass): 204 PUT http://trial114.front.sepia.ceph.com:5000/v3/projects/8e5c914ab11e47b2ab280e59bfc87489/users/bd513cf759844e27b10fd8d952ae5731/roles/d42b63d2e0f84ec890a477286e606222 0.263s
2026-02-12 07:21:59.522 18358 INFO tempest.lib.common.rest_client [req-d40d0878-69ea-4e57-8f2a-780e92ec7d1c req-d40d0878-69ea-4e57-8f2a-780e92ec7d1c ] Request (AccountTest:setUpClass): 200 GET http://trial114.front.sepia.ceph.com:5000/v3/roles 0.261s
2026-02-12 07:21:59.546 18360 INFO tempest.lib.common.rest_client [req-c200ef25-1f67-4549-9b50-fd086a145b29 req-c200ef25-1f67-4549-9b50-fd086a145b29 ] Request (ObjectSloTest:setUpClass): 200 GET http://trial114.front.sepia.ceph.com:5000/v3/roles 0.247s
2026-02-12 07:21:59.571 18376 INFO tempest.lib.common.rest_client [req-5797bd48-c479-44d3-8024-0d6f47335a20 req-5797bd48-c479-44d3-8024-0d6f47335a20 ] Request (ContainerNegativeTest:setUpClass): 200 GET http://trial114.front.sepia.ceph.com:5000/v3/roles 0.233s
2026-02-12 07:21:59.595 18374 INFO tempest.lib.common.rest_client [req-5ef35dab-cc0f-430f-b736-ac01442e1b66 req-5ef35dab-cc0f-430f-b736-ac01442e1b66 ] Request (ObjectTempUrlNegativeTest:setUpClass): 200 GET http://trial114.front.sepia.ceph.com:5000/v3/roles 0.219s
2026-02-12 07:21:59.620 18380 INFO tempest.lib.common.rest_client [req-7fd6b39b-4a0a-40c9-9406-f5491bd4e762 req-7fd6b39b-4a0a-40c9-9406-f5491bd4e762 ] Request (ObjectTestACLs:setUpClass): 200 GET http://trial114.front.sepia.ceph.com:5000/v3/roles 0.205s
2026-02-12 07:21:59.645 18364 INFO tempest.lib.common.rest_client [req-89f8c872-4eb4-426c-ae48-eabc6f6d7035 req-89f8c872-4eb4-426c-ae48-eabc6f6d7035 ] Request (ContainerTest:setUpClass): 200 GET http://trial114.front.sepia.ceph.com:5000/v3/roles 0.191s
2026-02-12 07:21:59.669 18356 INFO tempest.lib.common.rest_client [req-7010d705-de0d-4426-9e9a-1817ba98c3c2 req-7010d705-de0d-4426-9e9a-1817ba98c3c2 ] Request (ContainerQuotasTest:setUpClass): 200 GET http://trial114.front.sepia.ceph.com:5000/v3/roles 0.178s
2026-02-12 07:21:59.715 18358 INFO tempest.lib.common.rest_client [req-bd050567-3088-4e6c-a085-c7721267a370 req-bd050567-3088-4e6c-a085-c7721267a370 ] Request (AccountTest:setUpClass): 204 PUT http://trial114.front.sepia.ceph.com:5000/v3/projects/955615886432490ca67e625572e4a70c/users/52ff3475adef41f5b8863118283cd312/roles/5ee6725fec5e4e5badaf377cd9ce8cd3 0.193s
2026-02-12 07:21:59.715 18358 INFO tempest.lib.common.dynamic_creds [-] Dynamic test user 52ff3475adef41f5b8863118283cd312 is created with scope project and roles: ['member', 'admin']
2026-02-12 07:21:59.715 18358 INFO tempest.lib.common.dynamic_creds [-] Acquired dynamic creds: credentials: Credentials: {'domain_id': 'default', 'domain_name': 'Default', 'username': 'tempest-AccountTest-1246172162-project-member', 'project_domain_id': 'default', 'project_domain_name': 'Default', 'project_id': '955615886432490ca67e625572e4a70c', 'project_name': 'tempest-AccountTest-1246172162', 'tenant_id': '955615886432490ca67e625572e4a70c', 'tenant_name': 'tempest-AccountTest-1246172162', 'user_domain_id': 'default', 'user_domain_name': 'Default', 'user_id': '52ff3475adef41f5b8863118283cd312', 'system': None}, Network: None, Subnet: None, Router: None
2026-02-12 07:21:59.753 18360 INFO tempest.lib.common.rest_client [req-25c10860-6f70-4b51-a55d-80eb1779a767 req-25c10860-6f70-4b51-a55d-80eb1779a767 ] Request (ObjectSloTest:setUpClass): 204 PUT http://trial114.front.sepia.ceph.com:5000/v3/projects/d350b85d7ac44b558dfcff915127f2eb/users/555cba0505a846ef897bde4d1aec2b37/roles/5ee6725fec5e4e5badaf377cd9ce8cd3 0.206s
2026-02-12 07:21:59.753 18360 INFO tempest.lib.common.dynamic_creds [-] Dynamic test user 555cba0505a846ef897bde4d1aec2b37 is created with scope project and roles: ['member', 'admin']
2026-02-12 07:21:59.753 18360 INFO tempest.lib.common.dynamic_creds [-] Acquired dynamic creds: credentials: Credentials: {'domain_id': 'default', 'domain_name': 'Default', 'username': 'tempest-ObjectSloTest-97146653-project-member', 'project_domain_id': 'default', 'project_domain_name': 'Default', 'project_id': 'd350b85d7ac44b558dfcff915127f2eb', 'project_name': 'tempest-ObjectSloTest-97146653', 'tenant_id': 'd350b85d7ac44b558dfcff915127f2eb', 'tenant_name': 'tempest-ObjectSloTest-97146653', 'user_domain_id': 'default', 'user_domain_name': 'Default', 'user_id': '555cba0505a846ef897bde4d1aec2b37', 'system': None}, Network: None, Subnet: None, Router: None
2026-02-12 07:21:59.791 18376 INFO tempest.lib.common.rest_client [req-52fe2293-d04e-4db1-883c-05aa70f06b3b req-52fe2293-d04e-4db1-883c-05aa70f06b3b ] Request (ContainerNegativeTest:setUpClass): 204 PUT http://trial114.front.sepia.ceph.com:5000/v3/projects/47766efec4e044a69331da8dc200a467/users/4a9e2cf88b604e8497da956f55fbced8/roles/5ee6725fec5e4e5badaf377cd9ce8cd3 0.220s
2026-02-12 07:21:59.791 18376 INFO tempest.lib.common.dynamic_creds [-] Dynamic test user 4a9e2cf88b604e8497da956f55fbced8 is created with scope project and roles: ['member', 'admin']
2026-02-12 07:21:59.791 18376 INFO tempest.lib.common.dynamic_creds [-] Acquired dynamic creds: credentials: Credentials: {'domain_id': 'default', 'domain_name': 'Default', 'username': 'tempest-ContainerNegativeTest-1905321897-project-member', 'project_domain_id': 'default', 'project_domain_name': 'Default', 'project_id': '47766efec4e044a69331da8dc200a467', 'project_name': 'tempest-ContainerNegativeTest-1905321897', 'tenant_id': '47766efec4e044a69331da8dc200a467', 'tenant_name': 'tempest-ContainerNegativeTest-1905321897', 'user_domain_id': 'default', 'user_domain_name': 'Default', 'user_id': '4a9e2cf88b604e8497da956f55fbced8', 'system': None}, Network: None, Subnet: None, Router: None
2026-02-12 07:21:59.829 18374 INFO tempest.lib.common.rest_client [req-1bd05718-e1ae-43b8-ae24-ef292b8d5de6 req-1bd05718-e1ae-43b8-ae24-ef292b8d5de6 ] Request (ObjectTempUrlNegativeTest:setUpClass): 204 PUT http://trial114.front.sepia.ceph.com:5000/v3/projects/949e1227241a44488fec744aa487f584/users/1741865d14ae41439c28755f9bc179b5/roles/5ee6725fec5e4e5badaf377cd9ce8cd3 0.234s
2026-02-12 07:21:59.829 18374 INFO tempest.lib.common.dynamic_creds [-] Dynamic test user 1741865d14ae41439c28755f9bc179b5 is created with scope project and roles: ['member', 'admin']
2026-02-12 07:21:59.830 18374 INFO tempest.lib.common.dynamic_creds [-] Acquired dynamic creds: credentials: Credentials: {'domain_id': 'default', 'domain_name': 'Default', 'username': 'tempest-ObjectTempUrlNegativeTest-106852120-project-member', 'project_domain_id': 'default', 'project_domain_name': 'Default', 'project_id': '949e1227241a44488fec744aa487f584', 'project_name': 'tempest-ObjectTempUrlNegativeTest-106852120', 'tenant_id': '949e1227241a44488fec744aa487f584', 'tenant_name': 'tempest-ObjectTempUrlNegativeTest-106852120', 'user_domain_id': 'default', 'user_domain_name': 'Default', 'user_id': '1741865d14ae41439c28755f9bc179b5', 'system': None}, Network: None, Subnet: None, Router: None
2026-02-12 07:21:59.867 18380 INFO tempest.lib.common.rest_client [req-74c16395-49e8-49a5-b91f-b8922cd12f35 req-74c16395-49e8-49a5-b91f-b8922cd12f35 ] Request (ObjectTestACLs:setUpClass): 204 PUT http://trial114.front.sepia.ceph.com:5000/v3/projects/315023dc9db84c48b6b7a516e7c2c631/users/d2d6c82b248946cf8695a27d06e8109a/roles/5ee6725fec5e4e5badaf377cd9ce8cd3 0.247s
2026-02-12 07:21:59.867 18380 INFO tempest.lib.common.dynamic_creds [-] Dynamic test user d2d6c82b248946cf8695a27d06e8109a is created with scope project and roles: ['member', 'admin']
2026-02-12 07:21:59.868 18380 INFO tempest.lib.common.dynamic_creds [-] Acquired dynamic creds: credentials: Credentials: {'domain_id': 'default', 'domain_name': 'Default', 'username': 'tempest-ObjectTestACLs-1208380320-project-member', 'project_domain_id': 'default', 'project_domain_name': 'Default', 'project_id': '315023dc9db84c48b6b7a516e7c2c631', 'project_name': 'tempest-ObjectTestACLs-1208380320', 'tenant_id': '315023dc9db84c48b6b7a516e7c2c631', 'tenant_name': 'tempest-ObjectTestACLs-1208380320', 'user_domain_id': 'default', 'user_domain_name': 'Default', 'user_id': 'd2d6c82b248946cf8695a27d06e8109a', 'system': None}, Network: None, Subnet: None, Router: None
2026-02-12 07:21:59.905 18364 INFO tempest.lib.common.rest_client [req-fdc9ae61-2696-4c19-8b76-650256c7f9c7 req-fdc9ae61-2696-4c19-8b76-650256c7f9c7 ] Request (ContainerTest:setUpClass): 204 PUT http://trial114.front.sepia.ceph.com:5000/v3/projects/e8d44fd884d542dca911787b6c8cd02a/users/a24b78a2379a41abad8951bcf9e7ffee/roles/5ee6725fec5e4e5badaf377cd9ce8cd3 0.260s
2026-02-12 07:21:59.905 18364 INFO tempest.lib.common.dynamic_creds [-] Dynamic test user a24b78a2379a41abad8951bcf9e7ffee is created with scope project and roles: ['member', 'admin']
2026-02-12 07:21:59.905 18364 INFO tempest.lib.common.dynamic_creds [-] Acquired dynamic creds: credentials: Credentials: {'domain_id': 'default', 'domain_name': 'Default', 'username': 'tempest-ContainerTest-390237690-project-member', 'project_domain_id': 'default', 'project_domain_name': 'Default', 'project_id': 'e8d44fd884d542dca911787b6c8cd02a', 'project_name': 'tempest-ContainerTest-390237690', 'tenant_id': 'e8d44fd884d542dca911787b6c8cd02a', 'tenant_name': 'tempest-ContainerTest-390237690', 'user_domain_id': 'default', 'user_domain_name': 'Default', 'user_id': 'a24b78a2379a41abad8951bcf9e7ffee', 'system': None}, Network: None, Subnet: None, Router: None
2026-02-12 07:21:59.943 18356 INFO tempest.lib.common.rest_client [req-eafa2342-fc65-4a1e-9edf-7ba693b6cd24 req-eafa2342-fc65-4a1e-9edf-7ba693b6cd24 ] Request (ContainerQuotasTest:setUpClass): 204 PUT http://trial114.front.sepia.ceph.com:5000/v3/projects/8e5c914ab11e47b2ab280e59bfc87489/users/bd513cf759844e27b10fd8d952ae5731/roles/5ee6725fec5e4e5badaf377cd9ce8cd3 0.274s
2026-02-12 07:21:59.943 18356 INFO tempest.lib.common.dynamic_creds [-] Dynamic test user bd513cf759844e27b10fd8d952ae5731 is created with scope project and roles: ['member', 'admin']
2026-02-12 07:21:59.943 18356 INFO tempest.lib.common.dynamic_creds [-] Acquired dynamic creds: credentials: Credentials: {'domain_id': 'default', 'domain_name': 'Default', 'username': 'tempest-ContainerQuotasTest-887341162-project-member', 'project_domain_id': 'default', 'project_domain_name': 'Default', 'project_id': '8e5c914ab11e47b2ab280e59bfc87489', 'project_name': 'tempest-ContainerQuotasTest-887341162', 'tenant_id': '8e5c914ab11e47b2ab280e59bfc87489', 'tenant_name': 'tempest-ContainerQuotasTest-887341162', 'user_domain_id': 'default', 'user_domain_name': 'Default', 'user_id': 'bd513cf759844e27b10fd8d952ae5731', 'system': None}, Network: None, Subnet: None, Router: None
2026-02-12 07:22:00.128 18358 INFO tempest.lib.common.rest_client [req-724d6663-0f61-4b83-9b24-1891e0c0f859 req-724d6663-0f61-4b83-9b24-1891e0c0f859 ] Request (AccountTest:setUpClass): 201 POST http://trial114.front.sepia.ceph.com:5000/v3/auth/tokens 0.410s
2026-02-12 07:22:00.313 18360 INFO tempest.lib.common.rest_client [req-28952ade-ab4a-4c54-ae83-3138c6b152d7 req-28952ade-ab4a-4c54-ae83-3138c6b152d7 ] Request (ObjectSloTest:setUpClass): 201 POST http://trial114.front.sepia.ceph.com:5000/v3/auth/tokens 0.557s
2026-02-12 07:22:00.498 18376 INFO tempest.lib.common.rest_client [req-b37d24dd-dbd6-4c3f-8243-977a7940379c req-b37d24dd-dbd6-4c3f-8243-977a7940379c ] Request (ContainerNegativeTest:setUpClass): 201 POST http://trial114.front.sepia.ceph.com:5000/v3/auth/tokens 0.703s
2026-02-12 07:22:00.682 18374 INFO tempest.lib.common.rest_client [req-1e9f30fe-2bee-47a5-94b5-808202e24d6b req-1e9f30fe-2bee-47a5-94b5-808202e24d6b ] Request (ObjectTempUrlNegativeTest:setUpClass): 201 POST http://trial114.front.sepia.ceph.com:5000/v3/auth/tokens 0.850s
2026-02-12 07:22:00.866 18380 INFO tempest.lib.common.rest_client [req-85e3796d-6b40-4cb7-833d-7b799c88e4d7 req-85e3796d-6b40-4cb7-833d-7b799c88e4d7 ] Request (ObjectTestACLs:setUpClass): 201 POST http://trial114.front.sepia.ceph.com:5000/v3/auth/tokens 0.996s
2026-02-12 07:22:01.050 18364 INFO tempest.lib.common.rest_client [req-faab92fc-bba1-4712-97b2-0c6539c74537 req-faab92fc-bba1-4712-97b2-0c6539c74537 ] Request (ContainerTest:setUpClass): 201 POST http://trial114.front.sepia.ceph.com:5000/v3/auth/tokens 1.142s
2026-02-12 07:22:01.235 18356 INFO tempest.lib.common.rest_client [req-1f2dfbed-3b24-4f31-a670-68bef5801aa0 req-1f2dfbed-3b24-4f31-a670-68bef5801aa0 ] Request (ContainerQuotasTest:setUpClass): 201 POST http://trial114.front.sepia.ceph.com:5000/v3/auth/tokens 1.289s
2026-02-12 07:22:01.280 18358 INFO tempest.lib.common.rest_client [req-4a5a4638-383f-42fe-9b38-5776c5f9e559 req-4a5a4638-383f-42fe-9b38-5776c5f9e559 ] Request (AccountTest:setUpClass): 201 POST http://trial114.front.sepia.ceph.com:5000/v3/projects 1.151s
2026-02-12 07:22:01.463 18360 INFO tempest.lib.common.rest_client [req-1ccaf3a1-aeec-4d63-acbf-2c784c1ac48e req-1ccaf3a1-aeec-4d63-acbf-2c784c1ac48e ] Request (ObjectSloTest:setUpClass): 201 POST http://trial114.front.sepia.ceph.com:5000/v3/auth/tokens 1.150s
2026-02-12 07:22:01.466 18360 INFO tempest.lib.common.rest_client [tx0000019212bb2bcf3962b-00698d7f99-4209-default tx0000019212bb2bcf3962b-00698d7f99-4209-default ] Request (ObjectSloTest:setUpClass): 200 GET http://trial114.front.sepia.ceph.com:80/info 0.002s
2026-02-12 07:22:01.648 18376 INFO tempest.lib.common.rest_client [req-4c635c03-a562-4d80-942b-f8c770e620dd req-4c635c03-a562-4d80-942b-f8c770e620dd ] Request (ContainerNegativeTest:setUpClass): 201 POST http://trial114.front.sepia.ceph.com:5000/v3/auth/tokens 1.150s
2026-02-12 07:22:01.649 18376 INFO tempest.lib.common.rest_client [tx00000bba4404d4a650c90-00698d7f99-4209-default tx00000bba4404d4a650c90-00698d7f99-4209-default ] Request (ContainerNegativeTest:setUpClass): 200 GET http://trial114.front.sepia.ceph.com:80/info 0.001s
2026-02-12 07:22:01.651 18376 INFO tempest.lib.common.rest_client [tx0000046027bf40226fef0-00698d7f99-4209-default tx0000046027bf40226fef0-00698d7f99-4209-default ] Request (ContainerNegativeTest:setUpClass): 200 GET http://trial114.front.sepia.ceph.com:80/info 0.001s
2026-02-12 07:22:01.832 18374 INFO tempest.lib.common.rest_client [req-ba1907a5-fbe9-4c28-a565-2f6cafeb0708 req-ba1907a5-fbe9-4c28-a565-2f6cafeb0708 ] Request (ObjectTempUrlNegativeTest:setUpClass): 201 POST http://trial114.front.sepia.ceph.com:5000/v3/auth/tokens 1.149s
2026-02-12 07:22:01.833 18374 INFO tempest.lib.common.rest_client [tx000005fdcff08cc64bc87-00698d7f99-4209-default tx000005fdcff08cc64bc87-00698d7f99-4209-default ] Request (ObjectTempUrlNegativeTest:setUpClass): 200 GET http://trial114.front.sepia.ceph.com:80/info 0.001s
2026-02-12 07:22:01.876 18380 INFO tempest.lib.common.rest_client [req-0bca7f70-8ee6-47aa-bb01-6fbc95d4c3b8 req-0bca7f70-8ee6-47aa-bb01-6fbc95d4c3b8 ] Request (ObjectTestACLs:setUpClass): 201 POST http://trial114.front.sepia.ceph.com:5000/v3/projects 1.010s
2026-02-12 07:22:02.060 18364 INFO tempest.lib.common.rest_client [req-2389f783-a27b-4ca1-865b-3306b2f58cde req-2389f783-a27b-4ca1-865b-3306b2f58cde ] Request (ContainerTest:setUpClass): 201 POST http://trial114.front.sepia.ceph.com:5000/v3/auth/tokens 1.009s
2026-02-12 07:22:02.062 18364 INFO tempest.lib.common.rest_client [tx000000799d9a5ecd9256e-00698d7f9a-4209-default tx000000799d9a5ecd9256e-00698d7f9a-4209-default ] Request (ContainerTest:setUpClass): 200 GET http://trial114.front.sepia.ceph.com:80/info 0.001s
2026-02-12 07:22:02.246 18356 INFO tempest.lib.common.rest_client [req-2f991c69-f10d-4ce1-9068-7f85f1630be0 req-2f991c69-f10d-4ce1-9068-7f85f1630be0 ] Request (ContainerQuotasTest:setUpClass): 201 POST http://trial114.front.sepia.ceph.com:5000/v3/auth/tokens 1.010s
2026-02-12 07:22:02.247 18356 INFO tempest.lib.common.rest_client [tx000003e21ef63d35021ef-00698d7f9a-4209-default tx000003e21ef63d35021ef-00698d7f9a-4209-default ] Request (ContainerQuotasTest:setUpClass): 200 GET http://trial114.front.sepia.ceph.com:80/info 0.001s
2026-02-12 07:22:02.442 18358 INFO tempest.lib.common.rest_client [req-4717e38c-c90b-4996-acb2-85b53d404824 req-4717e38c-c90b-4996-acb2-85b53d404824 ] Request (AccountTest:setUpClass): 201 POST http://trial114.front.sepia.ceph.com:5000/v3/users 1.162s
2026-02-12 07:22:03.185 18380 INFO tempest.lib.common.rest_client [req-fa4f539b-856f-43f3-bb6e-75e886c45d62 req-fa4f539b-856f-43f3-bb6e-75e886c45d62 ] Request (ObjectTestACLs:setUpClass): 201 POST http://trial114.front.sepia.ceph.com:5000/v3/users 1.308s
2026-02-12 07:22:03.582 18358 INFO tempest.lib.common.rest_client [req-926d801e-3ce7-417a-8183-d7cae3d252fe req-926d801e-3ce7-417a-8183-d7cae3d252fe ] Request (AccountTest:setUpClass): 200 GET http://trial114.front.sepia.ceph.com:5000/v3/roles 1.139s
2026-02-12 07:22:03.632 18360 INFO tempest.lib.common.rest_client [tx00000612d327337e31a29-00698d7f99-4209-default tx00000612d327337e31a29-00698d7f99-4209-default ] Request (ObjectSloTest:setUp): 201 PUT http://trial114.front.sepia.ceph.com:80/v1/KEY_d350b85d7ac44b558dfcff915127f2eb/tempest-TestContainer-1370002010 2.165s
2026-02-12 07:22:03.668 18376 INFO tempest.lib.common.rest_client [tx00000ffc3999a06284ea5-00698d7f99-4209-default tx00000ffc3999a06284ea5-00698d7f99-4209-default ] Request (ContainerNegativeTest:test_create_container_name_exceeds_max_length): 400 PUT http://trial114.front.sepia.ceph.com:80/v1/KEY_47766efec4e044a69331da8dc200a467/testtesttesttesttesttesttesttesttesttesttesttesttesttesttesttesttesttesttesttesttesttesttesttesttesttesttesttesttesttesttesttesttesttesttesttesttesttesttesttesttesttesttesttesttesttesttesttesttesttesttesttesttesttesttesttesttesttesttesttesttesttesttesttest 2.017s
2026-02-12 07:22:03.676 18376 INFO tempest.lib.common.rest_client [tx00000a89f9528e777d301-00698d7f9b-4209-default tx00000a89f9528e777d301-00698d7f9b-4209-default ] Request (ContainerNegativeTest:test_delete_non_empty_container): 201 PUT http://trial114.front.sepia.ceph.com:80/v1/KEY_47766efec4e044a69331da8dc200a467/tempest-TestContainer-1147094826 0.007s
2026-02-12 07:22:03.681 18376 INFO tempest.lib.common.rest_client [tx000005c5e4a48f3463971-00698d7f9b-4209-default tx000005c5e4a48f3463971-00698d7f9b-4209-default ] Request (ContainerNegativeTest:test_delete_non_empty_container): 201 PUT http://trial114.front.sepia.ceph.com:80/v1/KEY_47766efec4e044a69331da8dc200a467/tempest-TestContainer-1147094826/tempest-TestObject-895341188 0.004s
2026-02-12 07:22:03.684 18376 INFO tempest.lib.common.rest_client [tx00000086ca34706f4d1d0-00698d7f9b-4209-default tx00000086ca34706f4d1d0-00698d7f9b-4209-default ] Request (ContainerNegativeTest:test_delete_non_empty_container): 200 GET http://trial114.front.sepia.ceph.com:80/v1/KEY_47766efec4e044a69331da8dc200a467/tempest-TestContainer-1147094826/tempest-TestObject-895341188 0.002s
2026-02-12 07:22:03.689 18376 INFO tempest.lib.common.rest_client [tx00000916d4cd877ed60cb-00698d7f9b-4209-default tx00000916d4cd877ed60cb-00698d7f9b-4209-default ] Request (ContainerNegativeTest:test_delete_non_empty_container): 409 DELETE http://trial114.front.sepia.ceph.com:80/v1/KEY_47766efec4e044a69331da8dc200a467/tempest-TestContainer-1147094826 0.005s
2026-02-12 07:22:03.691 18376 INFO tempest.lib.common.rest_client [tx0000090e33ad528cc60ba-00698d7f9b-4209-default tx0000090e33ad528cc60ba-00698d7f9b-4209-default ] Request (ContainerNegativeTest:test_delete_with_nonexistent_container_name): 404 POST http://trial114.front.sepia.ceph.com:80/v1/KEY_47766efec4e044a69331da8dc200a467/nonexistent_container_name 0.001s
2026-02-12 07:22:03.695 18376 INFO tempest.lib.common.rest_client [tx00000bb1bda2956b3199c-00698d7f9b-4209-default tx00000bb1bda2956b3199c-00698d7f9b-4209-default ] Request (ContainerNegativeTest:test_get_metadata_headers_with_invalid_container_name): 404 HEAD http://trial114.front.sepia.ceph.com:80/v1/KEY_47766efec4e044a69331da8dc200a467/invalid_container_name 0.003s
2026-02-12 07:22:03.702 18376 INFO tempest.lib.common.rest_client [tx00000e8bbb243d27dd2de-00698d7f9b-4209-default tx00000e8bbb243d27dd2de-00698d7f9b-4209-default ] Request (ContainerNegativeTest:test_list_all_container_objects_on_deleted_container): 201 PUT http://trial114.front.sepia.ceph.com:80/v1/KEY_47766efec4e044a69331da8dc200a467/tempest-TestContainer-308719801 0.006s
2026-02-12 07:22:03.719 18374 INFO tempest.lib.common.rest_client [tx00000ff20da360f2ccf16-00698d7f99-4209-default tx00000ff20da360f2ccf16-00698d7f99-4209-default ] Request (ObjectTempUrlNegativeTest:setUpClass): 201 PUT http://trial114.front.sepia.ceph.com:80/v1/KEY_949e1227241a44488fec744aa487f584/tempest-TestContainer-1051738395 1.886s
2026-02-12 07:22:03.720 18376 INFO tempest.lib.common.rest_client [tx000002ac3dc6816679d39-00698d7f9b-4209-default tx000002ac3dc6816679d39-00698d7f9b-4209-default ] Request (ContainerNegativeTest:test_list_all_container_objects_on_deleted_container): 204 DELETE http://trial114.front.sepia.ceph.com:80/v1/KEY_47766efec4e044a69331da8dc200a467/tempest-TestContainer-308719801 0.018s
2026-02-12 07:22:03.722 18376 INFO tempest.lib.common.rest_client [tx000001b77643908cc814c-00698d7f9b-4209-default tx000001b77643908cc814c-00698d7f9b-4209-default ] Request (ContainerNegativeTest:test_list_all_container_objects_on_deleted_container): 404 GET http://trial114.front.sepia.ceph.com:80/v1/KEY_47766efec4e044a69331da8dc200a467/tempest-TestContainer-308719801?&limit=9999&format=json 0.001s
2026-02-12 07:22:03.722 18374 INFO tempest.lib.common.rest_client [tx00000d089bc33432227c8-00698d7f9b-4209-default tx00000d089bc33432227c8-00698d7f9b-4209-default ] Request (ObjectTempUrlNegativeTest:setUpClass): 204 POST http://trial114.front.sepia.ceph.com:80/v1/KEY_949e1227241a44488fec744aa487f584 0.003s
2026-02-12 07:22:03.724 18376 INFO tempest.lib.common.rest_client [tx0000089953bd2a2c25b03-00698d7f9b-4209-default tx0000089953bd2a2c25b03-00698d7f9b-4209-default ] Request (ContainerNegativeTest:test_list_all_container_objects_with_nonexistent_container): 404 GET http://trial114.front.sepia.ceph.com:80/v1/KEY_47766efec4e044a69331da8dc200a467/nonexistent_container_name?&limit=9999&format=json 0.001s
2026-02-12 07:22:03.724 18374 INFO tempest.lib.common.rest_client [tx000004dee2b9ce72b48ea-00698d7f9b-4209-default tx000004dee2b9ce72b48ea-00698d7f9b-4209-default ] Request (ObjectTempUrlNegativeTest:setUpClass): 204 HEAD http://trial114.front.sepia.ceph.com:80/v1/KEY_949e1227241a44488fec744aa487f584 0.002s
2026-02-12 07:22:03.725 18376 INFO tempest.lib.common.rest_client [tx0000061d4be0124bb1be1-00698d7f9b-4209-default tx0000061d4be0124bb1be1-00698d7f9b-4209-default ] Request (ContainerNegativeTest:test_update_metadata_with_nonexistent_container_name): 404 POST http://trial114.front.sepia.ceph.com:80/v1/KEY_47766efec4e044a69331da8dc200a467/nonexistent_container_name 0.001s
2026-02-12 07:22:03.729 18374 INFO tempest.lib.common.rest_client [tx0000091ed9abdc4e05626-00698d7f9b-4209-default tx0000091ed9abdc4e05626-00698d7f9b-4209-default ] Request (ObjectTempUrlNegativeTest:setUp): 201 PUT http://trial114.front.sepia.ceph.com:80/v1/KEY_949e1227241a44488fec744aa487f584/tempest-TestContainer-1051738395/tempest-ObjectTemp-1005874171 0.004s
2026-02-12 07:22:03.730 18376 INFO tempest.lib.common.rest_client [tx00000ab1164a0d9883633-00698d7f9b-4209-default tx00000ab1164a0d9883633-00698d7f9b-4209-default ] Request (ContainerNegativeTest:tearDownClass): 200 GET http://trial114.front.sepia.ceph.com:80/v1/KEY_47766efec4e044a69331da8dc200a467/tempest-TestContainer-1147094826?&limit=9999&format=json 0.003s
2026-02-12 07:22:03.733 18376 INFO tempest.lib.common.rest_client [tx000009a298c1d52b802b3-00698d7f9b-4209-default tx000009a298c1d52b802b3-00698d7f9b-4209-default ] Request (ContainerNegativeTest:tearDownClass): 204 DELETE http://trial114.front.sepia.ceph.com:80/v1/KEY_47766efec4e044a69331da8dc200a467/tempest-TestContainer-1147094826/tempest-TestObject-895341188 0.003s
2026-02-12 07:22:03.735 18376 INFO tempest.lib.common.rest_client [tx00000e4e40f1cddabb0a7-00698d7f9b-4209-default tx00000e4e40f1cddabb0a7-00698d7f9b-4209-default ] Request (ContainerNegativeTest:tearDownClass): 404 GET http://trial114.front.sepia.ceph.com:80/v1/KEY_47766efec4e044a69331da8dc200a467/tempest-TestContainer-1147094826/tempest-TestObject-895341188 0.001s
2026-02-12 07:22:03.752 18376 INFO tempest.lib.common.rest_client [tx000003c5c3a31a47129aa-00698d7f9b-4209-default tx000003c5c3a31a47129aa-00698d7f9b-4209-default ] Request (ContainerNegativeTest:tearDownClass): 204 DELETE http://trial114.front.sepia.ceph.com:80/v1/KEY_47766efec4e044a69331da8dc200a467/tempest-TestContainer-1147094826 0.017s
2026-02-12 07:22:03.753 18376 INFO tempest.lib.common.rest_client [tx00000c446de930064e94f-00698d7f9b-4209-default tx00000c446de930064e94f-00698d7f9b-4209-default ] Request (ContainerNegativeTest:tearDownClass): 404 HEAD http://trial114.front.sepia.ceph.com:80/v1/KEY_47766efec4e044a69331da8dc200a467/tempest-TestContainer-1147094826 0.001s
2026-02-12 07:22:03.755 18376 INFO tempest.lib.common.rest_client [tx000003dbab079e04633e1-00698d7f9b-4209-default tx000003dbab079e04633e1-00698d7f9b-4209-default ] Request (ContainerNegativeTest:tearDownClass): 404 GET http://trial114.front.sepia.ceph.com:80/v1/KEY_47766efec4e044a69331da8dc200a467/tempest-TestContainer-308719801?&limit=9999&format=json 0.001s
2026-02-12 07:22:03.756 18380 INFO tempest.lib.common.rest_client [req-762797fd-ade7-4ac0-bb2b-252fb6ec2e2f req-762797fd-ade7-4ac0-bb2b-252fb6ec2e2f ] Request (ObjectTestACLs:setUpClass): 200 GET http://trial114.front.sepia.ceph.com:5000/v3/roles 0.570s
2026-02-12 07:22:03.805 18364 INFO tempest.lib.common.rest_client [tx0000042fb7bb30cffa60b-00698d7f9a-4209-default tx0000042fb7bb30cffa60b-00698d7f9a-4209-default ] Request (ContainerTest:test_create_container): 201 PUT http://trial114.front.sepia.ceph.com:80/v1/KEY_e8d44fd884d542dca911787b6c8cd02a/tempest-TestContainer-453338925 1.743s
2026-02-12 07:22:03.813 18364 INFO tempest.lib.common.rest_client [tx000001713c7714ac714a1-00698d7f9b-4209-default tx000001713c7714ac714a1-00698d7f9b-4209-default ] Request (ContainerTest:test_create_container_overwrite): 201 PUT http://trial114.front.sepia.ceph.com:80/v1/KEY_e8d44fd884d542dca911787b6c8cd02a/tempest-TestContainer-1661654387 0.006s
2026-02-12 07:22:03.816 18364 INFO tempest.lib.common.rest_client [tx00000b06e73f805482fd9-00698d7f9b-4209-default tx00000b06e73f805482fd9-00698d7f9b-4209-default ] Request (ContainerTest:test_create_container_overwrite): 201 PUT http://trial114.front.sepia.ceph.com:80/v1/KEY_e8d44fd884d542dca911787b6c8cd02a/tempest-TestContainer-1661654387 0.003s
2026-02-12 07:22:03.822 18364 INFO tempest.lib.common.rest_client [tx0000050417c19b57044c9-00698d7f9b-4209-default tx0000050417c19b57044c9-00698d7f9b-4209-default ] Request (ContainerTest:test_create_container_with_metadata_key): 201 PUT http://trial114.front.sepia.ceph.com:80/v1/KEY_e8d44fd884d542dca911787b6c8cd02a/tempest-TestContainer-731658873 0.006s
2026-02-12 07:22:03.824 18364 INFO tempest.lib.common.rest_client [tx00000b6d8f4ad5fee4b65-00698d7f9b-4209-default tx00000b6d8f4ad5fee4b65-00698d7f9b-4209-default ] Request (ContainerTest:test_create_container_with_metadata_key): 204 HEAD http://trial114.front.sepia.ceph.com:80/v1/KEY_e8d44fd884d542dca911787b6c8cd02a/tempest-TestContainer-731658873 0.002s
2026-02-12 07:22:03.832 18364 INFO tempest.lib.common.rest_client [tx00000fa7662d5facfe6e7-00698d7f9b-4209-default tx00000fa7662d5facfe6e7-00698d7f9b-4209-default ] Request (ContainerTest:test_create_container_with_metadata_value): 201 PUT http://trial114.front.sepia.ceph.com:80/v1/KEY_e8d44fd884d542dca911787b6c8cd02a/tempest-TestContainer-679538230 0.007s
2026-02-12 07:22:03.833 18364 INFO tempest.lib.common.rest_client [tx000007ae8ec27382e403c-00698d7f9b-4209-default tx000007ae8ec27382e403c-00698d7f9b-4209-default ] Request (ContainerTest:test_create_container_with_metadata_value): 204 HEAD http://trial114.front.sepia.ceph.com:80/v1/KEY_e8d44fd884d542dca911787b6c8cd02a/tempest-TestContainer-679538230 0.002s
2026-02-12 07:22:03.840 18364 INFO tempest.lib.common.rest_client [tx000007738fbf69f69bb49-00698d7f9b-4209-default tx000007738fbf69f69bb49-00698d7f9b-4209-default ] Request (ContainerTest:test_create_container_with_remove_metadata_key): 201 PUT http://trial114.front.sepia.ceph.com:80/v1/KEY_e8d44fd884d542dca911787b6c8cd02a/tempest-TestContainer-1021991332 0.006s
2026-02-12 07:22:03.843 18364 INFO tempest.lib.common.rest_client [tx000008d456618d950aaad-00698d7f9b-4209-default tx000008d456618d950aaad-00698d7f9b-4209-default ] Request (ContainerTest:test_create_container_with_remove_metadata_key): 201 PUT http://trial114.front.sepia.ceph.com:80/v1/KEY_e8d44fd884d542dca911787b6c8cd02a/tempest-TestContainer-1021991332 0.003s
2026-02-12 07:22:03.845 18364 INFO tempest.lib.common.rest_client [tx0000031aa0de7604631a8-00698d7f9b-4209-default tx0000031aa0de7604631a8-00698d7f9b-4209-default ] Request (ContainerTest:test_create_container_with_remove_metadata_key): 204 HEAD http://trial114.front.sepia.ceph.com:80/v1/KEY_e8d44fd884d542dca911787b6c8cd02a/tempest-TestContainer-1021991332 0.002s
2026-02-12 07:22:03.851 18356 INFO tempest.lib.common.rest_client [tx000009f628250fb2b8d71-00698d7f9a-4209-default tx000009f628250fb2b8d71-00698d7f9a-4209-default ] Request (ContainerQuotasTest:setUp): 201 PUT http://trial114.front.sepia.ceph.com:80/v1/KEY_8e5c914ab11e47b2ab280e59bfc87489/tempest-TestContainer-579373594 1.603s
2026-02-12 07:22:03.852 18364 INFO tempest.lib.common.rest_client [tx0000030a00004ee43459e-00698d7f9b-4209-default tx0000030a00004ee43459e-00698d7f9b-4209-default ] Request (ContainerTest:test_create_container_with_remove_metadata_value): 201 PUT http://trial114.front.sepia.ceph.com:80/v1/KEY_e8d44fd884d542dca911787b6c8cd02a/tempest-TestContainer-870805882 0.007s
2026-02-12 07:22:03.854 18356 INFO tempest.lib.common.rest_client [tx00000b4c4cb5774f35467-00698d7f9b-4209-default tx00000b4c4cb5774f35467-00698d7f9b-4209-default ] Request (ContainerQuotasTest:setUp): 204 POST http://trial114.front.sepia.ceph.com:80/v1/KEY_8e5c914ab11e47b2ab280e59bfc87489/tempest-TestContainer-579373594 0.003s
2026-02-12 07:22:03.856 18364 INFO tempest.lib.common.rest_client [tx00000cfa8531ba9327df0-00698d7f9b-4209-default tx00000cfa8531ba9327df0-00698d7f9b-4209-default ] Request (ContainerTest:test_create_container_with_remove_metadata_value): 201 PUT http://trial114.front.sepia.ceph.com:80/v1/KEY_e8d44fd884d542dca911787b6c8cd02a/tempest-TestContainer-870805882 0.003s
2026-02-12 07:22:03.857 18356 INFO tempest.lib.common.rest_client [tx00000f248eed5db505684-00698d7f9b-4209-default tx00000f248eed5db505684-00698d7f9b-4209-default ] Request (ContainerQuotasTest:test_upload_large_object): 204 HEAD http://trial114.front.sepia.ceph.com:80/v1/KEY_8e5c914ab11e47b2ab280e59bfc87489/tempest-TestContainer-579373594 0.002s
2026-02-12 07:22:03.858 18364 INFO tempest.lib.common.rest_client [tx00000d107035202bd5299-00698d7f9b-4209-default tx00000d107035202bd5299-00698d7f9b-4209-default ] Request (ContainerTest:test_create_container_with_remove_metadata_value): 204 HEAD http://trial114.front.sepia.ceph.com:80/v1/KEY_e8d44fd884d542dca911787b6c8cd02a/tempest-TestContainer-870805882 0.002s
2026-02-12 07:22:03.859 18356 INFO tempest.lib.common.rest_client [tx0000021727c2fc0a4d9d5-00698d7f9b-4209-default tx0000021727c2fc0a4d9d5-00698d7f9b-4209-default ] Request (ContainerQuotasTest:test_upload_large_object): 413 PUT http://trial114.front.sepia.ceph.com:80/v1/KEY_8e5c914ab11e47b2ab280e59bfc87489/tempest-TestContainer-579373594/tempest-TestObject-214375036 0.002s
2026-02-12 07:22:03.862 18356 INFO tempest.lib.common.rest_client [tx000009f779029c7579941-00698d7f9b-4209-default tx000009f779029c7579941-00698d7f9b-4209-default ] Request (ContainerQuotasTest:test_upload_large_object): 204 HEAD http://trial114.front.sepia.ceph.com:80/v1/KEY_8e5c914ab11e47b2ab280e59bfc87489/tempest-TestContainer-579373594 0.002s
2026-02-12 07:22:03.866 18364 INFO tempest.lib.common.rest_client [tx00000273917338d60baea-00698d7f9b-4209-default tx00000273917338d60baea-00698d7f9b-4209-default ] Request (ContainerTest:test_delete_container): 201 PUT http://trial114.front.sepia.ceph.com:80/v1/KEY_e8d44fd884d542dca911787b6c8cd02a/tempest-TestContainer-454280630 0.007s
2026-02-12 07:22:03.869 18356 INFO tempest.lib.common.rest_client [tx0000000ae83387f981a2e-00698d7f9b-4209-default tx0000000ae83387f981a2e-00698d7f9b-4209-default ] Request (ContainerQuotasTest:setUp): 201 PUT http://trial114.front.sepia.ceph.com:80/v1/KEY_8e5c914ab11e47b2ab280e59bfc87489/tempest-TestContainer-1755063690 0.007s
2026-02-12 07:22:03.872 18356 INFO tempest.lib.common.rest_client [tx00000481a6589d99806cc-00698d7f9b-4209-default tx00000481a6589d99806cc-00698d7f9b-4209-default ] Request (ContainerQuotasTest:setUp): 204 POST http://trial114.front.sepia.ceph.com:80/v1/KEY_8e5c914ab11e47b2ab280e59bfc87489/tempest-TestContainer-1755063690 0.003s
2026-02-12 07:22:03.876 18356 INFO tempest.lib.common.rest_client [tx000006abedc5005ea54dc-00698d7f9b-4209-default tx000006abedc5005ea54dc-00698d7f9b-4209-default ] Request (ContainerQuotasTest:test_upload_too_many_objects): 201 PUT http://trial114.front.sepia.ceph.com:80/v1/KEY_8e5c914ab11e47b2ab280e59bfc87489/tempest-TestContainer-1755063690/tempest-TestObject-954826696 0.004s
2026-02-12 07:22:03.878 18356 INFO tempest.lib.common.rest_client [tx00000d517405ffead26d0-00698d7f9b-4209-default tx00000d517405ffead26d0-00698d7f9b-4209-default ] Request (ContainerQuotasTest:test_upload_too_many_objects): 200 GET http://trial114.front.sepia.ceph.com:80/v1/KEY_8e5c914ab11e47b2ab280e59bfc87489/tempest-TestContainer-1755063690/tempest-TestObject-954826696 0.002s
2026-02-12 07:22:03.881 18356 INFO tempest.lib.common.rest_client [tx0000067f9bb3458fd6bec-00698d7f9b-4209-default tx0000067f9bb3458fd6bec-00698d7f9b-4209-default ] Request (ContainerQuotasTest:test_upload_too_many_objects): 201 PUT http://trial114.front.sepia.ceph.com:80/v1/KEY_8e5c914ab11e47b2ab280e59bfc87489/tempest-TestContainer-1755063690/tempest-TestObject-2098254717 0.003s
