2026-02-13T08:33:05.169+0000 7f547081d640 20 osd.1 24 handle_osd_ping new stamps hbstamp(osd.0 up_from 5 peer_clock_delta [1.934313297s,1.934517145s])
2026-02-13T08:33:05.169+0000 7f5472821640 20 osd.1 24 get_con_osd_cluster to osd.0 from_epoch 24
2026-02-13T08:33:05.169+0000 7f5472821640 20 osd.1 24 get_nextmap_reserved map_reservations: {24=1}
2026-02-13T08:33:05.169+0000 7f5472821640 20 osd.1 24 release_map epoch: 24
2026-02-13T08:33:05.169+0000 7f5472821640 10 osd.1 24 maybe_share_map: con v2:127.0.0.1:6802/3513847230 our osdmap epoch of 24 is not newer than session's projected_epoch of 24
2026-02-13T08:33:05.169+0000 7f5472821640 20 osd.1 24 handle_osd_ping new stamps hbstamp(osd.0 up_from 5 peer_clock_delta [1.934331775s,1.934562802s])
2026-02-13T08:33:05.237+0000 7f546c014640 10 osd.1 24 tick_without_osd_lock
2026-02-13T08:33:05.237+0000 7f546c014640 20 osd.1 osd-scrub:scrub_random_backoff: lost coin flip, randomly backing off (ratio: 0.660)
2026-02-13T08:33:05.237+0000 7f546c014640 15 osd.1 osd-scrub:restrictions_on_scrubbing: Lost on the dice. Regular scheduled scrubs are not permitted.
2026-02-13T08:33:05.237+0000 7f546c014640 20 osd.1 osd-scrub:scrub_time_permit: should run between 0 - 0 now 8 = yes
2026-02-13T08:33:05.237+0000 7f546c014640 20 osd.1 osd-scrub:scrub_load_below_threshold: loadavg per cpu 0.053 < max 2000.000 (#CPUs:24) = yes
2026-02-13T08:33:05.237+0000 7f546c014640 10 osd.1 osd-scrub:initiate_scrub: scrub scheduling (@tick) starts. time now:2026-02-13T08:33:05.238, recovery is active?:false restrictions:<.backoff...>
2026-02-13T08:33:05.237+0000 7f546c014640 20 osd.1 osd-scrub:initiate_scrub: no PGs are ready for scrubbing
2026-02-13T08:33:05.237+0000 7f546c014640 10 osd.1 24 promote_throttle_recalibrate 0 attempts, promoted 0 objects and 0 B; target 25 obj/sec or 5 MiB/sec
2026-02-13T08:33:05.237+0000 7f546c014640 20 osd.1 24 promote_throttle_recalibrate new_prob 1000
2026-02-13T08:33:05.237+0000 7f546c014640 10 osd.1 24 promote_throttle_recalibrate actual 0, actual/prob ratio 1, adjusted new_prob 1000, prob 1000 -> 1000
2026-02-13T08:33:05.237+0000 7f546c014640 20 osd.1 24 maybe_send_beacon beacon would be too frequent; skipping
2026-02-13T08:33:05.267+0000 7f546579d640 10 monclient: tick
2026-02-13T08:33:05.267+0000 7f546579d640 10 monclient: _check_auth_tickets
2026-02-13T08:33:05.267+0000 7f546579d640 10 monclient: _check_auth_rotating renewing rotating keys (they expired before
2026-02-13T08:32:35.269630+0000)
2026-02-13T08:33:05.522+0000 7f546c815640 10 osd.1 24 tick
2026-02-13T08:33:05.522+0000 7f546c815640 20 osd.1 24 tick last_purged_snaps_scrub
2026-02-13T08:32:59.310588+0000 next
2026-02-14T12:06:44.310588+0000
2026-02-13T08:33:06.240+0000 7f546c014640 10 osd.1 24 tick_without_osd_lock
2026-02-13T08:33:06.240+0000 7f546c014640 20 osd.1 osd-scrub:scrub_random_backoff: lost coin flip, randomly backing off (ratio: 0.660)
2026-02-13T08:33:06.240+0000 7f546c014640 15 osd.1 osd-scrub:restrictions_on_scrubbing: Lost on the dice. Regular scheduled scrubs are not permitted.
2026-02-13T08:33:06.240+0000 7f546c014640 20 osd.1 osd-scrub:scrub_time_permit: should run between 0 - 0 now 8 = yes
2026-02-13T08:33:06.240+0000 7f546c014640 20 osd.1 osd-scrub:scrub_load_below_threshold: loadavg per cpu 0.053 < max 2000.000 (#CPUs:24) = yes
2026-02-13T08:33:06.240+0000 7f546c014640 10 osd.1 osd-scrub:initiate_scrub: scrub scheduling (@tick) starts. time now:2026-02-13T08:33:06.241, recovery is active?:false restrictions:<.backoff...>
2026-02-13T08:33:06.240+0000 7f546c014640 20 osd.1 osd-scrub:initiate_scrub: no PGs are ready for scrubbing
2026-02-13T08:33:06.240+0000 7f546c014640 10 osd.1 24 promote_throttle_recalibrate 0 attempts, promoted 0 objects and 0 B; target 25 obj/sec or 5 MiB/sec
2026-02-13T08:33:06.240+0000 7f546c014640 20 osd.1 24 promote_throttle_recalibrate new_prob 1000
2026-02-13T08:33:06.240+0000 7f546c014640 10 osd.1 24 promote_throttle_recalibrate actual 0, actual/prob ratio 1, adjusted new_prob 1000, prob 1000 -> 1000
2026-02-13T08:33:06.240+0000 7f546c014640 20 osd.1 24 maybe_send_beacon beacon would be too frequent; skipping
2026-02-13T08:33:06.268+0000 7f546579d640 10 monclient: tick
2026-02-13T08:33:06.268+0000 7f546579d640 10 monclient: _check_auth_tickets
2026-02-13T08:33:06.268+0000 7f546579d640 10 monclient: _check_auth_rotating renewing rotating keys (they expired before
2026-02-13T08:32:36.269686+0000)
2026-02-13T08:33:06.527+0000 7f546c815640 10 osd.1 24 tick
2026-02-13T08:33:06.527+0000 7f546c815640 20 osd.1 24 tick last_purged_snaps_scrub
2026-02-13T08:32:59.310588+0000 next
2026-02-14T12:06:44.310588+0000
2026-02-13T08:33:07.209+0000 7f546c014640 10 osd.1 24 tick_without_osd_lock
2026-02-13T08:33:07.209+0000 7f546c014640 20 osd.1 osd-scrub:scrub_random_backoff: lost coin flip, randomly backing off (ratio: 0.660)
2026-02-13T08:33:07.209+0000 7f546c014640 15 osd.1 osd-scrub:restrictions_on_scrubbing: Lost on the dice. Regular scheduled scrubs are not permitted.
2026-02-13T08:33:07.209+0000 7f546c014640 20 osd.1 osd-scrub:scrub_time_permit: should run between 0 - 0 now 8 = yes
2026-02-13T08:33:07.209+0000 7f546c014640 20 osd.1 osd-scrub:scrub_load_below_threshold: loadavg per cpu 0.053 < max 2000.000 (#CPUs:24) = yes
2026-02-13T08:33:07.209+0000 7f546c014640 10 osd.1 osd-scrub:initiate_scrub: scrub scheduling (@tick) starts. time now:2026-02-13T08:33:07.210, recovery is active?:false restrictions:<.backoff...>
2026-02-13T08:33:07.209+0000 7f546c014640 20 osd.1 osd-scrub:initiate_scrub: no PGs are ready for scrubbing
2026-02-13T08:33:07.209+0000 7f546c014640 10 osd.1 24 promote_throttle_recalibrate 0 attempts, promoted 0 objects and 0 B; target 25 obj/sec or 5 MiB/sec
2026-02-13T08:33:07.209+0000 7f546c014640 20 osd.1 24 promote_throttle_recalibrate new_prob 1000
2026-02-13T08:33:07.209+0000 7f546c014640 10 osd.1 24 promote_throttle_recalibrate actual 0, actual/prob ratio 1, adjusted new_prob 1000, prob 1000 -> 1000
2026-02-13T08:33:07.209+0000 7f546c014640 20 osd.1 24 maybe_send_beacon beacon would be too frequent; skipping
2026-02-13T08:33:07.268+0000 7f546579d640 10 monclient: tick
2026-02-13T08:33:07.268+0000 7f546579d640 10 monclient: _check_auth_tickets
2026-02-13T08:33:07.268+0000 7f546579d640 10 monclient: _check_auth_rotating renewing rotating keys (they expired before
2026-02-13T08:32:37.269741+0000)
2026-02-13T08:33:07.535+0000 7f5472821640 1 -- [v2:127.0.0.1:6814/1434334463,v1:127.0.0.1:6815/1434334463] <== osd.0 127.0.0.1:0/3513847230 2 ==== osd_ping(ping e24 up_from 5 ping_stamp
2026-02-13T08:33:07.536132+0000/11.203577042s send_stamp 11.203577042s delta_ub 1.934562802s) ==== 2033+0+0 (crc 0 0 0) 0x5644a586bdc0 con 0x5644a507bc00
2026-02-13T08:33:07.535+0000 7f5472821640 20 osd.1 24 handle_osd_ping new stamps hbstamp(osd.0 up_from 5 peer_clock_delta [1.934321880s,1.934562802s])
2026-02-13T08:33:07.535+0000 7f547101e640 1 -- [v2:127.0.0.1:6816/1434334463,v1:127.0.0.1:6817/1434334463] <== osd.0 127.0.0.1:0/3513847230 2 ==== osd_ping(ping e24 up_from 5 ping_stamp
2026-02-13T08:33:07.536132+0000/11.203577042s send_stamp 11.203577042s delta_ub 1.934562802s) ==== 2033+0+0 (crc 0 0 0) 0x5644a586b340 con 0x5644a510c400
2026-02-13T08:33:07.535+0000 7f5472821640 1 -- [v2:127.0.0.1:6814/1434334463,v1:127.0.0.1:6815/1434334463] --> 127.0.0.1:0/3513847230 -- osd_ping(ping_reply e24 up_from 9 ping_stamp
2026-02-13T08:33:07.536132+0000/11.203577042s send_stamp 9.269255638s delta_ub -1.934321880s) -- 0x5644a586b880 con 0x5644a507bc00
2026-02-13T08:33:07.535+0000 7f5472821640 20 osd.1 24 get_con_osd_cluster to osd.0 from_epoch 24
2026-02-13T08:33:07.535+0000 7f5472821640 20 osd.1 24 get_nextmap_reserved map_reservations: {24=1}
2026-02-13T08:33:07.535+0000 7f5472821640 20 osd.1 24 release_map epoch: 24
2026-02-13T08:33:07.535+0000 7f5472821640 10 osd.1 24 maybe_share_map: con v2:127.0.0.1:6802/3513847230 our osdmap epoch of 24 is not newer than session's projected_epoch of 24
2026-02-13T08:33:07.535+0000 7f547101e640 20 osd.1 24 handle_osd_ping new stamps hbstamp(osd.0 up_from 5 peer_clock_delta [1.934303045s,1.934562802s])
2026-02-13T08:33:07.535+0000 7f547101e640 1 -- [v2:127.0.0.1:6816/1434334463,v1:127.0.0.1:6817/1434334463] --> 127.0.0.1:0/3513847230 -- osd_ping(ping_reply e24 up_from 9 ping_stamp
2026-02-13T08:33:07.536132+0000/11.203577042s send_stamp 9.269274712s delta_ub -1.934303045s) -- 0x5644a5dea1c0 con 0x5644a510c400
2026-02-13T08:33:07.535+0000 7f547101e640 20 osd.1 24 get_con_osd_cluster to osd.0 from_epoch 24
2026-02-13T08:33:07.535+0000 7f547101e640 20 osd.1 24 get_nextmap_reserved map_reservations: {24=1}
2026-02-13T08:33:07.535+0000 7f547101e640 20 osd.1 24 release_map epoch: 24
2026-02-13T08:33:07.535+0000 7f547101e640 10 osd.1 24 maybe_share_map: con v2:127.0.0.1:6802/3513847230 our osdmap epoch of 24 is not newer than session's projected_epoch of 24
2026-02-13T08:33:07.573+0000 7f546c815640 10 osd.1 24 tick
2026-02-13T08:33:07.573+0000 7f546c815640 20 osd.1 24 tick last_purged_snaps_scrub
2026-02-13T08:32:59.310588+0000 next
2026-02-14T12:06:44.310588+0000
2026-02-13T08:33:07.827+0000 7f5459ff0640 15 osd.1 24 enqueue_peering_evt 1.0 epoch_sent: 10 epoch_requested: 10 RenewLease
2026-02-13T08:33:07.827+0000 7f5459ff0640 20 osd.1 op_wq(0) _enqueue OpSchedulerItem(1.0 PGPeeringEvent(epoch_sent: 10 epoch_requested: 10 RenewLease) class_id 2 prio 255 cost 10 e10)
2026-02-13T08:33:07.827+0000 7f5454fe6640 20 osd.1 op_wq(0) _process 1.0 to_process <> waiting <> waiting_peering {}
2026-02-13T08:33:07.827+0000 7f5454fe6640 20 osd.1 op_wq(0) _process OpSchedulerItem(1.0 PGPeeringEvent(epoch_sent: 10 epoch_requested: 10 RenewLease) class_id 2 prio 255 cost 10 e10) queued
2026-02-13T08:33:07.827+0000 7f5454fe6640 20 osd.1 op_wq(0) _process 1.0 to_process waiting <> waiting_peering {}
2026-02-13T08:33:07.827+0000 7f5454fe6640 20 osd.1 op_wq(0) _process OpSchedulerItem(1.0 PGPeeringEvent(epoch_sent: 10 epoch_requested: 10 RenewLease) class_id 2 prio 255 cost 10 e10) pg 0x5644a5b30000
2026-02-13T08:33:07.827+0000 7f5454fe6640 10 osd.1 pg_epoch: 24 pg[1.0( empty local-lis/les=13/14 n=0 ec=10/10 lis/c=13/13 les/c/f=14/14/0 sis=13) [1,0] r=0 lpr=13 crt=0'0 mlcod 0'0 active+clean] do_peering_event: epoch_sent: 10 epoch_requested: 10 RenewLease
2026-02-13T08:33:07.827+0000 7f5454fe6640 10 osd.1 pg_epoch: 24 pg[1.0( empty local-lis/les=13/14 n=0 ec=10/10 lis/c=13/13 les/c/f=14/14/0 sis=13) [1,0] r=0 lpr=13 crt=0'0 mlcod 0'0 active+clean] old_peering_msg reply_epoch 10 query_epoch 10 last_peering_reset 13
2026-02-13T08:33:07.827+0000 7f5458fee640 20 osd.1 op_wq(0) _process empty q, waiting
2026-02-13T08:33:07.827+0000 7f5454fe6640 10 osd.1 pg_epoch: 24 pg[1.0( empty local-lis/les=13/14 n=0 ec=10/10 lis/c=13/13 les/c/f=14/14/0 sis=13) [1,0] r=0 lpr=13 crt=0'0 mlcod 0'0 active+clean] discard old epoch_sent: 10 epoch_requested: 10 RenewLease
2026-02-13T08:33:07.827+0000 7f5454fe6640 10 log is not dirty
2026-02-13T08:33:07.827+0000 7f5454fe6640 20 osd.1 op_wq(0) _process empty q, waiting
2026-02-13T08:33:08.242+0000 7f546c014640 10 osd.1 24 tick_without_osd_lock
2026-02-13T08:33:08.242+0000 7f546c014640 20 osd.1 osd-scrub:scrub_random_backoff: lost coin flip, randomly backing off (ratio: 0.660)
2026-02-13T08:33:08.242+0000 7f546c014640 15 osd.1 osd-scrub:restrictions_on_scrubbing: Lost on the dice. Regular scheduled scrubs are not permitted.
2026-02-13T08:33:08.242+0000 7f546c014640 20 osd.1 osd-scrub:scrub_time_permit: should run between 0 - 0 now 8 = yes
2026-02-13T08:33:08.242+0000 7f546c014640 20 osd.1 osd-scrub:scrub_load_below_threshold: loadavg per cpu 0.053 < max 2000.000 (#CPUs:24) = yes
2026-02-13T08:33:08.242+0000 7f546c014640 10 osd.1 osd-scrub:initiate_scrub: scrub scheduling (@tick) starts. time now:2026-02-13T08:33:08.243, recovery is active?:false restrictions:<.backoff...>
2026-02-13T08:33:08.242+0000 7f546c014640 20 osd.1 osd-scrub:initiate_scrub: no PGs are ready for scrubbing
2026-02-13T08:33:08.242+0000 7f546c014640 10 osd.1 24 promote_throttle_recalibrate 0 attempts, promoted 0 objects and 0 B; target 25 obj/sec or 5 MiB/sec
2026-02-13T08:33:08.242+0000 7f546c014640 20 osd.1 24 promote_throttle_recalibrate new_prob 1000
2026-02-13T08:33:08.242+0000 7f546c014640 10 osd.1 24 promote_throttle_recalibrate actual 0, actual/prob ratio 1, adjusted new_prob 1000, prob 1000 -> 1000
2026-02-13T08:33:08.242+0000 7f546c014640 20 osd.1 24 maybe_send_beacon beacon would be too frequent; skipping
2026-02-13T08:33:08.268+0000 7f546579d640 10 monclient: tick
2026-02-13T08:33:08.268+0000 7f546579d640 10 monclient: _check_auth_tickets
2026-02-13T08:33:08.268+0000 7f546579d640 10 monclient: _check_auth_rotating renewing rotating keys (they expired before
2026-02-13T08:32:38.269798+0000)
2026-02-13T08:33:08.531+0000 7f546c815640 10 osd.1 24 tick
2026-02-13T08:33:08.531+0000 7f546c815640 20 osd.1 24 tick last_purged_snaps_scrub
2026-02-13T08:32:59.310588+0000 next
2026-02-14T12:06:44.310588+0000
2026-02-13T08:33:09.268+0000 7f546579d640 10 monclient: tick
2026-02-13T08:33:09.268+0000 7f546579d640 10 monclient: _check_auth_tickets
2026-02-13T08:33:09.268+0000 7f546579d640 10 monclient: _check_auth_rotating renewing rotating keys (they expired before
2026-02-13T08:32:39.269855+0000)
2026-02-13T08:33:09.285+0000 7f546c014640 10 osd.1 24 tick_without_osd_lock
2026-02-13T08:33:09.285+0000 7f546c014640 20 osd.1 osd-scrub:scrub_random_backoff: lost coin flip, randomly backing off (ratio: 0.660)
2026-02-13T08:33:09.285+0000 7f546c014640 15 osd.1 osd-scrub:restrictions_on_scrubbing: Lost on the dice. Regular scheduled scrubs are not permitted.
2026-02-13T08:33:09.285+0000 7f546c014640 20 osd.1 osd-scrub:scrub_time_permit: should run between 0 - 0 now 8 = yes
2026-02-13T08:33:09.285+0000 7f546c014640 20 osd.1 osd-scrub:scrub_load_below_threshold: loadavg per cpu 0.049 < max 2000.000 (#CPUs:24) = yes
2026-02-13T08:33:09.285+0000 7f546c014640 10 osd.1 osd-scrub:initiate_scrub: scrub scheduling (@tick) starts. time now:2026-02-13T08:33:09.286, recovery is active?:false restrictions:<.backoff...>
2026-02-13T08:33:09.285+0000 7f546c014640 20 osd.1 osd-scrub:initiate_scrub: no PGs are ready for scrubbing
2026-02-13T08:33:09.285+0000 7f546c014640 10 osd.1 24 promote_throttle_recalibrate 0 attempts, promoted 0 objects and 0 B; target 25 obj/sec or 5 MiB/sec
2026-02-13T08:33:09.285+0000 7f546c014640 20 osd.1 24 promote_throttle_recalibrate new_prob 1000
2026-02-13T08:33:09.285+0000 7f546c014640 10 osd.1 24 promote_throttle_recalibrate actual 0, actual/prob ratio 1, adjusted new_prob 1000, prob 1000 -> 1000
2026-02-13T08:33:09.285+0000 7f546c014640 20 osd.1 24 maybe_send_beacon beacon would be too frequent; skipping
2026-02-13T08:33:09.330+0000 7f5459ff0640 15 osd.1 24 enqueue_peering_evt 1.0 epoch_sent: 13 epoch_requested: 13 RenewLease
2026-02-13T08:33:09.330+0000 7f5459ff0640 20 osd.1 op_wq(0) _enqueue OpSchedulerItem(1.0 PGPeeringEvent(epoch_sent: 13 epoch_requested: 13 RenewLease) class_id 2 prio 255 cost 10 e13)
2026-02-13T08:33:09.330+0000 7f5458fee640 20 osd.1 op_wq(0) _process 1.0 to_process <> waiting <> waiting_peering {}
2026-02-13T08:33:09.330+0000 7f5458fee640 20 osd.1 op_wq(0) _process OpSchedulerItem(1.0 PGPeeringEvent(epoch_sent: 13 epoch_requested: 13 RenewLease) class_id 2 prio 255 cost 10 e13) queued
2026-02-13T08:33:09.330+0000 7f5458fee640 20 osd.1 op_wq(0) _process 1.0 to_process waiting <> waiting_peering {}
2026-02-13T08:33:09.330+0000 7f5458fee640 20 osd.1 op_wq(0) _process OpSchedulerItem(1.0 PGPeeringEvent(epoch_sent: 13 epoch_requested: 13 RenewLease) class_id 2 prio 255 cost 10 e13) pg 0x5644a5b30000
2026-02-13T08:33:09.330+0000 7f5458fee640 10 osd.1 pg_epoch: 24 pg[1.0( empty local-lis/les=13/14 n=0 ec=10/10 lis/c=13/13 les/c/f=14/14/0 sis=13) [1,0] r=0 lpr=13 crt=0'0 mlcod 0'0 active+clean] do_peering_event: epoch_sent: 13 epoch_requested: 13 RenewLease
2026-02-13T08:33:09.330+0000 7f5454fe6640 20 osd.1 op_wq(0) _process empty q, waiting
2026-02-13T08:33:09.330+0000 7f5458fee640 20 osd.1 pg_epoch: 24 pg[1.0( empty local-lis/les=13/14 n=0 ec=10/10 lis/c=13/13 les/c/f=14/14/0 sis=13) [1,0] r=0 lpr=13 crt=0'0 mlcod 0'0 active+clean] PeeringState::recalc_readable_until peer osd.0 ruub 19.064174652s
2026-02-13T08:33:09.330+0000 7f5458fee640 20 osd.1 pg_epoch: 24 pg[1.0( empty local-lis/les=13/14 n=0 ec=10/10 lis/c=13/13 les/c/f=14/14/0 sis=13) [1,0] r=0 lpr=13 crt=0'0 mlcod 0'0 active+clean] PeeringState::recalc_readable_until readable_until[_ub] 19.064174652s (sent 27.064277649s)
2026-02-13T08:33:09.330+0000 7f5458fee640 20 osd.1 24 get_con_osd_cluster to osd.0 from_epoch 24
2026-02-13T08:33:09.330+0000 7f5458fee640 20 osd.1 24 get_nextmap_reserved map_reservations: {24=1}
2026-02-13T08:33:09.330+0000 7f5458fee640 20 osd.1 24 release_map epoch: 24
2026-02-13T08:33:09.330+0000 7f5458fee640 1 -- [v2:127.0.0.1:6812/1434334463,v1:127.0.0.1:6813/1434334463] --> [v2:127.0.0.1:6802/3513847230,v1:127.0.0.1:6803/3513847230] -- pg_lease(1.0 pg_lease(ru 19.064174652s ub 27.064277649s int 16.000000000s) e24/24) -- 0x5644a5dea380 con 0x5644a510c800
2026-02-13T08:33:09.330+0000 7f5458fee640 10 log is not dirty
2026-02-13T08:33:09.330+0000 7f5458fee640 20 osd.1 op_wq(0) _process empty q, waiting
2026-02-13T08:33:09.330+0000 7f547101e640 1 -- [v2:127.0.0.1:6812/1434334463,v1:127.0.0.1:6813/1434334463] <== osd.0 v2:127.0.0.1:6802/3513847230 38 ==== pg_lease_ack(1.0 pg_lease_ack(ruub 27.064277649s) e24/24) ==== 42+0+0 (crc 0 0 0) 0x5644a5b4eea0 con 0x5644a510c800
2026-02-13T08:33:09.330+0000 7f547101e640 15 osd.1 24 enqueue_peering_evt 1.0 epoch_sent: 24 epoch_requested: 24 MLeaseAck epoch 24 from osd.0 pg_lease_ack(ruub 27.064277649s)
2026-02-13T08:33:09.330+0000 7f547101e640 20 osd.1 op_wq(0) _enqueue OpSchedulerItem(1.0 PGPeeringEvent(epoch_sent: 24 epoch_requested: 24 MLeaseAck epoch 24 from osd.0 pg_lease_ack(ruub 27.064277649s)) class_id 2 prio 255 cost 10 e24)
2026-02-13T08:33:09.330+0000 7f5454fe6640 20 osd.1 op_wq(0) _process 1.0 to_process <> waiting <> waiting_peering {}
2026-02-13T08:33:09.330+0000 7f5454fe6640 20 osd.1 op_wq(0) _process OpSchedulerItem(1.0 PGPeeringEvent(epoch_sent: 24 epoch_requested: 24 MLeaseAck epoch 24 from osd.0 pg_lease_ack(ruub 27.064277649s)) class_id 2 prio 255 cost 10 e24) queued
2026-02-13T08:33:09.330+0000 7f5454fe6640 20 osd.1 op_wq(0) _process 1.0 to_process waiting <> waiting_peering {}
2026-02-13T08:33:09.330+0000 7f5454fe6640 20 osd.1 op_wq(0) _process OpSchedulerItem(1.0 PGPeeringEvent(epoch_sent: 24 epoch_requested: 24 MLeaseAck epoch 24 from osd.0 pg_lease_ack(ruub 27.064277649s)) class_id 2 prio 255 cost 10 e24) pg 0x5644a5b30000
2026-02-13T08:33:09.330+0000 7f5458fee640 20 osd.1 op_wq(0) _process empty q, waiting
2026-02-13T08:33:09.330+0000 7f5454fe6640 10 osd.1 pg_epoch: 24 pg[1.0( empty local-lis/les=13/14 n=0 ec=10/10 lis/c=13/13 les/c/f=14/14/0 sis=13) [1,0] r=0 lpr=13 crt=0'0 mlcod 0'0 active+clean] do_peering_event: epoch_sent: 24 epoch_requested: 24 MLeaseAck epoch 24 from osd.0 pg_lease_ack(ruub 27.064277649s)
2026-02-13T08:33:09.330+0000 7f5454fe6640 20 osd.1 pg_epoch: 24 pg[1.0( empty local-lis/les=13/14 n=0 ec=10/10 lis/c=13/13 les/c/f=14/14/0 sis=13) [1,0] r=0 lpr=13 crt=0'0 mlcod 0'0 active+clean] PeeringState::recalc_readable_until peer osd.0 ruub 27.064277649s
2026-02-13T08:33:09.330+0000 7f5454fe6640 20 osd.1 pg_epoch: 24 pg[1.0( empty local-lis/les=13/14 n=0 ec=10/10 lis/c=13/13 les/c/f=14/14/0 sis=13) [1,0] r=0 lpr=13 crt=0'0 mlcod 0'0 active+clean] PeeringState::recalc_readable_until readable_until[_ub] 27.064277649s (sent 27.064277649s)
2026-02-13T08:33:09.330+0000 7f5454fe6640 10 log is not dirty
2026-02-13T08:33:09.330+0000 7f5454fe6640 20 osd.1 op_wq(0) _process empty q, waiting
2026-02-13T08:33:09.425+0000 7f5464f9c640 20 osd.1 24 reports for 0 queries
2026-02-13T08:33:09.425+0000 7f5464f9c640 1 -- [v2:127.0.0.1:6810/1434334463,v1:127.0.0.1:6811/1434334463] --> [v2:127.0.0.1:6808/774965947,v1:127.0.0.1:6809/774965947] -- mgrreport(unknown.1 +0-0 packed 3278 daemon_metrics=2) -- 0x5644a4136e00 con 0x5644a510dc00
2026-02-13T08:33:09.425+0000 7f5464f9c640 15 osd.1 24 collect_pg_stats
2026-02-13T08:33:09.425+0000 7f5464f9c640 1 -- [v2:127.0.0.1:6810/1434334463,v1:127.0.0.1:6811/1434334463] --> [v2:127.0.0.1:6808/774965947,v1:127.0.0.1:6809/774965947] -- pg_stats(2 pgs seq 38654705667 v 0) -- 0x5644a4137c00 con 0x5644a510dc00
2026-02-13T08:33:09.569+0000 7f546c815640 10 osd.1 24 tick
2026-02-13T08:33:09.569+0000 7f546c815640 20 osd.1 24 tick last_purged_snaps_scrub
2026-02-13T08:32:59.310588+0000 next
2026-02-14T12:06:44.310588+0000
2026-02-13T08:33:09.748+0000 7f5472821640 1 --2- [v2:127.0.0.1:6810/1434334463,v1:127.0.0.1:6811/1434334463] >> conn(0x5644a5e09400 0x5644a5e46000 unknown :-1 s=NONE pgs=0 cs=0 l=0 rev1=0 crypto rx=0 tx=0 comp rx=0 tx=0).accept
2026-02-13T08:33:09.748+0000 7f547081d640 1 --2- [v2:127.0.0.1:6810/1434334463,v1:127.0.0.1:6811/1434334463] >> conn(0x5644a5e09400 0x5644a5e46000 unknown :-1 s=BANNER_ACCEPTING pgs=0 cs=0 l=0 rev1=0 crypto rx=0 tx=0 comp rx=0 tx=0)._handle_peer_banner_payload supported=3 required=0
2026-02-13T08:33:09.748+0000 7f547081d640 10 osd.1 24 ms_handle_fast_authentication new session 0x5644a586a8c0 con 0x5644a5e09400 entity client.admin addr
2026-02-13T08:33:09.748+0000 7f547081d640 1 --2- [v2:127.0.0.1:6810/1434334463,v1:127.0.0.1:6811/1434334463] >> 127.0.0.1:0/3148336847 conn(0x5644a5e09400 0x5644a5e46000 crc :-1 s=READY pgs=3 cs=0 l=1 rev1=1 crypto rx=0 tx=0 comp rx=0 tx=0).ready entity=client.4150 client_cookie=0 server_cookie=0 in_seq=0 out_seq=0
2026-02-13T08:33:09.748+0000 7f546679f640 1 -- [v2:127.0.0.1:6810/1434334463,v1:127.0.0.1:6811/1434334463] <== client.4150 127.0.0.1:0/3148336847 1 ==== command(tid 1: {"prefix": "get_command_descriptions"}) ==== 62+0+0 (crc 0 0 0) 0x5644a5b4e4e0 con 0x5644a5e09400
2026-02-13T08:33:09.748+0000 7f546679f640 20 osd.1 24 OSD::ms_dispatch: command(tid 1: {"prefix": "get_command_descriptions"})
2026-02-13T08:33:09.748+0000 7f546679f640 20 osd.1 24 _dispatch 0x5644a5b4e4e0 command(tid 1: {"prefix": "get_command_descriptions"})
2026-02-13T08:33:09.748+0000 7f5472020640 1 -- [v2:127.0.0.1:6810/1434334463,v1:127.0.0.1:6811/1434334463] --> 127.0.0.1:0/3148336847 -- command_reply(tid 1: 0 ) -- 0x5644a5b4e1a0 con 0x5644a5e09400
2026-02-13T08:33:09.756+0000 7f546679f640 1 -- [v2:127.0.0.1:6810/1434334463,v1:127.0.0.1:6811/1434334463] <== client.4150 127.0.0.1:0/3148336847 2 ==== command(tid 2: {"prefix": "flush_pg_stats"}) ==== 52+0+0 (crc 0 0 0) 0x5644a5b4e1a0 con 0x5644a5e09400
2026-02-13T08:33:09.756+0000 7f546679f640 20 osd.1 24 OSD::ms_dispatch: command(tid 2: {"prefix": "flush_pg_stats"})
2026-02-13T08:33:09.756+0000 7f546679f640 20 osd.1 24 _dispatch 0x5644a5b4e1a0 command(tid 2: {"prefix": "flush_pg_stats"})
2026-02-13T08:33:09.756+0000 7f5472020640 15 osd.1 24 collect_pg_stats
2026-02-13T08:33:09.756+0000 7f5472020640 1 -- [v2:127.0.0.1:6810/1434334463,v1:127.0.0.1:6811/1434334463] --> [v2:127.0.0.1:6808/774965947,v1:127.0.0.1:6809/774965947] -- pg_stats(2 pgs seq 38654705668 v 0) -- 0x5644a4137180 con 0x5644a510dc00
2026-02-13T08:33:09.756+0000 7f5472020640 1 -- [v2:127.0.0.1:6810/1434334463,v1:127.0.0.1:6811/1434334463] --> 127.0.0.1:0/3148336847 -- command_reply(tid 2: 0 ) -- 0x5644a5b4e4e0 con 0x5644a5e09400
2026-02-13T08:33:09.761+0000 7f546679f640 1 -- [v2:127.0.0.1:6810/1434334463,v1:127.0.0.1:6811/1434334463] <== client.4150 127.0.0.1:0/3148336847 3 ==== command(tid 3: {"prefix": "flush_pg_stats"}) ==== 52+0+0 (crc 0 0 0) 0x5644a5b4e4e0 con 0x5644a5e09400
2026-02-13T08:33:09.761+0000 7f546679f640 20 osd.1 24 OSD::ms_dispatch: command(tid 3: {"prefix": "flush_pg_stats"})
2026-02-13T08:33:09.761+0000 7f546679f640 20 osd.1 24 _dispatch 0x5644a5b4e4e0 command(tid 3: {"prefix": "flush_pg_stats"})
2026-02-13T08:33:09.761+0000 7f5472020640 15 osd.1 24 collect_pg_stats
2026-02-13T08:33:09.761+0000 7f5472020640 1 -- [v2:127.0.0.1:6810/1434334463,v1:127.0.0.1:6811/1434334463] --> [v2:127.0.0.1:6808/774965947,v1:127.0.0.1:6809/774965947] -- pg_stats(2 pgs seq 38654705669 v 0) -- 0x5644a4136e00 con 0x5644a510dc00
2026-02-13T08:33:09.761+0000 7f5472020640 1 -- [v2:127.0.0.1:6810/1434334463,v1:127.0.0.1:6811/1434334463] --> 127.0.0.1:0/3148336847 -- command_reply(tid 3: 0 ) -- 0x5644a5b4e1a0 con 0x5644a5e09400
2026-02-13T08:33:09.761+0000 7f547081d640 1 -- [v2:127.0.0.1:6810/1434334463,v1:127.0.0.1:6811/1434334463] >> 127.0.0.1:0/3148336847 conn(0x5644a5e09400 msgr2=0x5644a5e46000 crc :-1 s=STATE_CONNECTION_ESTABLISHED l=1).read_bulk peer close file descriptor 70
2026-02-13T08:33:09.761+0000 7f547081d640 1 -- [v2:127.0.0.1:6810/1434334463,v1:127.0.0.1:6811/1434334463] >> 127.0.0.1:0/3148336847 conn(0x5644a5e09400 msgr2=0x5644a5e46000 crc :-1 s=STATE_CONNECTION_ESTABLISHED l=1).read_until read failed
2026-02-13T08:33:09.761+0000 7f547081d640 1 --2- [v2:127.0.0.1:6810/1434334463,v1:127.0.0.1:6811/1434334463] >> 127.0.0.1:0/3148336847 conn(0x5644a5e09400 0x5644a5e46000 crc :-1 s=READY pgs=3 cs=0 l=1 rev1=1 crypto rx=0 tx=0 comp rx=0 tx=0).handle_read_frame_preamble_main read frame preamble failed r=-1
2026-02-13T08:33:09.761+0000 7f547081d640 1 --2- [v2:127.0.0.1:6810/1434334463,v1:127.0.0.1:6811/1434334463] >> 127.0.0.1:0/3148336847 conn(0x5644a5e09400 0x5644a5e46000 crc :-1 s=READY pgs=3 cs=0 l=1 rev1=1 crypto rx=0 tx=0 comp rx=0 tx=0).stop
2026-02-13T08:33:09.762+0000 7f546679f640 2 osd.1 24 ms_handle_reset con 0x5644a5e09400 session 0x5644a586a8c0
2026-02-13T08:33:10.269+0000 7f546579d640 10 monclient: tick
2026-02-13T08:33:10.269+0000 7f546579d640 10 monclient: _check_auth_tickets
2026-02-13T08:33:10.269+0000 7f546579d640 10 monclient: _check_auth_rotating renewing rotating keys (they expired before
2026-02-13T08:32:40.269923+0000)
2026-02-13T08:33:10.335+0000 7f546c014640 10 osd.1 24 tick_without_osd_lock
2026-02-13T08:33:10.335+0000 7f546c014640 20 osd.1 osd-scrub:scrub_time_permit: should run between 0 - 0 now 8 = yes
2026-02-13T08:33:10.335+0000 7f546c014640 20 osd.1 osd-scrub:scrub_load_below_threshold: loadavg per cpu 0.049 < max 2000.000 (#CPUs:24) = yes
2026-02-13T08:33:10.335+0000 7f546c014640 10 osd.1 osd-scrub:initiate_scrub: scrub scheduling (@tick) starts. time now:2026-02-13T08:33:10.336, recovery is active?:false restrictions:<....>
2026-02-13T08:33:10.335+0000 7f546c014640 20 osd.1 osd-scrub: scrub-queue jobs: 3.0/sh,nb:2026-02-14T10:10:45.356,(periodic-regular,tr:2026-02-14T10:10:45.356)
2026-02-13T08:33:10.335+0000 7f546c014640 20 osd.1 osd-scrub: scrub-queue jobs: 1.0/sh,nb:2026-02-14T13:19:57.448,(periodic-regular,tr:2026-02-14T13:19:57.448)
2026-02-13T08:33:10.335+0000 7f546c014640 20 osd.1 osd-scrub: scrub-queue jobs: 1.0/dp,nb:2026-02-18T21:16:42.791,(periodic-regular,tr:2026-02-18T21:16:42.791)
2026-02-13T08:33:10.335+0000 7f546c014640 20 osd.1 osd-scrub: scrub-queue jobs: 3.0/dp,nb:2026-02-19T05:51:32.337,(periodic-regular,tr:2026-02-19T05:51:32.337)
2026-02-13T08:33:10.335+0000 7f546c014640 20 osd.1 osd-scrub:initiate_scrub: no PGs are ready for scrubbing
2026-02-13T08:33:10.335+0000 7f546c014640 10 osd.1 24 promote_throttle_recalibrate 0 attempts, promoted 0 objects and 0 B; target 25 obj/sec or 5 MiB/sec
2026-02-13T08:33:10.335+0000 7f546c014640 20 osd.1 24 promote_throttle_recalibrate new_prob 1000
2026-02-13T08:33:10.335+0000 7f546c014640 10 osd.1 24 promote_throttle_recalibrate actual 0, actual/prob ratio 1, adjusted new_prob 1000, prob 1000 -> 1000
2026-02-13T08:33:10.335+0000 7f546c014640 20 osd.1 24 maybe_send_beacon beacon would be too frequent; skipping
2026-02-13T08:33:10.435+0000 7f5472821640 1 -- [v2:127.0.0.1:6814/1434334463,v1:127.0.0.1:6815/1434334463] <== osd.0 127.0.0.1:0/3513847230 3 ==== osd_ping(ping e24 up_from 5 ping_stamp
2026-02-13T08:33:10.436261+0000/14.103705406s send_stamp 14.103705406s delta_ub 1.934484839s) ==== 2033+0+0 (crc 0 0 0) 0x5644a586b880 con 0x5644a507bc00
2026-02-13T08:33:10.435+0000 7f547101e640 1 -- [v2:127.0.0.1:6816/1434334463,v1:127.0.0.1:6817/1434334463] <== osd.0 127.0.0.1:0/3513847230 3 ==== osd_ping(ping e24 up_from 5 ping_stamp
2026-02-13T08:33:10.436261+0000/14.103705406s send_stamp 14.103705406s delta_ub 1.934484839s) ==== 2033+0+0 (crc 0 0 0) 0x5644a5dea380 con 0x5644a510c400
2026-02-13T08:33:10.435+0000 7f5472821640 20 osd.1 24 handle_osd_ping new stamps hbstamp(osd.0 up_from 5 peer_clock_delta [1.934329629s,1.934484839s])
2026-02-13T08:33:10.435+0000 7f5472821640 1 -- [v2:127.0.0.1:6814/1434334463,v1:127.0.0.1:6815/1434334463] --> 127.0.0.1:0/3513847230 -- osd_ping(ping_reply e24 up_from 9 ping_stamp
2026-02-13T08:33:10.436261+0000/14.103705406s send_stamp 12.169375420s delta_ub -1.934329629s) -- 0x5644a586bdc0 con 0x5644a507bc00
2026-02-13T08:33:10.435+0000 7f5472821640 20 osd.1 24 get_con_osd_cluster to osd.0 from_epoch 24
2026-02-13T08:33:10.435+0000 7f5472821640 20 osd.1 24 get_nextmap_reserved map_reservations: {24=1}
2026-02-13T08:33:10.435+0000 7f5472821640 20 osd.1 24 release_map epoch: 24
2026-02-13T08:33:10.435+0000 7f5472821640 10 osd.1 24 maybe_share_map: con v2:127.0.0.1:6802/3513847230 our osdmap epoch of 24 is not newer than session's projected_epoch of 24
2026-02-13T08:33:10.435+0000 7f547101e640 20 osd.1 24 handle_osd_ping new stamps hbstamp(osd.0 up_from 5 peer_clock_delta [1.934303761s,1.934484839s])
2026-02-13T08:33:10.435+0000 7f547101e640 1 -- [v2:127.0.0.1:6816/1434334463,v1:127.0.0.1:6817/1434334463] --> 127.0.0.1:0/3513847230 -- osd_ping(ping_reply e24 up_from 9 ping_stamp
2026-02-13T08:33:10.436261+0000/14.103705406s send_stamp 12.169402122s delta_ub -1.934303761s) -- 0x5644a5dea1c0 con 0x5644a510c400
2026-02-13T08:33:10.435+0000 7f547101e640 20 osd.1 24 get_con_osd_cluster to osd.0 from_epoch 24
2026-02-13T08:33:10.435+0000 7f547101e640 20 osd.1 24 get_nextmap_reserved map_reservations: {24=1}
2026-02-13T08:33:10.435+0000 7f547101e640 20 osd.1 24 release_map epoch: 24
2026-02-13T08:33:10.435+0000 7f547101e640 10 osd.1 24 maybe_share_map: con v2:127.0.0.1:6802/3513847230 our osdmap epoch of 24 is not newer than session's projected_epoch of 24
2026-02-13T08:33:10.469+0000 7f5450fde640 5 osd.1 24 heartbeat osd_stat(store_statfs(0x18fe57a000/0x0/0x1900000000, data 0xebc2/0x32000, compress 0x0/0x0/0x0, omap 0x3194, meta 0x1a4ce6c), peers [0] op hist [])
2026-02-13T08:33:10.469+0000 7f5450fde640 20 osd.1 24 check_full_status cur ratio 0.000259018, physical ratio 0.000259018, new state none
2026-02-13T08:33:10.469+0000 7f5450fde640 1 -- 127.0.0.1:0/1434334463 --> [v2:127.0.0.1:6806/3513847230,v1:127.0.0.1:6807/3513847230] -- osd_ping(ping e24 up_from 9 ping_stamp
2026-02-13T08:33:10.470808+0000/12.203836441s send_stamp 12.203836441s delta_ub -1.934303761s) -- 0x5644a5dea540 con 0x5644a510d400
2026-02-13T08:33:10.469+0000 7f5450fde640 1 -- 127.0.0.1:0/1434334463 --> [v2:127.0.0.1:6804/3513847230,v1:127.0.0.1:6805/3513847230] -- osd_ping(ping e24 up_from 9 ping_stamp
2026-02-13T08:33:10.470808+0000/12.203836441s send_stamp 12.203836441s delta_ub -1.934303761s) -- 0x5644a5dea700 con 0x5644a510d000
2026-02-13T08:33:10.469+0000 7f547081d640 1 -- 127.0.0.1:0/1434334463 <== osd.0 v2:127.0.0.1:6806/3513847230 4 ==== osd_ping(ping_reply e24 up_from 5 ping_stamp
2026-02-13T08:33:10.470808+0000/12.203836441s send_stamp 14.138316154s delta_ub 1.934479356s) ==== 2033+0+0 (crc 0 0 0) 0x5644a5dea540 con 0x5644a510d400
2026-02-13T08:33:10.470+0000 7f547081d640 20 osd.1 24 get_con_osd_cluster to osd.0 from_epoch 24
2026-02-13T08:33:10.470+0000 7f547081d640 20 osd.1 24 get_nextmap_reserved map_reservations: {24=1}
2026-02-13T08:33:10.470+0000 7f547081d640 20 osd.1 24 release_map epoch: 24
2026-02-13T08:33:10.470+0000 7f547081d640 10 osd.1 24 maybe_share_map: con v2:127.0.0.1:6802/3513847230 our osdmap epoch of 24 is not newer than session's projected_epoch of 24
2026-02-13T08:33:10.470+0000 7f547081d640 20 osd.1 24 handle_osd_ping new stamps hbstamp(osd.0 up_from 5 peer_clock_delta [1.934367061s,1.934479356s])
2026-02-13T08:33:10.470+0000 7f5472821640 1 -- 127.0.0.1:0/1434334463 <== osd.0 v2:127.0.0.1:6804/3513847230 4 ==== osd_ping(ping_reply e24 up_from 5 ping_stamp
2026-02-13T08:33:10.470808+0000/12.203836441s send_stamp 14.138331413s delta_ub 1.934495211s) ==== 2033+0+0 (crc 0 0 0) 0x5644a5dea700 con 0x5644a510d000
2026-02-13T08:33:10.470+0000 7f5472821640 20 osd.1 24 get_con_osd_cluster to osd.0 from_epoch 24
2026-02-13T08:33:10.470+0000 7f5472821640 20 osd.1 24 get_nextmap_reserved map_reservations: {24=1}
2026-02-13T08:33:10.470+0000 7f5472821640 20 osd.1 24 release_map epoch: 24
2026-02-13T08:33:10.470+0000 7f5472821640 10 osd.1 24 maybe_share_map: con v2:127.0.0.1:6802/3513847230 our osdmap epoch of 24 is not newer than session's projected_epoch of 24
2026-02-13T08:33:10.470+0000 7f5472821640 20 osd.1 24 handle_osd_ping new stamps hbstamp(osd.0 up_from 5 peer_clock_delta [1.934369802s,1.934495211s])
2026-02-13T08:33:10.613+0000 7f546c815640 10 osd.1 24 tick
2026-02-13T08:33:10.613+0000 7f546c815640 20 osd.1 24 tick last_purged_snaps_scrub
2026-02-13T08:32:59.310588+0000 next
2026-02-14T12:06:44.310588+0000
2026-02-13T08:33:10.717+0000 7f547101e640 1 -- [v2:127.0.0.1:6812/1434334463,v1:127.0.0.1:6813/1434334463] <== osd.0 v2:127.0.0.1:6802/3513847230 39 ==== pg_lease(2.0 pg_lease(ru 22.385541916s ub 30.385641098s int 16.000000000s) e24/24) ==== 58+0+0 (crc 0 0 0) 0x5644a5dea1c0 con 0x5644a510c800
2026-02-13T08:33:10.717+0000 7f547101e640 15 osd.1 24 enqueue_peering_evt 2.0 epoch_sent: 24 epoch_requested: 24 MLease epoch 24 from osd.0 pg_lease(ru 22.385541916s ub 30.385641098s int 16.000000000s)
2026-02-13T08:33:10.717+0000 7f547101e640 20 osd.1 op_wq(0) _enqueue OpSchedulerItem(2.0 PGPeeringEvent(epoch_sent: 24 epoch_requested: 24 MLease epoch 24 from osd.0 pg_lease(ru 22.385541916s ub 30.385641098s int 16.000000000s)) class_id 2 prio 255 cost 10 e24)
2026-02-13T08:33:10.717+0000 7f5454fe6640 20 osd.1 op_wq(0) _process 2.0 to_process <> waiting <> waiting_peering {}
2026-02-13T08:33:10.717+0000 7f5454fe6640 20 osd.1 op_wq(0) _process OpSchedulerItem(2.0 PGPeeringEvent(epoch_sent: 24 epoch_requested: 24 MLease epoch 24 from osd.0 pg_lease(ru 22.385541916s ub 30.385641098s int 16.000000000s)) class_id 2 prio 255 cost 10 e24) queued
2026-02-13T08:33:10.717+0000 7f5454fe6640 20 osd.1 op_wq(0) _process 2.0 to_process waiting <> waiting_peering {}
2026-02-13T08:33:10.717+0000 7f5454fe6640 20 osd.1 op_wq(0) _process OpSchedulerItem(2.0 PGPeeringEvent(epoch_sent: 24 epoch_requested: 24 MLease epoch 24 from osd.0 pg_lease(ru 22.385541916s ub 30.385641098s int 16.000000000s)) class_id 2 prio 255 cost 10 e24) pg 0x5644a5dc0000
2026-02-13T08:33:10.717+0000 7f5458fee640 20 osd.1 op_wq(0) _process empty q, waiting
2026-02-13T08:33:10.717+0000 7f5454fe6640 10 osd.1 pg_epoch: 24 pg[2.0( empty local-lis/les=18/19 n=0 ec=15/15 lis/c=18/18 les/c/f=19/19/0 sis=18) [0,1] r=1 lpr=18 crt=0'0 active mbc={}] do_peering_event: epoch_sent: 24 epoch_requested: 24 MLease epoch 24 from osd.0 pg_lease(ru 22.385541916s ub 30.385641098s int 16.000000000s)
2026-02-13T08:33:10.717+0000 7f5454fe6640 10 osd.1 pg_epoch: 24 pg[2.0( empty local-lis/les=18/19 n=0 ec=15/15 lis/c=18/18 les/c/f=19/19/0 sis=18) [0,1] r=1 lpr=18 crt=0'0 active mbc={}] PeeringState::proc_lease pg_lease(ru 22.385541916s ub 30.385641098s int 16.000000000s)
2026-02-13T08:33:10.717+0000 7f5454fe6640 20 osd.1 pg_epoch: 24 pg[2.0( empty local-lis/les=18/19 n=0 ec=15/15 lis/c=18/18 les/c/f=19/19/0 sis=18) [0,1] r=1 lpr=18 crt=0'0 active mbc={}] PeeringState::proc_lease peer_clock_delta_ub 1.934495211s -> ru 20.451045990s
2026-02-13T08:33:10.717+0000 7f5454fe6640 20 osd.1 pg_epoch: 24 pg[2.0( empty local-lis/les=18/19 n=0 ec=15/15 lis/c=18/18 les/c/f=19/19/0 sis=18) [0,1] r=1 lpr=18 crt=0'0 active mbc={}] PeeringState::proc_lease readable_until now 20.451045990s
2026-02-13T08:33:10.717+0000 7f5454fe6640 20 osd.1 pg_epoch: 24 pg[2.0( empty local-lis/les=18/19 n=0 ec=15/15 lis/c=18/18 les/c/f=19/19/0 sis=18) [0,1] r=1 lpr=18 crt=0'0 active mbc={}] PeeringState::proc_lease peer_clock_delta_lb 1.934369802s -> ruub 28.451271057s
2026-02-13T08:33:10.717+0000 7f5454fe6640 20 osd.1 pg_epoch: 24 pg[2.0( empty local-lis/les=18/19 n=0 ec=15/15 lis/c=18/18 les/c/f=19/19/0 sis=18) [0,1] r=1 lpr=18 crt=0'0 active mbc={}] PeeringState::proc_lease readable_until_ub now 28.451271057s
2026-02-13T08:33:10.717+0000 7f5454fe6640 20 osd.1 24 get_con_osd_cluster to osd.0 from_epoch 24
2026-02-13T08:33:10.717+0000 7f5454fe6640 20 osd.1 24 get_nextmap_reserved map_reservations: {24=1}
2026-02-13T08:33:10.717+0000 7f5454fe6640 20 osd.1 24 release_map epoch: 24
2026-02-13T08:33:10.717+0000 7f5454fe6640 1 -- [v2:127.0.0.1:6812/1434334463,v1:127.0.0.1:6813/1434334463] --> [v2:127.0.0.1:6802/3513847230,v1:127.0.0.1:6803/3513847230] -- pg_lease_ack(2.0 pg_lease_ack(ruub 30.385641098s) e24/24) -- 0x5644a5b4e9c0 con 0x5644a510c800
2026-02-13T08:33:10.717+0000 7f5454fe6640 10 log is not dirty
2026-02-13T08:33:10.717+0000 7f5454fe6640 20 osd.1 op_wq(0) _process empty q, waiting
2026-02-13T08:33:10.935+0000 7f547101e640 1 -- [v2:127.0.0.1:6816/1434334463,v1:127.0.0.1:6817/1434334463] <== osd.0 127.0.0.1:0/3513847230 4 ==== osd_ping(ping e24 up_from 5 ping_stamp
2026-02-13T08:33:10.936395+0000/14.603840828s send_stamp 14.603840828s delta_ub 1.934495211s) ==== 2033+0+0 (crc 0 0 0) 0x5644a5dea1c0 con 0x5644a510c400
2026-02-13T08:33:10.935+0000 7f547101e640 20 osd.1 24 handle_osd_ping new stamps hbstamp(osd.0 up_from 5 peer_clock_delta [1.934369922s,1.934495211s])
2026-02-13T08:33:10.935+0000 7f5472821640 1 -- [v2:127.0.0.1:6814/1434334463,v1:127.0.0.1:6815/1434334463] <== osd.0 127.0.0.1:0/3513847230 4 ==== osd_ping(ping e24 up_from 5 ping_stamp
2026-02-13T08:33:10.936395+0000/14.603840828s send_stamp 14.603840828s delta_ub 1.934495211s) ==== 2033+0+0 (crc 0 0 0) 0x5644a5dea700 con 0x5644a507bc00
2026-02-13T08:33:10.935+0000 7f547101e640 1 -- [v2:127.0.0.1:6816/1434334463,v1:127.0.0.1:6817/1434334463] --> 127.0.0.1:0/3513847230 -- osd_ping(ping_reply e24 up_from 9 ping_stamp
2026-02-13T08:33:10.936395+0000/14.603840828s send_stamp 12.669470787s delta_ub -1.934369922s) -- 0x5644a5dea380 con 0x5644a510c400
2026-02-13T08:33:10.935+0000 7f547101e640 20 osd.1 24 get_con_osd_cluster to osd.0 from_epoch 24
2026-02-13T08:33:10.935+0000 7f547101e640 20 osd.1 24 get_nextmap_reserved map_reservations: {24=1}
2026-02-13T08:33:10.935+0000 7f547101e640 20 osd.1 24 release_map epoch: 24
2026-02-13T08:33:10.935+0000 7f547101e640 10 osd.1 24 maybe_share_map: con v2:127.0.0.1:6802/3513847230 our osdmap epoch of 24 is not newer than session's projected_epoch of 24
2026-02-13T08:33:10.935+0000 7f5472821640 20 osd.1 24 handle_osd_ping new stamps hbstamp(osd.0 up_from 5 peer_clock_delta [1.934356332s,1.934495211s])
2026-02-13T08:33:10.935+0000 7f5472821640 1 -- [v2:127.0.0.1:6814/1434334463,v1:127.0.0.1:6815/1434334463] --> 127.0.0.1:0/3513847230 -- osd_ping(ping_reply e24 up_from 9 ping_stamp
2026-02-13T08:33:10.936395+0000/14.603840828s send_stamp 12.669484138s delta_ub -1.934356332s) -- 0x5644a586ba40 con 0x5644a507bc00
2026-02-13T08:33:10.935+0000 7f5472821640 20 osd.1 24 get_con_osd_cluster to osd.0 from_epoch 24
2026-02-13T08:33:10.935+0000 7f5472821640 20 osd.1 24 get_nextmap_reserved map_reservations: {24=1}
2026-02-13T08:33:10.935+0000 7f5472821640 20 osd.1 24 release_map epoch: 24
2026-02-13T08:33:10.935+0000 7f5472821640 10 osd.1 24 maybe_share_map: con v2:127.0.0.1:6802/3513847230 our osdmap epoch of 24 is not newer than session's projected_epoch of 24
2026-02-13T08:33:11.269+0000 7f546579d640 10 monclient: tick
2026-02-13T08:33:11.269+0000 7f546579d640 10 monclient: _check_auth_tickets
2026-02-13T08:33:11.269+0000 7f546579d640 10 monclient: _check_auth_rotating renewing rotating keys (they expired before
2026-02-13T08:32:41.269975+0000)
2026-02-13T08:33:11.269+0000 7f546579d640 20 monclient: _un_backoff reopen_interval_multipler now 1
2026-02-13T08:33:11.300+0000 7f546c014640 10 osd.1 24 tick_without_osd_lock
2026-02-13T08:33:11.300+0000 7f546c014640 20 osd.1 osd-scrub:scrub_time_permit: should run between 0 - 0 now 8 = yes
2026-02-13T08:33:11.300+0000 7f546c014640 20 osd.1 osd-scrub:scrub_load_below_threshold: loadavg per cpu 0.049 < max 2000.000 (#CPUs:24) = yes
2026-02-13T08:33:11.300+0000 7f546c014640 10 osd.1 osd-scrub:initiate_scrub: scrub scheduling (@tick) starts. time now:2026-02-13T08:33:11.301, recovery is active?:false restrictions:<....>
2026-02-13T08:33:11.300+0000 7f546c014640 20 osd.1 osd-scrub: scrub-queue jobs: 3.0/sh,nb:2026-02-14T10:10:45.356,(periodic-regular,tr:2026-02-14T10:10:45.356)
2026-02-13T08:33:11.300+0000 7f546c014640 20 osd.1 osd-scrub: scrub-queue jobs: 1.0/sh,nb:2026-02-14T13:19:57.448,(periodic-regular,tr:2026-02-14T13:19:57.448)
2026-02-13T08:33:11.300+0000 7f546c014640 20 osd.1 osd-scrub: scrub-queue jobs: 1.0/dp,nb:2026-02-18T21:16:42.791,(periodic-regular,tr:2026-02-18T21:16:42.791)
2026-02-13T08:33:11.300+0000 7f546c014640 20 osd.1 osd-scrub: scrub-queue jobs: 3.0/dp,nb:2026-02-19T05:51:32.337,(periodic-regular,tr:2026-02-19T05:51:32.337)
2026-02-13T08:33:11.300+0000 7f546c014640 20 osd.1 osd-scrub:initiate_scrub: no PGs are ready for scrubbing
2026-02-13T08:33:11.300+0000 7f546c014640 10 osd.1 24 promote_throttle_recalibrate 0 attempts, promoted 0 objects and 0 B; target 25 obj/sec or 5 MiB/sec
2026-02-13T08:33:11.300+0000 7f546c014640 20 osd.1 24 promote_throttle_recalibrate new_prob 1000
2026-02-13T08:33:11.300+0000 7f546c014640 10 osd.1 24 promote_throttle_recalibrate actual 0, actual/prob ratio 1, adjusted new_prob 1000, prob 1000 -> 1000
2026-02-13T08:33:11.300+0000 7f546c014640 20 osd.1 24 maybe_send_beacon beacon would be too frequent; skipping
2026-02-13T08:33:11.316+0000 7f5459ff0640 15 osd.1 24 enqueue_peering_evt 3.0 epoch_sent: 20 epoch_requested: 20 RenewLease
2026-02-13T08:33:11.316+0000 7f5459ff0640 20 osd.1 op_wq(0) _enqueue OpSchedulerItem(3.0 PGPeeringEvent(epoch_sent: 20 epoch_requested: 20 RenewLease) class_id 2 prio 255 cost 10 e20)
2026-02-13T08:33:11.316+0000 7f5454fe6640 20 osd.1 op_wq(0) _process 3.0 to_process <> waiting <> waiting_peering {}
2026-02-13T08:33:11.316+0000 7f5454fe6640 20 osd.1 op_wq(0) _process OpSchedulerItem(3.0 PGPeeringEvent(epoch_sent: 20 epoch_requested: 20 RenewLease) class_id 2 prio 255 cost 10 e20) queued
2026-02-13T08:33:11.316+0000 7f5454fe6640 20 osd.1 op_wq(0) _process 3.0 to_process waiting <> waiting_peering {}
2026-02-13T08:33:11.316+0000 7f5454fe6640 20 osd.1 op_wq(0) _process OpSchedulerItem(3.0 PGPeeringEvent(epoch_sent: 20 epoch_requested: 20 RenewLease) class_id 2 prio 255 cost 10 e20) pg 0x5644a5de4000
2026-02-13T08:33:11.316+0000 7f5458fee640 20 osd.1 op_wq(0) _process empty q, waiting
2026-02-13T08:33:11.316+0000 7f5454fe6640 10 osd.1 pg_epoch: 24 pg[3.0( empty local-lis/les=23/24 n=0 ec=20/20 lis/c=23/23 les/c/f=24/24/0 sis=23) [1,0] r=0 lpr=23 crt=0'0 mlcod 0'0 active+clean] do_peering_event: epoch_sent: 20 epoch_requested: 20 RenewLease
2026-02-13T08:33:11.316+0000 7f5454fe6640 10 osd.1 pg_epoch: 24 pg[3.0( empty local-lis/les=23/24 n=0 ec=20/20 lis/c=23/23 les/c/f=24/24/0 sis=23) [1,0] r=0 lpr=23 crt=0'0 mlcod 0'0 active+clean] old_peering_msg reply_epoch 20 query_epoch 20 last_peering_reset 23
2026-02-13T08:33:11.316+0000 7f5454fe6640 10 osd.1 pg_epoch: 24 pg[3.0( empty local-lis/les=23/24 n=0 ec=20/20 lis/c=23/23 les/c/f=24/24/0 sis=23) [1,0] r=0 lpr=23 crt=0'0 mlcod 0'0 active+clean] discard old epoch_sent: 20 epoch_requested: 20 RenewLease
2026-02-13T08:33:11.316+0000 7f5454fe6640 10 log is not dirty
2026-02-13T08:33:11.316+0000 7f5454fe6640 20 osd.1 op_wq(0) _process empty q, waiting
2026-02-13T08:33:11.581+0000 7f546c815640 10 osd.1 24 tick
2026-02-13T08:33:11.581+0000 7f546c815640 20 osd.1 24 tick last_purged_snaps_scrub
2026-02-13T08:32:59.310588+0000 next
2026-02-14T12:06:44.310588+0000
2026-02-13T08:33:12.269+0000 7f546579d640 10 monclient: tick
2026-02-13T08:33:12.269+0000 7f546579d640 10 monclient: _check_auth_tickets
2026-02-13T08:33:12.269+0000 7f546579d640 10 monclient: _check_auth_rotating renewing rotating keys (they expired before
2026-02-13T08:32:42.270044+0000)
2026-02-13T08:33:12.307+0000 7f5459ff0640 15 osd.1 24 enqueue_peering_evt 3.0 epoch_sent: 23 epoch_requested: 23 RenewLease
2026-02-13T08:33:12.307+0000 7f5459ff0640 20 osd.1 op_wq(0) _enqueue OpSchedulerItem(3.0 PGPeeringEvent(epoch_sent: 23 epoch_requested: 23 RenewLease) class_id 2 prio 255 cost 10 e23)
2026-02-13T08:33:12.307+0000 7f5458fee640 20 osd.1 op_wq(0) _process 3.0 to_process <> waiting <> waiting_peering {}
2026-02-13T08:33:12.307+0000 7f5458fee640 20 osd.1 op_wq(0) _process OpSchedulerItem(3.0 PGPeeringEvent(epoch_sent: 23 epoch_requested: 23 RenewLease) class_id 2 prio 255 cost 10 e23) queued
2026-02-13T08:33:12.307+0000 7f5458fee640 20 osd.1 op_wq(0) _process 3.0 to_process waiting <> waiting_peering {}
2026-02-13T08:33:12.307+0000 7f5458fee640 20 osd.1 op_wq(0) _process OpSchedulerItem(3.0 PGPeeringEvent(epoch_sent: 23 epoch_requested: 23 RenewLease) class_id 2 prio 255 cost 10 e23) pg 0x5644a5de4000
2026-02-13T08:33:12.307+0000 7f5454fe6640 20 osd.1 op_wq(0) _process empty q, waiting
2026-02-13T08:33:12.307+0000 7f5458fee640 10 osd.1 pg_epoch: 24 pg[3.0( empty local-lis/les=23/24 n=0 ec=20/20 lis/c=23/23 les/c/f=24/24/0 sis=23) [1,0] r=0 lpr=23 crt=0'0 mlcod 0'0 active+clean] do_peering_event: epoch_sent: 23 epoch_requested: 23 RenewLease
2026-02-13T08:33:12.307+0000 7f5458fee640 20 osd.1 pg_epoch: 24 pg[3.0( empty local-lis/les=23/24 n=0 ec=20/20 lis/c=23/23 les/c/f=24/24/0 sis=23) [1,0] r=0 lpr=23 crt=0'0 mlcod 0'0 active+clean] PeeringState::recalc_readable_until peer osd.0 ruub 22.041366577s
2026-02-13T08:33:12.307+0000 7f5458fee640 20 osd.1 pg_epoch: 24 pg[3.0( empty local-lis/les=23/24 n=0 ec=20/20 lis/c=23/23 les/c/f=24/24/0 sis=23) [1,0] r=0 lpr=23 crt=0'0 mlcod 0'0 active+clean] PeeringState::recalc_readable_until readable_until[_ub] 22.041366577s (sent 30.041477203s)
2026-02-13T08:33:12.307+0000 7f5458fee640 20 osd.1 24 get_con_osd_cluster to osd.0 from_epoch 24
2026-02-13T08:33:12.307+0000 7f5458fee640 20 osd.1 24 get_nextmap_reserved map_reservations: {24=1}
2026-02-13T08:33:12.307+0000 7f5458fee640 20 osd.1 24 release_map epoch: 24
2026-02-13T08:33:12.307+0000 7f5458fee640 1 -- [v2:127.0.0.1:6812/1434334463,v1:127.0.0.1:6813/1434334463] --> [v2:127.0.0.1:6802/3513847230,v1:127.0.0.1:6803/3513847230] -- pg_lease(3.0 pg_lease(ru 22.041366577s ub 30.041477203s int 16.000000000s) e24/24) -- 0x5644a586bc00 con 0x5644a510c800
2026-02-13T08:33:12.307+0000 7f5458fee640 10 log is not dirty
2026-02-13T08:33:12.307+0000 7f5458fee640 20 osd.1 op_wq(0) _process empty q, waiting
2026-02-13T08:33:12.307+0000 7f547101e640 1 -- [v2:127.0.0.1:6812/1434334463,v1:127.0.0.1:6813/1434334463] <== osd.0 v2:127.0.0.1:6802/3513847230 40 ==== pg_lease_ack(3.0 pg_lease_ack(ruub 30.041477203s) e24/24) ==== 42+0+0 (crc 0 0 0) 0x5644a5b4e9c0 con 0x5644a510c800
2026-02-13T08:33:12.307+0000 7f547101e640 15 osd.1 24 enqueue_peering_evt 3.0 epoch_sent: 24 epoch_requested: 24 MLeaseAck epoch 24 from osd.0 pg_lease_ack(ruub 30.041477203s)
2026-02-13T08:33:12.307+0000 7f547101e640 20 osd.1 op_wq(0) _enqueue OpSchedulerItem(3.0 PGPeeringEvent(epoch_sent: 24 epoch_requested: 24 MLeaseAck epoch 24 from osd.0 pg_lease_ack(ruub 30.041477203s)) class_id 2 prio 255 cost 10 e24)
2026-02-13T08:33:12.307+0000 7f5454fe6640 20 osd.1 op_wq(0) _process 3.0 to_process <> waiting <> waiting_peering {}
2026-02-13T08:33:12.307+0000 7f5454fe6640 20 osd.1 op_wq(0) _process OpSchedulerItem(3.0 PGPeeringEvent(epoch_sent: 24 epoch_requested: 24 MLeaseAck epoch 24 from osd.0 pg_lease_ack(ruub 30.041477203s)) class_id 2 prio 255 cost 10 e24) queued
2026-02-13T08:33:12.307+0000 7f5454fe6640 20 osd.1 op_wq(0) _process 3.0 to_process waiting <> waiting_peering {}
2026-02-13T08:33:12.307+0000 7f5454fe6640 20 osd.1 op_wq(0) _process OpSchedulerItem(3.0 PGPeeringEvent(epoch_sent: 24 epoch_requested: 24 MLeaseAck epoch 24 from osd.0 pg_lease_ack(ruub 30.041477203s)) class_id 2 prio 255 cost 10 e24) pg 0x5644a5de4000
2026-02-13T08:33:12.307+0000 7f5458fee640 20 osd.1 op_wq(0) _process empty q, waiting
2026-02-13T08:33:12.307+0000 7f5454fe6640 10 osd.1 pg_epoch: 24 pg[3.0( empty local-lis/les=23/24 n=0 ec=20/20 lis/c=23/23 les/c/f=24/24/0 sis=23) [1,0] r=0 lpr=23 crt=0'0 mlcod 0'0 active+clean] do_peering_event: epoch_sent: 24 epoch_requested: 24 MLeaseAck epoch 24 from osd.0 pg_lease_ack(ruub 30.041477203s)
2026-02-13T08:33:12.307+0000 7f5454fe6640 20 osd.1 pg_epoch: 24 pg[3.0( empty local-lis/les=23/24 n=0 ec=20/20 lis/c=23/23 les/c/f=24/24/0 sis=23) [1,0] r=0 lpr=23 crt=0'0 mlcod 0'0 active+clean] PeeringState::recalc_readable_until peer osd.0 ruub 30.041477203s
2026-02-13T08:33:12.307+0000 7f5454fe6640 20 osd.1 pg_epoch: 24 pg[3.0( empty local-lis/les=23/24 n=0 ec=20/20 lis/c=23/23 les/c/f=24/24/0 sis=23) [1,0] r=0 lpr=23 crt=0'0 mlcod 0'0 active+clean] PeeringState::recalc_readable_until readable_until[_ub] 30.041477203s (sent 30.041477203s)
2026-02-13T08:33:12.307+0000 7f5454fe6640 10 log is not dirty
2026-02-13T08:33:12.307+0000 7f5454fe6640 20 osd.1 op_wq(0) _process empty q, waiting
2026-02-13T08:33:12.316+0000 7f546c014640 10 osd.1 24 tick_without_osd_lock
2026-02-13T08:33:12.316+0000 7f546c014640 20 osd.1 osd-scrub:scrub_time_permit: should run between 0 - 0 now 8 = yes
2026-02-13T08:33:12.316+0000 7f546c014640 20 osd.1 osd-scrub:scrub_load_below_threshold: loadavg per cpu 0.049 < max 2000.000 (#CPUs:24) = yes
2026-02-13T08:33:12.316+0000 7f546c014640 10 osd.1 osd-scrub:initiate_scrub: scrub scheduling (@tick) starts. time now:2026-02-13T08:33:12.317, recovery is active?:false restrictions:<....>
2026-02-13T08:33:12.316+0000 7f546c014640 20 osd.1 osd-scrub: scrub-queue jobs: 3.0/sh,nb:2026-02-14T10:10:45.356,(periodic-regular,tr:2026-02-14T10:10:45.356)
