2026-02-13T08:33:03.315+0000 7f5458fee640 20 osd.1 pg_epoch: 21 pg[3.0( empty local-lis/les=20/21 n=0 ec=20/20 lis/c=0/0 les/c/f=0/0/0 sis=20) [1,0] r=0 lpr=20 crt=0'0 mlcod 0'0 creating mbc={}] PeeringState::recalc_readable_until peer osd.0 ruub 0.000000000s
2026-02-13T08:33:03.315+0000 7f5458fee640 20 osd.1 pg_epoch: 21 pg[3.0( empty local-lis/les=20/21 n=0 ec=20/20 lis/c=0/0 les/c/f=0/0/0 sis=20) [1,0] r=0 lpr=20 crt=0'0 mlcod 0'0 creating mbc={}] PeeringState::recalc_readable_until readable_until[_ub] 0.000000000s (sent 21.049947739s)
2026-02-13T08:33:03.315+0000 7f5458fee640 10 osd.1 pg_epoch: 21 pg[3.0( empty local-lis/les=20/21 n=0 ec=20/20 lis/c=0/0 les/c/f=0/0/0 sis=20) [1,0] r=0 lpr=20 crt=0'0 mlcod 0'0 creating mbc={}] PeeringState::activate no prior_readable_down_osds to wait on, clearing ub
2026-02-13T08:33:03.315+0000 7f5454fe6640 20 osd.1 21 advance_pg new pool opts old pool opts
2026-02-13T08:33:03.315+0000 7f5458fee640 10 osd.1 pg_epoch: 21 pg[3.0( empty local-lis/les=20/21 n=0 ec=20/20 lis/c=0/0 les/c/f=0/0/0 sis=20) [1,0] r=0 lpr=20 crt=0'0 mlcod 0'0 creating mbc={}] PeeringState::activate activate peer osd.0 3.0( DNE empty local-lis/les=0/0 n=0 ec=0/0 lis/c=0/0 les/c/f=0/0/0 sis=0)
2026-02-13T08:33:03.315+0000 7f5454fe6640 10 osd.1 pg_epoch: 21 pg[2.0( empty local-lis/les=18/19 n=0 ec=15/15 lis/c=18/18 les/c/f=19/19/0 sis=18) [0,1] r=1 lpr=18 crt=0'0 active mbc={}] handle_activate_map: epoch range: 21..21
2026-02-13T08:33:03.315+0000 7f5458fee640 10 osd.1 pg_epoch: 21 pg[3.0( empty local-lis/les=20/21 n=0 ec=20/20 lis/c=0/0 les/c/f=0/0/0 sis=20) [1,0] r=0 lpr=20 crt=0'0 mlcod 0'0 creating mbc={}] PeeringState::activate activate peer osd.0 is up to date, but sending pg_log anyway
2026-02-13T08:33:03.315+0000 7f5454fe6640 10 osd.1 pg_epoch: 21 pg[2.0( empty local-lis/les=18/19 n=0 ec=15/15 lis/c=18/18 les/c/f=19/19/0 sis=18) [0,1] r=1 lpr=18 crt=0'0 active mbc={}] PeeringState::activate_map
2026-02-13T08:33:03.315+0000 7f5458fee640 10 osd.1 pg_epoch: 21 pg[3.0( empty local-lis/les=20/21 n=0 ec=20/20 lis/c=0/0 les/c/f=0/0/0 sis=20) [1,0] r=0 lpr=20 crt=0'0 mlcod 0'0 creating mbc={}] PeeringState::activate activate peer osd.0 sending log((0'0,0'0], crt=0'0)
2026-02-13T08:33:03.315+0000 7f5454fe6640 20 osd.1 pg_epoch: 21 pg[2.0( empty local-lis/les=18/19 n=0 ec=15/15 lis/c=18/18 les/c/f=19/19/0 sis=18) [0,1] r=1 lpr=18 crt=0'0 active mbc={}] PeeringState::activate_map : Not dirtying info: last_persisted is 19 while current is 21
2026-02-13T08:33:03.315+0000 7f5458fee640 20 osd.1 21 get_con_osd_cluster to osd.0 from_epoch 21
2026-02-13T08:33:03.315+0000 7f5454fe6640 10 log is not dirty
2026-02-13T08:33:03.315+0000 7f5458fee640 20 osd.1 21 get_nextmap_reserved map_reservations: {21=1}
2026-02-13T08:33:03.315+0000 7f5458fee640 20 osd.1 21 release_map epoch: 21
2026-02-13T08:33:03.315+0000 7f5454fe6640 10 osd.1 pg_epoch: 21 pg[2.0( empty local-lis/les=18/19 n=0 ec=15/15 lis/c=18/18 les/c/f=19/19/0 sis=18) [0,1] r=1 lpr=18 crt=0'0 active mbc={}] do_peering_event: epoch_sent: 21 epoch_requested: 21 NullEvt
2026-02-13T08:33:03.315+0000 7f5454fe6640 10 log is not dirty
2026-02-13T08:33:03.315+0000 7f5458fee640 1 -- [v2:127.0.0.1:6812/1434334463,v1:127.0.0.1:6813/1434334463] --> [v2:127.0.0.1:6802/3513847230,v1:127.0.0.1:6803/3513847230] -- PGlog(3.0 log log((0'0,0'0], crt=0'0) pi ([0,0] all_participants={} intervals=[]) pg_lease(ru 0.000000000s ub 21.049947739s int 16.000000000s) e21/20) -- 0x5644a585d800 con 0x5644a510c800
2026-02-13T08:33:03.315+0000 7f5454fe6640 20 osd.1 op_wq(0) _process 1.0 to_process <> waiting <> waiting_peering {}
2026-02-13T08:33:03.315+0000 7f5458fee640 10 osd.1 pg_epoch: 21 pg[3.0( empty local-lis/les=20/21 n=0 ec=20/20 lis/c=0/0 les/c/f=0/0/0 sis=20) [1,0] r=0 lpr=20 crt=0'0 mlcod 0'0 creating mbc={}] PeeringState::activate activate peer osd.0 3.0( DNE empty local-lis/les=0/0 n=0 ec=0/0 lis/c=0/0 les/c/f=0/0/0 sis=0) uptodate
2026-02-13T08:33:03.315+0000 7f5454fe6640 20 osd.1 op_wq(0) _process OpSchedulerItem(1.0 PGPeeringEvent(epoch_sent: 21 epoch_requested: 21 NullEvt) class_id 2 prio 255 cost 10 e21) queued
2026-02-13T08:33:03.315+0000 7f5458fee640 20 osd.1 pg_epoch: 21 pg[3.0( empty local-lis/les=20/21 n=0 ec=20/20 lis/c=0/0 les/c/f=0/0/0 sis=20) [1,0] r=0 lpr=20 crt=0'0 mlcod 0'0 creating mbc={}] PeeringState::activate setting up missing_loc from shard 0
2026-02-13T08:33:03.315+0000 7f5454fe6640 20 osd.1 op_wq(0) _process 1.0 to_process waiting <> waiting_peering {}
2026-02-13T08:33:03.315+0000 7f5458fee640 20 osd.1 pg_epoch: 21 pg[3.0( empty local-lis/les=20/21 n=0 ec=20/20 lis/c=0/0 les/c/f=0/0/0 sis=20) [1,0] r=0 lpr=20 crt=0'0 mlcod 0'0 creating mbc={}] PeeringState::activate setting up missing_loc from shard 1
2026-02-13T08:33:03.315+0000 7f5458fee640 10 osd.1 pg_epoch: 21 pg[3.0( empty local-lis/les=20/21 n=0 ec=20/20 lis/c=0/0 les/c/f=0/0/0 sis=20) [1,0] r=0 lpr=20 crt=0'0 mlcod 0'0 creating mbc={}] PeeringState::needs_recovery is recovered
2026-02-13T08:33:03.315+0000 7f5454fe6640 20 osd.1 op_wq(0) _process OpSchedulerItem(1.0 PGPeeringEvent(epoch_sent: 21 epoch_requested: 21 NullEvt) class_id 2 prio 255 cost 10 e21) pg 0x5644a5b30000
2026-02-13T08:33:03.315+0000 7f5458fee640 10 osd.1 pg_epoch: 21 pg[3.0( empty local-lis/les=20/21 n=0 ec=20/20 lis/c=0/0 les/c/f=0/0/0 sis=20) [1,0] r=0 lpr=20 crt=0'0 mlcod 0'0 creating+activating+undersized mbc={}] release_backoffs [3:00000000::::0,MAX)
2026-02-13T08:33:03.315+0000 7f5458fee640 20 osd.1 pg_epoch: 21 pg[3.0( empty local-lis/les=20/21 n=0 ec=20/20 lis/c=0/0 les/c/f=0/0/0 sis=20) [1,0] r=0 lpr=20 crt=0'0 mlcod 0'0 creating+activating+undersized mbc={}] PeeringState::update_calc_stats actingset 0,1 upset 0,1 acting_recovery_backfill 0,1
2026-02-13T08:33:03.315+0000 7f5458fee640 20 osd.1 pg_epoch: 21 pg[3.0( empty local-lis/les=20/21 n=0 ec=20/20 lis/c=0/0 les/c/f=0/0/0 sis=20) [1,0] r=0 lpr=20 crt=0'0 mlcod 0'0 creating+activating+undersized mbc={}] PeeringState::update_calc_stats shard 1 primary objects 0 missing 0
2026-02-13T08:33:03.315+0000 7f5458fee640 20 osd.1 pg_epoch: 21 pg[3.0( empty local-lis/les=20/21 n=0 ec=20/20 lis/c=0/0 les/c/f=0/0/0 sis=20) [1,0] r=0 lpr=20 crt=0'0 mlcod 0'0 creating+activating+undersized mbc={}] PeeringState::update_calc_stats shard 0 objects 0 missing 0
2026-02-13T08:33:03.315+0000 7f5454fe6640 10 osd.1 pg_epoch: 20 pg[1.0( empty local-lis/les=13/14 n=0 ec=10/10 lis/c=13/13 les/c/f=14/14/0 sis=13) [1,0] r=0 lpr=13 crt=0'0 mlcod 0'0 active+clean] handle_advance_map: 21
2026-02-13T08:33:03.315+0000 7f5458fee640 20 osd.1 pg_epoch: 21 pg[3.0( empty local-lis/les=20/21 n=0 ec=20/20 lis/c=0/0 les/c/f=0/0/0 sis=20) [1,0] r=0 lpr=20 crt=0'0 mlcod 0'0 creating+activating+undersized mbc={}] PeeringState::update_calc_stats object_location_counts {}
2026-02-13T08:33:03.315+0000 7f5454fe6640 20 osd.1:0.update_pg_epoch 1.0 20 -> 21
2026-02-13T08:33:03.315+0000 7f5454fe6640 10 osd.1 pg_epoch: 20 pg[1.0( empty local-lis/les=13/14 n=0 ec=10/10 lis/c=13/13 les/c/f=14/14/0 sis=13) [1,0] r=0 lpr=13 crt=0'0 mlcod 0'0 active+clean] PeeringState::advance_map handle_advance_map [1,0]/[1,0] -- 1/1
2026-02-13T08:33:03.315+0000 7f5458fee640 20 osd.1 pg_epoch: 21 pg[3.0( empty local-lis/les=20/21 n=0 ec=20/20 lis/c=0/0 les/c/f=0/0/0 sis=20) [1,0] r=0 lpr=20 crt=0'0 mlcod 0'0 creating+activating+undersized mbc={}] PeeringState::update_calc_stats missing shard 0 missing= 0
2026-02-13T08:33:03.315+0000 7f5458fee640 20 osd.1 pg_epoch: 21 pg[3.0( empty local-lis/les=20/21 n=0 ec=20/20 lis/c=0/0 les/c/f=0/0/0 sis=20) [1,0] r=0 lpr=20 crt=0'0 mlcod 0'0 creating+activating+undersized mbc={}] PeeringState::update_calc_stats missing shard 1 missing= 0
2026-02-13T08:33:03.315+0000 7f5454fe6640 10 osd.1 pg_epoch: 21 pg[1.0( empty local-lis/les=13/14 n=0 ec=10/10 lis/c=13/13 les/c/f=14/14/0 sis=13) [1,0] r=0 lpr=13 crt=0'0 mlcod 0'0 active+clean] state: Active advmap
2026-02-13T08:33:03.315+0000 7f5458fee640 20 osd.1 pg_epoch: 21 pg[3.0( empty local-lis/les=20/21 n=0 ec=20/20 lis/c=0/0 les/c/f=0/0/0 sis=20) [1,0] r=0 lpr=20 crt=0'0 mlcod 0'0 creating+activating+undersized mbc={}] PeeringState::update_calc_stats missing shard NONE missing= 0
2026-02-13T08:33:03.315+0000 7f5458fee640 20 osd.1 pg_epoch: 21 pg[3.0( empty local-lis/les=20/21 n=0 ec=20/20 lis/c=0/0 les/c/f=0/0/0 sis=20) [1,0] r=0 lpr=20 crt=0'0 mlcod 0'0 creating+activating+undersized mbc={}] PeeringState::update_calc_stats degraded 0
2026-02-13T08:33:03.315+0000 7f5458fee640 20 osd.1 pg_epoch: 21 pg[3.0( empty local-lis/les=20/21 n=0 ec=20/20 lis/c=0/0 les/c/f=0/0/0 sis=20) [1,0] r=0 lpr=20 crt=0'0 mlcod 0'0 creating+activating+undersized mbc={}] PeeringState::update_calc_stats misplaced 0
2026-02-13T08:33:03.315+0000 7f5458fee640 20 osd.1 pg_epoch: 21 pg[3.0( empty local-lis/les=20/21 n=0 ec=20/20 lis/c=0/0 les/c/f=0/0/0 sis=20) [1,0] r=0 lpr=20 crt=0'0 mlcod 0'0 creating+activating+undersized mbc={}] PeeringState::prepare_stats_for_publish reporting purged_snaps []
2026-02-13T08:33:03.315+0000 7f5458fee640 15 osd.1 pg_epoch: 21 pg[3.0( empty local-lis/les=20/21 n=0 ec=20/20 lis/c=0/0 les/c/f=0/0/0 sis=20) [1,0] r=0 lpr=20 crt=0'0 mlcod 0'0 creating+activating+undersized mbc={}] PeeringState::prepare_stats_for_publish publish_stats_to_osd 21:2
2026-02-13T08:33:03.315+0000 7f5458fee640 10 osd.1 pg_epoch: 21 pg[3.0( empty local-lis/les=20/21 n=0 ec=20/20 lis/c=0/0 les/c/f=0/0/0 sis=20) [1,0] r=0 lpr=20 crt=0'0 mlcod 0'0 creating+activating+undersized mbc={}] state: Activate Finished
2026-02-13T08:33:03.315+0000 7f5458fee640 5 osd.1 pg_epoch: 21 pg[3.0( empty local-lis/les=20/21 n=0 ec=20/20 lis/c=0/0 les/c/f=0/0/0 sis=20) [1,0] r=0 lpr=20 crt=0'0 mlcod 0'0 creating+activating+undersized mbc={}] enter Started/Primary/Active/Activating
2026-02-13T08:33:03.315+0000 7f5458fee640 20 osd.1 pg_epoch: 21 pg[3.0( empty local-lis/les=20/21 n=0 ec=20/20 lis/c=0/0 les/c/f=0/0/0 sis=20) [1,0] r=0 lpr=20 crt=0'0 mlcod 0'0 creating+activating+undersized mbc={}] PeeringState::activate_map : Not dirtying info: last_persisted is 20 while current is 21
2026-02-13T08:33:03.315+0000 7f5454fe6640 20 osd.1 pg_epoch: 21 pg[1.0( empty local-lis/les=13/14 n=0 ec=10/10 lis/c=13/13 les/c/f=14/14/0 sis=13) [1,0] r=0 lpr=13 crt=0'0 mlcod 0'0 active+clean] PeeringState::prepare_stats_for_publish reporting purged_snaps []
2026-02-13T08:33:03.315+0000 7f5454fe6640 15 osd.1 pg_epoch: 21 pg[1.0( empty local-lis/les=13/14 n=0 ec=10/10 lis/c=13/13 les/c/f=14/14/0 sis=13) [1,0] r=0 lpr=13 crt=0'0 mlcod 0'0 active+clean] PeeringState::prepare_stats_for_publish publish_stats_to_osd 20:31
2026-02-13T08:33:03.315+0000 7f5458fee640 10 log is not dirty
2026-02-13T08:33:03.315+0000 7f5454fe6640 10 osd.1 pg_epoch: 21 pg[1.0( empty local-lis/les=13/14 n=0 ec=10/10 lis/c=13/13 les/c/f=14/14/0 sis=13) [1,0] r=0 lpr=13 crt=0'0 mlcod 0'0 active+clean] state: Started advmap
2026-02-13T08:33:03.315+0000 7f5454fe6640 10 osd.1 pg_epoch: 21 pg[1.0( empty local-lis/les=13/14 n=0 ec=10/10 lis/c=13/13 les/c/f=14/14/0 sis=13) [1,0] r=0 lpr=13 crt=0'0 mlcod 0'0 active+clean] check_recovery_sources no source osds () went down
2026-02-13T08:33:03.315+0000 7f5454fe6640 20 osd.1 21 advance_pg new pool opts old pool opts
2026-02-13T08:33:03.315+0000 7f5454fe6640 10 osd.1 pg_epoch: 21 pg[1.0( empty local-lis/les=13/14 n=0 ec=10/10 lis/c=13/13 les/c/f=14/14/0 sis=13) [1,0] r=0 lpr=13 crt=0'0 mlcod 0'0 active+clean] handle_activate_map: epoch range: 21..21
2026-02-13T08:33:03.315+0000 7f5454fe6640 10 osd.1 pg_epoch: 21 pg[1.0( empty local-lis/les=13/14 n=0 ec=10/10 lis/c=13/13 les/c/f=14/14/0 sis=13) [1,0] r=0 lpr=13 crt=0'0 mlcod 0'0 active+clean] PeeringState::activate_map
2026-02-13T08:33:03.315+0000 7f5458fee640 10 osd.1 pg_epoch: 21 pg[3.0( empty local-lis/les=20/21 n=0 ec=20/20 lis/c=0/0 les/c/f=0/0/0 sis=20) [1,0] r=0 lpr=20 crt=0'0 mlcod 0'0 creating+activating+undersized mbc={}] do_peering_event: epoch_sent: 21 epoch_requested: 21 NullEvt
2026-02-13T08:33:03.315+0000 7f5458fee640 10 log is not dirty
2026-02-13T08:33:03.315+0000 7f5454fe6640 10 osd.1 pg_epoch: 21 pg[1.0( empty local-lis/les=13/14 n=0 ec=10/10 lis/c=13/13 les/c/f=14/14/0 sis=13) [1,0] r=0 lpr=13 crt=0'0 mlcod 0'0 active+clean] state: Active: handling ActMap
2026-02-13T08:33:03.315+0000 7f5454fe6640 10 osd.1 pg_epoch: 21 pg[1.0( empty local-lis/les=13/14 n=0 ec=10/10 lis/c=13/13 les/c/f=14/14/0 sis=13) [1,0] r=0 lpr=13 crt=0'0 mlcod 0'0 active+clean] Active: kicking snap trim
2026-02-13T08:33:03.315+0000 7f5454fe6640 7 osd.1 pg_epoch: 21 pg[1.0( empty local-lis/les=13/14 n=0 ec=10/10 lis/c=13/13 les/c/f=14/14/0 sis=13) [1,0] r=0 lpr=13 crt=0'0 mlcod 0'0 active+clean] state: handle ActMap primary
2026-02-13T08:33:03.315+0000 7f5454fe6640 20 osd.1 pg_epoch: 21 pg[1.0( empty local-lis/les=13/14 n=0 ec=10/10 lis/c=13/13 les/c/f=14/14/0 sis=13) [1,0] r=0 lpr=13 crt=0'0 mlcod 0'0 active+clean] PeeringState::prepare_stats_for_publish reporting purged_snaps []
2026-02-13T08:33:03.315+0000 7f5454fe6640 15 osd.1 pg_epoch: 21 pg[1.0( empty local-lis/les=13/14 n=0 ec=10/10 lis/c=13/13 les/c/f=14/14/0 sis=13) [1,0] r=0 lpr=13 crt=0'0 mlcod 0'0 active+clean] PeeringState::prepare_stats_for_publish publish_stats_to_osd 21:32
2026-02-13T08:33:03.315+0000 7f5454fe6640 20 osd.1 pg_epoch: 21 pg[1.0( empty local-lis/les=13/14 n=0 ec=10/10 lis/c=13/13 les/c/f=14/14/0 sis=13) [1,0] r=0 lpr=13 crt=0'0 mlcod 0'0 active+clean] PeeringState::activate_map : Not dirtying info: last_persisted is 14 while current is 21
2026-02-13T08:33:03.315+0000 7f5454fe6640 10 log is not dirty
2026-02-13T08:33:03.315+0000 7f5454fe6640 10 osd.1 pg_epoch: 21 pg[1.0( empty local-lis/les=13/14 n=0 ec=10/10 lis/c=13/13 les/c/f=14/14/0 sis=13) [1,0] r=0 lpr=13 crt=0'0 mlcod 0'0 active+clean] do_peering_event: epoch_sent: 21 epoch_requested: 21 NullEvt
2026-02-13T08:33:03.315+0000 7f5454fe6640 10 log is not dirty
2026-02-13T08:33:03.315+0000 7f5454fe6640 20 osd.1 op_wq(0) _process empty q, waiting
2026-02-13T08:33:03.315+0000 7f5458fee640 20 osd.1 op_wq(0) _process empty q, waiting
2026-02-13T08:33:03.315+0000 7f5454fe6640 20 osd.1 op_wq(0) _process empty q, waiting
2026-02-13T08:33:03.315+0000 7f5458fee640 15 osd.1 21 enqueue_peering_evt 3.0 epoch_sent: 21 epoch_requested: 21 ActivateCommitted from 21 processed at 21
2026-02-13T08:33:03.315+0000 7f5454fe6640 20 osd.1 op_wq(0) _process empty q, waiting
2026-02-13T08:33:03.315+0000 7f5458fee640 20 osd.1 op_wq(0) _enqueue OpSchedulerItem(3.0 PGPeeringEvent(epoch_sent: 21 epoch_requested: 21 ActivateCommitted from 21 processed at 21) class_id 2 prio 255 cost 10 e21)
2026-02-13T08:33:03.315+0000 7f5458fee640 20 osd.1 op_wq(0) _process 3.0 to_process <> waiting <> waiting_peering {}
2026-02-13T08:33:03.315+0000 7f5458fee640 20 osd.1 op_wq(0) _process OpSchedulerItem(3.0 PGPeeringEvent(epoch_sent: 21 epoch_requested: 21 ActivateCommitted from 21 processed at 21) class_id 2 prio 255 cost 10 e21) queued
2026-02-13T08:33:03.315+0000 7f5458fee640 20 osd.1 op_wq(0) _process 3.0 to_process waiting <> waiting_peering {}
2026-02-13T08:33:03.315+0000 7f5458fee640 20 osd.1 op_wq(0) _process OpSchedulerItem(3.0 PGPeeringEvent(epoch_sent: 21 epoch_requested: 21 ActivateCommitted from 21 processed at 21) class_id 2 prio 255 cost 10 e21) pg 0x5644a5de4000
2026-02-13T08:33:03.315+0000 7f5458fee640 10 osd.1 pg_epoch: 21 pg[3.0( empty local-lis/les=20/21 n=0 ec=20/20 lis/c=0/0 les/c/f=0/0/0 sis=20) [1,0] r=0 lpr=20 crt=0'0 mlcod 0'0 creating+activating+undersized mbc={}] do_peering_event: epoch_sent: 21 epoch_requested: 21 ActivateCommitted from 21 processed at 21
2026-02-13T08:33:03.315+0000 7f5458fee640 10 osd.1 pg_epoch: 21 pg[3.0( empty local-lis/les=20/21 n=0 ec=20/20 lis/c=0/0 les/c/f=0/0/0 sis=20) [1,0] r=0 lpr=20 crt=0'0 mlcod 0'0 creating+activating+undersized mbc={}] state: _activate_committed 21 peer_activated now 1 last_interval_started 0 last_epoch_started 0 same_interval_since 20
2026-02-13T08:33:03.315+0000 7f5458fee640 10 log is not dirty
2026-02-13T08:33:03.315+0000 7f5458fee640 20 osd.1 op_wq(0) _process empty q, waiting
2026-02-13T08:33:03.315+0000 7f5454fe6640 20 osd.1 op_wq(0) _process empty q, waiting
2026-02-13T08:33:03.315+0000 7f546479b640 1 -- [v2:127.0.0.1:6812/1434334463,v1:127.0.0.1:6813/1434334463] <== osd.0 v2:127.0.0.1:6802/3513847230 28 ==== osd_map(21..21 src has 1..21) ==== 296+0+0 (crc 0 0 0) 0x5644a5b29600 con 0x5644a510c800
2026-02-13T08:33:03.315+0000 7f546479b640 20 osd.1 21 OSD::ms_dispatch: osd_map(21..21 src has 1..21)
2026-02-13T08:33:03.315+0000 7f546479b640 20 osd.1 21 _dispatch 0x5644a5b29600 osd_map(21..21 src has 1..21)
2026-02-13T08:33:03.315+0000 7f547101e640 1 -- [v2:127.0.0.1:6812/1434334463,v1:127.0.0.1:6813/1434334463] <== osd.0 v2:127.0.0.1:6802/3513847230 29 ==== pg_info2(3.0 3.0 3.0( empty local-lis/les=20/21 n=0 ec=20/20 lis/c=20/0 les/c/f=21/0/0 sis=20) e21/21) ==== 1069+0+0 (crc 0 0 0) 0x5644a585d800 con 0x5644a510c800
2026-02-13T08:33:03.315+0000 7f546479b640 3 osd.1 21 handle_osd_map epochs [21,21], i have 21, src has [1,21]
2026-02-13T08:33:03.315+0000 7f546479b640 10 osd.1 21 no new maps here, dropping
2026-02-13T08:33:03.315+0000 7f547101e640 15 osd.1 21 enqueue_peering_evt 3.0 epoch_sent: 21 epoch_requested: 21 MInfoRec from 0 info: 3.0( empty local-lis/les=20/21 n=0 ec=20/20 lis/c=20/0 les/c/f=21/0/0 sis=20) pg_lease_ack(ruub 21.049947739s)
2026-02-13T08:33:03.315+0000 7f547101e640 20 osd.1 op_wq(0) _enqueue OpSchedulerItem(3.0 PGPeeringEvent(epoch_sent: 21 epoch_requested: 21 MInfoRec from 0 info: 3.0( empty local-lis/les=20/21 n=0 ec=20/20 lis/c=20/0 les/c/f=21/0/0 sis=20) pg_lease_ack(ruub 21.049947739s)) class_id 2 prio 255 cost 10 e21)
2026-02-13T08:33:03.315+0000 7f5458fee640 20 osd.1 op_wq(0) _process 3.0 to_process <> waiting <> waiting_peering {}
2026-02-13T08:33:03.315+0000 7f5458fee640 20 osd.1 op_wq(0) _process OpSchedulerItem(3.0 PGPeeringEvent(epoch_sent: 21 epoch_requested: 21 MInfoRec from 0 info: 3.0( empty local-lis/les=20/21 n=0 ec=20/20 lis/c=20/0 les/c/f=21/0/0 sis=20) pg_lease_ack(ruub 21.049947739s)) class_id 2 prio 255 cost 10 e21) queued
2026-02-13T08:33:03.315+0000 7f5458fee640 20 osd.1 op_wq(0) _process 3.0 to_process waiting <> waiting_peering {}
2026-02-13T08:33:03.315+0000 7f5458fee640 20 osd.1 op_wq(0) _process OpSchedulerItem(3.0 PGPeeringEvent(epoch_sent: 21 epoch_requested: 21 MInfoRec from 0 info: 3.0( empty local-lis/les=20/21 n=0 ec=20/20 lis/c=20/0 les/c/f=21/0/0 sis=20) pg_lease_ack(ruub 21.049947739s)) class_id 2 prio 255 cost 10 e21) pg 0x5644a5de4000
2026-02-13T08:33:03.315+0000 7f5458fee640 10 osd.1 pg_epoch: 21 pg[3.0( empty local-lis/les=20/21 n=0 ec=20/20 lis/c=0/0 les/c/f=0/0/0 sis=20) [1,0] r=0 lpr=20 crt=0'0 mlcod 0'0 creating+activating+undersized mbc={}] do_peering_event: epoch_sent: 21 epoch_requested: 21 MInfoRec from 0 info: 3.0( empty local-lis/les=20/21 n=0 ec=20/20 lis/c=20/0 les/c/f=21/0/0 sis=20) pg_lease_ack(ruub 21.049947739s)
2026-02-13T08:33:03.315+0000 7f5458fee640 20 osd.1 pg_epoch: 21 pg[3.0( empty local-lis/les=20/21 n=0 ec=20/20 lis/c=0/0 les/c/f=0/0/0 sis=20) [1,0] r=0 lpr=20 crt=0'0 mlcod 0'0 creating+activating+undersized mbc={}] PeeringState::recalc_readable_until peer osd.0 ruub 21.049947739s
2026-02-13T08:33:03.315+0000 7f5454fe6640 20 osd.1 op_wq(0) _process empty q, waiting
2026-02-13T08:33:03.315+0000 7f5458fee640 20 osd.1 pg_epoch: 21 pg[3.0( empty local-lis/les=20/21 n=0 ec=20/20 lis/c=0/0 les/c/f=0/0/0 sis=20) [1,0] r=0 lpr=20 crt=0'0 mlcod 0'0 creating+activating+undersized mbc={}] PeeringState::recalc_readable_until readable_until[_ub] 21.049947739s (sent 21.049947739s)
2026-02-13T08:33:03.315+0000 7f5458fee640 20 osd.1 pg_epoch: 21 pg[3.0( empty local-lis/les=20/21 n=0 ec=20/20 lis/c=0/0 les/c/f=0/0/0 sis=20) [1,0] r=0 lpr=20 crt=0'0 mlcod 0'0 creating+activating+undersized mbc={}] recheck_readable wasn't wait or laggy
2026-02-13T08:33:03.315+0000 7f5458fee640 10 osd.1 pg_epoch: 21 pg[3.0( empty local-lis/les=20/21 n=0 ec=20/20 lis/c=0/0 les/c/f=0/0/0 sis=20) [1,0] r=0 lpr=20 crt=0'0 mlcod 0'0 creating+activating+undersized mbc={}] state: peer osd.0 activated and committed
2026-02-13T08:33:03.315+0000 7f5458fee640 20 osd.1 pg_epoch: 21 pg[3.0( empty local-lis/les=20/21 n=0 ec=20/20 lis/c=0/0 les/c/f=0/0/0 sis=20) [1,0] r=0 lpr=20 crt=0'0 mlcod 0'0 creating+activating+undersized mbc={}] PeeringState::update_calc_stats actingset 0,1 upset 0,1 acting_recovery_backfill 0,1
2026-02-13T08:33:03.315+0000 7f5458fee640 20 osd.1 pg_epoch: 21 pg[3.0( empty local-lis/les=20/21 n=0 ec=20/20 lis/c=0/0 les/c/f=0/0/0 sis=20) [1,0] r=0 lpr=20 crt=0'0 mlcod 0'0 creating+activating+undersized mbc={}] PeeringState::update_calc_stats shard 1 primary objects 0 missing 0
2026-02-13T08:33:03.315+0000 7f5458fee640 20 osd.1 pg_epoch: 21 pg[3.0( empty local-lis/les=20/21 n=0 ec=20/20 lis/c=0/0 les/c/f=0/0/0 sis=20) [1,0] r=0 lpr=20 crt=0'0 mlcod 0'0 creating+activating+undersized mbc={}] PeeringState::update_calc_stats shard 0 objects 0 missing 0
2026-02-13T08:33:03.315+0000 7f5458fee640 20 osd.1 pg_epoch: 21 pg[3.0( empty local-lis/les=20/21 n=0 ec=20/20 lis/c=0/0 les/c/f=0/0/0 sis=20) [1,0] r=0 lpr=20 crt=0'0 mlcod 0'0 creating+activating+undersized mbc={}] PeeringState::update_calc_stats object_location_counts {}
2026-02-13T08:33:03.315+0000 7f5458fee640 20 osd.1 pg_epoch: 21 pg[3.0( empty local-lis/les=20/21 n=0 ec=20/20 lis/c=0/0 les/c/f=0/0/0 sis=20) [1,0] r=0 lpr=20 crt=0'0 mlcod 0'0 creating+activating+undersized mbc={}] PeeringState::update_calc_stats missing shard 0 missing= 0
2026-02-13T08:33:03.315+0000 7f5458fee640 20 osd.1 pg_epoch: 21 pg[3.0( empty local-lis/les=20/21 n=0 ec=20/20 lis/c=0/0 les/c/f=0/0/0 sis=20) [1,0] r=0 lpr=20 crt=0'0 mlcod 0'0 creating+activating+undersized mbc={}] PeeringState::update_calc_stats missing shard 1 missing= 0
2026-02-13T08:33:03.315+0000 7f5458fee640 20 osd.1 pg_epoch: 21 pg[3.0( empty local-lis/les=20/21 n=0 ec=20/20 lis/c=0/0 les/c/f=0/0/0 sis=20) [1,0] r=0 lpr=20 crt=0'0 mlcod 0'0 creating+activating+undersized mbc={}] PeeringState::update_calc_stats missing shard NONE missing= 0
2026-02-13T08:33:03.315+0000 7f5458fee640 20 osd.1 pg_epoch: 21 pg[3.0( empty local-lis/les=20/21 n=0 ec=20/20 lis/c=0/0 les/c/f=0/0/0 sis=20) [1,0] r=0 lpr=20 crt=0'0 mlcod 0'0 creating+activating+undersized mbc={}] PeeringState::update_calc_stats degraded 0
2026-02-13T08:33:03.315+0000 7f5458fee640 20 osd.1 pg_epoch: 21 pg[3.0( empty local-lis/les=20/21 n=0 ec=20/20 lis/c=0/0 les/c/f=0/0/0 sis=20) [1,0] r=0 lpr=20 crt=0'0 mlcod 0'0 creating+activating+undersized mbc={}] PeeringState::update_calc_stats misplaced 0
2026-02-13T08:33:03.315+0000 7f5458fee640 20 osd.1 pg_epoch: 21 pg[3.0( empty local-lis/les=20/21 n=0 ec=20/20 lis/c=0/0 les/c/f=0/0/0 sis=20) [1,0] r=0 lpr=20 crt=0'0 mlcod 0'0 creating+activating+undersized mbc={}] PeeringState::prepare_stats_for_publish reporting purged_snaps []
2026-02-13T08:33:03.315+0000 7f5458fee640 15 osd.1 pg_epoch: 21 pg[3.0( empty local-lis/les=20/21 n=0 ec=20/20 lis/c=0/0 les/c/f=0/0/0 sis=20) [1,0] r=0 lpr=20 crt=0'0 mlcod 0'0 creating+activating+undersized mbc={}] PeeringState::prepare_stats_for_publish publish_stats_to_osd 21:3
2026-02-13T08:33:03.315+0000 7f5458fee640 10 osd.1 pg_epoch: 21 pg[3.0( empty local-lis/les=20/21 n=0 ec=20/20 lis/c=0/0 les/c/f=0/0/0 sis=20) [1,0] r=0 lpr=20 crt=0'0 mlcod 0'0 creating+activating+undersized mbc={}] state: all_activated_and_committed
2026-02-13T08:33:03.315+0000 7f5458fee640 20 osd.1 pg_epoch: 21 pg[3.0( empty local-lis/les=20/21 n=0 ec=20/20 lis/c=0/0 les/c/f=0/0/0 sis=20) [1,0] r=0 lpr=20 crt=0'0 mlcod 0'0 creating+activating+undersized mbc={}] PeeringState::recalc_readable_until peer osd.0 ruub 21.049947739s
2026-02-13T08:33:03.315+0000 7f5458fee640 20 osd.1 pg_epoch: 21 pg[3.0( empty local-lis/les=20/21 n=0 ec=20/20 lis/c=0/0 les/c/f=0/0/0 sis=20) [1,0] r=0 lpr=20 crt=0'0 mlcod 0'0 creating+activating+undersized mbc={}] PeeringState::recalc_readable_until readable_until[_ub] 21.049947739s (sent 21.050815582s)
2026-02-13T08:33:03.315+0000 7f5458fee640 20 osd.1 21 get_con_osd_cluster to osd.0 from_epoch 21
2026-02-13T08:33:03.315+0000 7f5458fee640 20 osd.1 21 get_nextmap_reserved map_reservations: {21=1}
2026-02-13T08:33:03.315+0000 7f5458fee640 20 osd.1 21 release_map epoch: 21
2026-02-13T08:33:03.315+0000 7f5458fee640 1 -- [v2:127.0.0.1:6812/1434334463,v1:127.0.0.1:6813/1434334463] --> [v2:127.0.0.1:6802/3513847230,v1:127.0.0.1:6803/3513847230] -- pg_lease(3.0 pg_lease(ru 21.049947739s ub 21.050815582s int 16.000000000s) e21/21) -- 0x5644a5dea1c0 con 0x5644a510c800
2026-02-13T08:33:03.315+0000 7f5458fee640 20 osd.1 pg_epoch: 21 pg[3.0( empty local-lis/les=20/21 n=0 ec=20/20 lis/c=0/0 les/c/f=0/0/0 sis=20) [1,0] r=0 lpr=20 crt=0'0 mlcod 0'0 creating+activating+undersized mbc={}] PeeringState::update_calc_stats actingset 0,1 upset 0,1 acting_recovery_backfill 0,1
2026-02-13T08:33:03.315+0000 7f5458fee640 20 osd.1 pg_epoch: 21 pg[3.0( empty local-lis/les=20/21 n=0 ec=20/20 lis/c=0/0 les/c/f=0/0/0 sis=20) [1,0] r=0 lpr=20 crt=0'0 mlcod 0'0 creating+activating+undersized mbc={}] PeeringState::update_calc_stats shard 1 primary objects 0 missing 0
2026-02-13T08:33:03.315+0000 7f5458fee640 20 osd.1 pg_epoch: 21 pg[3.0( empty local-lis/les=20/21 n=0 ec=20/20 lis/c=0/0 les/c/f=0/0/0 sis=20) [1,0] r=0 lpr=20 crt=0'0 mlcod 0'0 creating+activating+undersized mbc={}] PeeringState::update_calc_stats shard 0 objects 0 missing 0
2026-02-13T08:33:03.315+0000 7f5458fee640 20 osd.1 pg_epoch: 21 pg[3.0( empty local-lis/les=20/21 n=0 ec=20/20 lis/c=0/0 les/c/f=0/0/0 sis=20) [1,0] r=0 lpr=20 crt=0'0 mlcod 0'0 creating+activating+undersized mbc={}] PeeringState::update_calc_stats object_location_counts {}
2026-02-13T08:33:03.315+0000 7f5458fee640 20 osd.1 pg_epoch: 21 pg[3.0( empty local-lis/les=20/21 n=0 ec=20/20 lis/c=0/0 les/c/f=0/0/0 sis=20) [1,0] r=0 lpr=20 crt=0'0 mlcod 0'0 creating+activating+undersized mbc={}] PeeringState::update_calc_stats missing shard 0 missing= 0
2026-02-13T08:33:03.315+0000 7f5458fee640 20 osd.1 pg_epoch: 21 pg[3.0( empty local-lis/les=20/21 n=0 ec=20/20 lis/c=0/0 les/c/f=0/0/0 sis=20) [1,0] r=0 lpr=20 crt=0'0 mlcod 0'0 creating+activating+undersized mbc={}] PeeringState::update_calc_stats missing shard 1 missing= 0
2026-02-13T08:33:03.315+0000 7f5458fee640 20 osd.1 pg_epoch: 21 pg[3.0( empty local-lis/les=20/21 n=0 ec=20/20 lis/c=0/0 les/c/f=0/0/0 sis=20) [1,0] r=0 lpr=20 crt=0'0 mlcod 0'0 creating+activating+undersized mbc={}] PeeringState::update_calc_stats missing shard NONE missing= 0
2026-02-13T08:33:03.315+0000 7f5458fee640 20 osd.1 pg_epoch: 21 pg[3.0( empty local-lis/les=20/21 n=0 ec=20/20 lis/c=0/0 les/c/f=0/0/0 sis=20) [1,0] r=0 lpr=20 crt=0'0 mlcod 0'0 creating+activating+undersized mbc={}] PeeringState::update_calc_stats degraded 0
2026-02-13T08:33:03.315+0000 7f5458fee640 20 osd.1 pg_epoch: 21 pg[3.0( empty local-lis/les=20/21 n=0 ec=20/20 lis/c=0/0 les/c/f=0/0/0 sis=20) [1,0] r=0 lpr=20 crt=0'0 mlcod 0'0 creating+activating+undersized mbc={}] PeeringState::update_calc_stats misplaced 0
2026-02-13T08:33:03.315+0000 7f5458fee640 10 osd.1 pg_epoch: 21 pg[3.0( empty local-lis/les=20/21 n=0 ec=20/20 lis/c=0/0 les/c/f=0/0/0 sis=20) [1,0] r=0 lpr=20 crt=0'0 mlcod 0'0 active+undersized mbc={}] state: mnow 5.050835609s >= prior_readable_until_ub 0.000000000s
2026-02-13T08:33:03.315+0000 7f5458fee640 20 osd.1 21 send_pg_created
2026-02-13T08:33:03.315+0000 7f5458fee640 20 osd.1 21 send_pg_created reply to mon 3.0 created.
2026-02-13T08:33:03.315+0000 7f5458fee640 10 monclient: _send_mon_message to mon.a at v2:127.0.0.1:7114/0
2026-02-13T08:33:03.315+0000 7f5458fee640 1 -- [v2:127.0.0.1:6810/1434334463,v1:127.0.0.1:6811/1434334463] --> v2:127.0.0.1:7114/0 -- osd_pg_created(3.0) -- 0x5644a5dea380 con 0x5644a507b800
2026-02-13T08:33:03.315+0000 7f5458fee640 1 osd.1 pg_epoch: 21 pg[3.0( empty local-lis/les=20/21 n=0 ec=20/20 lis/c=0/0 les/c/f=0/0/0 sis=20) [1,0] r=0 lpr=20 crt=0'0 mlcod 0'0 active+undersized mbc={}] state: react AllReplicasActivated Activating complete
2026-02-13T08:33:03.315+0000 7f5458fee640 10 osd.1 pg_epoch: 21 pg[3.0( empty local-lis/les=20/21 n=0 ec=20/20 lis/c=20/0 les/c/f=21/0/0 sis=20) [1,0] r=0 lpr=20 crt=0'0 mlcod 0'0 active+undersized mbc={}] PeeringState::share_pg_info share_pg_info
2026-02-13T08:33:03.315+0000 7f5458fee640 20 osd.1 21 get_con_osd_cluster to osd.0 from_epoch 21
2026-02-13T08:33:03.315+0000 7f5458fee640 20 osd.1 21 get_nextmap_reserved map_reservations: {21=1}
2026-02-13T08:33:03.315+0000 7f5458fee640 20 osd.1 21 release_map epoch: 21
2026-02-13T08:33:03.315+0000 7f5458fee640 1 -- [v2:127.0.0.1:6812/1434334463,v1:127.0.0.1:6813/1434334463] --> [v2:127.0.0.1:6802/3513847230,v1:127.0.0.1:6803/3513847230] -- pg_info2(3.0 3.0 3.0( empty local-lis/les=20/21 n=0 ec=20/20 lis/c=20/0 les/c/f=21/0/0 sis=20) e21/21) -- 0x5644a5dfc000 con 0x5644a510c800
2026-02-13T08:33:03.315+0000 7f5458fee640 20 osd.1 pg_epoch: 21 pg[3.0( empty local-lis/les=20/21 n=0 ec=20/20 lis/c=20/0 les/c/f=21/0/0 sis=20) [1,0] r=0 lpr=20 crt=0'0 mlcod 0'0 active+undersized mbc={}] PeeringState::update_calc_stats actingset 0,1 upset 0,1 acting_recovery_backfill 0,1
2026-02-13T08:33:03.315+0000 7f5458fee640 20 osd.1 pg_epoch: 21 pg[3.0( empty local-lis/les=20/21 n=0 ec=20/20 lis/c=20/0 les/c/f=21/0/0 sis=20) [1,0] r=0 lpr=20 crt=0'0 mlcod 0'0 active+undersized mbc={}] PeeringState::update_calc_stats shard 1 primary objects 0 missing 0
2026-02-13T08:33:03.315+0000 7f5458fee640 20 osd.1 pg_epoch: 21 pg[3.0( empty local-lis/les=20/21 n=0 ec=20/20 lis/c=20/0 les/c/f=21/0/0 sis=20) [1,0] r=0 lpr=20 crt=0'0 mlcod 0'0 active+undersized mbc={}] PeeringState::update_calc_stats shard 0 objects 0 missing 0
2026-02-13T08:33:03.315+0000 7f5458fee640 20 osd.1 pg_epoch: 21 pg[3.0( empty local-lis/les=20/21 n=0 ec=20/20 lis/c=20/0 les/c/f=21/0/0 sis=20) [1,0] r=0 lpr=20 crt=0'0 mlcod 0'0 active+undersized mbc={}] PeeringState::update_calc_stats object_location_counts {}
2026-02-13T08:33:03.315+0000 7f5458fee640 20 osd.1 pg_epoch: 21 pg[3.0( empty local-lis/les=20/21 n=0 ec=20/20 lis/c=20/0 les/c/f=21/0/0 sis=20) [1,0] r=0 lpr=20 crt=0'0 mlcod 0'0 active+undersized mbc={}] PeeringState::update_calc_stats missing shard 0 missing= 0
2026-02-13T08:33:03.315+0000 7f5458fee640 20 osd.1 pg_epoch: 21 pg[3.0( empty local-lis/les=20/21 n=0 ec=20/20 lis/c=20/0 les/c/f=21/0/0 sis=20) [1,0] r=0 lpr=20 crt=0'0 mlcod 0'0 active+undersized mbc={}] PeeringState::update_calc_stats missing shard 1 missing= 0
2026-02-13T08:33:03.315+0000 7f5458fee640 20 osd.1 pg_epoch: 21 pg[3.0( empty local-lis/les=20/21 n=0 ec=20/20 lis/c=20/0 les/c/f=21/0/0 sis=20) [1,0] r=0 lpr=20 crt=0'0 mlcod 0'0 active+undersized mbc={}] PeeringState::update_calc_stats missing shard NONE missing= 0
2026-02-13T08:33:03.315+0000 7f5458fee640 20 osd.1 pg_epoch: 21 pg[3.0( empty local-lis/les=20/21 n=0 ec=20/20 lis/c=20/0 les/c/f=21/0/0 sis=20) [1,0] r=0 lpr=20 crt=0'0 mlcod 0'0 active+undersized mbc={}] PeeringState::update_calc_stats degraded 0
2026-02-13T08:33:03.315+0000 7f5458fee640 20 osd.1 pg_epoch: 21 pg[3.0( empty local-lis/les=20/21 n=0 ec=20/20 lis/c=20/0 les/c/f=21/0/0 sis=20) [1,0] r=0 lpr=20 crt=0'0 mlcod 0'0 active+undersized mbc={}] PeeringState::update_calc_stats misplaced 0
2026-02-13T08:33:03.315+0000 7f5458fee640 20 osd.1 pg_epoch: 21 pg[3.0( empty local-lis/les=20/21 n=0 ec=20/20 lis/c=20/0 les/c/f=21/0/0 sis=20) [1,0] r=0 lpr=20 crt=0'0 mlcod 0'0 active+undersized mbc={}] PeeringState::prepare_stats_for_publish reporting purged_snaps []
2026-02-13T08:33:03.315+0000 7f5458fee640 15 osd.1 pg_epoch: 21 pg[3.0( empty local-lis/les=20/21 n=0 ec=20/20 lis/c=20/0 les/c/f=21/0/0 sis=20) [1,0] r=0 lpr=20 crt=0'0 mlcod 0'0 active+undersized mbc={}] PeeringState::prepare_stats_for_publish publish_stats_to_osd 21:4
2026-02-13T08:33:03.315+0000 7f5458fee640 10 osd.1 pg_epoch: 21 pg[3.0( empty local-lis/les=20/21 n=0 ec=20/20 lis/c=20/0 les/c/f=21/0/0 sis=20) [1,0] r=0 lpr=20 crt=0'0 mlcod 0'0 active+undersized mbc={}] check_local
2026-02-13T08:33:03.315+0000 7f5458fee640 10 osd.1 pg_epoch: 21 pg[3.0( empty local-lis/les=20/21 n=0 ec=20/20 lis/c=20/0 les/c/f=21/0/0 sis=20) [1,0] r=0 lpr=20 crt=0'0 mlcod 0'0 active+undersized mbc={}] PeeringState::needs_recovery is recovered
2026-02-13T08:33:03.315+0000 7f5458fee640 10 osd.1 pg_epoch: 21 pg[3.0( empty local-lis/les=20/21 n=0 ec=20/20 lis/c=20/0 les/c/f=21/0/0 sis=20) [1,0] r=0 lpr=20 crt=0'0 mlcod 0'0 active+undersized mbc={}] PeeringState::needs_backfill does not need backfill
2026-02-13T08:33:03.315+0000 7f5458fee640 10 osd.1 pg_epoch: 21 pg[3.0( empty local-lis/les=20/21 n=0 ec=20/20 lis/c=20/0 les/c/f=21/0/0 sis=20) [1,0] r=0 lpr=20 crt=0'0 mlcod 0'0 active+undersized mbc={}] activate all replicas clean, no recovery
2026-02-13T08:33:03.315+0000 7f5458fee640 15 osd.1 21 enqueue_peering_evt 3.0 epoch_sent: 21 epoch_requested: 21 AllReplicasRecovered
2026-02-13T08:33:03.315+0000 7f5458fee640 20 osd.1 op_wq(0) _enqueue OpSchedulerItem(3.0 PGPeeringEvent(epoch_sent: 21 epoch_requested: 21 AllReplicasRecovered) class_id 2 prio 255 cost 10 e21)
2026-02-13T08:33:03.315+0000 7f5458fee640 20 osd.1 pg_epoch: 21 pg[3.0( empty local-lis/les=20/21 n=0 ec=20/20 lis/c=20/0 les/c/f=21/0/0 sis=20) [1,0] r=0 lpr=20 crt=0'0 mlcod 0'0 active+undersized mbc={}] PeeringState::update_calc_stats actingset 0,1 upset 0,1 acting_recovery_backfill 0,1
2026-02-13T08:33:03.315+0000 7f5458fee640 20 osd.1 pg_epoch: 21 pg[3.0( empty local-lis/les=20/21 n=0 ec=20/20 lis/c=20/0 les/c/f=21/0/0 sis=20) [1,0] r=0 lpr=20 crt=0'0 mlcod 0'0 active+undersized mbc={}] PeeringState::update_calc_stats shard 1 primary objects 0 missing 0
2026-02-13T08:33:03.315+0000 7f5458fee640 20 osd.1 pg_epoch: 21 pg[3.0( empty local-lis/les=20/21 n=0 ec=20/20 lis/c=20/0 les/c/f=21/0/0 sis=20) [1,0] r=0 lpr=20 crt=0'0 mlcod 0'0 active+undersized mbc={}] PeeringState::update_calc_stats shard 0 objects 0 missing 0
2026-02-13T08:33:03.315+0000 7f5458fee640 20 osd.1 pg_epoch: 21 pg[3.0( empty local-lis/les=20/21 n=0 ec=20/20 lis/c=20/0 les/c/f=21/0/0 sis=20) [1,0] r=0 lpr=20 crt=0'0 mlcod 0'0 active+undersized mbc={}] PeeringState::update_calc_stats object_location_counts {}
2026-02-13T08:33:03.315+0000 7f5458fee640 20 osd.1 pg_epoch: 21 pg[3.0( empty local-lis/les=20/21 n=0 ec=20/20 lis/c=20/0 les/c/f=21/0/0 sis=20) [1,0] r=0 lpr=20 crt=0'0 mlcod 0'0 active+undersized mbc={}] PeeringState::update_calc_stats missing shard 0 missing= 0
2026-02-13T08:33:03.315+0000 7f5458fee640 20 osd.1 pg_epoch: 21 pg[3.0( empty local-lis/les=20/21 n=0 ec=20/20 lis/c=20/0 les/c/f=21/0/0 sis=20) [1,0] r=0 lpr=20 crt=0'0 mlcod 0'0 active+undersized mbc={}] PeeringState::update_calc_stats missing shard 1 missing= 0
2026-02-13T08:33:03.315+0000 7f5458fee640 20 osd.1 pg_epoch: 21 pg[3.0( empty local-lis/les=20/21 n=0 ec=20/20 lis/c=20/0 les/c/f=21/0/0 sis=20) [1,0] r=0 lpr=20 crt=0'0 mlcod 0'0 active+undersized mbc={}] PeeringState::update_calc_stats missing shard NONE missing= 0
2026-02-13T08:33:03.315+0000 7f5454fe6640 20 osd.1 op_wq(0) _process 3.0 to_process <> waiting <> waiting_peering {}
2026-02-13T08:33:03.315+0000 7f5454fe6640 20 osd.1 op_wq(0) _process OpSchedulerItem(3.0 PGPeeringEvent(epoch_sent: 21 epoch_requested: 21 AllReplicasRecovered) class_id 2 prio 255 cost 10 e21) queued
2026-02-13T08:33:03.315+0000 7f5458fee640 20 osd.1 pg_epoch: 21 pg[3.0( empty local-lis/les=20/21 n=0 ec=20/20 lis/c=20/0 les/c/f=21/0/0 sis=20) [1,0] r=0 lpr=20 crt=0'0 mlcod 0'0 active+undersized mbc={}] PeeringState::update_calc_stats degraded 0
2026-02-13T08:33:03.315+0000 7f5458fee640 20 osd.1 pg_epoch: 21 pg[3.0( empty local-lis/les=20/21 n=0 ec=20/20 lis/c=20/0 les/c/f=21/0/0 sis=20) [1,0] r=0 lpr=20 crt=0'0 mlcod 0'0 active+undersized mbc={}] PeeringState::update_calc_stats misplaced 0
2026-02-13T08:33:03.315+0000 7f5458fee640 20 osd.1 pg_epoch: 21 pg[3.0( empty local-lis/les=20/21 n=0 ec=20/20 lis/c=20/0 les/c/f=21/0/0 sis=20) [1,0] r=0 lpr=20 crt=0'0 mlcod 0'0 active+undersized mbc={}] PeeringState::prepare_stats_for_publish reporting purged_snaps []
2026-02-13T08:33:03.315+0000 7f5458fee640 15 osd.1 pg_epoch: 21 pg[3.0( empty local-lis/les=20/21 n=0 ec=20/20 lis/c=20/0 les/c/f=21/0/0 sis=20) [1,0] r=0 lpr=20 crt=0'0 mlcod 0'0 active+undersized mbc={}] PeeringState::prepare_stats_for_publish publish_stats_to_osd 21:5
2026-02-13T08:33:03.315+0000 7f5458fee640 20 osd.1 pg_epoch: 21 pg[3.0( empty local-lis/les=20/21 n=0 ec=20/20 lis/c=20/0 les/c/f=21/0/0 sis=20) [1,0] r=0 lpr=20 crt=0'0 mlcod 0'0 active+undersized mbc={}] hit_set_clear
2026-02-13T08:33:03.315+0000 7f5458fee640 20 osd.1 pg_epoch: 21 pg[3.0( empty local-lis/les=20/21 n=0 ec=20/20 lis/c=20/0 les/c/f=21/0/0 sis=20) [1,0] r=0 lpr=20 crt=0'0 mlcod 0'0 active+undersized mbc={}] agent_stop
2026-02-13T08:33:03.315+0000 7f5458fee640 10 log is not dirty
2026-02-13T08:33:03.315+0000 7f5458fee640 20 osd.1 op_wq(0) _process empty q, waiting
2026-02-13T08:33:03.315+0000 7f5454fe6640 20 osd.1 op_wq(0) _process 3.0 to_process waiting <> waiting_peering {}
2026-02-13T08:33:03.315+0000 7f5454fe6640 20 osd.1 op_wq(0) _process OpSchedulerItem(3.0 PGPeeringEvent(epoch_sent: 21 epoch_requested: 21 AllReplicasRecovered) class_id 2 prio 255 cost 10 e21) pg 0x5644a5de4000
2026-02-13T08:33:03.315+0000 7f5454fe6640 10 osd.1 pg_epoch: 21 pg[3.0( empty local-lis/les=20/21 n=0 ec=20/20 lis/c=20/0 les/c/f=21/0/0 sis=20) [1,0] r=0 lpr=20 crt=0'0 mlcod 0'0 active+undersized mbc={}] do_peering_event: epoch_sent: 21 epoch_requested: 21 AllReplicasRecovered
2026-02-13T08:33:03.315+0000 7f5454fe6640 5 osd.1 pg_epoch: 21 pg[3.0( empty local-lis/les=20/21 n=0 ec=20/20 lis/c=20/0 les/c/f=21/0/0 sis=20) [1,0] r=0 lpr=20 crt=0'0 mlcod 0'0 active+undersized mbc={}] exit Started/Primary/Active/Activating 0.000900 4 0.000215
2026-02-13T08:33:03.315+0000 7f547101e640 1 -- [v2:127.0.0.1:6812/1434334463,v1:127.0.0.1:6813/1434334463] <== osd.0 v2:127.0.0.1:6802/3513847230 30 ==== pg_lease_ack(3.0 pg_lease_ack(ruub 21.050815582s) e21/21) ==== 42+0+0 (crc 0 0 0) 0x5644a5b4e340 con 0x5644a510c800
2026-02-13T08:33:03.316+0000 7f5454fe6640 5 osd.1 pg_epoch: 21 pg[3.0( empty local-lis/les=20/21 n=0 ec=20/20 lis/c=20/0 les/c/f=21/0/0 sis=20) [1,0] r=0 lpr=20 crt=0'0 mlcod 0'0 active+undersized mbc={}] enter Started/Primary/Active/Recovered
2026-02-13T08:33:03.316+0000 7f547101e640 15 osd.1 21 enqueue_peering_evt 3.0 epoch_sent: 21 epoch_requested: 21 MLeaseAck epoch 21 from osd.0 pg_lease_ack(ruub 21.050815582s)
2026-02-13T08:33:03.316+0000 7f5458fee640 20 osd.1 op_wq(0) _process empty q, waiting
2026-02-13T08:33:03.316+0000 7f5454fe6640 10 osd.1 pg_epoch: 21 pg[3.0( empty local-lis/les=20/21 n=0 ec=20/20 lis/c=20/0 les/c/f=21/0/0 sis=20) [1,0] r=0 lpr=20 crt=0'0 mlcod 0'0 active+undersized mbc={}] PeeringState::needs_recovery is recovered
2026-02-13T08:33:03.316+0000 7f5454fe6640 5 osd.1 pg_epoch: 21 pg[3.0( empty local-lis/les=20/21 n=0 ec=20/20 lis/c=20/0 les/c/f=21/0/0 sis=20) [1,0] r=0 lpr=20 crt=0'0 mlcod 0'0 active+undersized mbc={}] exit Started/Primary/Active/Recovered 0.000018 0 0.000000
2026-02-13T08:33:03.316+0000 7f547101e640 20 osd.1 op_wq(0) _enqueue OpSchedulerItem(3.0 PGPeeringEvent(epoch_sent: 21 epoch_requested: 21 MLeaseAck epoch 21 from osd.0 pg_lease_ack(ruub 21.050815582s)) class_id 2 prio 255 cost 10 e21)
2026-02-13T08:33:03.316+0000 7f5454fe6640 5 osd.1 pg_epoch: 21 pg[3.0( empty local-lis/les=20/21 n=0 ec=20/20 lis/c=20/0 les/c/f=21/0/0 sis=20) [1,0] r=0 lpr=20 crt=0'0 mlcod 0'0 active+undersized mbc={}] enter Started/Primary/Active/Clean
2026-02-13T08:33:03.316+0000 7f5454fe6640 10 osd.1 pg_epoch: 21 pg[3.0( empty local-lis/les=20/21 n=0 ec=20/20 lis/c=20/0 les/c/f=21/0/0 sis=20) [1,0] r=0 lpr=20 crt=0'0 mlcod 0'0 active+undersized mbc={}] PeeringState::share_pg_info share_pg_info
2026-02-13T08:33:03.316+0000 7f5458fee640 20 osd.1 op_wq(0) _process 3.0 to_process <> waiting <> waiting_peering {}
2026-02-13T08:33:03.316+0000 7f5458fee640 20 osd.1 op_wq(0) _process OpSchedulerItem(3.0 PGPeeringEvent(epoch_sent: 21 epoch_requested: 21 MLeaseAck epoch 21 from osd.0 pg_lease_ack(ruub 21.050815582s)) class_id 2 prio 255 cost 10 e21) queued
2026-02-13T08:33:03.316+0000 7f5454fe6640 20 osd.1 21 get_con_osd_cluster to osd.0 from_epoch 21
2026-02-13T08:33:03.316+0000 7f5454fe6640 20 osd.1 21 get_nextmap_reserved map_reservations: {21=1}
2026-02-13T08:33:03.316+0000 7f5454fe6640 20 osd.1 21 release_map epoch: 21
2026-02-13T08:33:03.316+0000 7f5454fe6640 1 -- [v2:127.0.0.1:6812/1434334463,v1:127.0.0.1:6813/1434334463] --> [v2:127.0.0.1:6802/3513847230,v1:127.0.0.1:6803/3513847230] -- pg_info2(3.0 3.0 3.0( empty local-lis/les=20/21 n=0 ec=20/20 lis/c=20/0 les/c/f=21/0/0 sis=20) e21/21) -- 0x5644a585b000 con 0x5644a510c800
2026-02-13T08:33:03.316+0000 7f5454fe6640 20 osd.1 pg_epoch: 21 pg[3.0( empty local-lis/les=20/21 n=0 ec=20/20 lis/c=20/0 les/c/f=21/0/0 sis=20) [1,0] r=0 lpr=20 crt=0'0 mlcod 0'0 active+undersized mbc={}] PeeringState::update_calc_stats actingset 0,1 upset 0,1 acting_recovery_backfill 0,1
2026-02-13T08:33:03.316+0000 7f5454fe6640 20 osd.1 pg_epoch: 21 pg[3.0( empty local-lis/les=20/21 n=0 ec=20/20 lis/c=20/0 les/c/f=21/0/0 sis=20) [1,0] r=0 lpr=20 crt=0'0 mlcod 0'0 active+undersized mbc={}] PeeringState::update_calc_stats shard 1 primary objects 0 missing 0
2026-02-13T08:33:03.316+0000 7f5454fe6640 20 osd.1 pg_epoch: 21 pg[3.0( empty local-lis/les=20/21 n=0 ec=20/20 lis/c=20/0 les/c/f=21/0/0 sis=20) [1,0] r=0 lpr=20 crt=0'0 mlcod 0'0 active+undersized mbc={}] PeeringState::update_calc_stats shard 0 objects 0 missing 0
2026-02-13T08:33:03.316+0000 7f5454fe6640 20 osd.1 pg_epoch: 21 pg[3.0( empty local-lis/les=20/21 n=0 ec=20/20 lis/c=20/0 les/c/f=21/0/0 sis=20) [1,0] r=0 lpr=20 crt=0'0 mlcod 0'0 active+undersized mbc={}] PeeringState::update_calc_stats object_location_counts {}
2026-02-13T08:33:03.316+0000 7f5454fe6640 20 osd.1 pg_epoch: 21 pg[3.0( empty local-lis/les=20/21 n=0 ec=20/20 lis/c=20/0 les/c/f=21/0/0 sis=20) [1,0] r=0 lpr=20 crt=0'0 mlcod 0'0 active+undersized mbc={}] PeeringState::update_calc_stats missing shard 0 missing= 0
2026-02-13T08:33:03.316+0000 7f5454fe6640 20 osd.1 pg_epoch: 21 pg[3.0( empty local-lis/les=20/21 n=0 ec=20/20 lis/c=20/0 les/c/f=21/0/0 sis=20) [1,0] r=0 lpr=20 crt=0'0 mlcod 0'0 active+undersized mbc={}] PeeringState::update_calc_stats missing shard 1 missing= 0
2026-02-13T08:33:03.316+0000 7f5454fe6640 20 osd.1 pg_epoch: 21 pg[3.0( empty local-lis/les=20/21 n=0 ec=20/20 lis/c=20/0 les/c/f=21/0/0 sis=20) [1,0] r=0 lpr=20 crt=0'0 mlcod 0'0 active+undersized mbc={}] PeeringState::update_calc_stats missing shard NONE missing= 0
2026-02-13T08:33:03.316+0000 7f5454fe6640 20 osd.1 pg_epoch: 21 pg[3.0( empty local-lis/les=20/21 n=0 ec=20/20 lis/c=20/0 les/c/f=21/0/0 sis=20) [1,0] r=0 lpr=20 crt=0'0 mlcod 0'0 active+undersized mbc={}] PeeringState::update_calc_stats degraded 0
2026-02-13T08:33:03.316+0000 7f5454fe6640 20 osd.1 pg_epoch: 21 pg[3.0( empty local-lis/les=20/21 n=0 ec=20/20 lis/c=20/0 les/c/f=21/0/0 sis=20) [1,0] r=0 lpr=20 crt=0'0 mlcod 0'0 active+undersized mbc={}] PeeringState::update_calc_stats misplaced 0
2026-02-13T08:33:03.316+0000 7f5454fe6640 20 osd.1 pg_epoch: 21 pg[3.0( empty local-lis/les=20/21 n=0 ec=20/20 lis/c=20/0 les/c/f=21/0/0 sis=20) [1,0] r=0 lpr=20 crt=0'0 mlcod 0'0 active+undersized mbc={}] PeeringState::prepare_stats_for_publish reporting purged_snaps []
2026-02-13T08:33:03.316+0000 7f5454fe6640 15 osd.1 pg_epoch: 21 pg[3.0( empty local-lis/les=20/21 n=0 ec=20/20 lis/c=20/0 les/c/f=21/0/0 sis=20) [1,0] r=0 lpr=20 crt=0'0 mlcod 0'0 active+undersized mbc={}] PeeringState::prepare_stats_for_publish publish_stats_to_osd 21:6
2026-02-13T08:33:03.316+0000 7f5454fe6640 10 osd.1 pg_epoch: 21 pg[3.0( empty local-lis/les=20/21 n=0 ec=20/20 lis/c=20/0 les/c/f=21/0/0 sis=20) [1,0] r=0 lpr=20 crt=0'0 mlcod 0'0 active+undersized mbc={}] scrubber: on_primary_active_clean: reg state: not-registered
2026-02-13T08:33:03.316+0000 7f5454fe6640 20 scrubberFSM event: --vvvv---- PrimaryActivate
2026-02-13T08:33:03.316+0000 7f5454fe6640 10 osd.1 pg_epoch: 21 pg[3.0( empty local-lis/les=20/21 n=0 ec=20/20 lis/c=20/0 les/c/f=21/0/0 sis=20) [1,0] r=0 lpr=20 crt=0'0 mlcod 0'0 active+undersized mbc={}] scrubber: FSM: -- state -->> PrimaryActive
2026-02-13T08:33:03.316+0000 7f5454fe6640 20 osd.1 pg_epoch: 21 pg[3.0( empty local-lis/les=20/21 n=0 ec=20/20 lis/c=20/0 les/c/f=21/0/0 sis=20) [1,0] r=0 lpr=20 crt=0'0 mlcod 0'0 active+undersized mbc={}] scrubber: schedule_scrub_with_osd: state at entry: not-registered
2026-02-13T08:33:03.316+0000 7f5454fe6640 15 osd.1 pg_epoch: 21 pg[3.0( empty local-lis/les=20/21 n=0 ec=20/20 lis/c=20/0 les/c/f=21/0/0 sis=20) [1,0] r=0 lpr=20 crt=0'0 mlcod 0'0 active+undersized mbc={}] scrubber: update_scrub_job: job on entry:pg[3.0]:sh:3.0/sh,nb:2106-02-07T06:28:15.999,(periodic-regular,tr:2106-02-07T06:28:15.999),q:-,issue:ok/dp:3.0/dp,nb:2106-02-07T06:28:15.999,(periodic-regular,tr:2106-02-07T06:28:15.999),q:-,issue:ok
2026-02-13T08:33:03.316+0000 7f5454fe6640 15 osd.1 pg_epoch: 21 pg[3.0( empty local-lis/les=20/21 n=0 ec=20/20 lis/c=20/0 les/c/f=21/0/0 sis=20) [1,0] r=0 lpr=20 crt=0'0 mlcod 0'0 active+undersized mbc={}] scrubber: populate_config_params: inputs: intervals: sh:86400(pl:0),dp:604800(pl:0)
2026-02-13T08:33:03.316+0000 7f5454fe6640 10 osd.1 pg_epoch: 21 pg[3.0( empty local-lis/les=20/21 n=0 ec=20/20 lis/c=20/0 les/c/f=21/0/0 sis=20) [1,0] r=0 lpr=20 crt=0'0 mlcod 0'0 active+undersized mbc={}] scrubber: populate_config_params: updated config:periods:s:86400,d:604800,iv-ratio:0.5,deep-rand:0.2,on-inv:true
2026-02-13T08:33:03.316+0000 7f5454fe6640 10 osd.1 pg_epoch: 21 pg[3.0( empty local-lis/les=20/21 n=0 ec=20/20 lis/c=20/0 les/c/f=21/0/0 sis=20) [1,0] r=0 lpr=20 crt=0'0 mlcod 0'0 active+undersized mbc={}] scrubber: update_targets: config:periods:s:86400,d:604800,iv-ratio:0.5,deep-rand:0.2,on-inv:true job on entry:pg[3.0]:sh:3.0/sh,nb:2106-02-07T06:28:15.999,(periodic-regular,tr:2106-02-07T06:28:15.999),q:-,issue:ok/dp:3.0/dp,nb:2106-02-07T06:28:15.999,(periodic-regular,tr:2106-02-07T06:28:15.999),q:-,issue:ok
2026-02-13T08:33:03.316+0000 7f5454fe6640 10 osd.1 scrub-job:pg[3.0]:adjust_shallow_schedule: at entry: shallow target:3.0/sh,nb:2106-02-07T06:28:15.999,(periodic-regular,tr:2106-02-07T06:28:15.999),q:-,issue:ok, conf:periods:s:86400,d:604800,iv-ratio:0.5,deep-rand:0.2,on-inv:true, last-stamp:2026-02-13T08:33:02.918
2026-02-13T08:33:03.316+0000 7f5454fe6640 10 osd.1 scrub-job:pg[3.0]:adjust_shallow_schedule: adjusted: nb:2026-02-14T08:55:43.668 target:2026-02-14T08:55:43.668 (registered)
2026-02-13T08:33:03.316+0000 7f5454fe6640 10 osd.1 scrub-job:pg[3.0]:adjust_deep_schedule: at entry: deep target:3.0/dp,nb:2106-02-07T06:28:15.999,(periodic-regular,tr:2106-02-07T06:28:15.999),q:-,issue:ok, conf:periods:s:86400,d:604800,iv-ratio:0.5,deep-rand:0.2,on-inv:true, last-stamp:2026-02-13T08:33:02.918
2026-02-13T08:33:03.316+0000 7f5454fe6640 20 osd.1 scrub-job:pg[3.0]:adjust_deep_schedule: deep scrubbing: next_delay=516277 (interval=604800, ratio=0.200), adjusted:2026-02-19T07:57:39.613
2026-02-13T08:33:03.316+0000 7f5454fe6640 10 osd.1 scrub-job:pg[3.0]:adjust_deep_schedule: adjusted: nb:2026-02-19T07:57:39.613 target:2026-02-19T07:57:39.613 (registered)
2026-02-13T08:33:03.316+0000 7f5454fe6640 10 osd.1 pg_epoch: 21 pg[3.0( empty local-lis/les=20/21 n=0 ec=20/20 lis/c=20/0 les/c/f=21/0/0 sis=20) [1,0] r=0 lpr=20 crt=0'0 mlcod 0'0 active+undersized mbc={}] scrubber: update_targets: adjusted:pg[3.0]:sh:3.0/sh,nb:2026-02-14T08:55:43.668,(periodic-regular,tr:2026-02-14T08:55:43.668),q:-,issue:ok/dp:3.0/dp,nb:2026-02-19T07:57:39.613,(periodic-regular,tr:2026-02-19T07:57:39.613),q:-,issue:ok
2026-02-13T08:33:03.316+0000 7f5454fe6640 20 osd.1 pg_epoch: 21 pg[3.0( empty local-lis/les=20/21 n=0 ec=20/20 lis/c=20/0 les/c/f=21/0/0 sis=20) [1,0] r=0 lpr=20 crt=0'0 mlcod 0'0 active+undersized mbc={}] PeeringState::update_calc_stats actingset 0,1 upset 0,1 acting_recovery_backfill 0,1
2026-02-13T08:33:03.316+0000 7f5454fe6640 20 osd.1 pg_epoch: 21 pg[3.0( empty local-lis/les=20/21 n=0 ec=20/20 lis/c=20/0 les/c/f=21/0/0 sis=20) [1,0] r=0 lpr=20 crt=0'0 mlcod 0'0 active+undersized mbc={}] PeeringState::update_calc_stats shard 1 primary objects 0 missing 0
2026-02-13T08:33:03.316+0000 7f5454fe6640 20 osd.1 pg_epoch: 21 pg[3.0( empty local-lis/les=20/21 n=0 ec=20/20 lis/c=20/0 les/c/f=21/0/0 sis=20) [1,0] r=0 lpr=20 crt=0'0 mlcod 0'0 active+undersized mbc={}] PeeringState::update_calc_stats shard 0 objects 0 missing 0
2026-02-13T08:33:03.316+0000 7f5454fe6640 20 osd.1 pg_epoch: 21 pg[3.0( empty local-lis/les=20/21 n=0 ec=20/20 lis/c=20/0 les/c/f=21/0/0 sis=20) [1,0] r=0 lpr=20 crt=0'0 mlcod 0'0 active+undersized mbc={}] PeeringState::update_calc_stats object_location_counts {}
2026-02-13T08:33:03.316+0000 7f5454fe6640 20 osd.1 pg_epoch: 21 pg[3.0( empty local-lis/les=20/21 n=0 ec=20/20 lis/c=20/0 les/c/f=21/0/0 sis=20) [1,0] r=0 lpr=20 crt=0'0 mlcod 0'0 active+undersized mbc={}] PeeringState::update_calc_stats missing shard 0 missing= 0
2026-02-13T08:33:03.316+0000 7f5454fe6640 20 osd.1 pg_epoch: 21 pg[3.0( empty local-lis/les=20/21 n=0 ec=20/20 lis/c=20/0 les/c/f=21/0/0 sis=20) [1,0] r=0 lpr=20 crt=0'0 mlcod 0'0 active+undersized mbc={}] PeeringState::update_calc_stats missing shard 1 missing= 0
2026-02-13T08:33:03.316+0000 7f5454fe6640 20 osd.1 pg_epoch: 21 pg[3.0( empty local-lis/les=20/21 n=0 ec=20/20 lis/c=20/0 les/c/f=21/0/0 sis=20) [1,0] r=0 lpr=20 crt=0'0 mlcod 0'0 active+undersized mbc={}] PeeringState::update_calc_stats missing shard NONE missing= 0
2026-02-13T08:33:03.316+0000 7f5454fe6640 20 osd.1 pg_epoch: 21 pg[3.0( empty local-lis/les=20/21 n=0 ec=20/20 lis/c=20/0 les/c/f=21/0/0 sis=20) [1,0] r=0 lpr=20 crt=0'0 mlcod 0'0 active+undersized mbc={}] PeeringState::update_calc_stats degraded 0
