2026-02-13T08:33:15.155+0000 7f5454fe6640 10 osd.1 pg_epoch: 28 pg[2.0( empty local-lis/les=18/19 n=0 ec=15/15 lis/c=18/18 les/c/f=19/19/0 sis=18) [0,1] r=1 lpr=18 crt=0'0 active mbc={}] handle_advance_map: 29
2026-02-13T08:33:15.155+0000 7f5458fee640 10 osd.1 pg_epoch: 29 pg[1.0( empty local-lis/les=26/27 n=0 ec=10/10 lis/c=26/26 les/c/f=27/27/0 sis=26) [1] r=0 lpr=26 crt=0'0 mlcod 0'0 active+clean] scrubber: update_targets: config:periods:s:86400,d:604800,iv-ratio:0.5,deep-rand:0.2,on-inv:true job on entry:pg[1.0]:sh:1.0/sh,nb:2026-02-14T13:09:28.625,(periodic-regular,tr:2026-02-14T13:09:28.625),q:-,issue:ok/dp:1.0/dp,nb:2026-02-20T19:49:36.474,(periodic-regular,tr:2026-02-20T19:49:36.474),q:-,issue:ok
2026-02-13T08:33:15.155+0000 7f5454fe6640 20 osd.1:0.update_pg_epoch 2.0 28 -> 29
2026-02-13T08:33:15.155+0000 7f5458fee640 10 osd.1 scrub-job:pg[1.0]:adjust_shallow_schedule: at entry: shallow target:1.0/sh,nb:2026-02-14T13:09:28.625,(periodic-regular,tr:2026-02-14T13:09:28.625),q:-,issue:ok, conf:periods:s:86400,d:604800,iv-ratio:0.5,deep-rand:0.2,on-inv:true, last-stamp:2026-02-13T08:32:59.724
2026-02-13T08:33:15.155+0000 7f5458fee640 10 osd.1 scrub-job:pg[1.0]:adjust_shallow_schedule: adjusted: nb:2026-02-14T19:39:50.832 target:2026-02-14T19:39:50.832 (registered)
2026-02-13T08:33:15.155+0000 7f5454fe6640 10 osd.1 pg_epoch: 28 pg[2.0( empty local-lis/les=18/19 n=0 ec=15/15 lis/c=18/18 les/c/f=19/19/0 sis=18) [0,1] r=1 lpr=18 crt=0'0 active mbc={}] PeeringState::advance_map handle_advance_map [0,1]/[0,1] -- 0/0
2026-02-13T08:33:15.155+0000 7f5458fee640 10 osd.1 scrub-job:pg[1.0]:adjust_deep_schedule: at entry: deep target:1.0/dp,nb:2026-02-20T19:49:36.474,(periodic-regular,tr:2026-02-20T19:49:36.474),q:-,issue:ok, conf:periods:s:86400,d:604800,iv-ratio:0.5,deep-rand:0.2,on-inv:true, last-stamp:2026-02-13T08:32:59.724
2026-02-13T08:33:15.155+0000 7f5458fee640 20 osd.1 scrub-job:pg[1.0]:adjust_deep_schedule: deep scrubbing: next_delay=687843 (interval=604800, ratio=0.200), adjusted:2026-02-21T07:37:02.671
2026-02-13T08:33:15.155+0000 7f5458fee640 10 osd.1 scrub-job:pg[1.0]:adjust_deep_schedule: adjusted: nb:2026-02-21T07:37:02.671 target:2026-02-21T07:37:02.671 (registered)
2026-02-13T08:33:15.155+0000 7f5454fe6640 10 osd.1 pg_epoch: 29 pg[2.0( empty local-lis/les=18/19 n=0 ec=15/15 lis/c=18/18 les/c/f=19/19/0 sis=18) [0,1] r=1 lpr=18 crt=0'0 active mbc={}] state: Started advmap
2026-02-13T08:33:15.155+0000 7f5458fee640 10 osd.1 pg_epoch: 29 pg[1.0( empty local-lis/les=26/27 n=0 ec=10/10 lis/c=26/26 les/c/f=27/27/0 sis=26) [1] r=0 lpr=26 crt=0'0 mlcod 0'0 active+clean] scrubber: update_targets: adjusted:pg[1.0]:sh:1.0/sh,nb:2026-02-14T19:39:50.832,(periodic-regular,tr:2026-02-14T19:39:50.832),q:-,issue:ok/dp:1.0/dp,nb:2026-02-21T07:37:02.671,(periodic-regular,tr:2026-02-21T07:37:02.671),q:-,issue:ok
2026-02-13T08:33:15.155+0000 7f5454fe6640 10 osd.1 pg_epoch: 29 pg[2.0( empty local-lis/les=18/19 n=0 ec=15/15 lis/c=18/18 les/c/f=19/19/0 sis=18) [0,1] r=1 lpr=18 crt=0'0 active mbc={}] check_recovery_sources no source osds () went down
2026-02-13T08:33:15.155+0000 7f5458fee640 20 osd.1 pg_epoch: 29 pg[1.0( empty local-lis/les=26/27 n=0 ec=10/10 lis/c=26/26 les/c/f=27/27/0 sis=26) [1] r=0 lpr=26 crt=0'0 mlcod 0'0 active+clean] PeeringState::prepare_stats_for_publish reporting purged_snaps []
2026-02-13T08:33:15.155+0000 7f5458fee640 15 osd.1 pg_epoch: 29 pg[1.0( empty local-lis/les=26/27 n=0 ec=10/10 lis/c=26/26 les/c/f=27/27/0 sis=26) [1] r=0 lpr=26 crt=0'0 mlcod 0'0 active+clean] PeeringState::prepare_stats_for_publish publish_stats_to_osd 29:55
2026-02-13T08:33:15.155+0000 7f5458fee640 10 osd.1 pg_epoch: 29 pg[1.0( empty local-lis/les=26/27 n=0 ec=10/10 lis/c=26/26 les/c/f=27/27/0 sis=26) [1] r=0 lpr=26 crt=0'0 mlcod 0'0 active+clean] scrubber: update_scrub_job: job on exit:pg[1.0]:sh:1.0/sh,nb:2026-02-14T19:39:50.832,(periodic-regular,tr:2026-02-14T19:39:50.832),q:+,issue:ok/dp:1.0/dp,nb:2026-02-21T07:37:02.671,(periodic-regular,tr:2026-02-21T07:37:02.671),q:+,issue:ok
2026-02-13T08:33:15.155+0000 7f5458fee640 10 osd.1 pg_epoch: 29 pg[1.0( empty local-lis/les=26/27 n=0 ec=10/10 lis/c=26/26 les/c/f=27/27/0 sis=26) [1] r=0 lpr=26 crt=0'0 mlcod 0'0 active+clean] do_peering_event: epoch_sent: 29 epoch_requested: 29 MNotifyRec 1.0 from 0 notify: (query:29 sent:29 1.0( empty local-lis/les=13/14 n=0 ec=10/10 lis/c=13/13 les/c/f=14/14/0 sis=26 pruub=10.176049232s) ([13,25] all_participants={0, 1} intervals=[([13,25] acting={0, 1})])) features: 0x3f0ffffffffdffff +create_info
2026-02-13T08:33:15.155+0000 7f5458fee640 10 osd.1 pg_epoch: 29 pg[1.0( empty local-lis/les=26/27 n=0 ec=10/10 lis/c=26/26 les/c/f=27/27/0 sis=26) [1] r=0 lpr=26 crt=0'0 mlcod 0'0 active+clean] state: Active: got notify from 0, already purged that peer, ignoring
2026-02-13T08:33:15.155+0000 7f5454fe6640 20 osd.1 29 advance_pg new pool opts old pool opts
2026-02-13T08:33:15.155+0000 7f5458fee640 10 log is not dirty
2026-02-13T08:33:15.155+0000 7f5454fe6640 10 osd.1 pg_epoch: 29 pg[2.0( empty local-lis/les=18/19 n=0 ec=15/15 lis/c=18/18 les/c/f=19/19/0 sis=18) [0,1] r=1 lpr=18 crt=0'0 active mbc={}] handle_activate_map: epoch range: 29..29
2026-02-13T08:33:15.155+0000 7f5454fe6640 10 osd.1 pg_epoch: 29 pg[2.0( empty local-lis/les=18/19 n=0 ec=15/15 lis/c=18/18 les/c/f=19/19/0 sis=18) [0,1] r=1 lpr=18 crt=0'0 active mbc={}] PeeringState::activate_map
2026-02-13T08:33:15.155+0000 7f5454fe6640 20 osd.1 pg_epoch: 29 pg[2.0( empty local-lis/les=18/19 n=0 ec=15/15 lis/c=18/18 les/c/f=19/19/0 sis=18) [0,1] r=1 lpr=18 crt=0'0 active mbc={}] PeeringState::activate_map : Not dirtying info: last_persisted is 19 while current is 29
2026-02-13T08:33:15.155+0000 7f5454fe6640 10 log is not dirty
2026-02-13T08:33:15.155+0000 7f5458fee640 20 osd.1 op_wq(0) _process 1.0 to_process <> waiting <> waiting_peering {}
2026-02-13T08:33:15.155+0000 7f5454fe6640 10 osd.1 pg_epoch: 29 pg[2.0( empty local-lis/les=18/19 n=0 ec=15/15 lis/c=18/18 les/c/f=19/19/0 sis=18) [0,1] r=1 lpr=18 crt=0'0 active mbc={}] do_peering_event: epoch_sent: 29 epoch_requested: 29 NullEvt
2026-02-13T08:33:15.155+0000 7f5454fe6640 10 log is not dirty
2026-02-13T08:33:15.155+0000 7f5458fee640 20 osd.1 op_wq(0) _process OpSchedulerItem(1.0 PGPeeringEvent(epoch_sent: 29 epoch_requested: 29 NullEvt) class_id 2 prio 255 cost 10 e29) queued
2026-02-13T08:33:15.155+0000 7f5458fee640 20 osd.1 op_wq(0) _process 1.0 to_process waiting <> waiting_peering {}
2026-02-13T08:33:15.155+0000 7f5458fee640 20 osd.1 op_wq(0) _process OpSchedulerItem(1.0 PGPeeringEvent(epoch_sent: 29 epoch_requested: 29 NullEvt) class_id 2 prio 255 cost 10 e29) pg 0x5644a5b30000
2026-02-13T08:33:15.155+0000 7f5458fee640 10 osd.1 pg_epoch: 29 pg[1.0( empty local-lis/les=26/27 n=0 ec=10/10 lis/c=26/26 les/c/f=27/27/0 sis=26) [1] r=0 lpr=26 crt=0'0 mlcod 0'0 active+clean] do_peering_event: epoch_sent: 29 epoch_requested: 29 NullEvt
2026-02-13T08:33:15.155+0000 7f5458fee640 10 log is not dirty
2026-02-13T08:33:15.155+0000 7f5454fe6640 20 osd.1 op_wq(0) _process empty q, waiting
2026-02-13T08:33:15.155+0000 7f5458fee640 20 osd.1 op_wq(0) _process empty q, waiting
2026-02-13T08:33:15.269+0000 7f546579d640 10 monclient: tick
2026-02-13T08:33:15.269+0000 7f546579d640 10 monclient: _check_auth_tickets
2026-02-13T08:33:15.269+0000 7f546579d640 10 monclient: _check_auth_rotating renewing rotating keys (they expired before
2026-02-13T08:32:45.270215+0000)
2026-02-13T08:33:15.356+0000 7f547101e640 1 -- [v2:127.0.0.1:6812/1434334463,v1:127.0.0.1:6813/1434334463] <== osd.0 v2:127.0.0.1:6802/3513847230 46 ==== pg_query2(2.0 2.0 query(info 0'0 epoch_sent 30) e30/30) ==== 158+0+0 (crc 0 0 0) 0x5644a5bb4480 con 0x5644a510c800
2026-02-13T08:33:15.356+0000 7f547101e640 15 osd.1 29 enqueue_peering_evt 2.0 epoch_sent: 30 epoch_requested: 30 MQuery 2.0 from 0 query_epoch 30 query: query(info 0'0 epoch_sent 30)
2026-02-13T08:33:15.356+0000 7f547101e640 20 osd.1 op_wq(0) _enqueue OpSchedulerItem(2.0 PGPeeringEvent(epoch_sent: 30 epoch_requested: 30 MQuery 2.0 from 0 query_epoch 30 query: query(info 0'0 epoch_sent 30)) class_id 2 prio 255 cost 10 e30)
2026-02-13T08:33:15.356+0000 7f5458fee640 20 osd.1 op_wq(0) _process 2.0 to_process <> waiting <> waiting_peering {}
2026-02-13T08:33:15.356+0000 7f5458fee640 20 osd.1 op_wq(0) _process OpSchedulerItem(2.0 PGPeeringEvent(epoch_sent: 30 epoch_requested: 30 MQuery 2.0 from 0 query_epoch 30 query: query(info 0'0 epoch_sent 30)) class_id 2 prio 255 cost 10 e30) queued
2026-02-13T08:33:15.356+0000 7f5458fee640 20 osd.1 op_wq(0) _process 2.0 to_process waiting <> waiting_peering {}
2026-02-13T08:33:15.356+0000 7f5458fee640 20 osd.1 op_wq(0) _process OpSchedulerItem(2.0 PGPeeringEvent(epoch_sent: 30 epoch_requested: 30 MQuery 2.0 from 0 query_epoch 30 query: query(info 0'0 epoch_sent 30)) class_id 2 prio 255 cost 10 e30) pg 0x5644a5dc0000
2026-02-13T08:33:15.356+0000 7f5458fee640 20 osd.1 op_wq _add_slot_waiter 2.0 peering, item epoch is 30, will wait on OpSchedulerItem(2.0 PGPeeringEvent(epoch_sent: 30 epoch_requested: 30 MQuery 2.0 from 0 query_epoch 30 query: query(info 0'0 epoch_sent 30)) class_id 2 prio 255 cost 10 e30)
2026-02-13T08:33:15.356+0000 7f5458fee640 20 osd.1 op_wq(0) _process empty q, waiting
2026-02-13T08:33:15.356+0000 7f546479b640 1 -- [v2:127.0.0.1:6812/1434334463,v1:127.0.0.1:6813/1434334463] <== osd.0 v2:127.0.0.1:6802/3513847230 47 ==== osd_map(30..30 src has 1..30) ==== 618+0+0 (crc 0 0 0) 0x5644a536d200 con 0x5644a510c800
2026-02-13T08:33:15.356+0000 7f5454fe6640 20 osd.1 op_wq(0) _process empty q, waiting
2026-02-13T08:33:15.356+0000 7f546479b640 20 osd.1 29 OSD::ms_dispatch: osd_map(30..30 src has 1..30)
2026-02-13T08:33:15.356+0000 7f546479b640 20 osd.1 29 _dispatch 0x5644a536d200 osd_map(30..30 src has 1..30)
2026-02-13T08:33:15.356+0000 7f546479b640 3 osd.1 29 handle_osd_map epochs [30,30], i have 29, src has [1,30]
2026-02-13T08:33:15.356+0000 7f546479b640 10 osd.1 29 handle_osd_map got inc map for epoch 30
2026-02-13T08:33:15.356+0000 7f546479b640 20 osd.1 29 got_full_map 30, nothing requested
2026-02-13T08:33:15.356+0000 7f546479b640 20 osd.1 29 trim_maps: min=0 oldest_map=1
2026-02-13T08:33:15.356+0000 7f546479b640 20 osd.1 29 handle_osd_map pg_num_history pg_num_history(e30 pg_nums {1={10=1},2={15=1},3={20=1}} deleted_pools 25,3)
2026-02-13T08:33:15.356+0000 7f546479b640 10 snap_mapper record_purged_snaps purged_snaps {30={}}
2026-02-13T08:33:15.356+0000 7f546479b640 10 snap_mapper record_purged_snaps rm 0 keys, set 0 keys
2026-02-13T08:33:15.356+0000 7f546479b640 10 write_superblock sb(6c102e14-fefe-436b-9a1b-4612997a87b7 osd.1 1ebb59f4-5c21-46a0-b0ec-f8bdc0cbbc31 e30 maps [1~30] lci=[9,30] tlb=1)
2026-02-13T08:33:15.357+0000 7f5462801640 10 osd.1 29 _committed_osd_maps 30..30
2026-02-13T08:33:15.357+0000 7f5462801640 10 osd.1 29 advance to epoch 30 (<= last 30 <= newest_map 30)
2026-02-13T08:33:15.357+0000 7f5462801640 20 osd.1 30 consume_map version 30
2026-02-13T08:33:15.357+0000 7f5462801640 20 osd.1 29 await_reserved_maps epoch:30
2026-02-13T08:33:15.357+0000 7f5462801640 20 osd.1 29 await_reserved_maps done 0
2026-02-13T08:33:15.357+0000 7f5462801640 20 osd.1 30 consume_map 30 -- publish done
2026-02-13T08:33:15.357+0000 7f5462801640 20 osd.1:0.identify_splits_and_merges identify_splits_and_merges 2 slots
2026-02-13T08:33:15.357+0000 7f5462801640 20 osd.1:0.identify_splits_and_merges identify_splits_and_merges slot pgid:2.0slot:0x5644a5862580
2026-02-13T08:33:15.357+0000 7f5462801640 20 osd.1 30 identify_splits_and_merges 2.0 e29 to e30
2026-02-13T08:33:15.357+0000 7f5462801640 20 osd.1 30 identify_splits_and_merges 2.0 e29 to e30 pg_nums {15=1}
2026-02-13T08:33:15.357+0000 7f5462801640 20 osd.1:0.identify_splits_and_merges identify_splits_and_merges slot pgid:1.0slot:0x5644a5862160
2026-02-13T08:33:15.357+0000 7f5462801640 20 osd.1 30 identify_splits_and_merges 1.0 e29 to e30
2026-02-13T08:33:15.357+0000 7f5462801640 20 osd.1 30 identify_splits_and_merges 1.0 e29 to e30 pg_nums {10=1}
2026-02-13T08:33:15.357+0000 7f5462801640 20 osd.1:0.identify_splits_and_merges identify_splits_and_merges 0 splits, 0 merges
2026-02-13T08:33:15.357+0000 7f5462801640 20 osd.1:1.identify_splits_and_merges identify_splits_and_merges 0 slots
2026-02-13T08:33:15.357+0000 7f5462801640 20 osd.1:1.identify_splits_and_merges identify_splits_and_merges 0 splits, 0 merges
2026-02-13T08:33:15.357+0000 7f5462801640 20 osd.1:2.identify_splits_and_merges identify_splits_and_merges 0 slots
2026-02-13T08:33:15.357+0000 7f5462801640 20 osd.1:2.identify_splits_and_merges identify_splits_and_merges 0 splits, 0 merges
2026-02-13T08:33:15.357+0000 7f5462801640 20 osd.1:3.identify_splits_and_merges identify_splits_and_merges 0 slots
2026-02-13T08:33:15.357+0000 7f5462801640 20 osd.1:3.identify_splits_and_merges identify_splits_and_merges 0 splits, 0 merges
2026-02-13T08:33:15.357+0000 7f5462801640 20 osd.1:4.identify_splits_and_merges identify_splits_and_merges 0 slots
2026-02-13T08:33:15.357+0000 7f5462801640 20 osd.1:4.identify_splits_and_merges identify_splits_and_merges 0 splits, 0 merges
2026-02-13T08:33:15.357+0000 7f5462801640 20 osd.1:5.identify_splits_and_merges identify_splits_and_merges 0 slots
2026-02-13T08:33:15.357+0000 7f5462801640 20 osd.1:5.identify_splits_and_merges identify_splits_and_merges 0 splits, 0 merges
2026-02-13T08:33:15.357+0000 7f5462801640 20 osd.1:6.identify_splits_and_merges identify_splits_and_merges 0 slots
2026-02-13T08:33:15.357+0000 7f5462801640 20 osd.1:6.identify_splits_and_merges identify_splits_and_merges 0 splits, 0 merges
2026-02-13T08:33:15.357+0000 7f5462801640 20 osd.1:7.identify_splits_and_merges identify_splits_and_merges 0 slots
2026-02-13T08:33:15.357+0000 7f5462801640 20 osd.1:7.identify_splits_and_merges identify_splits_and_merges 0 splits, 0 merges
2026-02-13T08:33:15.357+0000 7f5462801640 20 osd.1 30 prune_pg_created
2026-02-13T08:33:15.357+0000 7f5462801640 10 osd.1:0.consume_map 30 (was 29)
2026-02-13T08:33:15.357+0000 7f5462801640 20 osd.1:0.consume_map consume_map 2.0
2026-02-13T08:33:15.357+0000 7f5462801640 20 osd.1:0.consume_map consume_map 2.0 pending_peering first epoch 30 <= 30, requeueing
2026-02-13T08:33:15.357+0000 7f5462801640 20 osd.1:0._wake_pg_slot _wake_pg_slot 2.0 to_process <> waiting <> waiting_peering {30=}
2026-02-13T08:33:15.357+0000 7f5462801640 20 osd.1:0.consume_map consume_map 1.0
2026-02-13T08:33:15.357+0000 7f5462801640 10 osd.1:1.consume_map 30 (was 29)
2026-02-13T08:33:15.357+0000 7f5462801640 10 osd.1:2.consume_map 30 (was 29)
2026-02-13T08:33:15.357+0000 7f5462801640 10 osd.1:3.consume_map 30 (was 29)
2026-02-13T08:33:15.357+0000 7f5462801640 10 osd.1:4.consume_map 30 (was 29)
2026-02-13T08:33:15.357+0000 7f5462801640 10 osd.1:5.consume_map 30 (was 29)
2026-02-13T08:33:15.357+0000 7f5462801640 10 osd.1:6.consume_map 30 (was 29)
2026-02-13T08:33:15.357+0000 7f5462801640 10 osd.1:7.consume_map 30 (was 29)
2026-02-13T08:33:15.357+0000 7f5462801640 10 osd.1 30 release_reserved_pushes(0), recovery_ops_reserved 0 -> 0
2026-02-13T08:33:15.357+0000 7f5458fee640 20 osd.1 op_wq(0) _process 2.0 to_process <> waiting <> waiting_peering {}
2026-02-13T08:33:15.357+0000 7f5458fee640 20 osd.1 op_wq(0) _process OpSchedulerItem(2.0 PGPeeringEvent(epoch_sent: 30 epoch_requested: 30 MQuery 2.0 from 0 query_epoch 30 query: query(info 0'0 epoch_sent 30)) class_id 2 prio 255 cost 10 e30) queued
2026-02-13T08:33:15.357+0000 7f5458fee640 20 osd.1 op_wq(0) _process 2.0 to_process waiting <> waiting_peering {}
2026-02-13T08:33:15.357+0000 7f5462801640 15 osd.1 30 enqueue_peering_evt 2.0 epoch_sent: 30 epoch_requested: 30 NullEvt
2026-02-13T08:33:15.357+0000 7f5458fee640 20 osd.1 op_wq(0) _process OpSchedulerItem(2.0 PGPeeringEvent(epoch_sent: 30 epoch_requested: 30 MQuery 2.0 from 0 query_epoch 30 query: query(info 0'0 epoch_sent 30)) class_id 2 prio 255 cost 10 e30) pg 0x5644a5dc0000
2026-02-13T08:33:15.357+0000 7f5462801640 20 osd.1 op_wq(0) _enqueue OpSchedulerItem(2.0 PGPeeringEvent(epoch_sent: 30 epoch_requested: 30 NullEvt) class_id 2 prio 255 cost 10 e30)
2026-02-13T08:33:15.357+0000 7f5462801640 15 osd.1 30 enqueue_peering_evt 1.0 epoch_sent: 30 epoch_requested: 30 NullEvt
2026-02-13T08:33:15.357+0000 7f5462801640 20 osd.1 op_wq(0) _enqueue OpSchedulerItem(1.0 PGPeeringEvent(epoch_sent: 30 epoch_requested: 30 NullEvt) class_id 2 prio 255 cost 10 e30)
2026-02-13T08:33:15.357+0000 7f5458fee640 10 osd.1 pg_epoch: 29 pg[2.0( empty local-lis/les=18/19 n=0 ec=15/15 lis/c=18/18 les/c/f=19/19/0 sis=18) [0,1] r=1 lpr=18 crt=0'0 active mbc={}] handle_advance_map: 30
2026-02-13T08:33:15.357+0000 7f5458fee640 20 osd.1:0.update_pg_epoch 2.0 29 -> 30
2026-02-13T08:33:15.357+0000 7f5462801640 7 osd.1 30 activate_map version 30
2026-02-13T08:33:15.357+0000 7f5458fee640 10 osd.1 pg_epoch: 29 pg[2.0( empty local-lis/les=18/19 n=0 ec=15/15 lis/c=18/18 les/c/f=19/19/0 sis=18) [0,1] r=1 lpr=18 crt=0'0 active mbc={}] PeeringState::advance_map handle_advance_map [0]/[0] -- 0/0
2026-02-13T08:33:15.357+0000 7f5458fee640 10 osd.1 pg_epoch: 30 pg[2.0( empty local-lis/les=18/19 n=0 ec=15/15 lis/c=18/18 les/c/f=19/19/0 sis=18) [0,1] r=1 lpr=18 crt=0'0 active mbc={}] state: Started advmap
2026-02-13T08:33:15.357+0000 7f5458fee640 20 osd.1 pg_epoch: 30 pg[2.0( empty local-lis/les=18/19 n=0 ec=15/15 lis/c=18/18 les/c/f=19/19/0 sis=18) [0,1] r=1 lpr=18 crt=0'0 active mbc={}] PeeringState::should_restart_peering new interval newup [0] newacting [0]
2026-02-13T08:33:15.357+0000 7f5458fee640 10 osd.1 pg_epoch: 30 pg[2.0( empty local-lis/les=18/19 n=0 ec=15/15 lis/c=18/18 les/c/f=19/19/0 sis=18) [0,1] r=1 lpr=18 crt=0'0 active mbc={}] state: should_restart_peering, transitioning to Reset
2026-02-13T08:33:15.357+0000 7f5454fe6640 20 osd.1 op_wq(0) _process 2.0 to_process <> waiting <> waiting_peering {}
2026-02-13T08:33:15.357+0000 7f54597ef640 20 osd.1 30 agent_entry empty queue
2026-02-13T08:33:15.357+0000 7f5454fe6640 20 osd.1 op_wq(0) _process OpSchedulerItem(2.0 PGPeeringEvent(epoch_sent: 30 epoch_requested: 30 NullEvt) class_id 2 prio 255 cost 10 e30) queued
2026-02-13T08:33:15.357+0000 7f5458fee640 5 osd.1 pg_epoch: 30 pg[2.0( empty local-lis/les=18/19 n=0 ec=15/15 lis/c=18/18 les/c/f=19/19/0 sis=18) [0,1] r=1 lpr=18 crt=0'0 active mbc={}] exit Started/ReplicaActive/RepNotRecovering 12.640385 34 0.000209
2026-02-13T08:33:15.357+0000 7f5458fee640 5 osd.1 pg_epoch: 30 pg[2.0( empty local-lis/les=18/19 n=0 ec=15/15 lis/c=18/18 les/c/f=19/19/0 sis=18) [0,1] r=1 lpr=18 crt=0'0 active mbc={}] exit Started/ReplicaActive 12.640390 0 0.000000
2026-02-13T08:33:15.357+0000 7f5458fee640 10 cancel_reservation cancel 2.0 (not found)
2026-02-13T08:33:15.357+0000 7f5458fee640 20 do_queues: { "max_allowed": 1, "min_priority": 0, "queues": [], "in_progress": [] }
2026-02-13T08:33:15.357+0000 7f5458fee640 5 osd.1 pg_epoch: 30 pg[2.0( empty local-lis/les=18/19 n=0 ec=15/15 lis/c=18/18 les/c/f=19/19/0 sis=18) [0,1] r=1 lpr=18 crt=0'0 active mbc={}] exit Started 12.742823 0 0.000000
2026-02-13T08:33:15.357+0000 7f5458fee640 5 osd.1 pg_epoch: 30 pg[2.0( empty local-lis/les=18/19 n=0 ec=15/15 lis/c=18/18 les/c/f=19/19/0 sis=18) [0,1] r=1 lpr=18 crt=0'0 active mbc={}] enter Reset
2026-02-13T08:33:15.357+0000 7f5458fee640 20 osd.1 pg_epoch: 30 pg[2.0( empty local-lis/les=18/19 n=0 ec=15/15 lis/c=18/18 les/c/f=19/19/0 sis=18) [0,1] r=1 lpr=18 crt=0'0 active mbc={}] PeeringState::set_last_peering_reset set_last_peering_reset 30
2026-02-13T08:33:15.357+0000 7f5458fee640 10 osd.1 pg_epoch: 30 pg[2.0( empty local-lis/les=18/19 n=0 ec=15/15 lis/c=18/18 les/c/f=19/19/0 sis=18) [0,1] r=1 lpr=30 crt=0'0 active mbc={}] PeeringState::set_last_peering_reset Clearing blocked outgoing recovery messages
2026-02-13T08:33:15.357+0000 7f5458fee640 10 osd.1 pg_epoch: 30 pg[2.0( empty local-lis/les=18/19 n=0 ec=15/15 lis/c=18/18 les/c/f=19/19/0 sis=18) [0,1] r=1 lpr=30 crt=0'0 active mbc={}] PeeringState::set_last_peering_reset Not blocking outgoing recovery messages
2026-02-13T08:33:15.357+0000 7f5458fee640 10 osd.1 pg_epoch: 30 pg[2.0( empty local-lis/les=18/19 n=0 ec=15/15 lis/c=18/18 les/c/f=19/19/0 sis=18) [0,1] r=1 lpr=30 crt=0'0 active mbc={}] state: Reset advmap
2026-02-13T08:33:15.357+0000 7f5458fee640 20 osd.1 pg_epoch: 30 pg[2.0( empty local-lis/les=18/19 n=0 ec=15/15 lis/c=18/18 les/c/f=19/19/0 sis=18) [0,1] r=1 lpr=30 crt=0'0 active mbc={}] PeeringState::should_restart_peering new interval newup [0] newacting [0]
2026-02-13T08:33:15.357+0000 7f5458fee640 10 osd.1 pg_epoch: 30 pg[2.0( empty local-lis/les=18/19 n=0 ec=15/15 lis/c=18/18 les/c/f=19/19/0 sis=18) [0,1] r=1 lpr=30 crt=0'0 active mbc={}] state: should restart peering, calling start_peering_interval again
2026-02-13T08:33:15.357+0000 7f5458fee640 20 osd.1 pg_epoch: 30 pg[2.0( empty local-lis/les=18/19 n=0 ec=15/15 lis/c=18/18 les/c/f=19/19/0 sis=18) [0,1] r=1 lpr=30 crt=0'0 active mbc={}] PeeringState::set_last_peering_reset set_last_peering_reset 30
2026-02-13T08:33:15.357+0000 7f5458fee640 15 osd.1 pg_epoch: 30 pg[2.0( empty local-lis/les=18/19 n=0 ec=15/15 lis/c=18/18 les/c/f=19/19/0 sis=18) [0] r=1 lpr=30 crt=0'0 active mbc={}] clear_stats
2026-02-13T08:33:15.357+0000 7f5458fee640 10 osd.1 pg_epoch: 30 pg[2.0( empty local-lis/les=18/19 n=0 ec=15/15 lis/c=18/18 les/c/f=19/19/0 sis=18) [0] r=-1 lpr=30 pi=[18,30)/1 crt=0'0 active mbc={}] PeeringState::start_peering_interval : check_new_interval output: check_new_interval interval(18-29 up [0, 1](0) acting [0, 1](0)) up_thru 18 up_from 5 last_epoch_clean 19 interval(18-29 up [0, 1](0) acting [0, 1](0) maybe_went_rw) : primary up 5-18 includes interval
2026-02-13T08:33:15.357+0000 7f5458fee640 10 osd.1 pg_epoch: 30 pg[2.0( empty local-lis/les=18/19 n=0 ec=15/15 lis/c=18/18 les/c/f=19/19/0 sis=18) [0] r=-1 lpr=30 pi=[18,30)/1 crt=0'0 active mbc={}] PeeringState::start_peering_interval noting past ([18,29] all_participants={0, 1} intervals=[([18,29] acting={0, 1})])
2026-02-13T08:33:15.357+0000 7f5458fee640 20 osd.1 pg_epoch: 30 pg[2.0( empty local-lis/les=18/19 n=0 ec=15/15 lis/c=18/18 les/c/f=19/19/0 sis=30) [0] r=-1 lpr=30 pi=[18,30)/1 crt=0'0 active mbc={}] PeeringState::on_new_interval
2026-02-13T08:33:15.357+0000 7f5458fee640 20 osd.1 pg_epoch: 30 pg[2.0( empty local-lis/les=18/19 n=0 ec=15/15 lis/c=18/18 les/c/f=19/19/0 sis=30) [0] r=-1 lpr=30 pi=[18,30)/1 crt=0'0 active mbc={}] PeeringState::on_new_interval upacting_features 0x3f0ffffffffdffff from [0]+[0]
2026-02-13T08:33:15.357+0000 7f5458fee640 20 osd.1 pg_epoch: 30 pg[2.0( empty local-lis/les=18/19 n=0 ec=15/15 lis/c=18/18 les/c/f=19/19/0 sis=30) [0] r=-1 lpr=30 pi=[18,30)/1 crt=0'0 active mbc={}] PeeringState::on_new_interval checking missing set deletes flag. missing = missing(0 may_include_deletes = 1)
2026-02-13T08:33:15.357+0000 7f5458fee640 10 osd.1 pg_epoch: 30 pg[2.0( empty local-lis/les=18/19 n=0 ec=15/15 lis/c=18/18 les/c/f=19/19/0 sis=30) [0] r=-1 lpr=30 pi=[18,30)/1 crt=0'0 active mbc={}] PeeringState::init_hb_stamps now []
2026-02-13T08:33:15.357+0000 7f5458fee640 10 osd.1 pg_epoch: 30 pg[2.0( empty local-lis/les=18/19 n=0 ec=15/15 lis/c=18/18 les/c/f=19/19/0 sis=30 pruub=11.359964371s) [0] r=-1 lpr=30 pi=[18,30)/1 crt=0'0 active pruub 28.451271057s@ mbc={}] PeeringState::on_new_interval prior_readable_until_ub 28.451271057s (mnow 17.091306686s + 11.359964371s)
2026-02-13T08:33:15.357+0000 7f5458fee640 10 osd.1 pg_epoch: 30 pg[2.0( empty local-lis/les=18/19 n=0 ec=15/15 lis/c=18/18 les/c/f=19/19/0 sis=30 pruub=11.359964371s) [0] r=-1 lpr=30 pi=[18,30)/1 crt=0'0 active pruub 28.451271057s@ mbc={}] cancel_recovery
2026-02-13T08:33:15.357+0000 7f5458fee640 10 osd.1 pg_epoch: 30 pg[2.0( empty local-lis/les=18/19 n=0 ec=15/15 lis/c=18/18 les/c/f=19/19/0 sis=30 pruub=11.359964371s) [0] r=-1 lpr=30 pi=[18,30)/1 crt=0'0 active pruub 28.451271057s@ mbc={}] clear_recovery_state
2026-02-13T08:33:15.357+0000 7f5458fee640 15 osd.1 pg_epoch: 30 pg[2.0( empty local-lis/les=18/19 n=0 ec=15/15 lis/c=18/18 les/c/f=19/19/0 sis=30 pruub=11.359964371s) [0] r=-1 lpr=30 pi=[18,30)/1 crt=0'0 active pruub 28.451271057s@ mbc={}] _clear_recovery_state
2026-02-13T08:33:15.357+0000 7f5458fee640 10 osd.1 pg_epoch: 30 pg[2.0( empty local-lis/les=18/19 n=0 ec=15/15 lis/c=18/18 les/c/f=19/19/0 sis=30 pruub=11.359964371s) [0] r=-1 lpr=30 pi=[18,30)/1 crt=0'0 active pruub 28.451271057s@ mbc={}] scrubber: on_new_interval: current role:Replica/other active?false q/a:false
2026-02-13T08:33:15.357+0000 7f5458fee640 20 scrubberFSM event: --vvvv---- IntervalChanged
2026-02-13T08:33:15.357+0000 7f5458fee640 20 osd.1 pg_epoch: 30 pg[2.0( empty local-lis/les=18/19 n=0 ec=15/15 lis/c=18/18 les/c/f=19/19/0 sis=30 pruub=11.359964371s) [0] r=-1 lpr=30 pi=[18,30)/1 crt=0'0 active pruub 28.451271057s@ mbc={}] scrubber: FSM: ReplicaActive::exit()
2026-02-13T08:33:15.357+0000 7f5458fee640 10 osd.1 pg_epoch: 30 pg[2.0( empty local-lis/les=18/19 n=0 ec=15/15 lis/c=18/18 les/c/f=19/19/0 sis=30 pruub=11.359964371s) [0] r=-1 lpr=30 pi=[18,30)/1 crt=0'0 active pruub 28.451271057s@ mbc={}] scrubber: FSM: ReplicaActive::clear_remote_reservation(): pending_reservation_nonce 0, reservation_granted false
2026-02-13T08:33:15.357+0000 7f5458fee640 10 osd.1 pg_epoch: 30 pg[2.0( empty local-lis/les=18/19 n=0 ec=15/15 lis/c=18/18 les/c/f=19/19/0 sis=30 pruub=11.359964371s) [0] r=-1 lpr=30 pi=[18,30)/1 crt=0'0 active pruub 28.451271057s@ mbc={}] scrubber: FSM: -- state -->> NotActive
2026-02-13T08:33:15.357+0000 7f5458fee640 20 scrubberFSM event: --^^^^---- IntervalChanged
2026-02-13T08:33:15.357+0000 7f5458fee640 1 osd.1 pg_epoch: 30 pg[2.0( empty local-lis/les=18/19 n=0 ec=15/15 lis/c=18/18 les/c/f=19/19/0 sis=30 pruub=11.359964371s) [0] r=-1 lpr=30 pi=[18,30)/1 crt=0'0 active pruub 28.451271057s@ mbc={}] PeeringState::start_peering_interval up [0,1] -> [0], acting [0,1] -> [0], acting_primary 0 -> 0, up_primary 0 -> 0, role 1 -> -1, features acting 4544132024016699391 upacting 4544132024016699391
2026-02-13T08:33:15.357+0000 7f5458fee640 10 osd.1 pg_epoch: 30 pg[2.0( empty local-lis/les=18/19 n=0 ec=15/15 lis/c=18/18 les/c/f=19/19/0 sis=30 pruub=11.359964371s) [0] r=-1 lpr=30 pi=[18,30)/1 crt=0'0 unknown pruub 28.451271057s@ mbc={}] PeeringState::clear_primary_state clear_primary_state
2026-02-13T08:33:15.357+0000 7f5458fee640 20 osd.1 pg_epoch: 30 pg[2.0( empty local-lis/les=18/19 n=0 ec=15/15 lis/c=18/18 les/c/f=19/19/0 sis=30 pruub=11.359964371s) [0] r=-1 lpr=30 pi=[18,30)/1 crt=0'0 unknown pruub 28.451271057s@ mbc={}] clear_primary_state
2026-02-13T08:33:15.357+0000 7f5458fee640 10 osd.1 pg_epoch: 30 pg[2.0( empty local-lis/les=18/19 n=0 ec=15/15 lis/c=18/18 les/c/f=19/19/0 sis=30 pruub=11.359964371s) [0] r=-1 lpr=30 pi=[18,30)/1 crt=0'0 unknown pruub 28.451271057s@ mbc={}] release_backoffs [2:00000000::::0,MAX)
2026-02-13T08:33:15.357+0000 7f5458fee640 10 osd.1 pg_epoch: 30 pg[2.0( empty local-lis/les=18/19 n=0 ec=15/15 lis/c=18/18 les/c/f=19/19/0 sis=30 pruub=11.359964371s) [0] r=-1 lpr=30 pi=[18,30)/1 crt=0'0 unknown pruub 28.451271057s@ mbc={}] scrubber: on_new_interval: current role:Replica/other active?false q/a:false
2026-02-13T08:33:15.357+0000 7f5458fee640 20 scrubberFSM event: --vvvv---- IntervalChanged
2026-02-13T08:33:15.357+0000 7f5458fee640 20 scrubberFSM event: --^^^^---- IntervalChanged
2026-02-13T08:33:15.357+0000 7f5458fee640 20 osd.1 pg_epoch: 30 pg[2.0( empty local-lis/les=18/19 n=0 ec=15/15 lis/c=18/18 les/c/f=19/19/0 sis=30 pruub=11.359964371s) [0] r=-1 lpr=30 pi=[18,30)/1 crt=0'0 unknown pruub 28.451271057s@ mbc={}] agent_stop
2026-02-13T08:33:15.357+0000 7f5458fee640 10 osd.1 pg_epoch: 30 pg[2.0( empty local-lis/les=18/19 n=0 ec=15/15 lis/c=18/18 les/c/f=19/19/0 sis=30 pruub=11.359964371s) [0] r=-1 lpr=30 pi=[18,30)/1 crt=0'0 unknown pruub 28.451271057s@ mbc={}] on_change
2026-02-13T08:33:15.357+0000 7f5458fee640 10 osd.1 pg_epoch: 30 pg[2.0( empty local-lis/les=18/19 n=0 ec=15/15 lis/c=18/18 les/c/f=19/19/0 sis=30 pruub=11.359964371s) [0] r=-1 lpr=30 pi=[18,30)/1 crt=0'0 unknown pruub 28.451271057s@ mbc={}] cancel_copy_ops
2026-02-13T08:33:15.357+0000 7f5458fee640 10 osd.1 pg_epoch: 30 pg[2.0( empty local-lis/les=18/19 n=0 ec=15/15 lis/c=18/18 les/c/f=19/19/0 sis=30 pruub=11.359964371s) [0] r=-1 lpr=30 pi=[18,30)/1 crt=0'0 unknown pruub 28.451271057s@ mbc={}] cancel_flush_ops
2026-02-13T08:33:15.357+0000 7f5458fee640 10 osd.1 pg_epoch: 30 pg[2.0( empty local-lis/les=18/19 n=0 ec=15/15 lis/c=18/18 les/c/f=19/19/0 sis=30 pruub=11.359964371s) [0] r=-1 lpr=30 pi=[18,30)/1 crt=0'0 unknown pruub 28.451271057s@ mbc={}] cancel_proxy_ops
2026-02-13T08:33:15.357+0000 7f5458fee640 10 osd.1 pg_epoch: 30 pg[2.0( empty local-lis/les=18/19 n=0 ec=15/15 lis/c=18/18 les/c/f=19/19/0 sis=30 pruub=11.359964371s) [0] r=-1 lpr=30 pi=[18,30)/1 crt=0'0 unknown pruub 28.451271057s@ mbc={}] cancel_manifest_ops
2026-02-13T08:33:15.357+0000 7f5458fee640 10 osd.1 pg_epoch: 30 pg[2.0( empty local-lis/les=18/19 n=0 ec=15/15 lis/c=18/18 les/c/f=19/19/0 sis=30 pruub=11.359964371s) [0] r=-1 lpr=30 pi=[18,30)/1 crt=0'0 unknown pruub 28.451271057s@ mbc={}] cancel_cls_gather_ops
2026-02-13T08:33:15.357+0000 7f5458fee640 10 osd.1 pg_epoch: 30 pg[2.0( empty local-lis/les=18/19 n=0 ec=15/15 lis/c=18/18 les/c/f=19/19/0 sis=30 pruub=11.359964371s) [0] r=-1 lpr=30 pi=[18,30)/1 crt=0'0 unknown pruub 28.451271057s@ mbc={}] on_change_cleanup
2026-02-13T08:33:15.357+0000 7f5458fee640 10 osd.1 pg_epoch: 30 pg[2.0( empty local-lis/les=18/19 n=0 ec=15/15 lis/c=18/18 les/c/f=19/19/0 sis=30 pruub=11.359964371s) [0] r=-1 lpr=30 pi=[18,30)/1 crt=0'0 unknown pruub 28.451271057s@ mbc={}] on_change
2026-02-13T08:33:15.357+0000 7f5458fee640 20 osd.1 pg_epoch: 30 pg[2.0( empty local-lis/les=18/19 n=0 ec=15/15 lis/c=18/18 les/c/f=19/19/0 sis=30 pruub=11.359964371s) [0] r=-1 lpr=30 pi=[18,30)/1 crt=0'0 unknown pruub 28.451271057s@ mbc={}] exit NotTrimming
2026-02-13T08:33:15.357+0000 7f5458fee640 20 osd.1 pg_epoch: 30 pg[2.0( empty local-lis/les=18/19 n=0 ec=15/15 lis/c=18/18 les/c/f=19/19/0 sis=30 pruub=11.359964371s) [0] r=-1 lpr=30 pi=[18,30)/1 crt=0'0 unknown pruub 28.451271057s@ mbc={}] enter NotTrimming
2026-02-13T08:33:15.357+0000 7f5458fee640 10 osd.1 pg_epoch: 30 pg[2.0( empty local-lis/les=18/19 n=0 ec=15/15 lis/c=18/18 les/c/f=19/19/0 sis=30 pruub=11.359964371s) [0] r=-1 lpr=30 pi=[18,30)/1 crt=0'0 unknown NOTIFY pruub 28.451271057s@ mbc={}] plpg_on_role_change
2026-02-13T08:33:15.357+0000 7f5458fee640 10 osd.1 pg_epoch: 30 pg[2.0( empty local-lis/les=18/19 n=0 ec=15/15 lis/c=18/18 les/c/f=19/19/0 sis=30 pruub=11.359964371s) [0] r=-1 lpr=30 pi=[18,30)/1 crt=0'0 unknown NOTIFY pruub 28.451271057s@ mbc={}] check_recovery_sources no source osds () went down
2026-02-13T08:33:15.357+0000 7f5458fee640 10 osd.1 pg_epoch: 30 pg[2.0( empty local-lis/les=18/19 n=0 ec=15/15 lis/c=18/18 les/c/f=19/19/0 sis=30 pruub=11.359964371s) [0] r=-1 lpr=30 pi=[18,30)/1 crt=0'0 unknown NOTIFY pruub 28.451271057s@ mbc={}] plpg_on_pool_change
2026-02-13T08:33:15.357+0000 7f5458fee640 20 osd.1 pg_epoch: 30 pg[2.0( empty local-lis/les=18/19 n=0 ec=15/15 lis/c=18/18 les/c/f=19/19/0 sis=30 pruub=11.359964371s) [0] r=-1 lpr=30 pi=[18,30)/1 crt=0'0 unknown NOTIFY pruub 28.451271057s@ mbc={}] hit_set_clear
2026-02-13T08:33:15.357+0000 7f5458fee640 20 osd.1 pg_epoch: 30 pg[2.0( empty local-lis/les=18/19 n=0 ec=15/15 lis/c=18/18 les/c/f=19/19/0 sis=30 pruub=11.359964371s) [0] r=-1 lpr=30 pi=[18,30)/1 crt=0'0 unknown NOTIFY pruub 28.451271057s@ mbc={}] agent_stop
2026-02-13T08:33:15.357+0000 7f5458fee640 20 osd.1 30 advance_pg new pool opts old pool opts
2026-02-13T08:33:15.357+0000 7f5458fee640 10 osd.1 pg_epoch: 30 pg[2.0( empty local-lis/les=18/19 n=0 ec=15/15 lis/c=18/18 les/c/f=19/19/0 sis=30 pruub=11.359964371s) [0] r=-1 lpr=30 pi=[18,30)/1 crt=0'0 unknown NOTIFY pruub 28.451271057s@ mbc={}] handle_activate_map: epoch range: 30..30
2026-02-13T08:33:15.357+0000 7f5458fee640 10 osd.1 pg_epoch: 30 pg[2.0( empty local-lis/les=18/19 n=0 ec=15/15 lis/c=18/18 les/c/f=19/19/0 sis=30 pruub=11.359964371s) [0] r=-1 lpr=30 pi=[18,30)/1 crt=0'0 unknown NOTIFY pruub 28.451271057s@ mbc={}] PeeringState::activate_map
2026-02-13T08:33:15.357+0000 7f5458fee640 5 osd.1 pg_epoch: 30 pg[2.0( empty local-lis/les=18/19 n=0 ec=15/15 lis/c=18/18 les/c/f=19/19/0 sis=30 pruub=11.359920502s) [0] r=-1 lpr=30 pi=[18,30)/1 crt=0'0 unknown NOTIFY pruub 28.451271057s@ mbc={}] exit Reset 0.000072 1 0.000072
2026-02-13T08:33:15.357+0000 7f5458fee640 5 osd.1 pg_epoch: 30 pg[2.0( empty local-lis/les=18/19 n=0 ec=15/15 lis/c=18/18 les/c/f=19/19/0 sis=30 pruub=11.359920502s) [0] r=-1 lpr=30 pi=[18,30)/1 crt=0'0 unknown NOTIFY pruub 28.451271057s@ mbc={}] enter Started
2026-02-13T08:33:15.357+0000 7f5458fee640 5 osd.1 pg_epoch: 30 pg[2.0( empty local-lis/les=18/19 n=0 ec=15/15 lis/c=18/18 les/c/f=19/19/0 sis=30 pruub=11.359920502s) [0] r=-1 lpr=30 pi=[18,30)/1 crt=0'0 unknown NOTIFY pruub 28.451271057s@ mbc={}] enter Start
2026-02-13T08:33:15.357+0000 7f5458fee640 1 osd.1 pg_epoch: 30 pg[2.0( empty local-lis/les=18/19 n=0 ec=15/15 lis/c=18/18 les/c/f=19/19/0 sis=30 pruub=11.359920502s) [0] r=-1 lpr=30 pi=[18,30)/1 crt=0'0 unknown NOTIFY pruub 28.451271057s@ mbc={}] state: transitioning to Stray
2026-02-13T08:33:15.357+0000 7f5458fee640 5 osd.1 pg_epoch: 30 pg[2.0( empty local-lis/les=18/19 n=0 ec=15/15 lis/c=18/18 les/c/f=19/19/0 sis=30 pruub=11.359920502s) [0] r=-1 lpr=30 pi=[18,30)/1 crt=0'0 unknown NOTIFY pruub 28.451271057s@ mbc={}] exit Start 0.000002 0 0.000000
2026-02-13T08:33:15.357+0000 7f5458fee640 5 osd.1 pg_epoch: 30 pg[2.0( empty local-lis/les=18/19 n=0 ec=15/15 lis/c=18/18 les/c/f=19/19/0 sis=30 pruub=11.359920502s) [0] r=-1 lpr=30 pi=[18,30)/1 crt=0'0 unknown NOTIFY pruub 28.451271057s@ mbc={}] enter Started/Stray
2026-02-13T08:33:15.357+0000 7f5458fee640 20 osd.1 pg_epoch: 30 pg[2.0( empty local-lis/les=18/19 n=0 ec=15/15 lis/c=18/18 les/c/f=19/19/0 sis=30 pruub=11.359920502s) [0] r=-1 lpr=30 pi=[18,30)/1 crt=0'0 unknown NOTIFY pruub 28.451271057s@ mbc={}] PeeringState::activate_map : Not dirtying info: last_persisted is 19 while current is 30
2026-02-13T08:33:15.357+0000 7f5458fee640 10 log is not dirty
2026-02-13T08:33:15.357+0000 7f5458fee640 10 osd.1 pg_epoch: 30 pg[2.0( empty local-lis/les=18/19 n=0 ec=15/15 lis/c=18/18 les/c/f=19/19/0 sis=30 pruub=11.359920502s) [0] r=-1 lpr=30 pi=[18,30)/1 crt=0'0 unknown NOTIFY pruub 28.451271057s@ mbc={}] on_scrub_schedule_input_change: inactive, non-primary - or already scrubbing
2026-02-13T08:33:15.357+0000 7f5458fee640 10 osd.1 pg_epoch: 30 pg[2.0( empty local-lis/les=18/19 n=0 ec=15/15 lis/c=18/18 les/c/f=19/19/0 sis=30 pruub=11.359920502s) [0] r=-1 lpr=30 pi=[18,30)/1 crt=0'0 unknown NOTIFY pruub 28.451271057s@ mbc={}] do_peering_event: epoch_sent: 30 epoch_requested: 30 MQuery 2.0 from 0 query_epoch 30 query: query(info 0'0 epoch_sent 30)
2026-02-13T08:33:15.357+0000 7f5458fee640 10 osd.1 pg_epoch: 30 pg[2.0( empty local-lis/les=18/19 n=0 ec=15/15 lis/c=18/18 les/c/f=19/19/0 sis=30 pruub=11.359892845s) [0] r=-1 lpr=30 pi=[18,30)/1 crt=0'0 unknown NOTIFY pruub 28.451271057s@ mbc={}] PeeringState::fulfill_info sending info
2026-02-13T08:33:15.357+0000 7f5458fee640 10 log is not dirty
2026-02-13T08:33:15.357+0000 7f5458fee640 20 osd.1 30 get_con_osd_cluster to osd.0 from_epoch 30
2026-02-13T08:33:15.357+0000 7f5458fee640 20 osd.1 30 get_nextmap_reserved map_reservations: {30=1}
2026-02-13T08:33:15.357+0000 7f5458fee640 20 osd.1 30 release_map epoch: 30
2026-02-13T08:33:15.357+0000 7f5458fee640 10 osd.1 30 maybe_share_map: con v2:127.0.0.1:6802/3513847230 map epoch 26 -> 30 (shared)
2026-02-13T08:33:15.357+0000 7f5458fee640 10 osd.1 30 send_incremental_map epoch range: (27, 30] to v2:127.0.0.1:6802/3513847230
2026-02-13T08:33:15.357+0000 7f5458fee640 10 osd.1 30 add_map_inc_bl 27 582 bytes
2026-02-13T08:33:15.357+0000 7f5458fee640 10 osd.1 30 add_map_inc_bl 28 590 bytes
2026-02-13T08:33:15.357+0000 7f5458fee640 10 osd.1 30 add_map_inc_bl 29 590 bytes
2026-02-13T08:33:15.357+0000 7f5458fee640 10 osd.1 30 add_map_inc_bl 30 574 bytes
2026-02-13T08:33:15.357+0000 7f5458fee640 1 -- [v2:127.0.0.1:6812/1434334463,v1:127.0.0.1:6813/1434334463] --> [v2:127.0.0.1:6802/3513847230,v1:127.0.0.1:6803/3513847230] -- osd_map(27..30 src has 1..30) -- 0x5644a5de3e00 con 0x5644a510c800
2026-02-13T08:33:15.357+0000 7f5458fee640 1 -- [v2:127.0.0.1:6812/1434334463,v1:127.0.0.1:6813/1434334463] --> [v2:127.0.0.1:6802/3513847230,v1:127.0.0.1:6803/3513847230] -- pg_notify2(2.0 2.0 (query:30 sent:30 2.0( empty local-lis/les=18/19 n=0 ec=15/15 lis/c=18/18 les/c/f=19/19/0 sis=30 pruub=11.359920502s) ([18,29] all_participants={0, 1} intervals=[([18,29] acting={0, 1})])) e30/30) -- 0x5644a5e9e000 con 0x5644a510c800
2026-02-13T08:33:15.357+0000 7f5458fee640 1 -- [v2:127.0.0.1:6812/1434334463,v1:127.0.0.1:6813/1434334463] --> [v2:127.0.0.1:6802/3513847230,v1:127.0.0.1:6803/3513847230] -- pg_notify2(2.0 2.0 (query:30 sent:30 2.0( empty local-lis/les=18/19 n=0 ec=15/15 lis/c=18/18 les/c/f=19/19/0 sis=30 pruub=11.359892845s) ([18,29] all_participants={0, 1} intervals=[([18,29] acting={0, 1})])) e30/30) -- 0x5644a5e9e700 con 0x5644a510c800
2026-02-13T08:33:15.357+0000 7f5458fee640 20 osd.1 op_wq(0) _process 1.0 to_process <> waiting <> waiting_peering {}
2026-02-13T08:33:15.357+0000 7f5458fee640 20 osd.1 op_wq(0) _process OpSchedulerItem(1.0 PGPeeringEvent(epoch_sent: 30 epoch_requested: 30 NullEvt) class_id 2 prio 255 cost 10 e30) queued
2026-02-13T08:33:15.357+0000 7f5458fee640 20 osd.1 op_wq(0) _process 1.0 to_process waiting <> waiting_peering {}
2026-02-13T08:33:15.357+0000 7f5458fee640 20 osd.1 op_wq(0) _process OpSchedulerItem(1.0 PGPeeringEvent(epoch_sent: 30 epoch_requested: 30 NullEvt) class_id 2 prio 255 cost 10 e30) pg 0x5644a5b30000
2026-02-13T08:33:15.357+0000 7f5454fe6640 20 osd.1 op_wq(0) _process 2.0 to_process waiting <> waiting_peering {}
2026-02-13T08:33:15.357+0000 7f5454fe6640 20 osd.1 op_wq(0) _process OpSchedulerItem(2.0 PGPeeringEvent(epoch_sent: 30 epoch_requested: 30 NullEvt) class_id 2 prio 255 cost 10 e30) pg 0x5644a5dc0000
2026-02-13T08:33:15.357+0000 7f5458fee640 10 osd.1 pg_epoch: 29 pg[1.0( empty local-lis/les=26/27 n=0 ec=10/10 lis/c=26/26 les/c/f=27/27/0 sis=26) [1] r=0 lpr=26 crt=0'0 mlcod 0'0 active+clean] handle_advance_map: 30
2026-02-13T08:33:15.357+0000 7f5458fee640 20 osd.1:0.update_pg_epoch 1.0 29 -> 30
2026-02-13T08:33:15.357+0000 7f5458fee640 10 osd.1 pg_epoch: 29 pg[1.0( empty local-lis/les=26/27 n=0 ec=10/10 lis/c=26/26 les/c/f=27/27/0 sis=26) [1] r=0 lpr=26 crt=0'0 mlcod 0'0 active+clean] PeeringState::advance_map handle_advance_map [1]/[1] -- 1/1
2026-02-13T08:33:15.357+0000 7f5454fe6640 10 osd.1 pg_epoch: 30 pg[2.0( empty local-lis/les=18/19 n=0 ec=15/15 lis/c=18/18 les/c/f=19/19/0 sis=30 pruub=11.359892845s) [0] r=-1 lpr=30 pi=[18,30)/1 crt=0'0 unknown NOTIFY pruub 28.451271057s@ mbc={}] do_peering_event: epoch_sent: 30 epoch_requested: 30 NullEvt
2026-02-13T08:33:15.357+0000 7f5458fee640 10 osd.1 pg_epoch: 30 pg[1.0( empty local-lis/les=26/27 n=0 ec=10/10 lis/c=26/26 les/c/f=27/27/0 sis=26) [1] r=0 lpr=26 crt=0'0 mlcod 0'0 active+clean] state: Active advmap
2026-02-13T08:33:15.357+0000 7f5454fe6640 10 log is not dirty
2026-02-13T08:33:15.357+0000 7f5458fee640 20 osd.1 pg_epoch: 30 pg[1.0( empty local-lis/les=26/27 n=0 ec=10/10 lis/c=26/26 les/c/f=27/27/0 sis=26) [1] r=0 lpr=26 crt=0'0 mlcod 0'0 active+clean] PeeringState::prepare_stats_for_publish reporting purged_snaps []
2026-02-13T08:33:15.357+0000 7f5458fee640 15 osd.1 pg_epoch: 30 pg[1.0( empty local-lis/les=26/27 n=0 ec=10/10 lis/c=26/26 les/c/f=27/27/0 sis=26) [1] r=0 lpr=26 crt=0'0 mlcod 0'0 active+clean] PeeringState::prepare_stats_for_publish publish_stats_to_osd 29:56
2026-02-13T08:33:15.357+0000 7f5454fe6640 20 osd.1 op_wq(0) _process empty q, waiting
2026-02-13T08:33:15.357+0000 7f5458fee640 10 osd.1 pg_epoch: 30 pg[1.0( empty local-lis/les=26/27 n=0 ec=10/10 lis/c=26/26 les/c/f=27/27/0 sis=26) [1] r=0 lpr=26 crt=0'0 mlcod 0'0 active+clean] state: Started advmap
2026-02-13T08:33:15.357+0000 7f5458fee640 10 osd.1 pg_epoch: 30 pg[1.0( empty local-lis/les=26/27 n=0 ec=10/10 lis/c=26/26 les/c/f=27/27/0 sis=26) [1] r=0 lpr=26 crt=0'0 mlcod 0'0 active+clean] check_recovery_sources no source osds () went down
2026-02-13T08:33:15.357+0000 7f5458fee640 20 osd.1 30 advance_pg new pool opts recovery_priority 1 old pool opts recovery_priority 1
2026-02-13T08:33:15.357+0000 7f5458fee640 10 osd.1 pg_epoch: 30 pg[1.0( empty local-lis/les=26/27 n=0 ec=10/10 lis/c=26/26 les/c/f=27/27/0 sis=26) [1] r=0 lpr=26 crt=0'0 mlcod 0'0 active+clean] handle_activate_map: epoch range: 30..30
2026-02-13T08:33:15.357+0000 7f5458fee640 10 osd.1 pg_epoch: 30 pg[1.0( empty local-lis/les=26/27 n=0 ec=10/10 lis/c=26/26 les/c/f=27/27/0 sis=26) [1] r=0 lpr=26 crt=0'0 mlcod 0'0 active+clean] PeeringState::activate_map
2026-02-13T08:33:15.357+0000 7f5458fee640 10 osd.1 pg_epoch: 30 pg[1.0( empty local-lis/les=26/27 n=0 ec=10/10 lis/c=26/26 les/c/f=27/27/0 sis=26) [1] r=0 lpr=26 crt=0'0 mlcod 0'0 active+clean] state: Active: handling ActMap
2026-02-13T08:33:15.357+0000 7f5458fee640 10 osd.1 pg_epoch: 30 pg[1.0( empty local-lis/les=26/27 n=0 ec=10/10 lis/c=26/26 les/c/f=27/27/0 sis=26) [1] r=0 lpr=26 crt=0'0 mlcod 0'0 active+clean] Active: kicking snap trim
2026-02-13T08:33:15.357+0000 7f5458fee640 7 osd.1 pg_epoch: 30 pg[1.0( empty local-lis/les=26/27 n=0 ec=10/10 lis/c=26/26 les/c/f=27/27/0 sis=26) [1] r=0 lpr=26 crt=0'0 mlcod 0'0 active+clean] state: handle ActMap primary
2026-02-13T08:33:15.357+0000 7f5458fee640 20 osd.1 pg_epoch: 30 pg[1.0( empty local-lis/les=26/27 n=0 ec=10/10 lis/c=26/26 les/c/f=27/27/0 sis=26) [1] r=0 lpr=26 crt=0'0 mlcod 0'0 active+clean] PeeringState::prepare_stats_for_publish reporting purged_snaps []
2026-02-13T08:33:15.357+0000 7f5458fee640 15 osd.1 pg_epoch: 30 pg[1.0( empty local-lis/les=26/27 n=0 ec=10/10 lis/c=26/26 les/c/f=27/27/0 sis=26) [1] r=0 lpr=26 crt=0'0 mlcod 0'0 active+clean] PeeringState::prepare_stats_for_publish publish_stats_to_osd 30:57
2026-02-13T08:33:15.357+0000 7f5458fee640 20 osd.1 pg_epoch: 30 pg[1.0( empty local-lis/les=26/27 n=0 ec=10/10 lis/c=26/26 les/c/f=27/27/0 sis=26) [1] r=0 lpr=26 crt=0'0 mlcod 0'0 active+clean] PeeringState::activate_map : Not dirtying info: last_persisted is 27 while current is 30
2026-02-13T08:33:15.357+0000 7f5458fee640 10 log is not dirty
2026-02-13T08:33:15.357+0000 7f5458fee640 10 osd.1 pg_epoch: 30 pg[1.0( empty local-lis/les=26/27 n=0 ec=10/10 lis/c=26/26 les/c/f=27/27/0 sis=26) [1] r=0 lpr=26 crt=0'0 mlcod 0'0 active+clean] do_peering_event: epoch_sent: 30 epoch_requested: 30 NullEvt
2026-02-13T08:33:15.357+0000 7f5458fee640 10 log is not dirty
2026-02-13T08:33:15.357+0000 7f5458fee640 20 osd.1 op_wq(0) _process empty q, waiting
2026-02-13T08:33:15.357+0000 7f5454fe6640 20 osd.1 op_wq(0) _process empty q, waiting
2026-02-13T08:33:15.357+0000 7f5458fee640 20 osd.1 op_wq(0) _process empty q, waiting
2026-02-13T08:33:15.375+0000 7f546c014640 10 osd.1 30 tick_without_osd_lock
2026-02-13T08:33:15.375+0000 7f546c014640 20 osd.1 osd-scrub:scrub_time_permit: should run between 0 - 0 now 8 = yes
2026-02-13T08:33:15.375+0000 7f546c014640 20 osd.1 osd-scrub:scrub_load_below_threshold: loadavg per cpu 0.048 < max 2000.000 (#CPUs:24) = yes
2026-02-13T08:33:15.375+0000 7f546c014640 10 osd.1 osd-scrub:initiate_scrub: scrub scheduling (@tick) starts. time now:2026-02-13T08:33:15.376, recovery is active?:false restrictions:<....>
2026-02-13T08:33:15.375+0000 7f546c014640 20 osd.1 osd-scrub: scrub-queue jobs: 1.0/sh,nb:2026-02-14T19:39:50.832,(periodic-regular,tr:2026-02-14T19:39:50.832)
2026-02-13T08:33:15.375+0000 7f546c014640 20 osd.1 osd-scrub: scrub-queue jobs: 1.0/dp,nb:2026-02-21T07:37:02.671,(periodic-regular,tr:2026-02-21T07:37:02.671)
2026-02-13T08:33:15.375+0000 7f546c014640 20 osd.1 osd-scrub:initiate_scrub: no PGs are ready for scrubbing
2026-02-13T08:33:15.375+0000 7f546c014640 10 osd.1 30 promote_throttle_recalibrate 0 attempts, promoted 0 objects and 0 B; target 25 obj/sec or 5 MiB/sec
2026-02-13T08:33:15.375+0000 7f546c014640 20 osd.1 30 promote_throttle_recalibrate new_prob 1000
2026-02-13T08:33:15.375+0000 7f546c014640 10 osd.1 30 promote_throttle_recalibrate actual 0, actual/prob ratio 1, adjusted new_prob 1000, prob 1000 -> 1000
2026-02-13T08:33:15.375+0000 7f546c014640 20 osd.1 30 maybe_send_beacon beacon would be too frequent; skipping
2026-02-13T08:33:15.457+0000 7f547101e640 1 -- [v2:127.0.0.1:6812/1434334463,v1:127.0.0.1:6813/1434334463] <== osd.0 v2:127.0.0.1:6802/3513847230 48 ==== osd pg remove(epoch 31; pg2.0; ) ==== 32+0+0 (crc 0 0 0) 0x5644a5b4f040 con 0x5644a510c800
2026-02-13T08:33:15.457+0000 7f547101e640 7 osd.1 30 handle_fast_pg_remove osd pg remove(epoch 31; pg2.0; ) from osd.0
2026-02-13T08:33:15.457+0000 7f547101e640 15 osd.1 30 enqueue_peering_evt 2.0 epoch_sent: 31 epoch_requested: 31 DeleteStart
2026-02-13T08:33:15.457+0000 7f547101e640 20 osd.1 op_wq(0) _enqueue OpSchedulerItem(2.0 PGPeeringEvent(epoch_sent: 31 epoch_requested: 31 DeleteStart) class_id 2 prio 255 cost 10 e31)
2026-02-13T08:33:15.457+0000 7f5454fe6640 20 osd.1 op_wq(0) _process 2.0 to_process <> waiting <> waiting_peering {}
2026-02-13T08:33:15.457+0000 7f5454fe6640 20 osd.1 op_wq(0) _process OpSchedulerItem(2.0 PGPeeringEvent(epoch_sent: 31 epoch_requested: 31 DeleteStart) class_id 2 prio 255 cost 10 e31) queued
2026-02-13T08:33:15.457+0000 7f5454fe6640 20 osd.1 op_wq(0) _process 2.0 to_process waiting <> waiting_peering {}
2026-02-13T08:33:15.457+0000 7f5454fe6640 20 osd.1 op_wq(0) _process OpSchedulerItem(2.0 PGPeeringEvent(epoch_sent: 31 epoch_requested: 31 DeleteStart) class_id 2 prio 255 cost 10 e31) pg 0x5644a5dc0000
2026-02-13T08:33:15.457+0000 7f5454fe6640 20 osd.1 op_wq _add_slot_waiter 2.0 peering, item epoch is 31, will wait on OpSchedulerItem(2.0 PGPeeringEvent(epoch_sent: 31 epoch_requested: 31 DeleteStart) class_id 2 prio 255 cost 10 e31)
2026-02-13T08:33:15.457+0000 7f5454fe6640 20 osd.1 op_wq(0) _process empty q, waiting
2026-02-13T08:33:15.457+0000 7f5458fee640 20 osd.1 op_wq(0) _process empty q, waiting
2026-02-13T08:33:15.632+0000 7f546c815640 10 osd.1 30 tick
2026-02-13T08:33:15.632+0000 7f546c815640 20 osd.1 30 tick last_purged_snaps_scrub
2026-02-13T08:32:59.310588+0000 next
2026-02-14T12:06:44.310588+0000
2026-02-13T08:33:15.659+0000 7f546679f640 1 -- [v2:127.0.0.1:6810/1434334463,v1:127.0.0.1:6811/1434334463] <== mon.0 v2:127.0.0.1:7114/0 33 ==== osd_map(31..32 src has 1..32) ==== 1224+0+0 (crc 0 0 0) 0x5644a536de00 con 0x5644a507b800
2026-02-13T08:33:15.660+0000 7f546679f640 20 osd.1 30 OSD::ms_dispatch: osd_map(31..32 src has 1..32)
2026-02-13T08:33:15.660+0000 7f546679f640 20 osd.1 30 _dispatch 0x5644a536de00 osd_map(31..32 src has 1..32)
2026-02-13T08:33:15.660+0000 7f546679f640 3 osd.1 30 handle_osd_map epochs [31,32], i have 30, src has [1,32]
2026-02-13T08:33:15.660+0000 7f546679f640 10 osd.1 30 handle_osd_map got inc map for epoch 31
2026-02-13T08:33:15.660+0000 7f546679f640 20 osd.1 30 got_full_map 31, nothing requested
2026-02-13T08:33:15.660+0000 7f546679f640 10 osd.1 30 handle_osd_map got inc map for epoch 32
2026-02-13T08:33:15.660+0000 7f546679f640 20 osd.1 30 got_full_map 32, nothing requested
2026-02-13T08:33:15.660+0000 7f546679f640 20 osd.1 30 trim_maps: min=0 oldest_map=1
2026-02-13T08:33:15.660+0000 7f546679f640 20 osd.1 30 handle_osd_map pg_num_history pg_num_history(e32 pg_nums {1={10=1},2={15=1},3={20=1}} deleted_pools 25,3)
2026-02-13T08:33:15.660+0000 7f546679f640 10 snap_mapper record_purged_snaps purged_snaps {31={},32={}}
2026-02-13T08:33:15.660+0000 7f546679f640 10 snap_mapper record_purged_snaps rm 0 keys, set 0 keys
2026-02-13T08:33:15.660+0000 7f546679f640 10 write_superblock sb(6c102e14-fefe-436b-9a1b-4612997a87b7 osd.1 1ebb59f4-5c21-46a0-b0ec-f8bdc0cbbc31 e32 maps [1~32] lci=[9,32] tlb=1)
2026-02-13T08:33:15.660+0000 7f5462801640 10 osd.1 30 _committed_osd_maps 31..32
2026-02-13T08:33:15.660+0000 7f5462801640 10 osd.1 30 advance to epoch 31 (<= last 32 <= newest_map 32)
2026-02-13T08:33:15.660+0000 7f5462801640 10 osd.1 31 advance to epoch 32 (<= last 32 <= newest_map 32)
2026-02-13T08:33:15.660+0000 7f5462801640 20 osd.1 32 consume_map version 32
2026-02-13T08:33:15.660+0000 7f5462801640 20 osd.1 30 await_reserved_maps epoch:32
2026-02-13T08:33:15.660+0000 7f5462801640 20 osd.1 30 await_reserved_maps done 0
2026-02-13T08:33:15.660+0000 7f5462801640 20 osd.1 32 consume_map 32 -- publish done
2026-02-13T08:33:15.660+0000 7f5462801640 20 osd.1:0.identify_splits_and_merges identify_splits_and_merges 2 slots
2026-02-13T08:33:15.660+0000 7f5462801640 20 osd.1:0.identify_splits_and_merges identify_splits_and_merges slot pgid:2.0slot:0x5644a5862580
2026-02-13T08:33:15.660+0000 7f5462801640 20 osd.1 32 identify_splits_and_merges 2.0 e30 to e32
2026-02-13T08:33:15.660+0000 7f5462801640 20 osd.1 32 identify_splits_and_merges 2.0 e30 to e32 pg_nums {15=1}
2026-02-13T08:33:15.660+0000 7f5462801640 20 osd.1:0.identify_splits_and_merges identify_splits_and_merges slot pgid:1.0slot:0x5644a5862160
2026-02-13T08:33:15.660+0000 7f5462801640 20 osd.1 32 identify_splits_and_merges 1.0 e30 to e32
2026-02-13T08:33:15.660+0000 7f5462801640 20 osd.1 32 identify_splits_and_merges 1.0 e30 to e32 pg_nums {10=1}
2026-02-13T08:33:15.660+0000 7f5462801640 20 osd.1:0.identify_splits_and_merges identify_splits_and_merges 0 splits, 0 merges
2026-02-13T08:33:15.660+0000 7f5462801640 20 osd.1:1.identify_splits_and_merges identify_splits_and_merges 0 slots
2026-02-13T08:33:15.660+0000 7f5462801640 20 osd.1:1.identify_splits_and_merges identify_splits_and_merges 0 splits, 0 merges
2026-02-13T08:33:15.660+0000 7f5462801640 20 osd.1:2.identify_splits_and_merges identify_splits_and_merges 0 slots
