2026-02-13T09:57:02.201+0000 7fc792fc9640 20 mgr.server handle_open got config {admin_socket={4=/tmp/ceph-asok.83516/$cluster-$name.asok},auth_supported={3=none,4=none},bluestore_allocation_from_file={3=true,4=true},bluestore_block_db_create={3=true,4=true},bluestore_block_db_size={3=1073741824,4=1073741824},bluestore_block_size={3=4294967296,4=4294967296},bluestore_block_wal_create={3=false,4=false},bluestore_block_wal_size={3=536870912,4=536870912},bluestore_debug_enforce_settings={3=ssd,4=ssd},bluestore_fsck_on_mount={3=true,4=true},chdir={4=},debug_mon={4=20/20},debug_ms={4=20/20},debug_paxos={4=20/20},keyring={0=$mon_data/keyring},log_file={4=td/osd-bluefs-volume-ops/$name.log},mon_allow_pool_delete={4=true},mon_allow_pool_size_one={4=true},mon_cluster_log_file={4=td/osd-bluefs-volume-ops/log},mon_data={4=td/osd-bluefs-volume-ops/a},mon_data_avail_crit={4=1},mon_data_avail_warn={4=5},mon_host={5=127.0.0.1:7146},mon_osd_backfillfull_ratio={4=0.990000},mon_osd_full_ratio={4=0.990000},mon_warn_on_insecure_global_id_reclaim_allowed={4=false},no_config_file={5=false},osd_crush_chooseleaf_type={4=0},osd_failsafe_full_ratio={4=0.990000},osd_pool_default_min_size={3=1,4=1},osd_pool_default_pg_autoscale_mode={4=off},osd_pool_default_size={3=1,4=1},paxos_propose_interval={4=0.100000},pid_file={4=td/osd-bluefs-volume-ops/$name.pid},rbd_default_features={0=61},rbd_qos_exclude_ops={0=0},run_dir={4=td/osd-bluefs-volume-ops}} ignored {}
2026-02-13T09:57:02.201+0000 7fc8783e7640 10 -- [v2:127.0.0.1:6800/1355932116,v1:127.0.0.1:6801/1355932116] >> 127.0.0.1:0/743168237 conn(0x5591a03e8000 msgr2=0x55919ff76c00 crc :-1 s=STATE_CONNECTION_ESTABLISHED l=1).handle_write
2026-02-13T09:57:02.201+0000 7fc878be8640 5 --2- [v2:127.0.0.1:6800/1355932116,v1:127.0.0.1:6801/1355932116] >> 127.0.0.1:0/2861520442 conn(0x5591a03e8400 0x55919ff77180 crc :-1 s=READ_MESSAGE_COMPLETE pgs=3 cs=0 l=1 rev1=1 crypto rx=0 tx=0 comp rx=0 tx=0).handle_message received message m=0x5591a0310a00 seq=1 from=mgr.4100 type=1792 mgropen(mgr.x)
2026-02-13T09:57:02.201+0000 7fc792fc9640 20 mgr.server handle_open got config_defaults_bl 80983 bytes
2026-02-13T09:57:02.201+0000 7fc8783e7640 10 --2- [v2:127.0.0.1:6800/1355932116,v1:127.0.0.1:6801/1355932116] >> 127.0.0.1:0/743168237 conn(0x5591a03e8000 0x55919ff76c00 crc :-1 s=READY pgs=1 cs=0 l=1 rev1=1 crypto rx=0 tx=0 comp rx=0 tx=0).write_event
2026-02-13T09:57:02.201+0000 7fc878be8640 20 -- [v2:127.0.0.1:6800/1355932116,v1:127.0.0.1:6801/1355932116] queue 0x5591a0310a00 prio 127
2026-02-13T09:57:02.201+0000 7fc792fc9640 10 -- [v2:127.0.0.1:6800/1355932116,v1:127.0.0.1:6801/1355932116] dispatch_throttle_release 82796 to dispatch throttler 165215/104857600
2026-02-13T09:57:02.201+0000 7fc876be4640 20 --2- [v2:127.0.0.1:6800/1355932116,v1:127.0.0.1:6801/1355932116] >> conn(0x5591a03e9400 0x5591a0498580 crc :-1 s=AUTH_ACCEPTING_SIGN pgs=0 cs=0 l=1 rev1=1 crypto rx=0 tx=0 comp rx=0 tx=0).handle_read_frame_preamble_main r=0
2026-02-13T09:57:02.201+0000 7fc792fc9640 20 -- [v2:127.0.0.1:6800/1355932116,v1:127.0.0.1:6801/1355932116] done calling dispatch on 0x5591a0310500
2026-02-13T09:57:02.201+0000 7fc876be4640 20 --2- [v2:127.0.0.1:6800/1355932116,v1:127.0.0.1:6801/1355932116] >> conn(0x5591a03e9400 0x5591a0498580 crc :-1 s=AUTH_ACCEPTING_SIGN pgs=0 cs=0 l=1 rev1=1 crypto rx=0 tx=0 comp rx=0 tx=0).read_frame_segment seg_idx=0
2026-02-13T09:57:02.201+0000 7fc8783e7640 20 --2- [v2:127.0.0.1:6800/1355932116,v1:127.0.0.1:6801/1355932116] >> 127.0.0.1:0/743168237 conn(0x5591a03e8000 0x55919ff76c00 crc :-1 s=READY pgs=1 cs=0 l=1 rev1=1 crypto rx=0 tx=0 comp rx=0 tx=0).prepare_send_message m=mgrconfigure(period=5, threshold=5)
2026-02-13T09:57:02.201+0000 7fc876be4640 20 -- [v2:127.0.0.1:6800/1355932116,v1:127.0.0.1:6801/1355932116] >> conn(0x5591a03e9400 msgr2=0x5591a0498580 crc :-1 s=STATE_CONNECTION_ESTABLISHED l=1).read start len=36
2026-02-13T09:57:02.201+0000 7fc8783e7640 20 --2- [v2:127.0.0.1:6800/1355932116,v1:127.0.0.1:6801/1355932116] >> 127.0.0.1:0/743168237 conn(0x5591a03e8000 0x55919ff76c00 crc :-1 s=READY pgs=1 cs=0 l=1 rev1=1 crypto rx=0 tx=0 comp rx=0 tx=0).prepare_send_message encoding features 4544132024016699391 0x5591973bcc00 mgrconfigure(period=5, threshold=5)
2026-02-13T09:57:02.201+0000 7fc878be8640 20 --2- [v2:127.0.0.1:6800/1355932116,v1:127.0.0.1:6801/1355932116] >> 127.0.0.1:0/2861520442 conn(0x5591a03e8400 0x55919ff77180 crc :-1 s=READY pgs=3 cs=0 l=1 rev1=1 crypto rx=0 tx=0 comp rx=0 tx=0).read_frame
2026-02-13T09:57:02.201+0000 7fc876be4640 20 --2- [v2:127.0.0.1:6800/1355932116,v1:127.0.0.1:6801/1355932116] >> conn(0x5591a03e9400 0x5591a0498580 crc :-1 s=AUTH_ACCEPTING_SIGN pgs=0 cs=0 l=1 rev1=1 crypto rx=0 tx=0 comp rx=0 tx=0).handle_read_frame_segment r=0
2026-02-13T09:57:02.201+0000 7fc878be8640 20 -- [v2:127.0.0.1:6800/1355932116,v1:127.0.0.1:6801/1355932116] >> 127.0.0.1:0/2861520442 conn(0x5591a03e8400 msgr2=0x55919ff77180 crc :-1 s=STATE_CONNECTION_ESTABLISHED l=1).read start len=32
2026-02-13T09:57:02.201+0000 7fc792fc9640 1 -- [v2:127.0.0.1:6800/1355932116,v1:127.0.0.1:6801/1355932116] <== mgr.4100 127.0.0.1:0/2861520442 1 ==== mgropen(mgr.x) ==== 82419+0+0 (crc 0 0 0) 0x5591a0310a00 con 0x5591a03e8400
2026-02-13T09:57:02.201+0000 7fc792fc9640 10 mgr.server handle_open from mgr.x 127.0.0.1:0/2861520442
2026-02-13T09:57:02.201+0000 7fc876be4640 10 --2- [v2:127.0.0.1:6800/1355932116,v1:127.0.0.1:6801/1355932116] >> conn(0x5591a03e9400 0x5591a0498580 crc :-1 s=AUTH_ACCEPTING_SIGN pgs=0 cs=0 l=1 rev1=1 crypto rx=0 tx=0 comp rx=0 tx=0).handle_read_frame_dispatch tag=7
2026-02-13T09:57:02.201+0000 7fc792fc9640 1 -- [v2:127.0.0.1:6800/1355932116,v1:127.0.0.1:6801/1355932116] --> 127.0.0.1:0/2861520442 -- mgrconfigure(period=5, threshold=5) -- 0x5591a04bc000 con 0x5591a03e8400
2026-02-13T09:57:02.201+0000 7fc876be4640 20 --2- [v2:127.0.0.1:6800/1355932116,v1:127.0.0.1:6801/1355932116] >> conn(0x5591a03e9400 0x5591a0498580 crc :-1 s=AUTH_ACCEPTING_SIGN pgs=0 cs=0 l=1 rev1=1 crypto rx=0 tx=0 comp rx=0 tx=0).handle_auth_signature payload.length()=32
2026-02-13T09:57:02.201+0000 7fc8783e7640 2 --2- [v2:127.0.0.1:6800/1355932116,v1:127.0.0.1:6801/1355932116] >> 127.0.0.1:0/743168237 conn(0x5591a03e8000 0x55919ff76c00 crc :-1 s=READY pgs=1 cs=0 l=1 rev1=1 crypto rx=0 tx=0 comp rx=0 tx=0).write_message sending message m=0x5591973bcc00 seq=1 mgrconfigure(period=5, threshold=5)
2026-02-13T09:57:02.201+0000 7fc876be4640 20 --2- [v2:127.0.0.1:6800/1355932116,v1:127.0.0.1:6801/1355932116] >> conn(0x5591a03e9400 0x5591a0498580 crc :-1 s=AUTH_ACCEPTING_SIGN pgs=0 cs=0 l=1 rev1=1 crypto rx=0 tx=0 comp rx=0 tx=0).handle_auth_signature pre-auth signature success sig_frame.signature()=0000000000000000000000000000000000000000000000000000000000000000
2026-02-13T09:57:02.201+0000 7fc8783e7640 20 --2- [v2:127.0.0.1:6800/1355932116,v1:127.0.0.1:6801/1355932116] >> 127.0.0.1:0/743168237 conn(0x5591a03e8000 0x55919ff76c00 crc :-1 s=READY pgs=1 cs=0 l=1 rev1=1 crypto rx=0 tx=0 comp rx=0 tx=0).write_message sending m=0x5591973bcc00 seq=1 src=mgr.4100 off=0
2026-02-13T09:57:02.201+0000 7fc792fc9640 5 --2- [v2:127.0.0.1:6800/1355932116,v1:127.0.0.1:6801/1355932116] >> 127.0.0.1:0/2861520442 conn(0x5591a03e8400 0x55919ff77180 crc :-1 s=READY pgs=3 cs=0 l=1 rev1=1 crypto rx=0 tx=0 comp rx=0 tx=0).send_message enqueueing message m=0x5591a04bc000 type=1793 mgrconfigure(period=5, threshold=5)
2026-02-13T09:57:02.201+0000 7fc876be4640 20 --2- [v2:127.0.0.1:6800/1355932116,v1:127.0.0.1:6801/1355932116] >> conn(0x5591a03e9400 0x5591a0498580 crc :-1 s=COMPRESSION_ACCEPTING pgs=0 cs=0 l=1 rev1=1 crypto rx=0 tx=0 comp rx=0 tx=0).read_frame
2026-02-13T09:57:02.201+0000 7fc792fc9640 15 --2- [v2:127.0.0.1:6800/1355932116,v1:127.0.0.1:6801/1355932116] >> 127.0.0.1:0/2861520442 conn(0x5591a03e8400 0x55919ff77180 crc :-1 s=READY pgs=3 cs=0 l=1 rev1=1 crypto rx=0 tx=0 comp rx=0 tx=0).send_message inline write is denied, reschedule m=0x5591a04bc000
2026-02-13T09:57:02.201+0000 7fc876be4640 20 -- [v2:127.0.0.1:6800/1355932116,v1:127.0.0.1:6801/1355932116] >> conn(0x5591a03e9400 msgr2=0x5591a0498580 crc :-1 s=STATE_CONNECTION_ESTABLISHED l=1).read start len=32
2026-02-13T09:57:02.201+0000 7fc8783e7640 10 -- [v2:127.0.0.1:6800/1355932116,v1:127.0.0.1:6801/1355932116] >> 127.0.0.1:0/743168237 conn(0x5591a03e8000 msgr2=0x55919ff76c00 crc :-1 s=STATE_CONNECTION_ESTABLISHED l=1)._try_send sent bytes 103 remaining bytes 0
2026-02-13T09:57:02.201+0000 7fc876be4640 20 --2- [v2:127.0.0.1:6800/1355932116,v1:127.0.0.1:6801/1355932116] >> conn(0x5591a03e9400 0x5591a0498580 crc :-1 s=COMPRESSION_ACCEPTING pgs=0 cs=0 l=1 rev1=1 crypto rx=0 tx=0 comp rx=0 tx=0).handle_read_frame_preamble_main r=0
2026-02-13T09:57:02.201+0000 7fc8783e7640 10 --2- [v2:127.0.0.1:6800/1355932116,v1:127.0.0.1:6801/1355932116] >> 127.0.0.1:0/743168237 conn(0x5591a03e8000 0x55919ff76c00 crc :-1 s=READY pgs=1 cs=0 l=1 rev1=1 crypto rx=0 tx=0 comp rx=0 tx=0).write_message sending 0x5591973bcc00 done.
2026-02-13T09:57:02.201+0000 7fc876be4640 20 --2- [v2:127.0.0.1:6800/1355932116,v1:127.0.0.1:6801/1355932116] >> conn(0x5591a03e9400 0x5591a0498580 crc :-1 s=COMPRESSION_ACCEPTING pgs=0 cs=0 l=1 rev1=1 crypto rx=0 tx=0 comp rx=0 tx=0).read_frame_segment seg_idx=0
2026-02-13T09:57:02.201+0000 7fc876be4640 20 -- [v2:127.0.0.1:6800/1355932116,v1:127.0.0.1:6801/1355932116] >> conn(0x5591a03e9400 msgr2=0x5591a0498580 crc :-1 s=STATE_CONNECTION_ESTABLISHED l=1).read start len=9
2026-02-13T09:57:02.201+0000 7fc792fc9640 20 Event(0x55919660cbc8 nevent=5000 time_id=13).wakeup
2026-02-13T09:57:02.201+0000 7fc876be4640 20 --2- [v2:127.0.0.1:6800/1355932116,v1:127.0.0.1:6801/1355932116] >> conn(0x5591a03e9400 0x5591a0498580 crc :-1 s=COMPRESSION_ACCEPTING pgs=0 cs=0 l=1 rev1=1 crypto rx=0 tx=0 comp rx=0 tx=0).handle_read_frame_segment r=0
2026-02-13T09:57:02.201+0000 7fc8783e7640 20 -- 127.0.0.1:0/3923947244 >> [v2:127.0.0.1:6800/1355932116,v1:127.0.0.1:6801/1355932116] conn(0x5591a0253800 msgr2=0x55919669a000 crc :-1 s=STATE_CONNECTION_ESTABLISHED l=1).process
2026-02-13T09:57:02.201+0000 7fc876be4640 10 --2- [v2:127.0.0.1:6800/1355932116,v1:127.0.0.1:6801/1355932116] >> conn(0x5591a03e9400 0x5591a0498580 crc :-1 s=COMPRESSION_ACCEPTING pgs=0 cs=0 l=1 rev1=1 crypto rx=0 tx=0 comp rx=0 tx=0).handle_read_frame_dispatch tag=21
2026-02-13T09:57:02.201+0000 7fc8783e7640 20 -- 127.0.0.1:0/3923947244 >> [v2:127.0.0.1:6800/1355932116,v1:127.0.0.1:6801/1355932116] conn(0x5591a0253800 msgr2=0x55919669a000 crc :-1 s=STATE_CONNECTION_ESTABLISHED l=1).read continue len=32
2026-02-13T09:57:02.201+0000 7fc876be4640 10 --2- [v2:127.0.0.1:6800/1355932116,v1:127.0.0.1:6801/1355932116] >> conn(0x5591a03e9400 0x5591a0498580 crc :-1 s=COMPRESSION_ACCEPTING pgs=0 cs=0 l=1 rev1=1 crypto rx=0 tx=0 comp rx=0 tx=0).handle_compression_request CompressionRequestFrame(is_compress=0, preferred_methods=[])
2026-02-13T09:57:02.201+0000 7fc876be4640 20 CompressorRegistry(0x55919ff82218) get_mode peer_type 8 is_secure 0
2026-02-13T09:57:02.201+0000 7fc8783e7640 20 --2- 127.0.0.1:0/3923947244 >> [v2:127.0.0.1:6800/1355932116,v1:127.0.0.1:6801/1355932116] conn(0x5591a0253800 0x55919669a000 crc :-1 s=COMPRESSION_CONNECTING pgs=0 cs=0 l=1 rev1=1 crypto rx=0 tx=0 comp rx=0 tx=0).handle_read_frame_preamble_main r=0
2026-02-13T09:57:02.201+0000 7fc792fc9640 20 mgr.server handle_open updating existing DaemonState for mgr.x
2026-02-13T09:57:02.201+0000 7fc8783e7640 20 --2- 127.0.0.1:0/3923947244 >> [v2:127.0.0.1:6800/1355932116,v1:127.0.0.1:6801/1355932116] conn(0x5591a0253800 0x55919669a000 crc :-1 s=COMPRESSION_CONNECTING pgs=0 cs=0 l=1 rev1=1 crypto rx=0 tx=0 comp rx=0 tx=0).read_frame_segment seg_idx=0
2026-02-13T09:57:02.201+0000 7fc876be4640 10 -- [v2:127.0.0.1:6800/1355932116,v1:127.0.0.1:6801/1355932116] >> conn(0x5591a03e9400 msgr2=0x5591a0498580 crc :-1 s=STATE_CONNECTION_ESTABLISHED l=1)._try_send sent bytes 41 remaining bytes 0
2026-02-13T09:57:02.201+0000 7fc876be4640 20 --2- [v2:127.0.0.1:6800/1355932116,v1:127.0.0.1:6801/1355932116] >> conn(0x5591a03e9400 0x5591a0498580 crc :-1 s=SESSION_ACCEPTING pgs=0 cs=0 l=1 rev1=1 crypto rx=0 tx=0 comp rx=0 tx=0).read_frame
2026-02-13T09:57:02.201+0000 7fc8783e7640 20 -- 127.0.0.1:0/3923947244 >> [v2:127.0.0.1:6800/1355932116,v1:127.0.0.1:6801/1355932116] conn(0x5591a0253800 msgr2=0x55919669a000 crc :-1 s=STATE_CONNECTION_ESTABLISHED l=1).read start len=9
2026-02-13T09:57:02.201+0000 7fc876be4640 20 -- [v2:127.0.0.1:6800/1355932116,v1:127.0.0.1:6801/1355932116] >> conn(0x5591a03e9400 msgr2=0x5591a0498580 crc :-1 s=STATE_CONNECTION_ESTABLISHED l=1).read start len=32
2026-02-13T09:57:02.201+0000 7fc8783e7640 20 --2- 127.0.0.1:0/3923947244 >> [v2:127.0.0.1:6800/1355932116,v1:127.0.0.1:6801/1355932116] conn(0x5591a0253800 0x55919669a000 crc :-1 s=COMPRESSION_CONNECTING pgs=0 cs=0 l=1 rev1=1 crypto rx=0 tx=0 comp rx=0 tx=0).handle_read_frame_segment r=0
2026-02-13T09:57:02.201+0000 7fc878be8640 10 -- [v2:127.0.0.1:6800/1355932116,v1:127.0.0.1:6801/1355932116] >> 127.0.0.1:0/2861520442 conn(0x5591a03e8400 msgr2=0x55919ff77180 crc :-1 s=STATE_CONNECTION_ESTABLISHED l=1).handle_write
2026-02-13T09:57:02.201+0000 7fc8783e7640 10 --2- 127.0.0.1:0/3923947244 >> [v2:127.0.0.1:6800/1355932116,v1:127.0.0.1:6801/1355932116] conn(0x5591a0253800 0x55919669a000 crc :-1 s=COMPRESSION_CONNECTING pgs=0 cs=0 l=1 rev1=1 crypto rx=0 tx=0 comp rx=0 tx=0).handle_read_frame_dispatch tag=22
2026-02-13T09:57:02.201+0000 7fc878be8640 10 --2- [v2:127.0.0.1:6800/1355932116,v1:127.0.0.1:6801/1355932116] >> 127.0.0.1:0/2861520442 conn(0x5591a03e8400 0x55919ff77180 crc :-1 s=READY pgs=3 cs=0 l=1 rev1=1 crypto rx=0 tx=0 comp rx=0 tx=0).write_event
2026-02-13T09:57:02.201+0000 7fc8783e7640 10 --2- 127.0.0.1:0/3923947244 >> [v2:127.0.0.1:6800/1355932116,v1:127.0.0.1:6801/1355932116] conn(0x5591a0253800 0x55919669a000 crc :-1 s=COMPRESSION_CONNECTING pgs=0 cs=0 l=1 rev1=1 crypto rx=0 tx=0 comp rx=0 tx=0).handle_compression_done CompressionDoneFrame(is_compress=0, method=0)
2026-02-13T09:57:02.201+0000 7fc8783e7640 20 --2- 127.0.0.1:0/3923947244 >> [v2:127.0.0.1:6800/1355932116,v1:127.0.0.1:6801/1355932116] conn(0x5591a0253800 0x55919669a000 crc :-1 s=SESSION_CONNECTING pgs=0 cs=0 l=1 rev1=1 crypto rx=0 tx=0 comp rx=0 tx=0).send_client_ident
2026-02-13T09:57:02.201+0000 7fc878be8640 20 --2- [v2:127.0.0.1:6800/1355932116,v1:127.0.0.1:6801/1355932116] >> 127.0.0.1:0/2861520442 conn(0x5591a03e8400 0x55919ff77180 crc :-1 s=READY pgs=3 cs=0 l=1 rev1=1 crypto rx=0 tx=0 comp rx=0 tx=0).prepare_send_message m=mgrconfigure(period=5, threshold=5)
2026-02-13T09:57:02.201+0000 7fc792fc9640 20 mgr.server handle_open got config {admin_socket={4=/tmp/ceph-asok.83516/$cluster-$name.asok},auth_supported={3=none,4=none},bluestore_allocation_from_file={3=true,4=true},bluestore_block_db_create={3=true,4=true},bluestore_block_db_size={3=1073741824,4=1073741824},bluestore_block_size={3=4294967296,4=4294967296},bluestore_block_wal_create={3=false,4=false},bluestore_block_wal_size={3=536870912,4=536870912},bluestore_debug_enforce_settings={3=ssd,4=ssd},bluestore_fsck_on_mount={3=true,4=true},chdir={4=},debug_mgr={4=20/20},debug_ms={4=20/20},debug_objecter={4=20/20},debug_paxos={4=20/20},keyring={0=$mgr_data/keyring},log_file={4=td/osd-bluefs-volume-ops/$name.log},mgr_data={4=td/osd-bluefs-volume-ops/x},mgr_module_path={4=/home/ubuntu/cephtest/clone.client.0/src/pybind/mgr},mgr_pool={1=false},mon_host={5=127.0.0.1:7146},no_config_file={5=false},osd_failsafe_full_ratio={4=0.990000},osd_pool_default_min_size={3=1,4=1},osd_pool_default_size={3=1,4=1},pid_file={4=td/osd-bluefs-volume-ops/$name.pid},rbd_default_features={0=61},rbd_qos_exclude_ops={0=0},run_dir={4=td/osd-bluefs-volume-ops}} ignored {}
2026-02-13T09:57:02.201+0000 7fc878be8640 20 --2- [v2:127.0.0.1:6800/1355932116,v1:127.0.0.1:6801/1355932116] >> 127.0.0.1:0/2861520442 conn(0x5591a03e8400 0x55919ff77180 crc :-1 s=READY pgs=3 cs=0 l=1 rev1=1 crypto rx=0 tx=0 comp rx=0 tx=0).prepare_send_message encoding features 4544132024016699391 0x5591a04bc000 mgrconfigure(period=5, threshold=5)
2026-02-13T09:57:02.201+0000 7fc792fc9640 20 mgr.server handle_open got config_defaults_bl 80983 bytes
2026-02-13T09:57:02.201+0000 7fc8783e7640 5 --2- 127.0.0.1:0/3923947244 >> [v2:127.0.0.1:6800/1355932116,v1:127.0.0.1:6801/1355932116] conn(0x5591a0253800 0x55919669a000 crc :-1 s=SESSION_CONNECTING pgs=0 cs=0 l=1 rev1=1 crypto rx=0 tx=0 comp rx=0 tx=0).send_client_ident sending identification: addrs=127.0.0.1:0/3923947244 target=v2:127.0.0.1:6800/1355932116 gid=4114 global_seq=2 features_supported=3f0ffffffffdffff features_required=800000000001000 flags=1 cookie=0
2026-02-13T09:57:02.201+0000 7fc792fc9640 10 -- [v2:127.0.0.1:6800/1355932116,v1:127.0.0.1:6801/1355932116] dispatch_throttle_release 82419 to dispatch throttler 82419/104857600
2026-02-13T09:57:02.201+0000 7fc792fc9640 20 -- [v2:127.0.0.1:6800/1355932116,v1:127.0.0.1:6801/1355932116] done calling dispatch on 0x5591a0310a00
2026-02-13T09:57:02.201+0000 7fc878be8640 2 --2- [v2:127.0.0.1:6800/1355932116,v1:127.0.0.1:6801/1355932116] >> 127.0.0.1:0/2861520442 conn(0x5591a03e8400 0x55919ff77180 crc :-1 s=READY pgs=3 cs=0 l=1 rev1=1 crypto rx=0 tx=0 comp rx=0 tx=0).write_message sending message m=0x5591a04bc000 seq=1 mgrconfigure(period=5, threshold=5)
2026-02-13T09:57:02.201+0000 7fc878be8640 20 --2- [v2:127.0.0.1:6800/1355932116,v1:127.0.0.1:6801/1355932116] >> 127.0.0.1:0/2861520442 conn(0x5591a03e8400 0x55919ff77180 crc :-1 s=READY pgs=3 cs=0 l=1 rev1=1 crypto rx=0 tx=0 comp rx=0 tx=0).write_message sending m=0x5591a04bc000 seq=1 src=mgr.4100 off=0
2026-02-13T09:57:02.201+0000 7fc8783e7640 10 -- 127.0.0.1:0/3923947244 >> [v2:127.0.0.1:6800/1355932116,v1:127.0.0.1:6801/1355932116] conn(0x5591a0253800 msgr2=0x55919669a000 crc :-1 s=STATE_CONNECTION_ESTABLISHED l=1)._try_send sent bytes 159 remaining bytes 0
2026-02-13T09:57:02.201+0000 7fc876be4640 20 -- [v2:127.0.0.1:6800/1355932116,v1:127.0.0.1:6801/1355932116] >> conn(0x5591a03e8800 msgr2=0x55919ff77700 crc :-1 s=STATE_CONNECTION_ESTABLISHED l=1).process
2026-02-13T09:57:02.201+0000 7fc8783e7640 20 --2- 127.0.0.1:0/3923947244 >> [v2:127.0.0.1:6800/1355932116,v1:127.0.0.1:6801/1355932116] conn(0x5591a0253800 0x55919669a000 crc :-1 s=SESSION_CONNECTING pgs=0 cs=0 l=1 rev1=1 crypto rx=0 tx=0 comp rx=0 tx=0).read_frame
2026-02-13T09:57:02.201+0000 7fc876be4640 20 -- [v2:127.0.0.1:6800/1355932116,v1:127.0.0.1:6801/1355932116] >> conn(0x5591a03e8800 msgr2=0x55919ff77700 crc :-1 s=STATE_CONNECTION_ESTABLISHED l=1).read continue len=32
2026-02-13T09:57:02.201+0000 7fc8783e7640 20 -- 127.0.0.1:0/3923947244 >> [v2:127.0.0.1:6800/1355932116,v1:127.0.0.1:6801/1355932116] conn(0x5591a0253800 msgr2=0x55919669a000 crc :-1 s=STATE_CONNECTION_ESTABLISHED l=1).read start len=32
2026-02-13T09:57:02.201+0000 7fc876be4640 20 --2- [v2:127.0.0.1:6800/1355932116,v1:127.0.0.1:6801/1355932116] >> conn(0x5591a03e8800 0x55919ff77700 crc :-1 s=SESSION_ACCEPTING pgs=0 cs=0 l=1 rev1=1 crypto rx=0 tx=0 comp rx=0 tx=0).handle_read_frame_preamble_main r=0
2026-02-13T09:57:02.201+0000 7fc876be4640 20 --2- [v2:127.0.0.1:6800/1355932116,v1:127.0.0.1:6801/1355932116] >> conn(0x5591a03e8800 0x55919ff77700 crc :-1 s=SESSION_ACCEPTING pgs=0 cs=0 l=1 rev1=1 crypto rx=0 tx=0 comp rx=0 tx=0).read_frame_segment seg_idx=0
2026-02-13T09:57:02.201+0000 7fc8783e7640 20 -- 127.0.0.1:0/650196881 >> [v2:127.0.0.1:6800/1355932116,v1:127.0.0.1:6801/1355932116] conn(0x5591a03e8c00 msgr2=0x5591a0474000 crc :-1 s=STATE_CONNECTION_ESTABLISHED l=1).process
2026-02-13T09:57:02.201+0000 7fc876be4640 20 -- [v2:127.0.0.1:6800/1355932116,v1:127.0.0.1:6801/1355932116] >> conn(0x5591a03e8800 msgr2=0x55919ff77700 crc :-1 s=STATE_CONNECTION_ESTABLISHED l=1).read start len=127
2026-02-13T09:57:02.201+0000 7fc8783e7640 20 -- 127.0.0.1:0/650196881 >> [v2:127.0.0.1:6800/1355932116,v1:127.0.0.1:6801/1355932116] conn(0x5591a03e8c00 msgr2=0x5591a0474000 crc :-1 s=STATE_CONNECTION_ESTABLISHED l=1).read continue len=32
2026-02-13T09:57:02.201+0000 7fc876be4640 20 --2- [v2:127.0.0.1:6800/1355932116,v1:127.0.0.1:6801/1355932116] >> conn(0x5591a03e8800 0x55919ff77700 crc :-1 s=SESSION_ACCEPTING pgs=0 cs=0 l=1 rev1=1 crypto rx=0 tx=0 comp rx=0 tx=0).handle_read_frame_segment r=0
2026-02-13T09:57:02.201+0000 7fc876be4640 10 --2- [v2:127.0.0.1:6800/1355932116,v1:127.0.0.1:6801/1355932116] >> conn(0x5591a03e8800 0x55919ff77700 crc :-1 s=SESSION_ACCEPTING pgs=0 cs=0 l=1 rev1=1 crypto rx=0 tx=0 comp rx=0 tx=0).handle_read_frame_dispatch tag=8
2026-02-13T09:57:02.201+0000 7fc878be8640 10 -- [v2:127.0.0.1:6800/1355932116,v1:127.0.0.1:6801/1355932116] >> 127.0.0.1:0/2861520442 conn(0x5591a03e8400 msgr2=0x55919ff77180 crc :-1 s=STATE_CONNECTION_ESTABLISHED l=1)._try_send sent bytes 103 remaining bytes 0
2026-02-13T09:57:02.201+0000 7fc8783e7640 20 --2- 127.0.0.1:0/650196881 >> [v2:127.0.0.1:6800/1355932116,v1:127.0.0.1:6801/1355932116] conn(0x5591a03e8c00 0x5591a0474000 crc :-1 s=COMPRESSION_CONNECTING pgs=0 cs=0 l=1 rev1=1 crypto rx=0 tx=0 comp rx=0 tx=0).handle_read_frame_preamble_main r=0
2026-02-13T09:57:02.201+0000 7fc876be4640 20 --2- [v2:127.0.0.1:6800/1355932116,v1:127.0.0.1:6801/1355932116] >> conn(0x5591a03e8800 0x55919ff77700 crc :-1 s=SESSION_ACCEPTING pgs=0 cs=0 l=1 rev1=1 crypto rx=0 tx=0 comp rx=0 tx=0).handle_client_ident payload.length()=123
2026-02-13T09:57:02.201+0000 7fc8783e7640 20 --2- 127.0.0.1:0/650196881 >> [v2:127.0.0.1:6800/1355932116,v1:127.0.0.1:6801/1355932116] conn(0x5591a03e8c00 0x5591a0474000 crc :-1 s=COMPRESSION_CONNECTING pgs=0 cs=0 l=1 rev1=1 crypto rx=0 tx=0 comp rx=0 tx=0).read_frame_segment seg_idx=0
2026-02-13T09:57:02.201+0000 7fc876be4640 5 --2- [v2:127.0.0.1:6800/1355932116,v1:127.0.0.1:6801/1355932116] >> conn(0x5591a03e8800 0x55919ff77700 crc :-1 s=SESSION_ACCEPTING pgs=0 cs=0 l=1 rev1=1 crypto rx=0 tx=0 comp rx=0 tx=0).handle_client_ident received client identification: addrs=127.0.0.1:0/3923947244 target=v2:127.0.0.1:6800/1355932116 gid=4114 global_seq=2 features_supported=3f0ffffffffdffff features_required=800000000001000 flags=1 cookie=0
2026-02-13T09:57:02.201+0000 7fc878be8640 10 --2- [v2:127.0.0.1:6800/1355932116,v1:127.0.0.1:6801/1355932116] >> 127.0.0.1:0/2861520442 conn(0x5591a03e8400 0x55919ff77180 crc :-1 s=READY pgs=3 cs=0 l=1 rev1=1 crypto rx=0 tx=0 comp rx=0 tx=0).write_message sending 0x5591a04bc000 done.
2026-02-13T09:57:02.201+0000 7fc8783e7640 20 -- 127.0.0.1:0/650196881 >> [v2:127.0.0.1:6800/1355932116,v1:127.0.0.1:6801/1355932116] conn(0x5591a03e8c00 msgr2=0x5591a0474000 crc :-1 s=STATE_CONNECTION_ESTABLISHED l=1).read start len=9
2026-02-13T09:57:02.201+0000 7fc876be4640 10 -- [v2:127.0.0.1:6800/1355932116,v1:127.0.0.1:6801/1355932116] >> 127.0.0.1:0/3923947244 conn(0x5591a03e8800 msgr2=0x55919ff77700 crc :-1 s=STATE_CONNECTION_ESTABLISHED l=1)._infer_target_addr 127.0.0.1:0/3923947244 -> 127.0.0.1:0/3923947244
2026-02-13T09:57:02.201+0000 7fc8783e7640 20 --2- 127.0.0.1:0/650196881 >> [v2:127.0.0.1:6800/1355932116,v1:127.0.0.1:6801/1355932116] conn(0x5591a03e8c00 0x5591a0474000 crc :-1 s=COMPRESSION_CONNECTING pgs=0 cs=0 l=1 rev1=1 crypto rx=0 tx=0 comp rx=0 tx=0).handle_read_frame_segment r=0
2026-02-13T09:57:02.201+0000 7fc876be4640 20 --2- [v2:127.0.0.1:6800/1355932116,v1:127.0.0.1:6801/1355932116] >> 127.0.0.1:0/3923947244 conn(0x5591a03e8800 0x55919ff77700 crc :-1 s=SESSION_ACCEPTING pgs=2 cs=0 l=1 rev1=1 crypto rx=0 tx=0 comp rx=0 tx=0).send_server_ident
2026-02-13T09:57:02.201+0000 7fc8783e7640 10 --2- 127.0.0.1:0/650196881 >> [v2:127.0.0.1:6800/1355932116,v1:127.0.0.1:6801/1355932116] conn(0x5591a03e8c00 0x5591a0474000 crc :-1 s=COMPRESSION_CONNECTING pgs=0 cs=0 l=1 rev1=1 crypto rx=0 tx=0 comp rx=0 tx=0).handle_read_frame_dispatch tag=22
2026-02-13T09:57:02.201+0000 7fc876be4640 10 --2- [v2:127.0.0.1:6800/1355932116,v1:127.0.0.1:6801/1355932116] >> 127.0.0.1:0/3923947244 conn(0x5591a03e8800 0x55919ff77700 crc :-1 s=SESSION_ACCEPTING pgs=2 cs=0 l=1 rev1=1 crypto rx=0 tx=0 comp rx=0 tx=0).discard_requeued_up_to 0
2026-02-13T09:57:02.201+0000 7fc8783e7640 10 --2- 127.0.0.1:0/650196881 >> [v2:127.0.0.1:6800/1355932116,v1:127.0.0.1:6801/1355932116] conn(0x5591a03e8c00 0x5591a0474000 crc :-1 s=COMPRESSION_CONNECTING pgs=0 cs=0 l=1 rev1=1 crypto rx=0 tx=0 comp rx=0 tx=0).handle_compression_done CompressionDoneFrame(is_compress=0, method=0)
2026-02-13T09:57:02.201+0000 7fc8783e7640 20 --2- 127.0.0.1:0/650196881 >> [v2:127.0.0.1:6800/1355932116,v1:127.0.0.1:6801/1355932116] conn(0x5591a03e8c00 0x5591a0474000 crc :-1 s=SESSION_CONNECTING pgs=0 cs=0 l=1 rev1=1 crypto rx=0 tx=0 comp rx=0 tx=0).send_client_ident
2026-02-13T09:57:02.201+0000 7fc876be4640 5 --2- [v2:127.0.0.1:6800/1355932116,v1:127.0.0.1:6801/1355932116] >> 127.0.0.1:0/3923947244 conn(0x5591a03e8800 0x55919ff77700 crc :-1 s=SESSION_ACCEPTING pgs=2 cs=0 l=1 rev1=1 crypto rx=0 tx=0 comp rx=0 tx=0).send_server_ident sending identification: addrs=[v2:127.0.0.1:6800/1355932116,v1:127.0.0.1:6801/1355932116] gid=4100 global_seq=4 features_supported=3f0ffffffffdffff features_required=800000000000000 flags=1 cookie=0
2026-02-13T09:57:02.201+0000 7fc8783e7640 5 --2- 127.0.0.1:0/650196881 >> [v2:127.0.0.1:6800/1355932116,v1:127.0.0.1:6801/1355932116] conn(0x5591a03e8c00 0x5591a0474000 crc :-1 s=SESSION_CONNECTING pgs=0 cs=0 l=1 rev1=1 crypto rx=0 tx=0 comp rx=0 tx=0).send_client_ident sending identification: addrs=127.0.0.1:0/650196881 target=v2:127.0.0.1:6800/1355932116 gid=4112 global_seq=2 features_supported=3f0ffffffffdffff features_required=800000000001000 flags=1 cookie=0
2026-02-13T09:57:02.201+0000 7fc8783e7640 10 -- 127.0.0.1:0/650196881 >> [v2:127.0.0.1:6800/1355932116,v1:127.0.0.1:6801/1355932116] conn(0x5591a03e8c00 msgr2=0x5591a0474000 crc :-1 s=STATE_CONNECTION_ESTABLISHED l=1)._try_send sent bytes 159 remaining bytes 0
2026-02-13T09:57:02.201+0000 7fc876be4640 10 -- [v2:127.0.0.1:6800/1355932116,v1:127.0.0.1:6801/1355932116] >> 127.0.0.1:0/3923947244 conn(0x5591a03e8800 msgr2=0x55919ff77700 crc :-1 s=STATE_CONNECTION_ESTABLISHED l=1)._try_send sent bytes 159 remaining bytes 0
2026-02-13T09:57:02.201+0000 7fc8783e7640 20 --2- 127.0.0.1:0/650196881 >> [v2:127.0.0.1:6800/1355932116,v1:127.0.0.1:6801/1355932116] conn(0x5591a03e8c00 0x5591a0474000 crc :-1 s=SESSION_CONNECTING pgs=0 cs=0 l=1 rev1=1 crypto rx=0 tx=0 comp rx=0 tx=0).read_frame
2026-02-13T09:57:02.201+0000 7fc876be4640 20 --2- [v2:127.0.0.1:6800/1355932116,v1:127.0.0.1:6801/1355932116] >> 127.0.0.1:0/3923947244 conn(0x5591a03e8800 0x55919ff77700 crc :-1 s=SESSION_ACCEPTING pgs=2 cs=0 l=1 rev1=1 crypto rx=0 tx=0 comp rx=0 tx=0).server_ready
2026-02-13T09:57:02.201+0000 7fc8783e7640 20 -- 127.0.0.1:0/650196881 >> [v2:127.0.0.1:6800/1355932116,v1:127.0.0.1:6801/1355932116] conn(0x5591a03e8c00 msgr2=0x5591a0474000 crc :-1 s=STATE_CONNECTION_ESTABLISHED l=1).read start len=32
2026-02-13T09:57:02.201+0000 7fc876be4640 1 --2- [v2:127.0.0.1:6800/1355932116,v1:127.0.0.1:6801/1355932116] >> 127.0.0.1:0/3923947244 conn(0x5591a03e8800 0x55919ff77700 crc :-1 s=READY pgs=2 cs=0 l=1 rev1=1 crypto rx=0 tx=0 comp rx=0 tx=0).ready entity=client.4114 client_cookie=0 server_cookie=0 in_seq=0 out_seq=0
2026-02-13T09:57:02.201+0000 7fc8783e7640 20 -- 127.0.0.1:0/3923947244 >> [v2:127.0.0.1:6800/1355932116,v1:127.0.0.1:6801/1355932116] conn(0x5591a0253800 msgr2=0x55919669a000 crc :-1 s=STATE_CONNECTION_ESTABLISHED l=1).process
2026-02-13T09:57:02.201+0000 7fc876be4640 20 --2- [v2:127.0.0.1:6800/1355932116,v1:127.0.0.1:6801/1355932116] >> 127.0.0.1:0/3923947244 conn(0x5591a03e8800 0x55919ff77700 crc :-1 s=READY pgs=2 cs=0 l=1 rev1=1 crypto rx=0 tx=0 comp rx=0 tx=0).read_frame
2026-02-13T09:57:02.201+0000 7fc8783e7640 20 -- 127.0.0.1:0/3923947244 >> [v2:127.0.0.1:6800/1355932116,v1:127.0.0.1:6801/1355932116] conn(0x5591a0253800 msgr2=0x55919669a000 crc :-1 s=STATE_CONNECTION_ESTABLISHED l=1).read continue len=32
2026-02-13T09:57:02.201+0000 7fc876be4640 20 -- [v2:127.0.0.1:6800/1355932116,v1:127.0.0.1:6801/1355932116] >> 127.0.0.1:0/3923947244 conn(0x5591a03e8800 msgr2=0x55919ff77700 crc :-1 s=STATE_CONNECTION_ESTABLISHED l=1).read start len=32
2026-02-13T09:57:02.201+0000 7fc8783e7640 20 --2- 127.0.0.1:0/3923947244 >> [v2:127.0.0.1:6800/1355932116,v1:127.0.0.1:6801/1355932116] conn(0x5591a0253800 0x55919669a000 crc :-1 s=SESSION_CONNECTING pgs=0 cs=0 l=1 rev1=1 crypto rx=0 tx=0 comp rx=0 tx=0).handle_read_frame_preamble_main r=0
2026-02-13T09:57:02.201+0000 7fc876be4640 20 -- 127.0.0.1:0/2861520442 >> [v2:127.0.0.1:6800/1355932116,v1:127.0.0.1:6801/1355932116] conn(0x5591965b7000 msgr2=0x55919ff75b80 crc :-1 s=STATE_CONNECTION_ESTABLISHED l=1).process
2026-02-13T09:57:02.201+0000 7fc8783e7640 20 --2- 127.0.0.1:0/3923947244 >> [v2:127.0.0.1:6800/1355932116,v1:127.0.0.1:6801/1355932116] conn(0x5591a0253800 0x55919669a000 crc :-1 s=SESSION_CONNECTING pgs=0 cs=0 l=1 rev1=1 crypto rx=0 tx=0 comp rx=0 tx=0).read_frame_segment seg_idx=0
2026-02-13T09:57:02.201+0000 7fc876be4640 20 -- 127.0.0.1:0/2861520442 >> [v2:127.0.0.1:6800/1355932116,v1:127.0.0.1:6801/1355932116] conn(0x5591965b7000 msgr2=0x55919ff75b80 crc :-1 s=STATE_CONNECTION_ESTABLISHED l=1).read continue len=32
2026-02-13T09:57:02.201+0000 7fc8783e7640 20 -- 127.0.0.1:0/3923947244 >> [v2:127.0.0.1:6800/1355932116,v1:127.0.0.1:6801/1355932116] conn(0x5591a0253800 msgr2=0x55919669a000 crc :-1 s=STATE_CONNECTION_ESTABLISHED l=1).read start len=127
2026-02-13T09:57:02.201+0000 7fc8783e7640 20 --2- 127.0.0.1:0/3923947244 >> [v2:127.0.0.1:6800/1355932116,v1:127.0.0.1:6801/1355932116] conn(0x5591a0253800 0x55919669a000 crc :-1 s=SESSION_CONNECTING pgs=0 cs=0 l=1 rev1=1 crypto rx=0 tx=0 comp rx=0 tx=0).handle_read_frame_segment r=0
2026-02-13T09:57:02.201+0000 7fc876be4640 20 --2- 127.0.0.1:0/2861520442 >> [v2:127.0.0.1:6800/1355932116,v1:127.0.0.1:6801/1355932116] conn(0x5591965b7000 0x55919ff75b80 crc :-1 s=READY pgs=1 cs=0 l=1 rev1=1 crypto rx=0 tx=0 comp rx=0 tx=0).handle_read_frame_preamble_main r=0
2026-02-13T09:57:02.201+0000 7fc8783e7640 10 --2- 127.0.0.1:0/3923947244 >> [v2:127.0.0.1:6800/1355932116,v1:127.0.0.1:6801/1355932116] conn(0x5591a0253800 0x55919669a000 crc :-1 s=SESSION_CONNECTING pgs=0 cs=0 l=1 rev1=1 crypto rx=0 tx=0 comp rx=0 tx=0).handle_read_frame_dispatch tag=9
2026-02-13T09:57:02.201+0000 7fc876be4640 20 --2- 127.0.0.1:0/2861520442 >> [v2:127.0.0.1:6800/1355932116,v1:127.0.0.1:6801/1355932116] conn(0x5591965b7000 0x55919ff75b80 crc :-1 s=THROTTLE_MESSAGE pgs=1 cs=0 l=1 rev1=1 crypto rx=0 tx=0 comp rx=0 tx=0).throttle_message
2026-02-13T09:57:02.201+0000 7fc8783e7640 20 --2- 127.0.0.1:0/3923947244 >> [v2:127.0.0.1:6800/1355932116,v1:127.0.0.1:6801/1355932116] conn(0x5591a0253800 0x55919669a000 crc :-1 s=SESSION_CONNECTING pgs=0 cs=0 l=1 rev1=1 crypto rx=0 tx=0 comp rx=0 tx=0).handle_server_ident payload.length()=123
2026-02-13T09:57:02.201+0000 7fc876be4640 20 --2- 127.0.0.1:0/2861520442 >> [v2:127.0.0.1:6800/1355932116,v1:127.0.0.1:6801/1355932116] conn(0x5591965b7000 0x55919ff75b80 crc :-1 s=THROTTLE_BYTES pgs=1 cs=0 l=1 rev1=1 crypto rx=0 tx=0 comp rx=0 tx=0).throttle_bytes
2026-02-13T09:57:02.201+0000 7fc876be4640 20 --2- 127.0.0.1:0/2861520442 >> [v2:127.0.0.1:6800/1355932116,v1:127.0.0.1:6801/1355932116] conn(0x5591965b7000 0x55919ff75b80 crc :-1 s=THROTTLE_DISPATCH_QUEUE pgs=1 cs=0 l=1 rev1=1 crypto rx=0 tx=0 comp rx=0 tx=0).throttle_dispatch_queue
2026-02-13T09:57:02.201+0000 7fc8783e7640 5 --2- 127.0.0.1:0/3923947244 >> [v2:127.0.0.1:6800/1355932116,v1:127.0.0.1:6801/1355932116] conn(0x5591a0253800 0x55919669a000 crc :-1 s=SESSION_CONNECTING pgs=0 cs=0 l=1 rev1=1 crypto rx=0 tx=0 comp rx=0 tx=0).handle_server_ident received server identification: addrs=[v2:127.0.0.1:6800/1355932116,v1:127.0.0.1:6801/1355932116] gid=4100 global_seq=4 features_supported=3f0ffffffffdffff features_required=800000000000000 flags=1 cookie=0
2026-02-13T09:57:02.201+0000 7fc876be4640 20 --2- 127.0.0.1:0/2861520442 >> [v2:127.0.0.1:6800/1355932116,v1:127.0.0.1:6801/1355932116] conn(0x5591965b7000 0x55919ff75b80 crc :-1 s=THROTTLE_DONE pgs=1 cs=0 l=1 rev1=1 crypto rx=0 tx=0 comp rx=0 tx=0).read_frame_segment seg_idx=0
2026-02-13T09:57:02.201+0000 7fc8783e7640 10 --2- 127.0.0.1:0/3923947244 >> [v2:127.0.0.1:6800/1355932116,v1:127.0.0.1:6801/1355932116] conn(0x5591a0253800 0x55919669a000 crc :-1 s=SESSION_CONNECTING pgs=4 cs=0 l=1 rev1=1 crypto rx=0 tx=0 comp rx=0 tx=0).handle_server_ident connect success 0, lossy = 1, features 4544132024016699391
2026-02-13T09:57:02.201+0000 7fc876be4640 20 -- 127.0.0.1:0/2861520442 >> [v2:127.0.0.1:6800/1355932116,v1:127.0.0.1:6801/1355932116] conn(0x5591965b7000 msgr2=0x55919ff75b80 crc :-1 s=STATE_CONNECTION_ESTABLISHED l=1).read start len=45
2026-02-13T09:57:02.201+0000 7fc876be4640 20 --2- 127.0.0.1:0/2861520442 >> [v2:127.0.0.1:6800/1355932116,v1:127.0.0.1:6801/1355932116] conn(0x5591965b7000 0x55919ff75b80 crc :-1 s=THROTTLE_DONE pgs=1 cs=0 l=1 rev1=1 crypto rx=0 tx=0 comp rx=0 tx=0).handle_read_frame_segment r=0
2026-02-13T09:57:02.201+0000 7fc8783e7640 1 --2- 127.0.0.1:0/3923947244 >> [v2:127.0.0.1:6800/1355932116,v1:127.0.0.1:6801/1355932116] conn(0x5591a0253800 0x55919669a000 crc :-1 s=READY pgs=4 cs=0 l=1 rev1=1 crypto rx=0 tx=0 comp rx=0 tx=0).ready entity=mgr.4100 client_cookie=0 server_cookie=0 in_seq=0 out_seq=0
2026-02-13T09:57:02.201+0000 7fc876be4640 20 --2- 127.0.0.1:0/2861520442 >> [v2:127.0.0.1:6800/1355932116,v1:127.0.0.1:6801/1355932116] conn(0x5591965b7000 0x55919ff75b80 crc :-1 s=THROTTLE_DONE pgs=1 cs=0 l=1 rev1=1 crypto rx=0 tx=0 comp rx=0 tx=0).read_frame_segment seg_idx=1
2026-02-13T09:57:02.201+0000 7fc8783e7640 20 --2- 127.0.0.1:0/3923947244 >> [v2:127.0.0.1:6800/1355932116,v1:127.0.0.1:6801/1355932116] conn(0x5591a0253800 0x55919669a000 crc :-1 s=READY pgs=4 cs=0 l=1 rev1=1 crypto rx=0 tx=0 comp rx=0 tx=0).read_frame
2026-02-13T09:57:02.201+0000 7fc876be4640 20 -- 127.0.0.1:0/2861520442 >> [v2:127.0.0.1:6800/1355932116,v1:127.0.0.1:6801/1355932116] conn(0x5591965b7000 msgr2=0x55919ff75b80 crc :-1 s=STATE_CONNECTION_ESTABLISHED l=1).read start len=13
2026-02-13T09:57:02.201+0000 7fc8783e7640 20 -- 127.0.0.1:0/3923947244 >> [v2:127.0.0.1:6800/1355932116,v1:127.0.0.1:6801/1355932116] conn(0x5591a0253800 msgr2=0x55919669a000 crc :-1 s=STATE_CONNECTION_ESTABLISHED l=1).read start len=32
2026-02-13T09:57:02.201+0000 7fc783fab640 10 client.4114.objecter ms_handle_connect 0x5591a0253800
2026-02-13T09:57:02.201+0000 7fc876be4640 20 --2- 127.0.0.1:0/2861520442 >> [v2:127.0.0.1:6800/1355932116,v1:127.0.0.1:6801/1355932116] conn(0x5591965b7000 0x55919ff75b80 crc :-1 s=THROTTLE_DONE pgs=1 cs=0 l=1 rev1=1 crypto rx=0 tx=0 comp rx=0 tx=0).handle_read_frame_segment r=0
2026-02-13T09:57:02.201+0000 7fc876be4640 20 -- 127.0.0.1:0/2861520442 >> [v2:127.0.0.1:6800/1355932116,v1:127.0.0.1:6801/1355932116] conn(0x5591965b7000 msgr2=0x55919ff75b80 crc :-1 s=STATE_CONNECTION_ESTABLISHED l=1).read start len=13
2026-02-13T09:57:02.201+0000 7fc876be4640 20 --2- 127.0.0.1:0/2861520442 >> [v2:127.0.0.1:6800/1355932116,v1:127.0.0.1:6801/1355932116] conn(0x5591965b7000 0x55919ff75b80 crc :-1 s=THROTTLE_DONE pgs=1 cs=0 l=1 rev1=1 crypto rx=0 tx=0 comp rx=0 tx=0).handle_read_frame_epilogue_main r=0
2026-02-13T09:57:02.201+0000 7fc876be4640 10 --2- 127.0.0.1:0/2861520442 >> [v2:127.0.0.1:6800/1355932116,v1:127.0.0.1:6801/1355932116] conn(0x5591965b7000 0x55919ff75b80 crc :-1 s=THROTTLE_DONE pgs=1 cs=0 l=1 rev1=1 crypto rx=0 tx=0 comp rx=0 tx=0).handle_read_frame_dispatch tag=17
2026-02-13T09:57:02.201+0000 7fc876be4640 20 --2- 127.0.0.1:0/2861520442 >> [v2:127.0.0.1:6800/1355932116,v1:127.0.0.1:6801/1355932116] conn(0x5591965b7000 0x55919ff75b80 crc :-1 s=THROTTLE_DONE pgs=1 cs=0 l=1 rev1=1 crypto rx=0 tx=0 comp rx=0 tx=0).handle_message
2026-02-13T09:57:02.201+0000 7fc876be4640 5 --2- 127.0.0.1:0/2861520442 >> [v2:127.0.0.1:6800/1355932116,v1:127.0.0.1:6801/1355932116] conn(0x5591965b7000 0x55919ff75b80 crc :-1 s=THROTTLE_DONE pgs=1 cs=0 l=1 rev1=1 crypto rx=0 tx=0 comp rx=0 tx=0).handle_message got 13 + 0 + 0 byte message. envelope type=1793 src mgr.4100 off 0
2026-02-13T09:57:02.201+0000 7fc876be4640 5 --2- 127.0.0.1:0/2861520442 >> [v2:127.0.0.1:6800/1355932116,v1:127.0.0.1:6801/1355932116] conn(0x5591965b7000 0x55919ff75b80 crc :-1 s=READ_MESSAGE_COMPLETE pgs=1 cs=0 l=1 rev1=1 crypto rx=0 tx=0 comp rx=0 tx=0).handle_message received message m=0x55919669fc00 seq=1 from=mgr.4100 type=1793 mgrconfigure(period=5, threshold=5)
2026-02-13T09:57:02.201+0000 7fc876be4640 20 -- 127.0.0.1:0/2861520442 queue 0x55919669fc00 prio 127
2026-02-13T09:57:02.201+0000 7fc876be4640 20 --2- 127.0.0.1:0/2861520442 >> [v2:127.0.0.1:6800/1355932116,v1:127.0.0.1:6801/1355932116] conn(0x5591965b7000 0x55919ff75b80 crc :-1 s=READY pgs=1 cs=0 l=1 rev1=1 crypto rx=0 tx=0 comp rx=0 tx=0).read_frame
2026-02-13T09:57:02.201+0000 7fc876be4640 20 -- 127.0.0.1:0/2861520442 >> [v2:127.0.0.1:6800/1355932116,v1:127.0.0.1:6801/1355932116] conn(0x5591965b7000 msgr2=0x55919ff75b80 crc :-1 s=STATE_CONNECTION_ESTABLISHED l=1).read start len=32
2026-02-13T09:57:02.201+0000 7fc876be4640 20 -- [v2:127.0.0.1:6800/1355932116,v1:127.0.0.1:6801/1355932116] >> conn(0x5591a03e9400 msgr2=0x5591a0498580 crc :-1 s=STATE_CONNECTION_ESTABLISHED l=1).process
2026-02-13T09:57:02.201+0000 7fc876be4640 20 -- [v2:127.0.0.1:6800/1355932116,v1:127.0.0.1:6801/1355932116] >> conn(0x5591a03e9400 msgr2=0x5591a0498580 crc :-1 s=STATE_CONNECTION_ESTABLISHED l=1).read continue len=32
2026-02-13T09:57:02.201+0000 7fc876be4640 20 --2- [v2:127.0.0.1:6800/1355932116,v1:127.0.0.1:6801/1355932116] >> conn(0x5591a03e9400 0x5591a0498580 crc :-1 s=SESSION_ACCEPTING pgs=0 cs=0 l=1 rev1=1 crypto rx=0 tx=0 comp rx=0 tx=0).handle_read_frame_preamble_main r=0
2026-02-13T09:57:02.201+0000 7fc876be4640 20 --2- [v2:127.0.0.1:6800/1355932116,v1:127.0.0.1:6801/1355932116] >> conn(0x5591a03e9400 0x5591a0498580 crc :-1 s=SESSION_ACCEPTING pgs=0 cs=0 l=1 rev1=1 crypto rx=0 tx=0 comp rx=0 tx=0).read_frame_segment seg_idx=0
2026-02-13T09:57:02.201+0000 7fc876be4640 20 -- [v2:127.0.0.1:6800/1355932116,v1:127.0.0.1:6801/1355932116] >> conn(0x5591a03e9400 msgr2=0x5591a0498580 crc :-1 s=STATE_CONNECTION_ESTABLISHED l=1).read start len=127
2026-02-13T09:57:02.201+0000 7fc876be4640 20 --2- [v2:127.0.0.1:6800/1355932116,v1:127.0.0.1:6801/1355932116] >> conn(0x5591a03e9400 0x5591a0498580 crc :-1 s=SESSION_ACCEPTING pgs=0 cs=0 l=1 rev1=1 crypto rx=0 tx=0 comp rx=0 tx=0).handle_read_frame_segment r=0
2026-02-13T09:57:02.201+0000 7fc876be4640 10 --2- [v2:127.0.0.1:6800/1355932116,v1:127.0.0.1:6801/1355932116] >> conn(0x5591a03e9400 0x5591a0498580 crc :-1 s=SESSION_ACCEPTING pgs=0 cs=0 l=1 rev1=1 crypto rx=0 tx=0 comp rx=0 tx=0).handle_read_frame_dispatch tag=8
2026-02-13T09:57:02.201+0000 7fc874be0640 1 -- 127.0.0.1:0/2861520442 <== mgr.4100 v2:127.0.0.1:6800/1355932116 1 ==== mgrconfigure(period=5, threshold=5) ==== 13+0+0 (crc 0 0 0) 0x55919669fc00 con 0x5591965b7000
2026-02-13T09:57:02.201+0000 7fc874be0640 10 mgr.4100.objecter ms_dispatch2 0x55919662c000 mgrconfigure(period=5, threshold=5)
2026-02-13T09:57:02.201+0000 7fc874be0640 10 mgr ms_dispatch2 active mgrconfigure(period=5, threshold=5)
2026-02-13T09:57:02.201+0000 7fc874be0640 10 mgr ms_dispatch2 mgrconfigure(period=5, threshold=5)
2026-02-13T09:57:02.201+0000 7fc876be4640 20 --2- [v2:127.0.0.1:6800/1355932116,v1:127.0.0.1:6801/1355932116] >> conn(0x5591a03e9400 0x5591a0498580 crc :-1 s=SESSION_ACCEPTING pgs=0 cs=0 l=1 rev1=1 crypto rx=0 tx=0 comp rx=0 tx=0).handle_client_ident payload.length()=123
2026-02-13T09:57:02.201+0000 7fc876be4640 5 --2- [v2:127.0.0.1:6800/1355932116,v1:127.0.0.1:6801/1355932116] >> conn(0x5591a03e9400 0x5591a0498580 crc :-1 s=SESSION_ACCEPTING pgs=0 cs=0 l=1 rev1=1 crypto rx=0 tx=0 comp rx=0 tx=0).handle_client_ident received client identification: addrs=127.0.0.1:0/650196881 target=v2:127.0.0.1:6800/1355932116 gid=4112 global_seq=2 features_supported=3f0ffffffffdffff features_required=800000000001000 flags=1 cookie=0
2026-02-13T09:57:02.201+0000 7fc876be4640 10 -- [v2:127.0.0.1:6800/1355932116,v1:127.0.0.1:6801/1355932116] >> 127.0.0.1:0/650196881 conn(0x5591a03e9400 msgr2=0x5591a0498580 crc :-1 s=STATE_CONNECTION_ESTABLISHED l=1)._infer_target_addr 127.0.0.1:0/650196881 -> 127.0.0.1:0/650196881
2026-02-13T09:57:02.201+0000 7fc876be4640 20 --2- [v2:127.0.0.1:6800/1355932116,v1:127.0.0.1:6801/1355932116] >> 127.0.0.1:0/650196881 conn(0x5591a03e9400 0x5591a0498580 crc :-1 s=SESSION_ACCEPTING pgs=2 cs=0 l=1 rev1=1 crypto rx=0 tx=0 comp rx=0 tx=0).send_server_ident
2026-02-13T09:57:02.201+0000 7fc876be4640 10 --2- [v2:127.0.0.1:6800/1355932116,v1:127.0.0.1:6801/1355932116] >> 127.0.0.1:0/650196881 conn(0x5591a03e9400 0x5591a0498580 crc :-1 s=SESSION_ACCEPTING pgs=2 cs=0 l=1 rev1=1 crypto rx=0 tx=0 comp rx=0 tx=0).discard_requeued_up_to 0
2026-02-13T09:57:02.201+0000 7fc876be4640 5 --2- [v2:127.0.0.1:6800/1355932116,v1:127.0.0.1:6801/1355932116] >> 127.0.0.1:0/650196881 conn(0x5591a03e9400 0x5591a0498580 crc :-1 s=SESSION_ACCEPTING pgs=2 cs=0 l=1 rev1=1 crypto rx=0 tx=0 comp rx=0 tx=0).send_server_ident sending identification: addrs=[v2:127.0.0.1:6800/1355932116,v1:127.0.0.1:6801/1355932116] gid=4100 global_seq=5 features_supported=3f0ffffffffdffff features_required=800000000000000 flags=1 cookie=0
2026-02-13T09:57:02.201+0000 7fc876be4640 10 -- [v2:127.0.0.1:6800/1355932116,v1:127.0.0.1:6801/1355932116] >> 127.0.0.1:0/650196881 conn(0x5591a03e9400 msgr2=0x5591a0498580 crc :-1 s=STATE_CONNECTION_ESTABLISHED l=1)._try_send sent bytes 159 remaining bytes 0
2026-02-13T09:57:02.201+0000 7fc8783e7640 20 -- 127.0.0.1:0/650196881 >> [v2:127.0.0.1:6800/1355932116,v1:127.0.0.1:6801/1355932116] conn(0x5591a03e8c00 msgr2=0x5591a0474000 crc :-1 s=STATE_CONNECTION_ESTABLISHED l=1).process
2026-02-13T09:57:02.201+0000 7fc876be4640 20 --2- [v2:127.0.0.1:6800/1355932116,v1:127.0.0.1:6801/1355932116] >> 127.0.0.1:0/650196881 conn(0x5591a03e9400 0x5591a0498580 crc :-1 s=SESSION_ACCEPTING pgs=2 cs=0 l=1 rev1=1 crypto rx=0 tx=0 comp rx=0 tx=0).server_ready
2026-02-13T09:57:02.201+0000 7fc8783e7640 20 -- 127.0.0.1:0/650196881 >> [v2:127.0.0.1:6800/1355932116,v1:127.0.0.1:6801/1355932116] conn(0x5591a03e8c00 msgr2=0x5591a0474000 crc :-1 s=STATE_CONNECTION_ESTABLISHED l=1).read continue len=32
2026-02-13T09:57:02.201+0000 7fc876be4640 1 --2- [v2:127.0.0.1:6800/1355932116,v1:127.0.0.1:6801/1355932116] >> 127.0.0.1:0/650196881 conn(0x5591a03e9400 0x5591a0498580 crc :-1 s=READY pgs=2 cs=0 l=1 rev1=1 crypto rx=0 tx=0 comp rx=0 tx=0).ready entity=client.4112 client_cookie=0 server_cookie=0 in_seq=0 out_seq=0
2026-02-13T09:57:02.201+0000 7fc8783e7640 20 --2- 127.0.0.1:0/650196881 >> [v2:127.0.0.1:6800/1355932116,v1:127.0.0.1:6801/1355932116] conn(0x5591a03e8c00 0x5591a0474000 crc :-1 s=SESSION_CONNECTING pgs=0 cs=0 l=1 rev1=1 crypto rx=0 tx=0 comp rx=0 tx=0).handle_read_frame_preamble_main r=0
2026-02-13T09:57:02.201+0000 7fc876be4640 20 --2- [v2:127.0.0.1:6800/1355932116,v1:127.0.0.1:6801/1355932116] >> 127.0.0.1:0/650196881 conn(0x5591a03e9400 0x5591a0498580 crc :-1 s=READY pgs=2 cs=0 l=1 rev1=1 crypto rx=0 tx=0 comp rx=0 tx=0).read_frame
2026-02-13T09:57:02.201+0000 7fc8783e7640 20 --2- 127.0.0.1:0/650196881 >> [v2:127.0.0.1:6800/1355932116,v1:127.0.0.1:6801/1355932116] conn(0x5591a03e8c00 0x5591a0474000 crc :-1 s=SESSION_CONNECTING pgs=0 cs=0 l=1 rev1=1 crypto rx=0 tx=0 comp rx=0 tx=0).read_frame_segment seg_idx=0
2026-02-13T09:57:02.201+0000 7fc876be4640 20 -- [v2:127.0.0.1:6800/1355932116,v1:127.0.0.1:6801/1355932116] >> 127.0.0.1:0/650196881 conn(0x5591a03e9400 msgr2=0x5591a0498580 crc :-1 s=STATE_CONNECTION_ESTABLISHED l=1).read start len=32
2026-02-13T09:57:02.201+0000 7fc8783e7640 20 -- 127.0.0.1:0/650196881 >> [v2:127.0.0.1:6800/1355932116,v1:127.0.0.1:6801/1355932116] conn(0x5591a03e8c00 msgr2=0x5591a0474000 crc :-1 s=STATE_CONNECTION_ESTABLISHED l=1).read start len=127
2026-02-13T09:57:02.201+0000 7fc8783e7640 20 --2- 127.0.0.1:0/650196881 >> [v2:127.0.0.1:6800/1355932116,v1:127.0.0.1:6801/1355932116] conn(0x5591a03e8c00 0x5591a0474000 crc :-1 s=SESSION_CONNECTING pgs=0 cs=0 l=1 rev1=1 crypto rx=0 tx=0 comp rx=0 tx=0).handle_read_frame_segment r=0
2026-02-13T09:57:02.201+0000 7fc8783e7640 10 --2- 127.0.0.1:0/650196881 >> [v2:127.0.0.1:6800/1355932116,v1:127.0.0.1:6801/1355932116] conn(0x5591a03e8c00 0x5591a0474000 crc :-1 s=SESSION_CONNECTING pgs=0 cs=0 l=1 rev1=1 crypto rx=0 tx=0 comp rx=0 tx=0).handle_read_frame_dispatch tag=9
2026-02-13T09:57:02.201+0000 7fc8783e7640 20 --2- 127.0.0.1:0/650196881 >> [v2:127.0.0.1:6800/1355932116,v1:127.0.0.1:6801/1355932116] conn(0x5591a03e8c00 0x5591a0474000 crc :-1 s=SESSION_CONNECTING pgs=0 cs=0 l=1 rev1=1 crypto rx=0 tx=0 comp rx=0 tx=0).handle_server_ident payload.length()=123
2026-02-13T09:57:02.201+0000 7fc8783e7640 5 --2- 127.0.0.1:0/650196881 >> [v2:127.0.0.1:6800/1355932116,v1:127.0.0.1:6801/1355932116] conn(0x5591a03e8c00 0x5591a0474000 crc :-1 s=SESSION_CONNECTING pgs=0 cs=0 l=1 rev1=1 crypto rx=0 tx=0 comp rx=0 tx=0).handle_server_ident received server identification: addrs=[v2:127.0.0.1:6800/1355932116,v1:127.0.0.1:6801/1355932116] gid=4100 global_seq=5 features_supported=3f0ffffffffdffff features_required=800000000000000 flags=1 cookie=0
2026-02-13T09:57:02.201+0000 7fc8783e7640 10 --2- 127.0.0.1:0/650196881 >> [v2:127.0.0.1:6800/1355932116,v1:127.0.0.1:6801/1355932116] conn(0x5591a03e8c00 0x5591a0474000 crc :-1 s=SESSION_CONNECTING pgs=5 cs=0 l=1 rev1=1 crypto rx=0 tx=0 comp rx=0 tx=0).handle_server_ident connect success 0, lossy = 1, features 4544132024016699391
2026-02-13T09:57:02.201+0000 7fc8783e7640 1 --2- 127.0.0.1:0/650196881 >> [v2:127.0.0.1:6800/1355932116,v1:127.0.0.1:6801/1355932116] conn(0x5591a03e8c00 0x5591a0474000 crc :-1 s=READY pgs=5 cs=0 l=1 rev1=1 crypto rx=0 tx=0 comp rx=0 tx=0).ready entity=mgr.4100 client_cookie=0 server_cookie=0 in_seq=0 out_seq=0
2026-02-13T09:57:02.201+0000 7fc8783e7640 20 --2- 127.0.0.1:0/650196881 >> [v2:127.0.0.1:6800/1355932116,v1:127.0.0.1:6801/1355932116] conn(0x5591a03e8c00 0x5591a0474000 crc :-1 s=READY pgs=5 cs=0 l=1 rev1=1 crypto rx=0 tx=0 comp rx=0 tx=0).read_frame
2026-02-13T09:57:02.201+0000 7fc8783e7640 20 -- 127.0.0.1:0/650196881 >> [v2:127.0.0.1:6800/1355932116,v1:127.0.0.1:6801/1355932116] conn(0x5591a03e8c00 msgr2=0x5591a0474000 crc :-1 s=STATE_CONNECTION_ESTABLISHED l=1).read start len=32
2026-02-13T09:57:02.201+0000 7fc8783e7640 20 -- [v2:127.0.0.1:6800/1355932116,v1:127.0.0.1:6801/1355932116] >> 127.0.0.1:0/743168237 conn(0x5591a03e8000 msgr2=0x55919ff76c00 crc :-1 s=STATE_CONNECTION_ESTABLISHED l=1).process
2026-02-13T09:57:02.201+0000 7fc8783e7640 20 -- [v2:127.0.0.1:6800/1355932116,v1:127.0.0.1:6801/1355932116] >> 127.0.0.1:0/743168237 conn(0x5591a03e8000 msgr2=0x55919ff76c00 crc :-1 s=STATE_CONNECTION_ESTABLISHED l=1).read continue len=32
2026-02-13T09:57:02.201+0000 7fc78f7c2640 10 client.4112.objecter ms_handle_connect 0x5591a03e8c00
2026-02-13T09:57:02.201+0000 7fc8783e7640 20 --2- [v2:127.0.0.1:6800/1355932116,v1:127.0.0.1:6801/1355932116] >> 127.0.0.1:0/743168237 conn(0x5591a03e8000 0x55919ff76c00 crc :-1 s=READY pgs=1 cs=0 l=1 rev1=1 crypto rx=0 tx=0 comp rx=0 tx=0).handle_read_frame_preamble_main r=0
2026-02-13T09:57:02.201+0000 7fc8783e7640 20 --2- [v2:127.0.0.1:6800/1355932116,v1:127.0.0.1:6801/1355932116] >> 127.0.0.1:0/743168237 conn(0x5591a03e8000 0x55919ff76c00 crc :-1 s=THROTTLE_MESSAGE pgs=1 cs=0 l=1 rev1=1 crypto rx=0 tx=0 comp rx=0 tx=0).throttle_message
2026-02-13T09:57:02.201+0000 7fc8783e7640 10 --2- [v2:127.0.0.1:6800/1355932116,v1:127.0.0.1:6801/1355932116] >> 127.0.0.1:0/743168237 conn(0x5591a03e8000 0x55919ff76c00 crc :-1 s=THROTTLE_MESSAGE pgs=1 cs=0 l=1 rev1=1 crypto rx=0 tx=0 comp rx=0 tx=0).throttle_message wants 1 message from policy throttler 0/128
2026-02-13T09:57:02.201+0000 7fc8783e7640 20 --2- [v2:127.0.0.1:6800/1355932116,v1:127.0.0.1:6801/1355932116] >> 127.0.0.1:0/743168237 conn(0x5591a03e8000 0x55919ff76c00 crc :-1 s=THROTTLE_BYTES pgs=1 cs=0 l=1 rev1=1 crypto rx=0 tx=0 comp rx=0 tx=0).throttle_bytes
2026-02-13T09:57:02.201+0000 7fc874be0640 1 -- 127.0.0.1:0/2861520442 --> [v2:127.0.0.1:6800/1355932116,v1:127.0.0.1:6801/1355932116] -- mgrreport(unknown.x +25-0 packed 206 task_status=0) -- 0x55919ffd4a80 con 0x5591965b7000
2026-02-13T09:57:02.201+0000 7fc8783e7640 10 --2- [v2:127.0.0.1:6800/1355932116,v1:127.0.0.1:6801/1355932116] >> 127.0.0.1:0/743168237 conn(0x5591a03e8000 0x55919ff76c00 crc :-1 s=THROTTLE_BYTES pgs=1 cs=0 l=1 rev1=1 crypto rx=0 tx=0 comp rx=0 tx=0).throttle_bytes wants 9075 bytes from policy throttler 0/134217728
2026-02-13T09:57:02.201+0000 7fc874be0640 5 --2- 127.0.0.1:0/2861520442 >> [v2:127.0.0.1:6800/1355932116,v1:127.0.0.1:6801/1355932116] conn(0x5591965b7000 0x55919ff75b80 crc :-1 s=READY pgs=1 cs=0 l=1 rev1=1 crypto rx=0 tx=0 comp rx=0 tx=0).send_message enqueueing message m=0x55919ffd4a80 type=1794 mgrreport(mgr.x +25-0 packed 206 task_status=0)
2026-02-13T09:57:02.201+0000 7fc8783e7640 20 --2- [v2:127.0.0.1:6800/1355932116,v1:127.0.0.1:6801/1355932116] >> 127.0.0.1:0/743168237 conn(0x5591a03e8000 0x55919ff76c00 crc :-1 s=THROTTLE_DISPATCH_QUEUE pgs=1 cs=0 l=1 rev1=1 crypto rx=0 tx=0 comp rx=0 tx=0).throttle_dispatch_queue
2026-02-13T09:57:02.201+0000 7fc8783e7640 20 --2- [v2:127.0.0.1:6800/1355932116,v1:127.0.0.1:6801/1355932116] >> 127.0.0.1:0/743168237 conn(0x5591a03e8000 0x55919ff76c00 crc :-1 s=THROTTLE_DONE pgs=1 cs=0 l=1 rev1=1 crypto rx=0 tx=0 comp rx=0 tx=0).read_frame_segment seg_idx=0
2026-02-13T09:57:02.201+0000 7fc8783e7640 20 -- [v2:127.0.0.1:6800/1355932116,v1:127.0.0.1:6801/1355932116] >> 127.0.0.1:0/743168237 conn(0x5591a03e8000 msgr2=0x55919ff76c00 crc :-1 s=STATE_CONNECTION_ESTABLISHED l=1).read start len=45
