2026-02-13T09:57:02.201+0000 7fc876be4640 20 --2- [v2:127.0.0.1:6800/1355932116,v1:127.0.0.1:6801/1355932116] >> conn(0x5591a03e9400 0x5591a0498580 unknown :-1 s=HELLO_ACCEPTING pgs=0 cs=0 l=0 rev1=1 crypto rx=0 tx=0 comp rx=0 tx=0).read_frame
2026-02-13T09:57:02.201+0000 7fc878be8640 20 --2- 127.0.0.1:0/1857049073 >> [v2:127.0.0.1:6800/1355932116,v1:127.0.0.1:6801/1355932116] conn(0x5591a0253c00 0x55919ff76680 unknown :-1 s=AUTH_CONNECTING pgs=0 cs=0 l=1 rev1=1 crypto rx=0 tx=0 comp rx=0 tx=0).handle_auth_done payload.length()=16
2026-02-13T09:57:02.201+0000 7fc876be4640 20 -- [v2:127.0.0.1:6800/1355932116,v1:127.0.0.1:6801/1355932116] >> conn(0x5591a03e9400 msgr2=0x5591a0498580 unknown :-1 s=STATE_CONNECTION_ESTABLISHED l=0).read start len=32
2026-02-13T09:57:02.201+0000 7fc878be8640 10 -- 127.0.0.1:0/1857049073 >> [v2:127.0.0.1:6800/1355932116,v1:127.0.0.1:6801/1355932116] conn(0x5591a0253c00 msgr2=0x55919ff76680 crc :-1 s=STATE_CONNECTION_ESTABLISHED l=1)._try_send sent bytes 68 remaining bytes 0
2026-02-13T09:57:02.201+0000 7fc876be4640 20 -- 127.0.0.1:0/2861520442 >> [v2:127.0.0.1:6800/1355932116,v1:127.0.0.1:6801/1355932116] conn(0x5591965b7000 msgr2=0x55919ff75b80 crc :-1 s=STATE_CONNECTION_ESTABLISHED l=0).process
2026-02-13T09:57:02.201+0000 7fc878be8640 20 --2- 127.0.0.1:0/1857049073 >> [v2:127.0.0.1:6800/1355932116,v1:127.0.0.1:6801/1355932116] conn(0x5591a0253c00 0x55919ff76680 crc :-1 s=AUTH_CONNECTING_SIGN pgs=0 cs=0 l=1 rev1=1 crypto rx=0 tx=0 comp rx=0 tx=0).read_frame
2026-02-13T09:57:02.201+0000 7fc876be4640 20 -- 127.0.0.1:0/2861520442 >> [v2:127.0.0.1:6800/1355932116,v1:127.0.0.1:6801/1355932116] conn(0x5591965b7000 msgr2=0x55919ff75b80 crc :-1 s=STATE_CONNECTION_ESTABLISHED l=0).read continue len=32
2026-02-13T09:57:02.201+0000 7fc878be8640 20 -- 127.0.0.1:0/1857049073 >> [v2:127.0.0.1:6800/1355932116,v1:127.0.0.1:6801/1355932116] conn(0x5591a0253c00 msgr2=0x55919ff76680 crc :-1 s=STATE_CONNECTION_ESTABLISHED l=1).read start len=32
2026-02-13T09:57:02.201+0000 7fc878be8640 20 --2- 127.0.0.1:0/1857049073 >> [v2:127.0.0.1:6800/1355932116,v1:127.0.0.1:6801/1355932116] conn(0x5591a0253c00 0x55919ff76680 crc :-1 s=AUTH_CONNECTING_SIGN pgs=0 cs=0 l=1 rev1=1 crypto rx=0 tx=0 comp rx=0 tx=0).handle_read_frame_preamble_main r=0
2026-02-13T09:57:02.201+0000 7fc8783e7640 10 -- 127.0.0.1:0/3923947244 >> [v2:127.0.0.1:6800/1355932116,v1:127.0.0.1:6801/1355932116] conn(0x5591a0253800 msgr2=0x55919669a000 unknown :-1 s=STATE_CONNECTION_ESTABLISHED l=1)._try_send sent bytes 70 remaining bytes 0
2026-02-13T09:57:02.201+0000 7fc878be8640 20 --2- 127.0.0.1:0/1857049073 >> [v2:127.0.0.1:6800/1355932116,v1:127.0.0.1:6801/1355932116] conn(0x5591a0253c00 0x55919ff76680 crc :-1 s=AUTH_CONNECTING_SIGN pgs=0 cs=0 l=1 rev1=1 crypto rx=0 tx=0 comp rx=0 tx=0).read_frame_segment seg_idx=0
2026-02-13T09:57:02.201+0000 7fc876be4640 20 --2- 127.0.0.1:0/2861520442 >> [v2:127.0.0.1:6800/1355932116,v1:127.0.0.1:6801/1355932116] conn(0x5591965b7000 0x55919ff75b80 crc :-1 s=COMPRESSION_CONNECTING pgs=0 cs=0 l=0 rev1=1 crypto rx=0 tx=0 comp rx=0 tx=0).handle_read_frame_preamble_main r=0
2026-02-13T09:57:02.201+0000 7fc878be8640 20 -- 127.0.0.1:0/1857049073 >> [v2:127.0.0.1:6800/1355932116,v1:127.0.0.1:6801/1355932116] conn(0x5591a0253c00 msgr2=0x55919ff76680 crc :-1 s=STATE_CONNECTION_ESTABLISHED l=1).read start len=36
2026-02-13T09:57:02.201+0000 7fc8783e7640 20 --2- 127.0.0.1:0/3923947244 >> [v2:127.0.0.1:6800/1355932116,v1:127.0.0.1:6801/1355932116] conn(0x5591a0253800 0x55919669a000 unknown :-1 s=AUTH_CONNECTING pgs=0 cs=0 l=1 rev1=1 crypto rx=0 tx=0 comp rx=0 tx=0).read_frame
2026-02-13T09:57:02.201+0000 7fc878be8640 20 --2- 127.0.0.1:0/1857049073 >> [v2:127.0.0.1:6800/1355932116,v1:127.0.0.1:6801/1355932116] conn(0x5591a0253c00 0x55919ff76680 crc :-1 s=AUTH_CONNECTING_SIGN pgs=0 cs=0 l=1 rev1=1 crypto rx=0 tx=0 comp rx=0 tx=0).handle_read_frame_segment r=0
2026-02-13T09:57:02.201+0000 7fc876be4640 20 --2- 127.0.0.1:0/2861520442 >> [v2:127.0.0.1:6800/1355932116,v1:127.0.0.1:6801/1355932116] conn(0x5591965b7000 0x55919ff75b80 crc :-1 s=COMPRESSION_CONNECTING pgs=0 cs=0 l=0 rev1=1 crypto rx=0 tx=0 comp rx=0 tx=0).read_frame_segment seg_idx=0
2026-02-13T09:57:02.201+0000 7fc8783e7640 20 -- 127.0.0.1:0/3923947244 >> [v2:127.0.0.1:6800/1355932116,v1:127.0.0.1:6801/1355932116] conn(0x5591a0253800 msgr2=0x55919669a000 unknown :-1 s=STATE_CONNECTION_ESTABLISHED l=1).read start len=32
2026-02-13T09:57:02.201+0000 7fc878be8640 10 --2- 127.0.0.1:0/1857049073 >> [v2:127.0.0.1:6800/1355932116,v1:127.0.0.1:6801/1355932116] conn(0x5591a0253c00 0x55919ff76680 crc :-1 s=AUTH_CONNECTING_SIGN pgs=0 cs=0 l=1 rev1=1 crypto rx=0 tx=0 comp rx=0 tx=0).handle_read_frame_dispatch tag=7
2026-02-13T09:57:02.201+0000 7fc876be4640 20 -- 127.0.0.1:0/2861520442 >> [v2:127.0.0.1:6800/1355932116,v1:127.0.0.1:6801/1355932116] conn(0x5591965b7000 msgr2=0x55919ff75b80 crc :-1 s=STATE_CONNECTION_ESTABLISHED l=0).read start len=9
2026-02-13T09:57:02.201+0000 7fc878be8640 20 --2- 127.0.0.1:0/1857049073 >> [v2:127.0.0.1:6800/1355932116,v1:127.0.0.1:6801/1355932116] conn(0x5591a0253c00 0x55919ff76680 crc :-1 s=AUTH_CONNECTING_SIGN pgs=0 cs=0 l=1 rev1=1 crypto rx=0 tx=0 comp rx=0 tx=0).handle_auth_signature payload.length()=32
2026-02-13T09:57:02.201+0000 7fc876be4640 20 --2- 127.0.0.1:0/2861520442 >> [v2:127.0.0.1:6800/1355932116,v1:127.0.0.1:6801/1355932116] conn(0x5591965b7000 0x55919ff75b80 crc :-1 s=COMPRESSION_CONNECTING pgs=0 cs=0 l=0 rev1=1 crypto rx=0 tx=0 comp rx=0 tx=0).handle_read_frame_segment r=0
2026-02-13T09:57:02.201+0000 7fc8783e7640 20 -- [v2:127.0.0.1:6800/1355932116,v1:127.0.0.1:6801/1355932116] >> conn(0x5591a03e8000 msgr2=0x55919ff76c00 crc :-1 s=STATE_CONNECTION_ESTABLISHED l=1).process
2026-02-13T09:57:02.201+0000 7fc878be8640 20 --2- 127.0.0.1:0/1857049073 >> [v2:127.0.0.1:6800/1355932116,v1:127.0.0.1:6801/1355932116] conn(0x5591a0253c00 0x55919ff76680 crc :-1 s=AUTH_CONNECTING_SIGN pgs=0 cs=0 l=1 rev1=1 crypto rx=0 tx=0 comp rx=0 tx=0).handle_auth_signature pre-auth signature success sig_frame.signature()=0000000000000000000000000000000000000000000000000000000000000000
2026-02-13T09:57:02.201+0000 7fc876be4640 10 --2- 127.0.0.1:0/2861520442 >> [v2:127.0.0.1:6800/1355932116,v1:127.0.0.1:6801/1355932116] conn(0x5591965b7000 0x55919ff75b80 crc :-1 s=COMPRESSION_CONNECTING pgs=0 cs=0 l=0 rev1=1 crypto rx=0 tx=0 comp rx=0 tx=0).handle_read_frame_dispatch tag=22
2026-02-13T09:57:02.201+0000 7fc8783e7640 20 -- [v2:127.0.0.1:6800/1355932116,v1:127.0.0.1:6801/1355932116] >> conn(0x5591a03e8000 msgr2=0x55919ff76c00 crc :-1 s=STATE_CONNECTION_ESTABLISHED l=1).read continue len=32
2026-02-13T09:57:02.201+0000 7fc876be4640 10 --2- 127.0.0.1:0/2861520442 >> [v2:127.0.0.1:6800/1355932116,v1:127.0.0.1:6801/1355932116] conn(0x5591965b7000 0x55919ff75b80 crc :-1 s=COMPRESSION_CONNECTING pgs=0 cs=0 l=0 rev1=1 crypto rx=0 tx=0 comp rx=0 tx=0).handle_compression_done CompressionDoneFrame(is_compress=0, method=0)
2026-02-13T09:57:02.201+0000 7fc878be8640 20 CompressorRegistry(0x55919ff85218) get_mode peer_type 16 is_secure 0
2026-02-13T09:57:02.201+0000 7fc876be4640 20 --2- 127.0.0.1:0/2861520442 >> [v2:127.0.0.1:6800/1355932116,v1:127.0.0.1:6801/1355932116] conn(0x5591965b7000 0x55919ff75b80 crc :-1 s=SESSION_CONNECTING pgs=0 cs=0 l=0 rev1=1 crypto rx=0 tx=0 comp rx=0 tx=0).send_client_ident
2026-02-13T09:57:02.201+0000 7fc878be8640 10 -- 127.0.0.1:0/1857049073 >> [v2:127.0.0.1:6800/1355932116,v1:127.0.0.1:6801/1355932116] conn(0x5591a0253c00 msgr2=0x55919ff76680 crc :-1 s=STATE_CONNECTION_ESTABLISHED l=1)._try_send sent bytes 41 remaining bytes 0
2026-02-13T09:57:02.201+0000 7fc876be4640 5 --2- 127.0.0.1:0/2861520442 >> [v2:127.0.0.1:6800/1355932116,v1:127.0.0.1:6801/1355932116] conn(0x5591965b7000 0x55919ff75b80 crc :-1 s=SESSION_CONNECTING pgs=0 cs=0 l=0 rev1=1 crypto rx=0 tx=0 comp rx=0 tx=0).send_client_ident sending identification: addrs=127.0.0.1:0/2861520442 target=v2:127.0.0.1:6800/1355932116 gid=4100 global_seq=3 features_supported=3f0ffffffffdffff features_required=800000000000000 flags=0 cookie=7135778e95a4370f
2026-02-13T09:57:02.201+0000 7fc878be8640 20 --2- 127.0.0.1:0/1857049073 >> [v2:127.0.0.1:6800/1355932116,v1:127.0.0.1:6801/1355932116] conn(0x5591a0253c00 0x55919ff76680 crc :-1 s=COMPRESSION_CONNECTING pgs=0 cs=0 l=1 rev1=1 crypto rx=0 tx=0 comp rx=0 tx=0).read_frame
2026-02-13T09:57:02.201+0000 7fc878be8640 20 -- 127.0.0.1:0/1857049073 >> [v2:127.0.0.1:6800/1355932116,v1:127.0.0.1:6801/1355932116] conn(0x5591a0253c00 msgr2=0x55919ff76680 crc :-1 s=STATE_CONNECTION_ESTABLISHED l=1).read start len=32
2026-02-13T09:57:02.201+0000 7fc878be8640 20 -- [v2:127.0.0.1:6800/1355932116,v1:127.0.0.1:6801/1355932116] >> conn(0x5591a03e8400 msgr2=0x55919ff77180 crc :-1 s=STATE_CONNECTION_ESTABLISHED l=1).process
2026-02-13T09:57:02.201+0000 7fc8783e7640 20 --2- [v2:127.0.0.1:6800/1355932116,v1:127.0.0.1:6801/1355932116] >> conn(0x5591a03e8000 0x55919ff76c00 crc :-1 s=AUTH_ACCEPTING_SIGN pgs=0 cs=0 l=1 rev1=1 crypto rx=0 tx=0 comp rx=0 tx=0).handle_read_frame_preamble_main r=0
2026-02-13T09:57:02.201+0000 7fc878be8640 20 -- [v2:127.0.0.1:6800/1355932116,v1:127.0.0.1:6801/1355932116] >> conn(0x5591a03e8400 msgr2=0x55919ff77180 crc :-1 s=STATE_CONNECTION_ESTABLISHED l=1).read continue len=32
2026-02-13T09:57:02.201+0000 7fc878be8640 20 --2- [v2:127.0.0.1:6800/1355932116,v1:127.0.0.1:6801/1355932116] >> conn(0x5591a03e8400 0x55919ff77180 crc :-1 s=SESSION_ACCEPTING pgs=0 cs=0 l=1 rev1=1 crypto rx=0 tx=0 comp rx=0 tx=0).handle_read_frame_preamble_main r=0
2026-02-13T09:57:02.201+0000 7fc878be8640 20 --2- [v2:127.0.0.1:6800/1355932116,v1:127.0.0.1:6801/1355932116] >> conn(0x5591a03e8400 0x55919ff77180 crc :-1 s=SESSION_ACCEPTING pgs=0 cs=0 l=1 rev1=1 crypto rx=0 tx=0 comp rx=0 tx=0).read_frame_segment seg_idx=0
2026-02-13T09:57:02.201+0000 7fc8783e7640 20 --2- [v2:127.0.0.1:6800/1355932116,v1:127.0.0.1:6801/1355932116] >> conn(0x5591a03e8000 0x55919ff76c00 crc :-1 s=AUTH_ACCEPTING_SIGN pgs=0 cs=0 l=1 rev1=1 crypto rx=0 tx=0 comp rx=0 tx=0).read_frame_segment seg_idx=0
2026-02-13T09:57:02.201+0000 7fc876be4640 10 -- 127.0.0.1:0/2861520442 >> [v2:127.0.0.1:6800/1355932116,v1:127.0.0.1:6801/1355932116] conn(0x5591965b7000 msgr2=0x55919ff75b80 crc :-1 s=STATE_CONNECTION_ESTABLISHED l=0)._try_send sent bytes 159 remaining bytes 0
2026-02-13T09:57:02.201+0000 7fc878be8640 20 -- [v2:127.0.0.1:6800/1355932116,v1:127.0.0.1:6801/1355932116] >> conn(0x5591a03e8400 msgr2=0x55919ff77180 crc :-1 s=STATE_CONNECTION_ESTABLISHED l=1).read start len=127
2026-02-13T09:57:02.201+0000 7fc878be8640 20 --2- [v2:127.0.0.1:6800/1355932116,v1:127.0.0.1:6801/1355932116] >> conn(0x5591a03e8400 0x55919ff77180 crc :-1 s=SESSION_ACCEPTING pgs=0 cs=0 l=1 rev1=1 crypto rx=0 tx=0 comp rx=0 tx=0).handle_read_frame_segment r=0
2026-02-13T09:57:02.201+0000 7fc8783e7640 20 -- [v2:127.0.0.1:6800/1355932116,v1:127.0.0.1:6801/1355932116] >> conn(0x5591a03e8000 msgr2=0x55919ff76c00 crc :-1 s=STATE_CONNECTION_ESTABLISHED l=1).read start len=36
2026-02-13T09:57:02.201+0000 7fc878be8640 10 --2- [v2:127.0.0.1:6800/1355932116,v1:127.0.0.1:6801/1355932116] >> conn(0x5591a03e8400 0x55919ff77180 crc :-1 s=SESSION_ACCEPTING pgs=0 cs=0 l=1 rev1=1 crypto rx=0 tx=0 comp rx=0 tx=0).handle_read_frame_dispatch tag=8
2026-02-13T09:57:02.201+0000 7fc876be4640 20 --2- 127.0.0.1:0/2861520442 >> [v2:127.0.0.1:6800/1355932116,v1:127.0.0.1:6801/1355932116] conn(0x5591965b7000 0x55919ff75b80 crc :-1 s=SESSION_CONNECTING pgs=0 cs=0 l=0 rev1=1 crypto rx=0 tx=0 comp rx=0 tx=0).read_frame
2026-02-13T09:57:02.201+0000 7fc878be8640 20 --2- [v2:127.0.0.1:6800/1355932116,v1:127.0.0.1:6801/1355932116] >> conn(0x5591a03e8400 0x55919ff77180 crc :-1 s=SESSION_ACCEPTING pgs=0 cs=0 l=1 rev1=1 crypto rx=0 tx=0 comp rx=0 tx=0).handle_client_ident payload.length()=123
2026-02-13T09:57:02.201+0000 7fc8783e7640 20 --2- [v2:127.0.0.1:6800/1355932116,v1:127.0.0.1:6801/1355932116] >> conn(0x5591a03e8000 0x55919ff76c00 crc :-1 s=AUTH_ACCEPTING_SIGN pgs=0 cs=0 l=1 rev1=1 crypto rx=0 tx=0 comp rx=0 tx=0).handle_read_frame_segment r=0
2026-02-13T09:57:02.201+0000 7fc876be4640 20 -- 127.0.0.1:0/2861520442 >> [v2:127.0.0.1:6800/1355932116,v1:127.0.0.1:6801/1355932116] conn(0x5591965b7000 msgr2=0x55919ff75b80 crc :-1 s=STATE_CONNECTION_ESTABLISHED l=0).read start len=32
2026-02-13T09:57:02.201+0000 7fc878be8640 5 --2- [v2:127.0.0.1:6800/1355932116,v1:127.0.0.1:6801/1355932116] >> conn(0x5591a03e8400 0x55919ff77180 crc :-1 s=SESSION_ACCEPTING pgs=0 cs=0 l=1 rev1=1 crypto rx=0 tx=0 comp rx=0 tx=0).handle_client_ident received client identification: addrs=127.0.0.1:0/2861520442 target=v2:127.0.0.1:6800/1355932116 gid=4100 global_seq=3 features_supported=3f0ffffffffdffff features_required=800000000000000 flags=0 cookie=7135778e95a4370f
2026-02-13T09:57:02.201+0000 7fc8783e7640 10 --2- [v2:127.0.0.1:6800/1355932116,v1:127.0.0.1:6801/1355932116] >> conn(0x5591a03e8000 0x55919ff76c00 crc :-1 s=AUTH_ACCEPTING_SIGN pgs=0 cs=0 l=1 rev1=1 crypto rx=0 tx=0 comp rx=0 tx=0).handle_read_frame_dispatch tag=7
2026-02-13T09:57:02.201+0000 7fc878be8640 10 -- [v2:127.0.0.1:6800/1355932116,v1:127.0.0.1:6801/1355932116] >> 127.0.0.1:0/2861520442 conn(0x5591a03e8400 msgr2=0x55919ff77180 crc :-1 s=STATE_CONNECTION_ESTABLISHED l=1)._infer_target_addr 127.0.0.1:0/2861520442 -> 127.0.0.1:0/2861520442
2026-02-13T09:57:02.201+0000 7fc8783e7640 20 --2- [v2:127.0.0.1:6800/1355932116,v1:127.0.0.1:6801/1355932116] >> conn(0x5591a03e8000 0x55919ff76c00 crc :-1 s=AUTH_ACCEPTING_SIGN pgs=0 cs=0 l=1 rev1=1 crypto rx=0 tx=0 comp rx=0 tx=0).handle_auth_signature payload.length()=32
2026-02-13T09:57:02.201+0000 7fc876be4640 20 -- [v2:127.0.0.1:6800/1355932116,v1:127.0.0.1:6801/1355932116] >> conn(0x5591a03e8800 msgr2=0x55919ff77700 unknown :-1 s=STATE_CONNECTION_ESTABLISHED l=0).process
2026-02-13T09:57:02.201+0000 7fc878be8640 20 --2- [v2:127.0.0.1:6800/1355932116,v1:127.0.0.1:6801/1355932116] >> 127.0.0.1:0/2861520442 conn(0x5591a03e8400 0x55919ff77180 crc :-1 s=SESSION_ACCEPTING pgs=3 cs=0 l=1 rev1=1 crypto rx=0 tx=0 comp rx=0 tx=0).send_server_ident
2026-02-13T09:57:02.201+0000 7fc876be4640 20 -- [v2:127.0.0.1:6800/1355932116,v1:127.0.0.1:6801/1355932116] >> conn(0x5591a03e8800 msgr2=0x55919ff77700 unknown :-1 s=STATE_CONNECTION_ESTABLISHED l=0).read continue len=32
2026-02-13T09:57:02.201+0000 7fc878be8640 10 --2- [v2:127.0.0.1:6800/1355932116,v1:127.0.0.1:6801/1355932116] >> 127.0.0.1:0/2861520442 conn(0x5591a03e8400 0x55919ff77180 crc :-1 s=SESSION_ACCEPTING pgs=3 cs=0 l=1 rev1=1 crypto rx=0 tx=0 comp rx=0 tx=0).discard_requeued_up_to 0
2026-02-13T09:57:02.201+0000 7fc878be8640 5 --2- [v2:127.0.0.1:6800/1355932116,v1:127.0.0.1:6801/1355932116] >> 127.0.0.1:0/2861520442 conn(0x5591a03e8400 0x55919ff77180 crc :-1 s=SESSION_ACCEPTING pgs=3 cs=0 l=1 rev1=1 crypto rx=0 tx=0 comp rx=0 tx=0).send_server_ident sending identification: addrs=[v2:127.0.0.1:6800/1355932116,v1:127.0.0.1:6801/1355932116] gid=4100 global_seq=1 features_supported=3f0ffffffffdffff features_required=800000000000000 flags=1 cookie=0
2026-02-13T09:57:02.201+0000 7fc8783e7640 20 --2- [v2:127.0.0.1:6800/1355932116,v1:127.0.0.1:6801/1355932116] >> conn(0x5591a03e8000 0x55919ff76c00 crc :-1 s=AUTH_ACCEPTING_SIGN pgs=0 cs=0 l=1 rev1=1 crypto rx=0 tx=0 comp rx=0 tx=0).handle_auth_signature pre-auth signature success sig_frame.signature()=0000000000000000000000000000000000000000000000000000000000000000
2026-02-13T09:57:02.201+0000 7fc8783e7640 20 --2- [v2:127.0.0.1:6800/1355932116,v1:127.0.0.1:6801/1355932116] >> conn(0x5591a03e8000 0x55919ff76c00 crc :-1 s=COMPRESSION_ACCEPTING pgs=0 cs=0 l=1 rev1=1 crypto rx=0 tx=0 comp rx=0 tx=0).read_frame
2026-02-13T09:57:02.201+0000 7fc876be4640 20 --2- [v2:127.0.0.1:6800/1355932116,v1:127.0.0.1:6801/1355932116] >> conn(0x5591a03e8800 0x55919ff77700 unknown :-1 s=HELLO_ACCEPTING pgs=0 cs=0 l=0 rev1=1 crypto rx=0 tx=0 comp rx=0 tx=0).handle_read_frame_preamble_main r=0
2026-02-13T09:57:02.201+0000 7fc8783e7640 20 -- [v2:127.0.0.1:6800/1355932116,v1:127.0.0.1:6801/1355932116] >> conn(0x5591a03e8000 msgr2=0x55919ff76c00 crc :-1 s=STATE_CONNECTION_ESTABLISHED l=1).read start len=32
2026-02-13T09:57:02.201+0000 7fc876be4640 20 --2- [v2:127.0.0.1:6800/1355932116,v1:127.0.0.1:6801/1355932116] >> conn(0x5591a03e8800 0x55919ff77700 unknown :-1 s=HELLO_ACCEPTING pgs=0 cs=0 l=0 rev1=1 crypto rx=0 tx=0 comp rx=0 tx=0).read_frame_segment seg_idx=0
2026-02-13T09:57:02.201+0000 7fc8783e7640 20 --2- [v2:127.0.0.1:6800/1355932116,v1:127.0.0.1:6801/1355932116] >> conn(0x5591a03e8000 0x55919ff76c00 crc :-1 s=COMPRESSION_ACCEPTING pgs=0 cs=0 l=1 rev1=1 crypto rx=0 tx=0 comp rx=0 tx=0).handle_read_frame_preamble_main r=0
2026-02-13T09:57:02.201+0000 7fc876be4640 20 -- [v2:127.0.0.1:6800/1355932116,v1:127.0.0.1:6801/1355932116] >> conn(0x5591a03e8800 msgr2=0x55919ff77700 unknown :-1 s=STATE_CONNECTION_ESTABLISHED l=0).read start len=40
2026-02-13T09:57:02.201+0000 7fc8783e7640 20 --2- [v2:127.0.0.1:6800/1355932116,v1:127.0.0.1:6801/1355932116] >> conn(0x5591a03e8000 0x55919ff76c00 crc :-1 s=COMPRESSION_ACCEPTING pgs=0 cs=0 l=1 rev1=1 crypto rx=0 tx=0 comp rx=0 tx=0).read_frame_segment seg_idx=0
2026-02-13T09:57:02.201+0000 7fc878be8640 10 -- [v2:127.0.0.1:6800/1355932116,v1:127.0.0.1:6801/1355932116] >> 127.0.0.1:0/2861520442 conn(0x5591a03e8400 msgr2=0x55919ff77180 crc :-1 s=STATE_CONNECTION_ESTABLISHED l=1)._try_send sent bytes 159 remaining bytes 0
2026-02-13T09:57:02.201+0000 7fc876be4640 20 --2- [v2:127.0.0.1:6800/1355932116,v1:127.0.0.1:6801/1355932116] >> conn(0x5591a03e8800 0x55919ff77700 unknown :-1 s=HELLO_ACCEPTING pgs=0 cs=0 l=0 rev1=1 crypto rx=0 tx=0 comp rx=0 tx=0).handle_read_frame_segment r=0
2026-02-13T09:57:02.201+0000 7fc8783e7640 20 -- [v2:127.0.0.1:6800/1355932116,v1:127.0.0.1:6801/1355932116] >> conn(0x5591a03e8000 msgr2=0x55919ff76c00 crc :-1 s=STATE_CONNECTION_ESTABLISHED l=1).read start len=9
2026-02-13T09:57:02.201+0000 7fc878be8640 20 --2- [v2:127.0.0.1:6800/1355932116,v1:127.0.0.1:6801/1355932116] >> 127.0.0.1:0/2861520442 conn(0x5591a03e8400 0x55919ff77180 crc :-1 s=SESSION_ACCEPTING pgs=3 cs=0 l=1 rev1=1 crypto rx=0 tx=0 comp rx=0 tx=0).server_ready
2026-02-13T09:57:02.201+0000 7fc876be4640 10 --2- [v2:127.0.0.1:6800/1355932116,v1:127.0.0.1:6801/1355932116] >> conn(0x5591a03e8800 0x55919ff77700 unknown :-1 s=HELLO_ACCEPTING pgs=0 cs=0 l=0 rev1=1 crypto rx=0 tx=0 comp rx=0 tx=0).handle_read_frame_dispatch tag=1
2026-02-13T09:57:02.201+0000 7fc8783e7640 20 --2- [v2:127.0.0.1:6800/1355932116,v1:127.0.0.1:6801/1355932116] >> conn(0x5591a03e8000 0x55919ff76c00 crc :-1 s=COMPRESSION_ACCEPTING pgs=0 cs=0 l=1 rev1=1 crypto rx=0 tx=0 comp rx=0 tx=0).handle_read_frame_segment r=0
2026-02-13T09:57:02.201+0000 7fc876be4640 20 --2- [v2:127.0.0.1:6800/1355932116,v1:127.0.0.1:6801/1355932116] >> conn(0x5591a03e8800 0x55919ff77700 unknown :-1 s=HELLO_ACCEPTING pgs=0 cs=0 l=0 rev1=1 crypto rx=0 tx=0 comp rx=0 tx=0).handle_hello payload.length()=36
2026-02-13T09:57:02.201+0000 7fc8783e7640 10 --2- [v2:127.0.0.1:6800/1355932116,v1:127.0.0.1:6801/1355932116] >> conn(0x5591a03e8000 0x55919ff76c00 crc :-1 s=COMPRESSION_ACCEPTING pgs=0 cs=0 l=1 rev1=1 crypto rx=0 tx=0 comp rx=0 tx=0).handle_read_frame_dispatch tag=21
2026-02-13T09:57:02.201+0000 7fc876be4640 5 --2- [v2:127.0.0.1:6800/1355932116,v1:127.0.0.1:6801/1355932116] >> conn(0x5591a03e8800 0x55919ff77700 unknown :-1 s=HELLO_ACCEPTING pgs=0 cs=0 l=0 rev1=1 crypto rx=0 tx=0 comp rx=0 tx=0).handle_hello received hello: peer_type=8 peer_addr_for_me=v2:127.0.0.1:6800/1355932116
2026-02-13T09:57:02.201+0000 7fc8783e7640 10 --2- [v2:127.0.0.1:6800/1355932116,v1:127.0.0.1:6801/1355932116] >> conn(0x5591a03e8000 0x55919ff76c00 crc :-1 s=COMPRESSION_ACCEPTING pgs=0 cs=0 l=1 rev1=1 crypto rx=0 tx=0 comp rx=0 tx=0).handle_compression_request CompressionRequestFrame(is_compress=0, preferred_methods=[])
2026-02-13T09:57:02.201+0000 7fc8783e7640 20 CompressorRegistry(0x55919ff82218) get_mode peer_type 1 is_secure 0
2026-02-13T09:57:02.201+0000 7fc876be4640 5 --2- [v2:127.0.0.1:6800/1355932116,v1:127.0.0.1:6801/1355932116] >> conn(0x5591a03e8800 0x55919ff77700 unknown :-1 s=HELLO_ACCEPTING pgs=0 cs=0 l=0 rev1=1 crypto rx=0 tx=0 comp rx=0 tx=0).handle_hello getsockname says I am 127.0.0.1:6800 when talking to v2:127.0.0.1:41034/0
2026-02-13T09:57:02.201+0000 7fc876be4640 10 --2- [v2:127.0.0.1:6800/1355932116,v1:127.0.0.1:6801/1355932116] >> conn(0x5591a03e8800 0x55919ff77700 unknown :-1 s=HELLO_ACCEPTING pgs=0 cs=0 l=1 rev1=1 crypto rx=0 tx=0 comp rx=0 tx=0).handle_hello accept of host_type 8, policy.lossy=1 policy.server=1 policy.standby=0 policy.resetcheck=0
2026-02-13T09:57:02.201+0000 7fc876be4640 20 --2- [v2:127.0.0.1:6800/1355932116,v1:127.0.0.1:6801/1355932116] >> conn(0x5591a03e8800 0x55919ff77700 unknown :-1 s=HELLO_ACCEPTING pgs=0 cs=0 l=1 rev1=1 crypto rx=0 tx=0 comp rx=0 tx=0).post_server_banner_exchange
2026-02-13T09:57:02.201+0000 7fc876be4640 20 --2- [v2:127.0.0.1:6800/1355932116,v1:127.0.0.1:6801/1355932116] >> conn(0x5591a03e8800 0x55919ff77700 unknown :-1 s=AUTH_ACCEPTING pgs=0 cs=0 l=1 rev1=1 crypto rx=0 tx=0 comp rx=0 tx=0).read_frame
2026-02-13T09:57:02.201+0000 7fc8783e7640 10 -- [v2:127.0.0.1:6800/1355932116,v1:127.0.0.1:6801/1355932116] >> conn(0x5591a03e8000 msgr2=0x55919ff76c00 crc :-1 s=STATE_CONNECTION_ESTABLISHED l=1)._try_send sent bytes 41 remaining bytes 0
2026-02-13T09:57:02.201+0000 7fc876be4640 20 -- [v2:127.0.0.1:6800/1355932116,v1:127.0.0.1:6801/1355932116] >> conn(0x5591a03e8800 msgr2=0x55919ff77700 unknown :-1 s=STATE_CONNECTION_ESTABLISHED l=1).read start len=32
2026-02-13T09:57:02.201+0000 7fc8783e7640 20 --2- [v2:127.0.0.1:6800/1355932116,v1:127.0.0.1:6801/1355932116] >> conn(0x5591a03e8000 0x55919ff76c00 crc :-1 s=SESSION_ACCEPTING pgs=0 cs=0 l=1 rev1=1 crypto rx=0 tx=0 comp rx=0 tx=0).read_frame
2026-02-13T09:57:02.201+0000 7fc876be4640 20 --2- [v2:127.0.0.1:6800/1355932116,v1:127.0.0.1:6801/1355932116] >> conn(0x5591a03e8800 0x55919ff77700 unknown :-1 s=AUTH_ACCEPTING pgs=0 cs=0 l=1 rev1=1 crypto rx=0 tx=0 comp rx=0 tx=0).handle_read_frame_preamble_main r=0
2026-02-13T09:57:02.201+0000 7fc8783e7640 20 -- [v2:127.0.0.1:6800/1355932116,v1:127.0.0.1:6801/1355932116] >> conn(0x5591a03e8000 msgr2=0x55919ff76c00 crc :-1 s=STATE_CONNECTION_ESTABLISHED l=1).read start len=32
2026-02-13T09:57:02.201+0000 7fc876be4640 20 --2- [v2:127.0.0.1:6800/1355932116,v1:127.0.0.1:6801/1355932116] >> conn(0x5591a03e8800 0x55919ff77700 unknown :-1 s=AUTH_ACCEPTING pgs=0 cs=0 l=1 rev1=1 crypto rx=0 tx=0 comp rx=0 tx=0).read_frame_segment seg_idx=0
2026-02-13T09:57:02.201+0000 7fc876be4640 20 -- [v2:127.0.0.1:6800/1355932116,v1:127.0.0.1:6801/1355932116] >> conn(0x5591a03e8800 msgr2=0x55919ff77700 unknown :-1 s=STATE_CONNECTION_ESTABLISHED l=1).read start len=38
2026-02-13T09:57:02.201+0000 7fc8783e7640 20 -- 127.0.0.1:0/650196881 >> [v2:127.0.0.1:6800/1355932116,v1:127.0.0.1:6801/1355932116] conn(0x5591a03e8c00 msgr2=0x5591a0474000 unknown :-1 s=STATE_CONNECTION_ESTABLISHED l=1).process
2026-02-13T09:57:02.201+0000 7fc876be4640 20 --2- [v2:127.0.0.1:6800/1355932116,v1:127.0.0.1:6801/1355932116] >> conn(0x5591a03e8800 0x55919ff77700 unknown :-1 s=AUTH_ACCEPTING pgs=0 cs=0 l=1 rev1=1 crypto rx=0 tx=0 comp rx=0 tx=0).handle_read_frame_segment r=0
2026-02-13T09:57:02.201+0000 7fc8783e7640 20 -- 127.0.0.1:0/650196881 >> [v2:127.0.0.1:6800/1355932116,v1:127.0.0.1:6801/1355932116] conn(0x5591a03e8c00 msgr2=0x5591a0474000 unknown :-1 s=STATE_CONNECTION_ESTABLISHED l=1).read continue len=10
2026-02-13T09:57:02.201+0000 7fc876be4640 10 --2- [v2:127.0.0.1:6800/1355932116,v1:127.0.0.1:6801/1355932116] >> conn(0x5591a03e8800 0x55919ff77700 unknown :-1 s=AUTH_ACCEPTING pgs=0 cs=0 l=1 rev1=1 crypto rx=0 tx=0 comp rx=0 tx=0).handle_read_frame_dispatch tag=2
2026-02-13T09:57:02.201+0000 7fc876be4640 20 --2- [v2:127.0.0.1:6800/1355932116,v1:127.0.0.1:6801/1355932116] >> conn(0x5591a03e8800 0x55919ff77700 unknown :-1 s=AUTH_ACCEPTING pgs=0 cs=0 l=1 rev1=1 crypto rx=0 tx=0 comp rx=0 tx=0).handle_auth_request payload.length()=34
2026-02-13T09:57:02.201+0000 7fc8783e7640 20 --2- 127.0.0.1:0/650196881 >> [v2:127.0.0.1:6800/1355932116,v1:127.0.0.1:6801/1355932116] conn(0x5591a03e8c00 0x5591a0474000 unknown :-1 s=BANNER_CONNECTING pgs=0 cs=0 l=1 rev1=0 crypto rx=0 tx=0 comp rx=0 tx=0)._handle_peer_banner r=0
2026-02-13T09:57:02.201+0000 7fc876be4640 10 --2- [v2:127.0.0.1:6800/1355932116,v1:127.0.0.1:6801/1355932116] >> conn(0x5591a03e8800 0x55919ff77700 unknown :-1 s=AUTH_ACCEPTING pgs=0 cs=0 l=1 rev1=1 crypto rx=0 tx=0 comp rx=0 tx=0).handle_auth_request AuthRequest(method=1, preferred_modes=[1], payload_len=18)
2026-02-13T09:57:02.201+0000 7fc8783e7640 20 -- 127.0.0.1:0/650196881 >> [v2:127.0.0.1:6800/1355932116,v1:127.0.0.1:6801/1355932116] conn(0x5591a03e8c00 msgr2=0x5591a0474000 unknown :-1 s=STATE_CONNECTION_ESTABLISHED l=1).read start len=16
2026-02-13T09:57:02.201+0000 7fc8783e7640 20 --2- 127.0.0.1:0/650196881 >> [v2:127.0.0.1:6800/1355932116,v1:127.0.0.1:6801/1355932116] conn(0x5591a03e8c00 0x5591a0474000 unknown :-1 s=BANNER_CONNECTING pgs=0 cs=0 l=1 rev1=0 crypto rx=0 tx=0 comp rx=0 tx=0)._handle_peer_banner_payload r=0
2026-02-13T09:57:02.201+0000 7fc876be4640 10 mgr.server ms_handle_fast_authentication ms_handle_fast_authentication new session 0x5591a027f7a0 con 0x5591a03e8800 entity mgr.x addr
2026-02-13T09:57:02.201+0000 7fc876be4640 10 mgr.server ms_handle_fast_authentication session 0x5591a027f7a0 mgr.x allow_all
2026-02-13T09:57:02.201+0000 7fc8783e7640 1 --2- 127.0.0.1:0/650196881 >> [v2:127.0.0.1:6800/1355932116,v1:127.0.0.1:6801/1355932116] conn(0x5591a03e8c00 0x5591a0474000 unknown :-1 s=BANNER_CONNECTING pgs=0 cs=0 l=1 rev1=0 crypto rx=0 tx=0 comp rx=0 tx=0)._handle_peer_banner_payload supported=3 required=0
2026-02-13T09:57:02.201+0000 7fc876be4640 10 -- [v2:127.0.0.1:6800/1355932116,v1:127.0.0.1:6801/1355932116] >> conn(0x5591a03e8800 msgr2=0x55919ff77700 crc :-1 s=STATE_CONNECTION_ESTABLISHED l=1)._try_send sent bytes 52 remaining bytes 0
2026-02-13T09:57:02.201+0000 7fc8783e7640 10 -- 127.0.0.1:0/650196881 >> [v2:127.0.0.1:6800/1355932116,v1:127.0.0.1:6801/1355932116] conn(0x5591a03e8c00 msgr2=0x5591a0474000 unknown :-1 s=STATE_CONNECTION_ESTABLISHED l=1)._try_send sent bytes 72 remaining bytes 0
2026-02-13T09:57:02.201+0000 7fc8783e7640 20 --2- 127.0.0.1:0/650196881 >> [v2:127.0.0.1:6800/1355932116,v1:127.0.0.1:6801/1355932116] conn(0x5591a03e8c00 0x5591a0474000 unknown :-1 s=HELLO_CONNECTING pgs=0 cs=0 l=1 rev1=1 crypto rx=0 tx=0 comp rx=0 tx=0).read_frame
2026-02-13T09:57:02.201+0000 7fc8783e7640 20 -- 127.0.0.1:0/650196881 >> [v2:127.0.0.1:6800/1355932116,v1:127.0.0.1:6801/1355932116] conn(0x5591a03e8c00 msgr2=0x5591a0474000 unknown :-1 s=STATE_CONNECTION_ESTABLISHED l=1).read start len=32
2026-02-13T09:57:02.201+0000 7fc8783e7640 20 --2- 127.0.0.1:0/650196881 >> [v2:127.0.0.1:6800/1355932116,v1:127.0.0.1:6801/1355932116] conn(0x5591a03e8c00 0x5591a0474000 unknown :-1 s=HELLO_CONNECTING pgs=0 cs=0 l=1 rev1=1 crypto rx=0 tx=0 comp rx=0 tx=0).handle_read_frame_preamble_main r=0
2026-02-13T09:57:02.201+0000 7fc876be4640 10 -- [v2:127.0.0.1:6800/1355932116,v1:127.0.0.1:6801/1355932116] >> conn(0x5591a03e8800 msgr2=0x55919ff77700 crc :-1 s=STATE_CONNECTION_ESTABLISHED l=1)._try_send sent bytes 68 remaining bytes 0
2026-02-13T09:57:02.201+0000 7fc8783e7640 20 --2- 127.0.0.1:0/650196881 >> [v2:127.0.0.1:6800/1355932116,v1:127.0.0.1:6801/1355932116] conn(0x5591a03e8c00 0x5591a0474000 unknown :-1 s=HELLO_CONNECTING pgs=0 cs=0 l=1 rev1=1 crypto rx=0 tx=0 comp rx=0 tx=0).read_frame_segment seg_idx=0
2026-02-13T09:57:02.201+0000 7fc876be4640 20 --2- [v2:127.0.0.1:6800/1355932116,v1:127.0.0.1:6801/1355932116] >> conn(0x5591a03e8800 0x55919ff77700 crc :-1 s=AUTH_ACCEPTING_SIGN pgs=0 cs=0 l=1 rev1=1 crypto rx=0 tx=0 comp rx=0 tx=0).read_frame
2026-02-13T09:57:02.201+0000 7fc8783e7640 20 -- 127.0.0.1:0/650196881 >> [v2:127.0.0.1:6800/1355932116,v1:127.0.0.1:6801/1355932116] conn(0x5591a03e8c00 msgr2=0x5591a0474000 unknown :-1 s=STATE_CONNECTION_ESTABLISHED l=1).read start len=40
2026-02-13T09:57:02.201+0000 7fc876be4640 20 -- [v2:127.0.0.1:6800/1355932116,v1:127.0.0.1:6801/1355932116] >> conn(0x5591a03e8800 msgr2=0x55919ff77700 crc :-1 s=STATE_CONNECTION_ESTABLISHED l=1).read start len=32
2026-02-13T09:57:02.201+0000 7fc8783e7640 20 --2- 127.0.0.1:0/650196881 >> [v2:127.0.0.1:6800/1355932116,v1:127.0.0.1:6801/1355932116] conn(0x5591a03e8c00 0x5591a0474000 unknown :-1 s=HELLO_CONNECTING pgs=0 cs=0 l=1 rev1=1 crypto rx=0 tx=0 comp rx=0 tx=0).handle_read_frame_segment r=0
2026-02-13T09:57:02.201+0000 7fc8783e7640 10 --2- 127.0.0.1:0/650196881 >> [v2:127.0.0.1:6800/1355932116,v1:127.0.0.1:6801/1355932116] conn(0x5591a03e8c00 0x5591a0474000 unknown :-1 s=HELLO_CONNECTING pgs=0 cs=0 l=1 rev1=1 crypto rx=0 tx=0 comp rx=0 tx=0).handle_read_frame_dispatch tag=1
2026-02-13T09:57:02.201+0000 7fc876be4640 20 -- 127.0.0.1:0/2861520442 >> [v2:127.0.0.1:6800/1355932116,v1:127.0.0.1:6801/1355932116] conn(0x5591965b7000 msgr2=0x55919ff75b80 crc :-1 s=STATE_CONNECTION_ESTABLISHED l=0).process
2026-02-13T09:57:02.201+0000 7fc8783e7640 20 --2- 127.0.0.1:0/650196881 >> [v2:127.0.0.1:6800/1355932116,v1:127.0.0.1:6801/1355932116] conn(0x5591a03e8c00 0x5591a0474000 unknown :-1 s=HELLO_CONNECTING pgs=0 cs=0 l=1 rev1=1 crypto rx=0 tx=0 comp rx=0 tx=0).handle_hello payload.length()=36
2026-02-13T09:57:02.201+0000 7fc876be4640 20 -- 127.0.0.1:0/2861520442 >> [v2:127.0.0.1:6800/1355932116,v1:127.0.0.1:6801/1355932116] conn(0x5591965b7000 msgr2=0x55919ff75b80 crc :-1 s=STATE_CONNECTION_ESTABLISHED l=0).read continue len=32
2026-02-13T09:57:02.201+0000 7fc8783e7640 5 --2- 127.0.0.1:0/650196881 >> [v2:127.0.0.1:6800/1355932116,v1:127.0.0.1:6801/1355932116] conn(0x5591a03e8c00 0x5591a0474000 unknown :-1 s=HELLO_CONNECTING pgs=0 cs=0 l=1 rev1=1 crypto rx=0 tx=0 comp rx=0 tx=0).handle_hello received hello: peer_type=16 peer_addr_for_me=v2:127.0.0.1:41050/0
2026-02-13T09:57:02.201+0000 7fc876be4640 20 --2- 127.0.0.1:0/2861520442 >> [v2:127.0.0.1:6800/1355932116,v1:127.0.0.1:6801/1355932116] conn(0x5591965b7000 0x55919ff75b80 crc :-1 s=SESSION_CONNECTING pgs=0 cs=0 l=0 rev1=1 crypto rx=0 tx=0 comp rx=0 tx=0).handle_read_frame_preamble_main r=0
2026-02-13T09:57:02.201+0000 7fc876be4640 20 --2- 127.0.0.1:0/2861520442 >> [v2:127.0.0.1:6800/1355932116,v1:127.0.0.1:6801/1355932116] conn(0x5591965b7000 0x55919ff75b80 crc :-1 s=SESSION_CONNECTING pgs=0 cs=0 l=0 rev1=1 crypto rx=0 tx=0 comp rx=0 tx=0).read_frame_segment seg_idx=0
2026-02-13T09:57:02.201+0000 7fc8783e7640 5 --2- 127.0.0.1:0/650196881 >> [v2:127.0.0.1:6800/1355932116,v1:127.0.0.1:6801/1355932116] conn(0x5591a03e8c00 0x5591a0474000 unknown :-1 s=HELLO_CONNECTING pgs=0 cs=0 l=1 rev1=1 crypto rx=0 tx=0 comp rx=0 tx=0).handle_hello getsockname says I am 127.0.0.1:41050 when talking to v2:127.0.0.1:6800/1355932116
2026-02-13T09:57:02.201+0000 7fc876be4640 20 -- 127.0.0.1:0/2861520442 >> [v2:127.0.0.1:6800/1355932116,v1:127.0.0.1:6801/1355932116] conn(0x5591965b7000 msgr2=0x55919ff75b80 crc :-1 s=STATE_CONNECTION_ESTABLISHED l=0).read start len=127
2026-02-13T09:57:02.201+0000 7fc8783e7640 20 --2- 127.0.0.1:0/650196881 >> [v2:127.0.0.1:6800/1355932116,v1:127.0.0.1:6801/1355932116] conn(0x5591a03e8c00 0x5591a0474000 unknown :-1 s=HELLO_CONNECTING pgs=0 cs=0 l=1 rev1=1 crypto rx=0 tx=0 comp rx=0 tx=0).post_client_banner_exchange
2026-02-13T09:57:02.201+0000 7fc876be4640 20 --2- 127.0.0.1:0/2861520442 >> [v2:127.0.0.1:6800/1355932116,v1:127.0.0.1:6801/1355932116] conn(0x5591965b7000 0x55919ff75b80 crc :-1 s=SESSION_CONNECTING pgs=0 cs=0 l=0 rev1=1 crypto rx=0 tx=0 comp rx=0 tx=0).handle_read_frame_segment r=0
2026-02-13T09:57:02.201+0000 7fc8783e7640 20 --2- 127.0.0.1:0/650196881 >> [v2:127.0.0.1:6800/1355932116,v1:127.0.0.1:6801/1355932116] conn(0x5591a03e8c00 0x5591a0474000 unknown :-1 s=AUTH_CONNECTING pgs=0 cs=0 l=1 rev1=1 crypto rx=0 tx=0 comp rx=0 tx=0).send_auth_request peer_type 16 auth_client 0x55919ffa80d0
2026-02-13T09:57:02.201+0000 7fc876be4640 10 --2- 127.0.0.1:0/2861520442 >> [v2:127.0.0.1:6800/1355932116,v1:127.0.0.1:6801/1355932116] conn(0x5591965b7000 0x55919ff75b80 crc :-1 s=SESSION_CONNECTING pgs=0 cs=0 l=0 rev1=1 crypto rx=0 tx=0 comp rx=0 tx=0).handle_read_frame_dispatch tag=9
2026-02-13T09:57:02.201+0000 7fc876be4640 20 --2- 127.0.0.1:0/2861520442 >> [v2:127.0.0.1:6800/1355932116,v1:127.0.0.1:6801/1355932116] conn(0x5591965b7000 0x55919ff75b80 crc :-1 s=SESSION_CONNECTING pgs=0 cs=0 l=0 rev1=1 crypto rx=0 tx=0 comp rx=0 tx=0).handle_server_ident payload.length()=123
2026-02-13T09:57:02.201+0000 7fc876be4640 5 --2- 127.0.0.1:0/2861520442 >> [v2:127.0.0.1:6800/1355932116,v1:127.0.0.1:6801/1355932116] conn(0x5591965b7000 0x55919ff75b80 crc :-1 s=SESSION_CONNECTING pgs=0 cs=0 l=0 rev1=1 crypto rx=0 tx=0 comp rx=0 tx=0).handle_server_ident received server identification: addrs=[v2:127.0.0.1:6800/1355932116,v1:127.0.0.1:6801/1355932116] gid=4100 global_seq=1 features_supported=3f0ffffffffdffff features_required=800000000000000 flags=1 cookie=0
2026-02-13T09:57:02.201+0000 7fc8783e7640 10 -- 127.0.0.1:0/650196881 >> [v2:127.0.0.1:6800/1355932116,v1:127.0.0.1:6801/1355932116] conn(0x5591a03e8c00 msgr2=0x5591a0474000 unknown :-1 s=STATE_CONNECTION_ESTABLISHED l=1)._try_send sent bytes 70 remaining bytes 0
2026-02-13T09:57:02.201+0000 7fc876be4640 10 --2- 127.0.0.1:0/2861520442 >> [v2:127.0.0.1:6800/1355932116,v1:127.0.0.1:6801/1355932116] conn(0x5591965b7000 0x55919ff75b80 crc :-1 s=SESSION_CONNECTING pgs=1 cs=0 l=1 rev1=1 crypto rx=0 tx=0 comp rx=0 tx=0).handle_server_ident connect success 0, lossy = 1, features 4544132024016699391
2026-02-13T09:57:02.201+0000 7fc8783e7640 20 --2- 127.0.0.1:0/650196881 >> [v2:127.0.0.1:6800/1355932116,v1:127.0.0.1:6801/1355932116] conn(0x5591a03e8c00 0x5591a0474000 unknown :-1 s=AUTH_CONNECTING pgs=0 cs=0 l=1 rev1=1 crypto rx=0 tx=0 comp rx=0 tx=0).read_frame
2026-02-13T09:57:02.201+0000 7fc8783e7640 20 -- 127.0.0.1:0/650196881 >> [v2:127.0.0.1:6800/1355932116,v1:127.0.0.1:6801/1355932116] conn(0x5591a03e8c00 msgr2=0x5591a0474000 unknown :-1 s=STATE_CONNECTION_ESTABLISHED l=1).read start len=32
2026-02-13T09:57:02.201+0000 7fc8783e7640 20 -- 127.0.0.1:0/3923947244 >> [v2:127.0.0.1:6800/1355932116,v1:127.0.0.1:6801/1355932116] conn(0x5591a0253800 msgr2=0x55919669a000 unknown :-1 s=STATE_CONNECTION_ESTABLISHED l=1).process
2026-02-13T09:57:02.201+0000 7fc8783e7640 20 -- 127.0.0.1:0/3923947244 >> [v2:127.0.0.1:6800/1355932116,v1:127.0.0.1:6801/1355932116] conn(0x5591a0253800 msgr2=0x55919669a000 unknown :-1 s=STATE_CONNECTION_ESTABLISHED l=1).read continue len=32
2026-02-13T09:57:02.201+0000 7fc8783e7640 20 --2- 127.0.0.1:0/3923947244 >> [v2:127.0.0.1:6800/1355932116,v1:127.0.0.1:6801/1355932116] conn(0x5591a0253800 0x55919669a000 unknown :-1 s=AUTH_CONNECTING pgs=0 cs=0 l=1 rev1=1 crypto rx=0 tx=0 comp rx=0 tx=0).handle_read_frame_preamble_main r=0
2026-02-13T09:57:02.201+0000 7fc8783e7640 20 --2- 127.0.0.1:0/3923947244 >> [v2:127.0.0.1:6800/1355932116,v1:127.0.0.1:6801/1355932116] conn(0x5591a0253800 0x55919669a000 unknown :-1 s=AUTH_CONNECTING pgs=0 cs=0 l=1 rev1=1 crypto rx=0 tx=0 comp rx=0 tx=0).read_frame_segment seg_idx=0
2026-02-13T09:57:02.201+0000 7fc8783e7640 20 -- 127.0.0.1:0/3923947244 >> [v2:127.0.0.1:6800/1355932116,v1:127.0.0.1:6801/1355932116] conn(0x5591a0253800 msgr2=0x55919669a000 unknown :-1 s=STATE_CONNECTION_ESTABLISHED l=1).read start len=20
2026-02-13T09:57:02.201+0000 7fc8783e7640 20 --2- 127.0.0.1:0/3923947244 >> [v2:127.0.0.1:6800/1355932116,v1:127.0.0.1:6801/1355932116] conn(0x5591a0253800 0x55919669a000 unknown :-1 s=AUTH_CONNECTING pgs=0 cs=0 l=1 rev1=1 crypto rx=0 tx=0 comp rx=0 tx=0).handle_read_frame_segment r=0
2026-02-13T09:57:02.201+0000 7fc8783e7640 10 --2- 127.0.0.1:0/3923947244 >> [v2:127.0.0.1:6800/1355932116,v1:127.0.0.1:6801/1355932116] conn(0x5591a0253800 0x55919669a000 unknown :-1 s=AUTH_CONNECTING pgs=0 cs=0 l=1 rev1=1 crypto rx=0 tx=0 comp rx=0 tx=0).handle_read_frame_dispatch tag=6
2026-02-13T09:57:02.201+0000 7fc8783e7640 20 --2- 127.0.0.1:0/3923947244 >> [v2:127.0.0.1:6800/1355932116,v1:127.0.0.1:6801/1355932116] conn(0x5591a0253800 0x55919669a000 unknown :-1 s=AUTH_CONNECTING pgs=0 cs=0 l=1 rev1=1 crypto rx=0 tx=0 comp rx=0 tx=0).handle_auth_done payload.length()=16
2026-02-13T09:57:02.201+0000 7fc8783e7640 10 -- 127.0.0.1:0/3923947244 >> [v2:127.0.0.1:6800/1355932116,v1:127.0.0.1:6801/1355932116] conn(0x5591a0253800 msgr2=0x55919669a000 crc :-1 s=STATE_CONNECTION_ESTABLISHED l=1)._try_send sent bytes 68 remaining bytes 0
2026-02-13T09:57:02.201+0000 7fc8783e7640 20 --2- 127.0.0.1:0/3923947244 >> [v2:127.0.0.1:6800/1355932116,v1:127.0.0.1:6801/1355932116] conn(0x5591a0253800 0x55919669a000 crc :-1 s=AUTH_CONNECTING_SIGN pgs=0 cs=0 l=1 rev1=1 crypto rx=0 tx=0 comp rx=0 tx=0).read_frame
2026-02-13T09:57:02.201+0000 7fc8783e7640 20 -- 127.0.0.1:0/3923947244 >> [v2:127.0.0.1:6800/1355932116,v1:127.0.0.1:6801/1355932116] conn(0x5591a0253800 msgr2=0x55919669a000 crc :-1 s=STATE_CONNECTION_ESTABLISHED l=1).read start len=32
2026-02-13T09:57:02.201+0000 7fc8783e7640 20 --2- 127.0.0.1:0/3923947244 >> [v2:127.0.0.1:6800/1355932116,v1:127.0.0.1:6801/1355932116] conn(0x5591a0253800 0x55919669a000 crc :-1 s=AUTH_CONNECTING_SIGN pgs=0 cs=0 l=1 rev1=1 crypto rx=0 tx=0 comp rx=0 tx=0).handle_read_frame_preamble_main r=0
2026-02-13T09:57:02.201+0000 7fc8783e7640 20 --2- 127.0.0.1:0/3923947244 >> [v2:127.0.0.1:6800/1355932116,v1:127.0.0.1:6801/1355932116] conn(0x5591a0253800 0x55919669a000 crc :-1 s=AUTH_CONNECTING_SIGN pgs=0 cs=0 l=1 rev1=1 crypto rx=0 tx=0 comp rx=0 tx=0).read_frame_segment seg_idx=0
2026-02-13T09:57:02.201+0000 7fc8783e7640 20 -- 127.0.0.1:0/3923947244 >> [v2:127.0.0.1:6800/1355932116,v1:127.0.0.1:6801/1355932116] conn(0x5591a0253800 msgr2=0x55919669a000 crc :-1 s=STATE_CONNECTION_ESTABLISHED l=1).read start len=36
2026-02-13T09:57:02.201+0000 7fc8783e7640 20 --2- 127.0.0.1:0/3923947244 >> [v2:127.0.0.1:6800/1355932116,v1:127.0.0.1:6801/1355932116] conn(0x5591a0253800 0x55919669a000 crc :-1 s=AUTH_CONNECTING_SIGN pgs=0 cs=0 l=1 rev1=1 crypto rx=0 tx=0 comp rx=0 tx=0).handle_read_frame_segment r=0
2026-02-13T09:57:02.201+0000 7fc8783e7640 10 --2- 127.0.0.1:0/3923947244 >> [v2:127.0.0.1:6800/1355932116,v1:127.0.0.1:6801/1355932116] conn(0x5591a0253800 0x55919669a000 crc :-1 s=AUTH_CONNECTING_SIGN pgs=0 cs=0 l=1 rev1=1 crypto rx=0 tx=0 comp rx=0 tx=0).handle_read_frame_dispatch tag=7
2026-02-13T09:57:02.201+0000 7fc8783e7640 20 --2- 127.0.0.1:0/3923947244 >> [v2:127.0.0.1:6800/1355932116,v1:127.0.0.1:6801/1355932116] conn(0x5591a0253800 0x55919669a000 crc :-1 s=AUTH_CONNECTING_SIGN pgs=0 cs=0 l=1 rev1=1 crypto rx=0 tx=0 comp rx=0 tx=0).handle_auth_signature payload.length()=32
2026-02-13T09:57:02.201+0000 7fc8783e7640 20 --2- 127.0.0.1:0/3923947244 >> [v2:127.0.0.1:6800/1355932116,v1:127.0.0.1:6801/1355932116] conn(0x5591a0253800 0x55919669a000 crc :-1 s=AUTH_CONNECTING_SIGN pgs=0 cs=0 l=1 rev1=1 crypto rx=0 tx=0 comp rx=0 tx=0).handle_auth_signature pre-auth signature success sig_frame.signature()=0000000000000000000000000000000000000000000000000000000000000000
2026-02-13T09:57:02.201+0000 7fc8783e7640 20 CompressorRegistry(0x55919ff84a18) get_mode peer_type 16 is_secure 0
2026-02-13T09:57:02.201+0000 7fc8783e7640 10 -- 127.0.0.1:0/3923947244 >> [v2:127.0.0.1:6800/1355932116,v1:127.0.0.1:6801/1355932116] conn(0x5591a0253800 msgr2=0x55919669a000 crc :-1 s=STATE_CONNECTION_ESTABLISHED l=1)._try_send sent bytes 41 remaining bytes 0
2026-02-13T09:57:02.201+0000 7fc8783e7640 20 --2- 127.0.0.1:0/3923947244 >> [v2:127.0.0.1:6800/1355932116,v1:127.0.0.1:6801/1355932116] conn(0x5591a0253800 0x55919669a000 crc :-1 s=COMPRESSION_CONNECTING pgs=0 cs=0 l=1 rev1=1 crypto rx=0 tx=0 comp rx=0 tx=0).read_frame
2026-02-13T09:57:02.201+0000 7fc8783e7640 20 -- 127.0.0.1:0/3923947244 >> [v2:127.0.0.1:6800/1355932116,v1:127.0.0.1:6801/1355932116] conn(0x5591a0253800 msgr2=0x55919669a000 crc :-1 s=STATE_CONNECTION_ESTABLISHED l=1).read start len=32
2026-02-13T09:57:02.201+0000 7fc8783e7640 20 -- [v2:127.0.0.1:6800/1355932116,v1:127.0.0.1:6801/1355932116] >> conn(0x5591a03e8000 msgr2=0x55919ff76c00 crc :-1 s=STATE_CONNECTION_ESTABLISHED l=1).process
2026-02-13T09:57:02.201+0000 7fc8783e7640 20 -- [v2:127.0.0.1:6800/1355932116,v1:127.0.0.1:6801/1355932116] >> conn(0x5591a03e8000 msgr2=0x55919ff76c00 crc :-1 s=STATE_CONNECTION_ESTABLISHED l=1).read continue len=32
2026-02-13T09:57:02.201+0000 7fc8783e7640 20 --2- [v2:127.0.0.1:6800/1355932116,v1:127.0.0.1:6801/1355932116] >> conn(0x5591a03e8000 0x55919ff76c00 crc :-1 s=SESSION_ACCEPTING pgs=0 cs=0 l=1 rev1=1 crypto rx=0 tx=0 comp rx=0 tx=0).handle_read_frame_preamble_main r=0
2026-02-13T09:57:02.201+0000 7fc8783e7640 20 --2- [v2:127.0.0.1:6800/1355932116,v1:127.0.0.1:6801/1355932116] >> conn(0x5591a03e8000 0x55919ff76c00 crc :-1 s=SESSION_ACCEPTING pgs=0 cs=0 l=1 rev1=1 crypto rx=0 tx=0 comp rx=0 tx=0).read_frame_segment seg_idx=0
2026-02-13T09:57:02.201+0000 7fc8783e7640 20 -- [v2:127.0.0.1:6800/1355932116,v1:127.0.0.1:6801/1355932116] >> conn(0x5591a03e8000 msgr2=0x55919ff76c00 crc :-1 s=STATE_CONNECTION_ESTABLISHED l=1).read start len=127
2026-02-13T09:57:02.201+0000 7fc8783e7640 20 --2- [v2:127.0.0.1:6800/1355932116,v1:127.0.0.1:6801/1355932116] >> conn(0x5591a03e8000 0x55919ff76c00 crc :-1 s=SESSION_ACCEPTING pgs=0 cs=0 l=1 rev1=1 crypto rx=0 tx=0 comp rx=0 tx=0).handle_read_frame_segment r=0
2026-02-13T09:57:02.201+0000 7fc8783e7640 10 --2- [v2:127.0.0.1:6800/1355932116,v1:127.0.0.1:6801/1355932116] >> conn(0x5591a03e8000 0x55919ff76c00 crc :-1 s=SESSION_ACCEPTING pgs=0 cs=0 l=1 rev1=1 crypto rx=0 tx=0 comp rx=0 tx=0).handle_read_frame_dispatch tag=8
2026-02-13T09:57:02.201+0000 7fc8783e7640 20 --2- [v2:127.0.0.1:6800/1355932116,v1:127.0.0.1:6801/1355932116] >> conn(0x5591a03e8000 0x55919ff76c00 crc :-1 s=SESSION_ACCEPTING pgs=0 cs=0 l=1 rev1=1 crypto rx=0 tx=0 comp rx=0 tx=0).handle_client_ident payload.length()=123
2026-02-13T09:57:02.201+0000 7fc8783e7640 5 --2- [v2:127.0.0.1:6800/1355932116,v1:127.0.0.1:6801/1355932116] >> conn(0x5591a03e8000 0x55919ff76c00 crc :-1 s=SESSION_ACCEPTING pgs=0 cs=0 l=1 rev1=1 crypto rx=0 tx=0 comp rx=0 tx=0).handle_client_ident received client identification: addrs=127.0.0.1:0/743168237 target=v2:127.0.0.1:6800/1355932116 gid=0 global_seq=1 features_supported=3f0ffffffffdffff features_required=800000000000000 flags=0 cookie=93ea96fccd157f67
2026-02-13T09:57:02.201+0000 7fc8783e7640 10 -- [v2:127.0.0.1:6800/1355932116,v1:127.0.0.1:6801/1355932116] >> 127.0.0.1:0/743168237 conn(0x5591a03e8000 msgr2=0x55919ff76c00 crc :-1 s=STATE_CONNECTION_ESTABLISHED l=1)._infer_target_addr 127.0.0.1:0/743168237 -> 127.0.0.1:0/743168237
2026-02-13T09:57:02.201+0000 7fc8783e7640 20 --2- [v2:127.0.0.1:6800/1355932116,v1:127.0.0.1:6801/1355932116] >> 127.0.0.1:0/743168237 conn(0x5591a03e8000 0x55919ff76c00 crc :-1 s=SESSION_ACCEPTING pgs=1 cs=0 l=1 rev1=1 crypto rx=0 tx=0 comp rx=0 tx=0).send_server_ident
2026-02-13T09:57:02.201+0000 7fc8783e7640 10 --2- [v2:127.0.0.1:6800/1355932116,v1:127.0.0.1:6801/1355932116] >> 127.0.0.1:0/743168237 conn(0x5591a03e8000 0x55919ff76c00 crc :-1 s=SESSION_ACCEPTING pgs=1 cs=0 l=1 rev1=1 crypto rx=0 tx=0 comp rx=0 tx=0).discard_requeued_up_to 0
2026-02-13T09:57:02.201+0000 7fc8783e7640 5 --2- [v2:127.0.0.1:6800/1355932116,v1:127.0.0.1:6801/1355932116] >> 127.0.0.1:0/743168237 conn(0x5591a03e8000 0x55919ff76c00 crc :-1 s=SESSION_ACCEPTING pgs=1 cs=0 l=1 rev1=1 crypto rx=0 tx=0 comp rx=0 tx=0).send_server_ident sending identification: addrs=[v2:127.0.0.1:6800/1355932116,v1:127.0.0.1:6801/1355932116] gid=4100 global_seq=2 features_supported=3f0ffffffffdffff features_required=800000000000201 flags=1 cookie=0
2026-02-13T09:57:02.201+0000 7fc8783e7640 10 -- [v2:127.0.0.1:6800/1355932116,v1:127.0.0.1:6801/1355932116] accept_conn 0x5591a03e8000 127.0.0.1:0/743168237
2026-02-13T09:57:02.201+0000 7fc8783e7640 10 -- [v2:127.0.0.1:6800/1355932116,v1:127.0.0.1:6801/1355932116] >> 127.0.0.1:0/743168237 conn(0x5591a03e8000 msgr2=0x55919ff76c00 crc :-1 s=STATE_CONNECTION_ESTABLISHED l=1)._try_send sent bytes 159 remaining bytes 0
2026-02-13T09:57:02.201+0000 7fc8783e7640 20 --2- [v2:127.0.0.1:6800/1355932116,v1:127.0.0.1:6801/1355932116] >> 127.0.0.1:0/743168237 conn(0x5591a03e8000 0x55919ff76c00 crc :-1 s=SESSION_ACCEPTING pgs=1 cs=0 l=1 rev1=1 crypto rx=0 tx=0 comp rx=0 tx=0).server_ready
2026-02-13T09:57:02.201+0000 7fc874be0640 1 -- 127.0.0.1:0/2861520442 --> [v2:127.0.0.1:6800/1355932116,v1:127.0.0.1:6801/1355932116] -- mgropen(unknown.x) -- 0x5591a0310280 con 0x5591965b7000
2026-02-13T09:57:02.201+0000 7fc878be8640 1 --2- [v2:127.0.0.1:6800/1355932116,v1:127.0.0.1:6801/1355932116] >> 127.0.0.1:0/2861520442 conn(0x5591a03e8400 0x55919ff77180 crc :-1 s=READY pgs=3 cs=0 l=1 rev1=1 crypto rx=0 tx=0 comp rx=0 tx=0).ready entity=mgr.4100 client_cookie=7135778e95a4370f server_cookie=0 in_seq=0 out_seq=0
2026-02-13T09:57:02.201+0000 7fc878be8640 20 --2- [v2:127.0.0.1:6800/1355932116,v1:127.0.0.1:6801/1355932116] >> 127.0.0.1:0/2861520442 conn(0x5591a03e8400 0x55919ff77180 crc :-1 s=READY pgs=3 cs=0 l=1 rev1=1 crypto rx=0 tx=0 comp rx=0 tx=0).read_frame
2026-02-13T09:57:02.201+0000 7fc874be0640 5 --2- 127.0.0.1:0/2861520442 >> [v2:127.0.0.1:6800/1355932116,v1:127.0.0.1:6801/1355932116] conn(0x5591965b7000 0x55919ff75b80 crc :-1 s=SESSION_CONNECTING pgs=1 cs=0 l=1 rev1=1 crypto rx=0 tx=0 comp rx=0 tx=0).send_message enqueueing message m=0x5591a0310280 type=1792 mgropen(mgr.x)
2026-02-13T09:57:02.201+0000 7fc878be8640 20 -- [v2:127.0.0.1:6800/1355932116,v1:127.0.0.1:6801/1355932116] >> 127.0.0.1:0/2861520442 conn(0x5591a03e8400 msgr2=0x55919ff77180 crc :-1 s=STATE_CONNECTION_ESTABLISHED l=1).read start len=32
2026-02-13T09:57:02.201+0000 7fc874be0640 15 --2- 127.0.0.1:0/2861520442 >> [v2:127.0.0.1:6800/1355932116,v1:127.0.0.1:6801/1355932116] conn(0x5591965b7000 0x55919ff75b80 crc :-1 s=SESSION_CONNECTING pgs=1 cs=0 l=1 rev1=1 crypto rx=0 tx=0 comp rx=0 tx=0).send_message inline write is denied, reschedule m=0x5591a0310280
2026-02-13T09:57:02.201+0000 7fc878be8640 20 -- [v2:127.0.0.1:6800/1355932116,v1:127.0.0.1:6801/1355932116] >> conn(0x5591a03e9000 msgr2=0x5591a0498000 crc :-1 s=STATE_CONNECTION_ESTABLISHED l=1).process
2026-02-13T09:57:02.201+0000 7fc874be0640 20 Event(0x55919737c2c8 nevent=5000 time_id=7).wakeup
2026-02-13T09:57:02.201+0000 7fc876be4640 1 --2- 127.0.0.1:0/2861520442 >> [v2:127.0.0.1:6800/1355932116,v1:127.0.0.1:6801/1355932116] conn(0x5591965b7000 0x55919ff75b80 crc :-1 s=READY pgs=1 cs=0 l=1 rev1=1 crypto rx=0 tx=0 comp rx=0 tx=0).ready entity=mgr.4100 client_cookie=7135778e95a4370f server_cookie=0 in_seq=0 out_seq=0
2026-02-13T09:57:02.201+0000 7fc878be8640 20 -- [v2:127.0.0.1:6800/1355932116,v1:127.0.0.1:6801/1355932116] >> conn(0x5591a03e9000 msgr2=0x5591a0498000 crc :-1 s=STATE_CONNECTION_ESTABLISHED l=1).read continue len=32
2026-02-13T09:57:02.201+0000 7fc876be4640 20 --2- 127.0.0.1:0/2861520442 >> [v2:127.0.0.1:6800/1355932116,v1:127.0.0.1:6801/1355932116] conn(0x5591965b7000 0x55919ff75b80 crc :-1 s=READY pgs=1 cs=0 l=1 rev1=1 crypto rx=0 tx=0 comp rx=0 tx=0).read_frame
2026-02-13T09:57:02.201+0000 7fc8783e7640 1 --2- [v2:127.0.0.1:6800/1355932116,v1:127.0.0.1:6801/1355932116] >> 127.0.0.1:0/743168237 conn(0x5591a03e8000 0x55919ff76c00 crc :-1 s=READY pgs=1 cs=0 l=1 rev1=1 crypto rx=0 tx=0 comp rx=0 tx=0).ready entity=mon.0 client_cookie=93ea96fccd157f67 server_cookie=0 in_seq=0 out_seq=0
2026-02-13T09:57:02.201+0000 7fc874be0640 10 -- 127.0.0.1:0/2861520442 dispatch_throttle_release 52967 to dispatch throttler 52967/104857600
2026-02-13T09:57:02.201+0000 7fc874be0640 20 -- 127.0.0.1:0/2861520442 done calling dispatch on 0x55919ffd4a80
2026-02-13T09:57:02.201+0000 7fc878be8640 20 --2- [v2:127.0.0.1:6800/1355932116,v1:127.0.0.1:6801/1355932116] >> conn(0x5591a03e9000 0x5591a0498000 crc :-1 s=AUTH_ACCEPTING_SIGN pgs=0 cs=0 l=1 rev1=1 crypto rx=0 tx=0 comp rx=0 tx=0).handle_read_frame_preamble_main r=0
2026-02-13T09:57:02.201+0000 7fc876be4640 20 -- 127.0.0.1:0/2861520442 >> [v2:127.0.0.1:6800/1355932116,v1:127.0.0.1:6801/1355932116] conn(0x5591965b7000 msgr2=0x55919ff75b80 crc :-1 s=STATE_CONNECTION_ESTABLISHED l=1).read start len=32
2026-02-13T09:57:02.201+0000 7fc8783e7640 20 --2- [v2:127.0.0.1:6800/1355932116,v1:127.0.0.1:6801/1355932116] >> 127.0.0.1:0/743168237 conn(0x5591a03e8000 0x55919ff76c00 crc :-1 s=READY pgs=1 cs=0 l=1 rev1=1 crypto rx=0 tx=0 comp rx=0 tx=0).read_frame
2026-02-13T09:57:02.201+0000 7fc878be8640 20 --2- [v2:127.0.0.1:6800/1355932116,v1:127.0.0.1:6801/1355932116] >> conn(0x5591a03e9000 0x5591a0498000 crc :-1 s=AUTH_ACCEPTING_SIGN pgs=0 cs=0 l=1 rev1=1 crypto rx=0 tx=0 comp rx=0 tx=0).read_frame_segment seg_idx=0
2026-02-13T09:57:02.201+0000 7fc878be8640 20 -- [v2:127.0.0.1:6800/1355932116,v1:127.0.0.1:6801/1355932116] >> conn(0x5591a03e9000 msgr2=0x5591a0498000 crc :-1 s=STATE_CONNECTION_ESTABLISHED l=1).read start len=36
2026-02-13T09:57:02.201+0000 7fc8783e7640 20 -- [v2:127.0.0.1:6800/1355932116,v1:127.0.0.1:6801/1355932116] >> 127.0.0.1:0/743168237 conn(0x5591a03e8000 msgr2=0x55919ff76c00 crc :-1 s=STATE_CONNECTION_ESTABLISHED l=1).read start len=32
2026-02-13T09:57:02.201+0000 7fc878be8640 20 --2- [v2:127.0.0.1:6800/1355932116,v1:127.0.0.1:6801/1355932116] >> conn(0x5591a03e9000 0x5591a0498000 crc :-1 s=AUTH_ACCEPTING_SIGN pgs=0 cs=0 l=1 rev1=1 crypto rx=0 tx=0 comp rx=0 tx=0).handle_read_frame_segment r=0
2026-02-13T09:57:02.201+0000 7fc876be4640 20 -- [v2:127.0.0.1:6800/1355932116,v1:127.0.0.1:6801/1355932116] >> conn(0x5591a03e9400 msgr2=0x5591a0498580 unknown :-1 s=STATE_CONNECTION_ESTABLISHED l=0).process
