2026-02-17T05:18:26.916+0000 7f4e8a1f1640 10 mon.a@0(leader) e1 _allowed_command capable
2026-02-17T05:18:26.916+0000 7f4e8a1f1640 0 log_channel(audit) log [DBG] : from='client.? 127.0.0.1:0/3025243319' entity='client.admin' cmd={"prefix": "osd dump"} : dispatch
2026-02-17T05:18:26.916+0000 7f4e8a1f1640 1 -- v2:127.0.0.1:7114/0 --> v2:127.0.0.1:7114/0 -- log(1 entries from seq 32 at
2026-02-17T05:18:26.917901+0000) -- 0x4833340 con 0x3653c00
2026-02-17T05:18:26.916+0000 7f4e8a1f1640 20 -- v2:127.0.0.1:7114/0 >> v2:127.0.0.1:7114/0 conn(0x3653c00 msgr2=0x36f9000 unknown :-1 s=STATE_NONE l=0).send_message log(1 entries from seq 32 at
2026-02-17T05:18:26.917901+0000) local
2026-02-17T05:18:26.916+0000 7f4e8a1f1640 10 mon.a@0(leader).paxosservice(osdmap 1..5) dispatch 0x35e5b00 mon_command({"prefix": "osd dump"} v 0) from client.? 127.0.0.1:0/3025243319 con 0x36e7c00
2026-02-17T05:18:26.916+0000 7f4e8a1f1640 5 mon.a@0(leader).paxos(paxos active c 1..20) is_readable = 1 - now=2026-02-17T05:18:26.917920+0000 lease_expire=1970-01-01T00:00:00.000000+0000 has v0 lc 20
2026-02-17T05:18:26.916+0000 7f4e899f0640 20 -- v2:127.0.0.1:7114/0 queue 0x4833340 prio 196
2026-02-17T05:18:26.916+0000 7f4e8a1f1640 10 mon.a@0(leader).osd e5 preprocess_query mon_command({"prefix": "osd dump"} v 0) from client.? 127.0.0.1:0/3025243319
2026-02-17T05:18:26.916+0000 7f4e8a1f1640 2 mon.a@0(leader) e1 send_reply 0x471d200 0x47a8820 mon_command_ack([{"prefix": "osd dump"}]=0 v5)
2026-02-17T05:18:26.916+0000 7f4e8a1f1640 1 -- v2:127.0.0.1:7114/0 --> 127.0.0.1:0/3025243319 -- mon_command_ack([{"prefix": "osd dump"}]=0 v5) -- 0x47a8820 con 0x36e7c00
2026-02-17T05:18:26.916+0000 7f4e8a1f1640 5 --2- v2:127.0.0.1:7114/0 >> 127.0.0.1:0/3025243319 conn(0x36e7c00 0x4864680 crc :-1 s=READY pgs=1 gs=17 cs=0 l=1 c_cookie=0 s_cookie=0 reconnecting=0 rev1=1 crypto rx=0 tx=0 comp rx=0 tx=0).send_message enqueueing message m=0x47a8820 type=51 mon_command_ack([{"prefix": "osd dump"}]=0 v5)
2026-02-17T05:18:26.916+0000 7f4e8a1f1640 15 --2- v2:127.0.0.1:7114/0 >> 127.0.0.1:0/3025243319 conn(0x36e7c00 0x4864680 crc :-1 s=READY pgs=1 gs=17 cs=0 l=1 c_cookie=0 s_cookie=0 reconnecting=0 rev1=1 crypto rx=0 tx=0 comp rx=0 tx=0).send_message message queued for async transmission m=0x47a8820
2026-02-17T05:18:26.916+0000 7f4e8a1f1640 20 Event(0x360d4c8 nevent=5000 time_id=3).wakeup
2026-02-17T05:18:26.916+0000 7f4e8a1f1640 10 -- v2:127.0.0.1:7114/0 dispatch_throttle_release 64 to dispatch throttler 64/104857600
2026-02-17T05:18:26.916+0000 7f4e8a1f1640 20 -- v2:127.0.0.1:7114/0 done calling dispatch on 0x35e5b00
2026-02-17T05:18:26.916+0000 7f4e8a1f1640 1 -- v2:127.0.0.1:7114/0 <== mon.0 v2:127.0.0.1:7114/0 0 ==== log(1 entries from seq 32 at
2026-02-17T05:18:26.917901+0000) ==== 0+0+0 (unknown 0 0 0) 0x4833340 con 0x3653c00
2026-02-17T05:18:26.916+0000 7f4e889ee640 10 -- v2:127.0.0.1:7114/0 >> 127.0.0.1:0/3025243319 conn(0x36e7c00 msgr2=0x4864680 crc :-1 s=STATE_CONNECTION_ESTABLISHED l=1).handle_write
2026-02-17T05:18:26.916+0000 7f4e8a1f1640 20 mon.a@0(leader) e1 _ms_dispatch existing session 0x46f4000 for mon.0
2026-02-17T05:18:26.916+0000 7f4e8a1f1640 20 mon.a@0(leader) e1 entity_name global_id 0 (none) caps allow *
2026-02-17T05:18:26.916+0000 7f4e889ee640 10 --2- v2:127.0.0.1:7114/0 >> 127.0.0.1:0/3025243319 conn(0x36e7c00 0x4864680 crc :-1 s=READY pgs=1 gs=17 cs=0 l=1 c_cookie=0 s_cookie=0 reconnecting=0 rev1=1 crypto rx=0 tx=0 comp rx=0 tx=0).write_event
2026-02-17T05:18:26.916+0000 7f4e8a1f1640 10 mon.a@0(leader).paxosservice(logm 1..12) dispatch 0x4833340 log(1 entries from seq 32 at
2026-02-17T05:18:26.917901+0000) from mon.0 v2:127.0.0.1:7114/0 con 0x3653c00
2026-02-17T05:18:26.916+0000 7f4e8a1f1640 5 mon.a@0(leader).paxos(paxos active c 1..20) is_readable = 1 - now=2026-02-17T05:18:26.917976+0000 lease_expire=1970-01-01T00:00:00.000000+0000 has v0 lc 20
2026-02-17T05:18:26.916+0000 7f4e889ee640 20 --2- v2:127.0.0.1:7114/0 >> 127.0.0.1:0/3025243319 conn(0x36e7c00 0x4864680 crc :-1 s=READY pgs=1 gs=17 cs=0 l=1 c_cookie=0 s_cookie=0 reconnecting=0 rev1=1 crypto rx=0 tx=0 comp rx=0 tx=0).prepare_send_message m=mon_command_ack([{"prefix": "osd dump"}]=0 v5)
2026-02-17T05:18:26.916+0000 7f4e8a1f1640 10 mon.a@0(leader).log v12 preprocess_query log(1 entries from seq 32 at
2026-02-17T05:18:26.917901+0000) from mon.0 v2:127.0.0.1:7114/0
2026-02-17T05:18:26.916+0000 7f4e8a1f1640 10 mon.a@0(leader).log v12 preprocess_log log(1 entries from seq 32 at
2026-02-17T05:18:26.917901+0000) from mon.0
2026-02-17T05:18:26.916+0000 7f4e8a1f1640 20 MonCap is_capable service=log command= write addr - on cap allow *
2026-02-17T05:18:26.916+0000 7f4e8a1f1640 20 MonCap allow so far , doing grant allow *
2026-02-17T05:18:26.916+0000 7f4e8a1f1640 20 MonCap allow all
2026-02-17T05:18:26.916+0000 7f4e889ee640 20 --2- v2:127.0.0.1:7114/0 >> 127.0.0.1:0/3025243319 conn(0x36e7c00 0x4864680 crc :-1 s=READY pgs=1 gs=17 cs=0 l=1 c_cookie=0 s_cookie=0 reconnecting=0 rev1=1 crypto rx=0 tx=0 comp rx=0 tx=0).prepare_send_message encoding features 4544132024016699391 0x47a8820 mon_command_ack([{"prefix": "osd dump"}]=0 v5)
2026-02-17T05:18:26.916+0000 7f4e8a1f1640 10 mon.a@0(leader) e1 no_reply to mon.0 v2:127.0.0.1:7114/0 log(1 entries from seq 32 at
2026-02-17T05:18:26.917901+0000)
2026-02-17T05:18:26.916+0000 7f4e8a1f1640 10 mon.a@0(leader).log v12 prepare_update log(1 entries from seq 32 at
2026-02-17T05:18:26.917901+0000) from mon.0 v2:127.0.0.1:7114/0
2026-02-17T05:18:26.916+0000 7f4e8a1f1640 10 mon.a@0(leader).log v12 prepare_log log(1 entries from seq 32 at
2026-02-17T05:18:26.917901+0000) from mon.0
2026-02-17T05:18:26.916+0000 7f4e889ee640 2 --2- v2:127.0.0.1:7114/0 >> 127.0.0.1:0/3025243319 conn(0x36e7c00 0x4864680 crc :-1 s=READY pgs=1 gs=17 cs=0 l=1 c_cookie=0 s_cookie=0 reconnecting=0 rev1=1 crypto rx=0 tx=0 comp rx=0 tx=0).write_message sending message m=0x47a8820 seq=7 mon_command_ack([{"prefix": "osd dump"}]=0 v5)
2026-02-17T05:18:26.916+0000 7f4e8a1f1640 10 mon.a@0(leader).log v12 logging
2026-02-17T05:18:26.917901+0000 mon.a (mon.0) 32 : audit [DBG] from='client.? 127.0.0.1:0/3025243319' entity='client.admin' cmd={"prefix": "osd dump"} : dispatch
2026-02-17T05:18:26.916+0000 7f4e889ee640 20 --2- v2:127.0.0.1:7114/0 >> 127.0.0.1:0/3025243319 conn(0x36e7c00 0x4864680 crc :-1 s=READY pgs=1 gs=17 cs=0 l=1 c_cookie=0 s_cookie=0 reconnecting=0 rev1=1 crypto rx=0 tx=0 comp rx=0 tx=0).write_message sending m=0x47a8820 seq=7 src=mon.0 off=0
2026-02-17T05:18:26.916+0000 7f4e8a1f1640 10 mon.a@0(leader).paxosservice(logm 1..12) setting proposal_timer 0x47486c0 with delay of 0.05
2026-02-17T05:18:26.916+0000 7f4e8a1f1640 20 -- v2:127.0.0.1:7114/0 done calling dispatch on 0x4833340
2026-02-17T05:18:26.916+0000 7f4e889ee640 10 -- v2:127.0.0.1:7114/0 >> 127.0.0.1:0/3025243319 conn(0x36e7c00 msgr2=0x4864680 crc :-1 s=STATE_CONNECTION_ESTABLISHED l=1)._try_send sent bytes 792 remaining bytes 0
2026-02-17T05:18:26.916+0000 7f4e889ee640 10 --2- v2:127.0.0.1:7114/0 >> 127.0.0.1:0/3025243319 conn(0x36e7c00 0x4864680 crc :-1 s=READY pgs=1 gs=17 cs=0 l=1 c_cookie=0 s_cookie=0 reconnecting=0 rev1=1 crypto rx=0 tx=0 comp rx=0 tx=0).write_message sending 0x47a8820 done.
2026-02-17T05:18:26.934+0000 7f4e889ee640 20 -- v2:127.0.0.1:7114/0 >> 127.0.0.1:0/3025243319 conn(0x36e7c00 msgr2=0x4864680 crc :-1 s=STATE_CONNECTION_ESTABLISHED l=1).process
2026-02-17T05:18:26.934+0000 7f4e889ee640 20 -- v2:127.0.0.1:7114/0 >> 127.0.0.1:0/3025243319 conn(0x36e7c00 msgr2=0x4864680 crc :-1 s=STATE_CONNECTION_ESTABLISHED l=1).read continue len=32
2026-02-17T05:18:26.934+0000 7f4e889ee640 20 --2- v2:127.0.0.1:7114/0 >> 127.0.0.1:0/3025243319 conn(0x36e7c00 0x4864680 crc :-1 s=READY pgs=1 gs=17 cs=0 l=1 c_cookie=0 s_cookie=0 reconnecting=0 rev1=1 crypto rx=0 tx=0 comp rx=0 tx=0).handle_read_frame_preamble_main r=0
2026-02-17T05:18:26.934+0000 7f4e889ee640 20 --2- v2:127.0.0.1:7114/0 >> 127.0.0.1:0/3025243319 conn(0x36e7c00 0x4864680 crc :-1 s=THROTTLE_MESSAGE pgs=1 gs=17 cs=0 l=1 c_cookie=0 s_cookie=0 reconnecting=0 rev1=1 crypto rx=0 tx=0 comp rx=0 tx=0).throttle_message
2026-02-17T05:18:26.934+0000 7f4e889ee640 20 --2- v2:127.0.0.1:7114/0 >> 127.0.0.1:0/3025243319 conn(0x36e7c00 0x4864680 crc :-1 s=THROTTLE_BYTES pgs=1 gs=17 cs=0 l=1 c_cookie=0 s_cookie=0 reconnecting=0 rev1=1 crypto rx=0 tx=0 comp rx=0 tx=0).throttle_bytes
2026-02-17T05:18:26.934+0000 7f4e889ee640 10 --2- v2:127.0.0.1:7114/0 >> 127.0.0.1:0/3025243319 conn(0x36e7c00 0x4864680 crc :-1 s=THROTTLE_BYTES pgs=1 gs=17 cs=0 l=1 c_cookie=0 s_cookie=0 reconnecting=0 rev1=1 crypto rx=0 tx=0 comp rx=0 tx=0).throttle_bytes wants 64 bytes from policy throttler 322/104857600
2026-02-17T05:18:26.934+0000 7f4e889ee640 20 --2- v2:127.0.0.1:7114/0 >> 127.0.0.1:0/3025243319 conn(0x36e7c00 0x4864680 crc :-1 s=THROTTLE_DISPATCH_QUEUE pgs=1 gs=17 cs=0 l=1 c_cookie=0 s_cookie=0 reconnecting=0 rev1=1 crypto rx=0 tx=0 comp rx=0 tx=0).throttle_dispatch_queue
2026-02-17T05:18:26.934+0000 7f4e889ee640 20 --2- v2:127.0.0.1:7114/0 >> 127.0.0.1:0/3025243319 conn(0x36e7c00 0x4864680 crc :-1 s=THROTTLE_DONE pgs=1 gs=17 cs=0 l=1 c_cookie=0 s_cookie=0 reconnecting=0 rev1=1 crypto rx=0 tx=0 comp rx=0 tx=0).read_frame_segment seg_idx=0
2026-02-17T05:18:26.934+0000 7f4e889ee640 20 -- v2:127.0.0.1:7114/0 >> 127.0.0.1:0/3025243319 conn(0x36e7c00 msgr2=0x4864680 crc :-1 s=STATE_CONNECTION_ESTABLISHED l=1).read start len=45
2026-02-17T05:18:26.934+0000 7f4e889ee640 20 --2- v2:127.0.0.1:7114/0 >> 127.0.0.1:0/3025243319 conn(0x36e7c00 0x4864680 crc :-1 s=THROTTLE_DONE pgs=1 gs=17 cs=0 l=1 c_cookie=0 s_cookie=0 reconnecting=0 rev1=1 crypto rx=0 tx=0 comp rx=0 tx=0).handle_read_frame_segment r=0
2026-02-17T05:18:26.934+0000 7f4e889ee640 20 --2- v2:127.0.0.1:7114/0 >> 127.0.0.1:0/3025243319 conn(0x36e7c00 0x4864680 crc :-1 s=THROTTLE_DONE pgs=1 gs=17 cs=0 l=1 c_cookie=0 s_cookie=0 reconnecting=0 rev1=1 crypto rx=0 tx=0 comp rx=0 tx=0).read_frame_segment seg_idx=1
2026-02-17T05:18:26.934+0000 7f4e889ee640 20 -- v2:127.0.0.1:7114/0 >> 127.0.0.1:0/3025243319 conn(0x36e7c00 msgr2=0x4864680 crc :-1 s=STATE_CONNECTION_ESTABLISHED l=1).read start len=64
2026-02-17T05:18:26.934+0000 7f4e889ee640 20 --2- v2:127.0.0.1:7114/0 >> 127.0.0.1:0/3025243319 conn(0x36e7c00 0x4864680 crc :-1 s=THROTTLE_DONE pgs=1 gs=17 cs=0 l=1 c_cookie=0 s_cookie=0 reconnecting=0 rev1=1 crypto rx=0 tx=0 comp rx=0 tx=0).handle_read_frame_segment r=0
2026-02-17T05:18:26.934+0000 7f4e889ee640 20 -- v2:127.0.0.1:7114/0 >> 127.0.0.1:0/3025243319 conn(0x36e7c00 msgr2=0x4864680 crc :-1 s=STATE_CONNECTION_ESTABLISHED l=1).read start len=13
2026-02-17T05:18:26.934+0000 7f4e889ee640 20 --2- v2:127.0.0.1:7114/0 >> 127.0.0.1:0/3025243319 conn(0x36e7c00 0x4864680 crc :-1 s=THROTTLE_DONE pgs=1 gs=17 cs=0 l=1 c_cookie=0 s_cookie=0 reconnecting=0 rev1=1 crypto rx=0 tx=0 comp rx=0 tx=0).handle_read_frame_epilogue_main r=0
2026-02-17T05:18:26.934+0000 7f4e889ee640 10 --2- v2:127.0.0.1:7114/0 >> 127.0.0.1:0/3025243319 conn(0x36e7c00 0x4864680 crc :-1 s=THROTTLE_DONE pgs=1 gs=17 cs=0 l=1 c_cookie=0 s_cookie=0 reconnecting=0 rev1=1 crypto rx=0 tx=0 comp rx=0 tx=0).handle_read_frame_dispatch tag=17
2026-02-17T05:18:26.934+0000 7f4e889ee640 20 --2- v2:127.0.0.1:7114/0 >> 127.0.0.1:0/3025243319 conn(0x36e7c00 0x4864680 crc :-1 s=THROTTLE_DONE pgs=1 gs=17 cs=0 l=1 c_cookie=0 s_cookie=0 reconnecting=0 rev1=1 crypto rx=0 tx=0 comp rx=0 tx=0).handle_message
2026-02-17T05:18:26.934+0000 7f4e889ee640 5 --2- v2:127.0.0.1:7114/0 >> 127.0.0.1:0/3025243319 conn(0x36e7c00 0x4864680 crc :-1 s=THROTTLE_DONE pgs=1 gs=17 cs=0 l=1 c_cookie=0 s_cookie=0 reconnecting=0 rev1=1 crypto rx=0 tx=0 comp rx=0 tx=0).handle_message got 64 + 0 + 0 byte message. envelope type=50 src client.? off 0
2026-02-17T05:18:26.934+0000 7f4e889ee640 5 --2- v2:127.0.0.1:7114/0 >> 127.0.0.1:0/3025243319 conn(0x36e7c00 0x4864680 crc :-1 s=READ_MESSAGE_COMPLETE pgs=1 gs=17 cs=0 l=1 c_cookie=0 s_cookie=0 reconnecting=0 rev1=1 crypto rx=0 tx=0 comp rx=0 tx=0).handle_message received message m=0x476c780 seq=7 from=client.? type=50 mon_command({"prefix": "osd dump"} v 0)
2026-02-17T05:18:26.934+0000 7f4e889ee640 20 -- v2:127.0.0.1:7114/0 queue 0x476c780 prio 127
2026-02-17T05:18:26.934+0000 7f4e889ee640 20 --2- v2:127.0.0.1:7114/0 >> 127.0.0.1:0/3025243319 conn(0x36e7c00 0x4864680 crc :-1 s=READY pgs=1 gs=17 cs=0 l=1 c_cookie=0 s_cookie=0 reconnecting=0 rev1=1 crypto rx=0 tx=0 comp rx=0 tx=0).read_frame
2026-02-17T05:18:26.934+0000 7f4e889ee640 20 -- v2:127.0.0.1:7114/0 >> 127.0.0.1:0/3025243319 conn(0x36e7c00 msgr2=0x4864680 crc :-1 s=STATE_CONNECTION_ESTABLISHED l=1).read start len=32
2026-02-17T05:18:26.934+0000 7f4e8a1f1640 1 -- v2:127.0.0.1:7114/0 <== client.? 127.0.0.1:0/3025243319 7 ==== mon_command({"prefix": "osd dump"} v 0) ==== 64+0+0 (crc 0 0 0) 0x476c780 con 0x36e7c00
2026-02-17T05:18:26.934+0000 7f4e8a1f1640 20 mon.a@0(leader) e1 _ms_dispatch existing session 0x4819440 for client.?
2026-02-17T05:18:26.934+0000 7f4e8a1f1640 20 mon.a@0(leader) e1 entity_name client.admin global_id 4113 (none) caps allow *
2026-02-17T05:18:26.934+0000 7f4e8a1f1640 0 mon.a@0(leader) e1 handle_command mon_command({"prefix": "osd dump"} v 0)
2026-02-17T05:18:26.934+0000 7f4e8a1f1640 20 MonCap is_capable service=osd command=osd dump read addr 127.0.0.1:0/3025243319 on cap allow *
2026-02-17T05:18:26.934+0000 7f4e8a1f1640 20 MonCap allow so far , doing grant allow *
2026-02-17T05:18:26.934+0000 7f4e8a1f1640 20 MonCap allow all
2026-02-17T05:18:26.934+0000 7f4e8a1f1640 10 mon.a@0(leader) e1 _allowed_command capable
2026-02-17T05:18:26.934+0000 7f4e8a1f1640 0 log_channel(audit) log [DBG] : from='client.? 127.0.0.1:0/3025243319' entity='client.admin' cmd={"prefix": "osd dump"} : dispatch
2026-02-17T05:18:26.934+0000 7f4e8a1f1640 1 -- v2:127.0.0.1:7114/0 --> v2:127.0.0.1:7114/0 -- log(1 entries from seq 33 at
2026-02-17T05:18:26.935178+0000) -- 0x4833a40 con 0x3653c00
2026-02-17T05:18:26.934+0000 7f4e8a1f1640 20 -- v2:127.0.0.1:7114/0 >> v2:127.0.0.1:7114/0 conn(0x3653c00 msgr2=0x36f9000 unknown :-1 s=STATE_NONE l=0).send_message log(1 entries from seq 33 at
2026-02-17T05:18:26.935178+0000) local
2026-02-17T05:18:26.934+0000 7f4e8a1f1640 10 mon.a@0(leader).paxosservice(osdmap 1..5) dispatch 0x476c780 mon_command({"prefix": "osd dump"} v 0) from client.? 127.0.0.1:0/3025243319 con 0x36e7c00
2026-02-17T05:18:26.934+0000 7f4e8a1f1640 5 mon.a@0(leader).paxos(paxos active c 1..20) is_readable = 1 - now=2026-02-17T05:18:26.935188+0000 lease_expire=1970-01-01T00:00:00.000000+0000 has v0 lc 20
2026-02-17T05:18:26.934+0000 7f4e899f0640 20 -- v2:127.0.0.1:7114/0 queue 0x4833a40 prio 196
2026-02-17T05:18:26.934+0000 7f4e8a1f1640 10 mon.a@0(leader).osd e5 preprocess_query mon_command({"prefix": "osd dump"} v 0) from client.? 127.0.0.1:0/3025243319
2026-02-17T05:18:26.934+0000 7f4e8a1f1640 2 mon.a@0(leader) e1 send_reply 0x471d7a0 0x36e89c0 mon_command_ack([{"prefix": "osd dump"}]=0 v5)
2026-02-17T05:18:26.934+0000 7f4e8a1f1640 1 -- v2:127.0.0.1:7114/0 --> 127.0.0.1:0/3025243319 -- mon_command_ack([{"prefix": "osd dump"}]=0 v5) -- 0x36e89c0 con 0x36e7c00
2026-02-17T05:18:26.934+0000 7f4e8a1f1640 5 --2- v2:127.0.0.1:7114/0 >> 127.0.0.1:0/3025243319 conn(0x36e7c00 0x4864680 crc :-1 s=READY pgs=1 gs=17 cs=0 l=1 c_cookie=0 s_cookie=0 reconnecting=0 rev1=1 crypto rx=0 tx=0 comp rx=0 tx=0).send_message enqueueing message m=0x36e89c0 type=51 mon_command_ack([{"prefix": "osd dump"}]=0 v5)
2026-02-17T05:18:26.934+0000 7f4e8a1f1640 15 --2- v2:127.0.0.1:7114/0 >> 127.0.0.1:0/3025243319 conn(0x36e7c00 0x4864680 crc :-1 s=READY pgs=1 gs=17 cs=0 l=1 c_cookie=0 s_cookie=0 reconnecting=0 rev1=1 crypto rx=0 tx=0 comp rx=0 tx=0).send_message message queued for async transmission m=0x36e89c0
2026-02-17T05:18:26.934+0000 7f4e8a1f1640 20 Event(0x360d4c8 nevent=5000 time_id=3).wakeup
2026-02-17T05:18:26.934+0000 7f4e8a1f1640 10 -- v2:127.0.0.1:7114/0 dispatch_throttle_release 64 to dispatch throttler 64/104857600
2026-02-17T05:18:26.934+0000 7f4e8a1f1640 20 -- v2:127.0.0.1:7114/0 done calling dispatch on 0x476c780
2026-02-17T05:18:26.934+0000 7f4e889ee640 10 -- v2:127.0.0.1:7114/0 >> 127.0.0.1:0/3025243319 conn(0x36e7c00 msgr2=0x4864680 crc :-1 s=STATE_CONNECTION_ESTABLISHED l=1).handle_write
2026-02-17T05:18:26.934+0000 7f4e889ee640 10 --2- v2:127.0.0.1:7114/0 >> 127.0.0.1:0/3025243319 conn(0x36e7c00 0x4864680 crc :-1 s=READY pgs=1 gs=17 cs=0 l=1 c_cookie=0 s_cookie=0 reconnecting=0 rev1=1 crypto rx=0 tx=0 comp rx=0 tx=0).write_event
2026-02-17T05:18:26.934+0000 7f4e8a1f1640 1 -- v2:127.0.0.1:7114/0 <== mon.0 v2:127.0.0.1:7114/0 0 ==== log(1 entries from seq 33 at
2026-02-17T05:18:26.935178+0000) ==== 0+0+0 (unknown 0 0 0) 0x4833a40 con 0x3653c00
2026-02-17T05:18:26.934+0000 7f4e8a1f1640 20 mon.a@0(leader) e1 _ms_dispatch existing session 0x46f4000 for mon.0
2026-02-17T05:18:26.934+0000 7f4e8a1f1640 20 mon.a@0(leader) e1 entity_name global_id 0 (none) caps allow *
2026-02-17T05:18:26.934+0000 7f4e889ee640 20 --2- v2:127.0.0.1:7114/0 >> 127.0.0.1:0/3025243319 conn(0x36e7c00 0x4864680 crc :-1 s=READY pgs=1 gs=17 cs=0 l=1 c_cookie=0 s_cookie=0 reconnecting=0 rev1=1 crypto rx=0 tx=0 comp rx=0 tx=0).prepare_send_message m=mon_command_ack([{"prefix": "osd dump"}]=0 v5)
2026-02-17T05:18:26.934+0000 7f4e8a1f1640 10 mon.a@0(leader).paxosservice(logm 1..12) dispatch 0x4833a40 log(1 entries from seq 33 at
2026-02-17T05:18:26.935178+0000) from mon.0 v2:127.0.0.1:7114/0 con 0x3653c00
2026-02-17T05:18:26.934+0000 7f4e8a1f1640 5 mon.a@0(leader).paxos(paxos active c 1..20) is_readable = 1 - now=2026-02-17T05:18:26.935237+0000 lease_expire=1970-01-01T00:00:00.000000+0000 has v0 lc 20
2026-02-17T05:18:26.934+0000 7f4e889ee640 20 --2- v2:127.0.0.1:7114/0 >> 127.0.0.1:0/3025243319 conn(0x36e7c00 0x4864680 crc :-1 s=READY pgs=1 gs=17 cs=0 l=1 c_cookie=0 s_cookie=0 reconnecting=0 rev1=1 crypto rx=0 tx=0 comp rx=0 tx=0).prepare_send_message encoding features 4544132024016699391 0x36e89c0 mon_command_ack([{"prefix": "osd dump"}]=0 v5)
2026-02-17T05:18:26.934+0000 7f4e8a1f1640 10 mon.a@0(leader).log v12 preprocess_query log(1 entries from seq 33 at
2026-02-17T05:18:26.935178+0000) from mon.0 v2:127.0.0.1:7114/0
2026-02-17T05:18:26.934+0000 7f4e8a1f1640 10 mon.a@0(leader).log v12 preprocess_log log(1 entries from seq 33 at
2026-02-17T05:18:26.935178+0000) from mon.0
2026-02-17T05:18:26.934+0000 7f4e8a1f1640 20 MonCap is_capable service=log command= write addr - on cap allow *
2026-02-17T05:18:26.934+0000 7f4e8a1f1640 20 MonCap allow so far , doing grant allow *
2026-02-17T05:18:26.934+0000 7f4e8a1f1640 20 MonCap allow all
2026-02-17T05:18:26.934+0000 7f4e889ee640 2 --2- v2:127.0.0.1:7114/0 >> 127.0.0.1:0/3025243319 conn(0x36e7c00 0x4864680 crc :-1 s=READY pgs=1 gs=17 cs=0 l=1 c_cookie=0 s_cookie=0 reconnecting=0 rev1=1 crypto rx=0 tx=0 comp rx=0 tx=0).write_message sending message m=0x36e89c0 seq=8 mon_command_ack([{"prefix": "osd dump"}]=0 v5)
2026-02-17T05:18:26.934+0000 7f4e8a1f1640 10 mon.a@0(leader) e1 no_reply to mon.0 v2:127.0.0.1:7114/0 log(1 entries from seq 33 at
2026-02-17T05:18:26.935178+0000)
2026-02-17T05:18:26.934+0000 7f4e889ee640 20 --2- v2:127.0.0.1:7114/0 >> 127.0.0.1:0/3025243319 conn(0x36e7c00 0x4864680 crc :-1 s=READY pgs=1 gs=17 cs=0 l=1 c_cookie=0 s_cookie=0 reconnecting=0 rev1=1 crypto rx=0 tx=0 comp rx=0 tx=0).write_message sending m=0x36e89c0 seq=8 src=mon.0 off=0
2026-02-17T05:18:26.934+0000 7f4e8a1f1640 10 mon.a@0(leader).log v12 prepare_update log(1 entries from seq 33 at
2026-02-17T05:18:26.935178+0000) from mon.0 v2:127.0.0.1:7114/0
2026-02-17T05:18:26.934+0000 7f4e8a1f1640 10 mon.a@0(leader).log v12 prepare_log log(1 entries from seq 33 at
2026-02-17T05:18:26.935178+0000) from mon.0
2026-02-17T05:18:26.934+0000 7f4e8a1f1640 10 mon.a@0(leader).log v12 logging
2026-02-17T05:18:26.935178+0000 mon.a (mon.0) 33 : audit [DBG] from='client.? 127.0.0.1:0/3025243319' entity='client.admin' cmd={"prefix": "osd dump"} : dispatch
2026-02-17T05:18:26.934+0000 7f4e8a1f1640 10 mon.a@0(leader).paxosservice(logm 1..12) proposal_timer already set
2026-02-17T05:18:26.934+0000 7f4e8a1f1640 20 -- v2:127.0.0.1:7114/0 done calling dispatch on 0x4833a40
2026-02-17T05:18:26.934+0000 7f4e889ee640 10 -- v2:127.0.0.1:7114/0 >> 127.0.0.1:0/3025243319 conn(0x36e7c00 msgr2=0x4864680 crc :-1 s=STATE_CONNECTION_ESTABLISHED l=1)._try_send sent bytes 792 remaining bytes 0
2026-02-17T05:18:26.934+0000 7f4e889ee640 10 --2- v2:127.0.0.1:7114/0 >> 127.0.0.1:0/3025243319 conn(0x36e7c00 0x4864680 crc :-1 s=READY pgs=1 gs=17 cs=0 l=1 c_cookie=0 s_cookie=0 reconnecting=0 rev1=1 crypto rx=0 tx=0 comp rx=0 tx=0).write_message sending 0x36e89c0 done.
2026-02-17T05:18:26.934+0000 7f4e889ee640 20 -- v2:127.0.0.1:7114/0 >> 127.0.0.1:0/3025243319 conn(0x36e7c00 msgr2=0x4864680 crc :-1 s=STATE_CONNECTION_ESTABLISHED l=1).process
2026-02-17T05:18:26.934+0000 7f4e889ee640 20 -- v2:127.0.0.1:7114/0 >> 127.0.0.1:0/3025243319 conn(0x36e7c00 msgr2=0x4864680 crc :-1 s=STATE_CONNECTION_ESTABLISHED l=1).read continue len=32
2026-02-17T05:18:26.934+0000 7f4e889ee640 1 -- v2:127.0.0.1:7114/0 >> 127.0.0.1:0/3025243319 conn(0x36e7c00 msgr2=0x4864680 crc :-1 s=STATE_CONNECTION_ESTABLISHED l=1).read_bulk peer close file descriptor 36
2026-02-17T05:18:26.934+0000 7f4e889ee640 1 -- v2:127.0.0.1:7114/0 >> 127.0.0.1:0/3025243319 conn(0x36e7c00 msgr2=0x4864680 crc :-1 s=STATE_CONNECTION_ESTABLISHED l=1).read_until read failed
2026-02-17T05:18:26.934+0000 7f4e889ee640 20 --2- v2:127.0.0.1:7114/0 >> 127.0.0.1:0/3025243319 conn(0x36e7c00 0x4864680 crc :-1 s=READY pgs=1 gs=17 cs=0 l=1 c_cookie=0 s_cookie=0 reconnecting=0 rev1=1 crypto rx=0 tx=0 comp rx=0 tx=0).handle_read_frame_preamble_main r=-1
2026-02-17T05:18:26.934+0000 7f4e889ee640 1 --2- v2:127.0.0.1:7114/0 >> 127.0.0.1:0/3025243319 conn(0x36e7c00 0x4864680 crc :-1 s=READY pgs=1 gs=17 cs=0 l=1 c_cookie=0 s_cookie=0 reconnecting=0 rev1=1 crypto rx=0 tx=0 comp rx=0 tx=0).handle_read_frame_preamble_main read frame preamble failed r=-1
2026-02-17T05:18:26.934+0000 7f4e889ee640 10 --2- v2:127.0.0.1:7114/0 >> 127.0.0.1:0/3025243319 conn(0x36e7c00 0x4864680 crc :-1 s=READY pgs=1 gs=17 cs=0 l=1 c_cookie=0 s_cookie=0 reconnecting=0 rev1=1 crypto rx=0 tx=0 comp rx=0 tx=0)._fault
2026-02-17T05:18:26.934+0000 7f4e889ee640 2 --2- v2:127.0.0.1:7114/0 >> 127.0.0.1:0/3025243319 conn(0x36e7c00 0x4864680 crc :-1 s=READY pgs=1 gs=17 cs=0 l=1 c_cookie=0 s_cookie=0 reconnecting=0 rev1=1 crypto rx=0 tx=0 comp rx=0 tx=0)._fault on lossy channel, failing
2026-02-17T05:18:26.934+0000 7f4e889ee640 1 --2- v2:127.0.0.1:7114/0 >> 127.0.0.1:0/3025243319 conn(0x36e7c00 0x4864680 crc :-1 s=READY pgs=1 gs=17 cs=0 l=1 c_cookie=0 s_cookie=0 reconnecting=0 rev1=1 crypto rx=0 tx=0 comp rx=0 tx=0).stop
2026-02-17T05:18:26.934+0000 7f4e889ee640 5 --2- v2:127.0.0.1:7114/0 >> 127.0.0.1:0/3025243319 conn(0x36e7c00 0x4864680 crc :-1 s=READY pgs=1 gs=17 cs=0 l=1 c_cookie=0 s_cookie=0 reconnecting=0 rev1=1 crypto rx=0 tx=0 comp rx=0 tx=0).reset_recv_state
2026-02-17T05:18:26.934+0000 7f4e889ee640 5 --2- v2:127.0.0.1:7114/0 >> 127.0.0.1:0/3025243319 conn(0x36e7c00 0x4864680 crc :-1 s=READY pgs=1 gs=17 cs=0 l=1 c_cookie=0 s_cookie=0 reconnecting=0 rev1=1 crypto rx=0 tx=0 comp rx=0 tx=0).reset_security
2026-02-17T05:18:26.934+0000 7f4e889ee640 5 --2- v2:127.0.0.1:7114/0 >> 127.0.0.1:0/3025243319 conn(0x36e7c00 0x4864680 unknown :-1 s=READY pgs=1 gs=17 cs=0 l=1 c_cookie=0 s_cookie=0 reconnecting=0 rev1=1 crypto rx=0 tx=0 comp rx=0 tx=0).reset_compression
2026-02-17T05:18:26.934+0000 7f4e889ee640 10 --2- v2:127.0.0.1:7114/0 >> 127.0.0.1:0/3025243319 conn(0x36e7c00 0x4864680 unknown :-1 s=READY pgs=1 gs=17 cs=0 l=1 c_cookie=0 s_cookie=0 reconnecting=0 rev1=1 crypto rx=0 tx=0 comp rx=0 tx=0).discard_out_queue started
2026-02-17T05:18:26.934+0000 7f4e889ee640 20 EpollDriver.del_event del event fd=36 cur_mask=1 delmask=3 to 21
2026-02-17T05:18:26.934+0000 7f4e8a1f1640 10 mon.a@0(leader) e1 ms_handle_reset 0x36e7c00 127.0.0.1:0/3025243319
2026-02-17T05:18:26.934+0000 7f4e8a1f1640 10 mon.a@0(leader) e1 reset/close on session client.? 127.0.0.1:0/3025243319
2026-02-17T05:18:26.934+0000 7f4e8a1f1640 10 mon.a@0(leader) e1 remove_session 0x4819440 client.? 127.0.0.1:0/3025243319 features 0x3f0ffffffffdffff
2026-02-17T05:18:26.966+0000 7f4e8c9f6640 10 mon.a@0(leader).paxosservice(logm 1..12) propose_pending
2026-02-17T05:18:26.967+0000 7f4e8c9f6640 10 mon.a@0(leader).log v12 encode_pending v13
2026-02-17T05:18:26.967+0000 7f4e8c9f6640 20 mon.a@0(leader).log v12 encode_pending writing 2 entries
2026-02-17T05:18:26.967+0000 7f4e8c9f6640 20 mon.a@0(leader).log v12 encode_pending prune_channels_to {}
2026-02-17T05:18:26.967+0000 7f4e8c9f6640 5 mon.a@0(leader).paxos(paxos active c 1..20) queue_pending_finisher 0x35a5180
2026-02-17T05:18:26.967+0000 7f4e8c9f6640 10 mon.a@0(leader).paxos(paxos active c 1..20) trigger_propose active, proposing now
2026-02-17T05:18:26.967+0000 7f4e8c9f6640 10 mon.a@0(leader).paxos(paxos active c 1..20) propose_pending 21 967 bytes
2026-02-17T05:18:26.967+0000 7f4e8c9f6640 10 mon.a@0(leader).paxos(paxos updating c 1..20) begin for 21 967 bytes
2026-02-17T05:18:26.967+0000 7f4e8c9f6640 10 mon.a@0(leader).paxos(paxos updating c 1..20) commit_start 21
2026-02-17T05:18:26.967+0000 7f4e879ec640 20 mon.a@0(leader).paxos(paxos writing c 1..20) commit_finish 21
2026-02-17T05:18:26.967+0000 7f4e879ec640 10 mon.a@0(leader) e1 refresh_from_paxos
2026-02-17T05:18:26.967+0000 7f4e879ec640 10 mon.a@0(leader).paxosservice(mdsmap 1..1) refresh
2026-02-17T05:18:26.967+0000 7f4e879ec640 10 mon.a@0(leader).paxosservice(osdmap 1..5) refresh
2026-02-17T05:18:26.967+0000 7f4e879ec640 10 mon.a@0(leader).paxosservice(logm 1..12) refresh
2026-02-17T05:18:26.967+0000 7f4e879ec640 7 mon.a@0(leader).log v12 _updated_log for mon.0 v2:127.0.0.1:7114/0
2026-02-17T05:18:26.967+0000 7f4e879ec640 2 mon.a@0(leader) e1 send_reply 0x471d320 0x476d980 log(last 32)
2026-02-17T05:18:26.967+0000 7f4e879ec640 1 -- v2:127.0.0.1:7114/0 --> v2:127.0.0.1:7114/0 -- log(last 32) -- 0x476d980 con 0x3653c00
2026-02-17T05:18:26.967+0000 7f4e879ec640 20 -- v2:127.0.0.1:7114/0 >> v2:127.0.0.1:7114/0 conn(0x3653c00 msgr2=0x36f9000 unknown :-1 s=STATE_NONE l=0).send_message log(last 32) local
2026-02-17T05:18:26.967+0000 7f4e879ec640 7 mon.a@0(leader).log v12 _updated_log for mon.0 v2:127.0.0.1:7114/0
2026-02-17T05:18:26.967+0000 7f4e879ec640 2 mon.a@0(leader) e1 send_reply 0x4826240 0x35e5680 log(last 33)
2026-02-17T05:18:26.967+0000 7f4e879ec640 1 -- v2:127.0.0.1:7114/0 --> v2:127.0.0.1:7114/0 -- log(last 33) -- 0x35e5680 con 0x3653c00
2026-02-17T05:18:26.967+0000 7f4e879ec640 20 -- v2:127.0.0.1:7114/0 >> v2:127.0.0.1:7114/0 conn(0x3653c00 msgr2=0x36f9000 unknown :-1 s=STATE_NONE l=0).send_message log(last 33) local
2026-02-17T05:18:26.967+0000 7f4e879ec640 10 mon.a@0(leader).log v13 update_from_paxos
2026-02-17T05:18:26.967+0000 7f4e879ec640 10 mon.a@0(leader).log v13 update_from_paxos version 13 summary v 12
2026-02-17T05:18:26.967+0000 7f4e899f0640 20 -- v2:127.0.0.1:7114/0 queue 0x476d980 prio 196
2026-02-17T05:18:26.967+0000 7f4e879ec640 10 mon.a@0(leader).log v13 update_from_paxos latest full 0
2026-02-17T05:18:26.967+0000 7f4e899f0640 20 -- v2:127.0.0.1:7114/0 queue 0x35e5680 prio 196
2026-02-17T05:18:26.967+0000 7f4e8a1f1640 1 -- v2:127.0.0.1:7114/0 <== mon.0 v2:127.0.0.1:7114/0 0 ==== log(last 32) ==== 0+0+0 (unknown 0 0 0) 0x476d980 con 0x3653c00
2026-02-17T05:18:26.967+0000 7f4e879ec640 7 mon.a@0(leader).log v13 update_from_paxos applying incremental log 13
2026-02-17T05:18:26.917901+0000 mon.a (mon.0) 32 : audit [DBG] from='client.? 127.0.0.1:0/3025243319' entity='client.admin' cmd={"prefix": "osd dump"} : dispatch
2026-02-17T05:18:26.967+0000 7f4e879ec640 7 mon.a@0(leader).log v13 update_from_paxos applying incremental log 13
2026-02-17T05:18:26.935178+0000 mon.a (mon.0) 33 : audit [DBG] from='client.? 127.0.0.1:0/3025243319' entity='client.admin' cmd={"prefix": "osd dump"} : dispatch
2026-02-17T05:18:26.967+0000 7f4e879ec640 10 mon.a@0(leader).log v13 summary.channel_info {audit=0,16,cluster=0,18}
2026-02-17T05:18:26.968+0000 7f4e879ec640 10 mon.a@0(leader).log v13 check_subs
2026-02-17T05:18:26.968+0000 7f4e879ec640 10 mon.a@0(leader).paxosservice(monmap 1..1) refresh
2026-02-17T05:18:26.968+0000 7f4e879ec640 10 mon.a@0(leader).paxosservice(auth 1..3) refresh
2026-02-17T05:18:26.968+0000 7f4e879ec640 10 mon.a@0(leader).auth v3 update_from_paxos
2026-02-17T05:18:26.968+0000 7f4e879ec640 10 mon.a@0(leader).paxosservice(mgr 1..1) refresh
2026-02-17T05:18:26.968+0000 7f4e879ec640 10 mon.a@0(leader).config load_config got 1 keys
2026-02-17T05:18:26.968+0000 7f4e879ec640 10 mon.a@0(leader).mgr e1 prime_mgr_client
2026-02-17T05:18:26.968+0000 7f4e879ec640 10 mon.a@0(leader).paxosservice(mgrstat 1..1) refresh
2026-02-17T05:18:26.968+0000 7f4e879ec640 10 mon.a@0(leader).mgrstat 1
2026-02-17T05:18:26.968+0000 7f4e879ec640 10 mon.a@0(leader).mgrstat update_from_paxos v1 service_map e1 0 progress events 0 pools availability tracked
2026-02-17T05:18:26.968+0000 7f4e879ec640 10 mon.a@0(leader).mgrstat check_subs
2026-02-17T05:18:26.968+0000 7f4e879ec640 20 mon.a@0(leader).mgrstat update_logger
2026-02-17T05:18:26.968+0000 7f4e879ec640 20 mon.a@0(leader).osd e5 notify_new_pg_digest
2026-02-17T05:18:26.968+0000 7f4e879ec640 20 mon.a@0(leader).mgrstat should_calc_pool_availability
2026-02-17T05:18:26.968+0000 7f4e879ec640 20 mon.a@0(leader).mgrstat calc_pool_availability
2026-02-17T05:18:26.968+0000 7f4e879ec640 20 mon.a@0(leader).mgrstat calc_pool_availability tracking availability score is disabled
2026-02-17T05:18:26.968+0000 7f4e879ec640 10 mon.a@0(leader).paxosservice(health 1..1) refresh
2026-02-17T05:18:26.968+0000 7f4e879ec640 10 mon.a@0(leader).health update_from_paxos
2026-02-17T05:18:26.968+0000 7f4e879ec640 20 mon.a@0(leader).health dump:{ "quorum_health": {}, "leader_health": {} }
2026-02-17T05:18:26.968+0000 7f4e879ec640 10 mon.a@0(leader).paxosservice(config 1..2) refresh
2026-02-17T05:18:26.968+0000 7f4e879ec640 10 mon.a@0(leader).paxosservice(kv 1..2) refresh
2026-02-17T05:18:26.968+0000 7f4e879ec640 10 mon.a@0(leader).paxosservice(nvmeofgw 1..1) refresh
2026-02-17T05:18:26.968+0000 7f4e879ec640 20 nvmeofgw virtual void NVMeofGwMon::update_from_paxos(bool*) has BEACON_DIFF: 1
2026-02-17T05:18:26.968+0000 7f4e879ec640 10 mon.a@0(leader).paxosservice(mdsmap 1..1) post_refresh
2026-02-17T05:18:26.968+0000 7f4e879ec640 10 mon.a@0(leader).paxosservice(osdmap 1..5) post_refresh
2026-02-17T05:18:26.968+0000 7f4e879ec640 10 mon.a@0(leader).paxosservice(logm 1..13) post_refresh
2026-02-17T05:18:26.968+0000 7f4e879ec640 10 mon.a@0(leader).paxosservice(monmap 1..1) post_refresh
2026-02-17T05:18:26.968+0000 7f4e879ec640 10 mon.a@0(leader).paxosservice(auth 1..3) post_refresh
2026-02-17T05:18:26.968+0000 7f4e879ec640 10 mon.a@0(leader).paxosservice(mgr 1..1) post_refresh
2026-02-17T05:18:26.968+0000 7f4e879ec640 10 mon.a@0(leader).paxosservice(mgrstat 1..1) post_refresh
2026-02-17T05:18:26.968+0000 7f4e879ec640 10 mon.a@0(leader).paxosservice(health 1..1) post_refresh
2026-02-17T05:18:26.968+0000 7f4e879ec640 10 mon.a@0(leader).paxosservice(config 1..2) post_refresh
2026-02-17T05:18:26.968+0000 7f4e879ec640 10 mon.a@0(leader).paxosservice(kv 1..2) post_refresh
2026-02-17T05:18:26.968+0000 7f4e879ec640 10 mon.a@0(leader).paxosservice(nvmeofgw 1..1) post_refresh
2026-02-17T05:18:26.968+0000 7f4e879ec640 10 mon.a@0(leader).paxos(paxos refresh c 1..21) commit_proposal
2026-02-17T05:18:26.968+0000 7f4e879ec640 10 mon.a@0(leader).paxosservice(logm 1..13) _active - not active
2026-02-17T05:18:26.968+0000 7f4e879ec640 10 mon.a@0(leader).paxos(paxos refresh c 1..21) finish_round
2026-02-17T05:18:26.968+0000 7f4e879ec640 20 mon.a@0(leader).paxos(paxos active c 1..21) finish_round waiting_for_acting
2026-02-17T05:18:26.968+0000 7f4e879ec640 10 mon.a@0(leader).paxosservice(logm 1..13) _active
2026-02-17T05:18:26.968+0000 7f4e879ec640 7 mon.a@0(leader).paxosservice(logm 1..13) _active creating new pending
2026-02-17T05:18:26.968+0000 7f4e879ec640 10 mon.a@0(leader).log v13 create_pending v 14
2026-02-17T05:18:26.968+0000 7f4e879ec640 20 mon.a@0(leader).paxos(paxos active c 1..21) finish_round waiting_for_readable
2026-02-17T05:18:26.968+0000 7f4e879ec640 20 mon.a@0(leader).paxos(paxos active c 1..21) finish_round waiting_for_writeable
2026-02-17T05:18:26.968+0000 7f4e879ec640 10 mon.a@0(leader).paxos(paxos active c 1..21) finish_round done w/ waiters, state active
2026-02-17T05:18:26.968+0000 7f4e8a1f1640 20 mon.a@0(leader) e1 _ms_dispatch existing session 0x46f4000 for mon.0
2026-02-17T05:18:26.968+0000 7f4e8a1f1640 20 mon.a@0(leader) e1 entity_name global_id 0 (none) caps allow *
2026-02-17T05:18:26.968+0000 7f4e8a1f1640 20 MonCap is_capable service=mon command= read addr - on cap allow *
2026-02-17T05:18:26.968+0000 7f4e8a1f1640 20 MonCap allow so far , doing grant allow *
2026-02-17T05:18:26.968+0000 7f4e8a1f1640 20 MonCap allow all
2026-02-17T05:18:26.968+0000 7f4e8a1f1640 20 -- v2:127.0.0.1:7114/0 done calling dispatch on 0x476d980
2026-02-17T05:18:26.968+0000 7f4e8a1f1640 1 -- v2:127.0.0.1:7114/0 <== mon.0 v2:127.0.0.1:7114/0 0 ==== log(last 33) ==== 0+0+0 (unknown 0 0 0) 0x35e5680 con 0x3653c00
2026-02-17T05:18:26.968+0000 7f4e8a1f1640 20 mon.a@0(leader) e1 _ms_dispatch existing session 0x46f4000 for mon.0
2026-02-17T05:18:26.968+0000 7f4e8a1f1640 20 mon.a@0(leader) e1 entity_name global_id 0 (none) caps allow *
2026-02-17T05:18:26.968+0000 7f4e8a1f1640 20 MonCap is_capable service=mon command= read addr - on cap allow *
2026-02-17T05:18:26.968+0000 7f4e8a1f1640 20 MonCap allow so far , doing grant allow *
2026-02-17T05:18:26.968+0000 7f4e8a1f1640 20 MonCap allow all
2026-02-17T05:18:26.968+0000 7f4e8a1f1640 20 -- v2:127.0.0.1:7114/0 done calling dispatch on 0x35e5680
2026-02-17T05:18:26.999+0000 7f4e881ed640 10 Processor -- accept listen_fd=25
2026-02-17T05:18:26.999+0000 7f4e881ed640 10 Processor -- accept accepted incoming on sd 36
2026-02-17T05:18:26.999+0000 7f4e881ed640 10 -- v2:127.0.0.1:7114/0 >> conn(0x473fc00 msgr2=0x4864c00 unknown :-1 s=STATE_NONE l=0).accept sd=36 listen_addr v2:127.0.0.1:7114/0 peer_addr v2:127.0.0.1:52246/0
2026-02-17T05:18:26.999+0000 7f4e881ed640 1 --2- v2:127.0.0.1:7114/0 >> conn(0x473fc00 0x4864c00 unknown :-1 s=NONE pgs=0 gs=0 cs=0 l=0 c_cookie=0 s_cookie=0 reconnecting=0 rev1=0 crypto rx=0 tx=0 comp rx=0 tx=0).accept
2026-02-17T05:18:26.999+0000 7f4e881ed640 20 Event(0x360d4c8 nevent=5000 time_id=3).wakeup
2026-02-17T05:18:26.999+0000 7f4e881ed640 10 Processor -- accept accepted incoming on sd 37
2026-02-17T05:18:26.999+0000 7f4e889ee640 20 -- v2:127.0.0.1:7114/0 >> conn(0x473fc00 msgr2=0x4864c00 unknown :-1 s=STATE_ACCEPTING l=0).process
2026-02-17T05:18:26.999+0000 7f4e889ee640 20 Event(0x360d4c8 nevent=5000 time_id=3).create_file_event create event started fd=36 mask=1 original mask is 0
2026-02-17T05:18:26.999+0000 7f4e889ee640 20 EpollDriver.add_event add event fd=36 cur_mask=0 add_mask=1 to 21
2026-02-17T05:18:26.999+0000 7f4e881ed640 10 -- v2:127.0.0.1:7114/0 >> conn(0x473f800 msgr2=0x3729180 unknown :-1 s=STATE_NONE l=0).accept sd=37 listen_addr v2:127.0.0.1:7114/0 peer_addr v2:127.0.0.1:52256/0
2026-02-17T05:18:26.999+0000 7f4e889ee640 20 Event(0x360d4c8 nevent=5000 time_id=3).create_file_event create event end fd=36 mask=1 current mask is 1
2026-02-17T05:18:26.999+0000 7f4e881ed640 1 --2- v2:127.0.0.1:7114/0 >> conn(0x473f800 0x3729180 unknown :-1 s=NONE pgs=0 gs=0 cs=0 l=0 c_cookie=0 s_cookie=0 reconnecting=0 rev1=0 crypto rx=0 tx=0 comp rx=0 tx=0).accept
2026-02-17T05:18:26.999+0000 7f4e881ed640 20 Event(0x360d288 nevent=5000 time_id=5).wakeup
2026-02-17T05:18:26.999+0000 7f4e889ee640 20 --2- v2:127.0.0.1:7114/0 >> conn(0x473fc00 0x4864c00 unknown :-1 s=START_ACCEPT pgs=0 gs=0 cs=0 l=0 c_cookie=0 s_cookie=0 reconnecting=0 rev1=0 crypto rx=0 tx=0 comp rx=0 tx=0).read_event
2026-02-17T05:18:26.999+0000 7f4e889ee640 20 --2- v2:127.0.0.1:7114/0 >> conn(0x473fc00 0x4864c00 unknown :-1 s=START_ACCEPT pgs=0 gs=0 cs=0 l=0 c_cookie=0 s_cookie=0 reconnecting=0 rev1=0 crypto rx=0 tx=0 comp rx=0 tx=0).start_server_banner_exchange
2026-02-17T05:18:26.999+0000 7f4e889ee640 20 --2- v2:127.0.0.1:7114/0 >> conn(0x473fc00 0x4864c00 unknown :-1 s=BANNER_ACCEPTING pgs=0 gs=0 cs=0 l=0 c_cookie=0 s_cookie=0 reconnecting=0 rev1=0 crypto rx=0 tx=0 comp rx=0 tx=0)._banner_exchange
2026-02-17T05:18:26.999+0000 7f4e8e1f9640 20 -- v2:127.0.0.1:7114/0 >> conn(0x473f800 msgr2=0x3729180 unknown :-1 s=STATE_ACCEPTING l=0).process
2026-02-17T05:18:26.999+0000 7f4e8e1f9640 20 Event(0x360d288 nevent=5000 time_id=5).create_file_event create event started fd=37 mask=1 original mask is 0
2026-02-17T05:18:26.999+0000 7f4e889ee640 10 -- v2:127.0.0.1:7114/0 >> conn(0x473fc00 msgr2=0x4864c00 unknown :-1 s=STATE_CONNECTION_ESTABLISHED l=0)._try_send sent bytes 26 remaining bytes 0
2026-02-17T05:18:26.999+0000 7f4e8e1f9640 20 EpollDriver.add_event add event fd=37 cur_mask=0 add_mask=1 to 23
2026-02-17T05:18:26.999+0000 7f4e889ee640 20 -- v2:127.0.0.1:7114/0 >> conn(0x473fc00 msgr2=0x4864c00 unknown :-1 s=STATE_CONNECTION_ESTABLISHED l=0).read start len=10
2026-02-17T05:18:26.999+0000 7f4e8e1f9640 20 Event(0x360d288 nevent=5000 time_id=5).create_file_event create event end fd=37 mask=1 current mask is 1
2026-02-17T05:18:26.999+0000 7f4e8e1f9640 20 --2- v2:127.0.0.1:7114/0 >> conn(0x473f800 0x3729180 unknown :-1 s=START_ACCEPT pgs=0 gs=0 cs=0 l=0 c_cookie=0 s_cookie=0 reconnecting=0 rev1=0 crypto rx=0 tx=0 comp rx=0 tx=0).read_event
2026-02-17T05:18:26.999+0000 7f4e8e1f9640 20 --2- v2:127.0.0.1:7114/0 >> conn(0x473f800 0x3729180 unknown :-1 s=START_ACCEPT pgs=0 gs=0 cs=0 l=0 c_cookie=0 s_cookie=0 reconnecting=0 rev1=0 crypto rx=0 tx=0 comp rx=0 tx=0).start_server_banner_exchange
2026-02-17T05:18:26.999+0000 7f4e8e1f9640 20 --2- v2:127.0.0.1:7114/0 >> conn(0x473f800 0x3729180 unknown :-1 s=BANNER_ACCEPTING pgs=0 gs=0 cs=0 l=0 c_cookie=0 s_cookie=0 reconnecting=0 rev1=0 crypto rx=0 tx=0 comp rx=0 tx=0)._banner_exchange
2026-02-17T05:18:26.999+0000 7f4e8e1f9640 10 -- v2:127.0.0.1:7114/0 >> conn(0x473f800 msgr2=0x3729180 unknown :-1 s=STATE_CONNECTION_ESTABLISHED l=0)._try_send sent bytes 26 remaining bytes 0
2026-02-17T05:18:26.999+0000 7f4e8e1f9640 20 -- v2:127.0.0.1:7114/0 >> conn(0x473f800 msgr2=0x3729180 unknown :-1 s=STATE_CONNECTION_ESTABLISHED l=0).read start len=10
2026-02-17T05:18:26.999+0000 7f4e8e1f9640 20 --2- v2:127.0.0.1:7114/0 >> conn(0x473f800 0x3729180 unknown :-1 s=BANNER_ACCEPTING pgs=0 gs=0 cs=0 l=0 c_cookie=0 s_cookie=0 reconnecting=0 rev1=0 crypto rx=0 tx=0 comp rx=0 tx=0)._handle_peer_banner r=0
2026-02-17T05:18:26.999+0000 7f4e8e1f9640 20 -- v2:127.0.0.1:7114/0 >> conn(0x473f800 msgr2=0x3729180 unknown :-1 s=STATE_CONNECTION_ESTABLISHED l=0).read start len=16
2026-02-17T05:18:26.999+0000 7f4e8e1f9640 20 --2- v2:127.0.0.1:7114/0 >> conn(0x473f800 0x3729180 unknown :-1 s=BANNER_ACCEPTING pgs=0 gs=0 cs=0 l=0 c_cookie=0 s_cookie=0 reconnecting=0 rev1=0 crypto rx=0 tx=0 comp rx=0 tx=0)._handle_peer_banner_payload r=0
2026-02-17T05:18:26.999+0000 7f4e8e1f9640 1 --2- v2:127.0.0.1:7114/0 >> conn(0x473f800 0x3729180 unknown :-1 s=BANNER_ACCEPTING pgs=0 gs=0 cs=0 l=0 c_cookie=0 s_cookie=0 reconnecting=0 rev1=0 crypto rx=0 tx=0 comp rx=0 tx=0)._handle_peer_banner_payload supported=3 required=0
2026-02-17T05:18:26.999+0000 7f4e8e1f9640 10 -- v2:127.0.0.1:7114/0 >> conn(0x473f800 msgr2=0x3729180 unknown :-1 s=STATE_CONNECTION_ESTABLISHED l=0)._try_send sent bytes 72 remaining bytes 0
2026-02-17T05:18:26.999+0000 7f4e8e1f9640 20 --2- v2:127.0.0.1:7114/0 >> conn(0x473f800 0x3729180 unknown :-1 s=HELLO_ACCEPTING pgs=0 gs=0 cs=0 l=0 c_cookie=0 s_cookie=0 reconnecting=0 rev1=1 crypto rx=0 tx=0 comp rx=0 tx=0).read_frame
2026-02-17T05:18:26.999+0000 7f4e8e1f9640 20 -- v2:127.0.0.1:7114/0 >> conn(0x473f800 msgr2=0x3729180 unknown :-1 s=STATE_CONNECTION_ESTABLISHED l=0).read start len=32
2026-02-17T05:18:26.999+0000 7f4e8e1f9640 20 --2- v2:127.0.0.1:7114/0 >> conn(0x473f800 0x3729180 unknown :-1 s=HELLO_ACCEPTING pgs=0 gs=0 cs=0 l=0 c_cookie=0 s_cookie=0 reconnecting=0 rev1=1 crypto rx=0 tx=0 comp rx=0 tx=0).handle_read_frame_preamble_main r=0
2026-02-17T05:18:26.999+0000 7f4e8e1f9640 20 --2- v2:127.0.0.1:7114/0 >> conn(0x473f800 0x3729180 unknown :-1 s=HELLO_ACCEPTING pgs=0 gs=0 cs=0 l=0 c_cookie=0 s_cookie=0 reconnecting=0 rev1=1 crypto rx=0 tx=0 comp rx=0 tx=0).read_frame_segment seg_idx=0
2026-02-17T05:18:26.999+0000 7f4e8e1f9640 20 -- v2:127.0.0.1:7114/0 >> conn(0x473f800 msgr2=0x3729180 unknown :-1 s=STATE_CONNECTION_ESTABLISHED l=0).read start len=40
2026-02-17T05:18:26.999+0000 7f4e8e1f9640 20 --2- v2:127.0.0.1:7114/0 >> conn(0x473f800 0x3729180 unknown :-1 s=HELLO_ACCEPTING pgs=0 gs=0 cs=0 l=0 c_cookie=0 s_cookie=0 reconnecting=0 rev1=1 crypto rx=0 tx=0 comp rx=0 tx=0).handle_read_frame_segment r=0
2026-02-17T05:18:26.999+0000 7f4e8e1f9640 10 --2- v2:127.0.0.1:7114/0 >> conn(0x473f800 0x3729180 unknown :-1 s=HELLO_ACCEPTING pgs=0 gs=0 cs=0 l=0 c_cookie=0 s_cookie=0 reconnecting=0 rev1=1 crypto rx=0 tx=0 comp rx=0 tx=0).handle_read_frame_dispatch tag=1
2026-02-17T05:18:26.999+0000 7f4e8e1f9640 20 --2- v2:127.0.0.1:7114/0 >> conn(0x473f800 0x3729180 unknown :-1 s=HELLO_ACCEPTING pgs=0 gs=0 cs=0 l=0 c_cookie=0 s_cookie=0 reconnecting=0 rev1=1 crypto rx=0 tx=0 comp rx=0 tx=0).handle_hello payload.length()=36
2026-02-17T05:18:26.999+0000 7f4e8e1f9640 5 --2- v2:127.0.0.1:7114/0 >> conn(0x473f800 0x3729180 unknown :-1 s=HELLO_ACCEPTING pgs=0 gs=0 cs=0 l=0 c_cookie=0 s_cookie=0 reconnecting=0 rev1=1 crypto rx=0 tx=0 comp rx=0 tx=0).handle_hello received hello: peer_type=8 peer_addr_for_me=v2:127.0.0.1:7114/0
2026-02-17T05:18:26.999+0000 7f4e8e1f9640 5 --2- v2:127.0.0.1:7114/0 >> conn(0x473f800 0x3729180 unknown :-1 s=HELLO_ACCEPTING pgs=0 gs=0 cs=0 l=0 c_cookie=0 s_cookie=0 reconnecting=0 rev1=1 crypto rx=0 tx=0 comp rx=0 tx=0).handle_hello getsockname says I am 127.0.0.1:7114 when talking to v2:127.0.0.1:52256/0
2026-02-17T05:18:26.999+0000 7f4e8e1f9640 10 --2- v2:127.0.0.1:7114/0 >> conn(0x473f800 0x3729180 unknown :-1 s=HELLO_ACCEPTING pgs=0 gs=0 cs=0 l=1 c_cookie=0 s_cookie=0 reconnecting=0 rev1=1 crypto rx=0 tx=0 comp rx=0 tx=0).handle_hello accept of host_type 8, policy.lossy=1 policy.server=1 policy.standby=0 policy.resetcheck=0
2026-02-17T05:18:26.999+0000 7f4e8e1f9640 20 --2- v2:127.0.0.1:7114/0 >> conn(0x473f800 0x3729180 unknown :-1 s=HELLO_ACCEPTING pgs=0 gs=0 cs=0 l=1 c_cookie=0 s_cookie=0 reconnecting=0 rev1=1 crypto rx=0 tx=0 comp rx=0 tx=0).post_server_banner_exchange
2026-02-17T05:18:26.999+0000 7f4e8e1f9640 20 --2- v2:127.0.0.1:7114/0 >> conn(0x473f800 0x3729180 unknown :-1 s=AUTH_ACCEPTING pgs=0 gs=0 cs=0 l=1 c_cookie=0 s_cookie=0 reconnecting=0 rev1=1 crypto rx=0 tx=0 comp rx=0 tx=0).read_frame
2026-02-17T05:18:26.999+0000 7f4e8e1f9640 20 -- v2:127.0.0.1:7114/0 >> conn(0x473f800 msgr2=0x3729180 unknown :-1 s=STATE_CONNECTION_ESTABLISHED l=1).read start len=32
2026-02-17T05:18:26.999+0000 7f4e8e1f9640 20 -- v2:127.0.0.1:7114/0 >> conn(0x473f800 msgr2=0x3729180 unknown :-1 s=STATE_CONNECTION_ESTABLISHED l=1).process
2026-02-17T05:18:26.999+0000 7f4e8e1f9640 20 -- v2:127.0.0.1:7114/0 >> conn(0x473f800 msgr2=0x3729180 unknown :-1 s=STATE_CONNECTION_ESTABLISHED l=1).read continue len=32
2026-02-17T05:18:26.999+0000 7f4e8e1f9640 20 --2- v2:127.0.0.1:7114/0 >> conn(0x473f800 0x3729180 unknown :-1 s=AUTH_ACCEPTING pgs=0 gs=0 cs=0 l=1 c_cookie=0 s_cookie=0 reconnecting=0 rev1=1 crypto rx=0 tx=0 comp rx=0 tx=0).handle_read_frame_preamble_main r=0
2026-02-17T05:18:26.999+0000 7f4e8e1f9640 20 --2- v2:127.0.0.1:7114/0 >> conn(0x473f800 0x3729180 unknown :-1 s=AUTH_ACCEPTING pgs=0 gs=0 cs=0 l=1 c_cookie=0 s_cookie=0 reconnecting=0 rev1=1 crypto rx=0 tx=0 comp rx=0 tx=0).read_frame_segment seg_idx=0
2026-02-17T05:18:26.999+0000 7f4e8e1f9640 20 -- v2:127.0.0.1:7114/0 >> conn(0x473f800 msgr2=0x3729180 unknown :-1 s=STATE_CONNECTION_ESTABLISHED l=1).read start len=42
2026-02-17T05:18:26.999+0000 7f4e8e1f9640 20 --2- v2:127.0.0.1:7114/0 >> conn(0x473f800 0x3729180 unknown :-1 s=AUTH_ACCEPTING pgs=0 gs=0 cs=0 l=1 c_cookie=0 s_cookie=0 reconnecting=0 rev1=1 crypto rx=0 tx=0 comp rx=0 tx=0).handle_read_frame_segment r=0
2026-02-17T05:18:26.999+0000 7f4e8e1f9640 10 --2- v2:127.0.0.1:7114/0 >> conn(0x473f800 0x3729180 unknown :-1 s=AUTH_ACCEPTING pgs=0 gs=0 cs=0 l=1 c_cookie=0 s_cookie=0 reconnecting=0 rev1=1 crypto rx=0 tx=0 comp rx=0 tx=0).handle_read_frame_dispatch tag=2
2026-02-17T05:18:26.999+0000 7f4e8e1f9640 20 --2- v2:127.0.0.1:7114/0 >> conn(0x473f800 0x3729180 unknown :-1 s=AUTH_ACCEPTING pgs=0 gs=0 cs=0 l=1 c_cookie=0 s_cookie=0 reconnecting=0 rev1=1 crypto rx=0 tx=0 comp rx=0 tx=0).handle_auth_request payload.length()=38
2026-02-17T05:18:26.999+0000 7f4e8e1f9640 10 --2- v2:127.0.0.1:7114/0 >> conn(0x473f800 0x3729180 unknown :-1 s=AUTH_ACCEPTING pgs=0 gs=0 cs=0 l=1 c_cookie=0 s_cookie=0 reconnecting=0 rev1=1 crypto rx=0 tx=0 comp rx=0 tx=0).handle_auth_request AuthRequest(method=1, preferred_modes=[1], payload_len=22)
2026-02-17T05:18:26.999+0000 7f4e8e1f9640 10 mon.a@0(leader) e1 handle_auth_request con 0x473f800 (start) method 1 payload 22
2026-02-17T05:18:26.999+0000 7f4e8e1f9640 10 mon.a@0(leader).auth v3 _assign_global_id 4114 (max 14096)
2026-02-17T05:18:26.999+0000 7f4e8e1f9640 10 mon.a@0(leader) e1 ms_handle_fast_authentication session 0x46f5b00 con 0x473f800 addr - MonSession(unknown.0 is open , features 0x0 (unknown))
2026-02-17T05:18:26.999+0000 7f4e8e1f9640 10 -- v2:127.0.0.1:7114/0 >> conn(0x473f800 msgr2=0x3729180 crc :-1 s=STATE_CONNECTION_ESTABLISHED l=1)._try_send sent bytes 52 remaining bytes 0
2026-02-17T05:18:26.999+0000 7f4e8e1f9640 10 -- v2:127.0.0.1:7114/0 >> conn(0x473f800 msgr2=0x3729180 crc :-1 s=STATE_CONNECTION_ESTABLISHED l=1)._try_send sent bytes 68 remaining bytes 0
2026-02-17T05:18:26.999+0000 7f4e8e1f9640 20 --2- v2:127.0.0.1:7114/0 >> conn(0x473f800 0x3729180 crc :-1 s=AUTH_ACCEPTING_SIGN pgs=0 gs=0 cs=0 l=1 c_cookie=0 s_cookie=0 reconnecting=0 rev1=1 crypto rx=0 tx=0 comp rx=0 tx=0).read_frame
2026-02-17T05:18:26.999+0000 7f4e8e1f9640 20 -- v2:127.0.0.1:7114/0 >> conn(0x473f800 msgr2=0x3729180 crc :-1 s=STATE_CONNECTION_ESTABLISHED l=1).read start len=32
2026-02-17T05:18:26.999+0000 7f4e889ee640 20 -- v2:127.0.0.1:7114/0 >> conn(0x473fc00 msgr2=0x4864c00 unknown :-1 s=STATE_CONNECTION_ESTABLISHED l=0).process
2026-02-17T05:18:26.999+0000 7f4e889ee640 20 -- v2:127.0.0.1:7114/0 >> conn(0x473fc00 msgr2=0x4864c00 unknown :-1 s=STATE_CONNECTION_ESTABLISHED l=0).read continue len=10
2026-02-17T05:18:26.999+0000 7f4e8e1f9640 20 -- v2:127.0.0.1:7114/0 >> conn(0x473f800 msgr2=0x3729180 crc :-1 s=STATE_CONNECTION_ESTABLISHED l=1).process
2026-02-17T05:18:26.999+0000 7f4e889ee640 1 -- v2:127.0.0.1:7114/0 >> conn(0x473fc00 msgr2=0x4864c00 unknown :-1 s=STATE_CONNECTION_ESTABLISHED l=0).read_bulk peer close file descriptor 36
2026-02-17T05:18:26.999+0000 7f4e889ee640 1 -- v2:127.0.0.1:7114/0 >> conn(0x473fc00 msgr2=0x4864c00 unknown :-1 s=STATE_CONNECTION_ESTABLISHED l=0).read_until read failed
2026-02-17T05:18:26.999+0000 7f4e889ee640 20 --2- v2:127.0.0.1:7114/0 >> conn(0x473fc00 0x4864c00 unknown :-1 s=BANNER_ACCEPTING pgs=0 gs=0 cs=0 l=0 c_cookie=0 s_cookie=0 reconnecting=0 rev1=0 crypto rx=0 tx=0 comp rx=0 tx=0)._handle_peer_banner r=-1
2026-02-17T05:18:26.999+0000 7f4e8e1f9640 20 -- v2:127.0.0.1:7114/0 >> conn(0x473f800 msgr2=0x3729180 crc :-1 s=STATE_CONNECTION_ESTABLISHED l=1).read continue len=32
2026-02-17T05:18:26.999+0000 7f4e889ee640 1 --2- v2:127.0.0.1:7114/0 >> conn(0x473fc00 0x4864c00 unknown :-1 s=BANNER_ACCEPTING pgs=0 gs=0 cs=0 l=0 c_cookie=0 s_cookie=0 reconnecting=0 rev1=0 crypto rx=0 tx=0 comp rx=0 tx=0)._handle_peer_banner read peer banner failed r=-1 ((1) Operation not permitted)
2026-02-17T05:18:26.999+0000 7f4e889ee640 10 --2- v2:127.0.0.1:7114/0 >> conn(0x473fc00 0x4864c00 unknown :-1 s=BANNER_ACCEPTING pgs=0 gs=0 cs=0 l=0 c_cookie=0 s_cookie=0 reconnecting=0 rev1=0 crypto rx=0 tx=0 comp rx=0 tx=0)._fault
2026-02-17T05:18:26.999+0000 7f4e8e1f9640 20 --2- v2:127.0.0.1:7114/0 >> conn(0x473f800 0x3729180 crc :-1 s=AUTH_ACCEPTING_SIGN pgs=0 gs=0 cs=0 l=1 c_cookie=0 s_cookie=0 reconnecting=0 rev1=1 crypto rx=0 tx=0 comp rx=0 tx=0).handle_read_frame_preamble_main r=0
2026-02-17T05:18:26.999+0000 7f4e889ee640 2 --2- v2:127.0.0.1:7114/0 >> conn(0x473fc00 0x4864c00 unknown :-1 s=BANNER_ACCEPTING pgs=0 gs=0 cs=0 l=0 c_cookie=0 s_cookie=0 reconnecting=0 rev1=0 crypto rx=0 tx=0 comp rx=0 tx=0)._fault with nothing to send and in the half accept state just closed
2026-02-17T05:18:26.999+0000 7f4e8e1f9640 20 --2- v2:127.0.0.1:7114/0 >> conn(0x473f800 0x3729180 crc :-1 s=AUTH_ACCEPTING_SIGN pgs=0 gs=0 cs=0 l=1 c_cookie=0 s_cookie=0 reconnecting=0 rev1=1 crypto rx=0 tx=0 comp rx=0 tx=0).read_frame_segment seg_idx=0
2026-02-17T05:18:26.999+0000 7f4e8e1f9640 20 -- v2:127.0.0.1:7114/0 >> conn(0x473f800 msgr2=0x3729180 crc :-1 s=STATE_CONNECTION_ESTABLISHED l=1).read start len=36
2026-02-17T05:18:26.999+0000 7f4e889ee640 1 --2- v2:127.0.0.1:7114/0 >> conn(0x473fc00 0x4864c00 unknown :-1 s=BANNER_ACCEPTING pgs=0 gs=0 cs=0 l=0 c_cookie=0 s_cookie=0 reconnecting=0 rev1=0 crypto rx=0 tx=0 comp rx=0 tx=0).stop
2026-02-17T05:18:26.999+0000 7f4e8e1f9640 20 --2- v2:127.0.0.1:7114/0 >> conn(0x473f800 0x3729180 crc :-1 s=AUTH_ACCEPTING_SIGN pgs=0 gs=0 cs=0 l=1 c_cookie=0 s_cookie=0 reconnecting=0 rev1=1 crypto rx=0 tx=0 comp rx=0 tx=0).handle_read_frame_segment r=0
2026-02-17T05:18:26.999+0000 7f4e889ee640 5 --2- v2:127.0.0.1:7114/0 >> conn(0x473fc00 0x4864c00 unknown :-1 s=BANNER_ACCEPTING pgs=0 gs=0 cs=0 l=0 c_cookie=0 s_cookie=0 reconnecting=0 rev1=0 crypto rx=0 tx=0 comp rx=0 tx=0).reset_recv_state
