2026-02-17T05:18:27.085+0000 7f4e889ee640 20 --2- v2:127.0.0.1:7114/0 >> 127.0.0.1:0/1156026101 conn(0x36e7400 0x4863b80 crc :-1 s=READY pgs=2 gs=20 cs=0 l=1 c_cookie=10214137170067979444 s_cookie=0 reconnecting=0 rev1=1 crypto rx=0 tx=0 comp rx=0 tx=0).handle_read_frame_preamble_main r=0
2026-02-17T05:18:27.085+0000 7f4e889ee640 20 --2- v2:127.0.0.1:7114/0 >> 127.0.0.1:0/1156026101 conn(0x36e7400 0x4863b80 crc :-1 s=THROTTLE_MESSAGE pgs=2 gs=20 cs=0 l=1 c_cookie=10214137170067979444 s_cookie=0 reconnecting=0 rev1=1 crypto rx=0 tx=0 comp rx=0 tx=0).throttle_message
2026-02-17T05:18:27.085+0000 7f4e889ee640 20 --2- v2:127.0.0.1:7114/0 >> 127.0.0.1:0/1156026101 conn(0x36e7400 0x4863b80 crc :-1 s=THROTTLE_BYTES pgs=2 gs=20 cs=0 l=1 c_cookie=10214137170067979444 s_cookie=0 reconnecting=0 rev1=1 crypto rx=0 tx=0 comp rx=0 tx=0).throttle_bytes
2026-02-17T05:18:27.085+0000 7f4e889ee640 20 --2- v2:127.0.0.1:7114/0 >> 127.0.0.1:0/1156026101 conn(0x36e7400 0x4863b80 crc :-1 s=THROTTLE_DISPATCH_QUEUE pgs=2 gs=20 cs=0 l=1 c_cookie=10214137170067979444 s_cookie=0 reconnecting=0 rev1=1 crypto rx=0 tx=0 comp rx=0 tx=0).throttle_dispatch_queue
2026-02-17T05:18:27.085+0000 7f4e889ee640 20 --2- v2:127.0.0.1:7114/0 >> 127.0.0.1:0/1156026101 conn(0x36e7400 0x4863b80 crc :-1 s=THROTTLE_DONE pgs=2 gs=20 cs=0 l=1 c_cookie=10214137170067979444 s_cookie=0 reconnecting=0 rev1=1 crypto rx=0 tx=0 comp rx=0 tx=0).read_frame_segment seg_idx=0
2026-02-17T05:18:27.085+0000 7f4e889ee640 20 -- v2:127.0.0.1:7114/0 >> 127.0.0.1:0/1156026101 conn(0x36e7400 msgr2=0x4863b80 crc :-1 s=STATE_CONNECTION_ESTABLISHED l=1).read start len=45
2026-02-17T05:18:27.085+0000 7f4e889ee640 20 --2- v2:127.0.0.1:7114/0 >> 127.0.0.1:0/1156026101 conn(0x36e7400 0x4863b80 crc :-1 s=THROTTLE_DONE pgs=2 gs=20 cs=0 l=1 c_cookie=10214137170067979444 s_cookie=0 reconnecting=0 rev1=1 crypto rx=0 tx=0 comp rx=0 tx=0).handle_read_frame_segment r=0
2026-02-17T05:18:27.085+0000 7f4e889ee640 10 --2- v2:127.0.0.1:7114/0 >> 127.0.0.1:0/1156026101 conn(0x36e7400 0x4863b80 crc :-1 s=THROTTLE_DONE pgs=2 gs=20 cs=0 l=1 c_cookie=10214137170067979444 s_cookie=0 reconnecting=0 rev1=1 crypto rx=0 tx=0 comp rx=0 tx=0).handle_read_frame_dispatch tag=17
2026-02-17T05:18:27.085+0000 7f4e889ee640 20 --2- v2:127.0.0.1:7114/0 >> 127.0.0.1:0/1156026101 conn(0x36e7400 0x4863b80 crc :-1 s=THROTTLE_DONE pgs=2 gs=20 cs=0 l=1 c_cookie=10214137170067979444 s_cookie=0 reconnecting=0 rev1=1 crypto rx=0 tx=0 comp rx=0 tx=0).handle_message
2026-02-17T05:18:27.085+0000 7f4e889ee640 5 --2- v2:127.0.0.1:7114/0 >> 127.0.0.1:0/1156026101 conn(0x36e7400 0x4863b80 crc :-1 s=THROTTLE_DONE pgs=2 gs=20 cs=0 l=1 c_cookie=10214137170067979444 s_cookie=0 reconnecting=0 rev1=1 crypto rx=0 tx=0 comp rx=0 tx=0).handle_message got 0 + 0 + 0 byte message. envelope type=5 src client.? off 0
2026-02-17T05:18:27.085+0000 7f4e889ee640 5 --2- v2:127.0.0.1:7114/0 >> 127.0.0.1:0/1156026101 conn(0x36e7400 0x4863b80 crc :-1 s=READ_MESSAGE_COMPLETE pgs=2 gs=20 cs=0 l=1 c_cookie=10214137170067979444 s_cookie=0 reconnecting=0 rev1=1 crypto rx=0 tx=0 comp rx=0 tx=0).handle_message received message m=0x37717c0 seq=1 from=client.? type=5 mon_getmap magic: 0
2026-02-17T05:18:27.085+0000 7f4e889ee640 20 -- v2:127.0.0.1:7114/0 queue 0x37717c0 prio 127
2026-02-17T05:18:27.085+0000 7f4e889ee640 20 --2- v2:127.0.0.1:7114/0 >> 127.0.0.1:0/1156026101 conn(0x36e7400 0x4863b80 crc :-1 s=READY pgs=2 gs=20 cs=0 l=1 c_cookie=10214137170067979444 s_cookie=0 reconnecting=0 rev1=1 crypto rx=0 tx=0 comp rx=0 tx=0).read_frame
2026-02-17T05:18:27.085+0000 7f4e889ee640 20 -- v2:127.0.0.1:7114/0 >> 127.0.0.1:0/1156026101 conn(0x36e7400 msgr2=0x4863b80 crc :-1 s=STATE_CONNECTION_ESTABLISHED l=1).read start len=32
2026-02-17T05:18:27.085+0000 7f4e889ee640 20 --2- v2:127.0.0.1:7114/0 >> 127.0.0.1:0/1156026101 conn(0x36e7400 0x4863b80 crc :-1 s=READY pgs=2 gs=20 cs=0 l=1 c_cookie=10214137170067979444 s_cookie=0 reconnecting=0 rev1=1 crypto rx=0 tx=0 comp rx=0 tx=0).handle_read_frame_preamble_main r=0
2026-02-17T05:18:27.085+0000 7f4e889ee640 20 --2- v2:127.0.0.1:7114/0 >> 127.0.0.1:0/1156026101 conn(0x36e7400 0x4863b80 crc :-1 s=THROTTLE_MESSAGE pgs=2 gs=20 cs=0 l=1 c_cookie=10214137170067979444 s_cookie=0 reconnecting=0 rev1=1 crypto rx=0 tx=0 comp rx=0 tx=0).throttle_message
2026-02-17T05:18:27.085+0000 7f4e889ee640 20 --2- v2:127.0.0.1:7114/0 >> 127.0.0.1:0/1156026101 conn(0x36e7400 0x4863b80 crc :-1 s=THROTTLE_BYTES pgs=2 gs=20 cs=0 l=1 c_cookie=10214137170067979444 s_cookie=0 reconnecting=0 rev1=1 crypto rx=0 tx=0 comp rx=0 tx=0).throttle_bytes
2026-02-17T05:18:27.085+0000 7f4e8a1f1640 1 -- v2:127.0.0.1:7114/0 <== client.? 127.0.0.1:0/1156026101 1 ==== mon_getmap magic: 0 ==== 0+0+0 (crc 0 0 0) 0x37717c0 con 0x36e7400
2026-02-17T05:18:27.085+0000 7f4e889ee640 10 --2- v2:127.0.0.1:7114/0 >> 127.0.0.1:0/1156026101 conn(0x36e7400 0x4863b80 crc :-1 s=THROTTLE_BYTES pgs=2 gs=20 cs=0 l=1 c_cookie=10214137170067979444 s_cookie=0 reconnecting=0 rev1=1 crypto rx=0 tx=0 comp rx=0 tx=0).throttle_bytes wants 54 bytes from policy throttler 172/104857600
2026-02-17T05:18:27.085+0000 7f4e889ee640 20 --2- v2:127.0.0.1:7114/0 >> 127.0.0.1:0/1156026101 conn(0x36e7400 0x4863b80 crc :-1 s=THROTTLE_DISPATCH_QUEUE pgs=2 gs=20 cs=0 l=1 c_cookie=10214137170067979444 s_cookie=0 reconnecting=0 rev1=1 crypto rx=0 tx=0 comp rx=0 tx=0).throttle_dispatch_queue
2026-02-17T05:18:27.085+0000 7f4e889ee640 20 --2- v2:127.0.0.1:7114/0 >> 127.0.0.1:0/1156026101 conn(0x36e7400 0x4863b80 crc :-1 s=THROTTLE_DONE pgs=2 gs=20 cs=0 l=1 c_cookie=10214137170067979444 s_cookie=0 reconnecting=0 rev1=1 crypto rx=0 tx=0 comp rx=0 tx=0).read_frame_segment seg_idx=0
2026-02-17T05:18:27.085+0000 7f4e8a1f1640 20 mon.a@0(leader) e1 _ms_dispatch existing session 0x48198c0 for client.?
2026-02-17T05:18:27.085+0000 7f4e889ee640 20 -- v2:127.0.0.1:7114/0 >> 127.0.0.1:0/1156026101 conn(0x36e7400 msgr2=0x4863b80 crc :-1 s=STATE_CONNECTION_ESTABLISHED l=1).read start len=45
2026-02-17T05:18:27.085+0000 7f4e889ee640 20 --2- v2:127.0.0.1:7114/0 >> 127.0.0.1:0/1156026101 conn(0x36e7400 0x4863b80 crc :-1 s=THROTTLE_DONE pgs=2 gs=20 cs=0 l=1 c_cookie=10214137170067979444 s_cookie=0 reconnecting=0 rev1=1 crypto rx=0 tx=0 comp rx=0 tx=0).handle_read_frame_segment r=0
2026-02-17T05:18:27.085+0000 7f4e8a1f1640 20 mon.a@0(leader) e1 entity_name osd.1 global_id 4116 (none) caps allow *
2026-02-17T05:18:27.085+0000 7f4e889ee640 20 --2- v2:127.0.0.1:7114/0 >> 127.0.0.1:0/1156026101 conn(0x36e7400 0x4863b80 crc :-1 s=THROTTLE_DONE pgs=2 gs=20 cs=0 l=1 c_cookie=10214137170067979444 s_cookie=0 reconnecting=0 rev1=1 crypto rx=0 tx=0 comp rx=0 tx=0).read_frame_segment seg_idx=1
2026-02-17T05:18:27.085+0000 7f4e8a1f1640 10 mon.a@0(leader) e1 handle_mon_get_map
2026-02-17T05:18:27.085+0000 7f4e889ee640 20 -- v2:127.0.0.1:7114/0 >> 127.0.0.1:0/1156026101 conn(0x36e7400 msgr2=0x4863b80 crc :-1 s=STATE_CONNECTION_ESTABLISHED l=1).read start len=54
2026-02-17T05:18:27.085+0000 7f4e889ee640 20 --2- v2:127.0.0.1:7114/0 >> 127.0.0.1:0/1156026101 conn(0x36e7400 0x4863b80 crc :-1 s=THROTTLE_DONE pgs=2 gs=20 cs=0 l=1 c_cookie=10214137170067979444 s_cookie=0 reconnecting=0 rev1=1 crypto rx=0 tx=0 comp rx=0 tx=0).handle_read_frame_segment r=0
2026-02-17T05:18:27.085+0000 7f4e889ee640 20 -- v2:127.0.0.1:7114/0 >> 127.0.0.1:0/1156026101 conn(0x36e7400 msgr2=0x4863b80 crc :-1 s=STATE_CONNECTION_ESTABLISHED l=1).read start len=13
2026-02-17T05:18:27.085+0000 7f4e889ee640 20 --2- v2:127.0.0.1:7114/0 >> 127.0.0.1:0/1156026101 conn(0x36e7400 0x4863b80 crc :-1 s=THROTTLE_DONE pgs=2 gs=20 cs=0 l=1 c_cookie=10214137170067979444 s_cookie=0 reconnecting=0 rev1=1 crypto rx=0 tx=0 comp rx=0 tx=0).handle_read_frame_epilogue_main r=0
2026-02-17T05:18:27.085+0000 7f4e8a1f1640 1 -- v2:127.0.0.1:7114/0 --> 127.0.0.1:0/1156026101 -- mon_map magic: 0 -- 0x3636f20 con 0x36e7400
2026-02-17T05:18:27.085+0000 7f4e889ee640 10 --2- v2:127.0.0.1:7114/0 >> 127.0.0.1:0/1156026101 conn(0x36e7400 0x4863b80 crc :-1 s=THROTTLE_DONE pgs=2 gs=20 cs=0 l=1 c_cookie=10214137170067979444 s_cookie=0 reconnecting=0 rev1=1 crypto rx=0 tx=0 comp rx=0 tx=0).handle_read_frame_dispatch tag=17
2026-02-17T05:18:27.085+0000 7f4e889ee640 20 --2- v2:127.0.0.1:7114/0 >> 127.0.0.1:0/1156026101 conn(0x36e7400 0x4863b80 crc :-1 s=THROTTLE_DONE pgs=2 gs=20 cs=0 l=1 c_cookie=10214137170067979444 s_cookie=0 reconnecting=0 rev1=1 crypto rx=0 tx=0 comp rx=0 tx=0).handle_message
2026-02-17T05:18:27.085+0000 7f4e8a1f1640 5 --2- v2:127.0.0.1:7114/0 >> 127.0.0.1:0/1156026101 conn(0x36e7400 0x4863b80 crc :-1 s=THROTTLE_DONE pgs=2 gs=20 cs=0 l=1 c_cookie=10214137170067979444 s_cookie=0 reconnecting=0 rev1=1 crypto rx=0 tx=0 comp rx=0 tx=0).send_message enqueueing message m=0x3636f20 type=4 mon_map magic: 0
2026-02-17T05:18:27.085+0000 7f4e889ee640 5 --2- v2:127.0.0.1:7114/0 >> 127.0.0.1:0/1156026101 conn(0x36e7400 0x4863b80 crc :-1 s=THROTTLE_DONE pgs=2 gs=20 cs=0 l=1 c_cookie=10214137170067979444 s_cookie=0 reconnecting=0 rev1=1 crypto rx=0 tx=0 comp rx=0 tx=0).handle_message got 54 + 0 + 0 byte message. envelope type=15 src client.? off 0
2026-02-17T05:18:27.085+0000 7f4e8a1f1640 15 --2- v2:127.0.0.1:7114/0 >> 127.0.0.1:0/1156026101 conn(0x36e7400 0x4863b80 crc :-1 s=THROTTLE_DONE pgs=2 gs=20 cs=0 l=1 c_cookie=10214137170067979444 s_cookie=0 reconnecting=0 rev1=1 crypto rx=0 tx=0 comp rx=0 tx=0).send_message message queued for async transmission m=0x3636f20
2026-02-17T05:18:27.085+0000 7f4e8a1f1640 20 Event(0x360d4c8 nevent=5000 time_id=5).wakeup
2026-02-17T05:18:27.085+0000 7f4e889ee640 5 --2- v2:127.0.0.1:7114/0 >> 127.0.0.1:0/1156026101 conn(0x36e7400 0x4863b80 crc :-1 s=READ_MESSAGE_COMPLETE pgs=2 gs=20 cs=0 l=1 c_cookie=10214137170067979444 s_cookie=0 reconnecting=0 rev1=1 crypto rx=0 tx=0 comp rx=0 tx=0).handle_message received message m=0x45d7d40 seq=2 from=client.? type=15 mon_subscribe({config=0+,monmap=0+})
2026-02-17T05:18:27.085+0000 7f4e889ee640 20 -- v2:127.0.0.1:7114/0 queue 0x45d7d40 prio 127
2026-02-17T05:18:27.085+0000 7f4e8a1f1640 20 -- v2:127.0.0.1:7114/0 done calling dispatch on 0x37717c0
2026-02-17T05:18:27.085+0000 7f4e889ee640 20 --2- v2:127.0.0.1:7114/0 >> 127.0.0.1:0/1156026101 conn(0x36e7400 0x4863b80 crc :-1 s=READY pgs=2 gs=20 cs=0 l=1 c_cookie=10214137170067979444 s_cookie=0 reconnecting=0 rev1=1 crypto rx=0 tx=0 comp rx=0 tx=0).read_frame
2026-02-17T05:18:27.085+0000 7f4e889ee640 20 -- v2:127.0.0.1:7114/0 >> 127.0.0.1:0/1156026101 conn(0x36e7400 msgr2=0x4863b80 crc :-1 s=STATE_CONNECTION_ESTABLISHED l=1).read start len=32
2026-02-17T05:18:27.085+0000 7f4e8a1f1640 1 -- v2:127.0.0.1:7114/0 <== client.? 127.0.0.1:0/1156026101 2 ==== mon_subscribe({config=0+,monmap=0+}) ==== 54+0+0 (crc 0 0 0) 0x45d7d40 con 0x36e7400
2026-02-17T05:18:27.085+0000 7f4e889ee640 10 -- v2:127.0.0.1:7114/0 >> 127.0.0.1:0/1156026101 conn(0x36e7400 msgr2=0x4863b80 crc :-1 s=STATE_CONNECTION_ESTABLISHED l=1).handle_write
2026-02-17T05:18:27.085+0000 7f4e8a1f1640 20 mon.a@0(leader) e1 _ms_dispatch existing session 0x48198c0 for client.?
2026-02-17T05:18:27.085+0000 7f4e889ee640 10 --2- v2:127.0.0.1:7114/0 >> 127.0.0.1:0/1156026101 conn(0x36e7400 0x4863b80 crc :-1 s=READY pgs=2 gs=20 cs=0 l=1 c_cookie=10214137170067979444 s_cookie=0 reconnecting=0 rev1=1 crypto rx=0 tx=0 comp rx=0 tx=0).write_event
2026-02-17T05:18:27.085+0000 7f4e8a1f1640 20 mon.a@0(leader) e1 entity_name osd.1 global_id 4116 (none) caps allow *
2026-02-17T05:18:27.085+0000 7f4e8a1f1640 10 mon.a@0(leader) e1 handle_subscribe mon_subscribe({config=0+,monmap=0+})
2026-02-17T05:18:27.085+0000 7f4e889ee640 20 --2- v2:127.0.0.1:7114/0 >> 127.0.0.1:0/1156026101 conn(0x36e7400 0x4863b80 crc :-1 s=READY pgs=2 gs=20 cs=0 l=1 c_cookie=10214137170067979444 s_cookie=0 reconnecting=0 rev1=1 crypto rx=0 tx=0 comp rx=0 tx=0).prepare_send_message m=mon_map magic: 0
2026-02-17T05:18:27.085+0000 7f4e889ee640 20 --2- v2:127.0.0.1:7114/0 >> 127.0.0.1:0/1156026101 conn(0x36e7400 0x4863b80 crc :-1 s=READY pgs=2 gs=20 cs=0 l=1 c_cookie=10214137170067979444 s_cookie=0 reconnecting=0 rev1=1 crypto rx=0 tx=0 comp rx=0 tx=0).prepare_send_message encoding features 4544132024016699391 0x3636f20 mon_map magic: 0
2026-02-17T05:18:27.085+0000 7f4e8a1f1640 10 mon.a@0(leader).config check_sub next 0 have 2
2026-02-17T05:18:27.085+0000 7f4e889ee640 2 --2- v2:127.0.0.1:7114/0 >> 127.0.0.1:0/1156026101 conn(0x36e7400 0x4863b80 crc :-1 s=READY pgs=2 gs=20 cs=0 l=1 c_cookie=10214137170067979444 s_cookie=0 reconnecting=0 rev1=1 crypto rx=0 tx=0 comp rx=0 tx=0).write_message sending message m=0x3636f20 seq=1 mon_map magic: 0
2026-02-17T05:18:27.085+0000 7f4e889ee640 20 --2- v2:127.0.0.1:7114/0 >> 127.0.0.1:0/1156026101 conn(0x36e7400 0x4863b80 crc :-1 s=READY pgs=2 gs=20 cs=0 l=1 c_cookie=10214137170067979444 s_cookie=0 reconnecting=0 rev1=1 crypto rx=0 tx=0 comp rx=0 tx=0).write_message sending m=0x3636f20 seq=1 src=mon.0 off=0
2026-02-17T05:18:27.085+0000 7f4e8a1f1640 10 mon.a@0(leader).config refresh_config crush_location for remote_host trial060 is {root=default}
2026-02-17T05:18:27.085+0000 7f4e8a1f1640 20 mon.a@0(leader).config refresh_config osd.1 crush {root=default} device_class
2026-02-17T05:18:27.085+0000 7f4e8a1f1640 10 mon.a@0(leader).config maybe_send_config to client.? (changed)
2026-02-17T05:18:27.085+0000 7f4e8a1f1640 10 mon.a@0(leader).config send_config to client.?
2026-02-17T05:18:27.085+0000 7f4e8a1f1640 1 -- v2:127.0.0.1:7114/0 --> 127.0.0.1:0/1156026101 -- config(0 keys) -- 0x4906780 con 0x36e7400
2026-02-17T05:18:27.085+0000 7f4e889ee640 10 -- v2:127.0.0.1:7114/0 >> 127.0.0.1:0/1156026101 conn(0x36e7400 msgr2=0x4863b80 crc :-1 s=STATE_CONNECTION_ESTABLISHED l=1)._try_send sent bytes 268 remaining bytes 0
2026-02-17T05:18:27.085+0000 7f4e889ee640 10 --2- v2:127.0.0.1:7114/0 >> 127.0.0.1:0/1156026101 conn(0x36e7400 0x4863b80 crc :-1 s=READY pgs=2 gs=20 cs=0 l=1 c_cookie=10214137170067979444 s_cookie=0 reconnecting=0 rev1=1 crypto rx=0 tx=0 comp rx=0 tx=0).write_message sending 0x3636f20 done.
2026-02-17T05:18:27.085+0000 7f4e8a1f1640 5 --2- v2:127.0.0.1:7114/0 >> 127.0.0.1:0/1156026101 conn(0x36e7400 0x4863b80 crc :-1 s=READY pgs=2 gs=20 cs=0 l=1 c_cookie=10214137170067979444 s_cookie=0 reconnecting=0 rev1=1 crypto rx=0 tx=0 comp rx=0 tx=0).send_message enqueueing message m=0x4906780 type=62 config(0 keys)
2026-02-17T05:18:27.085+0000 7f4e8a1f1640 15 --2- v2:127.0.0.1:7114/0 >> 127.0.0.1:0/1156026101 conn(0x36e7400 0x4863b80 crc :-1 s=READY pgs=2 gs=20 cs=0 l=1 c_cookie=10214137170067979444 s_cookie=0 reconnecting=0 rev1=1 crypto rx=0 tx=0 comp rx=0 tx=0).send_message message queued for async transmission m=0x4906780
2026-02-17T05:18:27.085+0000 7f4e8a1f1640 10 mon.a@0(leader).monmap v1 check_sub monmap next 0 have 1
2026-02-17T05:18:27.085+0000 7f4e8a1f1640 1 -- v2:127.0.0.1:7114/0 --> 127.0.0.1:0/1156026101 -- mon_map magic: 0 -- 0x3637080 con 0x36e7400
2026-02-17T05:18:27.085+0000 7f4e889ee640 20 --2- v2:127.0.0.1:7114/0 >> 127.0.0.1:0/1156026101 conn(0x36e7400 0x4863b80 crc :-1 s=READY pgs=2 gs=20 cs=0 l=1 c_cookie=10214137170067979444 s_cookie=0 reconnecting=0 rev1=1 crypto rx=0 tx=0 comp rx=0 tx=0).prepare_send_message m=config(0 keys)
2026-02-17T05:18:27.085+0000 7f4e8a1f1640 5 --2- v2:127.0.0.1:7114/0 >> 127.0.0.1:0/1156026101 conn(0x36e7400 0x4863b80 crc :-1 s=READY pgs=2 gs=20 cs=0 l=1 c_cookie=10214137170067979444 s_cookie=0 reconnecting=0 rev1=1 crypto rx=0 tx=0 comp rx=0 tx=0).send_message enqueueing message m=0x3637080 type=4 mon_map magic: 0
2026-02-17T05:18:27.085+0000 7f4e889ee640 20 --2- v2:127.0.0.1:7114/0 >> 127.0.0.1:0/1156026101 conn(0x36e7400 0x4863b80 crc :-1 s=READY pgs=2 gs=20 cs=0 l=1 c_cookie=10214137170067979444 s_cookie=0 reconnecting=0 rev1=1 crypto rx=0 tx=0 comp rx=0 tx=0).prepare_send_message encoding features 4544132024016699391 0x4906780 config(0 keys)
2026-02-17T05:18:27.085+0000 7f4e8a1f1640 15 --2- v2:127.0.0.1:7114/0 >> 127.0.0.1:0/1156026101 conn(0x36e7400 0x4863b80 crc :-1 s=READY pgs=2 gs=20 cs=0 l=1 c_cookie=10214137170067979444 s_cookie=0 reconnecting=0 rev1=1 crypto rx=0 tx=0 comp rx=0 tx=0).send_message message queued for async transmission m=0x3637080
2026-02-17T05:18:27.085+0000 7f4e889ee640 2 --2- v2:127.0.0.1:7114/0 >> 127.0.0.1:0/1156026101 conn(0x36e7400 0x4863b80 crc :-1 s=READY pgs=2 gs=20 cs=0 l=1 c_cookie=10214137170067979444 s_cookie=0 reconnecting=0 rev1=1 crypto rx=0 tx=0 comp rx=0 tx=0).write_message sending message m=0x4906780 seq=2 config(0 keys)
2026-02-17T05:18:27.085+0000 7f4e8a1f1640 10 -- v2:127.0.0.1:7114/0 dispatch_throttle_release 54 to dispatch throttler 54/104857600
2026-02-17T05:18:27.085+0000 7f4e889ee640 20 --2- v2:127.0.0.1:7114/0 >> 127.0.0.1:0/1156026101 conn(0x36e7400 0x4863b80 crc :-1 s=READY pgs=2 gs=20 cs=0 l=1 c_cookie=10214137170067979444 s_cookie=0 reconnecting=0 rev1=1 crypto rx=0 tx=0 comp rx=0 tx=0).write_message sending m=0x4906780 seq=2 src=mon.0 off=0
2026-02-17T05:18:27.085+0000 7f4e8a1f1640 20 -- v2:127.0.0.1:7114/0 done calling dispatch on 0x45d7d40
2026-02-17T05:18:27.085+0000 7f4e889ee640 10 -- v2:127.0.0.1:7114/0 >> 127.0.0.1:0/1156026101 conn(0x36e7400 msgr2=0x4863b80 crc :-1 s=STATE_CONNECTION_ESTABLISHED l=1)._try_send sent bytes 94 remaining bytes 0
2026-02-17T05:18:27.085+0000 7f4e889ee640 10 --2- v2:127.0.0.1:7114/0 >> 127.0.0.1:0/1156026101 conn(0x36e7400 0x4863b80 crc :-1 s=READY pgs=2 gs=20 cs=0 l=1 c_cookie=10214137170067979444 s_cookie=0 reconnecting=0 rev1=1 crypto rx=0 tx=0 comp rx=0 tx=0).write_message sending 0x4906780 done.
2026-02-17T05:18:27.085+0000 7f4e889ee640 20 --2- v2:127.0.0.1:7114/0 >> 127.0.0.1:0/1156026101 conn(0x36e7400 0x4863b80 crc :-1 s=READY pgs=2 gs=20 cs=0 l=1 c_cookie=10214137170067979444 s_cookie=0 reconnecting=0 rev1=1 crypto rx=0 tx=0 comp rx=0 tx=0).prepare_send_message m=mon_map magic: 0
2026-02-17T05:18:27.085+0000 7f4e889ee640 20 --2- v2:127.0.0.1:7114/0 >> 127.0.0.1:0/1156026101 conn(0x36e7400 0x4863b80 crc :-1 s=READY pgs=2 gs=20 cs=0 l=1 c_cookie=10214137170067979444 s_cookie=0 reconnecting=0 rev1=1 crypto rx=0 tx=0 comp rx=0 tx=0).prepare_send_message encoding features 4544132024016699391 0x3637080 mon_map magic: 0
2026-02-17T05:18:27.085+0000 7f4e889ee640 2 --2- v2:127.0.0.1:7114/0 >> 127.0.0.1:0/1156026101 conn(0x36e7400 0x4863b80 crc :-1 s=READY pgs=2 gs=20 cs=0 l=1 c_cookie=10214137170067979444 s_cookie=0 reconnecting=0 rev1=1 crypto rx=0 tx=0 comp rx=0 tx=0).write_message sending message m=0x3637080 seq=3 mon_map magic: 0
2026-02-17T05:18:27.085+0000 7f4e889ee640 20 --2- v2:127.0.0.1:7114/0 >> 127.0.0.1:0/1156026101 conn(0x36e7400 0x4863b80 crc :-1 s=READY pgs=2 gs=20 cs=0 l=1 c_cookie=10214137170067979444 s_cookie=0 reconnecting=0 rev1=1 crypto rx=0 tx=0 comp rx=0 tx=0).write_message sending m=0x3637080 seq=3 src=mon.0 off=0
2026-02-17T05:18:27.085+0000 7f4e889ee640 10 -- v2:127.0.0.1:7114/0 >> 127.0.0.1:0/1156026101 conn(0x36e7400 msgr2=0x4863b80 crc :-1 s=STATE_CONNECTION_ESTABLISHED l=1)._try_send sent bytes 268 remaining bytes 0
2026-02-17T05:18:27.085+0000 7f4e889ee640 10 --2- v2:127.0.0.1:7114/0 >> 127.0.0.1:0/1156026101 conn(0x36e7400 0x4863b80 crc :-1 s=READY pgs=2 gs=20 cs=0 l=1 c_cookie=10214137170067979444 s_cookie=0 reconnecting=0 rev1=1 crypto rx=0 tx=0 comp rx=0 tx=0).write_message sending 0x3637080 done.
2026-02-17T05:18:27.086+0000 7f4e889ee640 20 -- v2:127.0.0.1:7114/0 >> 127.0.0.1:0/1156026101 conn(0x36e7400 msgr2=0x4863b80 crc :-1 s=STATE_CONNECTION_ESTABLISHED l=1).process
2026-02-17T05:18:27.086+0000 7f4e889ee640 20 -- v2:127.0.0.1:7114/0 >> 127.0.0.1:0/1156026101 conn(0x36e7400 msgr2=0x4863b80 crc :-1 s=STATE_CONNECTION_ESTABLISHED l=1).read continue len=32
2026-02-17T05:18:27.086+0000 7f4e889ee640 1 -- v2:127.0.0.1:7114/0 >> 127.0.0.1:0/1156026101 conn(0x36e7400 msgr2=0x4863b80 crc :-1 s=STATE_CONNECTION_ESTABLISHED l=1).read_bulk peer close file descriptor 36
2026-02-17T05:18:27.086+0000 7f4e889ee640 1 -- v2:127.0.0.1:7114/0 >> 127.0.0.1:0/1156026101 conn(0x36e7400 msgr2=0x4863b80 crc :-1 s=STATE_CONNECTION_ESTABLISHED l=1).read_until read failed
2026-02-17T05:18:27.086+0000 7f4e889ee640 20 --2- v2:127.0.0.1:7114/0 >> 127.0.0.1:0/1156026101 conn(0x36e7400 0x4863b80 crc :-1 s=READY pgs=2 gs=20 cs=0 l=1 c_cookie=10214137170067979444 s_cookie=0 reconnecting=0 rev1=1 crypto rx=0 tx=0 comp rx=0 tx=0).handle_read_frame_preamble_main r=-1
2026-02-17T05:18:27.086+0000 7f4e889ee640 1 --2- v2:127.0.0.1:7114/0 >> 127.0.0.1:0/1156026101 conn(0x36e7400 0x4863b80 crc :-1 s=READY pgs=2 gs=20 cs=0 l=1 c_cookie=10214137170067979444 s_cookie=0 reconnecting=0 rev1=1 crypto rx=0 tx=0 comp rx=0 tx=0).handle_read_frame_preamble_main read frame preamble failed r=-1
2026-02-17T05:18:27.086+0000 7f4e889ee640 10 --2- v2:127.0.0.1:7114/0 >> 127.0.0.1:0/1156026101 conn(0x36e7400 0x4863b80 crc :-1 s=READY pgs=2 gs=20 cs=0 l=1 c_cookie=10214137170067979444 s_cookie=0 reconnecting=0 rev1=1 crypto rx=0 tx=0 comp rx=0 tx=0)._fault
2026-02-17T05:18:27.086+0000 7f4e889ee640 2 --2- v2:127.0.0.1:7114/0 >> 127.0.0.1:0/1156026101 conn(0x36e7400 0x4863b80 crc :-1 s=READY pgs=2 gs=20 cs=0 l=1 c_cookie=10214137170067979444 s_cookie=0 reconnecting=0 rev1=1 crypto rx=0 tx=0 comp rx=0 tx=0)._fault on lossy channel, failing
2026-02-17T05:18:27.086+0000 7f4e889ee640 1 --2- v2:127.0.0.1:7114/0 >> 127.0.0.1:0/1156026101 conn(0x36e7400 0x4863b80 crc :-1 s=READY pgs=2 gs=20 cs=0 l=1 c_cookie=10214137170067979444 s_cookie=0 reconnecting=0 rev1=1 crypto rx=0 tx=0 comp rx=0 tx=0).stop
2026-02-17T05:18:27.086+0000 7f4e889ee640 5 --2- v2:127.0.0.1:7114/0 >> 127.0.0.1:0/1156026101 conn(0x36e7400 0x4863b80 crc :-1 s=READY pgs=2 gs=20 cs=0 l=1 c_cookie=10214137170067979444 s_cookie=0 reconnecting=0 rev1=1 crypto rx=0 tx=0 comp rx=0 tx=0).reset_recv_state
2026-02-17T05:18:27.086+0000 7f4e889ee640 5 --2- v2:127.0.0.1:7114/0 >> 127.0.0.1:0/1156026101 conn(0x36e7400 0x4863b80 crc :-1 s=READY pgs=2 gs=20 cs=0 l=1 c_cookie=10214137170067979444 s_cookie=0 reconnecting=0 rev1=1 crypto rx=0 tx=0 comp rx=0 tx=0).reset_security
2026-02-17T05:18:27.086+0000 7f4e889ee640 5 --2- v2:127.0.0.1:7114/0 >> 127.0.0.1:0/1156026101 conn(0x36e7400 0x4863b80 unknown :-1 s=READY pgs=2 gs=20 cs=0 l=1 c_cookie=10214137170067979444 s_cookie=0 reconnecting=0 rev1=1 crypto rx=0 tx=0 comp rx=0 tx=0).reset_compression
2026-02-17T05:18:27.086+0000 7f4e889ee640 10 --2- v2:127.0.0.1:7114/0 >> 127.0.0.1:0/1156026101 conn(0x36e7400 0x4863b80 unknown :-1 s=READY pgs=2 gs=20 cs=0 l=1 c_cookie=10214137170067979444 s_cookie=0 reconnecting=0 rev1=1 crypto rx=0 tx=0 comp rx=0 tx=0).discard_out_queue started
2026-02-17T05:18:27.086+0000 7f4e889ee640 20 EpollDriver.del_event del event fd=36 cur_mask=1 delmask=3 to 21
2026-02-17T05:18:27.086+0000 7f4e8a1f1640 10 mon.a@0(leader) e1 ms_handle_reset 0x36e7400 127.0.0.1:0/1156026101
2026-02-17T05:18:27.086+0000 7f4e8a1f1640 10 mon.a@0(leader) e1 reset/close on session client.? 127.0.0.1:0/1156026101
2026-02-17T05:18:27.086+0000 7f4e8a1f1640 10 mon.a@0(leader) e1 remove_session 0x48198c0 client.? 127.0.0.1:0/1156026101 features 0x3f0ffffffffdffff
2026-02-17T05:18:27.166+0000 7f4e881ed640 20 -- v2:127.0.0.1:7114/0 >> [v2:127.0.0.1:6800/1692666666,v1:127.0.0.1:6801/1692666666] conn(0x36e6c00 msgr2=0x4862b00 crc :-1 s=STATE_CONNECTION_ESTABLISHED l=1).process
2026-02-17T05:18:27.166+0000 7f4e881ed640 20 -- v2:127.0.0.1:7114/0 >> [v2:127.0.0.1:6800/1692666666,v1:127.0.0.1:6801/1692666666] conn(0x36e6c00 msgr2=0x4862b00 crc :-1 s=STATE_CONNECTION_ESTABLISHED l=1).read continue len=32
2026-02-17T05:18:27.166+0000 7f4e881ed640 20 --2- v2:127.0.0.1:7114/0 >> [v2:127.0.0.1:6800/1692666666,v1:127.0.0.1:6801/1692666666] conn(0x36e6c00 0x4862b00 crc :-1 s=READY pgs=1 gs=15 cs=0 l=1 c_cookie=0 s_cookie=0 reconnecting=0 rev1=1 crypto rx=0 tx=0 comp rx=0 tx=0).handle_read_frame_preamble_main r=0
2026-02-17T05:18:27.166+0000 7f4e881ed640 20 --2- v2:127.0.0.1:7114/0 >> [v2:127.0.0.1:6800/1692666666,v1:127.0.0.1:6801/1692666666] conn(0x36e6c00 0x4862b00 crc :-1 s=THROTTLE_MESSAGE pgs=1 gs=15 cs=0 l=1 c_cookie=0 s_cookie=0 reconnecting=0 rev1=1 crypto rx=0 tx=0 comp rx=0 tx=0).throttle_message
2026-02-17T05:18:27.166+0000 7f4e881ed640 20 --2- v2:127.0.0.1:7114/0 >> [v2:127.0.0.1:6800/1692666666,v1:127.0.0.1:6801/1692666666] conn(0x36e6c00 0x4862b00 crc :-1 s=THROTTLE_BYTES pgs=1 gs=15 cs=0 l=1 c_cookie=0 s_cookie=0 reconnecting=0 rev1=1 crypto rx=0 tx=0 comp rx=0 tx=0).throttle_bytes
2026-02-17T05:18:27.166+0000 7f4e881ed640 10 --2- v2:127.0.0.1:7114/0 >> [v2:127.0.0.1:6800/1692666666,v1:127.0.0.1:6801/1692666666] conn(0x36e6c00 0x4862b00 crc :-1 s=THROTTLE_BYTES pgs=1 gs=15 cs=0 l=1 c_cookie=0 s_cookie=0 reconnecting=0 rev1=1 crypto rx=0 tx=0 comp rx=0 tx=0).throttle_bytes wants 38 bytes from policy throttler 3403/419430400
2026-02-17T05:18:27.166+0000 7f4e881ed640 20 --2- v2:127.0.0.1:7114/0 >> [v2:127.0.0.1:6800/1692666666,v1:127.0.0.1:6801/1692666666] conn(0x36e6c00 0x4862b00 crc :-1 s=THROTTLE_DISPATCH_QUEUE pgs=1 gs=15 cs=0 l=1 c_cookie=0 s_cookie=0 reconnecting=0 rev1=1 crypto rx=0 tx=0 comp rx=0 tx=0).throttle_dispatch_queue
2026-02-17T05:18:27.166+0000 7f4e881ed640 20 --2- v2:127.0.0.1:7114/0 >> [v2:127.0.0.1:6800/1692666666,v1:127.0.0.1:6801/1692666666] conn(0x36e6c00 0x4862b00 crc :-1 s=THROTTLE_DONE pgs=1 gs=15 cs=0 l=1 c_cookie=0 s_cookie=0 reconnecting=0 rev1=1 crypto rx=0 tx=0 comp rx=0 tx=0).read_frame_segment seg_idx=0
2026-02-17T05:18:27.166+0000 7f4e881ed640 20 -- v2:127.0.0.1:7114/0 >> [v2:127.0.0.1:6800/1692666666,v1:127.0.0.1:6801/1692666666] conn(0x36e6c00 msgr2=0x4862b00 crc :-1 s=STATE_CONNECTION_ESTABLISHED l=1).read start len=45
2026-02-17T05:18:27.166+0000 7f4e881ed640 20 --2- v2:127.0.0.1:7114/0 >> [v2:127.0.0.1:6800/1692666666,v1:127.0.0.1:6801/1692666666] conn(0x36e6c00 0x4862b00 crc :-1 s=THROTTLE_DONE pgs=1 gs=15 cs=0 l=1 c_cookie=0 s_cookie=0 reconnecting=0 rev1=1 crypto rx=0 tx=0 comp rx=0 tx=0).handle_read_frame_segment r=0
2026-02-17T05:18:27.166+0000 7f4e881ed640 20 --2- v2:127.0.0.1:7114/0 >> [v2:127.0.0.1:6800/1692666666,v1:127.0.0.1:6801/1692666666] conn(0x36e6c00 0x4862b00 crc :-1 s=THROTTLE_DONE pgs=1 gs=15 cs=0 l=1 c_cookie=0 s_cookie=0 reconnecting=0 rev1=1 crypto rx=0 tx=0 comp rx=0 tx=0).read_frame_segment seg_idx=1
2026-02-17T05:18:27.166+0000 7f4e881ed640 20 -- v2:127.0.0.1:7114/0 >> [v2:127.0.0.1:6800/1692666666,v1:127.0.0.1:6801/1692666666] conn(0x36e6c00 msgr2=0x4862b00 crc :-1 s=STATE_CONNECTION_ESTABLISHED l=1).read start len=38
2026-02-17T05:18:27.166+0000 7f4e881ed640 20 --2- v2:127.0.0.1:7114/0 >> [v2:127.0.0.1:6800/1692666666,v1:127.0.0.1:6801/1692666666] conn(0x36e6c00 0x4862b00 crc :-1 s=THROTTLE_DONE pgs=1 gs=15 cs=0 l=1 c_cookie=0 s_cookie=0 reconnecting=0 rev1=1 crypto rx=0 tx=0 comp rx=0 tx=0).handle_read_frame_segment r=0
2026-02-17T05:18:27.166+0000 7f4e881ed640 20 -- v2:127.0.0.1:7114/0 >> [v2:127.0.0.1:6800/1692666666,v1:127.0.0.1:6801/1692666666] conn(0x36e6c00 msgr2=0x4862b00 crc :-1 s=STATE_CONNECTION_ESTABLISHED l=1).read start len=13
2026-02-17T05:18:27.166+0000 7f4e881ed640 20 --2- v2:127.0.0.1:7114/0 >> [v2:127.0.0.1:6800/1692666666,v1:127.0.0.1:6801/1692666666] conn(0x36e6c00 0x4862b00 crc :-1 s=THROTTLE_DONE pgs=1 gs=15 cs=0 l=1 c_cookie=0 s_cookie=0 reconnecting=0 rev1=1 crypto rx=0 tx=0 comp rx=0 tx=0).handle_read_frame_epilogue_main r=0
2026-02-17T05:18:27.166+0000 7f4e881ed640 10 --2- v2:127.0.0.1:7114/0 >> [v2:127.0.0.1:6800/1692666666,v1:127.0.0.1:6801/1692666666] conn(0x36e6c00 0x4862b00 crc :-1 s=THROTTLE_DONE pgs=1 gs=15 cs=0 l=1 c_cookie=0 s_cookie=0 reconnecting=0 rev1=1 crypto rx=0 tx=0 comp rx=0 tx=0).handle_read_frame_dispatch tag=17
2026-02-17T05:18:27.166+0000 7f4e881ed640 20 --2- v2:127.0.0.1:7114/0 >> [v2:127.0.0.1:6800/1692666666,v1:127.0.0.1:6801/1692666666] conn(0x36e6c00 0x4862b00 crc :-1 s=THROTTLE_DONE pgs=1 gs=15 cs=0 l=1 c_cookie=0 s_cookie=0 reconnecting=0 rev1=1 crypto rx=0 tx=0 comp rx=0 tx=0).handle_message
2026-02-17T05:18:27.166+0000 7f4e881ed640 5 --2- v2:127.0.0.1:7114/0 >> [v2:127.0.0.1:6800/1692666666,v1:127.0.0.1:6801/1692666666] conn(0x36e6c00 0x4862b00 crc :-1 s=THROTTLE_DONE pgs=1 gs=15 cs=0 l=1 c_cookie=0 s_cookie=0 reconnecting=0 rev1=1 crypto rx=0 tx=0 comp rx=0 tx=0).handle_message got 38 + 0 + 0 byte message. envelope type=79 src osd.0 off 0
2026-02-17T05:18:27.166+0000 7f4e881ed640 5 --2- v2:127.0.0.1:7114/0 >> [v2:127.0.0.1:6800/1692666666,v1:127.0.0.1:6801/1692666666] conn(0x36e6c00 0x4862b00 crc :-1 s=READ_MESSAGE_COMPLETE pgs=1 gs=15 cs=0 l=1 c_cookie=0 s_cookie=0 reconnecting=0 rev1=1 crypto rx=0 tx=0 comp rx=0 tx=0).handle_message received message m=0x35e5380 seq=11 from=osd.0 type=79 osd_beacon(pgs [] lec 0 last_purged_snaps_scrub 0.000000 osd_beacon_report_interval 300 v6)
2026-02-17T05:18:27.166+0000 7f4e881ed640 20 -- v2:127.0.0.1:7114/0 queue 0x35e5380 prio 127
2026-02-17T05:18:27.166+0000 7f4e881ed640 20 --2- v2:127.0.0.1:7114/0 >> [v2:127.0.0.1:6800/1692666666,v1:127.0.0.1:6801/1692666666] conn(0x36e6c00 0x4862b00 crc :-1 s=READY pgs=1 gs=15 cs=0 l=1 c_cookie=0 s_cookie=0 reconnecting=0 rev1=1 crypto rx=0 tx=0 comp rx=0 tx=0).read_frame
2026-02-17T05:18:27.166+0000 7f4e881ed640 20 -- v2:127.0.0.1:7114/0 >> [v2:127.0.0.1:6800/1692666666,v1:127.0.0.1:6801/1692666666] conn(0x36e6c00 msgr2=0x4862b00 crc :-1 s=STATE_CONNECTION_ESTABLISHED l=1).read start len=32
2026-02-17T05:18:27.166+0000 7f4e8a1f1640 1 -- v2:127.0.0.1:7114/0 <== osd.0 v2:127.0.0.1:6800/1692666666 11 ==== osd_beacon(pgs [] lec 0 last_purged_snaps_scrub 0.000000 osd_beacon_report_interval 300 v6) ==== 38+0+0 (crc 0 0 0) 0x35e5380 con 0x36e6c00
2026-02-17T05:18:27.166+0000 7f4e8a1f1640 20 mon.a@0(leader) e1 _ms_dispatch existing session 0x48186c0 for osd.0
2026-02-17T05:18:27.166+0000 7f4e8a1f1640 20 mon.a@0(leader) e1 entity_name osd.0 global_id 4111 (none) caps allow *
2026-02-17T05:18:27.166+0000 7f4e8a1f1640 10 mon.a@0(leader).paxosservice(osdmap 1..6) dispatch 0x35e5380 osd_beacon(pgs [] lec 0 last_purged_snaps_scrub 0.000000 osd_beacon_report_interval 300 v6) from osd.0 v2:127.0.0.1:6800/1692666666 con 0x36e6c00
2026-02-17T05:18:27.166+0000 7f4e8a1f1640 5 mon.a@0(leader).paxos(paxos active c 1..23) is_readable = 1 - now=2026-02-17T05:18:27.167875+0000 lease_expire=1970-01-01T00:00:00.000000+0000 has v0 lc 23
2026-02-17T05:18:27.166+0000 7f4e8a1f1640 10 mon.a@0(leader).osd e6 preprocess_query osd_beacon(pgs [] lec 0 last_purged_snaps_scrub 0.000000 osd_beacon_report_interval 300 v6) from osd.0 v2:127.0.0.1:6800/1692666666
2026-02-17T05:18:27.166+0000 7f4e8a1f1640 10 mon.a@0(leader) e1 no_reply to osd.0 v2:127.0.0.1:6800/1692666666 osd_beacon(pgs [] lec 0 last_purged_snaps_scrub 0.000000 osd_beacon_report_interval 300 v6)
2026-02-17T05:18:27.166+0000 7f4e8a1f1640 20 MonCap is_capable service=osd command= exec addr v2:127.0.0.1:6800/1692666666 on cap allow *
2026-02-17T05:18:27.166+0000 7f4e8a1f1640 20 MonCap allow so far , doing grant allow *
2026-02-17T05:18:27.166+0000 7f4e8a1f1640 20 MonCap allow all
2026-02-17T05:18:27.166+0000 7f4e8a1f1640 7 mon.a@0(leader).osd e6 prepare_update osd_beacon(pgs [] lec 0 last_purged_snaps_scrub 0.000000 osd_beacon_report_interval 300 v6) from osd.0 v2:127.0.0.1:6800/1692666666
2026-02-17T05:18:27.166+0000 7f4e8a1f1640 10 mon.a@0(leader).osd e6 prepare_beacon osd_beacon(pgs [] lec 0 last_purged_snaps_scrub 0.000000 osd_beacon_report_interval 300 v6) from osd.0
2026-02-17T05:18:27.166+0000 7f4e8a1f1640 10 -- v2:127.0.0.1:7114/0 dispatch_throttle_release 38 to dispatch throttler 38/104857600
2026-02-17T05:18:27.166+0000 7f4e8a1f1640 20 -- v2:127.0.0.1:7114/0 done calling dispatch on 0x35e5380
2026-02-17T05:18:27.301+0000 7f4e8e1f9640 20 -- v2:127.0.0.1:7114/0 >> 127.0.0.1:0/2247695603 conn(0x473f000 msgr2=0x3728100 crc :-1 s=STATE_CONNECTION_ESTABLISHED l=1).process
2026-02-17T05:18:27.301+0000 7f4e8e1f9640 20 -- v2:127.0.0.1:7114/0 >> 127.0.0.1:0/2247695603 conn(0x473f000 msgr2=0x3728100 crc :-1 s=STATE_CONNECTION_ESTABLISHED l=1).read continue len=32
2026-02-17T05:18:27.301+0000 7f4e8e1f9640 20 --2- v2:127.0.0.1:7114/0 >> 127.0.0.1:0/2247695603 conn(0x473f000 0x3728100 crc :-1 s=READY pgs=1 gs=4 cs=0 l=1 c_cookie=6020590844609741292 s_cookie=0 reconnecting=0 rev1=1 crypto rx=0 tx=0 comp rx=0 tx=0).handle_read_frame_preamble_main r=0
2026-02-17T05:18:27.301+0000 7f4e8e1f9640 20 --2- v2:127.0.0.1:7114/0 >> 127.0.0.1:0/2247695603 conn(0x473f000 0x3728100 crc :-1 s=THROTTLE_MESSAGE pgs=1 gs=4 cs=0 l=1 c_cookie=6020590844609741292 s_cookie=0 reconnecting=0 rev1=1 crypto rx=0 tx=0 comp rx=0 tx=0).throttle_message
2026-02-17T05:18:27.301+0000 7f4e8e1f9640 20 --2- v2:127.0.0.1:7114/0 >> 127.0.0.1:0/2247695603 conn(0x473f000 0x3728100 crc :-1 s=THROTTLE_BYTES pgs=1 gs=4 cs=0 l=1 c_cookie=6020590844609741292 s_cookie=0 reconnecting=0 rev1=1 crypto rx=0 tx=0 comp rx=0 tx=0).throttle_bytes
2026-02-17T05:18:27.301+0000 7f4e8e1f9640 20 --2- v2:127.0.0.1:7114/0 >> 127.0.0.1:0/2247695603 conn(0x473f000 0x3728100 crc :-1 s=THROTTLE_DISPATCH_QUEUE pgs=1 gs=4 cs=0 l=1 c_cookie=6020590844609741292 s_cookie=0 reconnecting=0 rev1=1 crypto rx=0 tx=0 comp rx=0 tx=0).throttle_dispatch_queue
2026-02-17T05:18:27.301+0000 7f4e8e1f9640 20 --2- v2:127.0.0.1:7114/0 >> 127.0.0.1:0/2247695603 conn(0x473f000 0x3728100 crc :-1 s=THROTTLE_DONE pgs=1 gs=4 cs=0 l=1 c_cookie=6020590844609741292 s_cookie=0 reconnecting=0 rev1=1 crypto rx=0 tx=0 comp rx=0 tx=0).read_frame_segment seg_idx=0
2026-02-17T05:18:27.301+0000 7f4e8e1f9640 20 -- v2:127.0.0.1:7114/0 >> 127.0.0.1:0/2247695603 conn(0x473f000 msgr2=0x3728100 crc :-1 s=STATE_CONNECTION_ESTABLISHED l=1).read start len=45
2026-02-17T05:18:27.301+0000 7f4e8e1f9640 20 --2- v2:127.0.0.1:7114/0 >> 127.0.0.1:0/2247695603 conn(0x473f000 0x3728100 crc :-1 s=THROTTLE_DONE pgs=1 gs=4 cs=0 l=1 c_cookie=6020590844609741292 s_cookie=0 reconnecting=0 rev1=1 crypto rx=0 tx=0 comp rx=0 tx=0).handle_read_frame_segment r=0
2026-02-17T05:18:27.301+0000 7f4e8e1f9640 20 --2- v2:127.0.0.1:7114/0 >> 127.0.0.1:0/2247695603 conn(0x473f000 0x3728100 crc :-1 s=THROTTLE_DONE pgs=1 gs=4 cs=0 l=1 c_cookie=6020590844609741292 s_cookie=0 reconnecting=0 rev1=1 crypto rx=0 tx=0 comp rx=0 tx=0).read_frame_segment seg_idx=1
2026-02-17T05:18:27.301+0000 7f4e8e1f9640 20 -- v2:127.0.0.1:7114/0 >> 127.0.0.1:0/2247695603 conn(0x473f000 msgr2=0x3728100 crc :-1 s=STATE_CONNECTION_ESTABLISHED l=1).read start len=53850
2026-02-17T05:18:27.301+0000 7f4e8e1f9640 20 --2- v2:127.0.0.1:7114/0 >> 127.0.0.1:0/2247695603 conn(0x473f000 0x3728100 crc :-1 s=THROTTLE_DONE pgs=1 gs=4 cs=0 l=1 c_cookie=6020590844609741292 s_cookie=0 reconnecting=0 rev1=1 crypto rx=0 tx=0 comp rx=0 tx=0).handle_read_frame_segment r=0
2026-02-17T05:18:27.301+0000 7f4e8e1f9640 20 -- v2:127.0.0.1:7114/0 >> 127.0.0.1:0/2247695603 conn(0x473f000 msgr2=0x3728100 crc :-1 s=STATE_CONNECTION_ESTABLISHED l=1).read start len=13
2026-02-17T05:18:27.301+0000 7f4e8e1f9640 20 --2- v2:127.0.0.1:7114/0 >> 127.0.0.1:0/2247695603 conn(0x473f000 0x3728100 crc :-1 s=THROTTLE_DONE pgs=1 gs=4 cs=0 l=1 c_cookie=6020590844609741292 s_cookie=0 reconnecting=0 rev1=1 crypto rx=0 tx=0 comp rx=0 tx=0).handle_read_frame_epilogue_main r=0
2026-02-17T05:18:27.301+0000 7f4e8e1f9640 10 --2- v2:127.0.0.1:7114/0 >> 127.0.0.1:0/2247695603 conn(0x473f000 0x3728100 crc :-1 s=THROTTLE_DONE pgs=1 gs=4 cs=0 l=1 c_cookie=6020590844609741292 s_cookie=0 reconnecting=0 rev1=1 crypto rx=0 tx=0 comp rx=0 tx=0).handle_read_frame_dispatch tag=17
2026-02-17T05:18:27.301+0000 7f4e8e1f9640 20 --2- v2:127.0.0.1:7114/0 >> 127.0.0.1:0/2247695603 conn(0x473f000 0x3728100 crc :-1 s=THROTTLE_DONE pgs=1 gs=4 cs=0 l=1 c_cookie=6020590844609741292 s_cookie=0 reconnecting=0 rev1=1 crypto rx=0 tx=0 comp rx=0 tx=0).handle_message
2026-02-17T05:18:27.301+0000 7f4e8e1f9640 5 --2- v2:127.0.0.1:7114/0 >> 127.0.0.1:0/2247695603 conn(0x473f000 0x3728100 crc :-1 s=THROTTLE_DONE pgs=1 gs=4 cs=0 l=1 c_cookie=6020590844609741292 s_cookie=0 reconnecting=0 rev1=1 crypto rx=0 tx=0 comp rx=0 tx=0).handle_message got 53850 + 0 + 0 byte message. envelope type=1795 src mgr.? off 0
2026-02-17T05:18:27.302+0000 7f4e8e1f9640 5 --2- v2:127.0.0.1:7114/0 >> 127.0.0.1:0/2247695603 conn(0x473f000 0x3728100 crc :-1 s=READ_MESSAGE_COMPLETE pgs=1 gs=4 cs=0 l=1 c_cookie=6020590844609741292 s_cookie=0 reconnecting=0 rev1=1 crypto rx=0 tx=0 comp rx=0 tx=0).handle_message received message m=0x4826000 seq=4 from=mgr.? type=1795 mgrbeacon mgr.x(6b8d8056-71f9-43f0-bdd9-5f581cc34373,4100, , 0)
2026-02-17T05:18:27.302+0000 7f4e8e1f9640 20 -- v2:127.0.0.1:7114/0 queue 0x4826000 prio 196
2026-02-17T05:18:27.302+0000 7f4e8e1f9640 20 --2- v2:127.0.0.1:7114/0 >> 127.0.0.1:0/2247695603 conn(0x473f000 0x3728100 crc :-1 s=READY pgs=1 gs=4 cs=0 l=1 c_cookie=6020590844609741292 s_cookie=0 reconnecting=0 rev1=1 crypto rx=0 tx=0 comp rx=0 tx=0).read_frame
2026-02-17T05:18:27.302+0000 7f4e8e1f9640 20 -- v2:127.0.0.1:7114/0 >> 127.0.0.1:0/2247695603 conn(0x473f000 msgr2=0x3728100 crc :-1 s=STATE_CONNECTION_ESTABLISHED l=1).read start len=32
2026-02-17T05:18:27.302+0000 7f4e8a1f1640 1 -- v2:127.0.0.1:7114/0 <== mgr.? 127.0.0.1:0/2247695603 4 ==== mgrbeacon mgr.x(6b8d8056-71f9-43f0-bdd9-5f581cc34373,4100, , 0) ==== 53850+0+0 (crc 0 0 0) 0x4826000 con 0x473f000
2026-02-17T05:18:27.302+0000 7f4e8a1f1640 20 mon.a@0(leader) e1 _ms_dispatch existing session 0x4818240 for mgr.?
2026-02-17T05:18:27.302+0000 7f4e8a1f1640 20 mon.a@0(leader) e1 entity_name mgr.x global_id 4100 (none) caps allow *
2026-02-17T05:18:27.302+0000 7f4e8a1f1640 10 mon.a@0(leader).paxosservice(mgr 1..1) dispatch 0x4826000 mgrbeacon mgr.x(6b8d8056-71f9-43f0-bdd9-5f581cc34373,4100, , 0) from mgr.? 127.0.0.1:0/2247695603 con 0x473f000
2026-02-17T05:18:27.302+0000 7f4e8a1f1640 5 mon.a@0(leader).paxos(paxos active c 1..23) is_readable = 1 - now=2026-02-17T05:18:27.303216+0000 lease_expire=1970-01-01T00:00:00.000000+0000 has v0 lc 23
2026-02-17T05:18:27.302+0000 7f4e8a1f1640 10 mon.a@0(leader) e1 no_reply to mgr.? 127.0.0.1:0/2247695603 mgrbeacon mgr.x(6b8d8056-71f9-43f0-bdd9-5f581cc34373,4100, , 0)
2026-02-17T05:18:27.302+0000 7f4e8a1f1640 4 mon.a@0(leader).mgr e1 beacon from 4100
2026-02-17T05:18:27.302+0000 7f4e8a1f1640 20 MonCap is_capable service=mgr command= exec addr 127.0.0.1:0/2247695603 on cap allow *
2026-02-17T05:18:27.302+0000 7f4e8a1f1640 20 MonCap allow so far , doing grant allow *
2026-02-17T05:18:27.302+0000 7f4e8a1f1640 20 MonCap allow all
2026-02-17T05:18:27.302+0000 7f4e8a1f1640 4 mon.a@0(leader).mgr e1 beacon from 4100
2026-02-17T05:18:27.302+0000 7f4e8a1f1640 4 mon.a@0(leader).mgr e1 selecting new active 4100 x (was 0 )
2026-02-17T05:18:27.302+0000 7f4e8a1f1640 0 log_channel(cluster) log [INF] : Activating manager daemon x
2026-02-17T05:18:27.302+0000 7f4e8a1f1640 1 -- v2:127.0.0.1:7114/0 --> v2:127.0.0.1:7114/0 -- log(1 entries from seq 38 at
2026-02-17T05:18:27.303394+0000) -- 0x4832fc0 con 0x3653c00
2026-02-17T05:18:27.302+0000 7f4e8a1f1640 20 -- v2:127.0.0.1:7114/0 >> v2:127.0.0.1:7114/0 conn(0x3653c00 msgr2=0x36f9000 unknown :-1 s=STATE_NONE l=0).send_message log(1 entries from seq 38 at
2026-02-17T05:18:27.303394+0000) local
2026-02-17T05:18:27.302+0000 7f4e8a1f1640 4 mon.a@0(leader).mgr e1 updating map
2026-02-17T05:18:27.302+0000 7f4e8a1f1640 10 mon.a@0(leader).paxosservice(mgr 1..1) propose_pending
2026-02-17T05:18:27.302+0000 7f4e899f0640 20 -- v2:127.0.0.1:7114/0 queue 0x4832fc0 prio 196
2026-02-17T05:18:27.302+0000 7f4e8a1f1640 10 mon.a@0(leader).mgr e1 encode_pending x(active, starting, since 0.000196906s)
2026-02-17T05:18:27.302+0000 7f4e8a1f1640 10 mon.a@0(leader).mgr e1 encode_pending set metadata for x
2026-02-17T05:18:27.302+0000 7f4e8a1f1640 10 mon.a@0(leader) e1 log_health updated 0 previous 0
2026-02-17T05:18:27.302+0000 7f4e8a1f1640 5 mon.a@0(leader).paxos(paxos active c 1..23) queue_pending_finisher 0x35a5260
2026-02-17T05:18:27.302+0000 7f4e8a1f1640 10 mon.a@0(leader).paxos(paxos active c 1..23) trigger_propose active, proposing now
2026-02-17T05:18:27.302+0000 7f4e8a1f1640 10 mon.a@0(leader).paxos(paxos active c 1..23) propose_pending 24 54480 bytes
2026-02-17T05:18:27.302+0000 7f4e8a1f1640 10 mon.a@0(leader).paxos(paxos updating c 1..23) begin for 24 54480 bytes
2026-02-17T05:18:27.302+0000 7f4e8a1f1640 10 mon.a@0(leader).paxos(paxos updating c 1..23) commit_start 24
2026-02-17T05:18:27.302+0000 7f4e8a1f1640 10 -- v2:127.0.0.1:7114/0 dispatch_throttle_release 53850 to dispatch throttler 53850/104857600
2026-02-17T05:18:27.302+0000 7f4e8a1f1640 20 -- v2:127.0.0.1:7114/0 done calling dispatch on 0x4826000
2026-02-17T05:18:27.302+0000 7f4e8a1f1640 1 -- v2:127.0.0.1:7114/0 <== mon.0 v2:127.0.0.1:7114/0 0 ==== log(1 entries from seq 38 at
2026-02-17T05:18:27.303394+0000) ==== 0+0+0 (unknown 0 0 0) 0x4832fc0 con 0x3653c00
2026-02-17T05:18:27.302+0000 7f4e8a1f1640 20 mon.a@0(leader) e1 _ms_dispatch existing session 0x46f4000 for mon.0
2026-02-17T05:18:27.302+0000 7f4e8a1f1640 20 mon.a@0(leader) e1 entity_name global_id 0 (none) caps allow *
2026-02-17T05:18:27.302+0000 7f4e8a1f1640 10 mon.a@0(leader).paxosservice(logm 1..14) dispatch 0x4832fc0 log(1 entries from seq 38 at
2026-02-17T05:18:27.303394+0000) from mon.0 v2:127.0.0.1:7114/0 con 0x3653c00
2026-02-17T05:18:27.302+0000 7f4e8a1f1640 5 mon.a@0(leader).paxos(paxos writing c 1..23) is_readable = 1 - now=2026-02-17T05:18:27.304048+0000 lease_expire=1970-01-01T00:00:00.000000+0000 has v0 lc 23
2026-02-17T05:18:27.302+0000 7f4e8a1f1640 10 mon.a@0(leader).log v14 preprocess_query log(1 entries from seq 38 at
2026-02-17T05:18:27.303394+0000) from mon.0 v2:127.0.0.1:7114/0
2026-02-17T05:18:27.302+0000 7f4e8a1f1640 10 mon.a@0(leader).log v14 preprocess_log log(1 entries from seq 38 at
2026-02-17T05:18:27.303394+0000) from mon.0
2026-02-17T05:18:27.302+0000 7f4e8a1f1640 20 MonCap is_capable service=log command= write addr - on cap allow *
2026-02-17T05:18:27.302+0000 7f4e8a1f1640 20 MonCap allow so far , doing grant allow *
2026-02-17T05:18:27.302+0000 7f4e8a1f1640 20 MonCap allow all
2026-02-17T05:18:27.302+0000 7f4e8a1f1640 10 mon.a@0(leader) e1 no_reply to mon.0 v2:127.0.0.1:7114/0 log(1 entries from seq 38 at
2026-02-17T05:18:27.303394+0000)
2026-02-17T05:18:27.303+0000 7f4e8a1f1640 10 mon.a@0(leader).log v14 prepare_update log(1 entries from seq 38 at
2026-02-17T05:18:27.303394+0000) from mon.0 v2:127.0.0.1:7114/0
2026-02-17T05:18:27.303+0000 7f4e8a1f1640 10 mon.a@0(leader).log v14 prepare_log log(1 entries from seq 38 at
2026-02-17T05:18:27.303394+0000) from mon.0
2026-02-17T05:18:27.303+0000 7f4e8a1f1640 10 mon.a@0(leader).log v14 logging
2026-02-17T05:18:27.303394+0000 mon.a (mon.0) 38 : cluster [INF] Activating manager daemon x
2026-02-17T05:18:27.303+0000 7f4e8a1f1640 10 mon.a@0(leader).paxosservice(logm 1..14) setting proposal_timer 0x4a448a0 with delay of 0.05
2026-02-17T05:18:27.303+0000 7f4e8a1f1640 20 -- v2:127.0.0.1:7114/0 done calling dispatch on 0x4832fc0
2026-02-17T05:18:27.303+0000 7f4e879ec640 20 mon.a@0(leader).paxos(paxos writing c 1..23) commit_finish 24
2026-02-17T05:18:27.303+0000 7f4e879ec640 10 mon.a@0(leader) e1 refresh_from_paxos
2026-02-17T05:18:27.303+0000 7f4e879ec640 10 mon.a@0(leader).paxosservice(mdsmap 1..1) refresh
2026-02-17T05:18:27.303+0000 7f4e879ec640 10 mon.a@0(leader).paxosservice(osdmap 1..6) refresh
2026-02-17T05:18:27.303+0000 7f4e879ec640 10 mon.a@0(leader).paxosservice(logm 1..14) refresh
2026-02-17T05:18:27.303+0000 7f4e879ec640 10 mon.a@0(leader).log v14 update_from_paxos
2026-02-17T05:18:27.303+0000 7f4e879ec640 10 mon.a@0(leader).log v14 update_from_paxos version 14 summary v 14
2026-02-17T05:18:27.303+0000 7f4e879ec640 10 mon.a@0(leader).paxosservice(monmap 1..1) refresh
2026-02-17T05:18:27.303+0000 7f4e879ec640 10 mon.a@0(leader).paxosservice(auth 1..4) refresh
2026-02-17T05:18:27.303+0000 7f4e879ec640 10 mon.a@0(leader).auth v4 update_from_paxos
2026-02-17T05:18:27.303+0000 7f4e879ec640 10 mon.a@0(leader).paxosservice(mgr 1..1) refresh
2026-02-17T05:18:27.303+0000 7f4e879ec640 4 mon.a@0(leader).mgr e1 loading version 2
2026-02-17T05:18:27.303+0000 7f4e879ec640 4 mon.a@0(leader).mgr e2 active server: (4100)
2026-02-17T05:18:27.303+0000 7f4e879ec640 20 mon.a@0(leader).mgr e2 Sending map to subscriber 0x473f000 127.0.0.1:0/2247695603
2026-02-17T05:18:27.304+0000 7f4e879ec640 1 -- v2:127.0.0.1:7114/0 --> 127.0.0.1:0/2247695603 -- mgrmap(e 2) -- 0x4702000 con 0x473f000
2026-02-17T05:18:27.304+0000 7f4e879ec640 5 --2- v2:127.0.0.1:7114/0 >> 127.0.0.1:0/2247695603 conn(0x473f000 0x3728100 crc :-1 s=READY pgs=1 gs=4 cs=0 l=1 c_cookie=6020590844609741292 s_cookie=0 reconnecting=0 rev1=1 crypto rx=0 tx=0 comp rx=0 tx=0).send_message enqueueing message m=0x4702000 type=1796 mgrmap(e 2)
2026-02-17T05:18:27.304+0000 7f4e879ec640 15 --2- v2:127.0.0.1:7114/0 >> 127.0.0.1:0/2247695603 conn(0x473f000 0x3728100 crc :-1 s=READY pgs=1 gs=4 cs=0 l=1 c_cookie=6020590844609741292 s_cookie=0 reconnecting=0 rev1=1 crypto rx=0 tx=0 comp rx=0 tx=0).send_message message queued for async transmission m=0x4702000
2026-02-17T05:18:27.304+0000 7f4e879ec640 20 Event(0x360d288 nevent=5000 time_id=6).wakeup
2026-02-17T05:18:27.304+0000 7f4e879ec640 20 mon.a@0(leader).mgr e2 Sending map to subscriber 0x36e6c00 v2:127.0.0.1:6800/1692666666
2026-02-17T05:18:27.304+0000 7f4e8e1f9640 10 -- v2:127.0.0.1:7114/0 >> 127.0.0.1:0/2247695603 conn(0x473f000 msgr2=0x3728100 crc :-1 s=STATE_CONNECTION_ESTABLISHED l=1).handle_write
2026-02-17T05:18:27.304+0000 7f4e8e1f9640 10 --2- v2:127.0.0.1:7114/0 >> 127.0.0.1:0/2247695603 conn(0x473f000 0x3728100 crc :-1 s=READY pgs=1 gs=4 cs=0 l=1 c_cookie=6020590844609741292 s_cookie=0 reconnecting=0 rev1=1 crypto rx=0 tx=0 comp rx=0 tx=0).write_event
2026-02-17T05:18:27.304+0000 7f4e8e1f9640 20 --2- v2:127.0.0.1:7114/0 >> 127.0.0.1:0/2247695603 conn(0x473f000 0x3728100 crc :-1 s=READY pgs=1 gs=4 cs=0 l=1 c_cookie=6020590844609741292 s_cookie=0 reconnecting=0 rev1=1 crypto rx=0 tx=0 comp rx=0 tx=0).prepare_send_message m=mgrmap(e 2)
2026-02-17T05:18:27.304+0000 7f4e8e1f9640 20 --2- v2:127.0.0.1:7114/0 >> 127.0.0.1:0/2247695603 conn(0x473f000 0x3728100 crc :-1 s=READY pgs=1 gs=4 cs=0 l=1 c_cookie=6020590844609741292 s_cookie=0 reconnecting=0 rev1=1 crypto rx=0 tx=0 comp rx=0 tx=0).prepare_send_message encoding features 4544132024016699391 0x4702000 mgrmap(e 2)
2026-02-17T05:18:27.304+0000 7f4e879ec640 1 -- v2:127.0.0.1:7114/0 --> [v2:127.0.0.1:6800/1692666666,v1:127.0.0.1:6801/1692666666] -- mgrmap(e 2) -- 0x4af6000 con 0x36e6c00
2026-02-17T05:18:27.304+0000 7f4e8e1f9640 2 --2- v2:127.0.0.1:7114/0 >> 127.0.0.1:0/2247695603 conn(0x473f000 0x3728100 crc :-1 s=READY pgs=1 gs=4 cs=0 l=1 c_cookie=6020590844609741292 s_cookie=0 reconnecting=0 rev1=1 crypto rx=0 tx=0 comp rx=0 tx=0).write_message sending message m=0x4702000 seq=6 mgrmap(e 2)
2026-02-17T05:18:27.304+0000 7f4e8e1f9640 20 --2- v2:127.0.0.1:7114/0 >> 127.0.0.1:0/2247695603 conn(0x473f000 0x3728100 crc :-1 s=READY pgs=1 gs=4 cs=0 l=1 c_cookie=6020590844609741292 s_cookie=0 reconnecting=0 rev1=1 crypto rx=0 tx=0 comp rx=0 tx=0).write_message sending m=0x4702000 seq=6 src=mon.0 off=0
2026-02-17T05:18:27.304+0000 7f4e879ec640 5 --2- v2:127.0.0.1:7114/0 >> [v2:127.0.0.1:6800/1692666666,v1:127.0.0.1:6801/1692666666] conn(0x36e6c00 0x4862b00 crc :-1 s=READY pgs=1 gs=15 cs=0 l=1 c_cookie=0 s_cookie=0 reconnecting=0 rev1=1 crypto rx=0 tx=0 comp rx=0 tx=0).send_message enqueueing message m=0x4af6000 type=1796 mgrmap(e 2)
2026-02-17T05:18:27.304+0000 7f4e879ec640 15 --2- v2:127.0.0.1:7114/0 >> [v2:127.0.0.1:6800/1692666666,v1:127.0.0.1:6801/1692666666] conn(0x36e6c00 0x4862b00 crc :-1 s=READY pgs=1 gs=15 cs=0 l=1 c_cookie=0 s_cookie=0 reconnecting=0 rev1=1 crypto rx=0 tx=0 comp rx=0 tx=0).send_message message queued for async transmission m=0x4af6000
2026-02-17T05:18:27.304+0000 7f4e879ec640 20 Event(0x360c2c8 nevent=5000 time_id=12).wakeup
2026-02-17T05:18:27.304+0000 7f4e881ed640 10 -- v2:127.0.0.1:7114/0 >> [v2:127.0.0.1:6800/1692666666,v1:127.0.0.1:6801/1692666666] conn(0x36e6c00 msgr2=0x4862b00 crc :-1 s=STATE_CONNECTION_ESTABLISHED l=1).handle_write
2026-02-17T05:18:27.304+0000 7f4e881ed640 10 --2- v2:127.0.0.1:7114/0 >> [v2:127.0.0.1:6800/1692666666,v1:127.0.0.1:6801/1692666666] conn(0x36e6c00 0x4862b00 crc :-1 s=READY pgs=1 gs=15 cs=0 l=1 c_cookie=0 s_cookie=0 reconnecting=0 rev1=1 crypto rx=0 tx=0 comp rx=0 tx=0).write_event
2026-02-17T05:18:27.304+0000 7f4e881ed640 20 --2- v2:127.0.0.1:7114/0 >> [v2:127.0.0.1:6800/1692666666,v1:127.0.0.1:6801/1692666666] conn(0x36e6c00 0x4862b00 crc :-1 s=READY pgs=1 gs=15 cs=0 l=1 c_cookie=0 s_cookie=0 reconnecting=0 rev1=1 crypto rx=0 tx=0 comp rx=0 tx=0).prepare_send_message m=mgrmap(e 2)
2026-02-17T05:18:27.304+0000 7f4e8e1f9640 10 -- v2:127.0.0.1:7114/0 >> 127.0.0.1:0/2247695603 conn(0x473f000 msgr2=0x3728100 crc :-1 s=STATE_CONNECTION_ESTABLISHED l=1)._try_send sent bytes 53715 remaining bytes 0
2026-02-17T05:18:27.304+0000 7f4e8e1f9640 10 --2- v2:127.0.0.1:7114/0 >> 127.0.0.1:0/2247695603 conn(0x473f000 0x3728100 crc :-1 s=READY pgs=1 gs=4 cs=0 l=1 c_cookie=6020590844609741292 s_cookie=0 reconnecting=0 rev1=1 crypto rx=0 tx=0 comp rx=0 tx=0).write_message sending 0x4702000 done.
2026-02-17T05:18:27.304+0000 7f4e881ed640 20 --2- v2:127.0.0.1:7114/0 >> [v2:127.0.0.1:6800/1692666666,v1:127.0.0.1:6801/1692666666] conn(0x36e6c00 0x4862b00 crc :-1 s=READY pgs=1 gs=15 cs=0 l=1 c_cookie=0 s_cookie=0 reconnecting=0 rev1=1 crypto rx=0 tx=0 comp rx=0 tx=0).prepare_send_message encoding features 4544132024016699391 0x4af6000 mgrmap(e 2)
2026-02-17T05:18:27.304+0000 7f4e881ed640 2 --2- v2:127.0.0.1:7114/0 >> [v2:127.0.0.1:6800/1692666666,v1:127.0.0.1:6801/1692666666] conn(0x36e6c00 0x4862b00 crc :-1 s=READY pgs=1 gs=15 cs=0 l=1 c_cookie=0 s_cookie=0 reconnecting=0 rev1=1 crypto rx=0 tx=0 comp rx=0 tx=0).write_message sending message m=0x4af6000 seq=14 mgrmap(e 2)
