2026-02-17T08:21:57.329 INFO:teuthology.orchestra.run.trial016.stdout:/usr/bin/ceph: stdout mon_host = [v2:10.20.193.16:3300,v1:10.20.193.16:6789]
2026-02-17T08:21:57.329 INFO:teuthology.orchestra.run.trial016.stdout:/usr/bin/ceph: stdout mon_osd_allow_pg_remap = true
2026-02-17T08:21:57.329 INFO:teuthology.orchestra.run.trial016.stdout:/usr/bin/ceph: stdout mon_osd_allow_primary_affinity = true
2026-02-17T08:21:57.329 INFO:teuthology.orchestra.run.trial016.stdout:/usr/bin/ceph: stdout mon_warn_on_no_sortbitwise = false
2026-02-17T08:21:57.329 INFO:teuthology.orchestra.run.trial016.stdout:/usr/bin/ceph: stdout osd_crush_chooseleaf_type = 0
2026-02-17T08:21:57.329 INFO:teuthology.orchestra.run.trial016.stdout:/usr/bin/ceph: stdout
2026-02-17T08:21:57.329 INFO:teuthology.orchestra.run.trial016.stdout:/usr/bin/ceph: stdout [mgr]
2026-02-17T08:21:57.330 INFO:teuthology.orchestra.run.trial016.stdout:/usr/bin/ceph: stdout mgr/telemetry/nag = false
2026-02-17T08:21:57.330 INFO:teuthology.orchestra.run.trial016.stdout:/usr/bin/ceph: stdout
2026-02-17T08:21:57.330 INFO:teuthology.orchestra.run.trial016.stdout:/usr/bin/ceph: stdout [osd]
2026-02-17T08:21:57.330 INFO:teuthology.orchestra.run.trial016.stdout:/usr/bin/ceph: stdout mon_osd_backfillfull_ratio = 0.85
2026-02-17T08:21:57.330 INFO:teuthology.orchestra.run.trial016.stdout:/usr/bin/ceph: stdout mon_osd_full_ratio = 0.9
2026-02-17T08:21:57.330 INFO:teuthology.orchestra.run.trial016.stdout:/usr/bin/ceph: stdout mon_osd_nearfull_ratio = 0.8
2026-02-17T08:21:57.330 INFO:teuthology.orchestra.run.trial016.stdout:/usr/bin/ceph: stdout osd_map_max_advance = 10
2026-02-17T08:21:57.330 INFO:teuthology.orchestra.run.trial016.stdout:/usr/bin/ceph: stdout osd_sloppy_crc = true
2026-02-17T08:21:57.330 INFO:teuthology.orchestra.run.trial016.stdout:/usr/bin/ceph: stderr
2026-02-17T08:21:57.212+0000 7f2bd383f640 1 Processor -- start
2026-02-17T08:21:57.330 INFO:teuthology.orchestra.run.trial016.stdout:/usr/bin/ceph: stderr
2026-02-17T08:21:57.212+0000 7f2bd383f640 1 -- start start
2026-02-17T08:21:57.330 INFO:teuthology.orchestra.run.trial016.stdout:/usr/bin/ceph: stderr
2026-02-17T08:21:57.212+0000 7f2bd383f640 1 --2- >> [v2:10.20.193.16:3300/0,v1:10.20.193.16:6789/0] conn(0x7f2bcc1090f0 0x7f2bcc1094f0 unknown :-1 s=NONE pgs=0 cs=0 l=0 rev1=0 crypto rx=0 tx=0 comp rx=0 tx=0).connect
2026-02-17T08:21:57.330 INFO:teuthology.orchestra.run.trial016.stdout:/usr/bin/ceph: stderr
2026-02-17T08:21:57.212+0000 7f2bd383f640 1 -- --> [v2:10.20.193.16:3300/0,v1:10.20.193.16:6789/0] -- mon_getmap magic: 0 -- 0x7f2bcc109ac0 con 0x7f2bcc1090f0
2026-02-17T08:21:57.331 INFO:teuthology.orchestra.run.trial016.stdout:/usr/bin/ceph: stderr
2026-02-17T08:21:57.212+0000 7f2bd15b4640 1 --2- >> [v2:10.20.193.16:3300/0,v1:10.20.193.16:6789/0] conn(0x7f2bcc1090f0 0x7f2bcc1094f0 unknown :-1 s=BANNER_CONNECTING pgs=0 cs=0 l=0 rev1=0 crypto rx=0 tx=0 comp rx=0 tx=0)._handle_peer_banner_payload supported=3 required=0
2026-02-17T08:21:57.331 INFO:teuthology.orchestra.run.trial016.stdout:/usr/bin/ceph: stderr
2026-02-17T08:21:57.212+0000 7f2bd15b4640 1 --2- >> [v2:10.20.193.16:3300/0,v1:10.20.193.16:6789/0] conn(0x7f2bcc1090f0 0x7f2bcc1094f0 unknown :-1 s=HELLO_CONNECTING pgs=0 cs=0 l=0 rev1=1 crypto rx=0 tx=0 comp rx=0 tx=0).handle_hello peer v2:10.20.193.16:3300/0 says I am v2:10.20.193.16:43930/0 (socket says 10.20.193.16:43930)
2026-02-17T08:21:57.331 INFO:teuthology.orchestra.run.trial016.stdout:/usr/bin/ceph: stderr
2026-02-17T08:21:57.212+0000 7f2bd15b4640 1 -- 10.20.193.16:0/1572273886 learned_addr learned my addr 10.20.193.16:0/1572273886 (peer_addr_for_me v2:10.20.193.16:0/0)
2026-02-17T08:21:57.331 INFO:teuthology.orchestra.run.trial016.stdout:/usr/bin/ceph: stderr
2026-02-17T08:21:57.212+0000 7f2bd15b4640 1 -- 10.20.193.16:0/1572273886 --> [v2:10.20.193.16:3300/0,v1:10.20.193.16:6789/0] -- mon_subscribe({config=0+,monmap=0+}) -- 0x7f2bcc10a2f0 con 0x7f2bcc1090f0
2026-02-17T08:21:57.331 INFO:teuthology.orchestra.run.trial016.stdout:/usr/bin/ceph: stderr
2026-02-17T08:21:57.213+0000 7f2bd15b4640 1 --2- 10.20.193.16:0/1572273886 >> [v2:10.20.193.16:3300/0,v1:10.20.193.16:6789/0] conn(0x7f2bcc1090f0 0x7f2bcc1094f0 secure :-1 s=READY pgs=18 cs=0 l=1 rev1=1 crypto rx=0x7f2bbc009920 tx=0x7f2bbc02ef20 comp rx=0 tx=0).ready entity=mon.0 client_cookie=9e8fb5235f3df4f3 server_cookie=0 in_seq=0 out_seq=0
2026-02-17T08:21:57.331 INFO:teuthology.orchestra.run.trial016.stdout:/usr/bin/ceph: stderr
2026-02-17T08:21:57.213+0000 7f2bbbfff640 1 -- 10.20.193.16:0/1572273886 <== mon.0 v2:10.20.193.16:3300/0 1 ==== mon_map magic: 0 ==== 205+0+0 (secure 0 0 0) 0x7f2bbc03c070 con 0x7f2bcc1090f0
2026-02-17T08:21:57.331 INFO:teuthology.orchestra.run.trial016.stdout:/usr/bin/ceph: stderr
2026-02-17T08:21:57.213+0000 7f2bbbfff640 1 -- 10.20.193.16:0/1572273886 <== mon.0 v2:10.20.193.16:3300/0 2 ==== config(24 keys) ==== 975+0+0 (secure 0 0 0) 0x7f2bbc037440 con 0x7f2bcc1090f0
2026-02-17T08:21:57.332 INFO:teuthology.orchestra.run.trial016.stdout:/usr/bin/ceph: stderr
2026-02-17T08:21:57.213+0000 7f2bbbfff640 1 -- 10.20.193.16:0/1572273886 <== mon.0 v2:10.20.193.16:3300/0 3 ==== mon_map magic: 0 ==== 205+0+0 (secure 0 0 0) 0x7f2bbc035340 con 0x7f2bcc1090f0
2026-02-17T08:21:57.332 INFO:teuthology.orchestra.run.trial016.stdout:/usr/bin/ceph: stderr
2026-02-17T08:21:57.213+0000 7f2bd383f640 1 -- 10.20.193.16:0/1572273886 >> [v2:10.20.193.16:3300/0,v1:10.20.193.16:6789/0] conn(0x7f2bcc1090f0 msgr2=0x7f2bcc1094f0 secure :-1 s=STATE_CONNECTION_ESTABLISHED l=1).mark_down
2026-02-17T08:21:57.332 INFO:teuthology.orchestra.run.trial016.stdout:/usr/bin/ceph: stderr
2026-02-17T08:21:57.213+0000 7f2bd383f640 1 --2- 10.20.193.16:0/1572273886 >> [v2:10.20.193.16:3300/0,v1:10.20.193.16:6789/0] conn(0x7f2bcc1090f0 0x7f2bcc1094f0 secure :-1 s=READY pgs=18 cs=0 l=1 rev1=1 crypto rx=0x7f2bbc009920 tx=0x7f2bbc02ef20 comp rx=0 tx=0).stop
2026-02-17T08:21:57.332 INFO:teuthology.orchestra.run.trial016.stdout:/usr/bin/ceph: stderr
2026-02-17T08:21:57.213+0000 7f2bd383f640 1 -- 10.20.193.16:0/1572273886 shutdown_connections
2026-02-17T08:21:57.332 INFO:teuthology.orchestra.run.trial016.stdout:/usr/bin/ceph: stderr
2026-02-17T08:21:57.213+0000 7f2bd383f640 1 --2- 10.20.193.16:0/1572273886 >> [v2:10.20.193.16:3300/0,v1:10.20.193.16:6789/0] conn(0x7f2bcc1090f0 0x7f2bcc1094f0 unknown :-1 s=CLOSED pgs=18 cs=0 l=1 rev1=1 crypto rx=0 tx=0 comp rx=0 tx=0).stop
2026-02-17T08:21:57.332 INFO:teuthology.orchestra.run.trial016.stdout:/usr/bin/ceph: stderr
2026-02-17T08:21:57.213+0000 7f2bd383f640 1 -- 10.20.193.16:0/1572273886 >> 10.20.193.16:0/1572273886 conn(0x7f2bcc07c610 msgr2=0x7f2bcc07ca20 unknown :-1 s=STATE_NONE l=0).mark_down
2026-02-17T08:21:57.332 INFO:teuthology.orchestra.run.trial016.stdout:/usr/bin/ceph: stderr
2026-02-17T08:21:57.213+0000 7f2bd383f640 1 -- 10.20.193.16:0/1572273886 shutdown_connections
2026-02-17T08:21:57.332 INFO:teuthology.orchestra.run.trial016.stdout:/usr/bin/ceph: stderr
2026-02-17T08:21:57.213+0000 7f2bd383f640 1 -- 10.20.193.16:0/1572273886 wait complete.
2026-02-17T08:21:57.332 INFO:teuthology.orchestra.run.trial016.stdout:/usr/bin/ceph: stderr
2026-02-17T08:21:57.214+0000 7f2bd383f640 1 Processor -- start
2026-02-17T08:21:57.332 INFO:teuthology.orchestra.run.trial016.stdout:/usr/bin/ceph: stderr
2026-02-17T08:21:57.214+0000 7f2bd383f640 1 -- start start
2026-02-17T08:21:57.333 INFO:teuthology.orchestra.run.trial016.stdout:/usr/bin/ceph: stderr
2026-02-17T08:21:57.214+0000 7f2bd383f640 1 --2- >> [v2:10.20.193.16:3300/0,v1:10.20.193.16:6789/0] conn(0x7f2bcc1090f0 0x7f2bcc19ee60 unknown :-1 s=NONE pgs=0 cs=0 l=1 rev1=0 crypto rx=0 tx=0 comp rx=0 tx=0).connect
2026-02-17T08:21:57.333 INFO:teuthology.orchestra.run.trial016.stdout:/usr/bin/ceph: stderr
2026-02-17T08:21:57.214+0000 7f2bd383f640 1 -- --> [v2:10.20.193.16:3300/0,v1:10.20.193.16:6789/0] -- mon_getmap magic: 0 -- 0x7f2bcc10d520 con 0x7f2bcc1090f0
2026-02-17T08:21:57.333 INFO:teuthology.orchestra.run.trial016.stdout:/usr/bin/ceph: stderr
2026-02-17T08:21:57.214+0000 7f2bd15b4640 1 --2- >> [v2:10.20.193.16:3300/0,v1:10.20.193.16:6789/0] conn(0x7f2bcc1090f0 0x7f2bcc19ee60 unknown :-1 s=BANNER_CONNECTING pgs=0 cs=0 l=1 rev1=0 crypto rx=0 tx=0 comp rx=0 tx=0)._handle_peer_banner_payload supported=3 required=0
2026-02-17T08:21:57.333 INFO:teuthology.orchestra.run.trial016.stdout:/usr/bin/ceph: stderr
2026-02-17T08:21:57.214+0000 7f2bd15b4640 1 --2- >> [v2:10.20.193.16:3300/0,v1:10.20.193.16:6789/0] conn(0x7f2bcc1090f0 0x7f2bcc19ee60 unknown :-1 s=HELLO_CONNECTING pgs=0 cs=0 l=1 rev1=1 crypto rx=0 tx=0 comp rx=0 tx=0).handle_hello peer v2:10.20.193.16:3300/0 says I am v2:10.20.193.16:43944/0 (socket says 10.20.193.16:43944)
2026-02-17T08:21:57.333 INFO:teuthology.orchestra.run.trial016.stdout:/usr/bin/ceph: stderr
2026-02-17T08:21:57.214+0000 7f2bd15b4640 1 -- 10.20.193.16:0/2978555008 learned_addr learned my addr 10.20.193.16:0/2978555008 (peer_addr_for_me v2:10.20.193.16:0/0)
2026-02-17T08:21:57.333 INFO:teuthology.orchestra.run.trial016.stdout:/usr/bin/ceph: stderr
2026-02-17T08:21:57.214+0000 7f2bd15b4640 1 -- 10.20.193.16:0/2978555008 --> [v2:10.20.193.16:3300/0,v1:10.20.193.16:6789/0] -- mon_subscribe({config=0+,monmap=0+}) -- 0x7f2bcc19f3a0 con 0x7f2bcc1090f0
2026-02-17T08:21:57.333 INFO:teuthology.orchestra.run.trial016.stdout:/usr/bin/ceph: stderr
2026-02-17T08:21:57.214+0000 7f2bd15b4640 1 --2- 10.20.193.16:0/2978555008 >> [v2:10.20.193.16:3300/0,v1:10.20.193.16:6789/0] conn(0x7f2bcc1090f0 0x7f2bcc19ee60 secure :-1 s=READY pgs=19 cs=0 l=1 rev1=1 crypto rx=0x7f2bbc006fd0 tx=0x7f2bbc035570 comp rx=0 tx=0).ready entity=mon.0 client_cookie=0 server_cookie=0 in_seq=0 out_seq=0
2026-02-17T08:21:57.333 INFO:teuthology.orchestra.run.trial016.stdout:/usr/bin/ceph: stderr
2026-02-17T08:21:57.214+0000 7f2bba7fc640 1 -- 10.20.193.16:0/2978555008 <== mon.0 v2:10.20.193.16:3300/0 1 ==== mon_map magic: 0 ==== 205+0+0 (secure 0 0 0) 0x7f2bbc045070 con 0x7f2bcc1090f0
2026-02-17T08:21:57.333 INFO:teuthology.orchestra.run.trial016.stdout:/usr/bin/ceph: stderr
2026-02-17T08:21:57.214+0000 7f2bba7fc640 1 -- 10.20.193.16:0/2978555008 <== mon.0 v2:10.20.193.16:3300/0 2 ==== config(24 keys) ==== 975+0+0 (secure 0 0 0) 0x7f2bbc040450 con 0x7f2bcc1090f0
2026-02-17T08:21:57.333 INFO:teuthology.orchestra.run.trial016.stdout:/usr/bin/ceph: stderr
2026-02-17T08:21:57.214+0000 7f2bd383f640 1 -- 10.20.193.16:0/2978555008 --> [v2:10.20.193.16:3300/0,v1:10.20.193.16:6789/0] -- mon_subscribe({mgrmap=0+}) -- 0x7f2bcc19f630 con 0x7f2bcc1090f0
2026-02-17T08:21:57.333 INFO:teuthology.orchestra.run.trial016.stdout:/usr/bin/ceph: stderr
2026-02-17T08:21:57.214+0000 7f2bba7fc640 1 -- 10.20.193.16:0/2978555008 <== mon.0 v2:10.20.193.16:3300/0 3 ==== mon_map magic: 0 ==== 205+0+0 (secure 0 0 0) 0x7f2bbc03c070 con 0x7f2bcc1090f0
2026-02-17T08:21:57.333 INFO:teuthology.orchestra.run.trial016.stdout:/usr/bin/ceph: stderr
2026-02-17T08:21:57.214+0000 7f2bd383f640 1 -- 10.20.193.16:0/2978555008 --> [v2:10.20.193.16:3300/0,v1:10.20.193.16:6789/0] -- mon_subscribe({osdmap=0}) -- 0x7f2bcc1a2320 con 0x7f2bcc1090f0
2026-02-17T08:21:57.334 INFO:teuthology.orchestra.run.trial016.stdout:/usr/bin/ceph: stderr
2026-02-17T08:21:57.215+0000 7f2bd383f640 1 -- 10.20.193.16:0/2978555008 --> [v2:10.20.193.16:3300/0,v1:10.20.193.16:6789/0] -- mon_command({"prefix": "get_command_descriptions"} v 0) -- 0x7f2bcc109570 con 0x7f2bcc1090f0
2026-02-17T08:21:57.334 INFO:teuthology.orchestra.run.trial016.stdout:/usr/bin/ceph: stderr
2026-02-17T08:21:57.215+0000 7f2bba7fc640 1 -- 10.20.193.16:0/2978555008 <== mon.0 v2:10.20.193.16:3300/0 4 ==== mgrmap(e 4) ==== 50314+0+0 (secure 0 0 0) 0x7f2bbc0493b0 con 0x7f2bcc1090f0
2026-02-17T08:21:57.334 INFO:teuthology.orchestra.run.trial016.stdout:/usr/bin/ceph: stderr
2026-02-17T08:21:57.215+0000 7f2bba7fc640 20 mgrc handle_mgr_map mgrmap(e 4)
2026-02-17T08:21:57.334 INFO:teuthology.orchestra.run.trial016.stdout:/usr/bin/ceph: stderr
2026-02-17T08:21:57.215+0000 7f2bba7fc640 4 mgrc handle_mgr_map Got map version 4
2026-02-17T08:21:57.334 INFO:teuthology.orchestra.run.trial016.stdout:/usr/bin/ceph: stderr
2026-02-17T08:21:57.215+0000 7f2bba7fc640 4 mgrc handle_mgr_map Active mgr is now [v2:10.20.193.16:6800/1077302716,v1:10.20.193.16:6801/1077302716]
2026-02-17T08:21:57.334 INFO:teuthology.orchestra.run.trial016.stdout:/usr/bin/ceph: stderr
2026-02-17T08:21:57.215+0000 7f2bba7fc640 4 mgrc reconnect Starting new session with [v2:10.20.193.16:6800/1077302716,v1:10.20.193.16:6801/1077302716]
2026-02-17T08:21:57.334 INFO:teuthology.orchestra.run.trial016.stdout:/usr/bin/ceph: stderr
2026-02-17T08:21:57.215+0000 7f2bba7fc640 1 --2- 10.20.193.16:0/2978555008 >> [v2:10.20.193.16:6800/1077302716,v1:10.20.193.16:6801/1077302716] conn(0x7f2ba803dd40 0x7f2ba8040200 unknown :-1 s=NONE pgs=0 cs=0 l=1 rev1=0 crypto rx=0 tx=0 comp rx=0 tx=0).connect
2026-02-17T08:21:57.334 INFO:teuthology.orchestra.run.trial016.stdout:/usr/bin/ceph: stderr
2026-02-17T08:21:57.215+0000 7f2bba7fc640 1 -- 10.20.193.16:0/2978555008 <== mon.0 v2:10.20.193.16:3300/0 5 ==== osd_map(1..1 src has 1..1) ==== 725+0+0 (secure 0 0 0) 0x7f2bbc076800 con 0x7f2bcc1090f0
2026-02-17T08:21:57.334 INFO:teuthology.orchestra.run.trial016.stdout:/usr/bin/ceph: stderr
2026-02-17T08:21:57.215+0000 7f2bd0db3640 1 --2- 10.20.193.16:0/2978555008 >> [v2:10.20.193.16:6800/1077302716,v1:10.20.193.16:6801/1077302716] conn(0x7f2ba803dd40 0x7f2ba8040200 unknown :-1 s=BANNER_CONNECTING pgs=0 cs=0 l=1 rev1=0 crypto rx=0 tx=0 comp rx=0 tx=0)._handle_peer_banner_payload supported=3 required=0
2026-02-17T08:21:57.334 INFO:teuthology.orchestra.run.trial016.stdout:/usr/bin/ceph: stderr
2026-02-17T08:21:57.215+0000 7f2bd0db3640 1 --2- 10.20.193.16:0/2978555008 >> [v2:10.20.193.16:6800/1077302716,v1:10.20.193.16:6801/1077302716] conn(0x7f2ba803dd40 0x7f2ba8040200 secure :-1 s=READY pgs=7 cs=0 l=1 rev1=1 crypto rx=0x7f2bc00099c0 tx=0x7f2bc0006eb0 comp rx=0 tx=0).ready entity=mgr.14100 client_cookie=0 server_cookie=0 in_seq=0 out_seq=0
2026-02-17T08:21:57.334 INFO:teuthology.orchestra.run.trial016.stdout:/usr/bin/ceph: stderr
2026-02-17T08:21:57.218+0000 7f2bba7fc640 1 -- 10.20.193.16:0/2978555008 <== mon.0 v2:10.20.193.16:3300/0 6 ==== mon_command_ack([{"prefix": "get_command_descriptions"}]=0 v0) ==== 72+0+195034 (secure 0 0 0) 0x7f2bbc03c210 con 0x7f2bcc1090f0
2026-02-17T08:21:57.335 INFO:teuthology.orchestra.run.trial016.stdout:/usr/bin/ceph: stderr
2026-02-17T08:21:57.300+0000 7f2bd383f640 1 -- 10.20.193.16:0/2978555008 --> [v2:10.20.193.16:3300/0,v1:10.20.193.16:6789/0] -- mon_command({"prefix": "config assimilate-conf"} v 0) -- 0x7f2bcc1a3900 con 0x7f2bcc1090f0
2026-02-17T08:21:57.335 INFO:teuthology.orchestra.run.trial016.stdout:/usr/bin/ceph: stderr
2026-02-17T08:21:57.301+0000 7f2bba7fc640 1 -- 10.20.193.16:0/2978555008 <== mon.0 v2:10.20.193.16:3300/0 7 ==== mon_command_ack([{"prefix": "config assimilate-conf"}]=0 v3) ==== 70+0+465 (secure 0 0 0) 0x7f2bbc03fe80 con 0x7f2bcc1090f0
2026-02-17T08:21:57.335 INFO:teuthology.orchestra.run.trial016.stdout:/usr/bin/ceph: stderr
2026-02-17T08:21:57.301+0000 7f2bd383f640 10 mgrc shutdown
2026-02-17T08:21:57.335 INFO:teuthology.orchestra.run.trial016.stdout:/usr/bin/ceph: stderr
2026-02-17T08:21:57.302+0000 7f2bd383f640 1 -- 10.20.193.16:0/2978555008 >> [v2:10.20.193.16:6800/1077302716,v1:10.20.193.16:6801/1077302716] conn(0x7f2ba803dd40 msgr2=0x7f2ba8040200 secure :-1 s=STATE_CONNECTION_ESTABLISHED l=1).mark_down
2026-02-17T08:21:57.335 INFO:teuthology.orchestra.run.trial016.stdout:/usr/bin/ceph: stderr
2026-02-17T08:21:57.302+0000 7f2bd383f640 1 --2- 10.20.193.16:0/2978555008 >> [v2:10.20.193.16:6800/1077302716,v1:10.20.193.16:6801/1077302716] conn(0x7f2ba803dd40 0x7f2ba8040200 secure :-1 s=READY pgs=7 cs=0 l=1 rev1=1 crypto rx=0x7f2bc00099c0 tx=0x7f2bc0006eb0 comp rx=0 tx=0).stop
2026-02-17T08:21:57.335 INFO:teuthology.orchestra.run.trial016.stdout:/usr/bin/ceph: stderr
2026-02-17T08:21:57.302+0000 7f2bd383f640 1 -- 10.20.193.16:0/2978555008 >> [v2:10.20.193.16:3300/0,v1:10.20.193.16:6789/0] conn(0x7f2bcc1090f0 msgr2=0x7f2bcc19ee60 secure :-1 s=STATE_CONNECTION_ESTABLISHED l=1).mark_down
2026-02-17T08:21:57.335 INFO:teuthology.orchestra.run.trial016.stdout:/usr/bin/ceph: stderr
2026-02-17T08:21:57.302+0000 7f2bd383f640 1 --2- 10.20.193.16:0/2978555008 >> [v2:10.20.193.16:3300/0,v1:10.20.193.16:6789/0] conn(0x7f2bcc1090f0 0x7f2bcc19ee60 secure :-1 s=READY pgs=19 cs=0 l=1 rev1=1 crypto rx=0x7f2bbc006fd0 tx=0x7f2bbc035570 comp rx=0 tx=0).stop
2026-02-17T08:21:57.335 INFO:teuthology.orchestra.run.trial016.stdout:/usr/bin/ceph: stderr
2026-02-17T08:21:57.302+0000 7f2bd383f640 1 -- 10.20.193.16:0/2978555008 shutdown_connections
2026-02-17T08:21:57.335 INFO:teuthology.orchestra.run.trial016.stdout:/usr/bin/ceph: stderr
2026-02-17T08:21:57.302+0000 7f2bd383f640 1 --2- 10.20.193.16:0/2978555008 >> [v2:10.20.193.16:6800/1077302716,v1:10.20.193.16:6801/1077302716] conn(0x7f2ba803dd40 0x7f2ba8040200 unknown :-1 s=CLOSED pgs=7 cs=0 l=1 rev1=1 crypto rx=0 tx=0 comp rx=0 tx=0).stop
2026-02-17T08:21:57.335 INFO:teuthology.orchestra.run.trial016.stdout:/usr/bin/ceph: stderr
2026-02-17T08:21:57.302+0000 7f2bd383f640 1 --2- 10.20.193.16:0/2978555008 >> [v2:10.20.193.16:3300/0,v1:10.20.193.16:6789/0] conn(0x7f2bcc1090f0 0x7f2bcc19ee60 unknown :-1 s=CLOSED pgs=19 cs=0 l=1 rev1=1 crypto rx=0 tx=0 comp rx=0 tx=0).stop
2026-02-17T08:21:57.335 INFO:teuthology.orchestra.run.trial016.stdout:/usr/bin/ceph: stderr
2026-02-17T08:21:57.302+0000 7f2bd383f640 1 -- 10.20.193.16:0/2978555008 >> 10.20.193.16:0/2978555008 conn(0x7f2bcc07c610 msgr2=0x7f2bcc106690 unknown :-1 s=STATE_NONE l=0).mark_down
2026-02-17T08:21:57.335 INFO:teuthology.orchestra.run.trial016.stdout:/usr/bin/ceph: stderr
2026-02-17T08:21:57.302+0000 7f2bd383f640 1 -- 10.20.193.16:0/2978555008 shutdown_connections
2026-02-17T08:21:57.336 INFO:teuthology.orchestra.run.trial016.stdout:/usr/bin/ceph: stderr
2026-02-17T08:21:57.302+0000 7f2bd383f640 1 -- 10.20.193.16:0/2978555008 wait complete.
2026-02-17T08:21:57.336 INFO:teuthology.orchestra.run.trial016.stdout:Enabling cephadm module...
2026-02-17T08:21:58.155 INFO:teuthology.orchestra.run.trial016.stdout:/usr/bin/ceph: stderr
2026-02-17T08:21:57.413+0000 7fb5fbf97640 1 Processor -- start
2026-02-17T08:21:58.155 INFO:teuthology.orchestra.run.trial016.stdout:/usr/bin/ceph: stderr
2026-02-17T08:21:57.413+0000 7fb5fbf97640 1 -- start start
2026-02-17T08:21:58.155 INFO:teuthology.orchestra.run.trial016.stdout:/usr/bin/ceph: stderr
2026-02-17T08:21:57.413+0000 7fb5fbf97640 1 --2- >> [v2:10.20.193.16:3300/0,v1:10.20.193.16:6789/0] conn(0x7fb5f41090d0 0x7fb5f41094d0 unknown :-1 s=NONE pgs=0 cs=0 l=0 rev1=0 crypto rx=0 tx=0 comp rx=0 tx=0).connect
2026-02-17T08:21:58.155 INFO:teuthology.orchestra.run.trial016.stdout:/usr/bin/ceph: stderr
2026-02-17T08:21:57.413+0000 7fb5fbf97640 1 -- --> [v2:10.20.193.16:3300/0,v1:10.20.193.16:6789/0] -- mon_getmap magic: 0 -- 0x7fb5f4109aa0 con 0x7fb5f41090d0
2026-02-17T08:21:58.155 INFO:teuthology.orchestra.run.trial016.stdout:/usr/bin/ceph: stderr
2026-02-17T08:21:57.413+0000 7fb5f9d0c640 1 --2- >> [v2:10.20.193.16:3300/0,v1:10.20.193.16:6789/0] conn(0x7fb5f41090d0 0x7fb5f41094d0 unknown :-1 s=BANNER_CONNECTING pgs=0 cs=0 l=0 rev1=0 crypto rx=0 tx=0 comp rx=0 tx=0)._handle_peer_banner_payload supported=3 required=0
2026-02-17T08:21:58.155 INFO:teuthology.orchestra.run.trial016.stdout:/usr/bin/ceph: stderr
2026-02-17T08:21:57.414+0000 7fb5f9d0c640 1 --2- >> [v2:10.20.193.16:3300/0,v1:10.20.193.16:6789/0] conn(0x7fb5f41090d0 0x7fb5f41094d0 unknown :-1 s=HELLO_CONNECTING pgs=0 cs=0 l=0 rev1=1 crypto rx=0 tx=0 comp rx=0 tx=0).handle_hello peer v2:10.20.193.16:3300/0 says I am v2:10.20.193.16:43958/0 (socket says 10.20.193.16:43958)
2026-02-17T08:21:58.155 INFO:teuthology.orchestra.run.trial016.stdout:/usr/bin/ceph: stderr
2026-02-17T08:21:57.414+0000 7fb5f9d0c640 1 -- 10.20.193.16:0/4149609608 learned_addr learned my addr 10.20.193.16:0/4149609608 (peer_addr_for_me v2:10.20.193.16:0/0)
2026-02-17T08:21:58.155 INFO:teuthology.orchestra.run.trial016.stdout:/usr/bin/ceph: stderr
2026-02-17T08:21:57.414+0000 7fb5f9d0c640 1 -- 10.20.193.16:0/4149609608 --> [v2:10.20.193.16:3300/0,v1:10.20.193.16:6789/0] -- mon_subscribe({config=0+,monmap=0+}) -- 0x7fb5f410a2d0 con 0x7fb5f41090d0
2026-02-17T08:21:58.155 INFO:teuthology.orchestra.run.trial016.stdout:/usr/bin/ceph: stderr
2026-02-17T08:21:57.414+0000 7fb5f9d0c640 1 --2- 10.20.193.16:0/4149609608 >> [v2:10.20.193.16:3300/0,v1:10.20.193.16:6789/0] conn(0x7fb5f41090d0 0x7fb5f41094d0 secure :-1 s=READY pgs=20 cs=0 l=1 rev1=1 crypto rx=0x7fb5e4009920 tx=0x7fb5e402ef20 comp rx=0 tx=0).ready entity=mon.0 client_cookie=695af2a27e74fec9 server_cookie=0 in_seq=0 out_seq=0
2026-02-17T08:21:58.155 INFO:teuthology.orchestra.run.trial016.stdout:/usr/bin/ceph: stderr
2026-02-17T08:21:57.414+0000 7fb5f8d0a640 1 -- 10.20.193.16:0/4149609608 <== mon.0 v2:10.20.193.16:3300/0 1 ==== mon_map magic: 0 ==== 205+0+0 (secure 0 0 0) 0x7fb5e403c070 con 0x7fb5f41090d0
2026-02-17T08:21:58.155 INFO:teuthology.orchestra.run.trial016.stdout:/usr/bin/ceph: stderr
2026-02-17T08:21:57.414+0000 7fb5f8d0a640 1 -- 10.20.193.16:0/4149609608 <== mon.0 v2:10.20.193.16:3300/0 2 ==== config(24 keys) ==== 975+0+0 (secure 0 0 0) 0x7fb5e4037440 con 0x7fb5f41090d0
2026-02-17T08:21:58.155 INFO:teuthology.orchestra.run.trial016.stdout:/usr/bin/ceph: stderr
2026-02-17T08:21:57.414+0000 7fb5f8d0a640 1 -- 10.20.193.16:0/4149609608 <== mon.0 v2:10.20.193.16:3300/0 3 ==== mon_map magic: 0 ==== 205+0+0 (secure 0 0 0) 0x7fb5e4035340 con 0x7fb5f41090d0
2026-02-17T08:21:58.155 INFO:teuthology.orchestra.run.trial016.stdout:/usr/bin/ceph: stderr
2026-02-17T08:21:57.415+0000 7fb5fbf97640 1 -- 10.20.193.16:0/4149609608 >> [v2:10.20.193.16:3300/0,v1:10.20.193.16:6789/0] conn(0x7fb5f41090d0 msgr2=0x7fb5f41094d0 secure :-1 s=STATE_CONNECTION_ESTABLISHED l=1).mark_down
2026-02-17T08:21:58.155 INFO:teuthology.orchestra.run.trial016.stdout:/usr/bin/ceph: stderr
2026-02-17T08:21:57.415+0000 7fb5fbf97640 1 --2- 10.20.193.16:0/4149609608 >> [v2:10.20.193.16:3300/0,v1:10.20.193.16:6789/0] conn(0x7fb5f41090d0 0x7fb5f41094d0 secure :-1 s=READY pgs=20 cs=0 l=1 rev1=1 crypto rx=0x7fb5e4009920 tx=0x7fb5e402ef20 comp rx=0 tx=0).stop
2026-02-17T08:21:58.155 INFO:teuthology.orchestra.run.trial016.stdout:/usr/bin/ceph: stderr
2026-02-17T08:21:57.415+0000 7fb5fbf97640 1 -- 10.20.193.16:0/4149609608 shutdown_connections
2026-02-17T08:21:58.155 INFO:teuthology.orchestra.run.trial016.stdout:/usr/bin/ceph: stderr
2026-02-17T08:21:57.415+0000 7fb5fbf97640 1 --2- 10.20.193.16:0/4149609608 >> [v2:10.20.193.16:3300/0,v1:10.20.193.16:6789/0] conn(0x7fb5f41090d0 0x7fb5f41094d0 unknown :-1 s=CLOSED pgs=20 cs=0 l=1 rev1=1 crypto rx=0 tx=0 comp rx=0 tx=0).stop
2026-02-17T08:21:58.155 INFO:teuthology.orchestra.run.trial016.stdout:/usr/bin/ceph: stderr
2026-02-17T08:21:57.415+0000 7fb5fbf97640 1 -- 10.20.193.16:0/4149609608 >> 10.20.193.16:0/4149609608 conn(0x7fb5f407c550 msgr2=0x7fb5f407c9c0 unknown :-1 s=STATE_NONE l=0).mark_down
2026-02-17T08:21:58.155 INFO:teuthology.orchestra.run.trial016.stdout:/usr/bin/ceph: stderr
2026-02-17T08:21:57.415+0000 7fb5fbf97640 1 -- 10.20.193.16:0/4149609608 shutdown_connections
2026-02-17T08:21:58.155 INFO:teuthology.orchestra.run.trial016.stdout:/usr/bin/ceph: stderr
2026-02-17T08:21:57.415+0000 7fb5fbf97640 1 -- 10.20.193.16:0/4149609608 wait complete.
2026-02-17T08:21:58.155 INFO:teuthology.orchestra.run.trial016.stdout:/usr/bin/ceph: stderr
2026-02-17T08:21:57.415+0000 7fb5fbf97640 1 Processor -- start
2026-02-17T08:21:58.155 INFO:teuthology.orchestra.run.trial016.stdout:/usr/bin/ceph: stderr
2026-02-17T08:21:57.415+0000 7fb5fbf97640 1 -- start start
2026-02-17T08:21:58.156 INFO:teuthology.orchestra.run.trial016.stdout:/usr/bin/ceph: stderr
2026-02-17T08:21:57.415+0000 7fb5fbf97640 1 --2- >> [v2:10.20.193.16:3300/0,v1:10.20.193.16:6789/0] conn(0x7fb5f41090d0 0x7fb5f419ee10 unknown :-1 s=NONE pgs=0 cs=0 l=1 rev1=0 crypto rx=0 tx=0 comp rx=0 tx=0).connect
2026-02-17T08:21:58.156 INFO:teuthology.orchestra.run.trial016.stdout:/usr/bin/ceph: stderr
2026-02-17T08:21:57.415+0000 7fb5fbf97640 1 -- --> [v2:10.20.193.16:3300/0,v1:10.20.193.16:6789/0] -- mon_getmap magic: 0 -- 0x7fb5f410d500 con 0x7fb5f41090d0
2026-02-17T08:21:58.156 INFO:teuthology.orchestra.run.trial016.stdout:/usr/bin/ceph: stderr
2026-02-17T08:21:57.415+0000 7fb5f9d0c640 1 --2- >> [v2:10.20.193.16:3300/0,v1:10.20.193.16:6789/0] conn(0x7fb5f41090d0 0x7fb5f419ee10 unknown :-1 s=BANNER_CONNECTING pgs=0 cs=0 l=1 rev1=0 crypto rx=0 tx=0 comp rx=0 tx=0)._handle_peer_banner_payload supported=3 required=0
2026-02-17T08:21:58.156 INFO:teuthology.orchestra.run.trial016.stdout:/usr/bin/ceph: stderr
2026-02-17T08:21:57.415+0000 7fb5f9d0c640 1 --2- >> [v2:10.20.193.16:3300/0,v1:10.20.193.16:6789/0] conn(0x7fb5f41090d0 0x7fb5f419ee10 unknown :-1 s=HELLO_CONNECTING pgs=0 cs=0 l=1 rev1=1 crypto rx=0 tx=0 comp rx=0 tx=0).handle_hello peer v2:10.20.193.16:3300/0 says I am v2:10.20.193.16:43968/0 (socket says 10.20.193.16:43968)
2026-02-17T08:21:58.156 INFO:teuthology.orchestra.run.trial016.stdout:/usr/bin/ceph: stderr
2026-02-17T08:21:57.415+0000 7fb5f9d0c640 1 -- 10.20.193.16:0/3895587395 learned_addr learned my addr 10.20.193.16:0/3895587395 (peer_addr_for_me v2:10.20.193.16:0/0)
2026-02-17T08:21:58.156 INFO:teuthology.orchestra.run.trial016.stdout:/usr/bin/ceph: stderr
2026-02-17T08:21:57.415+0000 7fb5f9d0c640 1 -- 10.20.193.16:0/3895587395 --> [v2:10.20.193.16:3300/0,v1:10.20.193.16:6789/0] -- mon_subscribe({config=0+,monmap=0+}) -- 0x7fb5f419f350 con 0x7fb5f41090d0
2026-02-17T08:21:58.156 INFO:teuthology.orchestra.run.trial016.stdout:/usr/bin/ceph: stderr
2026-02-17T08:21:57.416+0000 7fb5f9d0c640 1 --2- 10.20.193.16:0/3895587395 >> [v2:10.20.193.16:3300/0,v1:10.20.193.16:6789/0] conn(0x7fb5f41090d0 0x7fb5f419ee10 secure :-1 s=READY pgs=21 cs=0 l=1 rev1=1 crypto rx=0x7fb5e4006fd0 tx=0x7fb5e4037b70 comp rx=0 tx=0).ready entity=mon.0 client_cookie=0 server_cookie=0 in_seq=0 out_seq=0
2026-02-17T08:21:58.156 INFO:teuthology.orchestra.run.trial016.stdout:/usr/bin/ceph: stderr
2026-02-17T08:21:57.416+0000 7fb5e2ffd640 1 -- 10.20.193.16:0/3895587395 <== mon.0 v2:10.20.193.16:3300/0 1 ==== mon_map magic: 0 ==== 205+0+0 (secure 0 0 0) 0x7fb5e4045070 con 0x7fb5f41090d0
2026-02-17T08:21:58.156 INFO:teuthology.orchestra.run.trial016.stdout:/usr/bin/ceph: stderr
2026-02-17T08:21:57.416+0000 7fb5e2ffd640 1 -- 10.20.193.16:0/3895587395 <== mon.0 v2:10.20.193.16:3300/0 2 ==== config(24 keys) ==== 975+0+0 (secure 0 0 0) 0x7fb5e4040450 con 0x7fb5f41090d0
2026-02-17T08:21:58.156 INFO:teuthology.orchestra.run.trial016.stdout:/usr/bin/ceph: stderr
2026-02-17T08:21:57.416+0000 7fb5fbf97640 1 -- 10.20.193.16:0/3895587395 --> [v2:10.20.193.16:3300/0,v1:10.20.193.16:6789/0] -- mon_subscribe({mgrmap=0+}) -- 0x7fb5f419f5e0 con 0x7fb5f41090d0
2026-02-17T08:21:58.156 INFO:teuthology.orchestra.run.trial016.stdout:/usr/bin/ceph: stderr
2026-02-17T08:21:57.416+0000 7fb5e2ffd640 1 -- 10.20.193.16:0/3895587395 <== mon.0 v2:10.20.193.16:3300/0 3 ==== mon_map magic: 0 ==== 205+0+0 (secure 0 0 0) 0x7fb5e403c070 con 0x7fb5f41090d0
2026-02-17T08:21:58.156 INFO:teuthology.orchestra.run.trial016.stdout:/usr/bin/ceph: stderr
2026-02-17T08:21:57.416+0000 7fb5fbf97640 1 -- 10.20.193.16:0/3895587395 --> [v2:10.20.193.16:3300/0,v1:10.20.193.16:6789/0] -- mon_subscribe({osdmap=0}) -- 0x7fb5f41a22d0 con 0x7fb5f41090d0
2026-02-17T08:21:58.156 INFO:teuthology.orchestra.run.trial016.stdout:/usr/bin/ceph: stderr
2026-02-17T08:21:57.416+0000 7fb5fbf97640 1 -- 10.20.193.16:0/3895587395 --> [v2:10.20.193.16:3300/0,v1:10.20.193.16:6789/0] -- mon_command({"prefix": "get_command_descriptions"} v 0) -- 0x7fb5f4109550 con 0x7fb5f41090d0
2026-02-17T08:21:58.156 INFO:teuthology.orchestra.run.trial016.stdout:/usr/bin/ceph: stderr
2026-02-17T08:21:57.416+0000 7fb5e2ffd640 1 -- 10.20.193.16:0/3895587395 <== mon.0 v2:10.20.193.16:3300/0 4 ==== mgrmap(e 4) ==== 50314+0+0 (secure 0 0 0) 0x7fb5e402fae0 con 0x7fb5f41090d0
2026-02-17T08:21:58.156 INFO:teuthology.orchestra.run.trial016.stdout:/usr/bin/ceph: stderr
2026-02-17T08:21:57.416+0000 7fb5e2ffd640 20 mgrc handle_mgr_map mgrmap(e 4)
2026-02-17T08:21:58.156 INFO:teuthology.orchestra.run.trial016.stdout:/usr/bin/ceph: stderr
2026-02-17T08:21:57.416+0000 7fb5e2ffd640 4 mgrc handle_mgr_map Got map version 4
2026-02-17T08:21:58.156 INFO:teuthology.orchestra.run.trial016.stdout:/usr/bin/ceph: stderr
2026-02-17T08:21:57.416+0000 7fb5e2ffd640 4 mgrc handle_mgr_map Active mgr is now [v2:10.20.193.16:6800/1077302716,v1:10.20.193.16:6801/1077302716]
2026-02-17T08:21:58.156 INFO:teuthology.orchestra.run.trial016.stdout:/usr/bin/ceph: stderr
2026-02-17T08:21:57.416+0000 7fb5e2ffd640 4 mgrc reconnect Starting new session with [v2:10.20.193.16:6800/1077302716,v1:10.20.193.16:6801/1077302716]
2026-02-17T08:21:58.156 INFO:teuthology.orchestra.run.trial016.stdout:/usr/bin/ceph: stderr
2026-02-17T08:21:57.416+0000 7fb5e2ffd640 1 --2- 10.20.193.16:0/3895587395 >> [v2:10.20.193.16:6800/1077302716,v1:10.20.193.16:6801/1077302716] conn(0x7fb5d003dcf0 0x7fb5d00401b0 unknown :-1 s=NONE pgs=0 cs=0 l=1 rev1=0 crypto rx=0 tx=0 comp rx=0 tx=0).connect
2026-02-17T08:21:58.156 INFO:teuthology.orchestra.run.trial016.stdout:/usr/bin/ceph: stderr
2026-02-17T08:21:57.416+0000 7fb5e2ffd640 1 -- 10.20.193.16:0/3895587395 <== mon.0 v2:10.20.193.16:3300/0 5 ==== osd_map(1..1 src has 1..1) ==== 725+0+0 (secure 0 0 0) 0x7fb5e40768a0 con 0x7fb5f41090d0
2026-02-17T08:21:58.156 INFO:teuthology.orchestra.run.trial016.stdout:/usr/bin/ceph: stderr
2026-02-17T08:21:57.417+0000 7fb5f950b640 1 --2- 10.20.193.16:0/3895587395 >> [v2:10.20.193.16:6800/1077302716,v1:10.20.193.16:6801/1077302716] conn(0x7fb5d003dcf0 0x7fb5d00401b0 unknown :-1 s=BANNER_CONNECTING pgs=0 cs=0 l=1 rev1=0 crypto rx=0 tx=0 comp rx=0 tx=0)._handle_peer_banner_payload supported=3 required=0
2026-02-17T08:21:58.156 INFO:teuthology.orchestra.run.trial016.stdout:/usr/bin/ceph: stderr
2026-02-17T08:21:57.417+0000 7fb5f950b640 1 --2- 10.20.193.16:0/3895587395 >> [v2:10.20.193.16:6800/1077302716,v1:10.20.193.16:6801/1077302716] conn(0x7fb5d003dcf0 0x7fb5d00401b0 secure :-1 s=READY pgs=8 cs=0 l=1 rev1=1 crypto rx=0x7fb5e80099c0 tx=0x7fb5e8006eb0 comp rx=0 tx=0).ready entity=mgr.14100 client_cookie=0 server_cookie=0 in_seq=0 out_seq=0
2026-02-17T08:21:58.156 INFO:teuthology.orchestra.run.trial016.stdout:/usr/bin/ceph: stderr
2026-02-17T08:21:57.419+0000 7fb5e2ffd640 1 -- 10.20.193.16:0/3895587395 <== mon.0 v2:10.20.193.16:3300/0 6 ==== mon_command_ack([{"prefix": "get_command_descriptions"}]=0 v0) ==== 72+0+195034 (secure 0 0 0) 0x7fb5e40762c0 con 0x7fb5f41090d0
2026-02-17T08:21:58.156 INFO:teuthology.orchestra.run.trial016.stdout:/usr/bin/ceph: stderr
2026-02-17T08:21:57.522+0000 7fb5fbf97640 1 -- 10.20.193.16:0/3895587395 --> [v2:10.20.193.16:3300/0,v1:10.20.193.16:6789/0] -- mon_command({"prefix": "mgr module enable", "module": "cephadm"} v 0) -- 0x7fb5f41a2730 con 0x7fb5f41090d0
2026-02-17T08:21:58.156 INFO:teuthology.orchestra.run.trial016.stdout:/usr/bin/ceph: stderr
2026-02-17T08:21:58.127+0000 7fb5e2ffd640 1 -- 10.20.193.16:0/3895587395 <== mon.0 v2:10.20.193.16:3300/0 7 ==== mon_command_ack([{"prefix": "mgr module enable", "module": "cephadm"}]=0 v5) ==== 86+0+0 (secure 0 0 0) 0x7fb5e403ad80 con 0x7fb5f41090d0
2026-02-17T08:21:58.156 INFO:teuthology.orchestra.run.trial016.stdout:/usr/bin/ceph: stderr
2026-02-17T08:21:58.128+0000 7fb5fbf97640 10 mgrc shutdown
2026-02-17T08:21:58.156 INFO:teuthology.orchestra.run.trial016.stdout:/usr/bin/ceph: stderr
2026-02-17T08:21:58.128+0000 7fb5fbf97640 1 -- 10.20.193.16:0/3895587395 >> [v2:10.20.193.16:6800/1077302716,v1:10.20.193.16:6801/1077302716] conn(0x7fb5d003dcf0 msgr2=0x7fb5d00401b0 secure :-1 s=STATE_CONNECTION_ESTABLISHED l=1).mark_down
2026-02-17T08:21:58.156 INFO:teuthology.orchestra.run.trial016.stdout:/usr/bin/ceph: stderr
2026-02-17T08:21:58.128+0000 7fb5fbf97640 1 --2- 10.20.193.16:0/3895587395 >> [v2:10.20.193.16:6800/1077302716,v1:10.20.193.16:6801/1077302716] conn(0x7fb5d003dcf0 0x7fb5d00401b0 secure :-1 s=READY pgs=8 cs=0 l=1 rev1=1 crypto rx=0x7fb5e80099c0 tx=0x7fb5e8006eb0 comp rx=0 tx=0).stop
2026-02-17T08:21:58.156 INFO:teuthology.orchestra.run.trial016.stdout:/usr/bin/ceph: stderr
2026-02-17T08:21:58.128+0000 7fb5fbf97640 1 -- 10.20.193.16:0/3895587395 >> [v2:10.20.193.16:3300/0,v1:10.20.193.16:6789/0] conn(0x7fb5f41090d0 msgr2=0x7fb5f419ee10 secure :-1 s=STATE_CONNECTION_ESTABLISHED l=1).mark_down
2026-02-17T08:21:58.157 INFO:teuthology.orchestra.run.trial016.stdout:/usr/bin/ceph: stderr
2026-02-17T08:21:58.128+0000 7fb5fbf97640 1 --2- 10.20.193.16:0/3895587395 >> [v2:10.20.193.16:3300/0,v1:10.20.193.16:6789/0] conn(0x7fb5f41090d0 0x7fb5f419ee10 secure :-1 s=READY pgs=21 cs=0 l=1 rev1=1 crypto rx=0x7fb5e4006fd0 tx=0x7fb5e4037b70 comp rx=0 tx=0).stop
2026-02-17T08:21:58.157 INFO:teuthology.orchestra.run.trial016.stdout:/usr/bin/ceph: stderr
2026-02-17T08:21:58.128+0000 7fb5fbf97640 1 -- 10.20.193.16:0/3895587395 shutdown_connections
2026-02-17T08:21:58.157 INFO:teuthology.orchestra.run.trial016.stdout:/usr/bin/ceph: stderr
2026-02-17T08:21:58.128+0000 7fb5fbf97640 1 --2- 10.20.193.16:0/3895587395 >> [v2:10.20.193.16:6800/1077302716,v1:10.20.193.16:6801/1077302716] conn(0x7fb5d003dcf0 0x7fb5d00401b0 unknown :-1 s=CLOSED pgs=8 cs=0 l=1 rev1=1 crypto rx=0 tx=0 comp rx=0 tx=0).stop
2026-02-17T08:21:58.157 INFO:teuthology.orchestra.run.trial016.stdout:/usr/bin/ceph: stderr
2026-02-17T08:21:58.128+0000 7fb5fbf97640 1 --2- 10.20.193.16:0/3895587395 >> [v2:10.20.193.16:3300/0,v1:10.20.193.16:6789/0] conn(0x7fb5f41090d0 0x7fb5f419ee10 unknown :-1 s=CLOSED pgs=21 cs=0 l=1 rev1=1 crypto rx=0 tx=0 comp rx=0 tx=0).stop
2026-02-17T08:21:58.157 INFO:teuthology.orchestra.run.trial016.stdout:/usr/bin/ceph: stderr
2026-02-17T08:21:58.128+0000 7fb5fbf97640 1 -- 10.20.193.16:0/3895587395 >> 10.20.193.16:0/3895587395 conn(0x7fb5f407c550 msgr2=0x7fb5f4106650 unknown :-1 s=STATE_NONE l=0).mark_down
2026-02-17T08:21:58.157 INFO:teuthology.orchestra.run.trial016.stdout:/usr/bin/ceph: stderr
2026-02-17T08:21:58.128+0000 7fb5fbf97640 1 -- 10.20.193.16:0/3895587395 shutdown_connections
2026-02-17T08:21:58.157 INFO:teuthology.orchestra.run.trial016.stdout:/usr/bin/ceph: stderr
2026-02-17T08:21:58.128+0000 7fb5fbf97640 1 -- 10.20.193.16:0/3895587395 wait complete.
2026-02-17T08:21:58.383 INFO:journalctl@ceph.mon.a.trial016.stdout:Feb 17 08:21:58 trial016 ceph-mon[39048]: mgrmap e4: a(active, since 2s)
2026-02-17T08:21:58.383 INFO:journalctl@ceph.mon.a.trial016.stdout:Feb 17 08:21:58 trial016 ceph-mon[39048]: from='client.? 10.20.193.16:0/2978555008' entity='client.admin' cmd=[{"prefix": "config assimilate-conf"}]: dispatch
2026-02-17T08:21:58.383 INFO:journalctl@ceph.mon.a.trial016.stdout:Feb 17 08:21:58 trial016 ceph-mon[39048]: from='client.? 10.20.193.16:0/3895587395' entity='client.admin' cmd=[{"prefix": "mgr module enable", "module": "cephadm"}]: dispatch
2026-02-17T08:21:58.383 INFO:journalctl@ceph.mgr.a.trial016.stdout:Feb 17 08:21:58 trial016 ceph-ad06c547-0bd9-11f1-adc2-d404e6e7d460-mgr-a[39310]: ignoring --setuser ceph since I am not root
2026-02-17T08:21:58.383 INFO:journalctl@ceph.mgr.a.trial016.stdout:Feb 17 08:21:58 trial016 ceph-ad06c547-0bd9-11f1-adc2-d404e6e7d460-mgr-a[39310]: ignoring --setgroup ceph since I am not root
2026-02-17T08:21:58.394 INFO:teuthology.orchestra.run.trial016.stdout:/usr/bin/ceph: stdout {
2026-02-17T08:21:58.394 INFO:teuthology.orchestra.run.trial016.stdout:/usr/bin/ceph: stdout "epoch": 5,
2026-02-17T08:21:58.395 INFO:teuthology.orchestra.run.trial016.stdout:/usr/bin/ceph: stdout "available": true,
2026-02-17T08:21:58.395 INFO:teuthology.orchestra.run.trial016.stdout:/usr/bin/ceph: stdout "active_name": "a",
2026-02-17T08:21:58.395 INFO:teuthology.orchestra.run.trial016.stdout:/usr/bin/ceph: stdout "num_standby": 0
2026-02-17T08:21:58.395 INFO:teuthology.orchestra.run.trial016.stdout:/usr/bin/ceph: stdout }
2026-02-17T08:21:58.395 INFO:teuthology.orchestra.run.trial016.stdout:/usr/bin/ceph: stderr
2026-02-17T08:21:58.257+0000 7fd0f55c2640 1 Processor -- start
2026-02-17T08:21:58.395 INFO:teuthology.orchestra.run.trial016.stdout:/usr/bin/ceph: stderr
2026-02-17T08:21:58.257+0000 7fd0f55c2640 1 -- start start
2026-02-17T08:21:58.395 INFO:teuthology.orchestra.run.trial016.stdout:/usr/bin/ceph: stderr
2026-02-17T08:21:58.257+0000 7fd0f55c2640 1 --2- >> [v2:10.20.193.16:3300/0,v1:10.20.193.16:6789/0] conn(0x7fd0f01090b0 0x7fd0f01094b0 unknown :-1 s=NONE pgs=0 cs=0 l=0 rev1=0 crypto rx=0 tx=0 comp rx=0 tx=0).connect
2026-02-17T08:21:58.395 INFO:teuthology.orchestra.run.trial016.stdout:/usr/bin/ceph: stderr
2026-02-17T08:21:58.257+0000 7fd0f55c2640 1 -- --> [v2:10.20.193.16:3300/0,v1:10.20.193.16:6789/0] -- mon_getmap magic: 0 -- 0x7fd0f0109a80 con 0x7fd0f01090b0
2026-02-17T08:21:58.395 INFO:teuthology.orchestra.run.trial016.stdout:/usr/bin/ceph: stderr
2026-02-17T08:21:58.257+0000 7fd0eeffd640 1 --2- >> [v2:10.20.193.16:3300/0,v1:10.20.193.16:6789/0] conn(0x7fd0f01090b0 0x7fd0f01094b0 unknown :-1 s=BANNER_CONNECTING pgs=0 cs=0 l=0 rev1=0 crypto rx=0 tx=0 comp rx=0 tx=0)._handle_peer_banner_payload supported=3 required=0
2026-02-17T08:21:58.395 INFO:teuthology.orchestra.run.trial016.stdout:/usr/bin/ceph: stderr
2026-02-17T08:21:58.257+0000 7fd0eeffd640 1 --2- >> [v2:10.20.193.16:3300/0,v1:10.20.193.16:6789/0] conn(0x7fd0f01090b0 0x7fd0f01094b0 unknown :-1 s=HELLO_CONNECTING pgs=0 cs=0 l=0 rev1=1 crypto rx=0 tx=0 comp rx=0 tx=0).handle_hello peer v2:10.20.193.16:3300/0 says I am v2:10.20.193.16:43994/0 (socket says 10.20.193.16:43994)
2026-02-17T08:21:58.396 INFO:teuthology.orchestra.run.trial016.stdout:/usr/bin/ceph: stderr
2026-02-17T08:21:58.257+0000 7fd0eeffd640 1 -- 10.20.193.16:0/1350297690 learned_addr learned my addr 10.20.193.16:0/1350297690 (peer_addr_for_me v2:10.20.193.16:0/0)
2026-02-17T08:21:58.396 INFO:teuthology.orchestra.run.trial016.stdout:/usr/bin/ceph: stderr
2026-02-17T08:21:58.257+0000 7fd0eeffd640 1 -- 10.20.193.16:0/1350297690 --> [v2:10.20.193.16:3300/0,v1:10.20.193.16:6789/0] -- mon_subscribe({config=0+,monmap=0+}) -- 0x7fd0f010a2b0 con 0x7fd0f01090b0
2026-02-17T08:21:58.396 INFO:teuthology.orchestra.run.trial016.stdout:/usr/bin/ceph: stderr
2026-02-17T08:21:58.258+0000 7fd0eeffd640 1 --2- 10.20.193.16:0/1350297690 >> [v2:10.20.193.16:3300/0,v1:10.20.193.16:6789/0] conn(0x7fd0f01090b0 0x7fd0f01094b0 secure :-1 s=READY pgs=24 cs=0 l=1 rev1=1 crypto rx=0x7fd0e4009920 tx=0x7fd0e402ef20 comp rx=0 tx=0).ready entity=mon.0 client_cookie=75d5a4afe3096bfd server_cookie=0 in_seq=0 out_seq=0
2026-02-17T08:21:58.396 INFO:teuthology.orchestra.run.trial016.stdout:/usr/bin/ceph: stderr
2026-02-17T08:21:58.258+0000 7fd0edffb640 1 -- 10.20.193.16:0/1350297690 <== mon.0 v2:10.20.193.16:3300/0 1 ==== mon_map magic: 0 ==== 205+0+0 (secure 0 0 0) 0x7fd0e403c070 con 0x7fd0f01090b0
2026-02-17T08:21:58.396 INFO:teuthology.orchestra.run.trial016.stdout:/usr/bin/ceph: stderr
2026-02-17T08:21:58.258+0000 7fd0edffb640 1 -- 10.20.193.16:0/1350297690 <== mon.0 v2:10.20.193.16:3300/0 2 ==== config(24 keys) ==== 975+0+0 (secure 0 0 0) 0x7fd0e4037440 con 0x7fd0f01090b0
2026-02-17T08:21:58.396 INFO:teuthology.orchestra.run.trial016.stdout:/usr/bin/ceph: stderr
2026-02-17T08:21:58.258+0000 7fd0edffb640 1 -- 10.20.193.16:0/1350297690 <== mon.0 v2:10.20.193.16:3300/0 3 ==== mon_map magic: 0 ==== 205+0+0 (secure 0 0 0) 0x7fd0e4035340 con 0x7fd0f01090b0
2026-02-17T08:21:58.396 INFO:teuthology.orchestra.run.trial016.stdout:/usr/bin/ceph: stderr
2026-02-17T08:21:58.258+0000 7fd0f55c2640 1 -- 10.20.193.16:0/1350297690 >> [v2:10.20.193.16:3300/0,v1:10.20.193.16:6789/0] conn(0x7fd0f01090b0 msgr2=0x7fd0f01094b0 secure :-1 s=STATE_CONNECTION_ESTABLISHED l=1).mark_down
2026-02-17T08:21:58.396 INFO:teuthology.orchestra.run.trial016.stdout:/usr/bin/ceph: stderr
2026-02-17T08:21:58.258+0000 7fd0f55c2640 1 --2- 10.20.193.16:0/1350297690 >> [v2:10.20.193.16:3300/0,v1:10.20.193.16:6789/0] conn(0x7fd0f01090b0 0x7fd0f01094b0 secure :-1 s=READY pgs=24 cs=0 l=1 rev1=1 crypto rx=0x7fd0e4009920 tx=0x7fd0e402ef20 comp rx=0 tx=0).stop
2026-02-17T08:21:58.396 INFO:teuthology.orchestra.run.trial016.stdout:/usr/bin/ceph: stderr
2026-02-17T08:21:58.258+0000 7fd0f55c2640 1 -- 10.20.193.16:0/1350297690 shutdown_connections
2026-02-17T08:21:58.396 INFO:teuthology.orchestra.run.trial016.stdout:/usr/bin/ceph: stderr
2026-02-17T08:21:58.258+0000 7fd0f55c2640 1 --2- 10.20.193.16:0/1350297690 >> [v2:10.20.193.16:3300/0,v1:10.20.193.16:6789/0] conn(0x7fd0f01090b0 0x7fd0f01094b0 unknown :-1 s=CLOSED pgs=24 cs=0 l=1 rev1=1 crypto rx=0 tx=0 comp rx=0 tx=0).stop
2026-02-17T08:21:58.396 INFO:teuthology.orchestra.run.trial016.stdout:/usr/bin/ceph: stderr
2026-02-17T08:21:58.258+0000 7fd0f55c2640 1 -- 10.20.193.16:0/1350297690 >> 10.20.193.16:0/1350297690 conn(0x7fd0f007c530 msgr2=0x7fd0f007c9a0 unknown :-1 s=STATE_NONE l=0).mark_down
2026-02-17T08:21:58.396 INFO:teuthology.orchestra.run.trial016.stdout:/usr/bin/ceph: stderr
2026-02-17T08:21:58.258+0000 7fd0f55c2640 1 -- 10.20.193.16:0/1350297690 shutdown_connections
2026-02-17T08:21:58.397 INFO:teuthology.orchestra.run.trial016.stdout:/usr/bin/ceph: stderr
2026-02-17T08:21:58.258+0000 7fd0f55c2640 1 -- 10.20.193.16:0/1350297690 wait complete.
2026-02-17T08:21:58.397 INFO:teuthology.orchestra.run.trial016.stdout:/usr/bin/ceph: stderr
2026-02-17T08:21:58.259+0000 7fd0f55c2640 1 Processor -- start
2026-02-17T08:21:58.397 INFO:teuthology.orchestra.run.trial016.stdout:/usr/bin/ceph: stderr
2026-02-17T08:21:58.259+0000 7fd0f55c2640 1 -- start start
2026-02-17T08:21:58.397 INFO:teuthology.orchestra.run.trial016.stdout:/usr/bin/ceph: stderr
2026-02-17T08:21:58.259+0000 7fd0f55c2640 1 --2- >> [v2:10.20.193.16:3300/0,v1:10.20.193.16:6789/0] conn(0x7fd0f01090b0 0x7fd0f019edf0 unknown :-1 s=NONE pgs=0 cs=0 l=1 rev1=0 crypto rx=0 tx=0 comp rx=0 tx=0).connect
2026-02-17T08:21:58.397 INFO:teuthology.orchestra.run.trial016.stdout:/usr/bin/ceph: stderr
2026-02-17T08:21:58.259+0000 7fd0f55c2640 1 -- --> [v2:10.20.193.16:3300/0,v1:10.20.193.16:6789/0] -- mon_getmap magic: 0 -- 0x7fd0f010d4e0 con 0x7fd0f01090b0
2026-02-17T08:21:58.397 INFO:teuthology.orchestra.run.trial016.stdout:/usr/bin/ceph: stderr
2026-02-17T08:21:58.259+0000 7fd0eeffd640 1 --2- >> [v2:10.20.193.16:3300/0,v1:10.20.193.16:6789/0] conn(0x7fd0f01090b0 0x7fd0f019edf0 unknown :-1 s=BANNER_CONNECTING pgs=0 cs=0 l=1 rev1=0 crypto rx=0 tx=0 comp rx=0 tx=0)._handle_peer_banner_payload supported=3 required=0
2026-02-17T08:21:58.397 INFO:teuthology.orchestra.run.trial016.stdout:/usr/bin/ceph: stderr
2026-02-17T08:21:58.259+0000 7fd0eeffd640 1 --2- >> [v2:10.20.193.16:3300/0,v1:10.20.193.16:6789/0] conn(0x7fd0f01090b0 0x7fd0f019edf0 unknown :-1 s=HELLO_CONNECTING pgs=0 cs=0 l=1 rev1=1 crypto rx=0 tx=0 comp rx=0 tx=0).handle_hello peer v2:10.20.193.16:3300/0 says I am v2:10.20.193.16:44006/0 (socket says 10.20.193.16:44006)
2026-02-17T08:21:58.397 INFO:teuthology.orchestra.run.trial016.stdout:/usr/bin/ceph: stderr
2026-02-17T08:21:58.259+0000 7fd0eeffd640 1 -- 10.20.193.16:0/3913621113 learned_addr learned my addr 10.20.193.16:0/3913621113 (peer_addr_for_me v2:10.20.193.16:0/0)
2026-02-17T08:21:58.397 INFO:teuthology.orchestra.run.trial016.stdout:/usr/bin/ceph: stderr
2026-02-17T08:21:58.259+0000 7fd0eeffd640 1 -- 10.20.193.16:0/3913621113 --> [v2:10.20.193.16:3300/0,v1:10.20.193.16:6789/0] -- mon_subscribe({config=0+,monmap=0+}) -- 0x7fd0f019f330 con 0x7fd0f01090b0
2026-02-17T08:21:58.397 INFO:teuthology.orchestra.run.trial016.stdout:/usr/bin/ceph: stderr
2026-02-17T08:21:58.259+0000 7fd0eeffd640 1 --2- 10.20.193.16:0/3913621113 >> [v2:10.20.193.16:3300/0,v1:10.20.193.16:6789/0] conn(0x7fd0f01090b0 0x7fd0f019edf0 secure :-1 s=READY pgs=25 cs=0 l=1 rev1=1 crypto rx=0x7fd0e402f4a0 tx=0x7fd0e4035f80 comp rx=0 tx=0).ready entity=mon.0 client_cookie=0 server_cookie=0 in_seq=0 out_seq=0
2026-02-17T08:21:58.397 INFO:teuthology.orchestra.run.trial016.stdout:/usr/bin/ceph: stderr
2026-02-17T08:21:58.259+0000 7fd0cffff640 1 -- 10.20.193.16:0/3913621113 <== mon.0 v2:10.20.193.16:3300/0 1 ==== mon_map magic: 0 ==== 205+0+0 (secure 0 0 0) 0x7fd0e4045070 con 0x7fd0f01090b0
2026-02-17T08:21:58.397 INFO:teuthology.orchestra.run.trial016.stdout:/usr/bin/ceph: stderr
2026-02-17T08:21:58.259+0000 7fd0cffff640 1 -- 10.20.193.16:0/3913621113 <== mon.0 v2:10.20.193.16:3300/0 2 ==== config(24 keys) ==== 975+0+0 (secure 0 0 0) 0x7fd0e4040450 con 0x7fd0f01090b0
2026-02-17T08:21:58.398 INFO:teuthology.orchestra.run.trial016.stdout:/usr/bin/ceph: stderr
2026-02-17T08:21:58.259+0000 7fd0f55c2640 1 -- 10.20.193.16:0/3913621113 --> [v2:10.20.193.16:3300/0,v1:10.20.193.16:6789/0] -- mon_subscribe({mgrmap=0+}) -- 0x7fd0f019f5c0 con 0x7fd0f01090b0
2026-02-17T08:21:58.398 INFO:teuthology.orchestra.run.trial016.stdout:/usr/bin/ceph: stderr
2026-02-17T08:21:58.259+0000 7fd0cffff640 1 -- 10.20.193.16:0/3913621113 <== mon.0 v2:10.20.193.16:3300/0 3 ==== mon_map magic: 0 ==== 205+0+0 (secure 0 0 0) 0x7fd0e403c070 con 0x7fd0f01090b0
2026-02-17T08:21:58.398 INFO:teuthology.orchestra.run.trial016.stdout:/usr/bin/ceph: stderr
2026-02-17T08:21:58.259+0000 7fd0f55c2640 1 -- 10.20.193.16:0/3913621113 --> [v2:10.20.193.16:3300/0,v1:10.20.193.16:6789/0] -- mon_subscribe({osdmap=0}) -- 0x7fd0f01a22b0 con 0x7fd0f01090b0
2026-02-17T08:21:58.398 INFO:teuthology.orchestra.run.trial016.stdout:/usr/bin/ceph: stderr
2026-02-17T08:21:58.260+0000 7fd0f55c2640 1 -- 10.20.193.16:0/3913621113 --> [v2:10.20.193.16:3300/0,v1:10.20.193.16:6789/0] -- mon_command({"prefix": "get_command_descriptions"} v 0) -- 0x7fd0f0109530 con 0x7fd0f01090b0
2026-02-17T08:21:58.398 INFO:teuthology.orchestra.run.trial016.stdout:/usr/bin/ceph: stderr
2026-02-17T08:21:58.260+0000 7fd0cffff640 1 -- 10.20.193.16:0/3913621113 <== mon.0 v2:10.20.193.16:3300/0 4 ==== mgrmap(e 5) ==== 50325+0+0 (secure 0 0 0) 0x7fd0e40493b0 con 0x7fd0f01090b0
2026-02-17T08:21:58.398 INFO:teuthology.orchestra.run.trial016.stdout:/usr/bin/ceph: stderr
2026-02-17T08:21:58.260+0000 7fd0cffff640 20 mgrc handle_mgr_map mgrmap(e 5)
2026-02-17T08:21:58.398 INFO:teuthology.orchestra.run.trial016.stdout:/usr/bin/ceph: stderr
2026-02-17T08:21:58.260+0000 7fd0cffff640 4 mgrc handle_mgr_map Got map version 5
2026-02-17T08:21:58.398 INFO:teuthology.orchestra.run.trial016.stdout:/usr/bin/ceph: stderr
2026-02-17T08:21:58.260+0000 7fd0cffff640 4 mgrc handle_mgr_map Active mgr is now [v2:10.20.193.16:6800/1077302716,v1:10.20.193.16:6801/1077302716]
2026-02-17T08:21:58.398 INFO:teuthology.orchestra.run.trial016.stdout:/usr/bin/ceph: stderr
2026-02-17T08:21:58.260+0000 7fd0cffff640 4 mgrc reconnect Starting new session with [v2:10.20.193.16:6800/1077302716,v1:10.20.193.16:6801/1077302716]
2026-02-17T08:21:58.398 INFO:teuthology.orchestra.run.trial016.stdout:/usr/bin/ceph: stderr
2026-02-17T08:21:58.260+0000 7fd0cffff640 1 --2- 10.20.193.16:0/3913621113 >> [v2:10.20.193.16:6800/1077302716,v1:10.20.193.16:6801/1077302716] conn(0x7fd0c403dd90 0x7fd0c4040250 unknown :-1 s=NONE pgs=0 cs=0 l=1 rev1=0 crypto rx=0 tx=0 comp rx=0 tx=0).connect
2026-02-17T08:21:58.398 INFO:teuthology.orchestra.run.trial016.stdout:/usr/bin/ceph: stderr
2026-02-17T08:21:58.260+0000 7fd0ee7fc640 1 -- 10.20.193.16:0/3913621113 >> [v2:10.20.193.16:6800/1077302716,v1:10.20.193.16:6801/1077302716] conn(0x7fd0c403dd90 msgr2=0x7fd0c4040250 unknown :-1 s=STATE_CONNECTING_RE l=1).process reconnect failed to v2:10.20.193.16:6800/1077302716
2026-02-17T08:21:58.399 INFO:teuthology.orchestra.run.trial016.stdout:/usr/bin/ceph: stderr
2026-02-17T08:21:58.260+0000 7fd0cffff640 1 -- 10.20.193.16:0/3913621113 <== mon.0 v2:10.20.193.16:3300/0 5 ==== osd_map(1..1 src has 1..1) ==== 725+0+0 (secure 0 0 0) 0x7fd0e40768a0 con 0x7fd0f01090b0
2026-02-17T08:21:58.399 INFO:teuthology.orchestra.run.trial016.stdout:/usr/bin/ceph: stderr
2026-02-17T08:21:58.260+0000 7fd0ee7fc640 1 --2- 10.20.193.16:0/3913621113 >> [v2:10.20.193.16:6800/1077302716,v1:10.20.193.16:6801/1077302716] conn(0x7fd0c403dd90 0x7fd0c4040250 unknown :-1 s=START_CONNECT pgs=0 cs=0 l=1 rev1=0 crypto rx=0 tx=0 comp rx=0 tx=0)._fault waiting 0.200000
2026-02-17T08:21:58.399 INFO:teuthology.orchestra.run.trial016.stdout:/usr/bin/ceph: stderr
2026-02-17T08:21:58.263+0000 7fd0cffff640 1 -- 10.20.193.16:0/3913621113 <== mon.0 v2:10.20.193.16:3300/0 6 ==== mon_command_ack([{"prefix": "get_command_descriptions"}]=0 v0) ==== 72+0+195034 (secure 0 0 0) 0x7fd0e403c210 con 0x7fd0f01090b0
2026-02-17T08:21:58.399 INFO:teuthology.orchestra.run.trial016.stdout:/usr/bin/ceph: stderr
2026-02-17T08:21:58.367+0000 7fd0f55c2640 1 -- 10.20.193.16:0/3913621113 --> [v2:10.20.193.16:3300/0,v1:10.20.193.16:6789/0] -- mon_command({"prefix": "mgr stat"} v 0) -- 0x7fd0f01a2730 con 0x7fd0f01090b0
2026-02-17T08:21:58.399 INFO:teuthology.orchestra.run.trial016.stdout:/usr/bin/ceph: stderr
2026-02-17T08:21:58.367+0000 7fd0cffff640 1 -- 10.20.193.16:0/3913621113 <== mon.0 v2:10.20.193.16:3300/0 7 ==== mon_command_ack([{"prefix": "mgr stat"}]=0 v5) ==== 56+0+88 (secure 0 0 0) 0x7fd0e40762c0 con 0x7fd0f01090b0
2026-02-17T08:21:58.399 INFO:teuthology.orchestra.run.trial016.stdout:/usr/bin/ceph: stderr
2026-02-17T08:21:58.368+0000 7fd0f55c2640 10 mgrc shutdown
2026-02-17T08:21:58.399 INFO:teuthology.orchestra.run.trial016.stdout:/usr/bin/ceph: stderr
2026-02-17T08:21:58.368+0000 7fd0f55c2640 1 -- 10.20.193.16:0/3913621113 >> [v2:10.20.193.16:6800/1077302716,v1:10.20.193.16:6801/1077302716] conn(0x7fd0c403dd90 msgr2=0x7fd0c4040250 unknown :-1 s=STATE_CONNECTING l=1).mark_down
2026-02-17T08:21:58.399 INFO:teuthology.orchestra.run.trial016.stdout:/usr/bin/ceph: stderr
