2026-02-17T08:22:04.873 INFO:teuthology.orchestra.run.trial016.stdout:/usr/bin/ceph: stdout Scheduled mgr update...
2026-02-17T08:22:04.874 INFO:teuthology.orchestra.run.trial016.stdout:/usr/bin/ceph: stderr
2026-02-17T08:22:04.649+0000 7fb942c23640 1 Processor -- start
2026-02-17T08:22:04.874 INFO:teuthology.orchestra.run.trial016.stdout:/usr/bin/ceph: stderr
2026-02-17T08:22:04.649+0000 7fb942c23640 1 -- start start
2026-02-17T08:22:04.874 INFO:teuthology.orchestra.run.trial016.stdout:/usr/bin/ceph: stderr
2026-02-17T08:22:04.649+0000 7fb942c23640 1 --2- >> [v2:10.20.193.16:3300/0,v1:10.20.193.16:6789/0] conn(0x7fb93c106e70 0x7fb93c107270 unknown :-1 s=NONE pgs=0 cs=0 l=0 rev1=0 crypto rx=0 tx=0 comp rx=0 tx=0).connect
2026-02-17T08:22:04.874 INFO:teuthology.orchestra.run.trial016.stdout:/usr/bin/ceph: stderr
2026-02-17T08:22:04.650+0000 7fb942c23640 1 -- --> [v2:10.20.193.16:3300/0,v1:10.20.193.16:6789/0] -- mon_getmap magic: 0 -- 0x7fb93c1077b0 con 0x7fb93c106e70
2026-02-17T08:22:04.874 INFO:teuthology.orchestra.run.trial016.stdout:/usr/bin/ceph: stderr
2026-02-17T08:22:04.650+0000 7fb940998640 1 --2- >> [v2:10.20.193.16:3300/0,v1:10.20.193.16:6789/0] conn(0x7fb93c106e70 0x7fb93c107270 unknown :-1 s=BANNER_CONNECTING pgs=0 cs=0 l=0 rev1=0 crypto rx=0 tx=0 comp rx=0 tx=0)._handle_peer_banner_payload supported=3 required=0
2026-02-17T08:22:04.874 INFO:teuthology.orchestra.run.trial016.stdout:/usr/bin/ceph: stderr
2026-02-17T08:22:04.650+0000 7fb940998640 1 --2- >> [v2:10.20.193.16:3300/0,v1:10.20.193.16:6789/0] conn(0x7fb93c106e70 0x7fb93c107270 unknown :-1 s=HELLO_CONNECTING pgs=0 cs=0 l=0 rev1=1 crypto rx=0 tx=0 comp rx=0 tx=0).handle_hello peer v2:10.20.193.16:3300/0 says I am v2:10.20.193.16:47274/0 (socket says 10.20.193.16:47274)
2026-02-17T08:22:04.874 INFO:teuthology.orchestra.run.trial016.stdout:/usr/bin/ceph: stderr
2026-02-17T08:22:04.650+0000 7fb940998640 1 -- 10.20.193.16:0/124054696 learned_addr learned my addr 10.20.193.16:0/124054696 (peer_addr_for_me v2:10.20.193.16:0/0)
2026-02-17T08:22:04.874 INFO:teuthology.orchestra.run.trial016.stdout:/usr/bin/ceph: stderr
2026-02-17T08:22:04.650+0000 7fb940998640 1 -- 10.20.193.16:0/124054696 --> [v2:10.20.193.16:3300/0,v1:10.20.193.16:6789/0] -- mon_subscribe({config=0+,monmap=0+}) -- 0x7fb93c107fd0 con 0x7fb93c106e70
2026-02-17T08:22:04.874 INFO:teuthology.orchestra.run.trial016.stdout:/usr/bin/ceph: stderr
2026-02-17T08:22:04.650+0000 7fb940998640 1 --2- 10.20.193.16:0/124054696 >> [v2:10.20.193.16:3300/0,v1:10.20.193.16:6789/0] conn(0x7fb93c106e70 0x7fb93c107270 secure :-1 s=READY pgs=47 cs=0 l=1 rev1=1 crypto rx=0x7fb92c009920 tx=0x7fb92c02ef20 comp rx=0 tx=0).ready entity=mon.0 client_cookie=10cfebf541d9285d server_cookie=0 in_seq=0 out_seq=0
2026-02-17T08:22:04.875 INFO:teuthology.orchestra.run.trial016.stdout:/usr/bin/ceph: stderr
2026-02-17T08:22:04.650+0000 7fb9337fe640 1 -- 10.20.193.16:0/124054696 <== mon.0 v2:10.20.193.16:3300/0 1 ==== mon_map magic: 0 ==== 205+0+0 (secure 0 0 0) 0x7fb92c03c070 con 0x7fb93c106e70
2026-02-17T08:22:04.875 INFO:teuthology.orchestra.run.trial016.stdout:/usr/bin/ceph: stderr
2026-02-17T08:22:04.650+0000 7fb9337fe640 1 -- 10.20.193.16:0/124054696 <== mon.0 v2:10.20.193.16:3300/0 2 ==== config(24 keys) ==== 975+0+0 (secure 0 0 0) 0x7fb92c037440 con 0x7fb93c106e70
2026-02-17T08:22:04.875 INFO:teuthology.orchestra.run.trial016.stdout:/usr/bin/ceph: stderr
2026-02-17T08:22:04.650+0000 7fb9337fe640 1 -- 10.20.193.16:0/124054696 <== mon.0 v2:10.20.193.16:3300/0 3 ==== mon_map magic: 0 ==== 205+0+0 (secure 0 0 0) 0x7fb92c035340 con 0x7fb93c106e70
2026-02-17T08:22:04.875 INFO:teuthology.orchestra.run.trial016.stdout:/usr/bin/ceph: stderr
2026-02-17T08:22:04.651+0000 7fb942c23640 1 -- 10.20.193.16:0/124054696 >> [v2:10.20.193.16:3300/0,v1:10.20.193.16:6789/0] conn(0x7fb93c106e70 msgr2=0x7fb93c107270 secure :-1 s=STATE_CONNECTION_ESTABLISHED l=1).mark_down
2026-02-17T08:22:04.875 INFO:teuthology.orchestra.run.trial016.stdout:/usr/bin/ceph: stderr
2026-02-17T08:22:04.651+0000 7fb942c23640 1 --2- 10.20.193.16:0/124054696 >> [v2:10.20.193.16:3300/0,v1:10.20.193.16:6789/0] conn(0x7fb93c106e70 0x7fb93c107270 secure :-1 s=READY pgs=47 cs=0 l=1 rev1=1 crypto rx=0x7fb92c009920 tx=0x7fb92c02ef20 comp rx=0 tx=0).stop
2026-02-17T08:22:04.875 INFO:teuthology.orchestra.run.trial016.stdout:/usr/bin/ceph: stderr
2026-02-17T08:22:04.651+0000 7fb942c23640 1 -- 10.20.193.16:0/124054696 shutdown_connections
2026-02-17T08:22:04.875 INFO:teuthology.orchestra.run.trial016.stdout:/usr/bin/ceph: stderr
2026-02-17T08:22:04.651+0000 7fb942c23640 1 --2- 10.20.193.16:0/124054696 >> [v2:10.20.193.16:3300/0,v1:10.20.193.16:6789/0] conn(0x7fb93c106e70 0x7fb93c107270 unknown :-1 s=CLOSED pgs=47 cs=0 l=1 rev1=1 crypto rx=0 tx=0 comp rx=0 tx=0).stop
2026-02-17T08:22:04.875 INFO:teuthology.orchestra.run.trial016.stdout:/usr/bin/ceph: stderr
2026-02-17T08:22:04.651+0000 7fb942c23640 1 -- 10.20.193.16:0/124054696 >> 10.20.193.16:0/124054696 conn(0x7fb93c1025e0 msgr2=0x7fb93c104a40 unknown :-1 s=STATE_NONE l=0).mark_down
2026-02-17T08:22:04.875 INFO:teuthology.orchestra.run.trial016.stdout:/usr/bin/ceph: stderr
2026-02-17T08:22:04.651+0000 7fb942c23640 1 -- 10.20.193.16:0/124054696 shutdown_connections
2026-02-17T08:22:04.875 INFO:teuthology.orchestra.run.trial016.stdout:/usr/bin/ceph: stderr
2026-02-17T08:22:04.651+0000 7fb942c23640 1 -- 10.20.193.16:0/124054696 wait complete.
2026-02-17T08:22:04.875 INFO:teuthology.orchestra.run.trial016.stdout:/usr/bin/ceph: stderr
2026-02-17T08:22:04.651+0000 7fb942c23640 1 Processor -- start
2026-02-17T08:22:04.876 INFO:teuthology.orchestra.run.trial016.stdout:/usr/bin/ceph: stderr
2026-02-17T08:22:04.651+0000 7fb942c23640 1 -- start start
2026-02-17T08:22:04.876 INFO:teuthology.orchestra.run.trial016.stdout:/usr/bin/ceph: stderr
2026-02-17T08:22:04.651+0000 7fb942c23640 1 --2- >> [v2:10.20.193.16:3300/0,v1:10.20.193.16:6789/0] conn(0x7fb93c106e70 0x7fb93c07cb80 unknown :-1 s=NONE pgs=0 cs=0 l=1 rev1=0 crypto rx=0 tx=0 comp rx=0 tx=0).connect
2026-02-17T08:22:04.876 INFO:teuthology.orchestra.run.trial016.stdout:/usr/bin/ceph: stderr
2026-02-17T08:22:04.651+0000 7fb942c23640 1 -- --> [v2:10.20.193.16:3300/0,v1:10.20.193.16:6789/0] -- mon_getmap magic: 0 -- 0x7fb93c10b290 con 0x7fb93c106e70
2026-02-17T08:22:04.876 INFO:teuthology.orchestra.run.trial016.stdout:/usr/bin/ceph: stderr
2026-02-17T08:22:04.651+0000 7fb940998640 1 --2- >> [v2:10.20.193.16:3300/0,v1:10.20.193.16:6789/0] conn(0x7fb93c106e70 0x7fb93c07cb80 unknown :-1 s=BANNER_CONNECTING pgs=0 cs=0 l=1 rev1=0 crypto rx=0 tx=0 comp rx=0 tx=0)._handle_peer_banner_payload supported=3 required=0
2026-02-17T08:22:04.876 INFO:teuthology.orchestra.run.trial016.stdout:/usr/bin/ceph: stderr
2026-02-17T08:22:04.651+0000 7fb940998640 1 --2- >> [v2:10.20.193.16:3300/0,v1:10.20.193.16:6789/0] conn(0x7fb93c106e70 0x7fb93c07cb80 unknown :-1 s=HELLO_CONNECTING pgs=0 cs=0 l=1 rev1=1 crypto rx=0 tx=0 comp rx=0 tx=0).handle_hello peer v2:10.20.193.16:3300/0 says I am v2:10.20.193.16:47276/0 (socket says 10.20.193.16:47276)
2026-02-17T08:22:04.876 INFO:teuthology.orchestra.run.trial016.stdout:/usr/bin/ceph: stderr
2026-02-17T08:22:04.651+0000 7fb940998640 1 -- 10.20.193.16:0/1590080646 learned_addr learned my addr 10.20.193.16:0/1590080646 (peer_addr_for_me v2:10.20.193.16:0/0)
2026-02-17T08:22:04.876 INFO:teuthology.orchestra.run.trial016.stdout:/usr/bin/ceph: stderr
2026-02-17T08:22:04.651+0000 7fb940998640 1 -- 10.20.193.16:0/1590080646 --> [v2:10.20.193.16:3300/0,v1:10.20.193.16:6789/0] -- mon_subscribe({config=0+,monmap=0+}) -- 0x7fb93c07d0c0 con 0x7fb93c106e70
2026-02-17T08:22:04.876 INFO:teuthology.orchestra.run.trial016.stdout:/usr/bin/ceph: stderr
2026-02-17T08:22:04.652+0000 7fb940998640 1 --2- 10.20.193.16:0/1590080646 >> [v2:10.20.193.16:3300/0,v1:10.20.193.16:6789/0] conn(0x7fb93c106e70 0x7fb93c07cb80 secure :-1 s=READY pgs=48 cs=0 l=1 rev1=1 crypto rx=0x7fb92c006fd0 tx=0x7fb92c035f80 comp rx=0 tx=0).ready entity=mon.0 client_cookie=0 server_cookie=0 in_seq=0 out_seq=0
2026-02-17T08:22:04.876 INFO:teuthology.orchestra.run.trial016.stdout:/usr/bin/ceph: stderr
2026-02-17T08:22:04.652+0000 7fb931ffb640 1 -- 10.20.193.16:0/1590080646 <== mon.0 v2:10.20.193.16:3300/0 1 ==== mon_map magic: 0 ==== 205+0+0 (secure 0 0 0) 0x7fb92c045070 con 0x7fb93c106e70
2026-02-17T08:22:04.876 INFO:teuthology.orchestra.run.trial016.stdout:/usr/bin/ceph: stderr
2026-02-17T08:22:04.652+0000 7fb931ffb640 1 -- 10.20.193.16:0/1590080646 <== mon.0 v2:10.20.193.16:3300/0 2 ==== config(24 keys) ==== 975+0+0 (secure 0 0 0) 0x7fb92c040450 con 0x7fb93c106e70
2026-02-17T08:22:04.877 INFO:teuthology.orchestra.run.trial016.stdout:/usr/bin/ceph: stderr
2026-02-17T08:22:04.652+0000 7fb931ffb640 1 -- 10.20.193.16:0/1590080646 <== mon.0 v2:10.20.193.16:3300/0 3 ==== mon_map magic: 0 ==== 205+0+0 (secure 0 0 0) 0x7fb92c03c070 con 0x7fb93c106e70
2026-02-17T08:22:04.877 INFO:teuthology.orchestra.run.trial016.stdout:/usr/bin/ceph: stderr
2026-02-17T08:22:04.652+0000 7fb942c23640 1 -- 10.20.193.16:0/1590080646 --> [v2:10.20.193.16:3300/0,v1:10.20.193.16:6789/0] -- mon_subscribe({mgrmap=0+}) -- 0x7fb93c07b2b0 con 0x7fb93c106e70
2026-02-17T08:22:04.877 INFO:teuthology.orchestra.run.trial016.stdout:/usr/bin/ceph: stderr
2026-02-17T08:22:04.652+0000 7fb942c23640 1 -- 10.20.193.16:0/1590080646 --> [v2:10.20.193.16:3300/0,v1:10.20.193.16:6789/0] -- mon_subscribe({osdmap=0}) -- 0x7fb93c07b790 con 0x7fb93c106e70
2026-02-17T08:22:04.877 INFO:teuthology.orchestra.run.trial016.stdout:/usr/bin/ceph: stderr
2026-02-17T08:22:04.652+0000 7fb942c23640 1 -- 10.20.193.16:0/1590080646 --> [v2:10.20.193.16:3300/0,v1:10.20.193.16:6789/0] -- mon_command({"prefix": "get_command_descriptions"} v 0) -- 0x7fb93c1072f0 con 0x7fb93c106e70
2026-02-17T08:22:04.877 INFO:teuthology.orchestra.run.trial016.stdout:/usr/bin/ceph: stderr
2026-02-17T08:22:04.652+0000 7fb931ffb640 1 -- 10.20.193.16:0/1590080646 <== mon.0 v2:10.20.193.16:3300/0 4 ==== mgrmap(e 8) ==== 50325+0+0 (secure 0 0 0) 0x7fb92c02fae0 con 0x7fb93c106e70
2026-02-17T08:22:04.877 INFO:teuthology.orchestra.run.trial016.stdout:/usr/bin/ceph: stderr
2026-02-17T08:22:04.652+0000 7fb931ffb640 20 mgrc handle_mgr_map mgrmap(e 8)
2026-02-17T08:22:04.877 INFO:teuthology.orchestra.run.trial016.stdout:/usr/bin/ceph: stderr
2026-02-17T08:22:04.653+0000 7fb931ffb640 4 mgrc handle_mgr_map Got map version 8
2026-02-17T08:22:04.877 INFO:teuthology.orchestra.run.trial016.stdout:/usr/bin/ceph: stderr
2026-02-17T08:22:04.653+0000 7fb931ffb640 4 mgrc handle_mgr_map Active mgr is now [v2:10.20.193.16:6800/2968480635,v1:10.20.193.16:6801/2968480635]
2026-02-17T08:22:04.877 INFO:teuthology.orchestra.run.trial016.stdout:/usr/bin/ceph: stderr
2026-02-17T08:22:04.653+0000 7fb931ffb640 4 mgrc reconnect Starting new session with [v2:10.20.193.16:6800/2968480635,v1:10.20.193.16:6801/2968480635]
2026-02-17T08:22:04.877 INFO:teuthology.orchestra.run.trial016.stdout:/usr/bin/ceph: stderr
2026-02-17T08:22:04.653+0000 7fb931ffb640 1 --2- 10.20.193.16:0/1590080646 >> [v2:10.20.193.16:6800/2968480635,v1:10.20.193.16:6801/2968480635] conn(0x7fb91803dd90 0x7fb918040250 unknown :-1 s=NONE pgs=0 cs=0 l=1 rev1=0 crypto rx=0 tx=0 comp rx=0 tx=0).connect
2026-02-17T08:22:04.877 INFO:teuthology.orchestra.run.trial016.stdout:/usr/bin/ceph: stderr
2026-02-17T08:22:04.653+0000 7fb931ffb640 1 -- 10.20.193.16:0/1590080646 <== mon.0 v2:10.20.193.16:3300/0 5 ==== osd_map(2..2 src has 1..2) ==== 940+0+0 (secure 0 0 0) 0x7fb92c076840 con 0x7fb93c106e70
2026-02-17T08:22:04.877 INFO:teuthology.orchestra.run.trial016.stdout:/usr/bin/ceph: stderr
2026-02-17T08:22:04.653+0000 7fb933fff640 1 --2- 10.20.193.16:0/1590080646 >> [v2:10.20.193.16:6800/2968480635,v1:10.20.193.16:6801/2968480635] conn(0x7fb91803dd90 0x7fb918040250 unknown :-1 s=BANNER_CONNECTING pgs=0 cs=0 l=1 rev1=0 crypto rx=0 tx=0 comp rx=0 tx=0)._handle_peer_banner_payload supported=3 required=0
2026-02-17T08:22:04.878 INFO:teuthology.orchestra.run.trial016.stdout:/usr/bin/ceph: stderr
2026-02-17T08:22:04.653+0000 7fb933fff640 1 --2- 10.20.193.16:0/1590080646 >> [v2:10.20.193.16:6800/2968480635,v1:10.20.193.16:6801/2968480635] conn(0x7fb91803dd90 0x7fb918040250 secure :-1 s=READY pgs=13 cs=0 l=1 rev1=1 crypto rx=0x7fb9240099c0 tx=0x7fb924006eb0 comp rx=0 tx=0).ready entity=mgr.14118 client_cookie=0 server_cookie=0 in_seq=0 out_seq=0
2026-02-17T08:22:04.878 INFO:teuthology.orchestra.run.trial016.stdout:/usr/bin/ceph: stderr
2026-02-17T08:22:04.655+0000 7fb931ffb640 1 -- 10.20.193.16:0/1590080646 <== mon.0 v2:10.20.193.16:3300/0 6 ==== mon_command_ack([{"prefix": "get_command_descriptions"}]=0 v0) ==== 72+0+195034 (secure 0 0 0) 0x7fb92c033200 con 0x7fb93c106e70
2026-02-17T08:22:04.878 INFO:teuthology.orchestra.run.trial016.stdout:/usr/bin/ceph: stderr
2026-02-17T08:22:04.746+0000 7fb942c23640 20 mgrc start_command cmd: [{"prefix": "orch apply", "service_type": "mgr", "unmanaged": true, "target": ["mon-mgr", ""]}]
2026-02-17T08:22:04.878 INFO:teuthology.orchestra.run.trial016.stdout:/usr/bin/ceph: stderr
2026-02-17T08:22:04.746+0000 7fb942c23640 1 -- 10.20.193.16:0/1590080646 --> [v2:10.20.193.16:6800/2968480635,v1:10.20.193.16:6801/2968480635] -- mgr_command(tid 0: {"prefix": "orch apply", "service_type": "mgr", "unmanaged": true, "target": ["mon-mgr", ""]}) -- 0x7fb93c07be00 con 0x7fb91803dd90
2026-02-17T08:22:04.878 INFO:teuthology.orchestra.run.trial016.stdout:/usr/bin/ceph: stderr
2026-02-17T08:22:04.749+0000 7fb931ffb640 1 -- 10.20.193.16:0/1590080646 <== mgr.14118 v2:10.20.193.16:6800/2968480635 1 ==== mgr_command_reply(tid 0: 0 ) ==== 8+0+24 (secure 0 0 0) 0x7fb93c07be00 con 0x7fb91803dd90
2026-02-17T08:22:04.878 INFO:teuthology.orchestra.run.trial016.stdout:/usr/bin/ceph: stderr
2026-02-17T08:22:04.749+0000 7fb931ffb640 20 mgrc handle_command_reply tid 0 r 0
2026-02-17T08:22:04.878 INFO:teuthology.orchestra.run.trial016.stdout:/usr/bin/ceph: stderr
2026-02-17T08:22:04.751+0000 7fb942c23640 10 mgrc shutdown
2026-02-17T08:22:04.878 INFO:teuthology.orchestra.run.trial016.stdout:/usr/bin/ceph: stderr
2026-02-17T08:22:04.751+0000 7fb942c23640 1 -- 10.20.193.16:0/1590080646 >> [v2:10.20.193.16:6800/2968480635,v1:10.20.193.16:6801/2968480635] conn(0x7fb91803dd90 msgr2=0x7fb918040250 secure :-1 s=STATE_CONNECTION_ESTABLISHED l=1).mark_down
2026-02-17T08:22:04.878 INFO:teuthology.orchestra.run.trial016.stdout:/usr/bin/ceph: stderr
2026-02-17T08:22:04.751+0000 7fb942c23640 1 --2- 10.20.193.16:0/1590080646 >> [v2:10.20.193.16:6800/2968480635,v1:10.20.193.16:6801/2968480635] conn(0x7fb91803dd90 0x7fb918040250 secure :-1 s=READY pgs=13 cs=0 l=1 rev1=1 crypto rx=0x7fb9240099c0 tx=0x7fb924006eb0 comp rx=0 tx=0).stop
2026-02-17T08:22:04.878 INFO:teuthology.orchestra.run.trial016.stdout:/usr/bin/ceph: stderr
2026-02-17T08:22:04.751+0000 7fb942c23640 1 -- 10.20.193.16:0/1590080646 >> [v2:10.20.193.16:3300/0,v1:10.20.193.16:6789/0] conn(0x7fb93c106e70 msgr2=0x7fb93c07cb80 secure :-1 s=STATE_CONNECTION_ESTABLISHED l=1).mark_down
2026-02-17T08:22:04.878 INFO:teuthology.orchestra.run.trial016.stdout:/usr/bin/ceph: stderr
2026-02-17T08:22:04.751+0000 7fb942c23640 1 --2- 10.20.193.16:0/1590080646 >> [v2:10.20.193.16:3300/0,v1:10.20.193.16:6789/0] conn(0x7fb93c106e70 0x7fb93c07cb80 secure :-1 s=READY pgs=48 cs=0 l=1 rev1=1 crypto rx=0x7fb92c006fd0 tx=0x7fb92c035f80 comp rx=0 tx=0).stop
2026-02-17T08:22:04.879 INFO:teuthology.orchestra.run.trial016.stdout:/usr/bin/ceph: stderr
2026-02-17T08:22:04.751+0000 7fb942c23640 1 -- 10.20.193.16:0/1590080646 shutdown_connections
2026-02-17T08:22:04.879 INFO:teuthology.orchestra.run.trial016.stdout:/usr/bin/ceph: stderr
2026-02-17T08:22:04.751+0000 7fb942c23640 1 --2- 10.20.193.16:0/1590080646 >> [v2:10.20.193.16:6800/2968480635,v1:10.20.193.16:6801/2968480635] conn(0x7fb91803dd90 0x7fb918040250 unknown :-1 s=CLOSED pgs=13 cs=0 l=1 rev1=1 crypto rx=0 tx=0 comp rx=0 tx=0).stop
2026-02-17T08:22:04.879 INFO:teuthology.orchestra.run.trial016.stdout:/usr/bin/ceph: stderr
2026-02-17T08:22:04.751+0000 7fb942c23640 1 --2- 10.20.193.16:0/1590080646 >> [v2:10.20.193.16:3300/0,v1:10.20.193.16:6789/0] conn(0x7fb93c106e70 0x7fb93c07cb80 unknown :-1 s=CLOSED pgs=48 cs=0 l=1 rev1=1 crypto rx=0 tx=0 comp rx=0 tx=0).stop
2026-02-17T08:22:04.879 INFO:teuthology.orchestra.run.trial016.stdout:/usr/bin/ceph: stderr
2026-02-17T08:22:04.751+0000 7fb942c23640 1 -- 10.20.193.16:0/1590080646 >> 10.20.193.16:0/1590080646 conn(0x7fb93c1025e0 msgr2=0x7fb93c103100 unknown :-1 s=STATE_NONE l=0).mark_down
2026-02-17T08:22:04.879 INFO:teuthology.orchestra.run.trial016.stdout:/usr/bin/ceph: stderr
2026-02-17T08:22:04.751+0000 7fb942c23640 1 -- 10.20.193.16:0/1590080646 shutdown_connections
2026-02-17T08:22:04.879 INFO:teuthology.orchestra.run.trial016.stdout:/usr/bin/ceph: stderr
2026-02-17T08:22:04.751+0000 7fb942c23640 1 -- 10.20.193.16:0/1590080646 wait complete.
2026-02-17T08:22:05.095 INFO:teuthology.orchestra.run.trial016.stdout:/usr/bin/ceph: stderr
2026-02-17T08:22:04.971+0000 7f4640954640 1 Processor -- start
2026-02-17T08:22:05.095 INFO:teuthology.orchestra.run.trial016.stdout:/usr/bin/ceph: stderr
2026-02-17T08:22:04.971+0000 7f4640954640 1 -- start start
2026-02-17T08:22:05.095 INFO:teuthology.orchestra.run.trial016.stdout:/usr/bin/ceph: stderr
2026-02-17T08:22:04.971+0000 7f4640954640 1 --2- >> [v2:10.20.193.16:3300/0,v1:10.20.193.16:6789/0] conn(0x7f463807ce90 0x7f463807b2f0 unknown :-1 s=NONE pgs=0 cs=0 l=0 rev1=0 crypto rx=0 tx=0 comp rx=0 tx=0).connect
2026-02-17T08:22:05.095 INFO:teuthology.orchestra.run.trial016.stdout:/usr/bin/ceph: stderr
2026-02-17T08:22:04.971+0000 7f4640954640 1 -- --> [v2:10.20.193.16:3300/0,v1:10.20.193.16:6789/0] -- mon_getmap magic: 0 -- 0x7f463807b830 con 0x7f463807ce90
2026-02-17T08:22:05.095 INFO:teuthology.orchestra.run.trial016.stdout:/usr/bin/ceph: stderr
2026-02-17T08:22:04.971+0000 7f463e6c9640 1 --2- >> [v2:10.20.193.16:3300/0,v1:10.20.193.16:6789/0] conn(0x7f463807ce90 0x7f463807b2f0 unknown :-1 s=BANNER_CONNECTING pgs=0 cs=0 l=0 rev1=0 crypto rx=0 tx=0 comp rx=0 tx=0)._handle_peer_banner_payload supported=3 required=0
2026-02-17T08:22:05.095 INFO:teuthology.orchestra.run.trial016.stdout:/usr/bin/ceph: stderr
2026-02-17T08:22:04.971+0000 7f463e6c9640 1 --2- >> [v2:10.20.193.16:3300/0,v1:10.20.193.16:6789/0] conn(0x7f463807ce90 0x7f463807b2f0 unknown :-1 s=HELLO_CONNECTING pgs=0 cs=0 l=0 rev1=1 crypto rx=0 tx=0 comp rx=0 tx=0).handle_hello peer v2:10.20.193.16:3300/0 says I am v2:10.20.193.16:47284/0 (socket says 10.20.193.16:47284)
2026-02-17T08:22:05.095 INFO:teuthology.orchestra.run.trial016.stdout:/usr/bin/ceph: stderr
2026-02-17T08:22:04.971+0000 7f463e6c9640 1 -- 10.20.193.16:0/3627777815 learned_addr learned my addr 10.20.193.16:0/3627777815 (peer_addr_for_me v2:10.20.193.16:0/0)
2026-02-17T08:22:05.096 INFO:teuthology.orchestra.run.trial016.stdout:/usr/bin/ceph: stderr
2026-02-17T08:22:04.971+0000 7f463e6c9640 1 -- 10.20.193.16:0/3627777815 --> [v2:10.20.193.16:3300/0,v1:10.20.193.16:6789/0] -- mon_subscribe({config=0+,monmap=0+}) -- 0x7f463807b9b0 con 0x7f463807ce90
2026-02-17T08:22:05.096 INFO:teuthology.orchestra.run.trial016.stdout:/usr/bin/ceph: stderr
2026-02-17T08:22:04.972+0000 7f463e6c9640 1 --2- 10.20.193.16:0/3627777815 >> [v2:10.20.193.16:3300/0,v1:10.20.193.16:6789/0] conn(0x7f463807ce90 0x7f463807b2f0 secure :-1 s=READY pgs=49 cs=0 l=1 rev1=1 crypto rx=0x7f4630009920 tx=0x7f463002ef20 comp rx=0 tx=0).ready entity=mon.0 client_cookie=24147a4a687fdfb2 server_cookie=0 in_seq=0 out_seq=0
2026-02-17T08:22:05.096 INFO:teuthology.orchestra.run.trial016.stdout:/usr/bin/ceph: stderr
2026-02-17T08:22:04.972+0000 7f463d6c7640 1 -- 10.20.193.16:0/3627777815 <== mon.0 v2:10.20.193.16:3300/0 1 ==== mon_map magic: 0 ==== 205+0+0 (secure 0 0 0) 0x7f463003c070 con 0x7f463807ce90
2026-02-17T08:22:05.096 INFO:teuthology.orchestra.run.trial016.stdout:/usr/bin/ceph: stderr
2026-02-17T08:22:04.972+0000 7f463d6c7640 1 -- 10.20.193.16:0/3627777815 <== mon.0 v2:10.20.193.16:3300/0 2 ==== config(24 keys) ==== 1006+0+0 (secure 0 0 0) 0x7f4630037440 con 0x7f463807ce90
2026-02-17T08:22:05.096 INFO:teuthology.orchestra.run.trial016.stdout:/usr/bin/ceph: stderr
2026-02-17T08:22:04.972+0000 7f463d6c7640 1 -- 10.20.193.16:0/3627777815 <== mon.0 v2:10.20.193.16:3300/0 3 ==== mon_map magic: 0 ==== 205+0+0 (secure 0 0 0) 0x7f46300354d0 con 0x7f463807ce90
2026-02-17T08:22:05.096 INFO:teuthology.orchestra.run.trial016.stdout:/usr/bin/ceph: stderr
2026-02-17T08:22:04.972+0000 7f4640954640 1 -- 10.20.193.16:0/3627777815 >> [v2:10.20.193.16:3300/0,v1:10.20.193.16:6789/0] conn(0x7f463807ce90 msgr2=0x7f463807b2f0 secure :-1 s=STATE_CONNECTION_ESTABLISHED l=1).mark_down
2026-02-17T08:22:05.096 INFO:teuthology.orchestra.run.trial016.stdout:/usr/bin/ceph: stderr
2026-02-17T08:22:04.972+0000 7f4640954640 1 --2- 10.20.193.16:0/3627777815 >> [v2:10.20.193.16:3300/0,v1:10.20.193.16:6789/0] conn(0x7f463807ce90 0x7f463807b2f0 secure :-1 s=READY pgs=49 cs=0 l=1 rev1=1 crypto rx=0x7f4630009920 tx=0x7f463002ef20 comp rx=0 tx=0).stop
2026-02-17T08:22:05.096 INFO:teuthology.orchestra.run.trial016.stdout:/usr/bin/ceph: stderr
2026-02-17T08:22:04.972+0000 7f4640954640 1 -- 10.20.193.16:0/3627777815 shutdown_connections
2026-02-17T08:22:05.096 INFO:teuthology.orchestra.run.trial016.stdout:/usr/bin/ceph: stderr
2026-02-17T08:22:04.972+0000 7f4640954640 1 --2- 10.20.193.16:0/3627777815 >> [v2:10.20.193.16:3300/0,v1:10.20.193.16:6789/0] conn(0x7f463807ce90 0x7f463807b2f0 unknown :-1 s=CLOSED pgs=49 cs=0 l=1 rev1=1 crypto rx=0 tx=0 comp rx=0 tx=0).stop
2026-02-17T08:22:05.097 INFO:teuthology.orchestra.run.trial016.stdout:/usr/bin/ceph: stderr
2026-02-17T08:22:04.972+0000 7f4640954640 1 -- 10.20.193.16:0/3627777815 >> 10.20.193.16:0/3627777815 conn(0x7f46381025a0 msgr2=0x7f4638104a20 unknown :-1 s=STATE_NONE l=0).mark_down
2026-02-17T08:22:05.097 INFO:teuthology.orchestra.run.trial016.stdout:/usr/bin/ceph: stderr
2026-02-17T08:22:04.972+0000 7f4640954640 1 -- 10.20.193.16:0/3627777815 shutdown_connections
2026-02-17T08:22:05.097 INFO:teuthology.orchestra.run.trial016.stdout:/usr/bin/ceph: stderr
2026-02-17T08:22:04.972+0000 7f4640954640 1 -- 10.20.193.16:0/3627777815 wait complete.
2026-02-17T08:22:05.097 INFO:teuthology.orchestra.run.trial016.stdout:/usr/bin/ceph: stderr
2026-02-17T08:22:04.973+0000 7f4640954640 1 Processor -- start
2026-02-17T08:22:05.097 INFO:teuthology.orchestra.run.trial016.stdout:/usr/bin/ceph: stderr
2026-02-17T08:22:04.973+0000 7f4640954640 1 -- start start
2026-02-17T08:22:05.097 INFO:teuthology.orchestra.run.trial016.stdout:/usr/bin/ceph: stderr
2026-02-17T08:22:04.973+0000 7f4640954640 1 --2- >> [v2:10.20.193.16:3300/0,v1:10.20.193.16:6789/0] conn(0x7f463807ce90 0x7f463819ee00 unknown :-1 s=NONE pgs=0 cs=0 l=1 rev1=0 crypto rx=0 tx=0 comp rx=0 tx=0).connect
2026-02-17T08:22:05.097 INFO:teuthology.orchestra.run.trial016.stdout:/usr/bin/ceph: stderr
2026-02-17T08:22:04.973+0000 7f4640954640 1 -- --> [v2:10.20.193.16:3300/0,v1:10.20.193.16:6789/0] -- mon_getmap magic: 0 -- 0x7f463810d270 con 0x7f463807ce90
2026-02-17T08:22:05.097 INFO:teuthology.orchestra.run.trial016.stdout:/usr/bin/ceph: stderr
2026-02-17T08:22:04.973+0000 7f463e6c9640 1 --2- >> [v2:10.20.193.16:3300/0,v1:10.20.193.16:6789/0] conn(0x7f463807ce90 0x7f463819ee00 unknown :-1 s=BANNER_CONNECTING pgs=0 cs=0 l=1 rev1=0 crypto rx=0 tx=0 comp rx=0 tx=0)._handle_peer_banner_payload supported=3 required=0
2026-02-17T08:22:05.097 INFO:teuthology.orchestra.run.trial016.stdout:/usr/bin/ceph: stderr
2026-02-17T08:22:04.973+0000 7f463e6c9640 1 --2- >> [v2:10.20.193.16:3300/0,v1:10.20.193.16:6789/0] conn(0x7f463807ce90 0x7f463819ee00 unknown :-1 s=HELLO_CONNECTING pgs=0 cs=0 l=1 rev1=1 crypto rx=0 tx=0 comp rx=0 tx=0).handle_hello peer v2:10.20.193.16:3300/0 says I am v2:10.20.193.16:47288/0 (socket says 10.20.193.16:47288)
2026-02-17T08:22:05.097 INFO:teuthology.orchestra.run.trial016.stdout:/usr/bin/ceph: stderr
2026-02-17T08:22:04.973+0000 7f463e6c9640 1 -- 10.20.193.16:0/3051550252 learned_addr learned my addr 10.20.193.16:0/3051550252 (peer_addr_for_me v2:10.20.193.16:0/0)
2026-02-17T08:22:05.097 INFO:teuthology.orchestra.run.trial016.stdout:/usr/bin/ceph: stderr
2026-02-17T08:22:04.973+0000 7f463e6c9640 1 -- 10.20.193.16:0/3051550252 --> [v2:10.20.193.16:3300/0,v1:10.20.193.16:6789/0] -- mon_subscribe({config=0+,monmap=0+}) -- 0x7f463819f340 con 0x7f463807ce90
2026-02-17T08:22:05.097 INFO:teuthology.orchestra.run.trial016.stdout:/usr/bin/ceph: stderr
2026-02-17T08:22:04.973+0000 7f463e6c9640 1 --2- 10.20.193.16:0/3051550252 >> [v2:10.20.193.16:3300/0,v1:10.20.193.16:6789/0] conn(0x7f463807ce90 0x7f463819ee00 secure :-1 s=READY pgs=50 cs=0 l=1 rev1=1 crypto rx=0x7f4630002410 tx=0x7f463002fcb0 comp rx=0 tx=0).ready entity=mon.0 client_cookie=0 server_cookie=0 in_seq=0 out_seq=0
2026-02-17T08:22:05.098 INFO:teuthology.orchestra.run.trial016.stdout:/usr/bin/ceph: stderr
2026-02-17T08:22:04.973+0000 7f46237fe640 1 -- 10.20.193.16:0/3051550252 <== mon.0 v2:10.20.193.16:3300/0 1 ==== mon_map magic: 0 ==== 205+0+0 (secure 0 0 0) 0x7f4630047070 con 0x7f463807ce90
2026-02-17T08:22:05.098 INFO:teuthology.orchestra.run.trial016.stdout:/usr/bin/ceph: stderr
2026-02-17T08:22:04.973+0000 7f46237fe640 1 -- 10.20.193.16:0/3051550252 <== mon.0 v2:10.20.193.16:3300/0 2 ==== config(24 keys) ==== 1006+0+0 (secure 0 0 0) 0x7f4630042440 con 0x7f463807ce90
2026-02-17T08:22:05.098 INFO:teuthology.orchestra.run.trial016.stdout:/usr/bin/ceph: stderr
2026-02-17T08:22:04.973+0000 7f4640954640 1 -- 10.20.193.16:0/3051550252 --> [v2:10.20.193.16:3300/0,v1:10.20.193.16:6789/0] -- mon_subscribe({mgrmap=0+}) -- 0x7f463819f5d0 con 0x7f463807ce90
2026-02-17T08:22:05.098 INFO:teuthology.orchestra.run.trial016.stdout:/usr/bin/ceph: stderr
2026-02-17T08:22:04.973+0000 7f46237fe640 1 -- 10.20.193.16:0/3051550252 <== mon.0 v2:10.20.193.16:3300/0 3 ==== mon_map magic: 0 ==== 205+0+0 (secure 0 0 0) 0x7f463003c070 con 0x7f463807ce90
2026-02-17T08:22:05.098 INFO:teuthology.orchestra.run.trial016.stdout:/usr/bin/ceph: stderr
2026-02-17T08:22:04.973+0000 7f4640954640 1 -- 10.20.193.16:0/3051550252 --> [v2:10.20.193.16:3300/0,v1:10.20.193.16:6789/0] -- mon_subscribe({osdmap=0}) -- 0x7f46381a22c0 con 0x7f463807ce90
2026-02-17T08:22:05.098 INFO:teuthology.orchestra.run.trial016.stdout:/usr/bin/ceph: stderr
2026-02-17T08:22:04.974+0000 7f4640954640 1 -- 10.20.193.16:0/3051550252 --> [v2:10.20.193.16:3300/0,v1:10.20.193.16:6789/0] -- mon_command({"prefix": "get_command_descriptions"} v 0) -- 0x7f463807b370 con 0x7f463807ce90
2026-02-17T08:22:05.098 INFO:teuthology.orchestra.run.trial016.stdout:/usr/bin/ceph: stderr
2026-02-17T08:22:04.974+0000 7f46237fe640 1 -- 10.20.193.16:0/3051550252 <== mon.0 v2:10.20.193.16:3300/0 4 ==== mgrmap(e 8) ==== 50325+0+0 (secure 0 0 0) 0x7f4630035b10 con 0x7f463807ce90
2026-02-17T08:22:05.098 INFO:teuthology.orchestra.run.trial016.stdout:/usr/bin/ceph: stderr
2026-02-17T08:22:04.974+0000 7f46237fe640 20 mgrc handle_mgr_map mgrmap(e 8)
2026-02-17T08:22:05.098 INFO:teuthology.orchestra.run.trial016.stdout:/usr/bin/ceph: stderr
2026-02-17T08:22:04.974+0000 7f46237fe640 4 mgrc handle_mgr_map Got map version 8
2026-02-17T08:22:05.098 INFO:teuthology.orchestra.run.trial016.stdout:/usr/bin/ceph: stderr
2026-02-17T08:22:04.974+0000 7f46237fe640 4 mgrc handle_mgr_map Active mgr is now [v2:10.20.193.16:6800/2968480635,v1:10.20.193.16:6801/2968480635]
2026-02-17T08:22:05.098 INFO:teuthology.orchestra.run.trial016.stdout:/usr/bin/ceph: stderr
2026-02-17T08:22:04.974+0000 7f46237fe640 4 mgrc reconnect Starting new session with [v2:10.20.193.16:6800/2968480635,v1:10.20.193.16:6801/2968480635]
2026-02-17T08:22:05.098 INFO:teuthology.orchestra.run.trial016.stdout:/usr/bin/ceph: stderr
2026-02-17T08:22:04.974+0000 7f46237fe640 1 --2- 10.20.193.16:0/3051550252 >> [v2:10.20.193.16:6800/2968480635,v1:10.20.193.16:6801/2968480635] conn(0x7f461403dd90 0x7f4614040250 unknown :-1 s=NONE pgs=0 cs=0 l=1 rev1=0 crypto rx=0 tx=0 comp rx=0 tx=0).connect
2026-02-17T08:22:05.099 INFO:teuthology.orchestra.run.trial016.stdout:/usr/bin/ceph: stderr
2026-02-17T08:22:04.974+0000 7f46237fe640 1 -- 10.20.193.16:0/3051550252 <== mon.0 v2:10.20.193.16:3300/0 5 ==== osd_map(2..2 src has 1..2) ==== 940+0+0 (secure 0 0 0) 0x7f4630076a80 con 0x7f463807ce90
2026-02-17T08:22:05.099 INFO:teuthology.orchestra.run.trial016.stdout:/usr/bin/ceph: stderr
2026-02-17T08:22:04.974+0000 7f463dec8640 1 --2- 10.20.193.16:0/3051550252 >> [v2:10.20.193.16:6800/2968480635,v1:10.20.193.16:6801/2968480635] conn(0x7f461403dd90 0x7f4614040250 unknown :-1 s=BANNER_CONNECTING pgs=0 cs=0 l=1 rev1=0 crypto rx=0 tx=0 comp rx=0 tx=0)._handle_peer_banner_payload supported=3 required=0
2026-02-17T08:22:05.099 INFO:teuthology.orchestra.run.trial016.stdout:/usr/bin/ceph: stderr
2026-02-17T08:22:04.974+0000 7f463dec8640 1 --2- 10.20.193.16:0/3051550252 >> [v2:10.20.193.16:6800/2968480635,v1:10.20.193.16:6801/2968480635] conn(0x7f461403dd90 0x7f4614040250 secure :-1 s=READY pgs=14 cs=0 l=1 rev1=1 crypto rx=0x7f46240099c0 tx=0x7f4624006eb0 comp rx=0 tx=0).ready entity=mgr.14118 client_cookie=0 server_cookie=0 in_seq=0 out_seq=0
2026-02-17T08:22:05.099 INFO:teuthology.orchestra.run.trial016.stdout:/usr/bin/ceph: stderr
2026-02-17T08:22:04.976+0000 7f46237fe640 1 -- 10.20.193.16:0/3051550252 <== mon.0 v2:10.20.193.16:3300/0 6 ==== mon_command_ack([{"prefix": "get_command_descriptions"}]=0 v0) ==== 72+0+195034 (secure 0 0 0) 0x7f463004f120 con 0x7f463807ce90
2026-02-17T08:22:05.099 INFO:teuthology.orchestra.run.trial016.stdout:/usr/bin/ceph: stderr
2026-02-17T08:22:05.065+0000 7f4640954640 1 -- 10.20.193.16:0/3051550252 --> [v2:10.20.193.16:3300/0,v1:10.20.193.16:6789/0] -- mon_command([{prefix=config set, name=mgr/cephadm/container_init}] v 0) -- 0x7f46381a2720 con 0x7f463807ce90
2026-02-17T08:22:05.099 INFO:teuthology.orchestra.run.trial016.stdout:/usr/bin/ceph: stderr
2026-02-17T08:22:05.067+0000 7f46237fe640 1 -- 10.20.193.16:0/3051550252 <== mon.0 v2:10.20.193.16:3300/0 7 ==== mon_command_ack([{prefix=config set, name=mgr/cephadm/container_init}]=0 v7)=0 v7) ==== 142+0+0 (secure 0 0 0) 0x7f4630035e30 con 0x7f463807ce90
2026-02-17T08:22:05.099 INFO:teuthology.orchestra.run.trial016.stdout:/usr/bin/ceph: stderr
2026-02-17T08:22:05.068+0000 7f4640954640 10 mgrc shutdown
2026-02-17T08:22:05.099 INFO:teuthology.orchestra.run.trial016.stdout:/usr/bin/ceph: stderr
2026-02-17T08:22:05.068+0000 7f4640954640 1 -- 10.20.193.16:0/3051550252 >> [v2:10.20.193.16:6800/2968480635,v1:10.20.193.16:6801/2968480635] conn(0x7f461403dd90 msgr2=0x7f4614040250 secure :-1 s=STATE_CONNECTION_ESTABLISHED l=1).mark_down
2026-02-17T08:22:05.099 INFO:teuthology.orchestra.run.trial016.stdout:/usr/bin/ceph: stderr
2026-02-17T08:22:05.068+0000 7f4640954640 1 --2- 10.20.193.16:0/3051550252 >> [v2:10.20.193.16:6800/2968480635,v1:10.20.193.16:6801/2968480635] conn(0x7f461403dd90 0x7f4614040250 secure :-1 s=READY pgs=14 cs=0 l=1 rev1=1 crypto rx=0x7f46240099c0 tx=0x7f4624006eb0 comp rx=0 tx=0).stop
2026-02-17T08:22:05.099 INFO:teuthology.orchestra.run.trial016.stdout:/usr/bin/ceph: stderr
2026-02-17T08:22:05.068+0000 7f4640954640 1 -- 10.20.193.16:0/3051550252 >> [v2:10.20.193.16:3300/0,v1:10.20.193.16:6789/0] conn(0x7f463807ce90 msgr2=0x7f463819ee00 secure :-1 s=STATE_CONNECTION_ESTABLISHED l=1).mark_down
2026-02-17T08:22:05.100 INFO:teuthology.orchestra.run.trial016.stdout:/usr/bin/ceph: stderr
2026-02-17T08:22:05.068+0000 7f4640954640 1 --2- 10.20.193.16:0/3051550252 >> [v2:10.20.193.16:3300/0,v1:10.20.193.16:6789/0] conn(0x7f463807ce90 0x7f463819ee00 secure :-1 s=READY pgs=50 cs=0 l=1 rev1=1 crypto rx=0x7f4630002410 tx=0x7f463002fcb0 comp rx=0 tx=0).stop
2026-02-17T08:22:05.100 INFO:teuthology.orchestra.run.trial016.stdout:/usr/bin/ceph: stderr
2026-02-17T08:22:05.068+0000 7f4640954640 1 -- 10.20.193.16:0/3051550252 shutdown_connections
2026-02-17T08:22:05.100 INFO:teuthology.orchestra.run.trial016.stdout:/usr/bin/ceph: stderr
2026-02-17T08:22:05.068+0000 7f4640954640 1 --2- 10.20.193.16:0/3051550252 >> [v2:10.20.193.16:6800/2968480635,v1:10.20.193.16:6801/2968480635] conn(0x7f461403dd90 0x7f4614040250 unknown :-1 s=CLOSED pgs=14 cs=0 l=1 rev1=1 crypto rx=0 tx=0 comp rx=0 tx=0).stop
2026-02-17T08:22:05.100 INFO:teuthology.orchestra.run.trial016.stdout:/usr/bin/ceph: stderr
2026-02-17T08:22:05.068+0000 7f4640954640 1 --2- 10.20.193.16:0/3051550252 >> [v2:10.20.193.16:3300/0,v1:10.20.193.16:6789/0] conn(0x7f463807ce90 0x7f463819ee00 unknown :-1 s=CLOSED pgs=50 cs=0 l=1 rev1=1 crypto rx=0 tx=0 comp rx=0 tx=0).stop
2026-02-17T08:22:05.100 INFO:teuthology.orchestra.run.trial016.stdout:/usr/bin/ceph: stderr
2026-02-17T08:22:05.068+0000 7f4640954640 1 -- 10.20.193.16:0/3051550252 >> 10.20.193.16:0/3051550252 conn(0x7f46381025a0 msgr2=0x7f4638103190 unknown :-1 s=STATE_NONE l=0).mark_down
2026-02-17T08:22:05.100 INFO:teuthology.orchestra.run.trial016.stdout:/usr/bin/ceph: stderr
2026-02-17T08:22:05.068+0000 7f4640954640 1 -- 10.20.193.16:0/3051550252 shutdown_connections
2026-02-17T08:22:05.100 INFO:teuthology.orchestra.run.trial016.stdout:/usr/bin/ceph: stderr
2026-02-17T08:22:05.068+0000 7f4640954640 1 -- 10.20.193.16:0/3051550252 wait complete.
2026-02-17T08:22:05.318 INFO:teuthology.orchestra.run.trial016.stdout:/usr/bin/ceph: stderr
2026-02-17T08:22:05.195+0000 7f5eedb60640 1 Processor -- start
2026-02-17T08:22:05.319 INFO:teuthology.orchestra.run.trial016.stdout:/usr/bin/ceph: stderr
2026-02-17T08:22:05.195+0000 7f5eedb60640 1 -- start start
2026-02-17T08:22:05.319 INFO:teuthology.orchestra.run.trial016.stdout:/usr/bin/ceph: stderr
2026-02-17T08:22:05.196+0000 7f5eedb60640 1 --2- >> [v2:10.20.193.16:3300/0,v1:10.20.193.16:6789/0] conn(0x7f5ee807ce70 0x7f5ee807b2d0 unknown :-1 s=NONE pgs=0 cs=0 l=0 rev1=0 crypto rx=0 tx=0 comp rx=0 tx=0).connect
2026-02-17T08:22:05.319 INFO:teuthology.orchestra.run.trial016.stdout:/usr/bin/ceph: stderr
2026-02-17T08:22:05.196+0000 7f5eedb60640 1 -- --> [v2:10.20.193.16:3300/0,v1:10.20.193.16:6789/0] -- mon_getmap magic: 0 -- 0x7f5ee807b810 con 0x7f5ee807ce70
2026-02-17T08:22:05.319 INFO:teuthology.orchestra.run.trial016.stdout:/usr/bin/ceph: stderr
2026-02-17T08:22:05.196+0000 7f5ee77fe640 1 --2- >> [v2:10.20.193.16:3300/0,v1:10.20.193.16:6789/0] conn(0x7f5ee807ce70 0x7f5ee807b2d0 unknown :-1 s=BANNER_CONNECTING pgs=0 cs=0 l=0 rev1=0 crypto rx=0 tx=0 comp rx=0 tx=0)._handle_peer_banner_payload supported=3 required=0
2026-02-17T08:22:05.319 INFO:teuthology.orchestra.run.trial016.stdout:/usr/bin/ceph: stderr
2026-02-17T08:22:05.196+0000 7f5ee77fe640 1 --2- >> [v2:10.20.193.16:3300/0,v1:10.20.193.16:6789/0] conn(0x7f5ee807ce70 0x7f5ee807b2d0 unknown :-1 s=HELLO_CONNECTING pgs=0 cs=0 l=0 rev1=1 crypto rx=0 tx=0 comp rx=0 tx=0).handle_hello peer v2:10.20.193.16:3300/0 says I am v2:10.20.193.16:47302/0 (socket says 10.20.193.16:47302)
2026-02-17T08:22:05.319 INFO:teuthology.orchestra.run.trial016.stdout:/usr/bin/ceph: stderr
2026-02-17T08:22:05.196+0000 7f5ee77fe640 1 -- 10.20.193.16:0/192115156 learned_addr learned my addr 10.20.193.16:0/192115156 (peer_addr_for_me v2:10.20.193.16:0/0)
2026-02-17T08:22:05.319 INFO:teuthology.orchestra.run.trial016.stdout:/usr/bin/ceph: stderr
2026-02-17T08:22:05.196+0000 7f5ee77fe640 1 -- 10.20.193.16:0/192115156 --> [v2:10.20.193.16:3300/0,v1:10.20.193.16:6789/0] -- mon_subscribe({config=0+,monmap=0+}) -- 0x7f5ee807b990 con 0x7f5ee807ce70
2026-02-17T08:22:05.319 INFO:teuthology.orchestra.run.trial016.stdout:/usr/bin/ceph: stderr
2026-02-17T08:22:05.196+0000 7f5ee77fe640 1 --2- 10.20.193.16:0/192115156 >> [v2:10.20.193.16:3300/0,v1:10.20.193.16:6789/0] conn(0x7f5ee807ce70 0x7f5ee807b2d0 secure :-1 s=READY pgs=51 cs=0 l=1 rev1=1 crypto rx=0x7f5ed4009920 tx=0x7f5ed402ef20 comp rx=0 tx=0).ready entity=mon.0 client_cookie=c5bdba0cbf0f886f server_cookie=0 in_seq=0 out_seq=0
2026-02-17T08:22:05.320 INFO:teuthology.orchestra.run.trial016.stdout:/usr/bin/ceph: stderr
2026-02-17T08:22:05.196+0000 7f5ee67fc640 1 -- 10.20.193.16:0/192115156 <== mon.0 v2:10.20.193.16:3300/0 1 ==== mon_map magic: 0 ==== 205+0+0 (secure 0 0 0) 0x7f5ed403c070 con 0x7f5ee807ce70
2026-02-17T08:22:05.320 INFO:teuthology.orchestra.run.trial016.stdout:/usr/bin/ceph: stderr
2026-02-17T08:22:05.196+0000 7f5ee67fc640 1 -- 10.20.193.16:0/192115156 <== mon.0 v2:10.20.193.16:3300/0 2 ==== config(24 keys) ==== 1006+0+0 (secure 0 0 0) 0x7f5ed4037440 con 0x7f5ee807ce70
2026-02-17T08:22:05.320 INFO:teuthology.orchestra.run.trial016.stdout:/usr/bin/ceph: stderr
2026-02-17T08:22:05.196+0000 7f5ee67fc640 1 -- 10.20.193.16:0/192115156 <== mon.0 v2:10.20.193.16:3300/0 3 ==== mon_map magic: 0 ==== 205+0+0 (secure 0 0 0) 0x7f5ed40354d0 con 0x7f5ee807ce70
2026-02-17T08:22:05.320 INFO:teuthology.orchestra.run.trial016.stdout:/usr/bin/ceph: stderr
2026-02-17T08:22:05.197+0000 7f5eedb60640 1 -- 10.20.193.16:0/192115156 >> [v2:10.20.193.16:3300/0,v1:10.20.193.16:6789/0] conn(0x7f5ee807ce70 msgr2=0x7f5ee807b2d0 secure :-1 s=STATE_CONNECTION_ESTABLISHED l=1).mark_down
2026-02-17T08:22:05.320 INFO:teuthology.orchestra.run.trial016.stdout:/usr/bin/ceph: stderr
2026-02-17T08:22:05.197+0000 7f5eedb60640 1 --2- 10.20.193.16:0/192115156 >> [v2:10.20.193.16:3300/0,v1:10.20.193.16:6789/0] conn(0x7f5ee807ce70 0x7f5ee807b2d0 secure :-1 s=READY pgs=51 cs=0 l=1 rev1=1 crypto rx=0x7f5ed4009920 tx=0x7f5ed402ef20 comp rx=0 tx=0).stop
2026-02-17T08:22:05.320 INFO:teuthology.orchestra.run.trial016.stdout:/usr/bin/ceph: stderr
2026-02-17T08:22:05.197+0000 7f5eedb60640 1 -- 10.20.193.16:0/192115156 shutdown_connections
2026-02-17T08:22:05.320 INFO:teuthology.orchestra.run.trial016.stdout:/usr/bin/ceph: stderr
2026-02-17T08:22:05.197+0000 7f5eedb60640 1 --2- 10.20.193.16:0/192115156 >> [v2:10.20.193.16:3300/0,v1:10.20.193.16:6789/0] conn(0x7f5ee807ce70 0x7f5ee807b2d0 unknown :-1 s=CLOSED pgs=51 cs=0 l=1 rev1=1 crypto rx=0 tx=0 comp rx=0 tx=0).stop
2026-02-17T08:22:05.320 INFO:teuthology.orchestra.run.trial016.stdout:/usr/bin/ceph: stderr
2026-02-17T08:22:05.197+0000 7f5eedb60640 1 -- 10.20.193.16:0/192115156 >> 10.20.193.16:0/192115156 conn(0x7f5ee81025e0 msgr2=0x7f5ee8104a40 unknown :-1 s=STATE_NONE l=0).mark_down
2026-02-17T08:22:05.320 INFO:teuthology.orchestra.run.trial016.stdout:/usr/bin/ceph: stderr
2026-02-17T08:22:05.197+0000 7f5eedb60640 1 -- 10.20.193.16:0/192115156 shutdown_connections
2026-02-17T08:22:05.320 INFO:teuthology.orchestra.run.trial016.stdout:/usr/bin/ceph: stderr
2026-02-17T08:22:05.197+0000 7f5eedb60640 1 -- 10.20.193.16:0/192115156 wait complete.
2026-02-17T08:22:05.320 INFO:teuthology.orchestra.run.trial016.stdout:/usr/bin/ceph: stderr
2026-02-17T08:22:05.197+0000 7f5eedb60640 1 Processor -- start
2026-02-17T08:22:05.321 INFO:teuthology.orchestra.run.trial016.stdout:/usr/bin/ceph: stderr
2026-02-17T08:22:05.197+0000 7f5eedb60640 1 -- start start
2026-02-17T08:22:05.321 INFO:teuthology.orchestra.run.trial016.stdout:/usr/bin/ceph: stderr
2026-02-17T08:22:05.197+0000 7f5eedb60640 1 --2- >> [v2:10.20.193.16:3300/0,v1:10.20.193.16:6789/0] conn(0x7f5ee807ce70 0x7f5ee819ee30 unknown :-1 s=NONE pgs=0 cs=0 l=1 rev1=0 crypto rx=0 tx=0 comp rx=0 tx=0).connect
2026-02-17T08:22:05.321 INFO:teuthology.orchestra.run.trial016.stdout:/usr/bin/ceph: stderr
2026-02-17T08:22:05.197+0000 7f5eedb60640 1 -- --> [v2:10.20.193.16:3300/0,v1:10.20.193.16:6789/0] -- mon_getmap magic: 0 -- 0x7f5ee810d2b0 con 0x7f5ee807ce70
2026-02-17T08:22:05.321 INFO:teuthology.orchestra.run.trial016.stdout:/usr/bin/ceph: stderr
2026-02-17T08:22:05.198+0000 7f5ee77fe640 1 --2- >> [v2:10.20.193.16:3300/0,v1:10.20.193.16:6789/0] conn(0x7f5ee807ce70 0x7f5ee819ee30 unknown :-1 s=BANNER_CONNECTING pgs=0 cs=0 l=1 rev1=0 crypto rx=0 tx=0 comp rx=0 tx=0)._handle_peer_banner_payload supported=3 required=0
2026-02-17T08:22:05.321 INFO:teuthology.orchestra.run.trial016.stdout:/usr/bin/ceph: stderr
2026-02-17T08:22:05.198+0000 7f5ee77fe640 1 --2- >> [v2:10.20.193.16:3300/0,v1:10.20.193.16:6789/0] conn(0x7f5ee807ce70 0x7f5ee819ee30 unknown :-1 s=HELLO_CONNECTING pgs=0 cs=0 l=1 rev1=1 crypto rx=0 tx=0 comp rx=0 tx=0).handle_hello peer v2:10.20.193.16:3300/0 says I am v2:10.20.193.16:47318/0 (socket says 10.20.193.16:47318)
2026-02-17T08:22:05.321 INFO:teuthology.orchestra.run.trial016.stdout:/usr/bin/ceph: stderr
2026-02-17T08:22:05.198+0000 7f5ee77fe640 1 -- 10.20.193.16:0/1223856214 learned_addr learned my addr 10.20.193.16:0/1223856214 (peer_addr_for_me v2:10.20.193.16:0/0)
2026-02-17T08:22:05.321 INFO:teuthology.orchestra.run.trial016.stdout:/usr/bin/ceph: stderr
2026-02-17T08:22:05.198+0000 7f5ee77fe640 1 -- 10.20.193.16:0/1223856214 --> [v2:10.20.193.16:3300/0,v1:10.20.193.16:6789/0] -- mon_subscribe({config=0+,monmap=0+}) -- 0x7f5ee819f370 con 0x7f5ee807ce70
2026-02-17T08:22:05.321 INFO:teuthology.orchestra.run.trial016.stdout:/usr/bin/ceph: stderr
2026-02-17T08:22:05.198+0000 7f5ee77fe640 1 --2- 10.20.193.16:0/1223856214 >> [v2:10.20.193.16:3300/0,v1:10.20.193.16:6789/0] conn(0x7f5ee807ce70 0x7f5ee819ee30 secure :-1 s=READY pgs=52 cs=0 l=1 rev1=1 crypto rx=0x7f5ed4002410 tx=0x7f5ed402fcb0 comp rx=0 tx=0).ready entity=mon.0 client_cookie=0 server_cookie=0 in_seq=0 out_seq=0
2026-02-17T08:22:05.321 INFO:teuthology.orchestra.run.trial016.stdout:/usr/bin/ceph: stderr
2026-02-17T08:22:05.198+0000 7f5ee4ff9640 1 -- 10.20.193.16:0/1223856214 <== mon.0 v2:10.20.193.16:3300/0 1 ==== mon_map magic: 0 ==== 205+0+0 (secure 0 0 0) 0x7f5ed4047070 con 0x7f5ee807ce70
2026-02-17T08:22:05.321 INFO:teuthology.orchestra.run.trial016.stdout:/usr/bin/ceph: stderr
2026-02-17T08:22:05.198+0000 7f5ee4ff9640 1 -- 10.20.193.16:0/1223856214 <== mon.0 v2:10.20.193.16:3300/0 2 ==== config(24 keys) ==== 1006+0+0 (secure 0 0 0) 0x7f5ed4042440 con 0x7f5ee807ce70
2026-02-17T08:22:05.321 INFO:teuthology.orchestra.run.trial016.stdout:/usr/bin/ceph: stderr
2026-02-17T08:22:05.198+0000 7f5eedb60640 1 -- 10.20.193.16:0/1223856214 --> [v2:10.20.193.16:3300/0,v1:10.20.193.16:6789/0] -- mon_subscribe({mgrmap=0+}) -- 0x7f5ee819f600 con 0x7f5ee807ce70
2026-02-17T08:22:05.321 INFO:teuthology.orchestra.run.trial016.stdout:/usr/bin/ceph: stderr
2026-02-17T08:22:05.198+0000 7f5ee4ff9640 1 -- 10.20.193.16:0/1223856214 <== mon.0 v2:10.20.193.16:3300/0 3 ==== mon_map magic: 0 ==== 205+0+0 (secure 0 0 0) 0x7f5ed403c070 con 0x7f5ee807ce70
2026-02-17T08:22:05.322 INFO:teuthology.orchestra.run.trial016.stdout:/usr/bin/ceph: stderr
2026-02-17T08:22:05.198+0000 7f5eedb60640 1 -- 10.20.193.16:0/1223856214 --> [v2:10.20.193.16:3300/0,v1:10.20.193.16:6789/0] -- mon_subscribe({osdmap=0}) -- 0x7f5ee81a22f0 con 0x7f5ee807ce70
2026-02-17T08:22:05.322 INFO:teuthology.orchestra.run.trial016.stdout:/usr/bin/ceph: stderr
2026-02-17T08:22:05.198+0000 7f5eedb60640 1 -- 10.20.193.16:0/1223856214 --> [v2:10.20.193.16:3300/0,v1:10.20.193.16:6789/0] -- mon_command({"prefix": "get_command_descriptions"} v 0) -- 0x7f5ee807b350 con 0x7f5ee807ce70
2026-02-17T08:22:05.322 INFO:teuthology.orchestra.run.trial016.stdout:/usr/bin/ceph: stderr
2026-02-17T08:22:05.198+0000 7f5ee4ff9640 1 -- 10.20.193.16:0/1223856214 <== mon.0 v2:10.20.193.16:3300/0 4 ==== mgrmap(e 8) ==== 50325+0+0 (secure 0 0 0) 0x7f5ed4035b10 con 0x7f5ee807ce70
2026-02-17T08:22:05.322 INFO:teuthology.orchestra.run.trial016.stdout:/usr/bin/ceph: stderr
2026-02-17T08:22:05.198+0000 7f5ee4ff9640 20 mgrc handle_mgr_map mgrmap(e 8)
2026-02-17T08:22:05.322 INFO:teuthology.orchestra.run.trial016.stdout:/usr/bin/ceph: stderr
2026-02-17T08:22:05.199+0000 7f5ee4ff9640 4 mgrc handle_mgr_map Got map version 8
2026-02-17T08:22:05.322 INFO:teuthology.orchestra.run.trial016.stdout:/usr/bin/ceph: stderr
2026-02-17T08:22:05.199+0000 7f5ee4ff9640 4 mgrc handle_mgr_map Active mgr is now [v2:10.20.193.16:6800/2968480635,v1:10.20.193.16:6801/2968480635]
2026-02-17T08:22:05.322 INFO:teuthology.orchestra.run.trial016.stdout:/usr/bin/ceph: stderr
2026-02-17T08:22:05.199+0000 7f5ee4ff9640 4 mgrc reconnect Starting new session with [v2:10.20.193.16:6800/2968480635,v1:10.20.193.16:6801/2968480635]
2026-02-17T08:22:05.322 INFO:teuthology.orchestra.run.trial016.stdout:/usr/bin/ceph: stderr
2026-02-17T08:22:05.199+0000 7f5ee4ff9640 1 --2- 10.20.193.16:0/1223856214 >> [v2:10.20.193.16:6800/2968480635,v1:10.20.193.16:6801/2968480635] conn(0x7f5ebc03dd90 0x7f5ebc040250 unknown :-1 s=NONE pgs=0 cs=0 l=1 rev1=0 crypto rx=0 tx=0 comp rx=0 tx=0).connect
2026-02-17T08:22:05.322 INFO:teuthology.orchestra.run.trial016.stdout:/usr/bin/ceph: stderr
2026-02-17T08:22:05.199+0000 7f5ee4ff9640 1 -- 10.20.193.16:0/1223856214 <== mon.0 v2:10.20.193.16:3300/0 5 ==== osd_map(2..2 src has 1..2) ==== 940+0+0 (secure 0 0 0) 0x7f5ed4076a80 con 0x7f5ee807ce70
2026-02-17T08:22:05.322 INFO:teuthology.orchestra.run.trial016.stdout:/usr/bin/ceph: stderr
2026-02-17T08:22:05.199+0000 7f5ee6ffd640 1 --2- 10.20.193.16:0/1223856214 >> [v2:10.20.193.16:6800/2968480635,v1:10.20.193.16:6801/2968480635] conn(0x7f5ebc03dd90 0x7f5ebc040250 unknown :-1 s=BANNER_CONNECTING pgs=0 cs=0 l=1 rev1=0 crypto rx=0 tx=0 comp rx=0 tx=0)._handle_peer_banner_payload supported=3 required=0
2026-02-17T08:22:05.322 INFO:teuthology.orchestra.run.trial016.stdout:/usr/bin/ceph: stderr
2026-02-17T08:22:05.199+0000 7f5ee6ffd640 1 --2- 10.20.193.16:0/1223856214 >> [v2:10.20.193.16:6800/2968480635,v1:10.20.193.16:6801/2968480635] conn(0x7f5ebc03dd90 0x7f5ebc040250 secure :-1 s=READY pgs=15 cs=0 l=1 rev1=1 crypto rx=0x7f5ed80099c0 tx=0x7f5ed8006eb0 comp rx=0 tx=0).ready entity=mgr.14118 client_cookie=0 server_cookie=0 in_seq=0 out_seq=0
2026-02-17T08:22:05.323 INFO:teuthology.orchestra.run.trial016.stdout:/usr/bin/ceph: stderr
2026-02-17T08:22:05.201+0000 7f5ee4ff9640 1 -- 10.20.193.16:0/1223856214 <== mon.0 v2:10.20.193.16:3300/0 6 ==== mon_command_ack([{"prefix": "get_command_descriptions"}]=0 v0) ==== 72+0+195034 (secure 0 0 0) 0x7f5ed404f120 con 0x7f5ee807ce70
2026-02-17T08:22:05.323 INFO:teuthology.orchestra.run.trial016.stdout:/usr/bin/ceph: stderr
2026-02-17T08:22:05.289+0000 7f5eedb60640 1 -- 10.20.193.16:0/1223856214 --> [v2:10.20.193.16:3300/0,v1:10.20.193.16:6789/0] -- mon_command([{prefix=config set, name=mgr/dashboard/ssl_server_port}] v 0) -- 0x7f5ee81a27c0 con 0x7f5ee807ce70
2026-02-17T08:22:05.323 INFO:teuthology.orchestra.run.trial016.stdout:/usr/bin/ceph: stderr
2026-02-17T08:22:05.290+0000 7f5ee4ff9640 1 -- 10.20.193.16:0/1223856214 <== mon.0 v2:10.20.193.16:3300/0 7 ==== mon_command_ack([{prefix=config set, name=mgr/dashboard/ssl_server_port}]=0 v8)=0 v8) ==== 130+0+0 (secure 0 0 0) 0x7f5ed4035e30 con 0x7f5ee807ce70
2026-02-17T08:22:05.323 INFO:teuthology.orchestra.run.trial016.stdout:/usr/bin/ceph: stderr
2026-02-17T08:22:05.292+0000 7f5eedb60640 10 mgrc shutdown
2026-02-17T08:22:05.323 INFO:teuthology.orchestra.run.trial016.stdout:/usr/bin/ceph: stderr
2026-02-17T08:22:05.292+0000 7f5eedb60640 1 -- 10.20.193.16:0/1223856214 >> [v2:10.20.193.16:6800/2968480635,v1:10.20.193.16:6801/2968480635] conn(0x7f5ebc03dd90 msgr2=0x7f5ebc040250 secure :-1 s=STATE_CONNECTION_ESTABLISHED l=1).mark_down
2026-02-17T08:22:05.323 INFO:teuthology.orchestra.run.trial016.stdout:/usr/bin/ceph: stderr
2026-02-17T08:22:05.292+0000 7f5eedb60640 1 --2- 10.20.193.16:0/1223856214 >> [v2:10.20.193.16:6800/2968480635,v1:10.20.193.16:6801/2968480635] conn(0x7f5ebc03dd90 0x7f5ebc040250 secure :-1 s=READY pgs=15 cs=0 l=1 rev1=1 crypto rx=0x7f5ed80099c0 tx=0x7f5ed8006eb0 comp rx=0 tx=0).stop
2026-02-17T08:22:05.323 INFO:teuthology.orchestra.run.trial016.stdout:/usr/bin/ceph: stderr
2026-02-17T08:22:05.292+0000 7f5eedb60640 1 -- 10.20.193.16:0/1223856214 >> [v2:10.20.193.16:3300/0,v1:10.20.193.16:6789/0] conn(0x7f5ee807ce70 msgr2=0x7f5ee819ee30 secure :-1 s=STATE_CONNECTION_ESTABLISHED l=1).mark_down
2026-02-17T08:22:05.323 INFO:teuthology.orchestra.run.trial016.stdout:/usr/bin/ceph: stderr
2026-02-17T08:22:05.292+0000 7f5eedb60640 1 --2- 10.20.193.16:0/1223856214 >> [v2:10.20.193.16:3300/0,v1:10.20.193.16:6789/0] conn(0x7f5ee807ce70 0x7f5ee819ee30 secure :-1 s=READY pgs=52 cs=0 l=1 rev1=1 crypto rx=0x7f5ed4002410 tx=0x7f5ed402fcb0 comp rx=0 tx=0).stop
2026-02-17T08:22:05.323 INFO:teuthology.orchestra.run.trial016.stdout:/usr/bin/ceph: stderr
2026-02-17T08:22:05.292+0000 7f5eedb60640 1 -- 10.20.193.16:0/1223856214 shutdown_connections
2026-02-17T08:22:05.323 INFO:teuthology.orchestra.run.trial016.stdout:/usr/bin/ceph: stderr
2026-02-17T08:22:05.292+0000 7f5eedb60640 1 --2- 10.20.193.16:0/1223856214 >> [v2:10.20.193.16:6800/2968480635,v1:10.20.193.16:6801/2968480635] conn(0x7f5ebc03dd90 0x7f5ebc040250 unknown :-1 s=CLOSED pgs=15 cs=0 l=1 rev1=1 crypto rx=0 tx=0 comp rx=0 tx=0).stop
2026-02-17T08:22:05.323 INFO:teuthology.orchestra.run.trial016.stdout:/usr/bin/ceph: stderr
2026-02-17T08:22:05.292+0000 7f5eedb60640 1 --2- 10.20.193.16:0/1223856214 >> [v2:10.20.193.16:3300/0,v1:10.20.193.16:6789/0] conn(0x7f5ee807ce70 0x7f5ee819ee30 unknown :-1 s=CLOSED pgs=52 cs=0 l=1 rev1=1 crypto rx=0 tx=0 comp rx=0 tx=0).stop
2026-02-17T08:22:05.323 INFO:teuthology.orchestra.run.trial016.stdout:/usr/bin/ceph: stderr
2026-02-17T08:22:05.292+0000 7f5eedb60640 1 -- 10.20.193.16:0/1223856214 >> 10.20.193.16:0/1223856214 conn(0x7f5ee81025e0 msgr2=0x7f5ee8103110 unknown :-1 s=STATE_NONE l=0).mark_down
2026-02-17T08:22:05.324 INFO:teuthology.orchestra.run.trial016.stdout:/usr/bin/ceph: stderr
2026-02-17T08:22:05.292+0000 7f5eedb60640 1 -- 10.20.193.16:0/1223856214 shutdown_connections
2026-02-17T08:22:05.324 INFO:teuthology.orchestra.run.trial016.stdout:/usr/bin/ceph: stderr
2026-02-17T08:22:05.292+0000 7f5eedb60640 1 -- 10.20.193.16:0/1223856214 wait complete.
2026-02-17T08:22:05.324 INFO:teuthology.orchestra.run.trial016.stdout:Enabling the dashboard module...
2026-02-17T08:22:06.306 INFO:journalctl@ceph.mon.a.trial016.stdout:Feb 17 08:22:05 trial016 ceph-mon[39048]: Added host trial016
