2026-02-17T10:58:02.496+0000 7f2ab8cf0640 1 -- v2:127.0.0.1:7114/0 <== mon.0 v2:127.0.0.1:7114/0 0 ==== log(1 entries from seq 38 at
2026-02-17T10:58:02.499999+0000) ==== 0+0+0 (unknown 0 0 0) 0x55fc48b52600 con 0x55fc477ef800
2026-02-17T10:58:02.496+0000 7f2ab8cf0640 20 mon.a@0(leader) e1 _ms_dispatch existing session 0x55fc486eeb40 for mon.0
2026-02-17T10:58:02.496+0000 7f2ab8cf0640 20 mon.a@0(leader) e1 entity_name global_id 0 (none) caps allow *
2026-02-17T10:58:02.496+0000 7f2ab8cf0640 10 mon.a@0(leader).paxosservice(logm 1..12) dispatch 0x55fc48b52600 log(1 entries from seq 38 at
2026-02-17T10:58:02.499999+0000) from mon.0 v2:127.0.0.1:7114/0 con 0x55fc477ef800
2026-02-17T10:58:02.496+0000 7f2ab74ed640 10 -- v2:127.0.0.1:7114/0 >> 127.0.0.1:0/3479452450 conn(0x55fc489b2400 msgr2=0x55fc48a42000 crc :-1 s=STATE_CONNECTION_ESTABLISHED l=1).handle_write
2026-02-17T10:58:02.496+0000 7f2ab8cf0640 5 mon.a@0(leader).paxos(paxos active c 1..22) is_readable = 1 - now=2026-02-17T10:58:02.500053+0000 lease_expire=1970-01-01T00:00:00.000000+0000 has v0 lc 22
2026-02-17T10:58:02.496+0000 7f2ab74ed640 10 --2- v2:127.0.0.1:7114/0 >> 127.0.0.1:0/3479452450 conn(0x55fc489b2400 0x55fc48a42000 crc :-1 s=READY pgs=1 cs=0 l=1 rev1=1 crypto rx=0 tx=0 comp rx=0 tx=0).write_event
2026-02-17T10:58:02.496+0000 7f2ab8cf0640 10 mon.a@0(leader).log v12 preprocess_query log(1 entries from seq 38 at
2026-02-17T10:58:02.499999+0000) from mon.0 v2:127.0.0.1:7114/0
2026-02-17T10:58:02.496+0000 7f2ab8cf0640 10 mon.a@0(leader).log v12 preprocess_log log(1 entries from seq 38 at
2026-02-17T10:58:02.499999+0000) from mon.0
2026-02-17T10:58:02.496+0000 7f2ab8cf0640 20 MonCap is_capable service=log command= write addr - on cap allow *
2026-02-17T10:58:02.496+0000 7f2ab8cf0640 20 MonCap allow so far , doing grant allow *
2026-02-17T10:58:02.496+0000 7f2ab8cf0640 20 MonCap allow all
2026-02-17T10:58:02.496+0000 7f2ab8cf0640 10 mon.a@0(leader) e1 no_reply to mon.0 v2:127.0.0.1:7114/0 log(1 entries from seq 38 at
2026-02-17T10:58:02.499999+0000)
2026-02-17T10:58:02.496+0000 7f2ab8cf0640 10 mon.a@0(leader).log v12 prepare_update log(1 entries from seq 38 at
2026-02-17T10:58:02.499999+0000) from mon.0 v2:127.0.0.1:7114/0
2026-02-17T10:58:02.496+0000 7f2ab74ed640 20 --2- v2:127.0.0.1:7114/0 >> 127.0.0.1:0/3479452450 conn(0x55fc489b2400 0x55fc48a42000 crc :-1 s=READY pgs=1 cs=0 l=1 rev1=1 crypto rx=0 tx=0 comp rx=0 tx=0).prepare_send_message m=mon_command_ack([{"prefix": "osd dump"}]=0 v2)
2026-02-17T10:58:02.496+0000 7f2ab8cf0640 10 mon.a@0(leader).log v12 prepare_log log(1 entries from seq 38 at
2026-02-17T10:58:02.499999+0000) from mon.0
2026-02-17T10:58:02.496+0000 7f2ab8cf0640 10 mon.a@0(leader).log v12 logging
2026-02-17T10:58:02.499999+0000 mon.a (mon.0) 38 : audit [DBG] from='client.? 127.0.0.1:0/3479452450' entity='client.admin' cmd=[{"prefix": "osd dump"}]: dispatch
2026-02-17T10:58:02.496+0000 7f2ab8cf0640 10 mon.a@0(leader).paxosservice(logm 1..12) setting proposal_timer 0x55fc489f78c0 with delay of 0.0556679
2026-02-17T10:58:02.496+0000 7f2ab74ed640 20 --2- v2:127.0.0.1:7114/0 >> 127.0.0.1:0/3479452450 conn(0x55fc489b2400 0x55fc48a42000 crc :-1 s=READY pgs=1 cs=0 l=1 rev1=1 crypto rx=0 tx=0 comp rx=0 tx=0).prepare_send_message encoding features 4540701547738038271 0x55fc4896b680 mon_command_ack([{"prefix": "osd dump"}]=0 v2)
2026-02-17T10:58:02.496+0000 7f2ab8cf0640 20 -- v2:127.0.0.1:7114/0 done calling dispatch on 0x55fc48b52600
2026-02-17T10:58:02.496+0000 7f2ab74ed640 5 --2- v2:127.0.0.1:7114/0 >> 127.0.0.1:0/3479452450 conn(0x55fc489b2400 0x55fc48a42000 crc :-1 s=READY pgs=1 cs=0 l=1 rev1=1 crypto rx=0 tx=0 comp rx=0 tx=0).write_message sending message m=0x55fc4896b680 seq=8 mon_command_ack([{"prefix": "osd dump"}]=0 v2)
2026-02-17T10:58:02.496+0000 7f2ab74ed640 20 --2- v2:127.0.0.1:7114/0 >> 127.0.0.1:0/3479452450 conn(0x55fc489b2400 0x55fc48a42000 crc :-1 s=READY pgs=1 cs=0 l=1 rev1=1 crypto rx=0 tx=0 comp rx=0 tx=0).write_message sending m=0x55fc4896b680 seq=8 src=mon.0 off=0
2026-02-17T10:58:02.496+0000 7f2ab74ed640 10 -- v2:127.0.0.1:7114/0 >> 127.0.0.1:0/3479452450 conn(0x55fc489b2400 msgr2=0x55fc48a42000 crc :-1 s=STATE_CONNECTION_ESTABLISHED l=1)._try_send sent bytes 672 remaining bytes 0
2026-02-17T10:58:02.496+0000 7f2ab74ed640 10 --2- v2:127.0.0.1:7114/0 >> 127.0.0.1:0/3479452450 conn(0x55fc489b2400 0x55fc48a42000 crc :-1 s=READY pgs=1 cs=0 l=1 rev1=1 crypto rx=0 tx=0 comp rx=0 tx=0).write_message sending 0x55fc4896b680 done.
2026-02-17T10:58:02.500+0000 7f2ab74ed640 20 -- v2:127.0.0.1:7114/0 >> 127.0.0.1:0/3479452450 conn(0x55fc489b2400 msgr2=0x55fc48a42000 crc :-1 s=STATE_CONNECTION_ESTABLISHED l=1).process
2026-02-17T10:58:02.500+0000 7f2ab74ed640 20 -- v2:127.0.0.1:7114/0 >> 127.0.0.1:0/3479452450 conn(0x55fc489b2400 msgr2=0x55fc48a42000 crc :-1 s=STATE_CONNECTION_ESTABLISHED l=1).read continue len=32
2026-02-17T10:58:02.500+0000 7f2ab74ed640 1 -- v2:127.0.0.1:7114/0 >> 127.0.0.1:0/3479452450 conn(0x55fc489b2400 msgr2=0x55fc48a42000 crc :-1 s=STATE_CONNECTION_ESTABLISHED l=1).read_bulk peer close file descriptor 43
2026-02-17T10:58:02.500+0000 7f2ab74ed640 1 -- v2:127.0.0.1:7114/0 >> 127.0.0.1:0/3479452450 conn(0x55fc489b2400 msgr2=0x55fc48a42000 crc :-1 s=STATE_CONNECTION_ESTABLISHED l=1).read_until read failed
2026-02-17T10:58:02.500+0000 7f2ab74ed640 20 --2- v2:127.0.0.1:7114/0 >> 127.0.0.1:0/3479452450 conn(0x55fc489b2400 0x55fc48a42000 crc :-1 s=READY pgs=1 cs=0 l=1 rev1=1 crypto rx=0 tx=0 comp rx=0 tx=0).handle_read_frame_preamble_main r=-1
2026-02-17T10:58:02.500+0000 7f2ab74ed640 1 --2- v2:127.0.0.1:7114/0 >> 127.0.0.1:0/3479452450 conn(0x55fc489b2400 0x55fc48a42000 crc :-1 s=READY pgs=1 cs=0 l=1 rev1=1 crypto rx=0 tx=0 comp rx=0 tx=0).handle_read_frame_preamble_main read frame preamble failed r=-1
2026-02-17T10:58:02.500+0000 7f2ab74ed640 10 --2- v2:127.0.0.1:7114/0 >> 127.0.0.1:0/3479452450 conn(0x55fc489b2400 0x55fc48a42000 crc :-1 s=READY pgs=1 cs=0 l=1 rev1=1 crypto rx=0 tx=0 comp rx=0 tx=0)._fault
2026-02-17T10:58:02.500+0000 7f2ab74ed640 2 --2- v2:127.0.0.1:7114/0 >> 127.0.0.1:0/3479452450 conn(0x55fc489b2400 0x55fc48a42000 crc :-1 s=READY pgs=1 cs=0 l=1 rev1=1 crypto rx=0 tx=0 comp rx=0 tx=0)._fault on lossy channel, failing
2026-02-17T10:58:02.500+0000 7f2ab74ed640 1 --2- v2:127.0.0.1:7114/0 >> 127.0.0.1:0/3479452450 conn(0x55fc489b2400 0x55fc48a42000 crc :-1 s=READY pgs=1 cs=0 l=1 rev1=1 crypto rx=0 tx=0 comp rx=0 tx=0).stop
2026-02-17T10:58:02.500+0000 7f2ab74ed640 5 --2- v2:127.0.0.1:7114/0 >> 127.0.0.1:0/3479452450 conn(0x55fc489b2400 0x55fc48a42000 crc :-1 s=READY pgs=1 cs=0 l=1 rev1=1 crypto rx=0 tx=0 comp rx=0 tx=0).reset_recv_state
2026-02-17T10:58:02.500+0000 7f2ab74ed640 5 --2- v2:127.0.0.1:7114/0 >> 127.0.0.1:0/3479452450 conn(0x55fc489b2400 0x55fc48a42000 crc :-1 s=READY pgs=1 cs=0 l=1 rev1=1 crypto rx=0 tx=0 comp rx=0 tx=0).reset_security
2026-02-17T10:58:02.500+0000 7f2ab74ed640 5 --2- v2:127.0.0.1:7114/0 >> 127.0.0.1:0/3479452450 conn(0x55fc489b2400 0x55fc48a42000 unknown :-1 s=READY pgs=1 cs=0 l=1 rev1=1 crypto rx=0 tx=0 comp rx=0 tx=0).reset_compression
2026-02-17T10:58:02.500+0000 7f2ab74ed640 10 --2- v2:127.0.0.1:7114/0 >> 127.0.0.1:0/3479452450 conn(0x55fc489b2400 0x55fc48a42000 unknown :-1 s=READY pgs=1 cs=0 l=1 rev1=1 crypto rx=0 tx=0 comp rx=0 tx=0).discard_out_queue started
2026-02-17T10:58:02.500+0000 7f2ab74ed640 20 Event(0x55fc4783c508 nevent=5000 time_id=8).wakeup
2026-02-17T10:58:02.500+0000 7f2ab74ed640 20 EpollDriver.del_event del event fd=43 cur_mask=1 delmask=3 to 23
2026-02-17T10:58:02.500+0000 7f2ab8cf0640 10 mon.a@0(leader) e1 ms_handle_reset 0x55fc489b2400 127.0.0.1:0/3479452450
2026-02-17T10:58:02.500+0000 7f2ab8cf0640 10 mon.a@0(leader) e1 reset/close on session client.? 127.0.0.1:0/3479452450
2026-02-17T10:58:02.500+0000 7f2ab8cf0640 10 mon.a@0(leader) e1 remove_session 0x55fc48c5ed80 client.? 127.0.0.1:0/3479452450 features 0x3f03cffffffdffff
2026-02-17T10:58:02.500+0000 7f2ab6cec640 1 -- v2:127.0.0.1:7114/0 reap_dead start
2026-02-17T10:58:02.500+0000 7f2ab6cec640 5 -- v2:127.0.0.1:7114/0 reap_dead delete 0x55fc488e6000
2026-02-17T10:58:02.500+0000 7f2ab6cec640 5 -- v2:127.0.0.1:7114/0 reap_dead delete 0x55fc488e6800
2026-02-17T10:58:02.500+0000 7f2ab6cec640 5 -- v2:127.0.0.1:7114/0 reap_dead delete 0x55fc488e7800
2026-02-17T10:58:02.500+0000 7f2ab6cec640 5 -- v2:127.0.0.1:7114/0 reap_dead delete 0x55fc489b2400
2026-02-17T10:58:02.500+0000 7f2ab6cec640 5 -- v2:127.0.0.1:7114/0 reap_dead delete 0x55fc489b3800
2026-02-17T10:58:02.552+0000 7f2abb4f5640 10 mon.a@0(leader).paxosservice(logm 1..12) propose_pending
2026-02-17T10:58:02.552+0000 7f2abb4f5640 10 mon.a@0(leader).log v12 encode_pending v13
2026-02-17T10:58:02.552+0000 7f2abb4f5640 20 mon.a@0(leader).log v12 encode_pending writing 1 entries
2026-02-17T10:58:02.552+0000 7f2abb4f5640 20 mon.a@0(leader).log v12 encode_pending prune_channels_to {}
2026-02-17T10:58:02.552+0000 7f2abb4f5640 5 mon.a@0(leader).paxos(paxos active c 1..22) queue_pending_finisher 0x55fc477c8ff0
2026-02-17T10:58:02.552+0000 7f2abb4f5640 10 mon.a@0(leader).paxos(paxos active c 1..22) trigger_propose active, proposing now
2026-02-17T10:58:02.552+0000 7f2abb4f5640 10 mon.a@0(leader).paxos(paxos active c 1..22) propose_pending 23 542 bytes
2026-02-17T10:58:02.552+0000 7f2abb4f5640 10 mon.a@0(leader).paxos(paxos updating c 1..22) begin for 23 542 bytes
2026-02-17T10:58:02.552+0000 7f2abb4f5640 10 mon.a@0(leader).paxos(paxos updating c 1..22) commit_start 23
2026-02-17T10:58:02.552+0000 7f2ab64eb640 20 mon.a@0(leader).paxos(paxos writing c 1..22) commit_finish 23
2026-02-17T10:58:02.552+0000 7f2ab64eb640 10 mon.a@0(leader) e1 refresh_from_paxos
2026-02-17T10:58:02.552+0000 7f2ab64eb640 10 mon.a@0(leader).paxosservice(mdsmap 1..1) refresh
2026-02-17T10:58:02.552+0000 7f2ab64eb640 10 mon.a@0(leader).paxosservice(osdmap 1..2) refresh
2026-02-17T10:58:02.552+0000 7f2ab64eb640 10 mon.a@0(leader).paxosservice(logm 1..12) refresh
2026-02-17T10:58:02.552+0000 7f2ab64eb640 7 mon.a@0(leader).log v12 _updated_log for mon.0 v2:127.0.0.1:7114/0
2026-02-17T10:58:02.552+0000 7f2ab64eb640 2 mon.a@0(leader) e1 send_reply 0x55fc48994c60 0x55fc4895fc00 log(last 38)
2026-02-17T10:58:02.552+0000 7f2ab64eb640 1 -- v2:127.0.0.1:7114/0 --> v2:127.0.0.1:7114/0 -- log(last 38) -- 0x55fc4895fc00 con 0x55fc477ef800
2026-02-17T10:58:02.552+0000 7f2ab64eb640 20 -- v2:127.0.0.1:7114/0 >> v2:127.0.0.1:7114/0 conn(0x55fc477ef800 msgr2=0x55fc4792c800 unknown :-1 s=STATE_NONE l=0).send_message log(last 38) local
2026-02-17T10:58:02.552+0000 7f2ab64eb640 10 mon.a@0(leader).log v13 update_from_paxos
2026-02-17T10:58:02.552+0000 7f2ab64eb640 10 mon.a@0(leader).log v13 update_from_paxos version 13 summary v 12
2026-02-17T10:58:02.552+0000 7f2ab64eb640 10 mon.a@0(leader).log v13 update_from_paxos latest full 0
2026-02-17T10:58:02.552+0000 7f2ab84ef640 20 -- v2:127.0.0.1:7114/0 queue 0x55fc4895fc00 prio 196
2026-02-17T10:58:02.552+0000 7f2ab64eb640 7 mon.a@0(leader).log v13 update_from_paxos applying incremental log 13
2026-02-17T10:58:02.499999+0000 mon.a (mon.0) 38 : audit [DBG] from='client.? 127.0.0.1:0/3479452450' entity='client.admin' cmd=[{"prefix": "osd dump"}]: dispatch
2026-02-17T10:58:02.552+0000 7f2ab8cf0640 1 -- v2:127.0.0.1:7114/0 <== mon.0 v2:127.0.0.1:7114/0 0 ==== log(last 38) ==== 0+0+0 (unknown 0 0 0) 0x55fc4895fc00 con 0x55fc477ef800
2026-02-17T10:58:02.552+0000 7f2ab64eb640 10 mon.a@0(leader).log v13 summary.channel_info {audit=0,21,cluster=0,18}
2026-02-17T10:58:02.552+0000 7f2ab64eb640 10 mon.a@0(leader).log v13 check_subs
2026-02-17T10:58:02.552+0000 7f2ab64eb640 10 mon.a@0(leader).log v13 check_sub client wants log-info ver 13
2026-02-17T10:58:02.552+0000 7f2ab64eb640 10 mon.a@0(leader).log v13 _create_sub_incremental level 1 ver 13 cur summary ver 13
2026-02-17T10:58:02.556+0000 7f2ab64eb640 20 mon.a@0(leader).log v13 _create_sub_incremental sv 13 has 1 entries
2026-02-17T10:58:02.556+0000 7f2ab64eb640 20 mon.a@0(leader).log v13 _create_sub_incremental requested 1, skipping
2026-02-17T10:58:02.499999+0000 mon.a (mon.0) 38 : audit [DBG] from='client.? 127.0.0.1:0/3479452450' entity='client.admin' cmd=[{"prefix": "osd dump"}]: dispatch
2026-02-17T10:58:02.556+0000 7f2ab64eb640 10 mon.a@0(leader).log v13 _create_sub_incremental incremental message ready (0 entries)
2026-02-17T10:58:02.556+0000 7f2ab64eb640 10 mon.a@0(leader).log v13 check_sub sending message to mgr.4100 with 0 entries (version 13)
2026-02-17T10:58:02.556+0000 7f2ab64eb640 10 mon.a@0(leader).paxosservice(monmap 1..1) refresh
2026-02-17T10:58:02.556+0000 7f2ab64eb640 10 mon.a@0(leader).paxosservice(auth 1..3) refresh
2026-02-17T10:58:02.556+0000 7f2ab64eb640 10 mon.a@0(leader).auth v3 update_from_paxos
2026-02-17T10:58:02.556+0000 7f2ab64eb640 10 mon.a@0(leader).paxosservice(mgr 1..3) refresh
2026-02-17T10:58:02.556+0000 7f2ab64eb640 10 mon.a@0(leader).config load_config got 1 keys
2026-02-17T10:58:02.556+0000 7f2ab64eb640 10 mon.a@0(leader).mgr e3 prime_mgr_client
2026-02-17T10:58:02.556+0000 7f2ab64eb640 10 mon.a@0(leader).paxosservice(mgrstat 1..1) refresh
2026-02-17T10:58:02.556+0000 7f2ab64eb640 10 mon.a@0(leader).mgrstat 1
2026-02-17T10:58:02.556+0000 7f2ab64eb640 10 mon.a@0(leader).mgrstat update_from_paxos v1 service_map e1 0 progress events
2026-02-17T10:58:02.556+0000 7f2ab64eb640 10 mon.a@0(leader).mgrstat check_subs
2026-02-17T10:58:02.556+0000 7f2ab64eb640 10 mon.a@0(leader).mgrstat check_sub next 2 vs service_map.epoch 1
2026-02-17T10:58:02.556+0000 7f2ab64eb640 20 mon.a@0(leader).mgrstat update_logger
2026-02-17T10:58:02.556+0000 7f2ab64eb640 20 mon.a@0(leader).osd e2 notify_new_pg_digest
2026-02-17T10:58:02.556+0000 7f2ab64eb640 10 mon.a@0(leader).paxosservice(health 1..1) refresh
2026-02-17T10:58:02.556+0000 7f2ab64eb640 10 mon.a@0(leader).health update_from_paxos
2026-02-17T10:58:02.556+0000 7f2ab64eb640 20 mon.a@0(leader).health dump:{ "quorum_health": {}, "leader_health": {} }
2026-02-17T10:58:02.556+0000 7f2ab64eb640 10 mon.a@0(leader).paxosservice(config 1..2) refresh
2026-02-17T10:58:02.556+0000 7f2ab64eb640 10 mon.a@0(leader).paxosservice(kv 1..5) refresh
2026-02-17T10:58:02.556+0000 7f2ab64eb640 10 mon.a@0(leader).paxosservice(mdsmap 1..1) post_refresh
2026-02-17T10:58:02.556+0000 7f2ab64eb640 10 mon.a@0(leader).paxosservice(osdmap 1..2) post_refresh
2026-02-17T10:58:02.556+0000 7f2ab64eb640 10 mon.a@0(leader).paxosservice(logm 1..13) post_refresh
2026-02-17T10:58:02.556+0000 7f2ab64eb640 10 mon.a@0(leader).paxosservice(monmap 1..1) post_refresh
2026-02-17T10:58:02.556+0000 7f2ab64eb640 10 mon.a@0(leader).paxosservice(auth 1..3) post_refresh
2026-02-17T10:58:02.556+0000 7f2ab64eb640 10 mon.a@0(leader).paxosservice(mgr 1..3) post_refresh
2026-02-17T10:58:02.556+0000 7f2ab64eb640 10 mon.a@0(leader).paxosservice(mgrstat 1..1) post_refresh
2026-02-17T10:58:02.556+0000 7f2ab64eb640 10 mon.a@0(leader).paxosservice(health 1..1) post_refresh
2026-02-17T10:58:02.556+0000 7f2ab64eb640 10 mon.a@0(leader).paxosservice(config 1..2) post_refresh
2026-02-17T10:58:02.556+0000 7f2ab64eb640 10 mon.a@0(leader).paxosservice(kv 1..5) post_refresh
2026-02-17T10:58:02.556+0000 7f2ab64eb640 10 mon.a@0(leader).paxos(paxos refresh c 1..23) commit_proposal
2026-02-17T10:58:02.556+0000 7f2ab64eb640 10 mon.a@0(leader).paxosservice(logm 1..13) _active - not active
2026-02-17T10:58:02.556+0000 7f2ab64eb640 10 mon.a@0(leader).paxos(paxos refresh c 1..23) finish_round
2026-02-17T10:58:02.556+0000 7f2ab64eb640 20 mon.a@0(leader).paxos(paxos active c 1..23) finish_round waiting_for_acting
2026-02-17T10:58:02.556+0000 7f2ab64eb640 10 mon.a@0(leader).paxosservice(logm 1..13) _active
2026-02-17T10:58:02.556+0000 7f2ab64eb640 7 mon.a@0(leader).paxosservice(logm 1..13) _active creating new pending
2026-02-17T10:58:02.556+0000 7f2ab64eb640 10 mon.a@0(leader).log v13 create_pending v 14
2026-02-17T10:58:02.556+0000 7f2ab64eb640 20 mon.a@0(leader).paxos(paxos active c 1..23) finish_round waiting_for_readable
2026-02-17T10:58:02.556+0000 7f2ab64eb640 20 mon.a@0(leader).paxos(paxos active c 1..23) finish_round waiting_for_writeable
2026-02-17T10:58:02.556+0000 7f2ab64eb640 10 mon.a@0(leader).paxos(paxos active c 1..23) finish_round done w/ waiters, state active
2026-02-17T10:58:02.556+0000 7f2ab8cf0640 20 mon.a@0(leader) e1 _ms_dispatch existing session 0x55fc486eeb40 for mon.0
2026-02-17T10:58:02.556+0000 7f2ab8cf0640 20 mon.a@0(leader) e1 entity_name global_id 0 (none) caps allow *
2026-02-17T10:58:02.556+0000 7f2ab8cf0640 20 MonCap is_capable service=mon command= read addr - on cap allow *
2026-02-17T10:58:02.556+0000 7f2ab8cf0640 20 MonCap allow so far , doing grant allow *
2026-02-17T10:58:02.556+0000 7f2ab8cf0640 20 MonCap allow all
2026-02-17T10:58:02.556+0000 7f2ab8cf0640 20 -- v2:127.0.0.1:7114/0 done calling dispatch on 0x55fc4895fc00
2026-02-17T10:58:03.563+0000 7f2ab6cec640 10 Processor -- accept listen_fd=29
2026-02-17T10:58:03.563+0000 7f2ab6cec640 10 Processor -- accept accepted incoming on sd 43
2026-02-17T10:58:03.563+0000 7f2ab6cec640 10 -- v2:127.0.0.1:7114/0 >> conn(0x55fc488e6000 msgr2=0x55fc48a44100 unknown :-1 s=STATE_NONE l=0).accept sd=43 listen_addr v2:127.0.0.1:7114/0 peer_addr v2:127.0.0.1:57824/0
2026-02-17T10:58:03.563+0000 7f2ab6cec640 1 --2- v2:127.0.0.1:7114/0 >> conn(0x55fc488e6000 0x55fc48a44100 unknown :-1 s=NONE pgs=0 cs=0 l=0 rev1=0 crypto rx=0 tx=0 comp rx=0 tx=0).accept
2026-02-17T10:58:03.563+0000 7f2ab6cec640 20 Event(0x55fc4783cbc8 nevent=5000 time_id=8).wakeup
2026-02-17T10:58:03.563+0000 7f2ab6cec640 10 Processor -- accept accepted incoming on sd 44
2026-02-17T10:58:03.563+0000 7f2ab6cec640 10 -- v2:127.0.0.1:7114/0 >> conn(0x55fc488e6800 msgr2=0x55fc48a42b00 unknown :-1 s=STATE_NONE l=0).accept sd=44 listen_addr v2:127.0.0.1:7114/0 peer_addr v2:127.0.0.1:57840/0
2026-02-17T10:58:03.563+0000 7f2ab6cec640 1 --2- v2:127.0.0.1:7114/0 >> conn(0x55fc488e6800 0x55fc48a42b00 unknown :-1 s=NONE pgs=0 cs=0 l=0 rev1=0 crypto rx=0 tx=0 comp rx=0 tx=0).accept
2026-02-17T10:58:03.563+0000 7f2ab74ed640 20 -- v2:127.0.0.1:7114/0 >> conn(0x55fc488e6000 msgr2=0x55fc48a44100 unknown :-1 s=STATE_ACCEPTING l=0).process
2026-02-17T10:58:03.563+0000 7f2ab6cec640 20 Event(0x55fc4783c2c8 nevent=5000 time_id=10).wakeup
2026-02-17T10:58:03.563+0000 7f2ab74ed640 20 Event(0x55fc4783cbc8 nevent=5000 time_id=8).create_file_event create event started fd=43 mask=1 original mask is 0
2026-02-17T10:58:03.563+0000 7f2ab74ed640 20 EpollDriver.add_event add event fd=43 cur_mask=0 add_mask=1 to 23
2026-02-17T10:58:03.563+0000 7f2ab74ed640 20 Event(0x55fc4783cbc8 nevent=5000 time_id=8).create_file_event create event end fd=43 mask=1 current mask is 1
2026-02-17T10:58:03.563+0000 7f2ab74ed640 20 --2- v2:127.0.0.1:7114/0 >> conn(0x55fc488e6000 0x55fc48a44100 unknown :-1 s=START_ACCEPT pgs=0 cs=0 l=0 rev1=0 crypto rx=0 tx=0 comp rx=0 tx=0).read_event
2026-02-17T10:58:03.563+0000 7f2ab74ed640 20 --2- v2:127.0.0.1:7114/0 >> conn(0x55fc488e6000 0x55fc48a44100 unknown :-1 s=START_ACCEPT pgs=0 cs=0 l=0 rev1=0 crypto rx=0 tx=0 comp rx=0 tx=0).start_server_banner_exchange
2026-02-17T10:58:03.563+0000 7f2ab74ed640 20 --2- v2:127.0.0.1:7114/0 >> conn(0x55fc488e6000 0x55fc48a44100 unknown :-1 s=BANNER_ACCEPTING pgs=0 cs=0 l=0 rev1=0 crypto rx=0 tx=0 comp rx=0 tx=0)._banner_exchange
2026-02-17T10:58:03.563+0000 7f2abccf8640 20 -- v2:127.0.0.1:7114/0 >> conn(0x55fc488e6800 msgr2=0x55fc48a42b00 unknown :-1 s=STATE_ACCEPTING l=0).process
2026-02-17T10:58:03.563+0000 7f2abccf8640 20 Event(0x55fc4783c2c8 nevent=5000 time_id=10).create_file_event create event started fd=44 mask=1 original mask is 0
2026-02-17T10:58:03.563+0000 7f2abccf8640 20 EpollDriver.add_event add event fd=44 cur_mask=0 add_mask=1 to 26
2026-02-17T10:58:03.563+0000 7f2abccf8640 20 Event(0x55fc4783c2c8 nevent=5000 time_id=10).create_file_event create event end fd=44 mask=1 current mask is 1
2026-02-17T10:58:03.563+0000 7f2abccf8640 20 --2- v2:127.0.0.1:7114/0 >> conn(0x55fc488e6800 0x55fc48a42b00 unknown :-1 s=START_ACCEPT pgs=0 cs=0 l=0 rev1=0 crypto rx=0 tx=0 comp rx=0 tx=0).read_event
2026-02-17T10:58:03.563+0000 7f2abccf8640 20 --2- v2:127.0.0.1:7114/0 >> conn(0x55fc488e6800 0x55fc48a42b00 unknown :-1 s=START_ACCEPT pgs=0 cs=0 l=0 rev1=0 crypto rx=0 tx=0 comp rx=0 tx=0).start_server_banner_exchange
2026-02-17T10:58:03.563+0000 7f2abccf8640 20 --2- v2:127.0.0.1:7114/0 >> conn(0x55fc488e6800 0x55fc48a42b00 unknown :-1 s=BANNER_ACCEPTING pgs=0 cs=0 l=0 rev1=0 crypto rx=0 tx=0 comp rx=0 tx=0)._banner_exchange
2026-02-17T10:58:03.563+0000 7f2ab74ed640 10 -- v2:127.0.0.1:7114/0 >> conn(0x55fc488e6000 msgr2=0x55fc48a44100 unknown :-1 s=STATE_CONNECTION_ESTABLISHED l=0)._try_send sent bytes 26 remaining bytes 0
2026-02-17T10:58:03.563+0000 7f2ab74ed640 20 -- v2:127.0.0.1:7114/0 >> conn(0x55fc488e6000 msgr2=0x55fc48a44100 unknown :-1 s=STATE_CONNECTION_ESTABLISHED l=0).read start len=10
2026-02-17T10:58:03.563+0000 7f2abccf8640 10 -- v2:127.0.0.1:7114/0 >> conn(0x55fc488e6800 msgr2=0x55fc48a42b00 unknown :-1 s=STATE_CONNECTION_ESTABLISHED l=0)._try_send sent bytes 26 remaining bytes 0
2026-02-17T10:58:03.563+0000 7f2abccf8640 20 -- v2:127.0.0.1:7114/0 >> conn(0x55fc488e6800 msgr2=0x55fc48a42b00 unknown :-1 s=STATE_CONNECTION_ESTABLISHED l=0).read start len=10
2026-02-17T10:58:03.563+0000 7f2abccf8640 20 --2- v2:127.0.0.1:7114/0 >> conn(0x55fc488e6800 0x55fc48a42b00 unknown :-1 s=BANNER_ACCEPTING pgs=0 cs=0 l=0 rev1=0 crypto rx=0 tx=0 comp rx=0 tx=0)._handle_peer_banner r=0
2026-02-17T10:58:03.563+0000 7f2abccf8640 20 -- v2:127.0.0.1:7114/0 >> conn(0x55fc488e6800 msgr2=0x55fc48a42b00 unknown :-1 s=STATE_CONNECTION_ESTABLISHED l=0).read start len=16
2026-02-17T10:58:03.563+0000 7f2abccf8640 20 --2- v2:127.0.0.1:7114/0 >> conn(0x55fc488e6800 0x55fc48a42b00 unknown :-1 s=BANNER_ACCEPTING pgs=0 cs=0 l=0 rev1=0 crypto rx=0 tx=0 comp rx=0 tx=0)._handle_peer_banner_payload r=0
2026-02-17T10:58:03.563+0000 7f2abccf8640 1 --2- v2:127.0.0.1:7114/0 >> conn(0x55fc488e6800 0x55fc48a42b00 unknown :-1 s=BANNER_ACCEPTING pgs=0 cs=0 l=0 rev1=0 crypto rx=0 tx=0 comp rx=0 tx=0)._handle_peer_banner_payload supported=3 required=0
2026-02-17T10:58:03.563+0000 7f2abccf8640 10 -- v2:127.0.0.1:7114/0 >> conn(0x55fc488e6800 msgr2=0x55fc48a42b00 unknown :-1 s=STATE_CONNECTION_ESTABLISHED l=0)._try_send sent bytes 72 remaining bytes 0
2026-02-17T10:58:03.563+0000 7f2abccf8640 20 --2- v2:127.0.0.1:7114/0 >> conn(0x55fc488e6800 0x55fc48a42b00 unknown :-1 s=HELLO_ACCEPTING pgs=0 cs=0 l=0 rev1=1 crypto rx=0 tx=0 comp rx=0 tx=0).read_frame
2026-02-17T10:58:03.563+0000 7f2abccf8640 20 -- v2:127.0.0.1:7114/0 >> conn(0x55fc488e6800 msgr2=0x55fc48a42b00 unknown :-1 s=STATE_CONNECTION_ESTABLISHED l=0).read start len=32
2026-02-17T10:58:03.563+0000 7f2abccf8640 20 --2- v2:127.0.0.1:7114/0 >> conn(0x55fc488e6800 0x55fc48a42b00 unknown :-1 s=HELLO_ACCEPTING pgs=0 cs=0 l=0 rev1=1 crypto rx=0 tx=0 comp rx=0 tx=0).handle_read_frame_preamble_main r=0
2026-02-17T10:58:03.563+0000 7f2abccf8640 20 --2- v2:127.0.0.1:7114/0 >> conn(0x55fc488e6800 0x55fc48a42b00 unknown :-1 s=HELLO_ACCEPTING pgs=0 cs=0 l=0 rev1=1 crypto rx=0 tx=0 comp rx=0 tx=0).read_frame_segment seg_idx=0
2026-02-17T10:58:03.563+0000 7f2abccf8640 20 -- v2:127.0.0.1:7114/0 >> conn(0x55fc488e6800 msgr2=0x55fc48a42b00 unknown :-1 s=STATE_CONNECTION_ESTABLISHED l=0).read start len=40
2026-02-17T10:58:03.563+0000 7f2abccf8640 20 --2- v2:127.0.0.1:7114/0 >> conn(0x55fc488e6800 0x55fc48a42b00 unknown :-1 s=HELLO_ACCEPTING pgs=0 cs=0 l=0 rev1=1 crypto rx=0 tx=0 comp rx=0 tx=0).handle_read_frame_segment r=0
2026-02-17T10:58:03.563+0000 7f2abccf8640 10 --2- v2:127.0.0.1:7114/0 >> conn(0x55fc488e6800 0x55fc48a42b00 unknown :-1 s=HELLO_ACCEPTING pgs=0 cs=0 l=0 rev1=1 crypto rx=0 tx=0 comp rx=0 tx=0).handle_read_frame_dispatch tag=1
2026-02-17T10:58:03.563+0000 7f2abccf8640 20 --2- v2:127.0.0.1:7114/0 >> conn(0x55fc488e6800 0x55fc48a42b00 unknown :-1 s=HELLO_ACCEPTING pgs=0 cs=0 l=0 rev1=1 crypto rx=0 tx=0 comp rx=0 tx=0).handle_hello payload.length()=36
2026-02-17T10:58:03.563+0000 7f2abccf8640 5 --2- v2:127.0.0.1:7114/0 >> conn(0x55fc488e6800 0x55fc48a42b00 unknown :-1 s=HELLO_ACCEPTING pgs=0 cs=0 l=0 rev1=1 crypto rx=0 tx=0 comp rx=0 tx=0).handle_hello received hello: peer_type=8 peer_addr_for_me=v2:127.0.0.1:7114/0
2026-02-17T10:58:03.563+0000 7f2abccf8640 5 --2- v2:127.0.0.1:7114/0 >> conn(0x55fc488e6800 0x55fc48a42b00 unknown :-1 s=HELLO_ACCEPTING pgs=0 cs=0 l=0 rev1=1 crypto rx=0 tx=0 comp rx=0 tx=0).handle_hello getsockname says I am 127.0.0.1:7114 when talking to v2:127.0.0.1:57840/0
2026-02-17T10:58:03.563+0000 7f2abccf8640 10 --2- v2:127.0.0.1:7114/0 >> conn(0x55fc488e6800 0x55fc48a42b00 unknown :-1 s=HELLO_ACCEPTING pgs=0 cs=0 l=1 rev1=1 crypto rx=0 tx=0 comp rx=0 tx=0).handle_hello accept of host_type 8, policy.lossy=1 policy.server=1 policy.standby=0 policy.resetcheck=0
2026-02-17T10:58:03.563+0000 7f2abccf8640 20 --2- v2:127.0.0.1:7114/0 >> conn(0x55fc488e6800 0x55fc48a42b00 unknown :-1 s=HELLO_ACCEPTING pgs=0 cs=0 l=1 rev1=1 crypto rx=0 tx=0 comp rx=0 tx=0).post_server_banner_exchange
2026-02-17T10:58:03.563+0000 7f2abccf8640 20 --2- v2:127.0.0.1:7114/0 >> conn(0x55fc488e6800 0x55fc48a42b00 unknown :-1 s=AUTH_ACCEPTING pgs=0 cs=0 l=1 rev1=1 crypto rx=0 tx=0 comp rx=0 tx=0).read_frame
2026-02-17T10:58:03.563+0000 7f2abccf8640 20 -- v2:127.0.0.1:7114/0 >> conn(0x55fc488e6800 msgr2=0x55fc48a42b00 unknown :-1 s=STATE_CONNECTION_ESTABLISHED l=1).read start len=32
2026-02-17T10:58:03.563+0000 7f2abccf8640 20 -- v2:127.0.0.1:7114/0 >> conn(0x55fc488e6800 msgr2=0x55fc48a42b00 unknown :-1 s=STATE_CONNECTION_ESTABLISHED l=1).process
2026-02-17T10:58:03.563+0000 7f2abccf8640 20 -- v2:127.0.0.1:7114/0 >> conn(0x55fc488e6800 msgr2=0x55fc48a42b00 unknown :-1 s=STATE_CONNECTION_ESTABLISHED l=1).read continue len=32
2026-02-17T10:58:03.563+0000 7f2abccf8640 20 --2- v2:127.0.0.1:7114/0 >> conn(0x55fc488e6800 0x55fc48a42b00 unknown :-1 s=AUTH_ACCEPTING pgs=0 cs=0 l=1 rev1=1 crypto rx=0 tx=0 comp rx=0 tx=0).handle_read_frame_preamble_main r=0
2026-02-17T10:58:03.563+0000 7f2abccf8640 20 --2- v2:127.0.0.1:7114/0 >> conn(0x55fc488e6800 0x55fc48a42b00 unknown :-1 s=AUTH_ACCEPTING pgs=0 cs=0 l=1 rev1=1 crypto rx=0 tx=0 comp rx=0 tx=0).read_frame_segment seg_idx=0
2026-02-17T10:58:03.563+0000 7f2abccf8640 20 -- v2:127.0.0.1:7114/0 >> conn(0x55fc488e6800 msgr2=0x55fc48a42b00 unknown :-1 s=STATE_CONNECTION_ESTABLISHED l=1).read start len=42
2026-02-17T10:58:03.563+0000 7f2abccf8640 20 --2- v2:127.0.0.1:7114/0 >> conn(0x55fc488e6800 0x55fc48a42b00 unknown :-1 s=AUTH_ACCEPTING pgs=0 cs=0 l=1 rev1=1 crypto rx=0 tx=0 comp rx=0 tx=0).handle_read_frame_segment r=0
2026-02-17T10:58:03.563+0000 7f2abccf8640 10 --2- v2:127.0.0.1:7114/0 >> conn(0x55fc488e6800 0x55fc48a42b00 unknown :-1 s=AUTH_ACCEPTING pgs=0 cs=0 l=1 rev1=1 crypto rx=0 tx=0 comp rx=0 tx=0).handle_read_frame_dispatch tag=2
2026-02-17T10:58:03.563+0000 7f2abccf8640 20 --2- v2:127.0.0.1:7114/0 >> conn(0x55fc488e6800 0x55fc48a42b00 unknown :-1 s=AUTH_ACCEPTING pgs=0 cs=0 l=1 rev1=1 crypto rx=0 tx=0 comp rx=0 tx=0).handle_auth_request payload.length()=38
2026-02-17T10:58:03.563+0000 7f2abccf8640 10 --2- v2:127.0.0.1:7114/0 >> conn(0x55fc488e6800 0x55fc48a42b00 unknown :-1 s=AUTH_ACCEPTING pgs=0 cs=0 l=1 rev1=1 crypto rx=0 tx=0 comp rx=0 tx=0).handle_auth_request AuthRequest(method=1, preferred_modes=[1], payload_len=22)
2026-02-17T10:58:03.563+0000 7f2abccf8640 10 mon.a@0(leader) e1 handle_auth_request con 0x55fc488e6800 (start) method 1 payload 22
2026-02-17T10:58:03.563+0000 7f2abccf8640 10 mon.a@0(leader).auth v3 _assign_global_id 4117 (max 14096)
2026-02-17T10:58:03.563+0000 7f2abccf8640 10 mon.a@0(leader) e1 ms_handle_fast_authentication session 0x55fc486ef680 con 0x55fc488e6800 addr - MonSession(unknown.0 is open , features 0x0 (unknown))
2026-02-17T10:58:03.563+0000 7f2abccf8640 10 -- v2:127.0.0.1:7114/0 >> conn(0x55fc488e6800 msgr2=0x55fc48a42b00 crc :-1 s=STATE_CONNECTION_ESTABLISHED l=1)._try_send sent bytes 52 remaining bytes 0
2026-02-17T10:58:03.563+0000 7f2abccf8640 10 -- v2:127.0.0.1:7114/0 >> conn(0x55fc488e6800 msgr2=0x55fc48a42b00 crc :-1 s=STATE_CONNECTION_ESTABLISHED l=1)._try_send sent bytes 68 remaining bytes 0
2026-02-17T10:58:03.563+0000 7f2abccf8640 20 --2- v2:127.0.0.1:7114/0 >> conn(0x55fc488e6800 0x55fc48a42b00 crc :-1 s=AUTH_ACCEPTING_SIGN pgs=0 cs=0 l=1 rev1=1 crypto rx=0 tx=0 comp rx=0 tx=0).read_frame
2026-02-17T10:58:03.563+0000 7f2abccf8640 20 -- v2:127.0.0.1:7114/0 >> conn(0x55fc488e6800 msgr2=0x55fc48a42b00 crc :-1 s=STATE_CONNECTION_ESTABLISHED l=1).read start len=32
2026-02-17T10:58:03.563+0000 7f2ab74ed640 20 -- v2:127.0.0.1:7114/0 >> conn(0x55fc488e6000 msgr2=0x55fc48a44100 unknown :-1 s=STATE_CONNECTION_ESTABLISHED l=0).process
2026-02-17T10:58:03.563+0000 7f2ab74ed640 20 -- v2:127.0.0.1:7114/0 >> conn(0x55fc488e6000 msgr2=0x55fc48a44100 unknown :-1 s=STATE_CONNECTION_ESTABLISHED l=0).read continue len=10
2026-02-17T10:58:03.563+0000 7f2abccf8640 20 -- v2:127.0.0.1:7114/0 >> conn(0x55fc488e6800 msgr2=0x55fc48a42b00 crc :-1 s=STATE_CONNECTION_ESTABLISHED l=1).process
2026-02-17T10:58:03.563+0000 7f2abccf8640 20 -- v2:127.0.0.1:7114/0 >> conn(0x55fc488e6800 msgr2=0x55fc48a42b00 crc :-1 s=STATE_CONNECTION_ESTABLISHED l=1).read continue len=32
2026-02-17T10:58:03.563+0000 7f2ab74ed640 1 -- v2:127.0.0.1:7114/0 >> conn(0x55fc488e6000 msgr2=0x55fc48a44100 unknown :-1 s=STATE_CONNECTION_ESTABLISHED l=0).read_bulk peer close file descriptor 43
2026-02-17T10:58:03.563+0000 7f2ab74ed640 1 -- v2:127.0.0.1:7114/0 >> conn(0x55fc488e6000 msgr2=0x55fc48a44100 unknown :-1 s=STATE_CONNECTION_ESTABLISHED l=0).read_until read failed
2026-02-17T10:58:03.563+0000 7f2ab74ed640 20 --2- v2:127.0.0.1:7114/0 >> conn(0x55fc488e6000 0x55fc48a44100 unknown :-1 s=BANNER_ACCEPTING pgs=0 cs=0 l=0 rev1=0 crypto rx=0 tx=0 comp rx=0 tx=0)._handle_peer_banner r=-1
2026-02-17T10:58:03.563+0000 7f2abccf8640 20 --2- v2:127.0.0.1:7114/0 >> conn(0x55fc488e6800 0x55fc48a42b00 crc :-1 s=AUTH_ACCEPTING_SIGN pgs=0 cs=0 l=1 rev1=1 crypto rx=0 tx=0 comp rx=0 tx=0).handle_read_frame_preamble_main r=0
2026-02-17T10:58:03.563+0000 7f2abccf8640 20 --2- v2:127.0.0.1:7114/0 >> conn(0x55fc488e6800 0x55fc48a42b00 crc :-1 s=AUTH_ACCEPTING_SIGN pgs=0 cs=0 l=1 rev1=1 crypto rx=0 tx=0 comp rx=0 tx=0).read_frame_segment seg_idx=0
2026-02-17T10:58:03.563+0000 7f2abccf8640 20 -- v2:127.0.0.1:7114/0 >> conn(0x55fc488e6800 msgr2=0x55fc48a42b00 crc :-1 s=STATE_CONNECTION_ESTABLISHED l=1).read start len=36
2026-02-17T10:58:03.563+0000 7f2abccf8640 20 --2- v2:127.0.0.1:7114/0 >> conn(0x55fc488e6800 0x55fc48a42b00 crc :-1 s=AUTH_ACCEPTING_SIGN pgs=0 cs=0 l=1 rev1=1 crypto rx=0 tx=0 comp rx=0 tx=0).handle_read_frame_segment r=0
2026-02-17T10:58:03.563+0000 7f2ab74ed640 1 --2- v2:127.0.0.1:7114/0 >> conn(0x55fc488e6000 0x55fc48a44100 unknown :-1 s=BANNER_ACCEPTING pgs=0 cs=0 l=0 rev1=0 crypto rx=0 tx=0 comp rx=0 tx=0)._handle_peer_banner read peer banner failed r=-1 ((1) Operation not permitted)
2026-02-17T10:58:03.563+0000 7f2abccf8640 10 --2- v2:127.0.0.1:7114/0 >> conn(0x55fc488e6800 0x55fc48a42b00 crc :-1 s=AUTH_ACCEPTING_SIGN pgs=0 cs=0 l=1 rev1=1 crypto rx=0 tx=0 comp rx=0 tx=0).handle_read_frame_dispatch tag=7
2026-02-17T10:58:03.563+0000 7f2abccf8640 20 --2- v2:127.0.0.1:7114/0 >> conn(0x55fc488e6800 0x55fc48a42b00 crc :-1 s=AUTH_ACCEPTING_SIGN pgs=0 cs=0 l=1 rev1=1 crypto rx=0 tx=0 comp rx=0 tx=0).handle_auth_signature payload.length()=32
2026-02-17T10:58:03.563+0000 7f2ab74ed640 10 --2- v2:127.0.0.1:7114/0 >> conn(0x55fc488e6000 0x55fc48a44100 unknown :-1 s=BANNER_ACCEPTING pgs=0 cs=0 l=0 rev1=0 crypto rx=0 tx=0 comp rx=0 tx=0)._fault
2026-02-17T10:58:03.563+0000 7f2ab74ed640 2 --2- v2:127.0.0.1:7114/0 >> conn(0x55fc488e6000 0x55fc48a44100 unknown :-1 s=BANNER_ACCEPTING pgs=0 cs=0 l=0 rev1=0 crypto rx=0 tx=0 comp rx=0 tx=0)._fault with nothing to send and in the half accept state just closed
2026-02-17T10:58:03.563+0000 7f2abccf8640 20 --2- v2:127.0.0.1:7114/0 >> conn(0x55fc488e6800 0x55fc48a42b00 crc :-1 s=AUTH_ACCEPTING_SIGN pgs=0 cs=0 l=1 rev1=1 crypto rx=0 tx=0 comp rx=0 tx=0).handle_auth_signature pre-auth signature success sig_frame.signature()=0000000000000000000000000000000000000000000000000000000000000000
2026-02-17T10:58:03.563+0000 7f2ab74ed640 1 --2- v2:127.0.0.1:7114/0 >> conn(0x55fc488e6000 0x55fc48a44100 unknown :-1 s=BANNER_ACCEPTING pgs=0 cs=0 l=0 rev1=0 crypto rx=0 tx=0 comp rx=0 tx=0).stop
2026-02-17T10:58:03.563+0000 7f2abccf8640 20 --2- v2:127.0.0.1:7114/0 >> conn(0x55fc488e6800 0x55fc48a42b00 crc :-1 s=COMPRESSION_ACCEPTING pgs=0 cs=0 l=1 rev1=1 crypto rx=0 tx=0 comp rx=0 tx=0).read_frame
2026-02-17T10:58:03.563+0000 7f2ab74ed640 5 --2- v2:127.0.0.1:7114/0 >> conn(0x55fc488e6000 0x55fc48a44100 unknown :-1 s=BANNER_ACCEPTING pgs=0 cs=0 l=0 rev1=0 crypto rx=0 tx=0 comp rx=0 tx=0).reset_recv_state
2026-02-17T10:58:03.563+0000 7f2abccf8640 20 -- v2:127.0.0.1:7114/0 >> conn(0x55fc488e6800 msgr2=0x55fc48a42b00 crc :-1 s=STATE_CONNECTION_ESTABLISHED l=1).read start len=32
2026-02-17T10:58:03.563+0000 7f2ab74ed640 5 --2- v2:127.0.0.1:7114/0 >> conn(0x55fc488e6000 0x55fc48a44100 unknown :-1 s=BANNER_ACCEPTING pgs=0 cs=0 l=0 rev1=0 crypto rx=0 tx=0 comp rx=0 tx=0).reset_security
2026-02-17T10:58:03.563+0000 7f2ab74ed640 5 --2- v2:127.0.0.1:7114/0 >> conn(0x55fc488e6000 0x55fc48a44100 unknown :-1 s=BANNER_ACCEPTING pgs=0 cs=0 l=0 rev1=0 crypto rx=0 tx=0 comp rx=0 tx=0).reset_compression
2026-02-17T10:58:03.563+0000 7f2ab74ed640 10 --2- v2:127.0.0.1:7114/0 >> conn(0x55fc488e6000 0x55fc48a44100 unknown :-1 s=BANNER_ACCEPTING pgs=0 cs=0 l=0 rev1=0 crypto rx=0 tx=0 comp rx=0 tx=0).discard_out_queue started
2026-02-17T10:58:03.563+0000 7f2abccf8640 20 --2- v2:127.0.0.1:7114/0 >> conn(0x55fc488e6800 0x55fc48a42b00 crc :-1 s=COMPRESSION_ACCEPTING pgs=0 cs=0 l=1 rev1=1 crypto rx=0 tx=0 comp rx=0 tx=0).handle_read_frame_preamble_main r=0
2026-02-17T10:58:03.563+0000 7f2ab74ed640 20 EpollDriver.del_event del event fd=43 cur_mask=1 delmask=3 to 23
2026-02-17T10:58:03.563+0000 7f2abccf8640 20 --2- v2:127.0.0.1:7114/0 >> conn(0x55fc488e6800 0x55fc48a42b00 crc :-1 s=COMPRESSION_ACCEPTING pgs=0 cs=0 l=1 rev1=1 crypto rx=0 tx=0 comp rx=0 tx=0).read_frame_segment seg_idx=0
2026-02-17T10:58:03.563+0000 7f2abccf8640 20 -- v2:127.0.0.1:7114/0 >> conn(0x55fc488e6800 msgr2=0x55fc48a42b00 crc :-1 s=STATE_CONNECTION_ESTABLISHED l=1).read start len=9
2026-02-17T10:58:03.563+0000 7f2abccf8640 20 --2- v2:127.0.0.1:7114/0 >> conn(0x55fc488e6800 0x55fc48a42b00 crc :-1 s=COMPRESSION_ACCEPTING pgs=0 cs=0 l=1 rev1=1 crypto rx=0 tx=0 comp rx=0 tx=0).handle_read_frame_segment r=0
2026-02-17T10:58:03.563+0000 7f2abccf8640 10 --2- v2:127.0.0.1:7114/0 >> conn(0x55fc488e6800 0x55fc48a42b00 crc :-1 s=COMPRESSION_ACCEPTING pgs=0 cs=0 l=1 rev1=1 crypto rx=0 tx=0 comp rx=0 tx=0).handle_read_frame_dispatch tag=21
2026-02-17T10:58:03.563+0000 7f2abccf8640 10 --2- v2:127.0.0.1:7114/0 >> conn(0x55fc488e6800 0x55fc48a42b00 crc :-1 s=COMPRESSION_ACCEPTING pgs=0 cs=0 l=1 rev1=1 crypto rx=0 tx=0 comp rx=0 tx=0).handle_compression_request CompressionRequestFrame(is_compress=0, preferred_methods=[])
2026-02-17T10:58:03.563+0000 7f2abccf8640 20 CompressorRegistry(0x55fc4781bd18) get_mode peer_type 8 is_secure 0
2026-02-17T10:58:03.563+0000 7f2ab8cf0640 10 mon.a@0(leader) e1 ms_handle_reset 0x55fc488e6000 -
2026-02-17T10:58:03.563+0000 7f2abccf8640 10 -- v2:127.0.0.1:7114/0 >> conn(0x55fc488e6800 msgr2=0x55fc48a42b00 crc :-1 s=STATE_CONNECTION_ESTABLISHED l=1)._try_send sent bytes 41 remaining bytes 0
2026-02-17T10:58:03.563+0000 7f2abccf8640 20 --2- v2:127.0.0.1:7114/0 >> conn(0x55fc488e6800 0x55fc48a42b00 crc :-1 s=SESSION_ACCEPTING pgs=0 cs=0 l=1 rev1=1 crypto rx=0 tx=0 comp rx=0 tx=0).read_frame
2026-02-17T10:58:03.563+0000 7f2abccf8640 20 -- v2:127.0.0.1:7114/0 >> conn(0x55fc488e6800 msgr2=0x55fc48a42b00 crc :-1 s=STATE_CONNECTION_ESTABLISHED l=1).read start len=32
2026-02-17T10:58:03.563+0000 7f2abccf8640 20 -- v2:127.0.0.1:7114/0 >> conn(0x55fc488e6800 msgr2=0x55fc48a42b00 crc :-1 s=STATE_CONNECTION_ESTABLISHED l=1).process
2026-02-17T10:58:03.563+0000 7f2abccf8640 20 -- v2:127.0.0.1:7114/0 >> conn(0x55fc488e6800 msgr2=0x55fc48a42b00 crc :-1 s=STATE_CONNECTION_ESTABLISHED l=1).read continue len=32
2026-02-17T10:58:03.563+0000 7f2abccf8640 20 --2- v2:127.0.0.1:7114/0 >> conn(0x55fc488e6800 0x55fc48a42b00 crc :-1 s=SESSION_ACCEPTING pgs=0 cs=0 l=1 rev1=1 crypto rx=0 tx=0 comp rx=0 tx=0).handle_read_frame_preamble_main r=0
2026-02-17T10:58:03.563+0000 7f2abccf8640 20 --2- v2:127.0.0.1:7114/0 >> conn(0x55fc488e6800 0x55fc48a42b00 crc :-1 s=SESSION_ACCEPTING pgs=0 cs=0 l=1 rev1=1 crypto rx=0 tx=0 comp rx=0 tx=0).read_frame_segment seg_idx=0
2026-02-17T10:58:03.563+0000 7f2abccf8640 20 -- v2:127.0.0.1:7114/0 >> conn(0x55fc488e6800 msgr2=0x55fc48a42b00 crc :-1 s=STATE_CONNECTION_ESTABLISHED l=1).read start len=127
2026-02-17T10:58:03.563+0000 7f2abccf8640 20 --2- v2:127.0.0.1:7114/0 >> conn(0x55fc488e6800 0x55fc48a42b00 crc :-1 s=SESSION_ACCEPTING pgs=0 cs=0 l=1 rev1=1 crypto rx=0 tx=0 comp rx=0 tx=0).handle_read_frame_segment r=0
2026-02-17T10:58:03.563+0000 7f2abccf8640 10 --2- v2:127.0.0.1:7114/0 >> conn(0x55fc488e6800 0x55fc48a42b00 crc :-1 s=SESSION_ACCEPTING pgs=0 cs=0 l=1 rev1=1 crypto rx=0 tx=0 comp rx=0 tx=0).handle_read_frame_dispatch tag=8
2026-02-17T10:58:03.563+0000 7f2abccf8640 20 --2- v2:127.0.0.1:7114/0 >> conn(0x55fc488e6800 0x55fc48a42b00 crc :-1 s=SESSION_ACCEPTING pgs=0 cs=0 l=1 rev1=1 crypto rx=0 tx=0 comp rx=0 tx=0).handle_client_ident payload.length()=123
2026-02-17T10:58:03.563+0000 7f2abccf8640 5 --2- v2:127.0.0.1:7114/0 >> conn(0x55fc488e6800 0x55fc48a42b00 crc :-1 s=SESSION_ACCEPTING pgs=0 cs=0 l=1 rev1=1 crypto rx=0 tx=0 comp rx=0 tx=0).handle_client_ident received client identification: addrs=127.0.0.1:0/366075410 target=v2:127.0.0.1:7114/0 gid=-1 global_seq=2 features_supported=3f03cffffffdffff features_required=800000000000000 flags=0 cookie=8ac815f2011387da
2026-02-17T10:58:03.563+0000 7f2abccf8640 10 -- v2:127.0.0.1:7114/0 >> 127.0.0.1:0/366075410 conn(0x55fc488e6800 msgr2=0x55fc48a42b00 crc :-1 s=STATE_CONNECTION_ESTABLISHED l=1)._infer_target_addr 127.0.0.1:0/366075410 -> 127.0.0.1:0/366075410
2026-02-17T10:58:03.563+0000 7f2abccf8640 20 --2- v2:127.0.0.1:7114/0 >> 127.0.0.1:0/366075410 conn(0x55fc488e6800 0x55fc48a42b00 crc :-1 s=SESSION_ACCEPTING pgs=2 cs=0 l=1 rev1=1 crypto rx=0 tx=0 comp rx=0 tx=0).send_server_ident
2026-02-17T10:58:03.563+0000 7f2abccf8640 10 --2- v2:127.0.0.1:7114/0 >> 127.0.0.1:0/366075410 conn(0x55fc488e6800 0x55fc48a42b00 crc :-1 s=SESSION_ACCEPTING pgs=2 cs=0 l=1 rev1=1 crypto rx=0 tx=0 comp rx=0 tx=0).discard_requeued_up_to 0
2026-02-17T10:58:03.563+0000 7f2abccf8640 5 --2- v2:127.0.0.1:7114/0 >> 127.0.0.1:0/366075410 conn(0x55fc488e6800 0x55fc48a42b00 crc :-1 s=SESSION_ACCEPTING pgs=2 cs=0 l=1 rev1=1 crypto rx=0 tx=0 comp rx=0 tx=0).send_server_ident sending identification: addrs=v2:127.0.0.1:7114/0 gid=0 global_seq=22 features_supported=3f03cffffffdffff features_required=c01020002040000 flags=1 cookie=0
2026-02-17T10:58:03.563+0000 7f2ab8cf0640 10 mon.a@0(leader) e1 ms_handle_accept con 0x55fc488e6800 session 0x55fc486ef680 registering session for 127.0.0.1:0/366075410
2026-02-17T10:58:03.563+0000 7f2abccf8640 10 -- v2:127.0.0.1:7114/0 >> 127.0.0.1:0/366075410 conn(0x55fc488e6800 msgr2=0x55fc48a42b00 crc :-1 s=STATE_CONNECTION_ESTABLISHED l=1)._try_send sent bytes 124 remaining bytes 0
2026-02-17T10:58:03.563+0000 7f2abccf8640 20 --2- v2:127.0.0.1:7114/0 >> 127.0.0.1:0/366075410 conn(0x55fc488e6800 0x55fc48a42b00 crc :-1 s=SESSION_ACCEPTING pgs=2 cs=0 l=1 rev1=1 crypto rx=0 tx=0 comp rx=0 tx=0).server_ready
2026-02-17T10:58:03.563+0000 7f2abccf8640 1 --2- v2:127.0.0.1:7114/0 >> 127.0.0.1:0/366075410 conn(0x55fc488e6800 0x55fc48a42b00 crc :-1 s=READY pgs=2 cs=0 l=1 rev1=1 crypto rx=0 tx=0 comp rx=0 tx=0).ready entity=client.? client_cookie=8ac815f2011387da server_cookie=0 in_seq=0 out_seq=0
2026-02-17T10:58:03.563+0000 7f2abccf8640 20 --2- v2:127.0.0.1:7114/0 >> 127.0.0.1:0/366075410 conn(0x55fc488e6800 0x55fc48a42b00 crc :-1 s=READY pgs=2 cs=0 l=1 rev1=1 crypto rx=0 tx=0 comp rx=0 tx=0).read_frame
2026-02-17T10:58:03.563+0000 7f2abccf8640 20 -- v2:127.0.0.1:7114/0 >> 127.0.0.1:0/366075410 conn(0x55fc488e6800 msgr2=0x55fc48a42b00 crc :-1 s=STATE_CONNECTION_ESTABLISHED l=1).read start len=32
2026-02-17T10:58:03.563+0000 7f2abccf8640 20 -- v2:127.0.0.1:7114/0 >> 127.0.0.1:0/366075410 conn(0x55fc488e6800 msgr2=0x55fc48a42b00 crc :-1 s=STATE_CONNECTION_ESTABLISHED l=1).process
2026-02-17T10:58:03.563+0000 7f2abccf8640 20 -- v2:127.0.0.1:7114/0 >> 127.0.0.1:0/366075410 conn(0x55fc488e6800 msgr2=0x55fc48a42b00 crc :-1 s=STATE_CONNECTION_ESTABLISHED l=1).read continue len=32
2026-02-17T10:58:03.563+0000 7f2abccf8640 20 --2- v2:127.0.0.1:7114/0 >> 127.0.0.1:0/366075410 conn(0x55fc488e6800 0x55fc48a42b00 crc :-1 s=READY pgs=2 cs=0 l=1 rev1=1 crypto rx=0 tx=0 comp rx=0 tx=0).handle_read_frame_preamble_main r=0
2026-02-17T10:58:03.563+0000 7f2abccf8640 20 --2- v2:127.0.0.1:7114/0 >> 127.0.0.1:0/366075410 conn(0x55fc488e6800 0x55fc48a42b00 crc :-1 s=THROTTLE_MESSAGE pgs=2 cs=0 l=1 rev1=1 crypto rx=0 tx=0 comp rx=0 tx=0).throttle_message
2026-02-17T10:58:03.563+0000 7f2abccf8640 20 --2- v2:127.0.0.1:7114/0 >> 127.0.0.1:0/366075410 conn(0x55fc488e6800 0x55fc48a42b00 crc :-1 s=THROTTLE_BYTES pgs=2 cs=0 l=1 rev1=1 crypto rx=0 tx=0 comp rx=0 tx=0).throttle_bytes
2026-02-17T10:58:03.563+0000 7f2abccf8640 20 --2- v2:127.0.0.1:7114/0 >> 127.0.0.1:0/366075410 conn(0x55fc488e6800 0x55fc48a42b00 crc :-1 s=THROTTLE_DISPATCH_QUEUE pgs=2 cs=0 l=1 rev1=1 crypto rx=0 tx=0 comp rx=0 tx=0).throttle_dispatch_queue
2026-02-17T10:58:03.563+0000 7f2abccf8640 20 --2- v2:127.0.0.1:7114/0 >> 127.0.0.1:0/366075410 conn(0x55fc488e6800 0x55fc48a42b00 crc :-1 s=THROTTLE_DONE pgs=2 cs=0 l=1 rev1=1 crypto rx=0 tx=0 comp rx=0 tx=0).read_frame_segment seg_idx=0
2026-02-17T10:58:03.563+0000 7f2abccf8640 20 -- v2:127.0.0.1:7114/0 >> 127.0.0.1:0/366075410 conn(0x55fc488e6800 msgr2=0x55fc48a42b00 crc :-1 s=STATE_CONNECTION_ESTABLISHED l=1).read start len=45
2026-02-17T10:58:03.563+0000 7f2abccf8640 20 --2- v2:127.0.0.1:7114/0 >> 127.0.0.1:0/366075410 conn(0x55fc488e6800 0x55fc48a42b00 crc :-1 s=THROTTLE_DONE pgs=2 cs=0 l=1 rev1=1 crypto rx=0 tx=0 comp rx=0 tx=0).handle_read_frame_segment r=0
2026-02-17T10:58:03.563+0000 7f2abccf8640 10 --2- v2:127.0.0.1:7114/0 >> 127.0.0.1:0/366075410 conn(0x55fc488e6800 0x55fc48a42b00 crc :-1 s=THROTTLE_DONE pgs=2 cs=0 l=1 rev1=1 crypto rx=0 tx=0 comp rx=0 tx=0).handle_read_frame_dispatch tag=17
2026-02-17T10:58:03.563+0000 7f2abccf8640 20 --2- v2:127.0.0.1:7114/0 >> 127.0.0.1:0/366075410 conn(0x55fc488e6800 0x55fc48a42b00 crc :-1 s=THROTTLE_DONE pgs=2 cs=0 l=1 rev1=1 crypto rx=0 tx=0 comp rx=0 tx=0).handle_message
2026-02-17T10:58:03.563+0000 7f2abccf8640 5 --2- v2:127.0.0.1:7114/0 >> 127.0.0.1:0/366075410 conn(0x55fc488e6800 0x55fc48a42b00 crc :-1 s=THROTTLE_DONE pgs=2 cs=0 l=1 rev1=1 crypto rx=0 tx=0 comp rx=0 tx=0).handle_message got 0 + 0 + 0 byte message. envelope type=5 src client.? off 0
2026-02-17T10:58:03.563+0000 7f2abccf8640 5 --2- v2:127.0.0.1:7114/0 >> 127.0.0.1:0/366075410 conn(0x55fc488e6800 0x55fc48a42b00 crc :-1 s=READ_MESSAGE_COMPLETE pgs=2 cs=0 l=1 rev1=1 crypto rx=0 tx=0 comp rx=0 tx=0).handle_message received message m=0x55fc488c4600 seq=1 from=client.? type=5 mon_getmap magic: 0
2026-02-17T10:58:03.563+0000 7f2abccf8640 20 -- v2:127.0.0.1:7114/0 queue 0x55fc488c4600 prio 127
2026-02-17T10:58:03.563+0000 7f2abccf8640 20 --2- v2:127.0.0.1:7114/0 >> 127.0.0.1:0/366075410 conn(0x55fc488e6800 0x55fc48a42b00 crc :-1 s=READY pgs=2 cs=0 l=1 rev1=1 crypto rx=0 tx=0 comp rx=0 tx=0).read_frame
2026-02-17T10:58:03.563+0000 7f2abccf8640 20 -- v2:127.0.0.1:7114/0 >> 127.0.0.1:0/366075410 conn(0x55fc488e6800 msgr2=0x55fc48a42b00 crc :-1 s=STATE_CONNECTION_ESTABLISHED l=1).read start len=32
2026-02-17T10:58:03.563+0000 7f2abccf8640 20 --2- v2:127.0.0.1:7114/0 >> 127.0.0.1:0/366075410 conn(0x55fc488e6800 0x55fc48a42b00 crc :-1 s=READY pgs=2 cs=0 l=1 rev1=1 crypto rx=0 tx=0 comp rx=0 tx=0).handle_read_frame_preamble_main r=0
2026-02-17T10:58:03.563+0000 7f2abccf8640 20 --2- v2:127.0.0.1:7114/0 >> 127.0.0.1:0/366075410 conn(0x55fc488e6800 0x55fc48a42b00 crc :-1 s=THROTTLE_MESSAGE pgs=2 cs=0 l=1 rev1=1 crypto rx=0 tx=0 comp rx=0 tx=0).throttle_message
2026-02-17T10:58:03.563+0000 7f2abccf8640 20 --2- v2:127.0.0.1:7114/0 >> 127.0.0.1:0/366075410 conn(0x55fc488e6800 0x55fc48a42b00 crc :-1 s=THROTTLE_BYTES pgs=2 cs=0 l=1 rev1=1 crypto rx=0 tx=0 comp rx=0 tx=0).throttle_bytes
2026-02-17T10:58:03.563+0000 7f2ab8cf0640 1 -- v2:127.0.0.1:7114/0 <== client.? 127.0.0.1:0/366075410 1 ==== mon_getmap magic: 0 ==== 0+0+0 (crc 0 0 0) 0x55fc488c4600 con 0x55fc488e6800
2026-02-17T10:58:03.563+0000 7f2abccf8640 10 --2- v2:127.0.0.1:7114/0 >> 127.0.0.1:0/366075410 conn(0x55fc488e6800 0x55fc48a42b00 crc :-1 s=THROTTLE_BYTES pgs=2 cs=0 l=1 rev1=1 crypto rx=0 tx=0 comp rx=0 tx=0).throttle_bytes wants 54 bytes from policy throttler 0/104857600
2026-02-17T10:58:03.563+0000 7f2ab8cf0640 20 mon.a@0(leader) e1 _ms_dispatch existing session 0x55fc486ef680 for client.?
2026-02-17T10:58:03.563+0000 7f2abccf8640 20 --2- v2:127.0.0.1:7114/0 >> 127.0.0.1:0/366075410 conn(0x55fc488e6800 0x55fc48a42b00 crc :-1 s=THROTTLE_DISPATCH_QUEUE pgs=2 cs=0 l=1 rev1=1 crypto rx=0 tx=0 comp rx=0 tx=0).throttle_dispatch_queue
2026-02-17T10:58:03.563+0000 7f2ab8cf0640 20 mon.a@0(leader) e1 entity_name client.admin global_id 4117 (none) caps allow *
2026-02-17T10:58:03.563+0000 7f2ab8cf0640 10 mon.a@0(leader) e1 handle_mon_get_map
2026-02-17T10:58:03.563+0000 7f2abccf8640 20 --2- v2:127.0.0.1:7114/0 >> 127.0.0.1:0/366075410 conn(0x55fc488e6800 0x55fc48a42b00 crc :-1 s=THROTTLE_DONE pgs=2 cs=0 l=1 rev1=1 crypto rx=0 tx=0 comp rx=0 tx=0).read_frame_segment seg_idx=0
2026-02-17T10:58:03.563+0000 7f2abccf8640 20 -- v2:127.0.0.1:7114/0 >> 127.0.0.1:0/366075410 conn(0x55fc488e6800 msgr2=0x55fc48a42b00 crc :-1 s=STATE_CONNECTION_ESTABLISHED l=1).read start len=45
2026-02-17T10:58:03.563+0000 7f2abccf8640 20 --2- v2:127.0.0.1:7114/0 >> 127.0.0.1:0/366075410 conn(0x55fc488e6800 0x55fc48a42b00 crc :-1 s=THROTTLE_DONE pgs=2 cs=0 l=1 rev1=1 crypto rx=0 tx=0 comp rx=0 tx=0).handle_read_frame_segment r=0
2026-02-17T10:58:03.563+0000 7f2abccf8640 20 --2- v2:127.0.0.1:7114/0 >> 127.0.0.1:0/366075410 conn(0x55fc488e6800 0x55fc48a42b00 crc :-1 s=THROTTLE_DONE pgs=2 cs=0 l=1 rev1=1 crypto rx=0 tx=0 comp rx=0 tx=0).read_frame_segment seg_idx=1
2026-02-17T10:58:03.563+0000 7f2ab8cf0640 1 -- v2:127.0.0.1:7114/0 --> 127.0.0.1:0/366075410 -- mon_map magic: 0 -- 0x55fc48d47ba0 con 0x55fc488e6800
2026-02-17T10:58:03.563+0000 7f2abccf8640 20 -- v2:127.0.0.1:7114/0 >> 127.0.0.1:0/366075410 conn(0x55fc488e6800 msgr2=0x55fc48a42b00 crc :-1 s=STATE_CONNECTION_ESTABLISHED l=1).read start len=54
2026-02-17T10:58:03.563+0000 7f2abccf8640 20 --2- v2:127.0.0.1:7114/0 >> 127.0.0.1:0/366075410 conn(0x55fc488e6800 0x55fc48a42b00 crc :-1 s=THROTTLE_DONE pgs=2 cs=0 l=1 rev1=1 crypto rx=0 tx=0 comp rx=0 tx=0).handle_read_frame_segment r=0
2026-02-17T10:58:03.563+0000 7f2ab8cf0640 5 --2- v2:127.0.0.1:7114/0 >> 127.0.0.1:0/366075410 conn(0x55fc488e6800 0x55fc48a42b00 crc :-1 s=THROTTLE_DONE pgs=2 cs=0 l=1 rev1=1 crypto rx=0 tx=0 comp rx=0 tx=0).send_message enqueueing message m=0x55fc48d47ba0 type=4 mon_map magic: 0
2026-02-17T10:58:03.563+0000 7f2abccf8640 20 -- v2:127.0.0.1:7114/0 >> 127.0.0.1:0/366075410 conn(0x55fc488e6800 msgr2=0x55fc48a42b00 crc :-1 s=STATE_CONNECTION_ESTABLISHED l=1).read start len=13
2026-02-17T10:58:03.563+0000 7f2abccf8640 20 --2- v2:127.0.0.1:7114/0 >> 127.0.0.1:0/366075410 conn(0x55fc488e6800 0x55fc48a42b00 crc :-1 s=THROTTLE_DONE pgs=2 cs=0 l=1 rev1=1 crypto rx=0 tx=0 comp rx=0 tx=0).handle_read_frame_epilogue_main r=0
2026-02-17T10:58:03.563+0000 7f2ab8cf0640 15 --2- v2:127.0.0.1:7114/0 >> 127.0.0.1:0/366075410 conn(0x55fc488e6800 0x55fc48a42b00 crc :-1 s=THROTTLE_DONE pgs=2 cs=0 l=1 rev1=1 crypto rx=0 tx=0 comp rx=0 tx=0).send_message inline write is denied, reschedule m=0x55fc48d47ba0
2026-02-17T10:58:03.563+0000 7f2abccf8640 10 --2- v2:127.0.0.1:7114/0 >> 127.0.0.1:0/366075410 conn(0x55fc488e6800 0x55fc48a42b00 crc :-1 s=THROTTLE_DONE pgs=2 cs=0 l=1 rev1=1 crypto rx=0 tx=0 comp rx=0 tx=0).handle_read_frame_dispatch tag=17
2026-02-17T10:58:03.563+0000 7f2ab8cf0640 20 Event(0x55fc4783c2c8 nevent=5000 time_id=11).wakeup
2026-02-17T10:58:03.563+0000 7f2abccf8640 20 --2- v2:127.0.0.1:7114/0 >> 127.0.0.1:0/366075410 conn(0x55fc488e6800 0x55fc48a42b00 crc :-1 s=THROTTLE_DONE pgs=2 cs=0 l=1 rev1=1 crypto rx=0 tx=0 comp rx=0 tx=0).handle_message
2026-02-17T10:58:03.563+0000 7f2abccf8640 5 --2- v2:127.0.0.1:7114/0 >> 127.0.0.1:0/366075410 conn(0x55fc488e6800 0x55fc48a42b00 crc :-1 s=THROTTLE_DONE pgs=2 cs=0 l=1 rev1=1 crypto rx=0 tx=0 comp rx=0 tx=0).handle_message got 54 + 0 + 0 byte message. envelope type=15 src client.? off 0
2026-02-17T10:58:03.563+0000 7f2ab8cf0640 20 -- v2:127.0.0.1:7114/0 done calling dispatch on 0x55fc488c4600
2026-02-17T10:58:03.563+0000 7f2abccf8640 5 --2- v2:127.0.0.1:7114/0 >> 127.0.0.1:0/366075410 conn(0x55fc488e6800 0x55fc48a42b00 crc :-1 s=READ_MESSAGE_COMPLETE pgs=2 cs=0 l=1 rev1=1 crypto rx=0 tx=0 comp rx=0 tx=0).handle_message received message m=0x55fc48a9e780 seq=2 from=client.? type=15 mon_subscribe({config=0+,monmap=0+})
2026-02-17T10:58:03.563+0000 7f2abccf8640 20 -- v2:127.0.0.1:7114/0 queue 0x55fc48a9e780 prio 127
2026-02-17T10:58:03.563+0000 7f2abccf8640 20 --2- v2:127.0.0.1:7114/0 >> 127.0.0.1:0/366075410 conn(0x55fc488e6800 0x55fc48a42b00 crc :-1 s=READY pgs=2 cs=0 l=1 rev1=1 crypto rx=0 tx=0 comp rx=0 tx=0).read_frame
