2026-02-17T10:57:59.272+0000 7f2ab6cec640 5 --2- v2:127.0.0.1:7114/0 >> conn(0x55fc489b2400 0x55fc48a42000 crc :-1 s=SESSION_ACCEPTING pgs=0 cs=0 l=1 rev1=1 crypto rx=0 tx=0 comp rx=0 tx=0).handle_client_ident received client identification: addrs=127.0.0.1:0/4058113950 target=v2:127.0.0.1:7114/0 gid=-1 global_seq=2 features_supported=3f03cffffffdffff features_required=800000000000000 flags=0 cookie=8cd4c17d948582c7
2026-02-17T10:57:59.272+0000 7f2ab6cec640 10 -- v2:127.0.0.1:7114/0 >> 127.0.0.1:0/4058113950 conn(0x55fc489b2400 msgr2=0x55fc48a42000 crc :-1 s=STATE_CONNECTION_ESTABLISHED l=1)._infer_target_addr 127.0.0.1:0/4058113950 -> 127.0.0.1:0/4058113950
2026-02-17T10:57:59.272+0000 7f2ab6cec640 20 --2- v2:127.0.0.1:7114/0 >> 127.0.0.1:0/4058113950 conn(0x55fc489b2400 0x55fc48a42000 crc :-1 s=SESSION_ACCEPTING pgs=2 cs=0 l=1 rev1=1 crypto rx=0 tx=0 comp rx=0 tx=0).send_server_ident
2026-02-17T10:57:59.272+0000 7f2ab6cec640 10 --2- v2:127.0.0.1:7114/0 >> 127.0.0.1:0/4058113950 conn(0x55fc489b2400 0x55fc48a42000 crc :-1 s=SESSION_ACCEPTING pgs=2 cs=0 l=1 rev1=1 crypto rx=0 tx=0 comp rx=0 tx=0).discard_requeued_up_to 0
2026-02-17T10:57:59.272+0000 7f2ab6cec640 5 --2- v2:127.0.0.1:7114/0 >> 127.0.0.1:0/4058113950 conn(0x55fc489b2400 0x55fc48a42000 crc :-1 s=SESSION_ACCEPTING pgs=2 cs=0 l=1 rev1=1 crypto rx=0 tx=0 comp rx=0 tx=0).send_server_ident sending identification: addrs=v2:127.0.0.1:7114/0 gid=0 global_seq=7 features_supported=3f03cffffffdffff features_required=c01020002040000 flags=1 cookie=0
2026-02-17T10:57:59.272+0000 7f2ab8cf0640 10 mon.a@0(leader) e1 ms_handle_accept con 0x55fc489b2400 session 0x55fc4896f680 registering session for 127.0.0.1:0/4058113950
2026-02-17T10:57:59.272+0000 7f2ab6cec640 10 -- v2:127.0.0.1:7114/0 >> 127.0.0.1:0/4058113950 conn(0x55fc489b2400 msgr2=0x55fc48a42000 crc :-1 s=STATE_CONNECTION_ESTABLISHED l=1)._try_send sent bytes 124 remaining bytes 0
2026-02-17T10:57:59.272+0000 7f2ab6cec640 20 --2- v2:127.0.0.1:7114/0 >> 127.0.0.1:0/4058113950 conn(0x55fc489b2400 0x55fc48a42000 crc :-1 s=SESSION_ACCEPTING pgs=2 cs=0 l=1 rev1=1 crypto rx=0 tx=0 comp rx=0 tx=0).server_ready
2026-02-17T10:57:59.272+0000 7f2ab6cec640 1 --2- v2:127.0.0.1:7114/0 >> 127.0.0.1:0/4058113950 conn(0x55fc489b2400 0x55fc48a42000 crc :-1 s=READY pgs=2 cs=0 l=1 rev1=1 crypto rx=0 tx=0 comp rx=0 tx=0).ready entity=client.? client_cookie=8cd4c17d948582c7 server_cookie=0 in_seq=0 out_seq=0
2026-02-17T10:57:59.272+0000 7f2ab6cec640 20 --2- v2:127.0.0.1:7114/0 >> 127.0.0.1:0/4058113950 conn(0x55fc489b2400 0x55fc48a42000 crc :-1 s=READY pgs=2 cs=0 l=1 rev1=1 crypto rx=0 tx=0 comp rx=0 tx=0).read_frame
2026-02-17T10:57:59.272+0000 7f2ab6cec640 20 -- v2:127.0.0.1:7114/0 >> 127.0.0.1:0/4058113950 conn(0x55fc489b2400 msgr2=0x55fc48a42000 crc :-1 s=STATE_CONNECTION_ESTABLISHED l=1).read start len=32
2026-02-17T10:57:59.272+0000 7f2ab6cec640 20 -- v2:127.0.0.1:7114/0 >> 127.0.0.1:0/4058113950 conn(0x55fc489b2400 msgr2=0x55fc48a42000 crc :-1 s=STATE_CONNECTION_ESTABLISHED l=1).process
2026-02-17T10:57:59.272+0000 7f2ab6cec640 20 -- v2:127.0.0.1:7114/0 >> 127.0.0.1:0/4058113950 conn(0x55fc489b2400 msgr2=0x55fc48a42000 crc :-1 s=STATE_CONNECTION_ESTABLISHED l=1).read continue len=32
2026-02-17T10:57:59.272+0000 7f2ab6cec640 20 --2- v2:127.0.0.1:7114/0 >> 127.0.0.1:0/4058113950 conn(0x55fc489b2400 0x55fc48a42000 crc :-1 s=READY pgs=2 cs=0 l=1 rev1=1 crypto rx=0 tx=0 comp rx=0 tx=0).handle_read_frame_preamble_main r=0
2026-02-17T10:57:59.272+0000 7f2ab6cec640 20 --2- v2:127.0.0.1:7114/0 >> 127.0.0.1:0/4058113950 conn(0x55fc489b2400 0x55fc48a42000 crc :-1 s=THROTTLE_MESSAGE pgs=2 cs=0 l=1 rev1=1 crypto rx=0 tx=0 comp rx=0 tx=0).throttle_message
2026-02-17T10:57:59.272+0000 7f2ab6cec640 20 --2- v2:127.0.0.1:7114/0 >> 127.0.0.1:0/4058113950 conn(0x55fc489b2400 0x55fc48a42000 crc :-1 s=THROTTLE_BYTES pgs=2 cs=0 l=1 rev1=1 crypto rx=0 tx=0 comp rx=0 tx=0).throttle_bytes
2026-02-17T10:57:59.272+0000 7f2ab6cec640 20 --2- v2:127.0.0.1:7114/0 >> 127.0.0.1:0/4058113950 conn(0x55fc489b2400 0x55fc48a42000 crc :-1 s=THROTTLE_DISPATCH_QUEUE pgs=2 cs=0 l=1 rev1=1 crypto rx=0 tx=0 comp rx=0 tx=0).throttle_dispatch_queue
2026-02-17T10:57:59.272+0000 7f2ab6cec640 20 --2- v2:127.0.0.1:7114/0 >> 127.0.0.1:0/4058113950 conn(0x55fc489b2400 0x55fc48a42000 crc :-1 s=THROTTLE_DONE pgs=2 cs=0 l=1 rev1=1 crypto rx=0 tx=0 comp rx=0 tx=0).read_frame_segment seg_idx=0
2026-02-17T10:57:59.272+0000 7f2ab6cec640 20 -- v2:127.0.0.1:7114/0 >> 127.0.0.1:0/4058113950 conn(0x55fc489b2400 msgr2=0x55fc48a42000 crc :-1 s=STATE_CONNECTION_ESTABLISHED l=1).read start len=45
2026-02-17T10:57:59.272+0000 7f2ab6cec640 20 --2- v2:127.0.0.1:7114/0 >> 127.0.0.1:0/4058113950 conn(0x55fc489b2400 0x55fc48a42000 crc :-1 s=THROTTLE_DONE pgs=2 cs=0 l=1 rev1=1 crypto rx=0 tx=0 comp rx=0 tx=0).handle_read_frame_segment r=0
2026-02-17T10:57:59.272+0000 7f2ab6cec640 10 --2- v2:127.0.0.1:7114/0 >> 127.0.0.1:0/4058113950 conn(0x55fc489b2400 0x55fc48a42000 crc :-1 s=THROTTLE_DONE pgs=2 cs=0 l=1 rev1=1 crypto rx=0 tx=0 comp rx=0 tx=0).handle_read_frame_dispatch tag=17
2026-02-17T10:57:59.272+0000 7f2ab6cec640 20 --2- v2:127.0.0.1:7114/0 >> 127.0.0.1:0/4058113950 conn(0x55fc489b2400 0x55fc48a42000 crc :-1 s=THROTTLE_DONE pgs=2 cs=0 l=1 rev1=1 crypto rx=0 tx=0 comp rx=0 tx=0).handle_message
2026-02-17T10:57:59.272+0000 7f2ab6cec640 5 --2- v2:127.0.0.1:7114/0 >> 127.0.0.1:0/4058113950 conn(0x55fc489b2400 0x55fc48a42000 crc :-1 s=THROTTLE_DONE pgs=2 cs=0 l=1 rev1=1 crypto rx=0 tx=0 comp rx=0 tx=0).handle_message got 0 + 0 + 0 byte message. envelope type=5 src client.? off 0
2026-02-17T10:57:59.272+0000 7f2ab6cec640 5 --2- v2:127.0.0.1:7114/0 >> 127.0.0.1:0/4058113950 conn(0x55fc489b2400 0x55fc48a42000 crc :-1 s=READ_MESSAGE_COMPLETE pgs=2 cs=0 l=1 rev1=1 crypto rx=0 tx=0 comp rx=0 tx=0).handle_message received message m=0x55fc488c4600 seq=1 from=client.? type=5 mon_getmap magic: 0
2026-02-17T10:57:59.272+0000 7f2ab6cec640 20 -- v2:127.0.0.1:7114/0 queue 0x55fc488c4600 prio 127
2026-02-17T10:57:59.272+0000 7f2ab6cec640 20 --2- v2:127.0.0.1:7114/0 >> 127.0.0.1:0/4058113950 conn(0x55fc489b2400 0x55fc48a42000 crc :-1 s=READY pgs=2 cs=0 l=1 rev1=1 crypto rx=0 tx=0 comp rx=0 tx=0).read_frame
2026-02-17T10:57:59.272+0000 7f2ab6cec640 20 -- v2:127.0.0.1:7114/0 >> 127.0.0.1:0/4058113950 conn(0x55fc489b2400 msgr2=0x55fc48a42000 crc :-1 s=STATE_CONNECTION_ESTABLISHED l=1).read start len=32
2026-02-17T10:57:59.272+0000 7f2ab6cec640 20 --2- v2:127.0.0.1:7114/0 >> 127.0.0.1:0/4058113950 conn(0x55fc489b2400 0x55fc48a42000 crc :-1 s=READY pgs=2 cs=0 l=1 rev1=1 crypto rx=0 tx=0 comp rx=0 tx=0).handle_read_frame_preamble_main r=0
2026-02-17T10:57:59.272+0000 7f2ab6cec640 20 --2- v2:127.0.0.1:7114/0 >> 127.0.0.1:0/4058113950 conn(0x55fc489b2400 0x55fc48a42000 crc :-1 s=THROTTLE_MESSAGE pgs=2 cs=0 l=1 rev1=1 crypto rx=0 tx=0 comp rx=0 tx=0).throttle_message
2026-02-17T10:57:59.272+0000 7f2ab6cec640 20 --2- v2:127.0.0.1:7114/0 >> 127.0.0.1:0/4058113950 conn(0x55fc489b2400 0x55fc48a42000 crc :-1 s=THROTTLE_BYTES pgs=2 cs=0 l=1 rev1=1 crypto rx=0 tx=0 comp rx=0 tx=0).throttle_bytes
2026-02-17T10:57:59.272+0000 7f2ab6cec640 10 --2- v2:127.0.0.1:7114/0 >> 127.0.0.1:0/4058113950 conn(0x55fc489b2400 0x55fc48a42000 crc :-1 s=THROTTLE_BYTES pgs=2 cs=0 l=1 rev1=1 crypto rx=0 tx=0 comp rx=0 tx=0).throttle_bytes wants 54 bytes from policy throttler 424/104857600
2026-02-17T10:57:59.272+0000 7f2ab8cf0640 1 -- v2:127.0.0.1:7114/0 <== client.? 127.0.0.1:0/4058113950 1 ==== mon_getmap magic: 0 ==== 0+0+0 (crc 0 0 0) 0x55fc488c4600 con 0x55fc489b2400
2026-02-17T10:57:59.272+0000 7f2ab6cec640 20 --2- v2:127.0.0.1:7114/0 >> 127.0.0.1:0/4058113950 conn(0x55fc489b2400 0x55fc48a42000 crc :-1 s=THROTTLE_DISPATCH_QUEUE pgs=2 cs=0 l=1 rev1=1 crypto rx=0 tx=0 comp rx=0 tx=0).throttle_dispatch_queue
2026-02-17T10:57:59.272+0000 7f2ab8cf0640 20 mon.a@0(leader) e1 _ms_dispatch existing session 0x55fc4896f680 for client.?
2026-02-17T10:57:59.272+0000 7f2ab6cec640 20 --2- v2:127.0.0.1:7114/0 >> 127.0.0.1:0/4058113950 conn(0x55fc489b2400 0x55fc48a42000 crc :-1 s=THROTTLE_DONE pgs=2 cs=0 l=1 rev1=1 crypto rx=0 tx=0 comp rx=0 tx=0).read_frame_segment seg_idx=0
2026-02-17T10:57:59.272+0000 7f2ab8cf0640 20 mon.a@0(leader) e1 entity_name osd.0 global_id 4103 (none) caps allow *
2026-02-17T10:57:59.272+0000 7f2ab6cec640 20 -- v2:127.0.0.1:7114/0 >> 127.0.0.1:0/4058113950 conn(0x55fc489b2400 msgr2=0x55fc48a42000 crc :-1 s=STATE_CONNECTION_ESTABLISHED l=1).read start len=45
2026-02-17T10:57:59.272+0000 7f2ab8cf0640 10 mon.a@0(leader) e1 handle_mon_get_map
2026-02-17T10:57:59.272+0000 7f2ab6cec640 20 --2- v2:127.0.0.1:7114/0 >> 127.0.0.1:0/4058113950 conn(0x55fc489b2400 0x55fc48a42000 crc :-1 s=THROTTLE_DONE pgs=2 cs=0 l=1 rev1=1 crypto rx=0 tx=0 comp rx=0 tx=0).handle_read_frame_segment r=0
2026-02-17T10:57:59.272+0000 7f2ab6cec640 20 --2- v2:127.0.0.1:7114/0 >> 127.0.0.1:0/4058113950 conn(0x55fc489b2400 0x55fc48a42000 crc :-1 s=THROTTLE_DONE pgs=2 cs=0 l=1 rev1=1 crypto rx=0 tx=0 comp rx=0 tx=0).read_frame_segment seg_idx=1
2026-02-17T10:57:59.272+0000 7f2ab6cec640 20 -- v2:127.0.0.1:7114/0 >> 127.0.0.1:0/4058113950 conn(0x55fc489b2400 msgr2=0x55fc48a42000 crc :-1 s=STATE_CONNECTION_ESTABLISHED l=1).read start len=54
2026-02-17T10:57:59.272+0000 7f2ab6cec640 20 --2- v2:127.0.0.1:7114/0 >> 127.0.0.1:0/4058113950 conn(0x55fc489b2400 0x55fc48a42000 crc :-1 s=THROTTLE_DONE pgs=2 cs=0 l=1 rev1=1 crypto rx=0 tx=0 comp rx=0 tx=0).handle_read_frame_segment r=0
2026-02-17T10:57:59.272+0000 7f2ab6cec640 20 -- v2:127.0.0.1:7114/0 >> 127.0.0.1:0/4058113950 conn(0x55fc489b2400 msgr2=0x55fc48a42000 crc :-1 s=STATE_CONNECTION_ESTABLISHED l=1).read start len=13
2026-02-17T10:57:59.272+0000 7f2ab6cec640 20 --2- v2:127.0.0.1:7114/0 >> 127.0.0.1:0/4058113950 conn(0x55fc489b2400 0x55fc48a42000 crc :-1 s=THROTTLE_DONE pgs=2 cs=0 l=1 rev1=1 crypto rx=0 tx=0 comp rx=0 tx=0).handle_read_frame_epilogue_main r=0
2026-02-17T10:57:59.272+0000 7f2ab8cf0640 1 -- v2:127.0.0.1:7114/0 --> 127.0.0.1:0/4058113950 -- mon_map magic: 0 -- 0x55fc489824e0 con 0x55fc489b2400
2026-02-17T10:57:59.272+0000 7f2ab6cec640 10 --2- v2:127.0.0.1:7114/0 >> 127.0.0.1:0/4058113950 conn(0x55fc489b2400 0x55fc48a42000 crc :-1 s=THROTTLE_DONE pgs=2 cs=0 l=1 rev1=1 crypto rx=0 tx=0 comp rx=0 tx=0).handle_read_frame_dispatch tag=17
2026-02-17T10:57:59.272+0000 7f2ab6cec640 20 --2- v2:127.0.0.1:7114/0 >> 127.0.0.1:0/4058113950 conn(0x55fc489b2400 0x55fc48a42000 crc :-1 s=THROTTLE_DONE pgs=2 cs=0 l=1 rev1=1 crypto rx=0 tx=0 comp rx=0 tx=0).handle_message
2026-02-17T10:57:59.272+0000 7f2ab8cf0640 5 --2- v2:127.0.0.1:7114/0 >> 127.0.0.1:0/4058113950 conn(0x55fc489b2400 0x55fc48a42000 crc :-1 s=THROTTLE_DONE pgs=2 cs=0 l=1 rev1=1 crypto rx=0 tx=0 comp rx=0 tx=0).send_message enqueueing message m=0x55fc489824e0 type=4 mon_map magic: 0
2026-02-17T10:57:59.272+0000 7f2ab6cec640 5 --2- v2:127.0.0.1:7114/0 >> 127.0.0.1:0/4058113950 conn(0x55fc489b2400 0x55fc48a42000 crc :-1 s=THROTTLE_DONE pgs=2 cs=0 l=1 rev1=1 crypto rx=0 tx=0 comp rx=0 tx=0).handle_message got 54 + 0 + 0 byte message. envelope type=15 src client.? off 0
2026-02-17T10:57:59.272+0000 7f2ab8cf0640 15 --2- v2:127.0.0.1:7114/0 >> 127.0.0.1:0/4058113950 conn(0x55fc489b2400 0x55fc48a42000 crc :-1 s=THROTTLE_DONE pgs=2 cs=0 l=1 rev1=1 crypto rx=0 tx=0 comp rx=0 tx=0).send_message inline write is denied, reschedule m=0x55fc489824e0
2026-02-17T10:57:59.272+0000 7f2ab8cf0640 20 Event(0x55fc4783c508 nevent=5000 time_id=4).wakeup
2026-02-17T10:57:59.272+0000 7f2ab6cec640 5 --2- v2:127.0.0.1:7114/0 >> 127.0.0.1:0/4058113950 conn(0x55fc489b2400 0x55fc48a42000 crc :-1 s=READ_MESSAGE_COMPLETE pgs=2 cs=0 l=1 rev1=1 crypto rx=0 tx=0 comp rx=0 tx=0).handle_message received message m=0x55fc4896b4a0 seq=2 from=client.? type=15 mon_subscribe({config=0+,monmap=0+})
2026-02-17T10:57:59.272+0000 7f2ab6cec640 20 -- v2:127.0.0.1:7114/0 queue 0x55fc4896b4a0 prio 127
2026-02-17T10:57:59.272+0000 7f2ab8cf0640 20 -- v2:127.0.0.1:7114/0 done calling dispatch on 0x55fc488c4600
2026-02-17T10:57:59.272+0000 7f2ab6cec640 20 --2- v2:127.0.0.1:7114/0 >> 127.0.0.1:0/4058113950 conn(0x55fc489b2400 0x55fc48a42000 crc :-1 s=READY pgs=2 cs=0 l=1 rev1=1 crypto rx=0 tx=0 comp rx=0 tx=0).read_frame
2026-02-17T10:57:59.272+0000 7f2ab6cec640 20 -- v2:127.0.0.1:7114/0 >> 127.0.0.1:0/4058113950 conn(0x55fc489b2400 msgr2=0x55fc48a42000 crc :-1 s=STATE_CONNECTION_ESTABLISHED l=1).read start len=32
2026-02-17T10:57:59.272+0000 7f2ab6cec640 10 -- v2:127.0.0.1:7114/0 >> 127.0.0.1:0/4058113950 conn(0x55fc489b2400 msgr2=0x55fc48a42000 crc :-1 s=STATE_CONNECTION_ESTABLISHED l=1).handle_write
2026-02-17T10:57:59.272+0000 7f2ab6cec640 10 --2- v2:127.0.0.1:7114/0 >> 127.0.0.1:0/4058113950 conn(0x55fc489b2400 0x55fc48a42000 crc :-1 s=READY pgs=2 cs=0 l=1 rev1=1 crypto rx=0 tx=0 comp rx=0 tx=0).write_event
2026-02-17T10:57:59.272+0000 7f2ab8cf0640 1 -- v2:127.0.0.1:7114/0 <== client.? 127.0.0.1:0/4058113950 2 ==== mon_subscribe({config=0+,monmap=0+}) ==== 54+0+0 (crc 0 0 0) 0x55fc4896b4a0 con 0x55fc489b2400
2026-02-17T10:57:59.272+0000 7f2ab8cf0640 20 mon.a@0(leader) e1 _ms_dispatch existing session 0x55fc4896f680 for client.?
2026-02-17T10:57:59.272+0000 7f2ab6cec640 20 --2- v2:127.0.0.1:7114/0 >> 127.0.0.1:0/4058113950 conn(0x55fc489b2400 0x55fc48a42000 crc :-1 s=READY pgs=2 cs=0 l=1 rev1=1 crypto rx=0 tx=0 comp rx=0 tx=0).prepare_send_message m=mon_map magic: 0
2026-02-17T10:57:59.272+0000 7f2ab8cf0640 20 mon.a@0(leader) e1 entity_name osd.0 global_id 4103 (none) caps allow *
2026-02-17T10:57:59.272+0000 7f2ab8cf0640 10 mon.a@0(leader) e1 handle_subscribe mon_subscribe({config=0+,monmap=0+})
2026-02-17T10:57:59.272+0000 7f2ab6cec640 20 --2- v2:127.0.0.1:7114/0 >> 127.0.0.1:0/4058113950 conn(0x55fc489b2400 0x55fc48a42000 crc :-1 s=READY pgs=2 cs=0 l=1 rev1=1 crypto rx=0 tx=0 comp rx=0 tx=0).prepare_send_message encoding features 4540701547738038271 0x55fc489824e0 mon_map magic: 0
2026-02-17T10:57:59.272+0000 7f2ab8cf0640 10 mon.a@0(leader).config check_sub next 0 have 2
2026-02-17T10:57:59.272+0000 7f2ab8cf0640 10 mon.a@0(leader).config refresh_config crush_location for remote_host trial072 is {}
2026-02-17T10:57:59.272+0000 7f2ab8cf0640 20 mon.a@0(leader).config refresh_config osd.0 crush {} device_class
2026-02-17T10:57:59.272+0000 7f2ab6cec640 5 --2- v2:127.0.0.1:7114/0 >> 127.0.0.1:0/4058113950 conn(0x55fc489b2400 0x55fc48a42000 crc :-1 s=READY pgs=2 cs=0 l=1 rev1=1 crypto rx=0 tx=0 comp rx=0 tx=0).write_message sending message m=0x55fc489824e0 seq=1 mon_map magic: 0
2026-02-17T10:57:59.272+0000 7f2ab8cf0640 10 mon.a@0(leader).config maybe_send_config to client.? (changed)
2026-02-17T10:57:59.272+0000 7f2ab6cec640 20 --2- v2:127.0.0.1:7114/0 >> 127.0.0.1:0/4058113950 conn(0x55fc489b2400 0x55fc48a42000 crc :-1 s=READY pgs=2 cs=0 l=1 rev1=1 crypto rx=0 tx=0 comp rx=0 tx=0).write_message sending m=0x55fc489824e0 seq=1 src=mon.0 off=0
2026-02-17T10:57:59.272+0000 7f2ab8cf0640 10 mon.a@0(leader).config send_config to client.?
2026-02-17T10:57:59.272+0000 7f2ab8cf0640 1 -- v2:127.0.0.1:7114/0 --> 127.0.0.1:0/4058113950 -- config(0 keys) -- 0x55fc479a1500 con 0x55fc489b2400
2026-02-17T10:57:59.272+0000 7f2ab8cf0640 5 --2- v2:127.0.0.1:7114/0 >> 127.0.0.1:0/4058113950 conn(0x55fc489b2400 0x55fc48a42000 crc :-1 s=READY pgs=2 cs=0 l=1 rev1=1 crypto rx=0 tx=0 comp rx=0 tx=0).send_message enqueueing message m=0x55fc479a1500 type=62 config(0 keys)
2026-02-17T10:57:59.272+0000 7f2ab8cf0640 15 --2- v2:127.0.0.1:7114/0 >> 127.0.0.1:0/4058113950 conn(0x55fc489b2400 0x55fc48a42000 crc :-1 s=READY pgs=2 cs=0 l=1 rev1=1 crypto rx=0 tx=0 comp rx=0 tx=0).send_message inline write is denied, reschedule m=0x55fc479a1500
2026-02-17T10:57:59.272+0000 7f2ab6cec640 10 -- v2:127.0.0.1:7114/0 >> 127.0.0.1:0/4058113950 conn(0x55fc489b2400 msgr2=0x55fc48a42000 crc :-1 s=STATE_CONNECTION_ESTABLISHED l=1)._try_send sent bytes 260 remaining bytes 0
2026-02-17T10:57:59.272+0000 7f2ab8cf0640 10 mon.a@0(leader).monmap v1 check_sub monmap next 0 have 1
2026-02-17T10:57:59.272+0000 7f2ab6cec640 10 --2- v2:127.0.0.1:7114/0 >> 127.0.0.1:0/4058113950 conn(0x55fc489b2400 0x55fc48a42000 crc :-1 s=READY pgs=2 cs=0 l=1 rev1=1 crypto rx=0 tx=0 comp rx=0 tx=0).write_message sending 0x55fc489824e0 done.
2026-02-17T10:57:59.272+0000 7f2ab8cf0640 1 -- v2:127.0.0.1:7114/0 --> 127.0.0.1:0/4058113950 -- mon_map magic: 0 -- 0x55fc48983040 con 0x55fc489b2400
2026-02-17T10:57:59.272+0000 7f2ab8cf0640 5 --2- v2:127.0.0.1:7114/0 >> 127.0.0.1:0/4058113950 conn(0x55fc489b2400 0x55fc48a42000 crc :-1 s=READY pgs=2 cs=0 l=1 rev1=1 crypto rx=0 tx=0 comp rx=0 tx=0).send_message enqueueing message m=0x55fc48983040 type=4 mon_map magic: 0
2026-02-17T10:57:59.272+0000 7f2ab8cf0640 15 --2- v2:127.0.0.1:7114/0 >> 127.0.0.1:0/4058113950 conn(0x55fc489b2400 0x55fc48a42000 crc :-1 s=READY pgs=2 cs=0 l=1 rev1=1 crypto rx=0 tx=0 comp rx=0 tx=0).send_message inline write is denied, reschedule m=0x55fc48983040
2026-02-17T10:57:59.272+0000 7f2ab8cf0640 10 -- v2:127.0.0.1:7114/0 dispatch_throttle_release 54 to dispatch throttler 54/104857600
2026-02-17T10:57:59.272+0000 7f2ab8cf0640 20 -- v2:127.0.0.1:7114/0 done calling dispatch on 0x55fc4896b4a0
2026-02-17T10:57:59.272+0000 7f2ab6cec640 20 --2- v2:127.0.0.1:7114/0 >> 127.0.0.1:0/4058113950 conn(0x55fc489b2400 0x55fc48a42000 crc :-1 s=READY pgs=2 cs=0 l=1 rev1=1 crypto rx=0 tx=0 comp rx=0 tx=0).prepare_send_message m=config(0 keys)
2026-02-17T10:57:59.272+0000 7f2ab6cec640 20 --2- v2:127.0.0.1:7114/0 >> 127.0.0.1:0/4058113950 conn(0x55fc489b2400 0x55fc48a42000 crc :-1 s=READY pgs=2 cs=0 l=1 rev1=1 crypto rx=0 tx=0 comp rx=0 tx=0).prepare_send_message encoding features 4540701547738038271 0x55fc479a1500 config(0 keys)
2026-02-17T10:57:59.272+0000 7f2ab6cec640 5 --2- v2:127.0.0.1:7114/0 >> 127.0.0.1:0/4058113950 conn(0x55fc489b2400 0x55fc48a42000 crc :-1 s=READY pgs=2 cs=0 l=1 rev1=1 crypto rx=0 tx=0 comp rx=0 tx=0).write_message sending message m=0x55fc479a1500 seq=2 config(0 keys)
2026-02-17T10:57:59.272+0000 7f2ab6cec640 20 --2- v2:127.0.0.1:7114/0 >> 127.0.0.1:0/4058113950 conn(0x55fc489b2400 0x55fc48a42000 crc :-1 s=READY pgs=2 cs=0 l=1 rev1=1 crypto rx=0 tx=0 comp rx=0 tx=0).write_message sending m=0x55fc479a1500 seq=2 src=mon.0 off=0
2026-02-17T10:57:59.272+0000 7f2ab6cec640 10 -- v2:127.0.0.1:7114/0 >> 127.0.0.1:0/4058113950 conn(0x55fc489b2400 msgr2=0x55fc48a42000 crc :-1 s=STATE_CONNECTION_ESTABLISHED l=1)._try_send sent bytes 94 remaining bytes 0
2026-02-17T10:57:59.272+0000 7f2ab6cec640 10 --2- v2:127.0.0.1:7114/0 >> 127.0.0.1:0/4058113950 conn(0x55fc489b2400 0x55fc48a42000 crc :-1 s=READY pgs=2 cs=0 l=1 rev1=1 crypto rx=0 tx=0 comp rx=0 tx=0).write_message sending 0x55fc479a1500 done.
2026-02-17T10:57:59.272+0000 7f2ab6cec640 20 --2- v2:127.0.0.1:7114/0 >> 127.0.0.1:0/4058113950 conn(0x55fc489b2400 0x55fc48a42000 crc :-1 s=READY pgs=2 cs=0 l=1 rev1=1 crypto rx=0 tx=0 comp rx=0 tx=0).prepare_send_message m=mon_map magic: 0
2026-02-17T10:57:59.272+0000 7f2ab6cec640 20 --2- v2:127.0.0.1:7114/0 >> 127.0.0.1:0/4058113950 conn(0x55fc489b2400 0x55fc48a42000 crc :-1 s=READY pgs=2 cs=0 l=1 rev1=1 crypto rx=0 tx=0 comp rx=0 tx=0).prepare_send_message encoding features 4540701547738038271 0x55fc48983040 mon_map magic: 0
2026-02-17T10:57:59.272+0000 7f2ab6cec640 5 --2- v2:127.0.0.1:7114/0 >> 127.0.0.1:0/4058113950 conn(0x55fc489b2400 0x55fc48a42000 crc :-1 s=READY pgs=2 cs=0 l=1 rev1=1 crypto rx=0 tx=0 comp rx=0 tx=0).write_message sending message m=0x55fc48983040 seq=3 mon_map magic: 0
2026-02-17T10:57:59.272+0000 7f2ab6cec640 20 --2- v2:127.0.0.1:7114/0 >> 127.0.0.1:0/4058113950 conn(0x55fc489b2400 0x55fc48a42000 crc :-1 s=READY pgs=2 cs=0 l=1 rev1=1 crypto rx=0 tx=0 comp rx=0 tx=0).write_message sending m=0x55fc48983040 seq=3 src=mon.0 off=0
2026-02-17T10:57:59.272+0000 7f2ab6cec640 10 -- v2:127.0.0.1:7114/0 >> 127.0.0.1:0/4058113950 conn(0x55fc489b2400 msgr2=0x55fc48a42000 crc :-1 s=STATE_CONNECTION_ESTABLISHED l=1)._try_send sent bytes 260 remaining bytes 0
2026-02-17T10:57:59.272+0000 7f2ab6cec640 10 --2- v2:127.0.0.1:7114/0 >> 127.0.0.1:0/4058113950 conn(0x55fc489b2400 0x55fc48a42000 crc :-1 s=READY pgs=2 cs=0 l=1 rev1=1 crypto rx=0 tx=0 comp rx=0 tx=0).write_message sending 0x55fc48983040 done.
2026-02-17T10:57:59.272+0000 7f2ab6cec640 20 -- v2:127.0.0.1:7114/0 >> 127.0.0.1:0/4058113950 conn(0x55fc489b2400 msgr2=0x55fc48a42000 crc :-1 s=STATE_CONNECTION_ESTABLISHED l=1).process
2026-02-17T10:57:59.272+0000 7f2ab6cec640 20 -- v2:127.0.0.1:7114/0 >> 127.0.0.1:0/4058113950 conn(0x55fc489b2400 msgr2=0x55fc48a42000 crc :-1 s=STATE_CONNECTION_ESTABLISHED l=1).read continue len=32
2026-02-17T10:57:59.272+0000 7f2ab6cec640 1 -- v2:127.0.0.1:7114/0 >> 127.0.0.1:0/4058113950 conn(0x55fc489b2400 msgr2=0x55fc48a42000 crc :-1 s=STATE_CONNECTION_ESTABLISHED l=1).read_bulk peer close file descriptor 39
2026-02-17T10:57:59.272+0000 7f2ab6cec640 1 -- v2:127.0.0.1:7114/0 >> 127.0.0.1:0/4058113950 conn(0x55fc489b2400 msgr2=0x55fc48a42000 crc :-1 s=STATE_CONNECTION_ESTABLISHED l=1).read_until read failed
2026-02-17T10:57:59.272+0000 7f2ab6cec640 20 --2- v2:127.0.0.1:7114/0 >> 127.0.0.1:0/4058113950 conn(0x55fc489b2400 0x55fc48a42000 crc :-1 s=READY pgs=2 cs=0 l=1 rev1=1 crypto rx=0 tx=0 comp rx=0 tx=0).handle_read_frame_preamble_main r=-1
2026-02-17T10:57:59.272+0000 7f2ab6cec640 1 --2- v2:127.0.0.1:7114/0 >> 127.0.0.1:0/4058113950 conn(0x55fc489b2400 0x55fc48a42000 crc :-1 s=READY pgs=2 cs=0 l=1 rev1=1 crypto rx=0 tx=0 comp rx=0 tx=0).handle_read_frame_preamble_main read frame preamble failed r=-1
2026-02-17T10:57:59.272+0000 7f2ab6cec640 10 --2- v2:127.0.0.1:7114/0 >> 127.0.0.1:0/4058113950 conn(0x55fc489b2400 0x55fc48a42000 crc :-1 s=READY pgs=2 cs=0 l=1 rev1=1 crypto rx=0 tx=0 comp rx=0 tx=0)._fault
2026-02-17T10:57:59.272+0000 7f2ab6cec640 2 --2- v2:127.0.0.1:7114/0 >> 127.0.0.1:0/4058113950 conn(0x55fc489b2400 0x55fc48a42000 crc :-1 s=READY pgs=2 cs=0 l=1 rev1=1 crypto rx=0 tx=0 comp rx=0 tx=0)._fault on lossy channel, failing
2026-02-17T10:57:59.272+0000 7f2ab6cec640 1 --2- v2:127.0.0.1:7114/0 >> 127.0.0.1:0/4058113950 conn(0x55fc489b2400 0x55fc48a42000 crc :-1 s=READY pgs=2 cs=0 l=1 rev1=1 crypto rx=0 tx=0 comp rx=0 tx=0).stop
2026-02-17T10:57:59.272+0000 7f2ab6cec640 5 --2- v2:127.0.0.1:7114/0 >> 127.0.0.1:0/4058113950 conn(0x55fc489b2400 0x55fc48a42000 crc :-1 s=READY pgs=2 cs=0 l=1 rev1=1 crypto rx=0 tx=0 comp rx=0 tx=0).reset_recv_state
2026-02-17T10:57:59.272+0000 7f2ab6cec640 5 --2- v2:127.0.0.1:7114/0 >> 127.0.0.1:0/4058113950 conn(0x55fc489b2400 0x55fc48a42000 crc :-1 s=READY pgs=2 cs=0 l=1 rev1=1 crypto rx=0 tx=0 comp rx=0 tx=0).reset_security
2026-02-17T10:57:59.272+0000 7f2ab6cec640 5 --2- v2:127.0.0.1:7114/0 >> 127.0.0.1:0/4058113950 conn(0x55fc489b2400 0x55fc48a42000 unknown :-1 s=READY pgs=2 cs=0 l=1 rev1=1 crypto rx=0 tx=0 comp rx=0 tx=0).reset_compression
2026-02-17T10:57:59.272+0000 7f2ab6cec640 10 --2- v2:127.0.0.1:7114/0 >> 127.0.0.1:0/4058113950 conn(0x55fc489b2400 0x55fc48a42000 unknown :-1 s=READY pgs=2 cs=0 l=1 rev1=1 crypto rx=0 tx=0 comp rx=0 tx=0).discard_out_queue started
2026-02-17T10:57:59.272+0000 7f2ab6cec640 1 -- v2:127.0.0.1:7114/0 reap_dead start
2026-02-17T10:57:59.272+0000 7f2ab6cec640 5 -- v2:127.0.0.1:7114/0 reap_dead delete 0x55fc488e6c00
2026-02-17T10:57:59.272+0000 7f2ab6cec640 5 -- v2:127.0.0.1:7114/0 reap_dead delete 0x55fc488e7800
2026-02-17T10:57:59.272+0000 7f2ab6cec640 5 -- v2:127.0.0.1:7114/0 reap_dead delete 0x55fc488e7c00
2026-02-17T10:57:59.272+0000 7f2ab6cec640 5 -- v2:127.0.0.1:7114/0 reap_dead delete 0x55fc489b2400
2026-02-17T10:57:59.272+0000 7f2ab6cec640 5 -- v2:127.0.0.1:7114/0 reap_dead delete 0x55fc489b2c00
2026-02-17T10:57:59.272+0000 7f2ab8cf0640 10 mon.a@0(leader) e1 ms_handle_reset 0x55fc489b2400 127.0.0.1:0/4058113950
2026-02-17T10:57:59.272+0000 7f2ab8cf0640 10 mon.a@0(leader) e1 reset/close on session client.? 127.0.0.1:0/4058113950
2026-02-17T10:57:59.272+0000 7f2ab6cec640 20 EpollDriver.del_event del event fd=39 cur_mask=1 delmask=3 to 20
2026-02-17T10:57:59.272+0000 7f2ab8cf0640 10 mon.a@0(leader) e1 remove_session 0x55fc4896f680 client.? 127.0.0.1:0/4058113950 features 0x3f03cffffffdffff
2026-02-17T10:58:01.616+0000 7f2abccf8640 20 -- v2:127.0.0.1:7114/0 >> 127.0.0.1:0/4284848558 conn(0x55fc488e6800 msgr2=0x55fc47957b80 crc :-1 s=STATE_CONNECTION_ESTABLISHED l=1).process
2026-02-17T10:58:01.616+0000 7f2abccf8640 20 -- v2:127.0.0.1:7114/0 >> 127.0.0.1:0/4284848558 conn(0x55fc488e6800 msgr2=0x55fc47957b80 crc :-1 s=STATE_CONNECTION_ESTABLISHED l=1).read continue len=32
2026-02-17T10:58:01.616+0000 7f2abccf8640 20 --2- v2:127.0.0.1:7114/0 >> 127.0.0.1:0/4284848558 conn(0x55fc488e6800 0x55fc47957b80 crc :-1 s=READY pgs=1 cs=0 l=1 rev1=1 crypto rx=0 tx=0 comp rx=0 tx=0).handle_read_frame_preamble_main r=0
2026-02-17T10:58:01.616+0000 7f2abccf8640 20 --2- v2:127.0.0.1:7114/0 >> 127.0.0.1:0/4284848558 conn(0x55fc488e6800 0x55fc47957b80 crc :-1 s=THROTTLE_MESSAGE pgs=1 cs=0 l=1 rev1=1 crypto rx=0 tx=0 comp rx=0 tx=0).throttle_message
2026-02-17T10:58:01.616+0000 7f2abccf8640 20 --2- v2:127.0.0.1:7114/0 >> 127.0.0.1:0/4284848558 conn(0x55fc488e6800 0x55fc47957b80 crc :-1 s=THROTTLE_BYTES pgs=1 cs=0 l=1 rev1=1 crypto rx=0 tx=0 comp rx=0 tx=0).throttle_bytes
2026-02-17T10:58:01.616+0000 7f2abccf8640 20 --2- v2:127.0.0.1:7114/0 >> 127.0.0.1:0/4284848558 conn(0x55fc488e6800 0x55fc47957b80 crc :-1 s=THROTTLE_DISPATCH_QUEUE pgs=1 cs=0 l=1 rev1=1 crypto rx=0 tx=0 comp rx=0 tx=0).throttle_dispatch_queue
2026-02-17T10:58:01.616+0000 7f2abccf8640 20 --2- v2:127.0.0.1:7114/0 >> 127.0.0.1:0/4284848558 conn(0x55fc488e6800 0x55fc47957b80 crc :-1 s=THROTTLE_DONE pgs=1 cs=0 l=1 rev1=1 crypto rx=0 tx=0 comp rx=0 tx=0).read_frame_segment seg_idx=0
2026-02-17T10:58:01.616+0000 7f2abccf8640 20 -- v2:127.0.0.1:7114/0 >> 127.0.0.1:0/4284848558 conn(0x55fc488e6800 msgr2=0x55fc47957b80 crc :-1 s=STATE_CONNECTION_ESTABLISHED l=1).read start len=45
2026-02-17T10:58:01.616+0000 7f2abccf8640 20 --2- v2:127.0.0.1:7114/0 >> 127.0.0.1:0/4284848558 conn(0x55fc488e6800 0x55fc47957b80 crc :-1 s=THROTTLE_DONE pgs=1 cs=0 l=1 rev1=1 crypto rx=0 tx=0 comp rx=0 tx=0).handle_read_frame_segment r=0
2026-02-17T10:58:01.616+0000 7f2abccf8640 20 --2- v2:127.0.0.1:7114/0 >> 127.0.0.1:0/4284848558 conn(0x55fc488e6800 0x55fc47957b80 crc :-1 s=THROTTLE_DONE pgs=1 cs=0 l=1 rev1=1 crypto rx=0 tx=0 comp rx=0 tx=0).read_frame_segment seg_idx=1
2026-02-17T10:58:01.616+0000 7f2abccf8640 20 -- v2:127.0.0.1:7114/0 >> 127.0.0.1:0/4284848558 conn(0x55fc488e6800 msgr2=0x55fc47957b80 crc :-1 s=STATE_CONNECTION_ESTABLISHED l=1).read start len=51843
2026-02-17T10:58:01.616+0000 7f2abccf8640 20 --2- v2:127.0.0.1:7114/0 >> 127.0.0.1:0/4284848558 conn(0x55fc488e6800 0x55fc47957b80 crc :-1 s=THROTTLE_DONE pgs=1 cs=0 l=1 rev1=1 crypto rx=0 tx=0 comp rx=0 tx=0).handle_read_frame_segment r=0
2026-02-17T10:58:01.616+0000 7f2abccf8640 20 -- v2:127.0.0.1:7114/0 >> 127.0.0.1:0/4284848558 conn(0x55fc488e6800 msgr2=0x55fc47957b80 crc :-1 s=STATE_CONNECTION_ESTABLISHED l=1).read start len=13
2026-02-17T10:58:01.616+0000 7f2abccf8640 20 --2- v2:127.0.0.1:7114/0 >> 127.0.0.1:0/4284848558 conn(0x55fc488e6800 0x55fc47957b80 crc :-1 s=THROTTLE_DONE pgs=1 cs=0 l=1 rev1=1 crypto rx=0 tx=0 comp rx=0 tx=0).handle_read_frame_epilogue_main r=0
2026-02-17T10:58:01.616+0000 7f2abccf8640 10 --2- v2:127.0.0.1:7114/0 >> 127.0.0.1:0/4284848558 conn(0x55fc488e6800 0x55fc47957b80 crc :-1 s=THROTTLE_DONE pgs=1 cs=0 l=1 rev1=1 crypto rx=0 tx=0 comp rx=0 tx=0).handle_read_frame_dispatch tag=17
2026-02-17T10:58:01.616+0000 7f2abccf8640 20 --2- v2:127.0.0.1:7114/0 >> 127.0.0.1:0/4284848558 conn(0x55fc488e6800 0x55fc47957b80 crc :-1 s=THROTTLE_DONE pgs=1 cs=0 l=1 rev1=1 crypto rx=0 tx=0 comp rx=0 tx=0).handle_message
2026-02-17T10:58:01.616+0000 7f2abccf8640 5 --2- v2:127.0.0.1:7114/0 >> 127.0.0.1:0/4284848558 conn(0x55fc488e6800 0x55fc47957b80 crc :-1 s=THROTTLE_DONE pgs=1 cs=0 l=1 rev1=1 crypto rx=0 tx=0 comp rx=0 tx=0).handle_message got 51843 + 0 + 0 byte message. envelope type=1795 src mgr.? off 0
2026-02-17T10:58:01.616+0000 7f2abccf8640 5 --2- v2:127.0.0.1:7114/0 >> 127.0.0.1:0/4284848558 conn(0x55fc488e6800 0x55fc47957b80 crc :-1 s=READ_MESSAGE_COMPLETE pgs=1 cs=0 l=1 rev1=1 crypto rx=0 tx=0 comp rx=0 tx=0).handle_message received message m=0x55fc4870a2c0 seq=4 from=mgr.? type=1795 mgrbeacon mgr.x(94de487c-617e-4daa-b6eb-9013c3e46a6b,4100, , 0)
2026-02-17T10:58:01.616+0000 7f2abccf8640 20 -- v2:127.0.0.1:7114/0 queue 0x55fc4870a2c0 prio 196
2026-02-17T10:58:01.616+0000 7f2abccf8640 20 --2- v2:127.0.0.1:7114/0 >> 127.0.0.1:0/4284848558 conn(0x55fc488e6800 0x55fc47957b80 crc :-1 s=READY pgs=1 cs=0 l=1 rev1=1 crypto rx=0 tx=0 comp rx=0 tx=0).read_frame
2026-02-17T10:58:01.616+0000 7f2abccf8640 20 -- v2:127.0.0.1:7114/0 >> 127.0.0.1:0/4284848558 conn(0x55fc488e6800 msgr2=0x55fc47957b80 crc :-1 s=STATE_CONNECTION_ESTABLISHED l=1).read start len=32
2026-02-17T10:58:01.616+0000 7f2ab8cf0640 1 -- v2:127.0.0.1:7114/0 <== mgr.? 127.0.0.1:0/4284848558 4 ==== mgrbeacon mgr.x(94de487c-617e-4daa-b6eb-9013c3e46a6b,4100, , 0) ==== 51843+0+0 (crc 0 0 0) 0x55fc4870a2c0 con 0x55fc488e6800
2026-02-17T10:58:01.616+0000 7f2ab8cf0640 20 mon.a@0(leader) e1 _ms_dispatch existing session 0x55fc4896efc0 for mgr.?
2026-02-17T10:58:01.616+0000 7f2ab8cf0640 20 mon.a@0(leader) e1 entity_name mgr.x global_id 4100 (none) caps allow *
2026-02-17T10:58:01.616+0000 7f2ab8cf0640 10 mon.a@0(leader).paxosservice(mgr 1..1) dispatch 0x55fc4870a2c0 mgrbeacon mgr.x(94de487c-617e-4daa-b6eb-9013c3e46a6b,4100, , 0) from mgr.? 127.0.0.1:0/4284848558 con 0x55fc488e6800
2026-02-17T10:58:01.616+0000 7f2ab8cf0640 5 mon.a@0(leader).paxos(paxos active c 1..10) is_readable = 1 - now=2026-02-17T10:58:01.617271+0000 lease_expire=1970-01-01T00:00:00.000000+0000 has v0 lc 10
2026-02-17T10:58:01.616+0000 7f2ab8cf0640 10 mon.a@0(leader) e1 no_reply to mgr.? 127.0.0.1:0/4284848558 mgrbeacon mgr.x(94de487c-617e-4daa-b6eb-9013c3e46a6b,4100, , 0)
2026-02-17T10:58:01.616+0000 7f2ab8cf0640 4 mon.a@0(leader).mgr e1 beacon from 4100
2026-02-17T10:58:01.616+0000 7f2ab8cf0640 20 MonCap is_capable service=mgr command= exec addr 127.0.0.1:0/4284848558 on cap allow *
2026-02-17T10:58:01.616+0000 7f2ab8cf0640 20 MonCap allow so far , doing grant allow *
2026-02-17T10:58:01.616+0000 7f2ab8cf0640 20 MonCap allow all
2026-02-17T10:58:01.616+0000 7f2ab8cf0640 4 mon.a@0(leader).mgr e1 beacon from 4100
2026-02-17T10:58:01.616+0000 7f2ab8cf0640 4 mon.a@0(leader).mgr e1 selecting new active 4100 x (was 0 )
2026-02-17T10:58:01.616+0000 7f2ab8cf0640 0 log_channel(cluster) log [INF] : Activating manager daemon x
2026-02-17T10:58:01.616+0000 7f2ab8cf0640 1 -- v2:127.0.0.1:7114/0 --> v2:127.0.0.1:7114/0 -- log(1 entries from seq 18 at
2026-02-17T10:58:01.617429+0000) -- 0x55fc488f7200 con 0x55fc477ef800
2026-02-17T10:58:01.616+0000 7f2ab8cf0640 20 -- v2:127.0.0.1:7114/0 >> v2:127.0.0.1:7114/0 conn(0x55fc477ef800 msgr2=0x55fc4792c800 unknown :-1 s=STATE_NONE l=0).send_message log(1 entries from seq 18 at
2026-02-17T10:58:01.617429+0000) local
2026-02-17T10:58:01.616+0000 7f2ab8cf0640 4 mon.a@0(leader).mgr e1 updating map
2026-02-17T10:58:01.616+0000 7f2ab8cf0640 10 mon.a@0(leader).paxosservice(mgr 1..1) propose_pending
2026-02-17T10:58:01.616+0000 7f2ab84ef640 20 -- v2:127.0.0.1:7114/0 queue 0x55fc488f7200 prio 196
2026-02-17T10:58:01.616+0000 7f2ab8cf0640 10 mon.a@0(leader).mgr e1 encode_pending x(active, starting, since 0.000185281s)
2026-02-17T10:58:01.616+0000 7f2ab8cf0640 10 mon.a@0(leader).mgr e1 encode_pending set metadata for x
2026-02-17T10:58:01.616+0000 7f2ab8cf0640 10 mon.a@0(leader) e1 log_health updated 0 previous 0
2026-02-17T10:58:01.616+0000 7f2ab8cf0640 5 mon.a@0(leader).paxos(paxos active c 1..10) queue_pending_finisher 0x55fc477c8f70
2026-02-17T10:58:01.616+0000 7f2ab8cf0640 10 mon.a@0(leader).paxos(paxos active c 1..10) trigger_propose active, proposing now
2026-02-17T10:58:01.616+0000 7f2ab8cf0640 10 mon.a@0(leader).paxos(paxos active c 1..10) propose_pending 11 52331 bytes
2026-02-17T10:58:01.616+0000 7f2ab8cf0640 10 mon.a@0(leader).paxos(paxos updating c 1..10) begin for 11 52331 bytes
2026-02-17T10:58:01.616+0000 7f2ab8cf0640 10 mon.a@0(leader).paxos(paxos updating c 1..10) commit_start 11
2026-02-17T10:58:01.616+0000 7f2ab8cf0640 10 -- v2:127.0.0.1:7114/0 dispatch_throttle_release 51843 to dispatch throttler 51843/104857600
2026-02-17T10:58:01.616+0000 7f2ab8cf0640 20 -- v2:127.0.0.1:7114/0 done calling dispatch on 0x55fc4870a2c0
2026-02-17T10:58:01.616+0000 7f2ab8cf0640 1 -- v2:127.0.0.1:7114/0 <== mon.0 v2:127.0.0.1:7114/0 0 ==== log(1 entries from seq 18 at
2026-02-17T10:58:01.617429+0000) ==== 0+0+0 (unknown 0 0 0) 0x55fc488f7200 con 0x55fc477ef800
2026-02-17T10:58:01.616+0000 7f2ab8cf0640 20 mon.a@0(leader) e1 _ms_dispatch existing session 0x55fc486eeb40 for mon.0
2026-02-17T10:58:01.616+0000 7f2ab8cf0640 20 mon.a@0(leader) e1 entity_name global_id 0 (none) caps allow *
2026-02-17T10:58:01.616+0000 7f2ab8cf0640 10 mon.a@0(leader).paxosservice(logm 1..5) dispatch 0x55fc488f7200 log(1 entries from seq 18 at
2026-02-17T10:58:01.617429+0000) from mon.0 v2:127.0.0.1:7114/0 con 0x55fc477ef800
2026-02-17T10:58:01.616+0000 7f2ab8cf0640 5 mon.a@0(leader).paxos(paxos writing c 1..10) is_readable = 1 - now=2026-02-17T10:58:01.618448+0000 lease_expire=1970-01-01T00:00:00.000000+0000 has v0 lc 10
2026-02-17T10:58:01.616+0000 7f2ab8cf0640 10 mon.a@0(leader).log v5 preprocess_query log(1 entries from seq 18 at
2026-02-17T10:58:01.617429+0000) from mon.0 v2:127.0.0.1:7114/0
2026-02-17T10:58:01.616+0000 7f2ab8cf0640 10 mon.a@0(leader).log v5 preprocess_log log(1 entries from seq 18 at
2026-02-17T10:58:01.617429+0000) from mon.0
2026-02-17T10:58:01.616+0000 7f2ab8cf0640 20 MonCap is_capable service=log command= write addr - on cap allow *
2026-02-17T10:58:01.616+0000 7f2ab8cf0640 20 MonCap allow so far , doing grant allow *
2026-02-17T10:58:01.616+0000 7f2ab8cf0640 20 MonCap allow all
2026-02-17T10:58:01.616+0000 7f2ab8cf0640 10 mon.a@0(leader) e1 no_reply to mon.0 v2:127.0.0.1:7114/0 log(1 entries from seq 18 at
2026-02-17T10:58:01.617429+0000)
2026-02-17T10:58:01.616+0000 7f2ab8cf0640 10 mon.a@0(leader).log v5 prepare_update log(1 entries from seq 18 at
2026-02-17T10:58:01.617429+0000) from mon.0 v2:127.0.0.1:7114/0
2026-02-17T10:58:01.616+0000 7f2ab8cf0640 10 mon.a@0(leader).log v5 prepare_log log(1 entries from seq 18 at
2026-02-17T10:58:01.617429+0000) from mon.0
2026-02-17T10:58:01.616+0000 7f2ab8cf0640 10 mon.a@0(leader).log v5 logging
2026-02-17T10:58:01.617429+0000 mon.a (mon.0) 18 : cluster [INF] Activating manager daemon x
2026-02-17T10:58:01.616+0000 7f2ab8cf0640 10 mon.a@0(leader).paxosservice(logm 1..5) setting proposal_timer 0x55fc48a7d2c0 with delay of 0.05
2026-02-17T10:58:01.616+0000 7f2ab8cf0640 20 -- v2:127.0.0.1:7114/0 done calling dispatch on 0x55fc488f7200
2026-02-17T10:58:01.616+0000 7f2ab64eb640 20 mon.a@0(leader).paxos(paxos writing c 1..10) commit_finish 11
2026-02-17T10:58:01.616+0000 7f2ab64eb640 10 mon.a@0(leader) e1 refresh_from_paxos
2026-02-17T10:58:01.616+0000 7f2ab64eb640 10 mon.a@0(leader).paxosservice(mdsmap 1..1) refresh
2026-02-17T10:58:01.616+0000 7f2ab64eb640 10 mon.a@0(leader).paxosservice(osdmap 1..2) refresh
2026-02-17T10:58:01.616+0000 7f2ab64eb640 10 mon.a@0(leader).paxosservice(logm 1..5) refresh
2026-02-17T10:58:01.616+0000 7f2ab64eb640 10 mon.a@0(leader).log v5 update_from_paxos
2026-02-17T10:58:01.616+0000 7f2ab64eb640 10 mon.a@0(leader).log v5 update_from_paxos version 5 summary v 5
2026-02-17T10:58:01.616+0000 7f2ab64eb640 10 mon.a@0(leader).paxosservice(monmap 1..1) refresh
2026-02-17T10:58:01.616+0000 7f2ab64eb640 10 mon.a@0(leader).paxosservice(auth 1..3) refresh
2026-02-17T10:58:01.616+0000 7f2ab64eb640 10 mon.a@0(leader).auth v3 update_from_paxos
2026-02-17T10:58:01.616+0000 7f2ab64eb640 10 mon.a@0(leader).paxosservice(mgr 1..1) refresh
2026-02-17T10:58:01.616+0000 7f2ab64eb640 4 mon.a@0(leader).mgr e1 loading version 2
2026-02-17T10:58:01.616+0000 7f2ab64eb640 4 mon.a@0(leader).mgr e2 active server: (4100)
2026-02-17T10:58:01.616+0000 7f2ab64eb640 20 mon.a@0(leader).mgr e2 Sending map to subscriber 0x55fc488e6800 127.0.0.1:0/4284848558
2026-02-17T10:58:01.616+0000 7f2ab64eb640 1 -- v2:127.0.0.1:7114/0 --> 127.0.0.1:0/4284848558 -- mgrmap(e 2) -- 0x55fc48909180 con 0x55fc488e6800
2026-02-17T10:58:01.616+0000 7f2ab64eb640 5 --2- v2:127.0.0.1:7114/0 >> 127.0.0.1:0/4284848558 conn(0x55fc488e6800 0x55fc47957b80 crc :-1 s=READY pgs=1 cs=0 l=1 rev1=1 crypto rx=0 tx=0 comp rx=0 tx=0).send_message enqueueing message m=0x55fc48909180 type=1796 mgrmap(e 2)
2026-02-17T10:58:01.616+0000 7f2ab64eb640 15 --2- v2:127.0.0.1:7114/0 >> 127.0.0.1:0/4284848558 conn(0x55fc488e6800 0x55fc47957b80 crc :-1 s=READY pgs=1 cs=0 l=1 rev1=1 crypto rx=0 tx=0 comp rx=0 tx=0).send_message inline write is denied, reschedule m=0x55fc48909180
2026-02-17T10:58:01.616+0000 7f2ab64eb640 20 Event(0x55fc4783c2c8 nevent=5000 time_id=5).wakeup
2026-02-17T10:58:01.616+0000 7f2abccf8640 10 -- v2:127.0.0.1:7114/0 >> 127.0.0.1:0/4284848558 conn(0x55fc488e6800 msgr2=0x55fc47957b80 crc :-1 s=STATE_CONNECTION_ESTABLISHED l=1).handle_write
2026-02-17T10:58:01.616+0000 7f2abccf8640 10 --2- v2:127.0.0.1:7114/0 >> 127.0.0.1:0/4284848558 conn(0x55fc488e6800 0x55fc47957b80 crc :-1 s=READY pgs=1 cs=0 l=1 rev1=1 crypto rx=0 tx=0 comp rx=0 tx=0).write_event
2026-02-17T10:58:01.616+0000 7f2abccf8640 20 --2- v2:127.0.0.1:7114/0 >> 127.0.0.1:0/4284848558 conn(0x55fc488e6800 0x55fc47957b80 crc :-1 s=READY pgs=1 cs=0 l=1 rev1=1 crypto rx=0 tx=0 comp rx=0 tx=0).prepare_send_message m=mgrmap(e 2)
2026-02-17T10:58:01.616+0000 7f2abccf8640 20 --2- v2:127.0.0.1:7114/0 >> 127.0.0.1:0/4284848558 conn(0x55fc488e6800 0x55fc47957b80 crc :-1 s=READY pgs=1 cs=0 l=1 rev1=1 crypto rx=0 tx=0 comp rx=0 tx=0).prepare_send_message encoding features 4540701547738038271 0x55fc48909180 mgrmap(e 2)
2026-02-17T10:58:01.616+0000 7f2abccf8640 5 --2- v2:127.0.0.1:7114/0 >> 127.0.0.1:0/4284848558 conn(0x55fc488e6800 0x55fc47957b80 crc :-1 s=READY pgs=1 cs=0 l=1 rev1=1 crypto rx=0 tx=0 comp rx=0 tx=0).write_message sending message m=0x55fc48909180 seq=6 mgrmap(e 2)
2026-02-17T10:58:01.616+0000 7f2abccf8640 20 --2- v2:127.0.0.1:7114/0 >> 127.0.0.1:0/4284848558 conn(0x55fc488e6800 0x55fc47957b80 crc :-1 s=READY pgs=1 cs=0 l=1 rev1=1 crypto rx=0 tx=0 comp rx=0 tx=0).write_message sending m=0x55fc48909180 seq=6 src=mon.0 off=0
2026-02-17T10:58:01.616+0000 7f2abccf8640 10 -- v2:127.0.0.1:7114/0 >> 127.0.0.1:0/4284848558 conn(0x55fc488e6800 msgr2=0x55fc47957b80 crc :-1 s=STATE_CONNECTION_ESTABLISHED l=1)._try_send sent bytes 51592 remaining bytes 0
2026-02-17T10:58:01.616+0000 7f2abccf8640 10 --2- v2:127.0.0.1:7114/0 >> 127.0.0.1:0/4284848558 conn(0x55fc488e6800 0x55fc47957b80 crc :-1 s=READY pgs=1 cs=0 l=1 rev1=1 crypto rx=0 tx=0 comp rx=0 tx=0).write_message sending 0x55fc48909180 done.
2026-02-17T10:58:01.616+0000 7f2ab64eb640 10 mon.a@0(leader).config load_config got 1 keys
2026-02-17T10:58:01.616+0000 7f2ab64eb640 10 mon.a@0(leader).mgr e2 prime_mgr_client
2026-02-17T10:58:01.616+0000 7f2ab64eb640 10 mon.a@0(leader).paxosservice(mgrstat 1..1) refresh
2026-02-17T10:58:01.616+0000 7f2ab64eb640 10 mon.a@0(leader).mgrstat 1
2026-02-17T10:58:01.616+0000 7f2ab64eb640 10 mon.a@0(leader).mgrstat update_from_paxos v1 service_map e1 0 progress events
2026-02-17T10:58:01.616+0000 7f2ab64eb640 10 mon.a@0(leader).mgrstat check_subs
2026-02-17T10:58:01.616+0000 7f2ab64eb640 20 mon.a@0(leader).mgrstat update_logger
2026-02-17T10:58:01.616+0000 7f2ab64eb640 20 mon.a@0(leader).osd e2 notify_new_pg_digest
2026-02-17T10:58:01.616+0000 7f2ab64eb640 10 mon.a@0(leader).paxosservice(health 1..1) refresh
2026-02-17T10:58:01.616+0000 7f2ab64eb640 10 mon.a@0(leader).health update_from_paxos
2026-02-17T10:58:01.616+0000 7f2ab64eb640 20 mon.a@0(leader).health dump:{ "quorum_health": {}, "leader_health": {} }
2026-02-17T10:58:01.616+0000 7f2ab64eb640 10 mon.a@0(leader).paxosservice(config 1..2) refresh
2026-02-17T10:58:01.616+0000 7f2ab64eb640 10 mon.a@0(leader).paxosservice(kv 1..2) refresh
2026-02-17T10:58:01.616+0000 7f2ab64eb640 10 mon.a@0(leader).paxosservice(mdsmap 1..1) post_refresh
2026-02-17T10:58:01.616+0000 7f2ab64eb640 10 mon.a@0(leader).paxosservice(osdmap 1..2) post_refresh
2026-02-17T10:58:01.616+0000 7f2ab64eb640 10 mon.a@0(leader).paxosservice(logm 1..5) post_refresh
2026-02-17T10:58:01.616+0000 7f2ab64eb640 10 mon.a@0(leader).paxosservice(monmap 1..1) post_refresh
2026-02-17T10:58:01.616+0000 7f2ab64eb640 10 mon.a@0(leader).paxosservice(auth 1..3) post_refresh
2026-02-17T10:58:01.616+0000 7f2ab64eb640 10 mon.a@0(leader).paxosservice(mgr 1..2) post_refresh
2026-02-17T10:58:01.616+0000 7f2ab64eb640 10 mon.a@0(leader).paxosservice(mgrstat 1..1) post_refresh
2026-02-17T10:58:01.616+0000 7f2ab64eb640 10 mon.a@0(leader).paxosservice(health 1..1) post_refresh
2026-02-17T10:58:01.616+0000 7f2ab64eb640 10 mon.a@0(leader).paxosservice(config 1..2) post_refresh
2026-02-17T10:58:01.616+0000 7f2ab64eb640 10 mon.a@0(leader).paxosservice(kv 1..2) post_refresh
2026-02-17T10:58:01.616+0000 7f2ab64eb640 10 mon.a@0(leader).paxos(paxos refresh c 1..11) commit_proposal
2026-02-17T10:58:01.616+0000 7f2ab64eb640 10 mon.a@0(leader).paxosservice(mgr 1..2) _active - not active
2026-02-17T10:58:01.616+0000 7f2ab64eb640 10 mon.a@0(leader).paxos(paxos refresh c 1..11) finish_round
2026-02-17T10:58:01.616+0000 7f2ab64eb640 20 mon.a@0(leader).paxos(paxos active c 1..11) finish_round waiting_for_acting
2026-02-17T10:58:01.616+0000 7f2ab64eb640 10 mon.a@0(leader).paxosservice(mgr 1..2) _active
2026-02-17T10:58:01.616+0000 7f2ab64eb640 7 mon.a@0(leader).paxosservice(mgr 1..2) _active creating new pending
2026-02-17T10:58:01.616+0000 7f2ab64eb640 0 log_channel(cluster) log [DBG] : mgrmap e2: x(active, starting, since 0.00306161s)
2026-02-17T10:58:01.616+0000 7f2ab64eb640 1 -- v2:127.0.0.1:7114/0 --> v2:127.0.0.1:7114/0 -- log(1 entries from seq 19 at
2026-02-17T10:58:01.620352+0000) -- 0x55fc48b76600 con 0x55fc477ef800
2026-02-17T10:58:01.616+0000 7f2ab64eb640 20 -- v2:127.0.0.1:7114/0 >> v2:127.0.0.1:7114/0 conn(0x55fc477ef800 msgr2=0x55fc4792c800 unknown :-1 s=STATE_NONE l=0).send_message log(1 entries from seq 19 at
2026-02-17T10:58:01.620352+0000) local
2026-02-17T10:58:01.616+0000 7f2ab84ef640 20 -- v2:127.0.0.1:7114/0 queue 0x55fc48b76600 prio 196
2026-02-17T10:58:01.616+0000 7f2ab64eb640 20 mon.a@0(leader).paxos(paxos active c 1..11) finish_round waiting_for_readable
2026-02-17T10:58:01.616+0000 7f2ab64eb640 20 mon.a@0(leader).paxos(paxos active c 1..11) finish_round waiting_for_writeable
2026-02-17T10:58:01.616+0000 7f2ab64eb640 10 mon.a@0(leader).paxos(paxos active c 1..11) finish_round done w/ waiters, state active
2026-02-17T10:58:01.616+0000 7f2ab8cf0640 1 -- v2:127.0.0.1:7114/0 <== mon.0 v2:127.0.0.1:7114/0 0 ==== log(1 entries from seq 19 at
2026-02-17T10:58:01.620352+0000) ==== 0+0+0 (unknown 0 0 0) 0x55fc48b76600 con 0x55fc477ef800
2026-02-17T10:58:01.616+0000 7f2ab8cf0640 20 mon.a@0(leader) e1 _ms_dispatch existing session 0x55fc486eeb40 for mon.0
2026-02-17T10:58:01.616+0000 7f2ab8cf0640 20 mon.a@0(leader) e1 entity_name global_id 0 (none) caps allow *
2026-02-17T10:58:01.616+0000 7f2ab8cf0640 10 mon.a@0(leader).paxosservice(logm 1..5) dispatch 0x55fc48b76600 log(1 entries from seq 19 at
2026-02-17T10:58:01.620352+0000) from mon.0 v2:127.0.0.1:7114/0 con 0x55fc477ef800
2026-02-17T10:58:01.616+0000 7f2ab8cf0640 5 mon.a@0(leader).paxos(paxos active c 1..11) is_readable = 1 - now=2026-02-17T10:58:01.620388+0000 lease_expire=1970-01-01T00:00:00.000000+0000 has v0 lc 11
2026-02-17T10:58:01.616+0000 7f2ab8cf0640 10 mon.a@0(leader).log v5 preprocess_query log(1 entries from seq 19 at
2026-02-17T10:58:01.620352+0000) from mon.0 v2:127.0.0.1:7114/0
2026-02-17T10:58:01.616+0000 7f2ab8cf0640 10 mon.a@0(leader).log v5 preprocess_log log(1 entries from seq 19 at
2026-02-17T10:58:01.620352+0000) from mon.0
2026-02-17T10:58:01.616+0000 7f2ab8cf0640 20 MonCap is_capable service=log command= write addr - on cap allow *
2026-02-17T10:58:01.616+0000 7f2ab8cf0640 20 MonCap allow so far , doing grant allow *
2026-02-17T10:58:01.616+0000 7f2ab8cf0640 20 MonCap allow all
2026-02-17T10:58:01.616+0000 7f2ab8cf0640 10 mon.a@0(leader) e1 no_reply to mon.0 v2:127.0.0.1:7114/0 log(1 entries from seq 19 at
2026-02-17T10:58:01.620352+0000)
2026-02-17T10:58:01.616+0000 7f2ab8cf0640 10 mon.a@0(leader).log v5 prepare_update log(1 entries from seq 19 at
2026-02-17T10:58:01.620352+0000) from mon.0 v2:127.0.0.1:7114/0
2026-02-17T10:58:01.616+0000 7f2ab8cf0640 10 mon.a@0(leader).log v5 prepare_log log(1 entries from seq 19 at
2026-02-17T10:58:01.620352+0000) from mon.0
2026-02-17T10:58:01.616+0000 7f2ab8cf0640 10 mon.a@0(leader).log v5 logging
2026-02-17T10:58:01.620352+0000 mon.a (mon.0) 19 : cluster [DBG] mgrmap e2: x(active, starting, since 0.00306161s)
2026-02-17T10:58:01.616+0000 7f2ab8cf0640 10 mon.a@0(leader).paxosservice(logm 1..5) proposal_timer already set
2026-02-17T10:58:01.616+0000 7f2ab8cf0640 20 -- v2:127.0.0.1:7114/0 done calling dispatch on 0x55fc48b76600
2026-02-17T10:58:01.616+0000 7f2abccf8640 20 -- v2:127.0.0.1:7114/0 >> 127.0.0.1:0/4284848558 conn(0x55fc488e6800 msgr2=0x55fc47957b80 crc :-1 s=STATE_CONNECTION_ESTABLISHED l=1).process
2026-02-17T10:58:01.616+0000 7f2abccf8640 20 -- v2:127.0.0.1:7114/0 >> 127.0.0.1:0/4284848558 conn(0x55fc488e6800 msgr2=0x55fc47957b80 crc :-1 s=STATE_CONNECTION_ESTABLISHED l=1).read continue len=32
2026-02-17T10:58:01.616+0000 7f2abccf8640 1 -- v2:127.0.0.1:7114/0 >> 127.0.0.1:0/4284848558 conn(0x55fc488e6800 msgr2=0x55fc47957b80 crc :-1 s=STATE_CONNECTION_ESTABLISHED l=1).read_bulk peer close file descriptor 37
2026-02-17T10:58:01.616+0000 7f2abccf8640 1 -- v2:127.0.0.1:7114/0 >> 127.0.0.1:0/4284848558 conn(0x55fc488e6800 msgr2=0x55fc47957b80 crc :-1 s=STATE_CONNECTION_ESTABLISHED l=1).read_until read failed
2026-02-17T10:58:01.616+0000 7f2abccf8640 20 --2- v2:127.0.0.1:7114/0 >> 127.0.0.1:0/4284848558 conn(0x55fc488e6800 0x55fc47957b80 crc :-1 s=READY pgs=1 cs=0 l=1 rev1=1 crypto rx=0 tx=0 comp rx=0 tx=0).handle_read_frame_preamble_main r=-1
2026-02-17T10:58:01.616+0000 7f2abccf8640 1 --2- v2:127.0.0.1:7114/0 >> 127.0.0.1:0/4284848558 conn(0x55fc488e6800 0x55fc47957b80 crc :-1 s=READY pgs=1 cs=0 l=1 rev1=1 crypto rx=0 tx=0 comp rx=0 tx=0).handle_read_frame_preamble_main read frame preamble failed r=-1
2026-02-17T10:58:01.616+0000 7f2abccf8640 10 --2- v2:127.0.0.1:7114/0 >> 127.0.0.1:0/4284848558 conn(0x55fc488e6800 0x55fc47957b80 crc :-1 s=READY pgs=1 cs=0 l=1 rev1=1 crypto rx=0 tx=0 comp rx=0 tx=0)._fault
2026-02-17T10:58:01.616+0000 7f2abccf8640 2 --2- v2:127.0.0.1:7114/0 >> 127.0.0.1:0/4284848558 conn(0x55fc488e6800 0x55fc47957b80 crc :-1 s=READY pgs=1 cs=0 l=1 rev1=1 crypto rx=0 tx=0 comp rx=0 tx=0)._fault on lossy channel, failing
2026-02-17T10:58:01.616+0000 7f2abccf8640 1 --2- v2:127.0.0.1:7114/0 >> 127.0.0.1:0/4284848558 conn(0x55fc488e6800 0x55fc47957b80 crc :-1 s=READY pgs=1 cs=0 l=1 rev1=1 crypto rx=0 tx=0 comp rx=0 tx=0).stop
2026-02-17T10:58:01.616+0000 7f2abccf8640 5 --2- v2:127.0.0.1:7114/0 >> 127.0.0.1:0/4284848558 conn(0x55fc488e6800 0x55fc47957b80 crc :-1 s=READY pgs=1 cs=0 l=1 rev1=1 crypto rx=0 tx=0 comp rx=0 tx=0).reset_recv_state
2026-02-17T10:58:01.616+0000 7f2abccf8640 5 --2- v2:127.0.0.1:7114/0 >> 127.0.0.1:0/4284848558 conn(0x55fc488e6800 0x55fc47957b80 crc :-1 s=READY pgs=1 cs=0 l=1 rev1=1 crypto rx=0 tx=0 comp rx=0 tx=0).reset_security
2026-02-17T10:58:01.616+0000 7f2abccf8640 5 --2- v2:127.0.0.1:7114/0 >> 127.0.0.1:0/4284848558 conn(0x55fc488e6800 0x55fc47957b80 unknown :-1 s=READY pgs=1 cs=0 l=1 rev1=1 crypto rx=0 tx=0 comp rx=0 tx=0).reset_compression
2026-02-17T10:58:01.616+0000 7f2abccf8640 10 --2- v2:127.0.0.1:7114/0 >> 127.0.0.1:0/4284848558 conn(0x55fc488e6800 0x55fc47957b80 unknown :-1 s=READY pgs=1 cs=0 l=1 rev1=1 crypto rx=0 tx=0 comp rx=0 tx=0).discard_out_queue started
2026-02-17T10:58:01.616+0000 7f2abccf8640 20 EpollDriver.del_event del event fd=37 cur_mask=1 delmask=3 to 26
2026-02-17T10:58:01.616+0000 7f2ab8cf0640 10 mon.a@0(leader) e1 ms_handle_reset 0x55fc488e6800 127.0.0.1:0/4284848558
2026-02-17T10:58:01.616+0000 7f2ab8cf0640 10 mon.a@0(leader) e1 reset/close on session mgr.? 127.0.0.1:0/4284848558
2026-02-17T10:58:01.616+0000 7f2ab8cf0640 10 mon.a@0(leader) e1 remove_session 0x55fc4896efc0 mgr.? 127.0.0.1:0/4284848558 features 0x3f03cffffffdffff
2026-02-17T10:58:01.616+0000 7f2ab6cec640 10 Processor -- accept listen_fd=29
2026-02-17T10:58:01.616+0000 7f2ab6cec640 10 Processor -- accept accepted incoming on sd 37
2026-02-17T10:58:01.616+0000 7f2ab6cec640 10 -- v2:127.0.0.1:7114/0 >> conn(0x55fc488e6c00 msgr2=0x55fc47958100 unknown :-1 s=STATE_NONE l=0).accept sd=37 listen_addr v2:127.0.0.1:7114/0 peer_addr v2:127.0.0.1:57660/0
2026-02-17T10:58:01.616+0000 7f2ab6cec640 1 --2- v2:127.0.0.1:7114/0 >> conn(0x55fc488e6c00 0x55fc47958100 unknown :-1 s=NONE pgs=0 cs=0 l=0 rev1=0 crypto rx=0 tx=0 comp rx=0 tx=0).accept
2026-02-17T10:58:01.616+0000 7f2ab6cec640 20 Event(0x55fc4783c2c8 nevent=5000 time_id=5).wakeup
2026-02-17T10:58:01.620+0000 7f2abccf8640 20 -- v2:127.0.0.1:7114/0 >> conn(0x55fc488e6c00 msgr2=0x55fc47958100 unknown :-1 s=STATE_ACCEPTING l=0).process
2026-02-17T10:58:01.620+0000 7f2abccf8640 20 Event(0x55fc4783c2c8 nevent=5000 time_id=5).create_file_event create event started fd=37 mask=1 original mask is 0
2026-02-17T10:58:01.620+0000 7f2abccf8640 20 EpollDriver.add_event add event fd=37 cur_mask=0 add_mask=1 to 26
2026-02-17T10:58:01.620+0000 7f2abccf8640 20 Event(0x55fc4783c2c8 nevent=5000 time_id=5).create_file_event create event end fd=37 mask=1 current mask is 1
