2026-02-17T11:25:55.146+0000 7f0f28bf3640 20 --2- 127.0.0.1:0/2163459011 >> v2:127.0.0.1:7146/0 conn(0x559f945f4000 0x559f945fc000 crc :-1 s=THROTTLE_DONE pgs=8 cs=0 l=1 rev1=1 crypto rx=0 tx=0 comp rx=0 tx=0).handle_read_frame_segment r=0
2026-02-17T11:25:55.146+0000 7f0f24beb640 10 -- 127.0.0.1:0/2163459011 dispatch_throttle_release 89 to dispatch throttler 1573/104857600
2026-02-17T11:25:55.146+0000 7f0f26bef640 5 --2- 127.0.0.1:0/914475808 >> v2:127.0.0.1:7146/0 conn(0x559f945f5800 0x559f945fd080 crc :-1 s=READ_MESSAGE_COMPLETE pgs=13 cs=0 l=1 rev1=1 crypto rx=0 tx=0 comp rx=0 tx=0).handle_message received message m=0x559f94854c40 seq=2 from=mon.0 type=62 config(1 keys)
2026-02-17T11:25:55.146+0000 7f0f28bf3640 20 -- 127.0.0.1:0/2163459011 >> v2:127.0.0.1:7146/0 conn(0x559f945f4000 msgr2=0x559f945fc000 crc :-1 s=STATE_CONNECTION_ESTABLISHED l=1).read start len=13
2026-02-17T11:25:55.146+0000 7f0f24beb640 20 -- 127.0.0.1:0/2163459011 done calling dispatch on 0x559f945dc960
2026-02-17T11:25:55.146+0000 7f0f26bef640 20 -- 127.0.0.1:0/914475808 queue 0x559f94854c40 prio 196
2026-02-17T11:25:55.146+0000 7f0f28bf3640 20 --2- 127.0.0.1:0/2163459011 >> v2:127.0.0.1:7146/0 conn(0x559f945f4000 0x559f945fc000 crc :-1 s=THROTTLE_DONE pgs=8 cs=0 l=1 rev1=1 crypto rx=0 tx=0 comp rx=0 tx=0).handle_read_frame_epilogue_main r=0
2026-02-17T11:25:55.146+0000 7f0f28bf3640 10 --2- 127.0.0.1:0/2163459011 >> v2:127.0.0.1:7146/0 conn(0x559f945f4000 0x559f945fc000 crc :-1 s=THROTTLE_DONE pgs=8 cs=0 l=1 rev1=1 crypto rx=0 tx=0 comp rx=0 tx=0).handle_read_frame_dispatch tag=17
2026-02-17T11:25:55.146+0000 7f0f26bef640 20 --2- 127.0.0.1:0/914475808 >> v2:127.0.0.1:7146/0 conn(0x559f945f5800 0x559f945fd080 crc :-1 s=READY pgs=13 cs=0 l=1 rev1=1 crypto rx=0 tx=0 comp rx=0 tx=0).read_frame
2026-02-17T11:25:55.146+0000 7f0f28bf3640 20 --2- 127.0.0.1:0/2163459011 >> v2:127.0.0.1:7146/0 conn(0x559f945f4000 0x559f945fc000 crc :-1 s=THROTTLE_DONE pgs=8 cs=0 l=1 rev1=1 crypto rx=0 tx=0 comp rx=0 tx=0).handle_message
2026-02-17T11:25:55.146+0000 7f0f26bef640 20 -- 127.0.0.1:0/914475808 >> v2:127.0.0.1:7146/0 conn(0x559f945f5800 msgr2=0x559f945fd080 crc :-1 s=STATE_CONNECTION_ESTABLISHED l=1).read start len=32
2026-02-17T11:25:55.146+0000 7f0f28bf3640 5 --2- 127.0.0.1:0/2163459011 >> v2:127.0.0.1:7146/0 conn(0x559f945f4000 0x559f945fc000 crc :-1 s=THROTTLE_DONE pgs=8 cs=0 l=1 rev1=1 crypto rx=0 tx=0 comp rx=0 tx=0).handle_message got 1484 + 0 + 0 byte message. envelope type=1797 src mon.0 off 0
2026-02-17T11:25:55.146+0000 7f0f26bef640 20 --2- 127.0.0.1:0/914475808 >> v2:127.0.0.1:7146/0 conn(0x559f945f5800 0x559f945fd080 crc :-1 s=READY pgs=13 cs=0 l=1 rev1=1 crypto rx=0 tx=0 comp rx=0 tx=0).handle_read_frame_preamble_main r=0
2026-02-17T11:25:55.146+0000 7f0e2b252640 1 -- 127.0.0.1:0/914475808 <== mon.0 v2:127.0.0.1:7146/0 2 ==== config(1 keys) ==== 25+0+0 (crc 0 0 0) 0x559f94854c40 con 0x559f945f5800
2026-02-17T11:25:55.146+0000 7f0f28bf3640 5 --2- 127.0.0.1:0/2163459011 >> v2:127.0.0.1:7146/0 conn(0x559f945f4000 0x559f945fc000 crc :-1 s=READ_MESSAGE_COMPLETE pgs=8 cs=0 l=1 rev1=1 crypto rx=0 tx=0 comp rx=0 tx=0).handle_message received message m=0x559f94854380 seq=23 from=mon.0 type=1797 mgrdigest
2026-02-17T11:25:55.146+0000 7f0f28bf3640 20 -- 127.0.0.1:0/2163459011 queue 0x559f94854380 prio 196
2026-02-17T11:25:55.146+0000 7f0f26bef640 20 --2- 127.0.0.1:0/914475808 >> v2:127.0.0.1:7146/0 conn(0x559f945f5800 0x559f945fd080 crc :-1 s=THROTTLE_MESSAGE pgs=13 cs=0 l=1 rev1=1 crypto rx=0 tx=0 comp rx=0 tx=0).throttle_message
2026-02-17T11:25:55.146+0000 7f0e2b252640 10 -- 127.0.0.1:0/914475808 dispatch_throttle_release 25 to dispatch throttler 25/104857600
2026-02-17T11:25:55.146+0000 7f0f26bef640 20 --2- 127.0.0.1:0/914475808 >> v2:127.0.0.1:7146/0 conn(0x559f945f5800 0x559f945fd080 crc :-1 s=THROTTLE_BYTES pgs=13 cs=0 l=1 rev1=1 crypto rx=0 tx=0 comp rx=0 tx=0).throttle_bytes
2026-02-17T11:25:55.146+0000 7f0e2b252640 20 -- 127.0.0.1:0/914475808 done calling dispatch on 0x559f94854c40
2026-02-17T11:25:55.146+0000 7f0f26bef640 20 --2- 127.0.0.1:0/914475808 >> v2:127.0.0.1:7146/0 conn(0x559f945f5800 0x559f945fd080 crc :-1 s=THROTTLE_DISPATCH_QUEUE pgs=13 cs=0 l=1 rev1=1 crypto rx=0 tx=0 comp rx=0 tx=0).throttle_dispatch_queue
2026-02-17T11:25:55.146+0000 7f0f26bef640 20 --2- 127.0.0.1:0/914475808 >> v2:127.0.0.1:7146/0 conn(0x559f945f5800 0x559f945fd080 crc :-1 s=THROTTLE_DONE pgs=13 cs=0 l=1 rev1=1 crypto rx=0 tx=0 comp rx=0 tx=0).read_frame_segment seg_idx=0
2026-02-17T11:25:55.146+0000 7f0f26bef640 20 -- 127.0.0.1:0/914475808 >> v2:127.0.0.1:7146/0 conn(0x559f945f5800 msgr2=0x559f945fd080 crc :-1 s=STATE_CONNECTION_ESTABLISHED l=1).read start len=45
2026-02-17T11:25:55.146+0000 7f0f28bf3640 20 --2- 127.0.0.1:0/2163459011 >> v2:127.0.0.1:7146/0 conn(0x559f945f4000 0x559f945fc000 crc :-1 s=READY pgs=8 cs=0 l=1 rev1=1 crypto rx=0 tx=0 comp rx=0 tx=0).read_frame
2026-02-17T11:25:55.146+0000 7f0f26bef640 20 --2- 127.0.0.1:0/914475808 >> v2:127.0.0.1:7146/0 conn(0x559f945f5800 0x559f945fd080 crc :-1 s=THROTTLE_DONE pgs=13 cs=0 l=1 rev1=1 crypto rx=0 tx=0 comp rx=0 tx=0).handle_read_frame_segment r=0
2026-02-17T11:25:55.146+0000 7f0f28bf3640 20 -- 127.0.0.1:0/2163459011 >> v2:127.0.0.1:7146/0 conn(0x559f945f4000 msgr2=0x559f945fc000 crc :-1 s=STATE_CONNECTION_ESTABLISHED l=1).read start len=32
2026-02-17T11:25:55.146+0000 7f0f26bef640 20 --2- 127.0.0.1:0/914475808 >> v2:127.0.0.1:7146/0 conn(0x559f945f5800 0x559f945fd080 crc :-1 s=THROTTLE_DONE pgs=13 cs=0 l=1 rev1=1 crypto rx=0 tx=0 comp rx=0 tx=0).read_frame_segment seg_idx=1
2026-02-17T11:25:55.146+0000 7f0f24beb640 1 -- 127.0.0.1:0/2163459011 <== mon.0 v2:127.0.0.1:7146/0 23 ==== mgrdigest ==== 1484+0+0 (crc 0 0 0) 0x559f94854380 con 0x559f945f4000
2026-02-17T11:25:55.146+0000 7f0f24beb640 10 mgr.4100.objecter ms_dispatch2 0x559f8abf8000 mgrdigest
2026-02-17T11:25:55.146+0000 7f0f24beb640 10 mgr ms_dispatch2 active mgrdigest
2026-02-17T11:25:55.146+0000 7f0f24beb640 10 mgr ms_dispatch2 mgrdigest
2026-02-17T11:25:55.146+0000 7f0f24beb640 10 mgr handle_mgr_digest 1431
2026-02-17T11:25:55.146+0000 7f0f26bef640 20 -- 127.0.0.1:0/914475808 >> v2:127.0.0.1:7146/0 conn(0x559f945f5800 msgr2=0x559f945fd080 crc :-1 s=STATE_CONNECTION_ESTABLISHED l=1).read start len=170
2026-02-17T11:25:55.146+0000 7f0f24beb640 10 mgr handle_mgr_digest 45
2026-02-17T11:25:55.146+0000 7f0f26bef640 20 --2- 127.0.0.1:0/914475808 >> v2:127.0.0.1:7146/0 conn(0x559f945f5800 0x559f945fd080 crc :-1 s=THROTTLE_DONE pgs=13 cs=0 l=1 rev1=1 crypto rx=0 tx=0 comp rx=0 tx=0).handle_read_frame_segment r=0
2026-02-17T11:25:55.146+0000 7f0f24beb640 10 mgr notify_all notify_all: notify_all health
2026-02-17T11:25:55.146+0000 7f0f26bef640 20 -- 127.0.0.1:0/914475808 >> v2:127.0.0.1:7146/0 conn(0x559f945f5800 msgr2=0x559f945fd080 crc :-1 s=STATE_CONNECTION_ESTABLISHED l=1).read start len=13
2026-02-17T11:25:55.146+0000 7f0f28bf3640 20 --2- 127.0.0.1:0/2163459011 >> v2:127.0.0.1:7146/0 conn(0x559f945f4000 0x559f945fc000 crc :-1 s=READY pgs=8 cs=0 l=1 rev1=1 crypto rx=0 tx=0 comp rx=0 tx=0).handle_read_frame_preamble_main r=0
2026-02-17T11:25:55.146+0000 7f0f28bf3640 20 --2- 127.0.0.1:0/2163459011 >> v2:127.0.0.1:7146/0 conn(0x559f945f4000 0x559f945fc000 crc :-1 s=THROTTLE_MESSAGE pgs=8 cs=0 l=1 rev1=1 crypto rx=0 tx=0 comp rx=0 tx=0).throttle_message
2026-02-17T11:25:55.146+0000 7f0f28bf3640 20 --2- 127.0.0.1:0/2163459011 >> v2:127.0.0.1:7146/0 conn(0x559f945f4000 0x559f945fc000 crc :-1 s=THROTTLE_BYTES pgs=8 cs=0 l=1 rev1=1 crypto rx=0 tx=0 comp rx=0 tx=0).throttle_bytes
2026-02-17T11:25:55.146+0000 7f0f28bf3640 20 --2- 127.0.0.1:0/2163459011 >> v2:127.0.0.1:7146/0 conn(0x559f945f4000 0x559f945fc000 crc :-1 s=THROTTLE_DISPATCH_QUEUE pgs=8 cs=0 l=1 rev1=1 crypto rx=0 tx=0 comp rx=0 tx=0).throttle_dispatch_queue
2026-02-17T11:25:55.146+0000 7f0f28bf3640 20 --2- 127.0.0.1:0/2163459011 >> v2:127.0.0.1:7146/0 conn(0x559f945f4000 0x559f945fc000 crc :-1 s=THROTTLE_DONE pgs=8 cs=0 l=1 rev1=1 crypto rx=0 tx=0 comp rx=0 tx=0).read_frame_segment seg_idx=0
2026-02-17T11:25:55.146+0000 7f0f28bf3640 20 -- 127.0.0.1:0/2163459011 >> v2:127.0.0.1:7146/0 conn(0x559f945f4000 msgr2=0x559f945fc000 crc :-1 s=STATE_CONNECTION_ESTABLISHED l=1).read start len=45
2026-02-17T11:25:55.146+0000 7f0f28bf3640 20 --2- 127.0.0.1:0/2163459011 >> v2:127.0.0.1:7146/0 conn(0x559f945f4000 0x559f945fc000 crc :-1 s=THROTTLE_DONE pgs=8 cs=0 l=1 rev1=1 crypto rx=0 tx=0 comp rx=0 tx=0).handle_read_frame_segment r=0
2026-02-17T11:25:55.146+0000 7f0f28bf3640 20 --2- 127.0.0.1:0/2163459011 >> v2:127.0.0.1:7146/0 conn(0x559f945f4000 0x559f945fc000 crc :-1 s=THROTTLE_DONE pgs=8 cs=0 l=1 rev1=1 crypto rx=0 tx=0 comp rx=0 tx=0).read_frame_segment seg_idx=1
2026-02-17T11:25:55.146+0000 7f0f28bf3640 20 -- 127.0.0.1:0/2163459011 >> v2:127.0.0.1:7146/0 conn(0x559f945f4000 msgr2=0x559f945fc000 crc :-1 s=STATE_CONNECTION_ESTABLISHED l=1).read start len=116
2026-02-17T11:25:55.146+0000 7f0f28bf3640 20 --2- 127.0.0.1:0/2163459011 >> v2:127.0.0.1:7146/0 conn(0x559f945f4000 0x559f945fc000 crc :-1 s=THROTTLE_DONE pgs=8 cs=0 l=1 rev1=1 crypto rx=0 tx=0 comp rx=0 tx=0).handle_read_frame_segment r=0
2026-02-17T11:25:55.146+0000 7f0f28bf3640 20 -- 127.0.0.1:0/2163459011 >> v2:127.0.0.1:7146/0 conn(0x559f945f4000 msgr2=0x559f945fc000 crc :-1 s=STATE_CONNECTION_ESTABLISHED l=1).read start len=13
2026-02-17T11:25:55.146+0000 7f0f28bf3640 20 --2- 127.0.0.1:0/2163459011 >> v2:127.0.0.1:7146/0 conn(0x559f945f4000 0x559f945fc000 crc :-1 s=THROTTLE_DONE pgs=8 cs=0 l=1 rev1=1 crypto rx=0 tx=0 comp rx=0 tx=0).handle_read_frame_epilogue_main r=0
2026-02-17T11:25:55.146+0000 7f0f26bef640 20 --2- 127.0.0.1:0/914475808 >> v2:127.0.0.1:7146/0 conn(0x559f945f5800 0x559f945fd080 crc :-1 s=THROTTLE_DONE pgs=13 cs=0 l=1 rev1=1 crypto rx=0 tx=0 comp rx=0 tx=0).handle_read_frame_epilogue_main r=0
2026-02-17T11:25:55.146+0000 7f0f28bf3640 10 --2- 127.0.0.1:0/2163459011 >> v2:127.0.0.1:7146/0 conn(0x559f945f4000 0x559f945fc000 crc :-1 s=THROTTLE_DONE pgs=8 cs=0 l=1 rev1=1 crypto rx=0 tx=0 comp rx=0 tx=0).handle_read_frame_dispatch tag=17
2026-02-17T11:25:55.146+0000 7f0f26bef640 10 --2- 127.0.0.1:0/914475808 >> v2:127.0.0.1:7146/0 conn(0x559f945f5800 0x559f945fd080 crc :-1 s=THROTTLE_DONE pgs=13 cs=0 l=1 rev1=1 crypto rx=0 tx=0 comp rx=0 tx=0).handle_read_frame_dispatch tag=17
2026-02-17T11:25:55.146+0000 7f0f28bf3640 20 --2- 127.0.0.1:0/2163459011 >> v2:127.0.0.1:7146/0 conn(0x559f945f4000 0x559f945fc000 crc :-1 s=THROTTLE_DONE pgs=8 cs=0 l=1 rev1=1 crypto rx=0 tx=0 comp rx=0 tx=0).handle_message
2026-02-17T11:25:55.146+0000 7f0f28bf3640 5 --2- 127.0.0.1:0/2163459011 >> v2:127.0.0.1:7146/0 conn(0x559f945f4000 0x559f945fc000 crc :-1 s=THROTTLE_DONE pgs=8 cs=0 l=1 rev1=1 crypto rx=0 tx=0 comp rx=0 tx=0).handle_message got 116 + 0 + 0 byte message. envelope type=51 src mon.0 off 0
2026-02-17T11:25:55.146+0000 7f0f26bef640 20 --2- 127.0.0.1:0/914475808 >> v2:127.0.0.1:7146/0 conn(0x559f945f5800 0x559f945fd080 crc :-1 s=THROTTLE_DONE pgs=13 cs=0 l=1 rev1=1 crypto rx=0 tx=0 comp rx=0 tx=0).handle_message
2026-02-17T11:25:55.146+0000 7f0f24beb640 10 mgr notify_all notify_all: notify_all pg_summary
2026-02-17T11:25:55.146+0000 7f0f26bef640 5 --2- 127.0.0.1:0/914475808 >> v2:127.0.0.1:7146/0 conn(0x559f945f5800 0x559f945fd080 crc :-1 s=THROTTLE_DONE pgs=13 cs=0 l=1 rev1=1 crypto rx=0 tx=0 comp rx=0 tx=0).handle_message got 170 + 0 + 0 byte message. envelope type=4 src mon.0 off 0
2026-02-17T11:25:55.146+0000 7f0f26bef640 5 --2- 127.0.0.1:0/914475808 >> v2:127.0.0.1:7146/0 conn(0x559f945f5800 0x559f945fd080 crc :-1 s=READ_MESSAGE_COMPLETE pgs=13 cs=0 l=1 rev1=1 crypto rx=0 tx=0 comp rx=0 tx=0).handle_message received message m=0x559f9462e1a0 seq=3 from=mon.0 type=4 mon_map magic: 0
2026-02-17T11:25:55.146+0000 7f0f28bf3640 5 --2- 127.0.0.1:0/2163459011 >> v2:127.0.0.1:7146/0 conn(0x559f945f4000 0x559f945fc000 crc :-1 s=READ_MESSAGE_COMPLETE pgs=8 cs=0 l=1 rev1=1 crypto rx=0 tx=0 comp rx=0 tx=0).handle_message received message m=0x559f945dd680 seq=24 from=mon.0 type=51 mon_command_ack([{"prefix":"config rm","who":"mgr","name":"mgr/rbd_support/x/trash_purge_schedule"}]=0 v2)
2026-02-17T11:25:55.146+0000 7f0f26bef640 20 -- 127.0.0.1:0/914475808 queue 0x559f9462e1a0 prio 196
2026-02-17T11:25:55.146+0000 7f0f28bf3640 20 -- 127.0.0.1:0/2163459011 queue 0x559f945dd680 prio 196
2026-02-17T11:25:55.146+0000 7f0f24beb640 10 mgr handle_mgr_digest done.
2026-02-17T11:25:55.146+0000 7f0f28bf3640 20 --2- 127.0.0.1:0/2163459011 >> v2:127.0.0.1:7146/0 conn(0x559f945f4000 0x559f945fc000 crc :-1 s=READY pgs=8 cs=0 l=1 rev1=1 crypto rx=0 tx=0 comp rx=0 tx=0).read_frame
2026-02-17T11:25:55.146+0000 7f0f26bef640 20 --2- 127.0.0.1:0/914475808 >> v2:127.0.0.1:7146/0 conn(0x559f945f5800 0x559f945fd080 crc :-1 s=READY pgs=13 cs=0 l=1 rev1=1 crypto rx=0 tx=0 comp rx=0 tx=0).read_frame
2026-02-17T11:25:55.146+0000 7f0f28bf3640 20 -- 127.0.0.1:0/2163459011 >> v2:127.0.0.1:7146/0 conn(0x559f945f4000 msgr2=0x559f945fc000 crc :-1 s=STATE_CONNECTION_ESTABLISHED l=1).read start len=32
2026-02-17T11:25:55.146+0000 7f0f26bef640 20 -- 127.0.0.1:0/914475808 >> v2:127.0.0.1:7146/0 conn(0x559f945f5800 msgr2=0x559f945fd080 crc :-1 s=STATE_CONNECTION_ESTABLISHED l=1).read start len=32
2026-02-17T11:25:55.146+0000 7f0f24beb640 10 -- 127.0.0.1:0/2163459011 dispatch_throttle_release 1484 to dispatch throttler 1600/104857600
2026-02-17T11:25:55.146+0000 7f0e2b252640 1 -- 127.0.0.1:0/914475808 <== mon.0 v2:127.0.0.1:7146/0 3 ==== mon_map magic: 0 ==== 170+0+0 (crc 0 0 0) 0x559f9462e1a0 con 0x559f945f5800
2026-02-17T11:25:55.146+0000 7f0f28bf3640 10 -- 127.0.0.1:0/2163459011 >> v2:127.0.0.1:7146/0 conn(0x559f945f4000 msgr2=0x559f945fc000 crc :-1 s=STATE_CONNECTION_ESTABLISHED l=1).handle_write
2026-02-17T11:25:55.146+0000 7f0f24beb640 20 -- 127.0.0.1:0/2163459011 done calling dispatch on 0x559f94854380
2026-02-17T11:25:55.146+0000 7f0f28bf3640 10 --2- 127.0.0.1:0/2163459011 >> v2:127.0.0.1:7146/0 conn(0x559f945f4000 0x559f945fc000 crc :-1 s=READY pgs=8 cs=0 l=1 rev1=1 crypto rx=0 tx=0 comp rx=0 tx=0).write_event
2026-02-17T11:25:55.146+0000 7f0e2b252640 10 -- 127.0.0.1:0/914475808 dispatch_throttle_release 170 to dispatch throttler 170/104857600
2026-02-17T11:25:55.146+0000 7f0e2b252640 20 -- 127.0.0.1:0/914475808 done calling dispatch on 0x559f9462e1a0
2026-02-17T11:25:55.146+0000 7f0f28bf3640 20 --2- 127.0.0.1:0/2163459011 >> v2:127.0.0.1:7146/0 conn(0x559f945f4000 0x559f945fc000 crc :-1 s=READY pgs=8 cs=0 l=1 rev1=1 crypto rx=0 tx=0 comp rx=0 tx=0).prepare_send_message m=mon_command([{prefix=config-key set, key=mgr/telemetry/salt}] v 0)
2026-02-17T11:25:55.146+0000 7f0f28bf3640 20 --2- 127.0.0.1:0/2163459011 >> v2:127.0.0.1:7146/0 conn(0x559f945f4000 0x559f945fc000 crc :-1 s=READY pgs=8 cs=0 l=1 rev1=1 crypto rx=0 tx=0 comp rx=0 tx=0).prepare_send_message encoding features 4540701547738038271 0x559f94854fc0 mon_command([{prefix=config-key set, key=mgr/telemetry/salt}] v 0)
2026-02-17T11:25:55.146+0000 7f0f28bf3640 5 --2- 127.0.0.1:0/2163459011 >> v2:127.0.0.1:7146/0 conn(0x559f945f4000 0x559f945fc000 crc :-1 s=READY pgs=8 cs=0 l=1 rev1=1 crypto rx=0 tx=0 comp rx=0 tx=0).write_message sending message m=0x559f94854fc0 seq=14 mon_command([{prefix=config-key set, key=mgr/telemetry/salt}] v 0)
2026-02-17T11:25:55.146+0000 7f0f28bf3640 20 --2- 127.0.0.1:0/2163459011 >> v2:127.0.0.1:7146/0 conn(0x559f945f4000 0x559f945fc000 crc :-1 s=READY pgs=8 cs=0 l=1 rev1=1 crypto rx=0 tx=0 comp rx=0 tx=0).write_message sending m=0x559f94854fc0 seq=14 src=mgr.4100 off=0
2026-02-17T11:25:55.146+0000 7f0f24beb640 1 -- 127.0.0.1:0/2163459011 <== mon.0 v2:127.0.0.1:7146/0 24 ==== mon_command_ack([{"prefix":"config rm","who":"mgr","name":"mgr/rbd_support/x/trash_purge_schedule"}]=0 v2) ==== 116+0+0 (crc 0 0 0) 0x559f945dd680 con 0x559f945f4000
2026-02-17T11:25:55.146+0000 7f0f28bf3640 10 -- 127.0.0.1:0/2163459011 >> v2:127.0.0.1:7146/0 conn(0x559f945f4000 msgr2=0x559f945fc000 crc :-1 s=STATE_CONNECTION_ESTABLISHED l=1)._try_send sent bytes 231 remaining bytes 0
2026-02-17T11:25:55.146+0000 7f0f28bf3640 10 --2- 127.0.0.1:0/2163459011 >> v2:127.0.0.1:7146/0 conn(0x559f945f4000 0x559f945fc000 crc :-1 s=READY pgs=8 cs=0 l=1 rev1=1 crypto rx=0 tx=0 comp rx=0 tx=0).write_message sending 0x559f94854fc0 done.
2026-02-17T11:25:55.146+0000 7f0f24beb640 10 -- 127.0.0.1:0/2163459011 dispatch_throttle_release 116 to dispatch throttler 116/104857600
2026-02-17T11:25:55.146+0000 7f0f24beb640 20 -- 127.0.0.1:0/2163459011 done calling dispatch on 0x559f945dd680
2026-02-17T11:25:55.146+0000 7f0e31b5f640 0 [rbd_support DEBUG root] TrashPurgeScheduleHandler: refresh_pools
2026-02-17T11:25:55.146+0000 7f0e31b5f640 0 [rbd_support INFO root] TrashPurgeScheduleHandler: load_schedules
2026-02-17T11:25:55.146+0000 7f0e31b5f640 20 mgr get_config key: mgr/rbd_support/trash_purge_schedule
2026-02-17T11:25:55.146+0000 7f0e31b5f640 10 mgr get_typed_config trash_purge_schedule not found
2026-02-17T11:25:55.146+0000 7f0e43382640 1 -- 127.0.0.1:0/914475808 >> v2:127.0.0.1:7146/0 conn(0x559f945f5800 msgr2=0x559f945fd080 crc :-1 s=STATE_CONNECTION_ESTABLISHED l=1).mark_down
2026-02-17T11:25:55.146+0000 7f0e43382640 1 --2- 127.0.0.1:0/914475808 >> v2:127.0.0.1:7146/0 conn(0x559f945f5800 0x559f945fd080 crc :-1 s=READY pgs=13 cs=0 l=1 rev1=1 crypto rx=0 tx=0 comp rx=0 tx=0).stop
2026-02-17T11:25:55.146+0000 7f0e43382640 5 --2- 127.0.0.1:0/914475808 >> v2:127.0.0.1:7146/0 conn(0x559f945f5800 0x559f945fd080 crc :-1 s=READY pgs=13 cs=0 l=1 rev1=1 crypto rx=0 tx=0 comp rx=0 tx=0).reset_recv_state
2026-02-17T11:25:55.146+0000 7f0e43382640 20 Event(0x559f8aab6508 nevent=5000 time_id=3).wakeup
2026-02-17T11:25:55.146+0000 7f0e43382640 10 --2- 127.0.0.1:0/914475808 >> v2:127.0.0.1:7146/0 conn(0x559f945f5800 0x559f945fd080 crc :-1 s=READY pgs=13 cs=0 l=1 rev1=1 crypto rx=0 tx=0 comp rx=0 tx=0).discard_out_queue started
2026-02-17T11:25:55.146+0000 7f0f26bef640 5 --2- 127.0.0.1:0/914475808 >> v2:127.0.0.1:7146/0 conn(0x559f945f5800 0x559f945fd080 crc :-1 s=CLOSED pgs=13 cs=0 l=1 rev1=1 crypto rx=0 tx=0 comp rx=0 tx=0).reset_recv_state (warped) reseting crypto and compression handlers
2026-02-17T11:25:55.146+0000 7f0f26bef640 5 --2- 127.0.0.1:0/914475808 >> v2:127.0.0.1:7146/0 conn(0x559f945f5800 0x559f945fd080 crc :-1 s=CLOSED pgs=13 cs=0 l=1 rev1=1 crypto rx=0 tx=0 comp rx=0 tx=0).reset_security
2026-02-17T11:25:55.146+0000 7f0e43382640 10 -- 127.0.0.1:0/914475808 shutdown 127.0.0.1:0/914475808
2026-02-17T11:25:55.146+0000 7f0f26bef640 5 --2- 127.0.0.1:0/914475808 >> v2:127.0.0.1:7146/0 conn(0x559f945f5800 0x559f945fd080 unknown :-1 s=CLOSED pgs=13 cs=0 l=1 rev1=1 crypto rx=0 tx=0 comp rx=0 tx=0).reset_compression
2026-02-17T11:25:55.146+0000 7f0e43382640 20 Event(0x559f8aab6088 nevent=5000 time_id=5).wakeup
2026-02-17T11:25:55.146+0000 7f0f26bef640 20 EpollDriver.del_event del event fd=32 cur_mask=1 delmask=3 to 16
2026-02-17T11:25:55.146+0000 7f0e43382640 20 Event(0x559f8aab6bc8 nevent=5000 time_id=9).wakeup
2026-02-17T11:25:55.146+0000 7f0e43382640 20 Event(0x559f8aab6508 nevent=5000 time_id=3).wakeup
2026-02-17T11:25:55.146+0000 7f0e31b5f640 0 [rbd_support DEBUG root] TrashPurgeScheduleHandler: no schedules
2026-02-17T11:25:55.146+0000 7f0e43382640 10 Processor -- stop
2026-02-17T11:25:55.146+0000 7f0e43382640 20 Event(0x559f8aab6088 nevent=5000 time_id=5).wakeup
2026-02-17T11:25:55.146+0000 7f0e31b5f640 0 [rbd_support DEBUG root] TrashPurgeScheduleHandler: queue is initialized
2026-02-17T11:25:55.146+0000 7f0e43382640 1 -- 127.0.0.1:0/914475808 shutdown_connections
2026-02-17T11:25:55.146+0000 7f0e43382640 5 -- 127.0.0.1:0/914475808 shutdown_connections mark down v2:127.0.0.1:7146/0 0x559f945f5800
2026-02-17T11:25:55.146+0000 7f0e43382640 1 --2- 127.0.0.1:0/914475808 >> v2:127.0.0.1:7146/0 conn(0x559f945f5800 0x559f945fd080 unknown :-1 s=CLOSED pgs=13 cs=0 l=1 rev1=1 crypto rx=0 tx=0 comp rx=0 tx=0).stop
2026-02-17T11:25:55.146+0000 7f0e43382640 5 -- 127.0.0.1:0/914475808 shutdown_connections delete 0x559f945f5800
2026-02-17T11:25:55.146+0000 7f0e43382640 1 -- 127.0.0.1:0/914475808 >> 127.0.0.1:0/914475808 conn(0x559f945f5c00 msgr2=0x559f9461f800 unknown :-1 s=STATE_NONE l=0).mark_down
2026-02-17T11:25:55.146+0000 7f0e43382640 20 --1- 127.0.0.1:0/914475808 >> 127.0.0.1:0/914475808 conn(0x559f945f5c00 0x559f9461f800 :-1 s=NONE pgs=0 cs=0 l=0).stop
2026-02-17T11:25:55.146+0000 7f0e43382640 2 --1- 127.0.0.1:0/914475808 >> 127.0.0.1:0/914475808 conn(0x559f945f5c00 0x559f9461f800 :-1 s=NONE pgs=0 cs=0 l=0).stop
2026-02-17T11:25:55.146+0000 7f0e43382640 5 --1- 127.0.0.1:0/914475808 >> 127.0.0.1:0/914475808 conn(0x559f945f5c00 0x559f9461f800 :-1 s=NONE pgs=0 cs=0 l=0).reset_recv_state
2026-02-17T11:25:55.146+0000 7f0e43382640 20 Event(0x559f8aab6bc8 nevent=5000 time_id=9).wakeup
2026-02-17T11:25:55.146+0000 7f0e43382640 10 --1- 127.0.0.1:0/914475808 >> 127.0.0.1:0/914475808 conn(0x559f945f5c00 0x559f9461f800 :-1 s=NONE pgs=0 cs=0 l=0).discard_out_queue started
2026-02-17T11:25:55.146+0000 7f0e43382640 10 -- 127.0.0.1:0/914475808 wait: waiting for dispatch queue
2026-02-17T11:25:55.146+0000 7f0f28bf3640 5 --1- 127.0.0.1:0/914475808 >> 127.0.0.1:0/914475808 conn(0x559f945f5c00 0x559f9461f800 :-1 s=CLOSED pgs=0 cs=0 l=0).reset_recv_state (warped) reseting security handlers
2026-02-17T11:25:55.146+0000 7f0f28bf3640 5 --1- 127.0.0.1:0/914475808 >> 127.0.0.1:0/914475808 conn(0x559f945f5c00 0x559f9461f800 :-1 s=CLOSED pgs=0 cs=0 l=0).reset_security
2026-02-17T11:25:55.146+0000 7f0e43382640 10 -- 127.0.0.1:0/914475808 wait: dispatch queue is stopped
2026-02-17T11:25:55.146+0000 7f0e43382640 1 -- 127.0.0.1:0/914475808 shutdown_connections
2026-02-17T11:25:55.146+0000 7f0e43382640 5 -- 127.0.0.1:0/914475808 shutdown_connections delete 0x559f945f5c00
2026-02-17T11:25:55.146+0000 7f0e43382640 20 Event(0x559f8aab6088 nevent=5000 time_id=5).wakeup
2026-02-17T11:25:55.146+0000 7f0e43382640 20 Event(0x559f8aab6bc8 nevent=5000 time_id=9).wakeup
2026-02-17T11:25:55.146+0000 7f0e43382640 20 Event(0x559f8aab6508 nevent=5000 time_id=3).wakeup
2026-02-17T11:25:55.146+0000 7f0e43382640 10 -- 127.0.0.1:0/914475808 wait: done.
2026-02-17T11:25:55.146+0000 7f0e43382640 1 -- 127.0.0.1:0/914475808 wait complete.
2026-02-17T11:25:55.146+0000 7f0e2a250640 0 [rbd_support INFO root] TrashPurgeScheduleHandler: starting
2026-02-17T11:25:55.146+0000 7f0e43382640 20 CompressorRegistry(0x559f9461cf18) adding algorithm method: snappy
2026-02-17T11:25:55.146+0000 7f0e43382640 20 CompressorRegistry(0x559f9461cf18) _parse_method_list snappy -> [1]
2026-02-17T11:25:55.146+0000 7f0e43382640 10 CompressorRegistry(0x559f9461cf18) _refresh_config ms_osd_compression_mode 0 ms_osd_compression_methods [1] ms_osd_compress_above_min_size 1024 ms_compress_secure 0
2026-02-17T11:25:55.146+0000 7f0e31b5f640 0 [rbd_support INFO root] setup complete
2026-02-17T11:25:55.146+0000 7f0e43382640 10 -- ready
2026-02-17T11:25:55.146+0000 7f0e43382640 1 Processor -- start
2026-02-17T11:25:55.146+0000 7f0e43382640 20 Event(0x559f8aab6088 nevent=5000 time_id=5).wakeup
2026-02-17T11:25:55.146+0000 7f0e43382640 1 -- start start
2026-02-17T11:25:55.146+0000 7f0e43382640 10 -- create_connect v2:127.0.0.1:7146/0, creating connection and registering
2026-02-17T11:25:55.146+0000 7f0e43382640 10 -- >> v2:127.0.0.1:7146/0 conn(0x559f945f5800 msgr2=0x559f945fd080 unknown :-1 s=STATE_NONE l=1)._connect
2026-02-17T11:25:55.146+0000 7f0e43382640 1 --2- >> v2:127.0.0.1:7146/0 conn(0x559f945f5800 0x559f945fd080 unknown :-1 s=NONE pgs=0 cs=0 l=1 rev1=0 crypto rx=0 tx=0 comp rx=0 tx=0).connect
2026-02-17T11:25:55.146+0000 7f0e43382640 20 Event(0x559f8aab6508 nevent=5000 time_id=3).wakeup
2026-02-17T11:25:55.146+0000 7f0e43382640 10 -- create_connect 0x559f945f5800 v2:127.0.0.1:7146/0 v2:127.0.0.1:7146/0
2026-02-17T11:25:55.146+0000 7f0e43382640 10 -- connect_to v2:127.0.0.1:7146/0 new 0x559f945f5800
2026-02-17T11:25:55.146+0000 7f0e43382640 1 -- --> v2:127.0.0.1:7146/0 -- mon_getmap magic: 0 -- 0x559f94680f00 con 0x559f945f5800
2026-02-17T11:25:55.146+0000 7f0e43382640 5 --2- >> v2:127.0.0.1:7146/0 conn(0x559f945f5800 0x559f945fd080 unknown :-1 s=START_CONNECT pgs=0 cs=0 l=1 rev1=0 crypto rx=0 tx=0 comp rx=0 tx=0).send_message enqueueing message m=0x559f94680f00 type=5 mon_getmap magic: 0
2026-02-17T11:25:55.146+0000 7f0e43382640 15 --2- >> v2:127.0.0.1:7146/0 conn(0x559f945f5800 0x559f945fd080 unknown :-1 s=START_CONNECT pgs=0 cs=0 l=1 rev1=0 crypto rx=0 tx=0 comp rx=0 tx=0).send_message inline write is denied, reschedule m=0x559f94680f00
2026-02-17T11:25:55.146+0000 7f0f26bef640 20 -- >> v2:127.0.0.1:7146/0 conn(0x559f945f5800 msgr2=0x559f945fd080 unknown :-1 s=STATE_CONNECTING l=1).process
2026-02-17T11:25:55.146+0000 7f0f26bef640 20 Event(0x559f8aab6508 nevent=5000 time_id=4).create_file_event create event started fd=32 mask=1 original mask is 0
2026-02-17T11:25:55.146+0000 7f0f26bef640 20 EpollDriver.add_event add event fd=32 cur_mask=0 add_mask=1 to 16
2026-02-17T11:25:55.146+0000 7f0f26bef640 20 Event(0x559f8aab6508 nevent=5000 time_id=4).create_file_event create event end fd=32 mask=1 current mask is 1
2026-02-17T11:25:55.146+0000 7f0f26bef640 20 EpollDriver.del_event del event fd=32 cur_mask=1 delmask=2 to 16
2026-02-17T11:25:55.146+0000 7f0f26bef640 10 -- >> v2:127.0.0.1:7146/0 conn(0x559f945f5800 msgr2=0x559f945fd080 unknown :-1 s=STATE_CONNECTING_RE l=1).process connect successfully, ready to send banner
2026-02-17T11:25:55.146+0000 7f0f26bef640 20 --2- >> v2:127.0.0.1:7146/0 conn(0x559f945f5800 0x559f945fd080 unknown :-1 s=START_CONNECT pgs=0 cs=0 l=1 rev1=0 crypto rx=0 tx=0 comp rx=0 tx=0).read_event
2026-02-17T11:25:55.146+0000 7f0f26bef640 20 --2- >> v2:127.0.0.1:7146/0 conn(0x559f945f5800 0x559f945fd080 unknown :-1 s=START_CONNECT pgs=0 cs=0 l=1 rev1=0 crypto rx=0 tx=0 comp rx=0 tx=0).start_client_banner_exchange
2026-02-17T11:25:55.146+0000 7f0f26bef640 20 --2- >> v2:127.0.0.1:7146/0 conn(0x559f945f5800 0x559f945fd080 unknown :-1 s=BANNER_CONNECTING pgs=0 cs=0 l=1 rev1=0 crypto rx=0 tx=0 comp rx=0 tx=0)._banner_exchange
2026-02-17T11:25:55.150+0000 7f0f26bef640 10 -- >> v2:127.0.0.1:7146/0 conn(0x559f945f5800 msgr2=0x559f945fd080 unknown :-1 s=STATE_CONNECTION_ESTABLISHED l=1)._try_send sent bytes 26 remaining bytes 0
2026-02-17T11:25:55.150+0000 7f0f26bef640 20 -- >> v2:127.0.0.1:7146/0 conn(0x559f945f5800 msgr2=0x559f945fd080 unknown :-1 s=STATE_CONNECTION_ESTABLISHED l=1).read start len=10
2026-02-17T11:25:55.150+0000 7f0f26bef640 20 -- >> v2:127.0.0.1:7146/0 conn(0x559f945f5800 msgr2=0x559f945fd080 unknown :-1 s=STATE_CONNECTION_ESTABLISHED l=1).process
2026-02-17T11:25:55.150+0000 7f0f26bef640 20 -- >> v2:127.0.0.1:7146/0 conn(0x559f945f5800 msgr2=0x559f945fd080 unknown :-1 s=STATE_CONNECTION_ESTABLISHED l=1).read continue len=10
2026-02-17T11:25:55.150+0000 7f0f26bef640 20 --2- >> v2:127.0.0.1:7146/0 conn(0x559f945f5800 0x559f945fd080 unknown :-1 s=BANNER_CONNECTING pgs=0 cs=0 l=1 rev1=0 crypto rx=0 tx=0 comp rx=0 tx=0)._handle_peer_banner r=0
2026-02-17T11:25:55.150+0000 7f0f26bef640 20 -- >> v2:127.0.0.1:7146/0 conn(0x559f945f5800 msgr2=0x559f945fd080 unknown :-1 s=STATE_CONNECTION_ESTABLISHED l=1).read start len=16
2026-02-17T11:25:55.150+0000 7f0f26bef640 20 --2- >> v2:127.0.0.1:7146/0 conn(0x559f945f5800 0x559f945fd080 unknown :-1 s=BANNER_CONNECTING pgs=0 cs=0 l=1 rev1=0 crypto rx=0 tx=0 comp rx=0 tx=0)._handle_peer_banner_payload r=0
2026-02-17T11:25:55.150+0000 7f0f26bef640 1 --2- >> v2:127.0.0.1:7146/0 conn(0x559f945f5800 0x559f945fd080 unknown :-1 s=BANNER_CONNECTING pgs=0 cs=0 l=1 rev1=0 crypto rx=0 tx=0 comp rx=0 tx=0)._handle_peer_banner_payload supported=3 required=0
2026-02-17T11:25:55.150+0000 7f0f26bef640 10 -- >> v2:127.0.0.1:7146/0 conn(0x559f945f5800 msgr2=0x559f945fd080 unknown :-1 s=STATE_CONNECTION_ESTABLISHED l=1)._try_send sent bytes 72 remaining bytes 0
2026-02-17T11:25:55.150+0000 7f0f26bef640 20 --2- >> v2:127.0.0.1:7146/0 conn(0x559f945f5800 0x559f945fd080 unknown :-1 s=HELLO_CONNECTING pgs=0 cs=0 l=1 rev1=1 crypto rx=0 tx=0 comp rx=0 tx=0).read_frame
2026-02-17T11:25:55.150+0000 7f0f26bef640 20 -- >> v2:127.0.0.1:7146/0 conn(0x559f945f5800 msgr2=0x559f945fd080 unknown :-1 s=STATE_CONNECTION_ESTABLISHED l=1).read start len=32
2026-02-17T11:25:55.150+0000 7f0f26bef640 20 --2- >> v2:127.0.0.1:7146/0 conn(0x559f945f5800 0x559f945fd080 unknown :-1 s=HELLO_CONNECTING pgs=0 cs=0 l=1 rev1=1 crypto rx=0 tx=0 comp rx=0 tx=0).handle_read_frame_preamble_main r=0
2026-02-17T11:25:55.150+0000 7f0f26bef640 20 --2- >> v2:127.0.0.1:7146/0 conn(0x559f945f5800 0x559f945fd080 unknown :-1 s=HELLO_CONNECTING pgs=0 cs=0 l=1 rev1=1 crypto rx=0 tx=0 comp rx=0 tx=0).read_frame_segment seg_idx=0
2026-02-17T11:25:55.150+0000 7f0f26bef640 20 -- >> v2:127.0.0.1:7146/0 conn(0x559f945f5800 msgr2=0x559f945fd080 unknown :-1 s=STATE_CONNECTION_ESTABLISHED l=1).read start len=40
2026-02-17T11:25:55.150+0000 7f0f26bef640 20 --2- >> v2:127.0.0.1:7146/0 conn(0x559f945f5800 0x559f945fd080 unknown :-1 s=HELLO_CONNECTING pgs=0 cs=0 l=1 rev1=1 crypto rx=0 tx=0 comp rx=0 tx=0).handle_read_frame_segment r=0
2026-02-17T11:25:55.150+0000 7f0f26bef640 10 --2- >> v2:127.0.0.1:7146/0 conn(0x559f945f5800 0x559f945fd080 unknown :-1 s=HELLO_CONNECTING pgs=0 cs=0 l=1 rev1=1 crypto rx=0 tx=0 comp rx=0 tx=0).handle_read_frame_dispatch tag=1
2026-02-17T11:25:55.150+0000 7f0f26bef640 20 --2- >> v2:127.0.0.1:7146/0 conn(0x559f945f5800 0x559f945fd080 unknown :-1 s=HELLO_CONNECTING pgs=0 cs=0 l=1 rev1=1 crypto rx=0 tx=0 comp rx=0 tx=0).handle_hello payload.length()=36
2026-02-17T11:25:55.150+0000 7f0f26bef640 5 --2- >> v2:127.0.0.1:7146/0 conn(0x559f945f5800 0x559f945fd080 unknown :-1 s=HELLO_CONNECTING pgs=0 cs=0 l=1 rev1=1 crypto rx=0 tx=0 comp rx=0 tx=0).handle_hello received hello: peer_type=1 peer_addr_for_me=v2:127.0.0.1:34364/0
2026-02-17T11:25:55.150+0000 7f0f26bef640 5 --2- >> v2:127.0.0.1:7146/0 conn(0x559f945f5800 0x559f945fd080 unknown :-1 s=HELLO_CONNECTING pgs=0 cs=0 l=1 rev1=1 crypto rx=0 tx=0 comp rx=0 tx=0).handle_hello getsockname says I am 127.0.0.1:34364 when talking to v2:127.0.0.1:7146/0
2026-02-17T11:25:55.150+0000 7f0f26bef640 1 --2- >> v2:127.0.0.1:7146/0 conn(0x559f945f5800 0x559f945fd080 unknown :-1 s=HELLO_CONNECTING pgs=0 cs=0 l=1 rev1=1 crypto rx=0 tx=0 comp rx=0 tx=0).handle_hello peer v2:127.0.0.1:7146/0 says I am v2:127.0.0.1:34364/0 (socket says 127.0.0.1:34364)
2026-02-17T11:25:55.150+0000 7f0f26bef640 10 -- 127.0.0.1:0/2168467607 learned_addr had no addrs
2026-02-17T11:25:55.150+0000 7f0f26bef640 1 -- 127.0.0.1:0/2168467607 learned_addr learned my addr 127.0.0.1:0/2168467607 (peer_addr_for_me v2:127.0.0.1:0/0)
2026-02-17T11:25:55.150+0000 7f0f26bef640 20 --2- 127.0.0.1:0/2168467607 >> v2:127.0.0.1:7146/0 conn(0x559f945f5800 0x559f945fd080 unknown :-1 s=HELLO_CONNECTING pgs=0 cs=0 l=1 rev1=1 crypto rx=0 tx=0 comp rx=0 tx=0).post_client_banner_exchange
2026-02-17T11:25:55.150+0000 7f0f26bef640 20 --2- 127.0.0.1:0/2168467607 >> v2:127.0.0.1:7146/0 conn(0x559f945f5800 0x559f945fd080 unknown :-1 s=AUTH_CONNECTING pgs=0 cs=0 l=1 rev1=1 crypto rx=0 tx=0 comp rx=0 tx=0).send_auth_request peer_type 1 auth_client 0x559f946830d0
2026-02-17T11:25:55.150+0000 7f0f26bef640 10 -- 127.0.0.1:0/2168467607 >> v2:127.0.0.1:7146/0 conn(0x559f945f5800 msgr2=0x559f945fd080 unknown :-1 s=STATE_CONNECTION_ESTABLISHED l=1)._try_send sent bytes 70 remaining bytes 0
2026-02-17T11:25:55.150+0000 7f0f26bef640 20 --2- 127.0.0.1:0/2168467607 >> v2:127.0.0.1:7146/0 conn(0x559f945f5800 0x559f945fd080 unknown :-1 s=AUTH_CONNECTING pgs=0 cs=0 l=1 rev1=1 crypto rx=0 tx=0 comp rx=0 tx=0).read_frame
2026-02-17T11:25:55.150+0000 7f0f26bef640 20 -- 127.0.0.1:0/2168467607 >> v2:127.0.0.1:7146/0 conn(0x559f945f5800 msgr2=0x559f945fd080 unknown :-1 s=STATE_CONNECTION_ESTABLISHED l=1).read start len=32
2026-02-17T11:25:55.150+0000 7f0f26bef640 20 -- 127.0.0.1:0/2168467607 >> v2:127.0.0.1:7146/0 conn(0x559f945f5800 msgr2=0x559f945fd080 unknown :-1 s=STATE_CONNECTION_ESTABLISHED l=1).process
2026-02-17T11:25:55.150+0000 7f0f26bef640 20 -- 127.0.0.1:0/2168467607 >> v2:127.0.0.1:7146/0 conn(0x559f945f5800 msgr2=0x559f945fd080 unknown :-1 s=STATE_CONNECTION_ESTABLISHED l=1).read continue len=32
2026-02-17T11:25:55.150+0000 7f0f26bef640 20 --2- 127.0.0.1:0/2168467607 >> v2:127.0.0.1:7146/0 conn(0x559f945f5800 0x559f945fd080 unknown :-1 s=AUTH_CONNECTING pgs=0 cs=0 l=1 rev1=1 crypto rx=0 tx=0 comp rx=0 tx=0).handle_read_frame_preamble_main r=0
2026-02-17T11:25:55.150+0000 7f0f26bef640 20 --2- 127.0.0.1:0/2168467607 >> v2:127.0.0.1:7146/0 conn(0x559f945f5800 0x559f945fd080 unknown :-1 s=AUTH_CONNECTING pgs=0 cs=0 l=1 rev1=1 crypto rx=0 tx=0 comp rx=0 tx=0).read_frame_segment seg_idx=0
2026-02-17T11:25:55.150+0000 7f0f26bef640 20 -- 127.0.0.1:0/2168467607 >> v2:127.0.0.1:7146/0 conn(0x559f945f5800 msgr2=0x559f945fd080 unknown :-1 s=STATE_CONNECTION_ESTABLISHED l=1).read start len=20
2026-02-17T11:25:55.150+0000 7f0f26bef640 20 --2- 127.0.0.1:0/2168467607 >> v2:127.0.0.1:7146/0 conn(0x559f945f5800 0x559f945fd080 unknown :-1 s=AUTH_CONNECTING pgs=0 cs=0 l=1 rev1=1 crypto rx=0 tx=0 comp rx=0 tx=0).handle_read_frame_segment r=0
2026-02-17T11:25:55.150+0000 7f0f26bef640 10 --2- 127.0.0.1:0/2168467607 >> v2:127.0.0.1:7146/0 conn(0x559f945f5800 0x559f945fd080 unknown :-1 s=AUTH_CONNECTING pgs=0 cs=0 l=1 rev1=1 crypto rx=0 tx=0 comp rx=0 tx=0).handle_read_frame_dispatch tag=6
2026-02-17T11:25:55.150+0000 7f0f26bef640 20 --2- 127.0.0.1:0/2168467607 >> v2:127.0.0.1:7146/0 conn(0x559f945f5800 0x559f945fd080 unknown :-1 s=AUTH_CONNECTING pgs=0 cs=0 l=1 rev1=1 crypto rx=0 tx=0 comp rx=0 tx=0).handle_auth_done payload.length()=16
2026-02-17T11:25:55.150+0000 7f0f26bef640 1 -- 127.0.0.1:0/2168467607 --> v2:127.0.0.1:7146/0 -- mon_subscribe({config=0+,monmap=0+}) -- 0x559f945dda40 con 0x559f945f5800
2026-02-17T11:25:55.150+0000 7f0f26bef640 5 --2- 127.0.0.1:0/2168467607 >> v2:127.0.0.1:7146/0 conn(0x559f945f5800 0x559f945fd080 unknown :-1 s=AUTH_CONNECTING pgs=0 cs=0 l=1 rev1=1 crypto rx=0 tx=0 comp rx=0 tx=0).send_message enqueueing message m=0x559f945dda40 type=15 mon_subscribe({config=0+,monmap=0+})
2026-02-17T11:25:55.150+0000 7f0f26bef640 15 --2- 127.0.0.1:0/2168467607 >> v2:127.0.0.1:7146/0 conn(0x559f945f5800 0x559f945fd080 unknown :-1 s=AUTH_CONNECTING pgs=0 cs=0 l=1 rev1=1 crypto rx=0 tx=0 comp rx=0 tx=0).send_message inline write is denied, reschedule m=0x559f945dda40
2026-02-17T11:25:55.150+0000 7f0f26bef640 10 -- 127.0.0.1:0/2168467607 >> v2:127.0.0.1:7146/0 conn(0x559f945f5800 msgr2=0x559f945fd080 crc :-1 s=STATE_CONNECTION_ESTABLISHED l=1)._try_send sent bytes 68 remaining bytes 0
2026-02-17T11:25:55.150+0000 7f0f26bef640 20 --2- 127.0.0.1:0/2168467607 >> v2:127.0.0.1:7146/0 conn(0x559f945f5800 0x559f945fd080 crc :-1 s=AUTH_CONNECTING_SIGN pgs=0 cs=0 l=1 rev1=1 crypto rx=0 tx=0 comp rx=0 tx=0).read_frame
2026-02-17T11:25:55.150+0000 7f0f26bef640 20 -- 127.0.0.1:0/2168467607 >> v2:127.0.0.1:7146/0 conn(0x559f945f5800 msgr2=0x559f945fd080 crc :-1 s=STATE_CONNECTION_ESTABLISHED l=1).read start len=32
2026-02-17T11:25:55.150+0000 7f0f26bef640 20 --2- 127.0.0.1:0/2168467607 >> v2:127.0.0.1:7146/0 conn(0x559f945f5800 0x559f945fd080 crc :-1 s=AUTH_CONNECTING_SIGN pgs=0 cs=0 l=1 rev1=1 crypto rx=0 tx=0 comp rx=0 tx=0).handle_read_frame_preamble_main r=0
2026-02-17T11:25:55.150+0000 7f0f26bef640 20 --2- 127.0.0.1:0/2168467607 >> v2:127.0.0.1:7146/0 conn(0x559f945f5800 0x559f945fd080 crc :-1 s=AUTH_CONNECTING_SIGN pgs=0 cs=0 l=1 rev1=1 crypto rx=0 tx=0 comp rx=0 tx=0).read_frame_segment seg_idx=0
2026-02-17T11:25:55.150+0000 7f0f26bef640 20 -- 127.0.0.1:0/2168467607 >> v2:127.0.0.1:7146/0 conn(0x559f945f5800 msgr2=0x559f945fd080 crc :-1 s=STATE_CONNECTION_ESTABLISHED l=1).read start len=36
2026-02-17T11:25:55.150+0000 7f0f26bef640 20 --2- 127.0.0.1:0/2168467607 >> v2:127.0.0.1:7146/0 conn(0x559f945f5800 0x559f945fd080 crc :-1 s=AUTH_CONNECTING_SIGN pgs=0 cs=0 l=1 rev1=1 crypto rx=0 tx=0 comp rx=0 tx=0).handle_read_frame_segment r=0
2026-02-17T11:25:55.150+0000 7f0f26bef640 10 --2- 127.0.0.1:0/2168467607 >> v2:127.0.0.1:7146/0 conn(0x559f945f5800 0x559f945fd080 crc :-1 s=AUTH_CONNECTING_SIGN pgs=0 cs=0 l=1 rev1=1 crypto rx=0 tx=0 comp rx=0 tx=0).handle_read_frame_dispatch tag=7
2026-02-17T11:25:55.150+0000 7f0f26bef640 20 --2- 127.0.0.1:0/2168467607 >> v2:127.0.0.1:7146/0 conn(0x559f945f5800 0x559f945fd080 crc :-1 s=AUTH_CONNECTING_SIGN pgs=0 cs=0 l=1 rev1=1 crypto rx=0 tx=0 comp rx=0 tx=0).handle_auth_signature payload.length()=32
2026-02-17T11:25:55.150+0000 7f0f26bef640 20 --2- 127.0.0.1:0/2168467607 >> v2:127.0.0.1:7146/0 conn(0x559f945f5800 0x559f945fd080 crc :-1 s=AUTH_CONNECTING_SIGN pgs=0 cs=0 l=1 rev1=1 crypto rx=0 tx=0 comp rx=0 tx=0).handle_auth_signature pre-auth signature success sig_frame.signature()=0000000000000000000000000000000000000000000000000000000000000000
2026-02-17T11:25:55.150+0000 7f0f26bef640 20 CompressorRegistry(0x559f9461cf18) get_mode peer_type 1 is_secure 0
2026-02-17T11:25:55.150+0000 7f0f26bef640 10 -- 127.0.0.1:0/2168467607 >> v2:127.0.0.1:7146/0 conn(0x559f945f5800 msgr2=0x559f945fd080 crc :-1 s=STATE_CONNECTION_ESTABLISHED l=1)._try_send sent bytes 41 remaining bytes 0
2026-02-17T11:25:55.150+0000 7f0f26bef640 20 --2- 127.0.0.1:0/2168467607 >> v2:127.0.0.1:7146/0 conn(0x559f945f5800 0x559f945fd080 crc :-1 s=COMPRESSION_CONNECTING pgs=0 cs=0 l=1 rev1=1 crypto rx=0 tx=0 comp rx=0 tx=0).read_frame
2026-02-17T11:25:55.150+0000 7f0f26bef640 20 -- 127.0.0.1:0/2168467607 >> v2:127.0.0.1:7146/0 conn(0x559f945f5800 msgr2=0x559f945fd080 crc :-1 s=STATE_CONNECTION_ESTABLISHED l=1).read start len=32
2026-02-17T11:25:55.150+0000 7f0f26bef640 20 -- 127.0.0.1:0/2168467607 >> v2:127.0.0.1:7146/0 conn(0x559f945f5800 msgr2=0x559f945fd080 crc :-1 s=STATE_CONNECTION_ESTABLISHED l=1).process
2026-02-17T11:25:55.150+0000 7f0f26bef640 20 -- 127.0.0.1:0/2168467607 >> v2:127.0.0.1:7146/0 conn(0x559f945f5800 msgr2=0x559f945fd080 crc :-1 s=STATE_CONNECTION_ESTABLISHED l=1).read continue len=32
2026-02-17T11:25:55.150+0000 7f0f26bef640 20 --2- 127.0.0.1:0/2168467607 >> v2:127.0.0.1:7146/0 conn(0x559f945f5800 0x559f945fd080 crc :-1 s=COMPRESSION_CONNECTING pgs=0 cs=0 l=1 rev1=1 crypto rx=0 tx=0 comp rx=0 tx=0).handle_read_frame_preamble_main r=0
2026-02-17T11:25:55.150+0000 7f0f26bef640 20 --2- 127.0.0.1:0/2168467607 >> v2:127.0.0.1:7146/0 conn(0x559f945f5800 0x559f945fd080 crc :-1 s=COMPRESSION_CONNECTING pgs=0 cs=0 l=1 rev1=1 crypto rx=0 tx=0 comp rx=0 tx=0).read_frame_segment seg_idx=0
2026-02-17T11:25:55.150+0000 7f0f26bef640 20 -- 127.0.0.1:0/2168467607 >> v2:127.0.0.1:7146/0 conn(0x559f945f5800 msgr2=0x559f945fd080 crc :-1 s=STATE_CONNECTION_ESTABLISHED l=1).read start len=9
2026-02-17T11:25:55.150+0000 7f0f26bef640 20 --2- 127.0.0.1:0/2168467607 >> v2:127.0.0.1:7146/0 conn(0x559f945f5800 0x559f945fd080 crc :-1 s=COMPRESSION_CONNECTING pgs=0 cs=0 l=1 rev1=1 crypto rx=0 tx=0 comp rx=0 tx=0).handle_read_frame_segment r=0
2026-02-17T11:25:55.150+0000 7f0f26bef640 10 --2- 127.0.0.1:0/2168467607 >> v2:127.0.0.1:7146/0 conn(0x559f945f5800 0x559f945fd080 crc :-1 s=COMPRESSION_CONNECTING pgs=0 cs=0 l=1 rev1=1 crypto rx=0 tx=0 comp rx=0 tx=0).handle_read_frame_dispatch tag=22
2026-02-17T11:25:55.150+0000 7f0f26bef640 10 --2- 127.0.0.1:0/2168467607 >> v2:127.0.0.1:7146/0 conn(0x559f945f5800 0x559f945fd080 crc :-1 s=COMPRESSION_CONNECTING pgs=0 cs=0 l=1 rev1=1 crypto rx=0 tx=0 comp rx=0 tx=0).handle_compression_done CompressionDoneFrame(is_compress=0, method=0)
2026-02-17T11:25:55.150+0000 7f0f26bef640 20 --2- 127.0.0.1:0/2168467607 >> v2:127.0.0.1:7146/0 conn(0x559f945f5800 0x559f945fd080 crc :-1 s=SESSION_CONNECTING pgs=0 cs=0 l=1 rev1=1 crypto rx=0 tx=0 comp rx=0 tx=0).send_client_ident
2026-02-17T11:25:55.150+0000 7f0f26bef640 5 --2- 127.0.0.1:0/2168467607 >> v2:127.0.0.1:7146/0 conn(0x559f945f5800 0x559f945fd080 crc :-1 s=SESSION_CONNECTING pgs=0 cs=0 l=1 rev1=1 crypto rx=0 tx=0 comp rx=0 tx=0).send_client_ident sending identification: addrs=127.0.0.1:0/2168467607 target=v2:127.0.0.1:7146/0 gid=-1 global_seq=1 features_supported=3f03cffffffdffff features_required=800000000001000 flags=1 cookie=0
2026-02-17T11:25:55.150+0000 7f0f26bef640 10 -- 127.0.0.1:0/2168467607 >> v2:127.0.0.1:7146/0 conn(0x559f945f5800 msgr2=0x559f945fd080 crc :-1 s=STATE_CONNECTION_ESTABLISHED l=1)._try_send sent bytes 159 remaining bytes 0
2026-02-17T11:25:55.150+0000 7f0f26bef640 20 --2- 127.0.0.1:0/2168467607 >> v2:127.0.0.1:7146/0 conn(0x559f945f5800 0x559f945fd080 crc :-1 s=SESSION_CONNECTING pgs=0 cs=0 l=1 rev1=1 crypto rx=0 tx=0 comp rx=0 tx=0).read_frame
2026-02-17T11:25:55.150+0000 7f0f26bef640 20 -- 127.0.0.1:0/2168467607 >> v2:127.0.0.1:7146/0 conn(0x559f945f5800 msgr2=0x559f945fd080 crc :-1 s=STATE_CONNECTION_ESTABLISHED l=1).read start len=32
2026-02-17T11:25:55.150+0000 7f0f26bef640 20 -- 127.0.0.1:0/2168467607 >> v2:127.0.0.1:7146/0 conn(0x559f945f5800 msgr2=0x559f945fd080 crc :-1 s=STATE_CONNECTION_ESTABLISHED l=1).process
2026-02-17T11:25:55.150+0000 7f0f26bef640 20 -- 127.0.0.1:0/2168467607 >> v2:127.0.0.1:7146/0 conn(0x559f945f5800 msgr2=0x559f945fd080 crc :-1 s=STATE_CONNECTION_ESTABLISHED l=1).read continue len=32
2026-02-17T11:25:55.150+0000 7f0f26bef640 20 --2- 127.0.0.1:0/2168467607 >> v2:127.0.0.1:7146/0 conn(0x559f945f5800 0x559f945fd080 crc :-1 s=SESSION_CONNECTING pgs=0 cs=0 l=1 rev1=1 crypto rx=0 tx=0 comp rx=0 tx=0).handle_read_frame_preamble_main r=0
2026-02-17T11:25:55.150+0000 7f0f26bef640 20 --2- 127.0.0.1:0/2168467607 >> v2:127.0.0.1:7146/0 conn(0x559f945f5800 0x559f945fd080 crc :-1 s=SESSION_CONNECTING pgs=0 cs=0 l=1 rev1=1 crypto rx=0 tx=0 comp rx=0 tx=0).read_frame_segment seg_idx=0
2026-02-17T11:25:55.150+0000 7f0f26bef640 20 -- 127.0.0.1:0/2168467607 >> v2:127.0.0.1:7146/0 conn(0x559f945f5800 msgr2=0x559f945fd080 crc :-1 s=STATE_CONNECTION_ESTABLISHED l=1).read start len=92
2026-02-17T11:25:55.150+0000 7f0f26bef640 20 --2- 127.0.0.1:0/2168467607 >> v2:127.0.0.1:7146/0 conn(0x559f945f5800 0x559f945fd080 crc :-1 s=SESSION_CONNECTING pgs=0 cs=0 l=1 rev1=1 crypto rx=0 tx=0 comp rx=0 tx=0).handle_read_frame_segment r=0
2026-02-17T11:25:55.150+0000 7f0f26bef640 10 --2- 127.0.0.1:0/2168467607 >> v2:127.0.0.1:7146/0 conn(0x559f945f5800 0x559f945fd080 crc :-1 s=SESSION_CONNECTING pgs=0 cs=0 l=1 rev1=1 crypto rx=0 tx=0 comp rx=0 tx=0).handle_read_frame_dispatch tag=9
2026-02-17T11:25:55.150+0000 7f0f26bef640 20 --2- 127.0.0.1:0/2168467607 >> v2:127.0.0.1:7146/0 conn(0x559f945f5800 0x559f945fd080 crc :-1 s=SESSION_CONNECTING pgs=0 cs=0 l=1 rev1=1 crypto rx=0 tx=0 comp rx=0 tx=0).handle_server_ident payload.length()=88
2026-02-17T11:25:55.150+0000 7f0f26bef640 5 --2- 127.0.0.1:0/2168467607 >> v2:127.0.0.1:7146/0 conn(0x559f945f5800 0x559f945fd080 crc :-1 s=SESSION_CONNECTING pgs=0 cs=0 l=1 rev1=1 crypto rx=0 tx=0 comp rx=0 tx=0).handle_server_ident received server identification: addrs=v2:127.0.0.1:7146/0 gid=0 global_seq=14 features_supported=3f03cffffffdffff features_required=c01020002040000 flags=1 cookie=0
2026-02-17T11:25:55.150+0000 7f0f26bef640 10 --2- 127.0.0.1:0/2168467607 >> v2:127.0.0.1:7146/0 conn(0x559f945f5800 0x559f945fd080 crc :-1 s=SESSION_CONNECTING pgs=14 cs=0 l=1 rev1=1 crypto rx=0 tx=0 comp rx=0 tx=0).handle_server_ident connect success 0, lossy = 1, features 4540701547738038271
2026-02-17T11:25:55.150+0000 7f0f26bef640 1 --2- 127.0.0.1:0/2168467607 >> v2:127.0.0.1:7146/0 conn(0x559f945f5800 0x559f945fd080 crc :-1 s=READY pgs=14 cs=0 l=1 rev1=1 crypto rx=0 tx=0 comp rx=0 tx=0).ready entity=mon.0 client_cookie=0 server_cookie=0 in_seq=0 out_seq=0
2026-02-17T11:25:55.150+0000 7f0f26bef640 20 --2- 127.0.0.1:0/2168467607 >> v2:127.0.0.1:7146/0 conn(0x559f945f5800 0x559f945fd080 crc :-1 s=READY pgs=14 cs=0 l=1 rev1=1 crypto rx=0 tx=0 comp rx=0 tx=0).read_frame
2026-02-17T11:25:55.150+0000 7f0f26bef640 20 -- 127.0.0.1:0/2168467607 >> v2:127.0.0.1:7146/0 conn(0x559f945f5800 msgr2=0x559f945fd080 crc :-1 s=STATE_CONNECTION_ESTABLISHED l=1).read start len=32
2026-02-17T11:25:55.150+0000 7f0f26bef640 10 -- 127.0.0.1:0/2168467607 >> v2:127.0.0.1:7146/0 conn(0x559f945f5800 msgr2=0x559f945fd080 crc :-1 s=STATE_CONNECTION_ESTABLISHED l=1).handle_write
2026-02-17T11:25:55.150+0000 7f0f26bef640 10 --2- 127.0.0.1:0/2168467607 >> v2:127.0.0.1:7146/0 conn(0x559f945f5800 0x559f945fd080 crc :-1 s=READY pgs=14 cs=0 l=1 rev1=1 crypto rx=0 tx=0 comp rx=0 tx=0).write_event
2026-02-17T11:25:55.150+0000 7f0f26bef640 20 --2- 127.0.0.1:0/2168467607 >> v2:127.0.0.1:7146/0 conn(0x559f945f5800 0x559f945fd080 crc :-1 s=READY pgs=14 cs=0 l=1 rev1=1 crypto rx=0 tx=0 comp rx=0 tx=0).prepare_send_message m=mon_getmap magic: 0
2026-02-17T11:25:55.150+0000 7f0f26bef640 20 --2- 127.0.0.1:0/2168467607 >> v2:127.0.0.1:7146/0 conn(0x559f945f5800 0x559f945fd080 crc :-1 s=READY pgs=14 cs=0 l=1 rev1=1 crypto rx=0 tx=0 comp rx=0 tx=0).prepare_send_message encoding features 4540701547738038271 0x559f94680f00 mon_getmap magic: 0
2026-02-17T11:25:55.150+0000 7f0e2924e640 10 client.?.objecter ms_handle_connect 0x559f945f5800
2026-02-17T11:25:55.150+0000 7f0e2924e640 10 client.?.objecter resend_mon_ops
2026-02-17T11:25:55.150+0000 7f0f26bef640 5 --2- 127.0.0.1:0/2168467607 >> v2:127.0.0.1:7146/0 conn(0x559f945f5800 0x559f945fd080 crc :-1 s=READY pgs=14 cs=0 l=1 rev1=1 crypto rx=0 tx=0 comp rx=0 tx=0).write_message sending message m=0x559f94680f00 seq=1 mon_getmap magic: 0
2026-02-17T11:25:55.150+0000 7f0f26bef640 20 --2- 127.0.0.1:0/2168467607 >> v2:127.0.0.1:7146/0 conn(0x559f945f5800 0x559f945fd080 crc :-1 s=READY pgs=14 cs=0 l=1 rev1=1 crypto rx=0 tx=0 comp rx=0 tx=0).write_message sending m=0x559f94680f00 seq=1 src=client.? off=0
2026-02-17T11:25:55.150+0000 7f0f26bef640 10 -- 127.0.0.1:0/2168467607 >> v2:127.0.0.1:7146/0 conn(0x559f945f5800 msgr2=0x559f945fd080 crc :-1 s=STATE_CONNECTION_ESTABLISHED l=1)._try_send sent bytes 77 remaining bytes 0
2026-02-17T11:25:55.150+0000 7f0f26bef640 10 --2- 127.0.0.1:0/2168467607 >> v2:127.0.0.1:7146/0 conn(0x559f945f5800 0x559f945fd080 crc :-1 s=READY pgs=14 cs=0 l=1 rev1=1 crypto rx=0 tx=0 comp rx=0 tx=0).write_message sending 0x559f94680f00 done.
2026-02-17T11:25:55.150+0000 7f0f26bef640 20 --2- 127.0.0.1:0/2168467607 >> v2:127.0.0.1:7146/0 conn(0x559f945f5800 0x559f945fd080 crc :-1 s=READY pgs=14 cs=0 l=1 rev1=1 crypto rx=0 tx=0 comp rx=0 tx=0).prepare_send_message m=mon_subscribe({config=0+,monmap=0+})
2026-02-17T11:25:55.150+0000 7f0f26bef640 20 --2- 127.0.0.1:0/2168467607 >> v2:127.0.0.1:7146/0 conn(0x559f945f5800 0x559f945fd080 crc :-1 s=READY pgs=14 cs=0 l=1 rev1=1 crypto rx=0 tx=0 comp rx=0 tx=0).prepare_send_message encoding features 4540701547738038271 0x559f945dda40 mon_subscribe({config=0+,monmap=0+})
2026-02-17T11:25:55.150+0000 7f0f26bef640 5 --2- 127.0.0.1:0/2168467607 >> v2:127.0.0.1:7146/0 conn(0x559f945f5800 0x559f945fd080 crc :-1 s=READY pgs=14 cs=0 l=1 rev1=1 crypto rx=0 tx=0 comp rx=0 tx=0).write_message sending message m=0x559f945dda40 seq=2 mon_subscribe({config=0+,monmap=0+})
2026-02-17T11:25:55.150+0000 7f0f26bef640 20 --2- 127.0.0.1:0/2168467607 >> v2:127.0.0.1:7146/0 conn(0x559f945f5800 0x559f945fd080 crc :-1 s=READY pgs=14 cs=0 l=1 rev1=1 crypto rx=0 tx=0 comp rx=0 tx=0).write_message sending m=0x559f945dda40 seq=2 src=client.? off=0
2026-02-17T11:25:55.150+0000 7f0f26bef640 10 -- 127.0.0.1:0/2168467607 >> v2:127.0.0.1:7146/0 conn(0x559f945f5800 msgr2=0x559f945fd080 crc :-1 s=STATE_CONNECTION_ESTABLISHED l=1)._try_send sent bytes 144 remaining bytes 0
2026-02-17T11:25:55.150+0000 7f0f26bef640 10 --2- 127.0.0.1:0/2168467607 >> v2:127.0.0.1:7146/0 conn(0x559f945f5800 0x559f945fd080 crc :-1 s=READY pgs=14 cs=0 l=1 rev1=1 crypto rx=0 tx=0 comp rx=0 tx=0).write_message sending 0x559f945dda40 done.
2026-02-17T11:25:55.150+0000 7f0f28bf3640 20 -- 127.0.0.1:0/2163459011 >> v2:127.0.0.1:7146/0 conn(0x559f945f4000 msgr2=0x559f945fc000 crc :-1 s=STATE_CONNECTION_ESTABLISHED l=1).process
2026-02-17T11:25:55.150+0000 7f0f28bf3640 20 -- 127.0.0.1:0/2163459011 >> v2:127.0.0.1:7146/0 conn(0x559f945f4000 msgr2=0x559f945fc000 crc :-1 s=STATE_CONNECTION_ESTABLISHED l=1).read continue len=32
2026-02-17T11:25:55.150+0000 7f0f28bf3640 20 --2- 127.0.0.1:0/2163459011 >> v2:127.0.0.1:7146/0 conn(0x559f945f4000 0x559f945fc000 crc :-1 s=READY pgs=8 cs=0 l=1 rev1=1 crypto rx=0 tx=0 comp rx=0 tx=0).handle_read_frame_preamble_main r=0
2026-02-17T11:25:55.150+0000 7f0f28bf3640 20 --2- 127.0.0.1:0/2163459011 >> v2:127.0.0.1:7146/0 conn(0x559f945f4000 0x559f945fc000 crc :-1 s=THROTTLE_MESSAGE pgs=8 cs=0 l=1 rev1=1 crypto rx=0 tx=0 comp rx=0 tx=0).throttle_message
2026-02-17T11:25:55.150+0000 7f0f28bf3640 20 --2- 127.0.0.1:0/2163459011 >> v2:127.0.0.1:7146/0 conn(0x559f945f4000 0x559f945fc000 crc :-1 s=THROTTLE_BYTES pgs=8 cs=0 l=1 rev1=1 crypto rx=0 tx=0 comp rx=0 tx=0).throttle_bytes
2026-02-17T11:25:55.150+0000 7f0f28bf3640 20 --2- 127.0.0.1:0/2163459011 >> v2:127.0.0.1:7146/0 conn(0x559f945f4000 0x559f945fc000 crc :-1 s=THROTTLE_DISPATCH_QUEUE pgs=8 cs=0 l=1 rev1=1 crypto rx=0 tx=0 comp rx=0 tx=0).throttle_dispatch_queue
2026-02-17T11:25:55.150+0000 7f0f28bf3640 20 --2- 127.0.0.1:0/2163459011 >> v2:127.0.0.1:7146/0 conn(0x559f945f4000 0x559f945fc000 crc :-1 s=THROTTLE_DONE pgs=8 cs=0 l=1 rev1=1 crypto rx=0 tx=0 comp rx=0 tx=0).read_frame_segment seg_idx=0
2026-02-17T11:25:55.150+0000 7f0f28bf3640 20 -- 127.0.0.1:0/2163459011 >> v2:127.0.0.1:7146/0 conn(0x559f945f4000 msgr2=0x559f945fc000 crc :-1 s=STATE_CONNECTION_ESTABLISHED l=1).read start len=45
2026-02-17T11:25:55.150+0000 7f0f28bf3640 20 --2- 127.0.0.1:0/2163459011 >> v2:127.0.0.1:7146/0 conn(0x559f945f4000 0x559f945fc000 crc :-1 s=THROTTLE_DONE pgs=8 cs=0 l=1 rev1=1 crypto rx=0 tx=0 comp rx=0 tx=0).handle_read_frame_segment r=0
