2026-02-17T11:25:55.146+0000 7f0f26bef640 1 --2- >> v2:127.0.0.1:7146/0 conn(0x559f945f5800 0x559f945fd080 unknown :-1 s=HELLO_CONNECTING pgs=0 cs=0 l=0 rev1=1 crypto rx=0 tx=0 comp rx=0 tx=0).handle_hello peer v2:127.0.0.1:7146/0 says I am v2:127.0.0.1:34348/0 (socket says 127.0.0.1:34348)
2026-02-17T11:25:55.146+0000 7f0f26bef640 10 -- 127.0.0.1:0/914475808 learned_addr had no addrs
2026-02-17T11:25:55.146+0000 7f0f26bef640 1 -- 127.0.0.1:0/914475808 learned_addr learned my addr 127.0.0.1:0/914475808 (peer_addr_for_me v2:127.0.0.1:0/0)
2026-02-17T11:25:55.146+0000 7f0f26bef640 20 --2- 127.0.0.1:0/914475808 >> v2:127.0.0.1:7146/0 conn(0x559f945f5800 0x559f945fd080 unknown :-1 s=HELLO_CONNECTING pgs=0 cs=0 l=0 rev1=1 crypto rx=0 tx=0 comp rx=0 tx=0).post_client_banner_exchange
2026-02-17T11:25:55.146+0000 7f0f26bef640 20 --2- 127.0.0.1:0/914475808 >> v2:127.0.0.1:7146/0 conn(0x559f945f5800 0x559f945fd080 unknown :-1 s=AUTH_CONNECTING pgs=0 cs=0 l=0 rev1=1 crypto rx=0 tx=0 comp rx=0 tx=0).send_auth_request peer_type 1 auth_client 0x7f0e4337ccc0
2026-02-17T11:25:55.146+0000 7f0f26bef640 10 -- 127.0.0.1:0/914475808 >> v2:127.0.0.1:7146/0 conn(0x559f945f5800 msgr2=0x559f945fd080 unknown :-1 s=STATE_CONNECTION_ESTABLISHED l=0)._try_send sent bytes 70 remaining bytes 0
2026-02-17T11:25:55.146+0000 7f0f26bef640 20 --2- 127.0.0.1:0/914475808 >> v2:127.0.0.1:7146/0 conn(0x559f945f5800 0x559f945fd080 unknown :-1 s=AUTH_CONNECTING pgs=0 cs=0 l=0 rev1=1 crypto rx=0 tx=0 comp rx=0 tx=0).read_frame
2026-02-17T11:25:55.146+0000 7f0f26bef640 20 -- 127.0.0.1:0/914475808 >> v2:127.0.0.1:7146/0 conn(0x559f945f5800 msgr2=0x559f945fd080 unknown :-1 s=STATE_CONNECTION_ESTABLISHED l=0).read start len=32
2026-02-17T11:25:55.146+0000 7f0f26bef640 20 -- 127.0.0.1:0/914475808 >> v2:127.0.0.1:7146/0 conn(0x559f945f5800 msgr2=0x559f945fd080 unknown :-1 s=STATE_CONNECTION_ESTABLISHED l=0).process
2026-02-17T11:25:55.146+0000 7f0f26bef640 20 -- 127.0.0.1:0/914475808 >> v2:127.0.0.1:7146/0 conn(0x559f945f5800 msgr2=0x559f945fd080 unknown :-1 s=STATE_CONNECTION_ESTABLISHED l=0).read continue len=32
2026-02-17T11:25:55.146+0000 7f0f26bef640 20 --2- 127.0.0.1:0/914475808 >> v2:127.0.0.1:7146/0 conn(0x559f945f5800 0x559f945fd080 unknown :-1 s=AUTH_CONNECTING pgs=0 cs=0 l=0 rev1=1 crypto rx=0 tx=0 comp rx=0 tx=0).handle_read_frame_preamble_main r=0
2026-02-17T11:25:55.146+0000 7f0f26bef640 20 --2- 127.0.0.1:0/914475808 >> v2:127.0.0.1:7146/0 conn(0x559f945f5800 0x559f945fd080 unknown :-1 s=AUTH_CONNECTING pgs=0 cs=0 l=0 rev1=1 crypto rx=0 tx=0 comp rx=0 tx=0).read_frame_segment seg_idx=0
2026-02-17T11:25:55.146+0000 7f0f26bef640 20 -- 127.0.0.1:0/914475808 >> v2:127.0.0.1:7146/0 conn(0x559f945f5800 msgr2=0x559f945fd080 unknown :-1 s=STATE_CONNECTION_ESTABLISHED l=0).read start len=20
2026-02-17T11:25:55.146+0000 7f0f26bef640 20 --2- 127.0.0.1:0/914475808 >> v2:127.0.0.1:7146/0 conn(0x559f945f5800 0x559f945fd080 unknown :-1 s=AUTH_CONNECTING pgs=0 cs=0 l=0 rev1=1 crypto rx=0 tx=0 comp rx=0 tx=0).handle_read_frame_segment r=0
2026-02-17T11:25:55.146+0000 7f0f26bef640 10 --2- 127.0.0.1:0/914475808 >> v2:127.0.0.1:7146/0 conn(0x559f945f5800 0x559f945fd080 unknown :-1 s=AUTH_CONNECTING pgs=0 cs=0 l=0 rev1=1 crypto rx=0 tx=0 comp rx=0 tx=0).handle_read_frame_dispatch tag=6
2026-02-17T11:25:55.146+0000 7f0f26bef640 20 --2- 127.0.0.1:0/914475808 >> v2:127.0.0.1:7146/0 conn(0x559f945f5800 0x559f945fd080 unknown :-1 s=AUTH_CONNECTING pgs=0 cs=0 l=0 rev1=1 crypto rx=0 tx=0 comp rx=0 tx=0).handle_auth_done payload.length()=16
2026-02-17T11:25:55.146+0000 7f0f26bef640 1 -- 127.0.0.1:0/914475808 --> v2:127.0.0.1:7146/0 -- mon_subscribe({config=0+,monmap=0+}) -- 0x559f945dd860 con 0x559f945f5800
2026-02-17T11:25:55.146+0000 7f0f26bef640 5 --2- 127.0.0.1:0/914475808 >> v2:127.0.0.1:7146/0 conn(0x559f945f5800 0x559f945fd080 unknown :-1 s=AUTH_CONNECTING pgs=0 cs=0 l=0 rev1=1 crypto rx=0 tx=0 comp rx=0 tx=0).send_message enqueueing message m=0x559f945dd860 type=15 mon_subscribe({config=0+,monmap=0+})
2026-02-17T11:25:55.146+0000 7f0f26bef640 15 --2- 127.0.0.1:0/914475808 >> v2:127.0.0.1:7146/0 conn(0x559f945f5800 0x559f945fd080 unknown :-1 s=AUTH_CONNECTING pgs=0 cs=0 l=0 rev1=1 crypto rx=0 tx=0 comp rx=0 tx=0).send_message inline write is denied, reschedule m=0x559f945dd860
2026-02-17T11:25:55.146+0000 7f0f26bef640 10 -- 127.0.0.1:0/914475808 >> v2:127.0.0.1:7146/0 conn(0x559f945f5800 msgr2=0x559f945fd080 crc :-1 s=STATE_CONNECTION_ESTABLISHED l=0)._try_send sent bytes 68 remaining bytes 0
2026-02-17T11:25:55.146+0000 7f0f26bef640 20 --2- 127.0.0.1:0/914475808 >> v2:127.0.0.1:7146/0 conn(0x559f945f5800 0x559f945fd080 crc :-1 s=AUTH_CONNECTING_SIGN pgs=0 cs=0 l=0 rev1=1 crypto rx=0 tx=0 comp rx=0 tx=0).read_frame
2026-02-17T11:25:55.146+0000 7f0f26bef640 20 -- 127.0.0.1:0/914475808 >> v2:127.0.0.1:7146/0 conn(0x559f945f5800 msgr2=0x559f945fd080 crc :-1 s=STATE_CONNECTION_ESTABLISHED l=0).read start len=32
2026-02-17T11:25:55.146+0000 7f0f26bef640 20 --2- 127.0.0.1:0/914475808 >> v2:127.0.0.1:7146/0 conn(0x559f945f5800 0x559f945fd080 crc :-1 s=AUTH_CONNECTING_SIGN pgs=0 cs=0 l=0 rev1=1 crypto rx=0 tx=0 comp rx=0 tx=0).handle_read_frame_preamble_main r=0
2026-02-17T11:25:55.146+0000 7f0f26bef640 20 --2- 127.0.0.1:0/914475808 >> v2:127.0.0.1:7146/0 conn(0x559f945f5800 0x559f945fd080 crc :-1 s=AUTH_CONNECTING_SIGN pgs=0 cs=0 l=0 rev1=1 crypto rx=0 tx=0 comp rx=0 tx=0).read_frame_segment seg_idx=0
2026-02-17T11:25:55.146+0000 7f0f26bef640 20 -- 127.0.0.1:0/914475808 >> v2:127.0.0.1:7146/0 conn(0x559f945f5800 msgr2=0x559f945fd080 crc :-1 s=STATE_CONNECTION_ESTABLISHED l=0).read start len=36
2026-02-17T11:25:55.146+0000 7f0f26bef640 20 --2- 127.0.0.1:0/914475808 >> v2:127.0.0.1:7146/0 conn(0x559f945f5800 0x559f945fd080 crc :-1 s=AUTH_CONNECTING_SIGN pgs=0 cs=0 l=0 rev1=1 crypto rx=0 tx=0 comp rx=0 tx=0).handle_read_frame_segment r=0
2026-02-17T11:25:55.146+0000 7f0f26bef640 10 --2- 127.0.0.1:0/914475808 >> v2:127.0.0.1:7146/0 conn(0x559f945f5800 0x559f945fd080 crc :-1 s=AUTH_CONNECTING_SIGN pgs=0 cs=0 l=0 rev1=1 crypto rx=0 tx=0 comp rx=0 tx=0).handle_read_frame_dispatch tag=7
2026-02-17T11:25:55.146+0000 7f0f26bef640 20 --2- 127.0.0.1:0/914475808 >> v2:127.0.0.1:7146/0 conn(0x559f945f5800 0x559f945fd080 crc :-1 s=AUTH_CONNECTING_SIGN pgs=0 cs=0 l=0 rev1=1 crypto rx=0 tx=0 comp rx=0 tx=0).handle_auth_signature payload.length()=32
2026-02-17T11:25:55.146+0000 7f0f26bef640 20 --2- 127.0.0.1:0/914475808 >> v2:127.0.0.1:7146/0 conn(0x559f945f5800 0x559f945fd080 crc :-1 s=AUTH_CONNECTING_SIGN pgs=0 cs=0 l=0 rev1=1 crypto rx=0 tx=0 comp rx=0 tx=0).handle_auth_signature pre-auth signature success sig_frame.signature()=0000000000000000000000000000000000000000000000000000000000000000
2026-02-17T11:25:55.146+0000 7f0f26bef640 20 CompressorRegistry(0x559f9461cf18) get_mode peer_type 1 is_secure 0
2026-02-17T11:25:55.146+0000 7f0f26bef640 10 -- 127.0.0.1:0/914475808 >> v2:127.0.0.1:7146/0 conn(0x559f945f5800 msgr2=0x559f945fd080 crc :-1 s=STATE_CONNECTION_ESTABLISHED l=0)._try_send sent bytes 41 remaining bytes 0
2026-02-17T11:25:55.146+0000 7f0f26bef640 20 --2- 127.0.0.1:0/914475808 >> v2:127.0.0.1:7146/0 conn(0x559f945f5800 0x559f945fd080 crc :-1 s=COMPRESSION_CONNECTING pgs=0 cs=0 l=0 rev1=1 crypto rx=0 tx=0 comp rx=0 tx=0).read_frame
2026-02-17T11:25:55.146+0000 7f0f26bef640 20 -- 127.0.0.1:0/914475808 >> v2:127.0.0.1:7146/0 conn(0x559f945f5800 msgr2=0x559f945fd080 crc :-1 s=STATE_CONNECTION_ESTABLISHED l=0).read start len=32
2026-02-17T11:25:55.146+0000 7f0f26bef640 20 -- 127.0.0.1:0/914475808 >> v2:127.0.0.1:7146/0 conn(0x559f945f5800 msgr2=0x559f945fd080 crc :-1 s=STATE_CONNECTION_ESTABLISHED l=0).process
2026-02-17T11:25:55.146+0000 7f0f26bef640 20 -- 127.0.0.1:0/914475808 >> v2:127.0.0.1:7146/0 conn(0x559f945f5800 msgr2=0x559f945fd080 crc :-1 s=STATE_CONNECTION_ESTABLISHED l=0).read continue len=32
2026-02-17T11:25:55.146+0000 7f0f26bef640 20 --2- 127.0.0.1:0/914475808 >> v2:127.0.0.1:7146/0 conn(0x559f945f5800 0x559f945fd080 crc :-1 s=COMPRESSION_CONNECTING pgs=0 cs=0 l=0 rev1=1 crypto rx=0 tx=0 comp rx=0 tx=0).handle_read_frame_preamble_main r=0
2026-02-17T11:25:55.146+0000 7f0f26bef640 20 --2- 127.0.0.1:0/914475808 >> v2:127.0.0.1:7146/0 conn(0x559f945f5800 0x559f945fd080 crc :-1 s=COMPRESSION_CONNECTING pgs=0 cs=0 l=0 rev1=1 crypto rx=0 tx=0 comp rx=0 tx=0).read_frame_segment seg_idx=0
2026-02-17T11:25:55.146+0000 7f0f26bef640 20 -- 127.0.0.1:0/914475808 >> v2:127.0.0.1:7146/0 conn(0x559f945f5800 msgr2=0x559f945fd080 crc :-1 s=STATE_CONNECTION_ESTABLISHED l=0).read start len=9
2026-02-17T11:25:55.146+0000 7f0f26bef640 20 --2- 127.0.0.1:0/914475808 >> v2:127.0.0.1:7146/0 conn(0x559f945f5800 0x559f945fd080 crc :-1 s=COMPRESSION_CONNECTING pgs=0 cs=0 l=0 rev1=1 crypto rx=0 tx=0 comp rx=0 tx=0).handle_read_frame_segment r=0
2026-02-17T11:25:55.146+0000 7f0f26bef640 10 --2- 127.0.0.1:0/914475808 >> v2:127.0.0.1:7146/0 conn(0x559f945f5800 0x559f945fd080 crc :-1 s=COMPRESSION_CONNECTING pgs=0 cs=0 l=0 rev1=1 crypto rx=0 tx=0 comp rx=0 tx=0).handle_read_frame_dispatch tag=22
2026-02-17T11:25:55.146+0000 7f0f26bef640 10 --2- 127.0.0.1:0/914475808 >> v2:127.0.0.1:7146/0 conn(0x559f945f5800 0x559f945fd080 crc :-1 s=COMPRESSION_CONNECTING pgs=0 cs=0 l=0 rev1=1 crypto rx=0 tx=0 comp rx=0 tx=0).handle_compression_done CompressionDoneFrame(is_compress=0, method=0)
2026-02-17T11:25:55.146+0000 7f0f26bef640 20 --2- 127.0.0.1:0/914475808 >> v2:127.0.0.1:7146/0 conn(0x559f945f5800 0x559f945fd080 crc :-1 s=SESSION_CONNECTING pgs=0 cs=0 l=0 rev1=1 crypto rx=0 tx=0 comp rx=0 tx=0).send_client_ident
2026-02-17T11:25:55.146+0000 7f0f26bef640 5 --2- 127.0.0.1:0/914475808 >> v2:127.0.0.1:7146/0 conn(0x559f945f5800 0x559f945fd080 crc :-1 s=SESSION_CONNECTING pgs=0 cs=0 l=0 rev1=1 crypto rx=0 tx=0 comp rx=0 tx=0).send_client_ident sending identification: addrs=127.0.0.1:0/914475808 target=v2:127.0.0.1:7146/0 gid=-1 global_seq=1 features_supported=3f03cffffffdffff features_required=800000000000000 flags=0 cookie=fb224e0725dc3868
2026-02-17T11:25:55.146+0000 7f0f26bef640 10 -- 127.0.0.1:0/914475808 >> v2:127.0.0.1:7146/0 conn(0x559f945f5800 msgr2=0x559f945fd080 crc :-1 s=STATE_CONNECTION_ESTABLISHED l=0)._try_send sent bytes 159 remaining bytes 0
2026-02-17T11:25:55.146+0000 7f0f26bef640 20 --2- 127.0.0.1:0/914475808 >> v2:127.0.0.1:7146/0 conn(0x559f945f5800 0x559f945fd080 crc :-1 s=SESSION_CONNECTING pgs=0 cs=0 l=0 rev1=1 crypto rx=0 tx=0 comp rx=0 tx=0).read_frame
2026-02-17T11:25:55.146+0000 7f0f26bef640 20 -- 127.0.0.1:0/914475808 >> v2:127.0.0.1:7146/0 conn(0x559f945f5800 msgr2=0x559f945fd080 crc :-1 s=STATE_CONNECTION_ESTABLISHED l=0).read start len=32
2026-02-17T11:25:55.146+0000 7f0f26bef640 20 -- 127.0.0.1:0/914475808 >> v2:127.0.0.1:7146/0 conn(0x559f945f5800 msgr2=0x559f945fd080 crc :-1 s=STATE_CONNECTION_ESTABLISHED l=0).process
2026-02-17T11:25:55.146+0000 7f0f26bef640 20 -- 127.0.0.1:0/914475808 >> v2:127.0.0.1:7146/0 conn(0x559f945f5800 msgr2=0x559f945fd080 crc :-1 s=STATE_CONNECTION_ESTABLISHED l=0).read continue len=32
2026-02-17T11:25:55.146+0000 7f0f26bef640 20 --2- 127.0.0.1:0/914475808 >> v2:127.0.0.1:7146/0 conn(0x559f945f5800 0x559f945fd080 crc :-1 s=SESSION_CONNECTING pgs=0 cs=0 l=0 rev1=1 crypto rx=0 tx=0 comp rx=0 tx=0).handle_read_frame_preamble_main r=0
2026-02-17T11:25:55.146+0000 7f0f26bef640 20 --2- 127.0.0.1:0/914475808 >> v2:127.0.0.1:7146/0 conn(0x559f945f5800 0x559f945fd080 crc :-1 s=SESSION_CONNECTING pgs=0 cs=0 l=0 rev1=1 crypto rx=0 tx=0 comp rx=0 tx=0).read_frame_segment seg_idx=0
2026-02-17T11:25:55.146+0000 7f0f26bef640 20 -- 127.0.0.1:0/914475808 >> v2:127.0.0.1:7146/0 conn(0x559f945f5800 msgr2=0x559f945fd080 crc :-1 s=STATE_CONNECTION_ESTABLISHED l=0).read start len=92
2026-02-17T11:25:55.146+0000 7f0f26bef640 20 --2- 127.0.0.1:0/914475808 >> v2:127.0.0.1:7146/0 conn(0x559f945f5800 0x559f945fd080 crc :-1 s=SESSION_CONNECTING pgs=0 cs=0 l=0 rev1=1 crypto rx=0 tx=0 comp rx=0 tx=0).handle_read_frame_segment r=0
2026-02-17T11:25:55.146+0000 7f0f26bef640 10 --2- 127.0.0.1:0/914475808 >> v2:127.0.0.1:7146/0 conn(0x559f945f5800 0x559f945fd080 crc :-1 s=SESSION_CONNECTING pgs=0 cs=0 l=0 rev1=1 crypto rx=0 tx=0 comp rx=0 tx=0).handle_read_frame_dispatch tag=9
2026-02-17T11:25:55.146+0000 7f0f26bef640 20 --2- 127.0.0.1:0/914475808 >> v2:127.0.0.1:7146/0 conn(0x559f945f5800 0x559f945fd080 crc :-1 s=SESSION_CONNECTING pgs=0 cs=0 l=0 rev1=1 crypto rx=0 tx=0 comp rx=0 tx=0).handle_server_ident payload.length()=88
2026-02-17T11:25:55.146+0000 7f0f26bef640 5 --2- 127.0.0.1:0/914475808 >> v2:127.0.0.1:7146/0 conn(0x559f945f5800 0x559f945fd080 crc :-1 s=SESSION_CONNECTING pgs=0 cs=0 l=0 rev1=1 crypto rx=0 tx=0 comp rx=0 tx=0).handle_server_ident received server identification: addrs=v2:127.0.0.1:7146/0 gid=0 global_seq=13 features_supported=3f03cffffffdffff features_required=c01020002040000 flags=1 cookie=0
2026-02-17T11:25:55.146+0000 7f0f26bef640 10 --2- 127.0.0.1:0/914475808 >> v2:127.0.0.1:7146/0 conn(0x559f945f5800 0x559f945fd080 crc :-1 s=SESSION_CONNECTING pgs=13 cs=0 l=1 rev1=1 crypto rx=0 tx=0 comp rx=0 tx=0).handle_server_ident connect success 0, lossy = 1, features 4540701547738038271
2026-02-17T11:25:55.146+0000 7f0f26bef640 1 --2- 127.0.0.1:0/914475808 >> v2:127.0.0.1:7146/0 conn(0x559f945f5800 0x559f945fd080 crc :-1 s=READY pgs=13 cs=0 l=1 rev1=1 crypto rx=0 tx=0 comp rx=0 tx=0).ready entity=mon.0 client_cookie=fb224e0725dc3868 server_cookie=0 in_seq=0 out_seq=0
2026-02-17T11:25:55.146+0000 7f0f26bef640 20 --2- 127.0.0.1:0/914475808 >> v2:127.0.0.1:7146/0 conn(0x559f945f5800 0x559f945fd080 crc :-1 s=READY pgs=13 cs=0 l=1 rev1=1 crypto rx=0 tx=0 comp rx=0 tx=0).read_frame
2026-02-17T11:25:55.146+0000 7f0f26bef640 20 -- 127.0.0.1:0/914475808 >> v2:127.0.0.1:7146/0 conn(0x559f945f5800 msgr2=0x559f945fd080 crc :-1 s=STATE_CONNECTION_ESTABLISHED l=1).read start len=32
2026-02-17T11:25:55.146+0000 7f0f26bef640 10 -- 127.0.0.1:0/914475808 >> v2:127.0.0.1:7146/0 conn(0x559f945f5800 msgr2=0x559f945fd080 crc :-1 s=STATE_CONNECTION_ESTABLISHED l=1).handle_write
2026-02-17T11:25:55.146+0000 7f0f26bef640 10 --2- 127.0.0.1:0/914475808 >> v2:127.0.0.1:7146/0 conn(0x559f945f5800 0x559f945fd080 crc :-1 s=READY pgs=13 cs=0 l=1 rev1=1 crypto rx=0 tx=0 comp rx=0 tx=0).write_event
2026-02-17T11:25:55.146+0000 7f0f26bef640 20 --2- 127.0.0.1:0/914475808 >> v2:127.0.0.1:7146/0 conn(0x559f945f5800 0x559f945fd080 crc :-1 s=READY pgs=13 cs=0 l=1 rev1=1 crypto rx=0 tx=0 comp rx=0 tx=0).prepare_send_message m=mon_getmap magic: 0
2026-02-17T11:25:55.146+0000 7f0f26bef640 20 --2- 127.0.0.1:0/914475808 >> v2:127.0.0.1:7146/0 conn(0x559f945f5800 0x559f945fd080 crc :-1 s=READY pgs=13 cs=0 l=1 rev1=1 crypto rx=0 tx=0 comp rx=0 tx=0).prepare_send_message encoding features 4540701547738038271 0x559f94681080 mon_getmap magic: 0
2026-02-17T11:25:55.146+0000 7f0f26bef640 5 --2- 127.0.0.1:0/914475808 >> v2:127.0.0.1:7146/0 conn(0x559f945f5800 0x559f945fd080 crc :-1 s=READY pgs=13 cs=0 l=1 rev1=1 crypto rx=0 tx=0 comp rx=0 tx=0).write_message sending message m=0x559f94681080 seq=1 mon_getmap magic: 0
2026-02-17T11:25:55.146+0000 7f0f26bef640 20 --2- 127.0.0.1:0/914475808 >> v2:127.0.0.1:7146/0 conn(0x559f945f5800 0x559f945fd080 crc :-1 s=READY pgs=13 cs=0 l=1 rev1=1 crypto rx=0 tx=0 comp rx=0 tx=0).write_message sending m=0x559f94681080 seq=1 src=client.? off=0
2026-02-17T11:25:55.146+0000 7f0f26bef640 10 -- 127.0.0.1:0/914475808 >> v2:127.0.0.1:7146/0 conn(0x559f945f5800 msgr2=0x559f945fd080 crc :-1 s=STATE_CONNECTION_ESTABLISHED l=1)._try_send sent bytes 77 remaining bytes 0
2026-02-17T11:25:55.146+0000 7f0f26bef640 10 --2- 127.0.0.1:0/914475808 >> v2:127.0.0.1:7146/0 conn(0x559f945f5800 0x559f945fd080 crc :-1 s=READY pgs=13 cs=0 l=1 rev1=1 crypto rx=0 tx=0 comp rx=0 tx=0).write_message sending 0x559f94681080 done.
2026-02-17T11:25:55.146+0000 7f0f26bef640 20 --2- 127.0.0.1:0/914475808 >> v2:127.0.0.1:7146/0 conn(0x559f945f5800 0x559f945fd080 crc :-1 s=READY pgs=13 cs=0 l=1 rev1=1 crypto rx=0 tx=0 comp rx=0 tx=0).prepare_send_message m=mon_subscribe({config=0+,monmap=0+})
2026-02-17T11:25:55.146+0000 7f0f26bef640 20 --2- 127.0.0.1:0/914475808 >> v2:127.0.0.1:7146/0 conn(0x559f945f5800 0x559f945fd080 crc :-1 s=READY pgs=13 cs=0 l=1 rev1=1 crypto rx=0 tx=0 comp rx=0 tx=0).prepare_send_message encoding features 4540701547738038271 0x559f945dd860 mon_subscribe({config=0+,monmap=0+})
2026-02-17T11:25:55.146+0000 7f0f26bef640 5 --2- 127.0.0.1:0/914475808 >> v2:127.0.0.1:7146/0 conn(0x559f945f5800 0x559f945fd080 crc :-1 s=READY pgs=13 cs=0 l=1 rev1=1 crypto rx=0 tx=0 comp rx=0 tx=0).write_message sending message m=0x559f945dd860 seq=2 mon_subscribe({config=0+,monmap=0+})
2026-02-17T11:25:55.146+0000 7f0f26bef640 20 --2- 127.0.0.1:0/914475808 >> v2:127.0.0.1:7146/0 conn(0x559f945f5800 0x559f945fd080 crc :-1 s=READY pgs=13 cs=0 l=1 rev1=1 crypto rx=0 tx=0 comp rx=0 tx=0).write_message sending m=0x559f945dd860 seq=2 src=client.? off=0
2026-02-17T11:25:55.146+0000 7f0f26bef640 10 -- 127.0.0.1:0/914475808 >> v2:127.0.0.1:7146/0 conn(0x559f945f5800 msgr2=0x559f945fd080 crc :-1 s=STATE_CONNECTION_ESTABLISHED l=1)._try_send sent bytes 144 remaining bytes 0
2026-02-17T11:25:55.146+0000 7f0f26bef640 10 --2- 127.0.0.1:0/914475808 >> v2:127.0.0.1:7146/0 conn(0x559f945f5800 0x559f945fd080 crc :-1 s=READY pgs=13 cs=0 l=1 rev1=1 crypto rx=0 tx=0 comp rx=0 tx=0).write_message sending 0x559f945dd860 done.
2026-02-17T11:25:55.146+0000 7f0f28bf3640 20 -- 127.0.0.1:0/2163459011 >> v2:127.0.0.1:7146/0 conn(0x559f945f4000 msgr2=0x559f945fc000 crc :-1 s=STATE_CONNECTION_ESTABLISHED l=1).process
2026-02-17T11:25:55.146+0000 7f0f28bf3640 20 -- 127.0.0.1:0/2163459011 >> v2:127.0.0.1:7146/0 conn(0x559f945f4000 msgr2=0x559f945fc000 crc :-1 s=STATE_CONNECTION_ESTABLISHED l=1).read continue len=32
2026-02-17T11:25:55.146+0000 7f0f28bf3640 20 --2- 127.0.0.1:0/2163459011 >> v2:127.0.0.1:7146/0 conn(0x559f945f4000 0x559f945fc000 crc :-1 s=READY pgs=8 cs=0 l=1 rev1=1 crypto rx=0 tx=0 comp rx=0 tx=0).handle_read_frame_preamble_main r=0
2026-02-17T11:25:55.146+0000 7f0f28bf3640 20 --2- 127.0.0.1:0/2163459011 >> v2:127.0.0.1:7146/0 conn(0x559f945f4000 0x559f945fc000 crc :-1 s=THROTTLE_MESSAGE pgs=8 cs=0 l=1 rev1=1 crypto rx=0 tx=0 comp rx=0 tx=0).throttle_message
2026-02-17T11:25:55.146+0000 7f0f28bf3640 20 --2- 127.0.0.1:0/2163459011 >> v2:127.0.0.1:7146/0 conn(0x559f945f4000 0x559f945fc000 crc :-1 s=THROTTLE_BYTES pgs=8 cs=0 l=1 rev1=1 crypto rx=0 tx=0 comp rx=0 tx=0).throttle_bytes
2026-02-17T11:25:55.146+0000 7f0f28bf3640 20 --2- 127.0.0.1:0/2163459011 >> v2:127.0.0.1:7146/0 conn(0x559f945f4000 0x559f945fc000 crc :-1 s=THROTTLE_DISPATCH_QUEUE pgs=8 cs=0 l=1 rev1=1 crypto rx=0 tx=0 comp rx=0 tx=0).throttle_dispatch_queue
2026-02-17T11:25:55.146+0000 7f0f28bf3640 20 --2- 127.0.0.1:0/2163459011 >> v2:127.0.0.1:7146/0 conn(0x559f945f4000 0x559f945fc000 crc :-1 s=THROTTLE_DONE pgs=8 cs=0 l=1 rev1=1 crypto rx=0 tx=0 comp rx=0 tx=0).read_frame_segment seg_idx=0
2026-02-17T11:25:55.146+0000 7f0f28bf3640 20 -- 127.0.0.1:0/2163459011 >> v2:127.0.0.1:7146/0 conn(0x559f945f4000 msgr2=0x559f945fc000 crc :-1 s=STATE_CONNECTION_ESTABLISHED l=1).read start len=45
2026-02-17T11:25:55.146+0000 7f0f28bf3640 20 --2- 127.0.0.1:0/2163459011 >> v2:127.0.0.1:7146/0 conn(0x559f945f4000 0x559f945fc000 crc :-1 s=THROTTLE_DONE pgs=8 cs=0 l=1 rev1=1 crypto rx=0 tx=0 comp rx=0 tx=0).handle_read_frame_segment r=0
2026-02-17T11:25:55.146+0000 7f0f28bf3640 20 --2- 127.0.0.1:0/2163459011 >> v2:127.0.0.1:7146/0 conn(0x559f945f4000 0x559f945fc000 crc :-1 s=THROTTLE_DONE pgs=8 cs=0 l=1 rev1=1 crypto rx=0 tx=0 comp rx=0 tx=0).read_frame_segment seg_idx=1
2026-02-17T11:25:55.146+0000 7f0f28bf3640 20 -- 127.0.0.1:0/2163459011 >> v2:127.0.0.1:7146/0 conn(0x559f945f4000 msgr2=0x559f945fc000 crc :-1 s=STATE_CONNECTION_ESTABLISHED l=1).read start len=165
2026-02-17T11:25:55.146+0000 7f0f28bf3640 20 --2- 127.0.0.1:0/2163459011 >> v2:127.0.0.1:7146/0 conn(0x559f945f4000 0x559f945fc000 crc :-1 s=THROTTLE_DONE pgs=8 cs=0 l=1 rev1=1 crypto rx=0 tx=0 comp rx=0 tx=0).handle_read_frame_segment r=0
2026-02-17T11:25:55.146+0000 7f0f28bf3640 20 -- 127.0.0.1:0/2163459011 >> v2:127.0.0.1:7146/0 conn(0x559f945f4000 msgr2=0x559f945fc000 crc :-1 s=STATE_CONNECTION_ESTABLISHED l=1).read start len=13
2026-02-17T11:25:55.146+0000 7f0f28bf3640 20 --2- 127.0.0.1:0/2163459011 >> v2:127.0.0.1:7146/0 conn(0x559f945f4000 0x559f945fc000 crc :-1 s=THROTTLE_DONE pgs=8 cs=0 l=1 rev1=1 crypto rx=0 tx=0 comp rx=0 tx=0).handle_read_frame_epilogue_main r=0
2026-02-17T11:25:55.146+0000 7f0f28bf3640 10 --2- 127.0.0.1:0/2163459011 >> v2:127.0.0.1:7146/0 conn(0x559f945f4000 0x559f945fc000 crc :-1 s=THROTTLE_DONE pgs=8 cs=0 l=1 rev1=1 crypto rx=0 tx=0 comp rx=0 tx=0).handle_read_frame_dispatch tag=17
2026-02-17T11:25:55.146+0000 7f0f28bf3640 20 --2- 127.0.0.1:0/2163459011 >> v2:127.0.0.1:7146/0 conn(0x559f945f4000 0x559f945fc000 crc :-1 s=THROTTLE_DONE pgs=8 cs=0 l=1 rev1=1 crypto rx=0 tx=0 comp rx=0 tx=0).handle_message
2026-02-17T11:25:55.146+0000 7f0f28bf3640 5 --2- 127.0.0.1:0/2163459011 >> v2:127.0.0.1:7146/0 conn(0x559f945f4000 0x559f945fc000 crc :-1 s=THROTTLE_DONE pgs=8 cs=0 l=1 rev1=1 crypto rx=0 tx=0 comp rx=0 tx=0).handle_message got 165 + 0 + 0 byte message. envelope type=51 src mon.0 off 0
2026-02-17T11:25:55.146+0000 7f0f28bf3640 5 --2- 127.0.0.1:0/2163459011 >> v2:127.0.0.1:7146/0 conn(0x559f945f4000 0x559f945fc000 crc :-1 s=READ_MESSAGE_COMPLETE pgs=8 cs=0 l=1 rev1=1 crypto rx=0 tx=0 comp rx=0 tx=0).handle_message received message m=0x559f945dd4a0 seq=19 from=mon.0 type=51 mon_command_ack([{prefix=config-key set, key=mgr/telemetry/report_id}]=0 set mgr/telemetry/report_id v3)=0 set mgr/telemetry/report_id v3)
2026-02-17T11:25:55.146+0000 7f0f28bf3640 20 -- 127.0.0.1:0/2163459011 queue 0x559f945dd4a0 prio 196
2026-02-17T11:25:55.146+0000 7f0f28bf3640 20 --2- 127.0.0.1:0/2163459011 >> v2:127.0.0.1:7146/0 conn(0x559f945f4000 0x559f945fc000 crc :-1 s=READY pgs=8 cs=0 l=1 rev1=1 crypto rx=0 tx=0 comp rx=0 tx=0).read_frame
2026-02-17T11:25:55.146+0000 7f0f28bf3640 20 -- 127.0.0.1:0/2163459011 >> v2:127.0.0.1:7146/0 conn(0x559f945f4000 msgr2=0x559f945fc000 crc :-1 s=STATE_CONNECTION_ESTABLISHED l=1).read start len=32
2026-02-17T11:25:55.146+0000 7f0f28bf3640 20 --2- 127.0.0.1:0/2163459011 >> v2:127.0.0.1:7146/0 conn(0x559f945f4000 0x559f945fc000 crc :-1 s=READY pgs=8 cs=0 l=1 rev1=1 crypto rx=0 tx=0 comp rx=0 tx=0).handle_read_frame_preamble_main r=0
2026-02-17T11:25:55.146+0000 7f0f28bf3640 20 --2- 127.0.0.1:0/2163459011 >> v2:127.0.0.1:7146/0 conn(0x559f945f4000 0x559f945fc000 crc :-1 s=THROTTLE_MESSAGE pgs=8 cs=0 l=1 rev1=1 crypto rx=0 tx=0 comp rx=0 tx=0).throttle_message
2026-02-17T11:25:55.146+0000 7f0f28bf3640 20 --2- 127.0.0.1:0/2163459011 >> v2:127.0.0.1:7146/0 conn(0x559f945f4000 0x559f945fc000 crc :-1 s=THROTTLE_BYTES pgs=8 cs=0 l=1 rev1=1 crypto rx=0 tx=0 comp rx=0 tx=0).throttle_bytes
2026-02-17T11:25:55.146+0000 7f0f28bf3640 20 --2- 127.0.0.1:0/2163459011 >> v2:127.0.0.1:7146/0 conn(0x559f945f4000 0x559f945fc000 crc :-1 s=THROTTLE_DISPATCH_QUEUE pgs=8 cs=0 l=1 rev1=1 crypto rx=0 tx=0 comp rx=0 tx=0).throttle_dispatch_queue
2026-02-17T11:25:55.146+0000 7f0f28bf3640 20 --2- 127.0.0.1:0/2163459011 >> v2:127.0.0.1:7146/0 conn(0x559f945f4000 0x559f945fc000 crc :-1 s=THROTTLE_DONE pgs=8 cs=0 l=1 rev1=1 crypto rx=0 tx=0 comp rx=0 tx=0).read_frame_segment seg_idx=0
2026-02-17T11:25:55.146+0000 7f0f28bf3640 20 -- 127.0.0.1:0/2163459011 >> v2:127.0.0.1:7146/0 conn(0x559f945f4000 msgr2=0x559f945fc000 crc :-1 s=STATE_CONNECTION_ESTABLISHED l=1).read start len=45
2026-02-17T11:25:55.146+0000 7f0f28bf3640 20 --2- 127.0.0.1:0/2163459011 >> v2:127.0.0.1:7146/0 conn(0x559f945f4000 0x559f945fc000 crc :-1 s=THROTTLE_DONE pgs=8 cs=0 l=1 rev1=1 crypto rx=0 tx=0 comp rx=0 tx=0).handle_read_frame_segment r=0
2026-02-17T11:25:55.146+0000 7f0f28bf3640 20 --2- 127.0.0.1:0/2163459011 >> v2:127.0.0.1:7146/0 conn(0x559f945f4000 0x559f945fc000 crc :-1 s=THROTTLE_DONE pgs=8 cs=0 l=1 rev1=1 crypto rx=0 tx=0 comp rx=0 tx=0).read_frame_segment seg_idx=1
2026-02-17T11:25:55.146+0000 7f0f28bf3640 20 -- 127.0.0.1:0/2163459011 >> v2:127.0.0.1:7146/0 conn(0x559f945f4000 msgr2=0x559f945fc000 crc :-1 s=STATE_CONNECTION_ESTABLISHED l=1).read start len=24
2026-02-17T11:25:55.146+0000 7f0f28bf3640 20 --2- 127.0.0.1:0/2163459011 >> v2:127.0.0.1:7146/0 conn(0x559f945f4000 0x559f945fc000 crc :-1 s=THROTTLE_DONE pgs=8 cs=0 l=1 rev1=1 crypto rx=0 tx=0 comp rx=0 tx=0).handle_read_frame_segment r=0
2026-02-17T11:25:55.146+0000 7f0f24beb640 1 -- 127.0.0.1:0/2163459011 <== mon.0 v2:127.0.0.1:7146/0 19 ==== mon_command_ack([{prefix=config-key set, key=mgr/telemetry/report_id}]=0 set mgr/telemetry/report_id v3)=0 set mgr/telemetry/report_id v3) ==== 165+0+0 (crc 0 0 0) 0x559f945dd4a0 con 0x559f945f4000
2026-02-17T11:25:55.146+0000 7f0f28bf3640 20 -- 127.0.0.1:0/2163459011 >> v2:127.0.0.1:7146/0 conn(0x559f945f4000 msgr2=0x559f945fc000 crc :-1 s=STATE_CONNECTION_ESTABLISHED l=1).read start len=13
2026-02-17T11:25:55.146+0000 7f0f26bef640 20 -- 127.0.0.1:0/914475808 >> v2:127.0.0.1:7146/0 conn(0x559f945f5800 msgr2=0x559f945fd080 crc :-1 s=STATE_CONNECTION_ESTABLISHED l=1).process
2026-02-17T11:25:55.146+0000 7f0f28bf3640 20 --2- 127.0.0.1:0/2163459011 >> v2:127.0.0.1:7146/0 conn(0x559f945f4000 0x559f945fc000 crc :-1 s=THROTTLE_DONE pgs=8 cs=0 l=1 rev1=1 crypto rx=0 tx=0 comp rx=0 tx=0).handle_read_frame_epilogue_main r=0
2026-02-17T11:25:55.146+0000 7f0f24beb640 10 -- 127.0.0.1:0/2163459011 dispatch_throttle_release 165 to dispatch throttler 189/104857600
2026-02-17T11:25:55.146+0000 7f0f26bef640 20 -- 127.0.0.1:0/914475808 >> v2:127.0.0.1:7146/0 conn(0x559f945f5800 msgr2=0x559f945fd080 crc :-1 s=STATE_CONNECTION_ESTABLISHED l=1).read continue len=32
2026-02-17T11:25:55.146+0000 7f0f24beb640 20 -- 127.0.0.1:0/2163459011 done calling dispatch on 0x559f945dd4a0
2026-02-17T11:25:55.146+0000 7f0f28bf3640 10 --2- 127.0.0.1:0/2163459011 >> v2:127.0.0.1:7146/0 conn(0x559f945f4000 0x559f945fc000 crc :-1 s=THROTTLE_DONE pgs=8 cs=0 l=1 rev1=1 crypto rx=0 tx=0 comp rx=0 tx=0).handle_read_frame_dispatch tag=17
2026-02-17T11:25:55.146+0000 7f0f28bf3640 20 --2- 127.0.0.1:0/2163459011 >> v2:127.0.0.1:7146/0 conn(0x559f945f4000 0x559f945fc000 crc :-1 s=THROTTLE_DONE pgs=8 cs=0 l=1 rev1=1 crypto rx=0 tx=0 comp rx=0 tx=0).handle_message
2026-02-17T11:25:55.146+0000 7f0f28bf3640 5 --2- 127.0.0.1:0/2163459011 >> v2:127.0.0.1:7146/0 conn(0x559f945f4000 0x559f945fc000 crc :-1 s=THROTTLE_DONE pgs=8 cs=0 l=1 rev1=1 crypto rx=0 tx=0 comp rx=0 tx=0).handle_message got 24 + 0 + 0 byte message. envelope type=54 src mon.0 off 0
2026-02-17T11:25:55.146+0000 7f0f26bef640 20 --2- 127.0.0.1:0/914475808 >> v2:127.0.0.1:7146/0 conn(0x559f945f5800 0x559f945fd080 crc :-1 s=READY pgs=13 cs=0 l=1 rev1=1 crypto rx=0 tx=0 comp rx=0 tx=0).handle_read_frame_preamble_main r=0
2026-02-17T11:25:55.146+0000 7f0f28bf3640 5 --2- 127.0.0.1:0/2163459011 >> v2:127.0.0.1:7146/0 conn(0x559f945f4000 0x559f945fc000 crc :-1 s=READ_MESSAGE_COMPLETE pgs=8 cs=0 l=1 rev1=1 crypto rx=0 tx=0 comp rx=0 tx=0).handle_message received message m=0x559f945dc780 seq=20 from=mon.0 type=54 kv_data(v3 prefix config/, incremental, 0 keys)
2026-02-17T11:25:55.146+0000 7f0f28bf3640 20 -- 127.0.0.1:0/2163459011 queue 0x559f945dc780 prio 196
2026-02-17T11:25:55.146+0000 7f0f26bef640 20 --2- 127.0.0.1:0/914475808 >> v2:127.0.0.1:7146/0 conn(0x559f945f5800 0x559f945fd080 crc :-1 s=THROTTLE_MESSAGE pgs=13 cs=0 l=1 rev1=1 crypto rx=0 tx=0 comp rx=0 tx=0).throttle_message
2026-02-17T11:25:55.146+0000 7f0e2e358640 4 mgr get_store get_store key: mgr/telemetry/salt
2026-02-17T11:25:55.146+0000 7f0e2e358640 4 ceph_store_get salt not found
2026-02-17T11:25:55.146+0000 7f0f26bef640 20 --2- 127.0.0.1:0/914475808 >> v2:127.0.0.1:7146/0 conn(0x559f945f5800 0x559f945fd080 crc :-1 s=THROTTLE_BYTES pgs=13 cs=0 l=1 rev1=1 crypto rx=0 tx=0 comp rx=0 tx=0).throttle_bytes
2026-02-17T11:25:55.146+0000 7f0f26bef640 20 --2- 127.0.0.1:0/914475808 >> v2:127.0.0.1:7146/0 conn(0x559f945f5800 0x559f945fd080 crc :-1 s=THROTTLE_DISPATCH_QUEUE pgs=13 cs=0 l=1 rev1=1 crypto rx=0 tx=0 comp rx=0 tx=0).throttle_dispatch_queue
2026-02-17T11:25:55.146+0000 7f0f28bf3640 20 --2- 127.0.0.1:0/2163459011 >> v2:127.0.0.1:7146/0 conn(0x559f945f4000 0x559f945fc000 crc :-1 s=READY pgs=8 cs=0 l=1 rev1=1 crypto rx=0 tx=0 comp rx=0 tx=0).read_frame
2026-02-17T11:25:55.146+0000 7f0f26bef640 20 --2- 127.0.0.1:0/914475808 >> v2:127.0.0.1:7146/0 conn(0x559f945f5800 0x559f945fd080 crc :-1 s=THROTTLE_DONE pgs=13 cs=0 l=1 rev1=1 crypto rx=0 tx=0 comp rx=0 tx=0).read_frame_segment seg_idx=0
2026-02-17T11:25:55.146+0000 7f0f28bf3640 20 -- 127.0.0.1:0/2163459011 >> v2:127.0.0.1:7146/0 conn(0x559f945f4000 msgr2=0x559f945fc000 crc :-1 s=STATE_CONNECTION_ESTABLISHED l=1).read start len=32
2026-02-17T11:25:55.146+0000 7f0f28bf3640 20 --2- 127.0.0.1:0/2163459011 >> v2:127.0.0.1:7146/0 conn(0x559f945f4000 0x559f945fc000 crc :-1 s=READY pgs=8 cs=0 l=1 rev1=1 crypto rx=0 tx=0 comp rx=0 tx=0).handle_read_frame_preamble_main r=0
2026-02-17T11:25:55.146+0000 7f0f26bef640 20 -- 127.0.0.1:0/914475808 >> v2:127.0.0.1:7146/0 conn(0x559f945f5800 msgr2=0x559f945fd080 crc :-1 s=STATE_CONNECTION_ESTABLISHED l=1).read start len=45
2026-02-17T11:25:55.146+0000 7f0f28bf3640 20 --2- 127.0.0.1:0/2163459011 >> v2:127.0.0.1:7146/0 conn(0x559f945f4000 0x559f945fc000 crc :-1 s=THROTTLE_MESSAGE pgs=8 cs=0 l=1 rev1=1 crypto rx=0 tx=0 comp rx=0 tx=0).throttle_message
2026-02-17T11:25:55.146+0000 7f0f26bef640 20 --2- 127.0.0.1:0/914475808 >> v2:127.0.0.1:7146/0 conn(0x559f945f5800 0x559f945fd080 crc :-1 s=THROTTLE_DONE pgs=13 cs=0 l=1 rev1=1 crypto rx=0 tx=0 comp rx=0 tx=0).handle_read_frame_segment r=0
2026-02-17T11:25:55.146+0000 7f0f28bf3640 20 --2- 127.0.0.1:0/2163459011 >> v2:127.0.0.1:7146/0 conn(0x559f945f4000 0x559f945fc000 crc :-1 s=THROTTLE_BYTES pgs=8 cs=0 l=1 rev1=1 crypto rx=0 tx=0 comp rx=0 tx=0).throttle_bytes
2026-02-17T11:25:55.146+0000 7f0f26bef640 20 --2- 127.0.0.1:0/914475808 >> v2:127.0.0.1:7146/0 conn(0x559f945f5800 0x559f945fd080 crc :-1 s=THROTTLE_DONE pgs=13 cs=0 l=1 rev1=1 crypto rx=0 tx=0 comp rx=0 tx=0).read_frame_segment seg_idx=1
2026-02-17T11:25:55.146+0000 7f0f28bf3640 20 --2- 127.0.0.1:0/2163459011 >> v2:127.0.0.1:7146/0 conn(0x559f945f4000 0x559f945fc000 crc :-1 s=THROTTLE_DISPATCH_QUEUE pgs=8 cs=0 l=1 rev1=1 crypto rx=0 tx=0 comp rx=0 tx=0).throttle_dispatch_queue
2026-02-17T11:25:55.146+0000 7f0f26bef640 20 -- 127.0.0.1:0/914475808 >> v2:127.0.0.1:7146/0 conn(0x559f945f5800 msgr2=0x559f945fd080 crc :-1 s=STATE_CONNECTION_ESTABLISHED l=1).read start len=170
2026-02-17T11:25:55.146+0000 7f0f26bef640 20 --2- 127.0.0.1:0/914475808 >> v2:127.0.0.1:7146/0 conn(0x559f945f5800 0x559f945fd080 crc :-1 s=THROTTLE_DONE pgs=13 cs=0 l=1 rev1=1 crypto rx=0 tx=0 comp rx=0 tx=0).handle_read_frame_segment r=0
2026-02-17T11:25:55.146+0000 7f0f24beb640 1 -- 127.0.0.1:0/2163459011 <== mon.0 v2:127.0.0.1:7146/0 20 ==== kv_data(v3 prefix config/, incremental, 0 keys) ==== 24+0+0 (crc 0 0 0) 0x559f945dc780 con 0x559f945f4000
2026-02-17T11:25:55.146+0000 7f0f28bf3640 20 --2- 127.0.0.1:0/2163459011 >> v2:127.0.0.1:7146/0 conn(0x559f945f4000 0x559f945fc000 crc :-1 s=THROTTLE_DONE pgs=8 cs=0 l=1 rev1=1 crypto rx=0 tx=0 comp rx=0 tx=0).read_frame_segment seg_idx=0
2026-02-17T11:25:55.146+0000 7f0f28bf3640 20 -- 127.0.0.1:0/2163459011 >> v2:127.0.0.1:7146/0 conn(0x559f945f4000 msgr2=0x559f945fc000 crc :-1 s=STATE_CONNECTION_ESTABLISHED l=1).read start len=45
2026-02-17T11:25:55.146+0000 7f0f24beb640 10 mgr.4100.objecter ms_dispatch2 0x559f8abf8000 kv_data(v3 prefix config/, incremental, 0 keys)
2026-02-17T11:25:55.146+0000 7f0f28bf3640 20 --2- 127.0.0.1:0/2163459011 >> v2:127.0.0.1:7146/0 conn(0x559f945f4000 0x559f945fc000 crc :-1 s=THROTTLE_DONE pgs=8 cs=0 l=1 rev1=1 crypto rx=0 tx=0 comp rx=0 tx=0).handle_read_frame_segment r=0
2026-02-17T11:25:55.146+0000 7f0f26bef640 20 -- 127.0.0.1:0/914475808 >> v2:127.0.0.1:7146/0 conn(0x559f945f5800 msgr2=0x559f945fd080 crc :-1 s=STATE_CONNECTION_ESTABLISHED l=1).read start len=13
2026-02-17T11:25:55.146+0000 7f0f28bf3640 20 --2- 127.0.0.1:0/2163459011 >> v2:127.0.0.1:7146/0 conn(0x559f945f4000 0x559f945fc000 crc :-1 s=THROTTLE_DONE pgs=8 cs=0 l=1 rev1=1 crypto rx=0 tx=0 comp rx=0 tx=0).read_frame_segment seg_idx=1
2026-02-17T11:25:55.146+0000 7f0f26bef640 20 --2- 127.0.0.1:0/914475808 >> v2:127.0.0.1:7146/0 conn(0x559f945f5800 0x559f945fd080 crc :-1 s=THROTTLE_DONE pgs=13 cs=0 l=1 rev1=1 crypto rx=0 tx=0 comp rx=0 tx=0).handle_read_frame_epilogue_main r=0
2026-02-17T11:25:55.146+0000 7f0f24beb640 10 mgr ms_dispatch2 active kv_data(v3 prefix config/, incremental, 0 keys)
2026-02-17T11:25:55.146+0000 7f0f28bf3640 20 -- 127.0.0.1:0/2163459011 >> v2:127.0.0.1:7146/0 conn(0x559f945f4000 msgr2=0x559f945fc000 crc :-1 s=STATE_CONNECTION_ESTABLISHED l=1).read start len=24
2026-02-17T11:25:55.146+0000 7f0f24beb640 10 mgr ms_dispatch2 kv_data(v3 prefix config/, incremental, 0 keys)
2026-02-17T11:25:55.146+0000 7f0f28bf3640 20 --2- 127.0.0.1:0/2163459011 >> v2:127.0.0.1:7146/0 conn(0x559f945f4000 0x559f945fc000 crc :-1 s=THROTTLE_DONE pgs=8 cs=0 l=1 rev1=1 crypto rx=0 tx=0 comp rx=0 tx=0).handle_read_frame_segment r=0
2026-02-17T11:25:55.146+0000 7f0e2e358640 1 -- 127.0.0.1:0/2163459011 --> v2:127.0.0.1:7146/0 -- mon_command([{prefix=config-key set, key=mgr/telemetry/salt}] v 0) -- 0x559f94854fc0 con 0x559f945f4000
2026-02-17T11:25:55.146+0000 7f0f28bf3640 20 -- 127.0.0.1:0/2163459011 >> v2:127.0.0.1:7146/0 conn(0x559f945f4000 msgr2=0x559f945fc000 crc :-1 s=STATE_CONNECTION_ESTABLISHED l=1).read start len=13
2026-02-17T11:25:55.146+0000 7f0f26bef640 10 --2- 127.0.0.1:0/914475808 >> v2:127.0.0.1:7146/0 conn(0x559f945f5800 0x559f945fd080 crc :-1 s=THROTTLE_DONE pgs=13 cs=0 l=1 rev1=1 crypto rx=0 tx=0 comp rx=0 tx=0).handle_read_frame_dispatch tag=17
2026-02-17T11:25:55.146+0000 7f0f28bf3640 20 --2- 127.0.0.1:0/2163459011 >> v2:127.0.0.1:7146/0 conn(0x559f945f4000 0x559f945fc000 crc :-1 s=THROTTLE_DONE pgs=8 cs=0 l=1 rev1=1 crypto rx=0 tx=0 comp rx=0 tx=0).handle_read_frame_epilogue_main r=0
2026-02-17T11:25:55.146+0000 7f0f26bef640 20 --2- 127.0.0.1:0/914475808 >> v2:127.0.0.1:7146/0 conn(0x559f945f5800 0x559f945fd080 crc :-1 s=THROTTLE_DONE pgs=13 cs=0 l=1 rev1=1 crypto rx=0 tx=0 comp rx=0 tx=0).handle_message
2026-02-17T11:25:55.146+0000 7f0f28bf3640 10 --2- 127.0.0.1:0/2163459011 >> v2:127.0.0.1:7146/0 conn(0x559f945f4000 0x559f945fc000 crc :-1 s=THROTTLE_DONE pgs=8 cs=0 l=1 rev1=1 crypto rx=0 tx=0 comp rx=0 tx=0).handle_read_frame_dispatch tag=17
2026-02-17T11:25:55.146+0000 7f0e2e358640 5 --2- 127.0.0.1:0/2163459011 >> v2:127.0.0.1:7146/0 conn(0x559f945f4000 0x559f945fc000 crc :-1 s=THROTTLE_DONE pgs=8 cs=0 l=1 rev1=1 crypto rx=0 tx=0 comp rx=0 tx=0).send_message enqueueing message m=0x559f94854fc0 type=50 mon_command([{prefix=config-key set, key=mgr/telemetry/salt}] v 0)
2026-02-17T11:25:55.146+0000 7f0f26bef640 5 --2- 127.0.0.1:0/914475808 >> v2:127.0.0.1:7146/0 conn(0x559f945f5800 0x559f945fd080 crc :-1 s=THROTTLE_DONE pgs=13 cs=0 l=1 rev1=1 crypto rx=0 tx=0 comp rx=0 tx=0).handle_message got 170 + 0 + 0 byte message. envelope type=4 src mon.0 off 0
2026-02-17T11:25:55.146+0000 7f0e2e358640 15 --2- 127.0.0.1:0/2163459011 >> v2:127.0.0.1:7146/0 conn(0x559f945f4000 0x559f945fc000 crc :-1 s=THROTTLE_DONE pgs=8 cs=0 l=1 rev1=1 crypto rx=0 tx=0 comp rx=0 tx=0).send_message inline write is denied, reschedule m=0x559f94854fc0
2026-02-17T11:25:55.146+0000 7f0e2e358640 20 Event(0x559f8aab6bc8 nevent=5000 time_id=9).wakeup
2026-02-17T11:25:55.146+0000 7f0f28bf3640 20 --2- 127.0.0.1:0/2163459011 >> v2:127.0.0.1:7146/0 conn(0x559f945f4000 0x559f945fc000 crc :-1 s=THROTTLE_DONE pgs=8 cs=0 l=1 rev1=1 crypto rx=0 tx=0 comp rx=0 tx=0).handle_message
2026-02-17T11:25:55.146+0000 7f0f26bef640 5 --2- 127.0.0.1:0/914475808 >> v2:127.0.0.1:7146/0 conn(0x559f945f5800 0x559f945fd080 crc :-1 s=READ_MESSAGE_COMPLETE pgs=13 cs=0 l=1 rev1=1 crypto rx=0 tx=0 comp rx=0 tx=0).handle_message received message m=0x559f9462e000 seq=1 from=mon.0 type=4 mon_map magic: 0
2026-02-17T11:25:55.146+0000 7f0f26bef640 20 -- 127.0.0.1:0/914475808 queue 0x559f9462e000 prio 196
2026-02-17T11:25:55.146+0000 7f0f28bf3640 5 --2- 127.0.0.1:0/2163459011 >> v2:127.0.0.1:7146/0 conn(0x559f945f4000 0x559f945fc000 crc :-1 s=THROTTLE_DONE pgs=8 cs=0 l=1 rev1=1 crypto rx=0 tx=0 comp rx=0 tx=0).handle_message got 24 + 0 + 0 byte message. envelope type=54 src mon.0 off 0
2026-02-17T11:25:55.146+0000 7f0f28bf3640 5 --2- 127.0.0.1:0/2163459011 >> v2:127.0.0.1:7146/0 conn(0x559f945f4000 0x559f945fc000 crc :-1 s=READ_MESSAGE_COMPLETE pgs=8 cs=0 l=1 rev1=1 crypto rx=0 tx=0 comp rx=0 tx=0).handle_message received message m=0x559f945dc3c0 seq=21 from=mon.0 type=54 kv_data(v3 prefix device/, incremental, 0 keys)
2026-02-17T11:25:55.146+0000 7f0f28bf3640 20 -- 127.0.0.1:0/2163459011 queue 0x559f945dc3c0 prio 196
2026-02-17T11:25:55.146+0000 7f0f26bef640 20 --2- 127.0.0.1:0/914475808 >> v2:127.0.0.1:7146/0 conn(0x559f945f5800 0x559f945fd080 crc :-1 s=READY pgs=13 cs=0 l=1 rev1=1 crypto rx=0 tx=0 comp rx=0 tx=0).read_frame
2026-02-17T11:25:55.146+0000 7f0f28bf3640 20 --2- 127.0.0.1:0/2163459011 >> v2:127.0.0.1:7146/0 conn(0x559f945f4000 0x559f945fc000 crc :-1 s=READY pgs=8 cs=0 l=1 rev1=1 crypto rx=0 tx=0 comp rx=0 tx=0).read_frame
2026-02-17T11:25:55.146+0000 7f0f28bf3640 20 -- 127.0.0.1:0/2163459011 >> v2:127.0.0.1:7146/0 conn(0x559f945f4000 msgr2=0x559f945fc000 crc :-1 s=STATE_CONNECTION_ESTABLISHED l=1).read start len=32
2026-02-17T11:25:55.146+0000 7f0f24beb640 10 -- 127.0.0.1:0/2163459011 dispatch_throttle_release 24 to dispatch throttler 48/104857600
2026-02-17T11:25:55.146+0000 7f0f28bf3640 20 --2- 127.0.0.1:0/2163459011 >> v2:127.0.0.1:7146/0 conn(0x559f945f4000 0x559f945fc000 crc :-1 s=READY pgs=8 cs=0 l=1 rev1=1 crypto rx=0 tx=0 comp rx=0 tx=0).handle_read_frame_preamble_main r=0
2026-02-17T11:25:55.146+0000 7f0f28bf3640 20 --2- 127.0.0.1:0/2163459011 >> v2:127.0.0.1:7146/0 conn(0x559f945f4000 0x559f945fc000 crc :-1 s=THROTTLE_MESSAGE pgs=8 cs=0 l=1 rev1=1 crypto rx=0 tx=0 comp rx=0 tx=0).throttle_message
2026-02-17T11:25:55.146+0000 7f0f28bf3640 20 --2- 127.0.0.1:0/2163459011 >> v2:127.0.0.1:7146/0 conn(0x559f945f4000 0x559f945fc000 crc :-1 s=THROTTLE_BYTES pgs=8 cs=0 l=1 rev1=1 crypto rx=0 tx=0 comp rx=0 tx=0).throttle_bytes
2026-02-17T11:25:55.146+0000 7f0f28bf3640 20 --2- 127.0.0.1:0/2163459011 >> v2:127.0.0.1:7146/0 conn(0x559f945f4000 0x559f945fc000 crc :-1 s=THROTTLE_DISPATCH_QUEUE pgs=8 cs=0 l=1 rev1=1 crypto rx=0 tx=0 comp rx=0 tx=0).throttle_dispatch_queue
2026-02-17T11:25:55.146+0000 7f0f24beb640 20 -- 127.0.0.1:0/2163459011 done calling dispatch on 0x559f945dc780
2026-02-17T11:25:55.146+0000 7f0f26bef640 20 -- 127.0.0.1:0/914475808 >> v2:127.0.0.1:7146/0 conn(0x559f945f5800 msgr2=0x559f945fd080 crc :-1 s=STATE_CONNECTION_ESTABLISHED l=1).read start len=32
2026-02-17T11:25:55.146+0000 7f0f28bf3640 20 --2- 127.0.0.1:0/2163459011 >> v2:127.0.0.1:7146/0 conn(0x559f945f4000 0x559f945fc000 crc :-1 s=THROTTLE_DONE pgs=8 cs=0 l=1 rev1=1 crypto rx=0 tx=0 comp rx=0 tx=0).read_frame_segment seg_idx=0
2026-02-17T11:25:55.146+0000 7f0f28bf3640 20 -- 127.0.0.1:0/2163459011 >> v2:127.0.0.1:7146/0 conn(0x559f945f4000 msgr2=0x559f945fc000 crc :-1 s=STATE_CONNECTION_ESTABLISHED l=1).read start len=45
2026-02-17T11:25:55.146+0000 7f0e2b252640 1 -- 127.0.0.1:0/914475808 <== mon.0 v2:127.0.0.1:7146/0 1 ==== mon_map magic: 0 ==== 170+0+0 (crc 0 0 0) 0x559f9462e000 con 0x559f945f5800
2026-02-17T11:25:55.146+0000 7f0f28bf3640 20 --2- 127.0.0.1:0/2163459011 >> v2:127.0.0.1:7146/0 conn(0x559f945f4000 0x559f945fc000 crc :-1 s=THROTTLE_DONE pgs=8 cs=0 l=1 rev1=1 crypto rx=0 tx=0 comp rx=0 tx=0).handle_read_frame_segment r=0
2026-02-17T11:25:55.146+0000 7f0f28bf3640 20 --2- 127.0.0.1:0/2163459011 >> v2:127.0.0.1:7146/0 conn(0x559f945f4000 0x559f945fc000 crc :-1 s=THROTTLE_DONE pgs=8 cs=0 l=1 rev1=1 crypto rx=0 tx=0 comp rx=0 tx=0).read_frame_segment seg_idx=1
2026-02-17T11:25:55.146+0000 7f0f24beb640 1 -- 127.0.0.1:0/2163459011 <== mon.0 v2:127.0.0.1:7146/0 21 ==== kv_data(v3 prefix device/, incremental, 0 keys) ==== 24+0+0 (crc 0 0 0) 0x559f945dc3c0 con 0x559f945f4000
2026-02-17T11:25:55.146+0000 7f0f28bf3640 20 -- 127.0.0.1:0/2163459011 >> v2:127.0.0.1:7146/0 conn(0x559f945f4000 msgr2=0x559f945fc000 crc :-1 s=STATE_CONNECTION_ESTABLISHED l=1).read start len=89
2026-02-17T11:25:55.146+0000 7f0f24beb640 10 mgr.4100.objecter ms_dispatch2 0x559f8abf8000 kv_data(v3 prefix device/, incremental, 0 keys)
2026-02-17T11:25:55.146+0000 7f0f28bf3640 20 --2- 127.0.0.1:0/2163459011 >> v2:127.0.0.1:7146/0 conn(0x559f945f4000 0x559f945fc000 crc :-1 s=THROTTLE_DONE pgs=8 cs=0 l=1 rev1=1 crypto rx=0 tx=0 comp rx=0 tx=0).handle_read_frame_segment r=0
2026-02-17T11:25:55.146+0000 7f0f24beb640 10 mgr ms_dispatch2 active kv_data(v3 prefix device/, incremental, 0 keys)
2026-02-17T11:25:55.146+0000 7f0f28bf3640 20 -- 127.0.0.1:0/2163459011 >> v2:127.0.0.1:7146/0 conn(0x559f945f4000 msgr2=0x559f945fc000 crc :-1 s=STATE_CONNECTION_ESTABLISHED l=1).read start len=13
2026-02-17T11:25:55.146+0000 7f0f24beb640 10 mgr ms_dispatch2 kv_data(v3 prefix device/, incremental, 0 keys)
2026-02-17T11:25:55.146+0000 7f0f28bf3640 20 --2- 127.0.0.1:0/2163459011 >> v2:127.0.0.1:7146/0 conn(0x559f945f4000 0x559f945fc000 crc :-1 s=THROTTLE_DONE pgs=8 cs=0 l=1 rev1=1 crypto rx=0 tx=0 comp rx=0 tx=0).handle_read_frame_epilogue_main r=0
2026-02-17T11:25:55.146+0000 7f0f28bf3640 10 --2- 127.0.0.1:0/2163459011 >> v2:127.0.0.1:7146/0 conn(0x559f945f4000 0x559f945fc000 crc :-1 s=THROTTLE_DONE pgs=8 cs=0 l=1 rev1=1 crypto rx=0 tx=0 comp rx=0 tx=0).handle_read_frame_dispatch tag=17
2026-02-17T11:25:55.146+0000 7f0f24beb640 10 -- 127.0.0.1:0/2163459011 dispatch_throttle_release 24 to dispatch throttler 113/104857600
2026-02-17T11:25:55.146+0000 7f0f28bf3640 20 --2- 127.0.0.1:0/2163459011 >> v2:127.0.0.1:7146/0 conn(0x559f945f4000 0x559f945fc000 crc :-1 s=THROTTLE_DONE pgs=8 cs=0 l=1 rev1=1 crypto rx=0 tx=0 comp rx=0 tx=0).handle_message
2026-02-17T11:25:55.146+0000 7f0f24beb640 20 -- 127.0.0.1:0/2163459011 done calling dispatch on 0x559f945dc3c0
2026-02-17T11:25:55.146+0000 7f0f28bf3640 5 --2- 127.0.0.1:0/2163459011 >> v2:127.0.0.1:7146/0 conn(0x559f945f4000 0x559f945fc000 crc :-1 s=THROTTLE_DONE pgs=8 cs=0 l=1 rev1=1 crypto rx=0 tx=0 comp rx=0 tx=0).handle_message got 89 + 0 + 0 byte message. envelope type=54 src mon.0 off 0
2026-02-17T11:25:55.146+0000 7f0f26bef640 20 --2- 127.0.0.1:0/914475808 >> v2:127.0.0.1:7146/0 conn(0x559f945f5800 0x559f945fd080 crc :-1 s=READY pgs=13 cs=0 l=1 rev1=1 crypto rx=0 tx=0 comp rx=0 tx=0).handle_read_frame_preamble_main r=0
2026-02-17T11:25:55.146+0000 7f0f28bf3640 5 --2- 127.0.0.1:0/2163459011 >> v2:127.0.0.1:7146/0 conn(0x559f945f4000 0x559f945fc000 crc :-1 s=READ_MESSAGE_COMPLETE pgs=8 cs=0 l=1 rev1=1 crypto rx=0 tx=0 comp rx=0 tx=0).handle_message received message m=0x559f945dc960 seq=22 from=mon.0 type=54 kv_data(v3 prefix mgr/, incremental, 1 keys)
2026-02-17T11:25:55.146+0000 7f0f28bf3640 20 -- 127.0.0.1:0/2163459011 queue 0x559f945dc960 prio 196
2026-02-17T11:25:55.146+0000 7f0f26bef640 20 --2- 127.0.0.1:0/914475808 >> v2:127.0.0.1:7146/0 conn(0x559f945f5800 0x559f945fd080 crc :-1 s=THROTTLE_MESSAGE pgs=13 cs=0 l=1 rev1=1 crypto rx=0 tx=0 comp rx=0 tx=0).throttle_message
2026-02-17T11:25:55.146+0000 7f0f26bef640 20 --2- 127.0.0.1:0/914475808 >> v2:127.0.0.1:7146/0 conn(0x559f945f5800 0x559f945fd080 crc :-1 s=THROTTLE_BYTES pgs=13 cs=0 l=1 rev1=1 crypto rx=0 tx=0 comp rx=0 tx=0).throttle_bytes
2026-02-17T11:25:55.146+0000 7f0f26bef640 20 --2- 127.0.0.1:0/914475808 >> v2:127.0.0.1:7146/0 conn(0x559f945f5800 0x559f945fd080 crc :-1 s=THROTTLE_DISPATCH_QUEUE pgs=13 cs=0 l=1 rev1=1 crypto rx=0 tx=0 comp rx=0 tx=0).throttle_dispatch_queue
2026-02-17T11:25:55.146+0000 7f0e2b252640 10 -- 127.0.0.1:0/914475808 dispatch_throttle_release 170 to dispatch throttler 170/104857600
2026-02-17T11:25:55.146+0000 7f0f28bf3640 20 --2- 127.0.0.1:0/2163459011 >> v2:127.0.0.1:7146/0 conn(0x559f945f4000 0x559f945fc000 crc :-1 s=READY pgs=8 cs=0 l=1 rev1=1 crypto rx=0 tx=0 comp rx=0 tx=0).read_frame
2026-02-17T11:25:55.146+0000 7f0f26bef640 20 --2- 127.0.0.1:0/914475808 >> v2:127.0.0.1:7146/0 conn(0x559f945f5800 0x559f945fd080 crc :-1 s=THROTTLE_DONE pgs=13 cs=0 l=1 rev1=1 crypto rx=0 tx=0 comp rx=0 tx=0).read_frame_segment seg_idx=0
2026-02-17T11:25:55.146+0000 7f0e2b252640 20 -- 127.0.0.1:0/914475808 done calling dispatch on 0x559f9462e000
2026-02-17T11:25:55.146+0000 7f0f28bf3640 20 -- 127.0.0.1:0/2163459011 >> v2:127.0.0.1:7146/0 conn(0x559f945f4000 msgr2=0x559f945fc000 crc :-1 s=STATE_CONNECTION_ESTABLISHED l=1).read start len=32
2026-02-17T11:25:55.146+0000 7f0f26bef640 20 -- 127.0.0.1:0/914475808 >> v2:127.0.0.1:7146/0 conn(0x559f945f5800 msgr2=0x559f945fd080 crc :-1 s=STATE_CONNECTION_ESTABLISHED l=1).read start len=45
2026-02-17T11:25:55.146+0000 7f0f28bf3640 20 --2- 127.0.0.1:0/2163459011 >> v2:127.0.0.1:7146/0 conn(0x559f945f4000 0x559f945fc000 crc :-1 s=READY pgs=8 cs=0 l=1 rev1=1 crypto rx=0 tx=0 comp rx=0 tx=0).handle_read_frame_preamble_main r=0
2026-02-17T11:25:55.146+0000 7f0f28bf3640 20 --2- 127.0.0.1:0/2163459011 >> v2:127.0.0.1:7146/0 conn(0x559f945f4000 0x559f945fc000 crc :-1 s=THROTTLE_MESSAGE pgs=8 cs=0 l=1 rev1=1 crypto rx=0 tx=0 comp rx=0 tx=0).throttle_message
2026-02-17T11:25:55.146+0000 7f0f28bf3640 20 --2- 127.0.0.1:0/2163459011 >> v2:127.0.0.1:7146/0 conn(0x559f945f4000 0x559f945fc000 crc :-1 s=THROTTLE_BYTES pgs=8 cs=0 l=1 rev1=1 crypto rx=0 tx=0 comp rx=0 tx=0).throttle_bytes
2026-02-17T11:25:55.146+0000 7f0f28bf3640 20 --2- 127.0.0.1:0/2163459011 >> v2:127.0.0.1:7146/0 conn(0x559f945f4000 0x559f945fc000 crc :-1 s=THROTTLE_DISPATCH_QUEUE pgs=8 cs=0 l=1 rev1=1 crypto rx=0 tx=0 comp rx=0 tx=0).throttle_dispatch_queue
2026-02-17T11:25:55.146+0000 7f0f26bef640 20 --2- 127.0.0.1:0/914475808 >> v2:127.0.0.1:7146/0 conn(0x559f945f5800 0x559f945fd080 crc :-1 s=THROTTLE_DONE pgs=13 cs=0 l=1 rev1=1 crypto rx=0 tx=0 comp rx=0 tx=0).handle_read_frame_segment r=0
2026-02-17T11:25:55.146+0000 7f0f28bf3640 20 --2- 127.0.0.1:0/2163459011 >> v2:127.0.0.1:7146/0 conn(0x559f945f4000 0x559f945fc000 crc :-1 s=THROTTLE_DONE pgs=8 cs=0 l=1 rev1=1 crypto rx=0 tx=0 comp rx=0 tx=0).read_frame_segment seg_idx=0
2026-02-17T11:25:55.146+0000 7f0f26bef640 20 --2- 127.0.0.1:0/914475808 >> v2:127.0.0.1:7146/0 conn(0x559f945f5800 0x559f945fd080 crc :-1 s=THROTTLE_DONE pgs=13 cs=0 l=1 rev1=1 crypto rx=0 tx=0 comp rx=0 tx=0).read_frame_segment seg_idx=1
2026-02-17T11:25:55.146+0000 7f0f28bf3640 20 -- 127.0.0.1:0/2163459011 >> v2:127.0.0.1:7146/0 conn(0x559f945f4000 msgr2=0x559f945fc000 crc :-1 s=STATE_CONNECTION_ESTABLISHED l=1).read start len=45
2026-02-17T11:25:55.146+0000 7f0f24beb640 1 -- 127.0.0.1:0/2163459011 <== mon.0 v2:127.0.0.1:7146/0 22 ==== kv_data(v3 prefix mgr/, incremental, 1 keys) ==== 89+0+0 (crc 0 0 0) 0x559f945dc960 con 0x559f945f4000
2026-02-17T11:25:55.146+0000 7f0f26bef640 20 -- 127.0.0.1:0/914475808 >> v2:127.0.0.1:7146/0 conn(0x559f945f5800 msgr2=0x559f945fd080 crc :-1 s=STATE_CONNECTION_ESTABLISHED l=1).read start len=25
2026-02-17T11:25:55.146+0000 7f0f28bf3640 20 --2- 127.0.0.1:0/2163459011 >> v2:127.0.0.1:7146/0 conn(0x559f945f4000 0x559f945fc000 crc :-1 s=THROTTLE_DONE pgs=8 cs=0 l=1 rev1=1 crypto rx=0 tx=0 comp rx=0 tx=0).handle_read_frame_segment r=0
2026-02-17T11:25:55.146+0000 7f0f24beb640 10 mgr.4100.objecter ms_dispatch2 0x559f8abf8000 kv_data(v3 prefix mgr/, incremental, 1 keys)
2026-02-17T11:25:55.146+0000 7f0f26bef640 20 --2- 127.0.0.1:0/914475808 >> v2:127.0.0.1:7146/0 conn(0x559f945f5800 0x559f945fd080 crc :-1 s=THROTTLE_DONE pgs=13 cs=0 l=1 rev1=1 crypto rx=0 tx=0 comp rx=0 tx=0).handle_read_frame_segment r=0
2026-02-17T11:25:55.146+0000 7f0f24beb640 10 mgr ms_dispatch2 active kv_data(v3 prefix mgr/, incremental, 1 keys)
2026-02-17T11:25:55.146+0000 7f0f28bf3640 20 --2- 127.0.0.1:0/2163459011 >> v2:127.0.0.1:7146/0 conn(0x559f945f4000 0x559f945fc000 crc :-1 s=THROTTLE_DONE pgs=8 cs=0 l=1 rev1=1 crypto rx=0 tx=0 comp rx=0 tx=0).read_frame_segment seg_idx=1
2026-02-17T11:25:55.146+0000 7f0f24beb640 10 mgr ms_dispatch2 kv_data(v3 prefix mgr/, incremental, 1 keys)
2026-02-17T11:25:55.146+0000 7f0f26bef640 20 -- 127.0.0.1:0/914475808 >> v2:127.0.0.1:7146/0 conn(0x559f945f5800 msgr2=0x559f945fd080 crc :-1 s=STATE_CONNECTION_ESTABLISHED l=1).read start len=13
2026-02-17T11:25:55.146+0000 7f0f24beb640 10 mgr update_kv_data incremental update on mgr/
2026-02-17T11:25:55.146+0000 7f0f26bef640 20 --2- 127.0.0.1:0/914475808 >> v2:127.0.0.1:7146/0 conn(0x559f945f5800 0x559f945fd080 crc :-1 s=THROTTLE_DONE pgs=13 cs=0 l=1 rev1=1 crypto rx=0 tx=0 comp rx=0 tx=0).handle_read_frame_epilogue_main r=0
2026-02-17T11:25:55.146+0000 7f0f26bef640 10 --2- 127.0.0.1:0/914475808 >> v2:127.0.0.1:7146/0 conn(0x559f945f5800 0x559f945fd080 crc :-1 s=THROTTLE_DONE pgs=13 cs=0 l=1 rev1=1 crypto rx=0 tx=0 comp rx=0 tx=0).handle_read_frame_dispatch tag=17
2026-02-17T11:25:55.146+0000 7f0f26bef640 20 --2- 127.0.0.1:0/914475808 >> v2:127.0.0.1:7146/0 conn(0x559f945f5800 0x559f945fd080 crc :-1 s=THROTTLE_DONE pgs=13 cs=0 l=1 rev1=1 crypto rx=0 tx=0 comp rx=0 tx=0).handle_message
2026-02-17T11:25:55.146+0000 7f0f24beb640 20 mgr update_kv_data set mgr/telemetry/report_id = 7d9406ff-da89-4883-900f-cc8af03afc07
2026-02-17T11:25:55.146+0000 7f0f28bf3640 20 -- 127.0.0.1:0/2163459011 >> v2:127.0.0.1:7146/0 conn(0x559f945f4000 msgr2=0x559f945fc000 crc :-1 s=STATE_CONNECTION_ESTABLISHED l=1).read start len=1484
2026-02-17T11:25:55.146+0000 7f0f26bef640 5 --2- 127.0.0.1:0/914475808 >> v2:127.0.0.1:7146/0 conn(0x559f945f5800 0x559f945fd080 crc :-1 s=THROTTLE_DONE pgs=13 cs=0 l=1 rev1=1 crypto rx=0 tx=0 comp rx=0 tx=0).handle_message got 25 + 0 + 0 byte message. envelope type=62 src mon.0 off 0
