2026-02-17T11:25:55.142+0000 7f0e3035c640 4 mgr get_store_prefix get_store_prefix prefix: mgr/restful/keys/
2026-02-17T11:25:55.142+0000 7f0e33b63640 1 -- 127.0.0.1:0/568079871 <== mon.0 v2:127.0.0.1:7146/0 4 ==== mgrmap(e 2) ==== 51502+0+0 (crc 0 0 0) 0x559f944eaa80 con 0x559f94700400
2026-02-17T11:25:55.142+0000 7f0f283f2640 20 --2- 127.0.0.1:0/568079871 >> v2:127.0.0.1:7146/0 conn(0x559f94700400 0x559f945fcb00 crc :-1 s=READY pgs=12 cs=0 l=1 rev1=1 crypto rx=0 tx=0 comp rx=0 tx=0).handle_read_frame_preamble_main r=0
2026-02-17T11:25:55.142+0000 7f0f283f2640 20 --2- 127.0.0.1:0/568079871 >> v2:127.0.0.1:7146/0 conn(0x559f94700400 0x559f945fcb00 crc :-1 s=THROTTLE_MESSAGE pgs=12 cs=0 l=1 rev1=1 crypto rx=0 tx=0 comp rx=0 tx=0).throttle_message
2026-02-17T11:25:55.142+0000 7f0f283f2640 20 --2- 127.0.0.1:0/568079871 >> v2:127.0.0.1:7146/0 conn(0x559f94700400 0x559f945fcb00 crc :-1 s=THROTTLE_BYTES pgs=12 cs=0 l=1 rev1=1 crypto rx=0 tx=0 comp rx=0 tx=0).throttle_bytes
2026-02-17T11:25:55.142+0000 7f0f283f2640 20 --2- 127.0.0.1:0/568079871 >> v2:127.0.0.1:7146/0 conn(0x559f94700400 0x559f945fcb00 crc :-1 s=THROTTLE_DISPATCH_QUEUE pgs=12 cs=0 l=1 rev1=1 crypto rx=0 tx=0 comp rx=0 tx=0).throttle_dispatch_queue
2026-02-17T11:25:55.142+0000 7f0f283f2640 20 --2- 127.0.0.1:0/568079871 >> v2:127.0.0.1:7146/0 conn(0x559f94700400 0x559f945fcb00 crc :-1 s=THROTTLE_DONE pgs=12 cs=0 l=1 rev1=1 crypto rx=0 tx=0 comp rx=0 tx=0).read_frame_segment seg_idx=0
2026-02-17T11:25:55.142+0000 7f0f283f2640 20 -- 127.0.0.1:0/568079871 >> v2:127.0.0.1:7146/0 conn(0x559f94700400 msgr2=0x559f945fcb00 crc :-1 s=STATE_CONNECTION_ESTABLISHED l=1).read start len=45
2026-02-17T11:25:55.142+0000 7f0f283f2640 20 --2- 127.0.0.1:0/568079871 >> v2:127.0.0.1:7146/0 conn(0x559f94700400 0x559f945fcb00 crc :-1 s=THROTTLE_DONE pgs=12 cs=0 l=1 rev1=1 crypto rx=0 tx=0 comp rx=0 tx=0).handle_read_frame_segment r=0
2026-02-17T11:25:55.142+0000 7f0f283f2640 20 --2- 127.0.0.1:0/568079871 >> v2:127.0.0.1:7146/0 conn(0x559f94700400 0x559f945fcb00 crc :-1 s=THROTTLE_DONE pgs=12 cs=0 l=1 rev1=1 crypto rx=0 tx=0 comp rx=0 tx=0).read_frame_segment seg_idx=1
2026-02-17T11:25:55.142+0000 7f0e3035c640 20 mgr get_config key: mgr/restful/x/server_addr
2026-02-17T11:25:55.142+0000 7f0f283f2640 20 -- 127.0.0.1:0/568079871 >> v2:127.0.0.1:7146/0 conn(0x559f94700400 msgr2=0x559f945fcb00 crc :-1 s=STATE_CONNECTION_ESTABLISHED l=1).read start len=809
2026-02-17T11:25:55.142+0000 7f0e3035c640 20 mgr get_config key: mgr/restful/server_addr
2026-02-17T11:25:55.142+0000 7f0e3035c640 10 mgr get_typed_config [x/]server_addr not found
2026-02-17T11:25:55.142+0000 7f0e43382640 20 mgr Gil Switched to new thread state 0x559f9463a6c0
2026-02-17T11:25:55.142+0000 7f0f283f2640 20 --2- 127.0.0.1:0/568079871 >> v2:127.0.0.1:7146/0 conn(0x559f94700400 0x559f945fcb00 crc :-1 s=THROTTLE_DONE pgs=12 cs=0 l=1 rev1=1 crypto rx=0 tx=0 comp rx=0 tx=0).handle_read_frame_segment r=0
2026-02-17T11:25:55.142+0000 7f0f283f2640 20 -- 127.0.0.1:0/568079871 >> v2:127.0.0.1:7146/0 conn(0x559f94700400 msgr2=0x559f945fcb00 crc :-1 s=STATE_CONNECTION_ESTABLISHED l=1).read start len=13
2026-02-17T11:25:55.142+0000 7f0f283f2640 20 --2- 127.0.0.1:0/568079871 >> v2:127.0.0.1:7146/0 conn(0x559f94700400 0x559f945fcb00 crc :-1 s=THROTTLE_DONE pgs=12 cs=0 l=1 rev1=1 crypto rx=0 tx=0 comp rx=0 tx=0).handle_read_frame_epilogue_main r=0
2026-02-17T11:25:55.142+0000 7f0f283f2640 10 --2- 127.0.0.1:0/568079871 >> v2:127.0.0.1:7146/0 conn(0x559f94700400 0x559f945fcb00 crc :-1 s=THROTTLE_DONE pgs=12 cs=0 l=1 rev1=1 crypto rx=0 tx=0 comp rx=0 tx=0).handle_read_frame_dispatch tag=17
2026-02-17T11:25:55.142+0000 7f0f283f2640 20 --2- 127.0.0.1:0/568079871 >> v2:127.0.0.1:7146/0 conn(0x559f94700400 0x559f945fcb00 crc :-1 s=THROTTLE_DONE pgs=12 cs=0 l=1 rev1=1 crypto rx=0 tx=0 comp rx=0 tx=0).handle_message
2026-02-17T11:25:55.142+0000 7f0f283f2640 5 --2- 127.0.0.1:0/568079871 >> v2:127.0.0.1:7146/0 conn(0x559f94700400 0x559f945fcb00 crc :-1 s=THROTTLE_DONE pgs=12 cs=0 l=1 rev1=1 crypto rx=0 tx=0 comp rx=0 tx=0).handle_message got 809 + 0 + 0 byte message. envelope type=41 src mon.0 off 0
2026-02-17T11:25:55.142+0000 7f0f283f2640 5 --2- 127.0.0.1:0/568079871 >> v2:127.0.0.1:7146/0 conn(0x559f94700400 0x559f945fcb00 crc :-1 s=READ_MESSAGE_COMPLETE pgs=12 cs=0 l=1 rev1=1 crypto rx=0 tx=0 comp rx=0 tx=0).handle_message received message m=0x559f8ab2a800 seq=5 from=mon.0 type=41 osd_map(2..2 src has 1..2)
2026-02-17T11:25:55.142+0000 7f0f283f2640 20 -- 127.0.0.1:0/568079871 queue 0x559f8ab2a800 prio 196
2026-02-17T11:25:55.142+0000 7f0e43382640 10 ceph_option_get debug_mgr found: 20/20
2026-02-17T11:25:55.142+0000 7f0f283f2640 20 --2- 127.0.0.1:0/568079871 >> v2:127.0.0.1:7146/0 conn(0x559f94700400 0x559f945fcb00 crc :-1 s=READY pgs=12 cs=0 l=1 rev1=1 crypto rx=0 tx=0 comp rx=0 tx=0).read_frame
2026-02-17T11:25:55.142+0000 7f0f283f2640 20 -- 127.0.0.1:0/568079871 >> v2:127.0.0.1:7146/0 conn(0x559f94700400 msgr2=0x559f945fcb00 crc :-1 s=STATE_CONNECTION_ESTABLISHED l=1).read start len=32
2026-02-17T11:25:55.142+0000 7f0e43382640 20 mgr get_config key: mgr/status/log_level
2026-02-17T11:25:55.142+0000 7f0e43382640 10 mgr get_typed_config log_level not found
2026-02-17T11:25:55.142+0000 7f0f283f2640 20 --2- 127.0.0.1:0/568079871 >> v2:127.0.0.1:7146/0 conn(0x559f94700400 0x559f945fcb00 crc :-1 s=READY pgs=12 cs=0 l=1 rev1=1 crypto rx=0 tx=0 comp rx=0 tx=0).handle_read_frame_preamble_main r=0
2026-02-17T11:25:55.142+0000 7f0e43382640 20 mgr get_config key: mgr/status/log_to_cluster_level
2026-02-17T11:25:55.142+0000 7f0f283f2640 20 --2- 127.0.0.1:0/568079871 >> v2:127.0.0.1:7146/0 conn(0x559f94700400 0x559f945fcb00 crc :-1 s=THROTTLE_MESSAGE pgs=12 cs=0 l=1 rev1=1 crypto rx=0 tx=0 comp rx=0 tx=0).throttle_message
2026-02-17T11:25:55.142+0000 7f0e43382640 10 mgr get_typed_config log_to_cluster_level not found
2026-02-17T11:25:55.142+0000 7f0f283f2640 20 --2- 127.0.0.1:0/568079871 >> v2:127.0.0.1:7146/0 conn(0x559f94700400 0x559f945fcb00 crc :-1 s=THROTTLE_BYTES pgs=12 cs=0 l=1 rev1=1 crypto rx=0 tx=0 comp rx=0 tx=0).throttle_bytes
2026-02-17T11:25:55.142+0000 7f0f283f2640 20 --2- 127.0.0.1:0/568079871 >> v2:127.0.0.1:7146/0 conn(0x559f94700400 0x559f945fcb00 crc :-1 s=THROTTLE_DISPATCH_QUEUE pgs=12 cs=0 l=1 rev1=1 crypto rx=0 tx=0 comp rx=0 tx=0).throttle_dispatch_queue
2026-02-17T11:25:55.142+0000 7f0e3035c640 20 mgr get_config key: mgr/restful/x/server_port
2026-02-17T11:25:55.142+0000 7f0e3035c640 20 mgr get_config key: mgr/restful/server_port
2026-02-17T11:25:55.142+0000 7f0f283f2640 20 --2- 127.0.0.1:0/568079871 >> v2:127.0.0.1:7146/0 conn(0x559f94700400 0x559f945fcb00 crc :-1 s=THROTTLE_DONE pgs=12 cs=0 l=1 rev1=1 crypto rx=0 tx=0 comp rx=0 tx=0).read_frame_segment seg_idx=0
2026-02-17T11:25:55.142+0000 7f0e3035c640 10 mgr get_typed_config [x/]server_port not found
2026-02-17T11:25:55.142+0000 7f0e43382640 20 mgr get_config key: mgr/status/log_to_file
2026-02-17T11:25:55.142+0000 7f0e43382640 10 mgr get_typed_config log_to_file not found
2026-02-17T11:25:55.142+0000 7f0f283f2640 20 -- 127.0.0.1:0/568079871 >> v2:127.0.0.1:7146/0 conn(0x559f94700400 msgr2=0x559f945fcb00 crc :-1 s=STATE_CONNECTION_ESTABLISHED l=1).read start len=45
2026-02-17T11:25:55.142+0000 7f0f283f2640 20 --2- 127.0.0.1:0/568079871 >> v2:127.0.0.1:7146/0 conn(0x559f94700400 0x559f945fcb00 crc :-1 s=THROTTLE_DONE pgs=12 cs=0 l=1 rev1=1 crypto rx=0 tx=0 comp rx=0 tx=0).handle_read_frame_segment r=0
2026-02-17T11:25:55.142+0000 7f0f283f2640 20 --2- 127.0.0.1:0/568079871 >> v2:127.0.0.1:7146/0 conn(0x559f94700400 0x559f945fcb00 crc :-1 s=THROTTLE_DONE pgs=12 cs=0 l=1 rev1=1 crypto rx=0 tx=0 comp rx=0 tx=0).read_frame_segment seg_idx=1
2026-02-17T11:25:55.142+0000 7f0f283f2640 20 -- 127.0.0.1:0/568079871 >> v2:127.0.0.1:7146/0 conn(0x559f94700400 msgr2=0x559f945fcb00 crc :-1 s=STATE_CONNECTION_ESTABLISHED l=1).read start len=24
2026-02-17T11:25:55.142+0000 7f0f283f2640 20 --2- 127.0.0.1:0/568079871 >> v2:127.0.0.1:7146/0 conn(0x559f94700400 0x559f945fcb00 crc :-1 s=THROTTLE_DONE pgs=12 cs=0 l=1 rev1=1 crypto rx=0 tx=0 comp rx=0 tx=0).handle_read_frame_segment r=0
2026-02-17T11:25:55.142+0000 7f0f283f2640 20 -- 127.0.0.1:0/568079871 >> v2:127.0.0.1:7146/0 conn(0x559f94700400 msgr2=0x559f945fcb00 crc :-1 s=STATE_CONNECTION_ESTABLISHED l=1).read start len=13
2026-02-17T11:25:55.142+0000 7f0f283f2640 20 --2- 127.0.0.1:0/568079871 >> v2:127.0.0.1:7146/0 conn(0x559f94700400 0x559f945fcb00 crc :-1 s=THROTTLE_DONE pgs=12 cs=0 l=1 rev1=1 crypto rx=0 tx=0 comp rx=0 tx=0).handle_read_frame_epilogue_main r=0
2026-02-17T11:25:55.142+0000 7f0f283f2640 10 --2- 127.0.0.1:0/568079871 >> v2:127.0.0.1:7146/0 conn(0x559f94700400 0x559f945fcb00 crc :-1 s=THROTTLE_DONE pgs=12 cs=0 l=1 rev1=1 crypto rx=0 tx=0 comp rx=0 tx=0).handle_read_frame_dispatch tag=17
2026-02-17T11:25:55.142+0000 7f0f283f2640 20 --2- 127.0.0.1:0/568079871 >> v2:127.0.0.1:7146/0 conn(0x559f94700400 0x559f945fcb00 crc :-1 s=THROTTLE_DONE pgs=12 cs=0 l=1 rev1=1 crypto rx=0 tx=0 comp rx=0 tx=0).handle_message
2026-02-17T11:25:55.142+0000 7f0f283f2640 5 --2- 127.0.0.1:0/568079871 >> v2:127.0.0.1:7146/0 conn(0x559f94700400 0x559f945fcb00 crc :-1 s=THROTTLE_DONE pgs=12 cs=0 l=1 rev1=1 crypto rx=0 tx=0 comp rx=0 tx=0).handle_message got 24 + 0 + 0 byte message. envelope type=20 src mon.0 off 0
2026-02-17T11:25:55.142+0000 7f0f283f2640 5 --2- 127.0.0.1:0/568079871 >> v2:127.0.0.1:7146/0 conn(0x559f94700400 0x559f945fcb00 crc :-1 s=READ_MESSAGE_COMPLETE pgs=12 cs=0 l=1 rev1=1 crypto rx=0 tx=0 comp rx=0 tx=0).handle_message received message m=0x559f946a7040 seq=6 from=mon.0 type=20 mon_get_version_reply(handle=1 version=2)
2026-02-17T11:25:55.142+0000 7f0f283f2640 20 -- 127.0.0.1:0/568079871 queue 0x559f946a7040 prio 196
2026-02-17T11:25:55.142+0000 7f0e3035c640 0 [restful INFO root] server_addr: :: server_port: 8003
2026-02-17T11:25:55.142+0000 7f0f283f2640 20 --2- 127.0.0.1:0/568079871 >> v2:127.0.0.1:7146/0 conn(0x559f94700400 0x559f945fcb00 crc :-1 s=READY pgs=12 cs=0 l=1 rev1=1 crypto rx=0 tx=0 comp rx=0 tx=0).read_frame
2026-02-17T11:25:55.142+0000 7f0f283f2640 20 -- 127.0.0.1:0/568079871 >> v2:127.0.0.1:7146/0 conn(0x559f94700400 msgr2=0x559f945fcb00 crc :-1 s=STATE_CONNECTION_ESTABLISHED l=1).read start len=32
2026-02-17T11:25:55.142+0000 7f0e3035c640 4 mgr get_store get_store key: mgr/restful/x/crt
2026-02-17T11:25:55.142+0000 7f0e3035c640 4 ceph_store_get x/crt not found
2026-02-17T11:25:55.142+0000 7f0e3035c640 4 mgr get_store get_store key: mgr/restful/crt
2026-02-17T11:25:55.142+0000 7f0e3035c640 4 ceph_store_get crt not found
2026-02-17T11:25:55.142+0000 7f0e3035c640 4 mgr get_store get_store key: mgr/restful/x/crt_file
2026-02-17T11:25:55.142+0000 7f0e3035c640 4 ceph_store_get x/crt_file not found
2026-02-17T11:25:55.142+0000 7f0e3035c640 4 mgr get_store get_store key: mgr/restful/crt_file
2026-02-17T11:25:55.142+0000 7f0e43382640 20 mgr get_config key: mgr/status/log_to_cluster
2026-02-17T11:25:55.142+0000 7f0e43382640 10 mgr get_typed_config log_to_cluster not found
2026-02-17T11:25:55.142+0000 7f0e43382640 10 ceph_option_get log_file found: td/osd-bluefs-volume-ops/mgr.x.log
2026-02-17T11:25:55.142+0000 7f0e33b63640 10 -- 127.0.0.1:0/568079871 dispatch_throttle_release 51502 to dispatch throttler 52335/104857600
2026-02-17T11:25:55.142+0000 7f0e33b63640 20 -- 127.0.0.1:0/568079871 done calling dispatch on 0x559f944eaa80
2026-02-17T11:25:55.142+0000 7f0e33b63640 1 -- 127.0.0.1:0/568079871 <== mon.0 v2:127.0.0.1:7146/0 5 ==== osd_map(2..2 src has 1..2) ==== 809+0+0 (crc 0 0 0) 0x559f8ab2a800 con 0x559f94700400
2026-02-17T11:25:55.142+0000 7f0e33b63640 10 client.4107.objecter ms_dispatch2 0x559f8abf8000 osd_map(2..2 src has 1..2)
2026-02-17T11:25:55.142+0000 7f0e33b63640 3 client.4107.objecter handle_osd_map got epochs [2,2] > 0
2026-02-17T11:25:55.142+0000 7f0e33b63640 3 client.4107.objecter handle_osd_map decoding full epoch 2
2026-02-17T11:25:55.142+0000 7f0e33b63640 20 client.4107.objecter dump_active .. 0 homeless
2026-02-17T11:25:55.142+0000 7f0e33b63640 10 -- 127.0.0.1:0/568079871 dispatch_throttle_release 809 to dispatch throttler 833/104857600
2026-02-17T11:25:55.142+0000 7f0e33b63640 20 -- 127.0.0.1:0/568079871 done calling dispatch on 0x559f8ab2a800
2026-02-17T11:25:55.142+0000 7f0e33b63640 1 -- 127.0.0.1:0/568079871 <== mon.0 v2:127.0.0.1:7146/0 6 ==== mon_get_version_reply(handle=1 version=2) ==== 24+0+0 (crc 0 0 0) 0x559f946a7040 con 0x559f94700400
2026-02-17T11:25:55.142+0000 7f0e33b63640 10 -- 127.0.0.1:0/568079871 dispatch_throttle_release 24 to dispatch throttler 24/104857600
2026-02-17T11:25:55.142+0000 7f0e33b63640 20 -- 127.0.0.1:0/568079871 done calling dispatch on 0x559f946a7040
2026-02-17T11:25:55.142+0000 7f0e34b65640 10 client.4107.objecter _get_latest_version latest 2, have it
2026-02-17T11:25:55.142+0000 7f0e43382640 0 [status DEBUG root] setting log level based on debug_mgr: DEBUG (20/20)
2026-02-17T11:25:55.142+0000 7f0e43382640 1 mgr load Constructed class from module: status
2026-02-17T11:25:55.142+0000 7f0e43382640 20 mgr ~Gil Destroying new thread state 0x559f9463a6c0
2026-02-17T11:25:55.142+0000 7f0e43382640 4 mgr operator() Starting thread for status
2026-02-17T11:25:55.142+0000 7f0e3035c640 4 ceph_store_get crt_file not found
2026-02-17T11:25:55.142+0000 7f0e43382640 4 mgr operator() Starting active module status finisher thread m-fin-status
2026-02-17T11:25:55.142+0000 7f0e31b5f640 20 mgr get_config key: mgr/rbd_support/mirror_snapshot_schedule
2026-02-17T11:25:55.142+0000 7f0e31b5f640 10 mgr get_typed_config mirror_snapshot_schedule not found
2026-02-17T11:25:55.142+0000 7f0e31b5f640 20 mgr get_config key: mgr/rbd_support/x/mirror_snapshot_schedule
2026-02-17T11:25:55.142+0000 7f0e31b5f640 20 mgr get_config key: mgr/rbd_support/mirror_snapshot_schedule
2026-02-17T11:25:55.142+0000 7f0e2f35a640 4 mgr entry Entering thread for status
2026-02-17T11:25:55.142+0000 7f0e31b5f640 10 mgr get_typed_config [x/]mirror_snapshot_schedule not found
2026-02-17T11:25:55.142+0000 7f0e3035c640 4 mgr get_store get_store key: mgr/restful/x/key
2026-02-17T11:25:55.142+0000 7f0e3035c640 4 ceph_store_get x/key not found
2026-02-17T11:25:55.142+0000 7f0e3035c640 4 mgr get_store get_store key: mgr/restful/key
2026-02-17T11:25:55.142+0000 7f0e3035c640 4 ceph_store_get key not found
2026-02-17T11:25:55.142+0000 7f0e3035c640 20 mgr get_config key: mgr/restful/x/key_file
2026-02-17T11:25:55.142+0000 7f0e3035c640 20 mgr get_config key: mgr/restful/key_file
2026-02-17T11:25:55.142+0000 7f0e3035c640 10 mgr get_typed_config [x/]key_file not found
2026-02-17T11:25:55.142+0000 7f0e43382640 20 mgr Gil Switched to new thread state 0x559f9463a6c0
2026-02-17T11:25:55.142+0000 7f0e43382640 10 ceph_option_get debug_mgr found: 20/20
2026-02-17T11:25:55.142+0000 7f0e43382640 20 mgr get_config key: mgr/telemetry/log_level
2026-02-17T11:25:55.142+0000 7f0e43382640 10 mgr get_typed_config log_level not found
2026-02-17T11:25:55.142+0000 7f0e31b5f640 1 -- 127.0.0.1:0/2163459011 --> v2:127.0.0.1:7146/0 -- mon_command({"prefix":"config rm","who":"mgr","name":"mgr/rbd_support/x/mirror_snapshot_schedule"} v 0) -- 0x559f94743a40 con 0x559f945f4000
2026-02-17T11:25:55.142+0000 7f0e43382640 20 mgr get_config key: mgr/telemetry/log_to_cluster_level
2026-02-17T11:25:55.142+0000 7f0e43382640 10 mgr get_typed_config log_to_cluster_level not found
2026-02-17T11:25:55.142+0000 7f0e43382640 20 mgr get_config key: mgr/telemetry/log_to_file
2026-02-17T11:25:55.142+0000 7f0e43382640 10 mgr get_typed_config log_to_file not found
2026-02-17T11:25:55.142+0000 7f0e31b5f640 5 --2- 127.0.0.1:0/2163459011 >> v2:127.0.0.1:7146/0 conn(0x559f945f4000 0x559f945fc000 crc :-1 s=READY pgs=8 cs=0 l=1 rev1=1 crypto rx=0 tx=0 comp rx=0 tx=0).send_message enqueueing message m=0x559f94743a40 type=50 mon_command({"prefix":"config rm","who":"mgr","name":"mgr/rbd_support/x/mirror_snapshot_schedule"} v 0)
2026-02-17T11:25:55.142+0000 7f0e31b5f640 15 --2- 127.0.0.1:0/2163459011 >> v2:127.0.0.1:7146/0 conn(0x559f945f4000 0x559f945fc000 crc :-1 s=READY pgs=8 cs=0 l=1 rev1=1 crypto rx=0 tx=0 comp rx=0 tx=0).send_message inline write is denied, reschedule m=0x559f94743a40
2026-02-17T11:25:55.142+0000 7f0e3035c640 20 mgr get_config key: mgr/restful/x/enable_auth
2026-02-17T11:25:55.142+0000 7f0e3035c640 20 mgr get_config key: mgr/restful/enable_auth
2026-02-17T11:25:55.142+0000 7f0e31b5f640 20 Event(0x559f8aab6bc8 nevent=5000 time_id=9).wakeup
2026-02-17T11:25:55.142+0000 7f0e3035c640 10 mgr get_typed_config [x/]enable_auth not found
2026-02-17T11:25:55.142+0000 7f0e2f35a640 20 mgr Gil Switched to new thread state 0x559f9463a7e0
2026-02-17T11:25:55.142+0000 7f0e2f35a640 20 mgr ~Gil Destroying new thread state 0x559f9463a7e0
2026-02-17T11:25:55.142+0000 7f0f28bf3640 10 -- 127.0.0.1:0/2163459011 >> v2:127.0.0.1:7146/0 conn(0x559f945f4000 msgr2=0x559f945fc000 crc :-1 s=STATE_CONNECTION_ESTABLISHED l=1).handle_write
2026-02-17T11:25:55.142+0000 7f0f28bf3640 10 --2- 127.0.0.1:0/2163459011 >> v2:127.0.0.1:7146/0 conn(0x559f945f4000 0x559f945fc000 crc :-1 s=READY pgs=8 cs=0 l=1 rev1=1 crypto rx=0 tx=0 comp rx=0 tx=0).write_event
2026-02-17T11:25:55.142+0000 7f0f28bf3640 20 --2- 127.0.0.1:0/2163459011 >> v2:127.0.0.1:7146/0 conn(0x559f945f4000 0x559f945fc000 crc :-1 s=READY pgs=8 cs=0 l=1 rev1=1 crypto rx=0 tx=0 comp rx=0 tx=0).prepare_send_message m=mon_command({"prefix":"config rm","who":"mgr","name":"mgr/rbd_support/x/mirror_snapshot_schedule"} v 0)
2026-02-17T11:25:55.142+0000 7f0f28bf3640 20 --2- 127.0.0.1:0/2163459011 >> v2:127.0.0.1:7146/0 conn(0x559f945f4000 0x559f945fc000 crc :-1 s=READY pgs=8 cs=0 l=1 rev1=1 crypto rx=0 tx=0 comp rx=0 tx=0).prepare_send_message encoding features 4540701547738038271 0x559f94743a40 mon_command({"prefix":"config rm","who":"mgr","name":"mgr/rbd_support/x/mirror_snapshot_schedule"} v 0)
2026-02-17T11:25:55.142+0000 7f0e43382640 20 mgr get_config key: mgr/telemetry/log_to_cluster
2026-02-17T11:25:55.142+0000 7f0e43382640 10 mgr get_typed_config log_to_cluster not found
2026-02-17T11:25:55.142+0000 7f0f28bf3640 5 --2- 127.0.0.1:0/2163459011 >> v2:127.0.0.1:7146/0 conn(0x559f945f4000 0x559f945fc000 crc :-1 s=READY pgs=8 cs=0 l=1 rev1=1 crypto rx=0 tx=0 comp rx=0 tx=0).write_message sending message m=0x559f94743a40 seq=11 mon_command({"prefix":"config rm","who":"mgr","name":"mgr/rbd_support/x/mirror_snapshot_schedule"} v 0)
2026-02-17T11:25:55.142+0000 7f0f28bf3640 20 --2- 127.0.0.1:0/2163459011 >> v2:127.0.0.1:7146/0 conn(0x559f945f4000 0x559f945fc000 crc :-1 s=READY pgs=8 cs=0 l=1 rev1=1 crypto rx=0 tx=0 comp rx=0 tx=0).write_message sending m=0x559f94743a40 seq=11 src=mgr.4100 off=0
2026-02-17T11:25:55.142+0000 7f0f28bf3640 10 -- 127.0.0.1:0/2163459011 >> v2:127.0.0.1:7146/0 conn(0x559f945f4000 msgr2=0x559f945fc000 crc :-1 s=STATE_CONNECTION_ESTABLISHED l=1)._try_send sent bytes 218 remaining bytes 0
2026-02-17T11:25:55.142+0000 7f0f28bf3640 10 --2- 127.0.0.1:0/2163459011 >> v2:127.0.0.1:7146/0 conn(0x559f945f4000 0x559f945fc000 crc :-1 s=READY pgs=8 cs=0 l=1 rev1=1 crypto rx=0 tx=0 comp rx=0 tx=0).write_message sending 0x559f94743a40 done.
2026-02-17T11:25:55.146+0000 7f0e43382640 10 ceph_option_get log_file found: td/osd-bluefs-volume-ops/mgr.x.log
2026-02-17T11:25:55.146+0000 7f0e43382640 0 [telemetry DEBUG root] setting log level based on debug_mgr: DEBUG (20/20)
2026-02-17T11:25:55.146+0000 7f0f28bf3640 20 -- 127.0.0.1:0/2163459011 >> v2:127.0.0.1:7146/0 conn(0x559f945f4000 msgr2=0x559f945fc000 crc :-1 s=STATE_CONNECTION_ESTABLISHED l=1).process
2026-02-17T11:25:55.146+0000 7f0f28bf3640 20 -- 127.0.0.1:0/2163459011 >> v2:127.0.0.1:7146/0 conn(0x559f945f4000 msgr2=0x559f945fc000 crc :-1 s=STATE_CONNECTION_ESTABLISHED l=1).read continue len=32
2026-02-17T11:25:55.146+0000 7f0f28bf3640 20 --2- 127.0.0.1:0/2163459011 >> v2:127.0.0.1:7146/0 conn(0x559f945f4000 0x559f945fc000 crc :-1 s=READY pgs=8 cs=0 l=1 rev1=1 crypto rx=0 tx=0 comp rx=0 tx=0).handle_read_frame_preamble_main r=0
2026-02-17T11:25:55.146+0000 7f0f28bf3640 20 --2- 127.0.0.1:0/2163459011 >> v2:127.0.0.1:7146/0 conn(0x559f945f4000 0x559f945fc000 crc :-1 s=THROTTLE_MESSAGE pgs=8 cs=0 l=1 rev1=1 crypto rx=0 tx=0 comp rx=0 tx=0).throttle_message
2026-02-17T11:25:55.146+0000 7f0f28bf3640 20 --2- 127.0.0.1:0/2163459011 >> v2:127.0.0.1:7146/0 conn(0x559f945f4000 0x559f945fc000 crc :-1 s=THROTTLE_BYTES pgs=8 cs=0 l=1 rev1=1 crypto rx=0 tx=0 comp rx=0 tx=0).throttle_bytes
2026-02-17T11:25:55.146+0000 7f0e43382640 20 mgr get_config key: mgr/telemetry/url
2026-02-17T11:25:55.146+0000 7f0f28bf3640 20 --2- 127.0.0.1:0/2163459011 >> v2:127.0.0.1:7146/0 conn(0x559f945f4000 0x559f945fc000 crc :-1 s=THROTTLE_DISPATCH_QUEUE pgs=8 cs=0 l=1 rev1=1 crypto rx=0 tx=0 comp rx=0 tx=0).throttle_dispatch_queue
2026-02-17T11:25:55.146+0000 7f0e43382640 10 mgr get_typed_config url not found
2026-02-17T11:25:55.146+0000 7f0f28bf3640 20 --2- 127.0.0.1:0/2163459011 >> v2:127.0.0.1:7146/0 conn(0x559f945f4000 0x559f945fc000 crc :-1 s=THROTTLE_DONE pgs=8 cs=0 l=1 rev1=1 crypto rx=0 tx=0 comp rx=0 tx=0).read_frame_segment seg_idx=0
2026-02-17T11:25:55.146+0000 7f0f28bf3640 20 -- 127.0.0.1:0/2163459011 >> v2:127.0.0.1:7146/0 conn(0x559f945f4000 msgr2=0x559f945fc000 crc :-1 s=STATE_CONNECTION_ESTABLISHED l=1).read start len=45
2026-02-17T11:25:55.146+0000 7f0f28bf3640 20 --2- 127.0.0.1:0/2163459011 >> v2:127.0.0.1:7146/0 conn(0x559f945f4000 0x559f945fc000 crc :-1 s=THROTTLE_DONE pgs=8 cs=0 l=1 rev1=1 crypto rx=0 tx=0 comp rx=0 tx=0).handle_read_frame_segment r=0
2026-02-17T11:25:55.146+0000 7f0f28bf3640 20 --2- 127.0.0.1:0/2163459011 >> v2:127.0.0.1:7146/0 conn(0x559f945f4000 0x559f945fc000 crc :-1 s=THROTTLE_DONE pgs=8 cs=0 l=1 rev1=1 crypto rx=0 tx=0 comp rx=0 tx=0).read_frame_segment seg_idx=1
2026-02-17T11:25:55.146+0000 7f0f28bf3640 20 -- 127.0.0.1:0/2163459011 >> v2:127.0.0.1:7146/0 conn(0x559f945f4000 msgr2=0x559f945fc000 crc :-1 s=STATE_CONNECTION_ESTABLISHED l=1).read start len=120
2026-02-17T11:25:55.146+0000 7f0f28bf3640 20 --2- 127.0.0.1:0/2163459011 >> v2:127.0.0.1:7146/0 conn(0x559f945f4000 0x559f945fc000 crc :-1 s=THROTTLE_DONE pgs=8 cs=0 l=1 rev1=1 crypto rx=0 tx=0 comp rx=0 tx=0).handle_read_frame_segment r=0
2026-02-17T11:25:55.146+0000 7f0f28bf3640 20 -- 127.0.0.1:0/2163459011 >> v2:127.0.0.1:7146/0 conn(0x559f945f4000 msgr2=0x559f945fc000 crc :-1 s=STATE_CONNECTION_ESTABLISHED l=1).read start len=13
2026-02-17T11:25:55.146+0000 7f0f28bf3640 20 --2- 127.0.0.1:0/2163459011 >> v2:127.0.0.1:7146/0 conn(0x559f945f4000 0x559f945fc000 crc :-1 s=THROTTLE_DONE pgs=8 cs=0 l=1 rev1=1 crypto rx=0 tx=0 comp rx=0 tx=0).handle_read_frame_epilogue_main r=0
2026-02-17T11:25:55.146+0000 7f0f28bf3640 10 --2- 127.0.0.1:0/2163459011 >> v2:127.0.0.1:7146/0 conn(0x559f945f4000 0x559f945fc000 crc :-1 s=THROTTLE_DONE pgs=8 cs=0 l=1 rev1=1 crypto rx=0 tx=0 comp rx=0 tx=0).handle_read_frame_dispatch tag=17
2026-02-17T11:25:55.146+0000 7f0f28bf3640 20 --2- 127.0.0.1:0/2163459011 >> v2:127.0.0.1:7146/0 conn(0x559f945f4000 0x559f945fc000 crc :-1 s=THROTTLE_DONE pgs=8 cs=0 l=1 rev1=1 crypto rx=0 tx=0 comp rx=0 tx=0).handle_message
2026-02-17T11:25:55.146+0000 7f0f28bf3640 5 --2- 127.0.0.1:0/2163459011 >> v2:127.0.0.1:7146/0 conn(0x559f945f4000 0x559f945fc000 crc :-1 s=THROTTLE_DONE pgs=8 cs=0 l=1 rev1=1 crypto rx=0 tx=0 comp rx=0 tx=0).handle_message got 120 + 0 + 0 byte message. envelope type=51 src mon.0 off 0
2026-02-17T11:25:55.146+0000 7f0f28bf3640 5 --2- 127.0.0.1:0/2163459011 >> v2:127.0.0.1:7146/0 conn(0x559f945f4000 0x559f945fc000 crc :-1 s=READ_MESSAGE_COMPLETE pgs=8 cs=0 l=1 rev1=1 crypto rx=0 tx=0 comp rx=0 tx=0).handle_message received message m=0x559f945dd680 seq=18 from=mon.0 type=51 mon_command_ack([{"prefix":"config rm","who":"mgr","name":"mgr/rbd_support/x/mirror_snapshot_schedule"}]=0 v2)
2026-02-17T11:25:55.146+0000 7f0f28bf3640 20 -- 127.0.0.1:0/2163459011 queue 0x559f945dd680 prio 196
2026-02-17T11:25:55.146+0000 7f0f28bf3640 20 --2- 127.0.0.1:0/2163459011 >> v2:127.0.0.1:7146/0 conn(0x559f945f4000 0x559f945fc000 crc :-1 s=READY pgs=8 cs=0 l=1 rev1=1 crypto rx=0 tx=0 comp rx=0 tx=0).read_frame
2026-02-17T11:25:55.146+0000 7f0f28bf3640 20 -- 127.0.0.1:0/2163459011 >> v2:127.0.0.1:7146/0 conn(0x559f945f4000 msgr2=0x559f945fc000 crc :-1 s=STATE_CONNECTION_ESTABLISHED l=1).read start len=32
2026-02-17T11:25:55.146+0000 7f0f24beb640 1 -- 127.0.0.1:0/2163459011 <== mon.0 v2:127.0.0.1:7146/0 18 ==== mon_command_ack([{"prefix":"config rm","who":"mgr","name":"mgr/rbd_support/x/mirror_snapshot_schedule"}]=0 v2) ==== 120+0+0 (crc 0 0 0) 0x559f945dd680 con 0x559f945f4000
2026-02-17T11:25:55.146+0000 7f0f24beb640 10 -- 127.0.0.1:0/2163459011 dispatch_throttle_release 120 to dispatch throttler 120/104857600
2026-02-17T11:25:55.146+0000 7f0f24beb640 20 -- 127.0.0.1:0/2163459011 done calling dispatch on 0x559f945dd680
2026-02-17T11:25:55.146+0000 7f0e3035c640 0 [restful WARNING root] server not running: no certificate configured
2026-02-17T11:25:55.146+0000 7f0e43382640 0 [telemetry DEBUG root] url = https://telemetry.ceph.com/report
2026-02-17T11:25:55.146+0000 7f0e43382640 20 mgr get_config key: mgr/telemetry/device_url
2026-02-17T11:25:55.146+0000 7f0e43382640 10 mgr get_typed_config device_url not found
2026-02-17T11:25:55.146+0000 7f0e43382640 0 [telemetry DEBUG root] device_url = https://telemetry.ceph.com/device
2026-02-17T11:25:55.146+0000 7f0e43382640 20 mgr get_config key: mgr/telemetry/enabled
2026-02-17T11:25:55.146+0000 7f0e43382640 10 mgr get_typed_config enabled not found
2026-02-17T11:25:55.146+0000 7f0e43382640 0 [telemetry DEBUG root] enabled = False
2026-02-17T11:25:55.146+0000 7f0e43382640 20 mgr get_config key: mgr/telemetry/last_opt_revision
2026-02-17T11:25:55.146+0000 7f0e43382640 10 mgr get_typed_config last_opt_revision not found
2026-02-17T11:25:55.146+0000 7f0e43382640 0 [telemetry DEBUG root] last_opt_revision = 1
2026-02-17T11:25:55.146+0000 7f0e43382640 20 mgr get_config key: mgr/telemetry/leaderboard
2026-02-17T11:25:55.146+0000 7f0e43382640 10 mgr get_typed_config leaderboard not found
2026-02-17T11:25:55.146+0000 7f0e43382640 0 [telemetry DEBUG root] leaderboard = False
2026-02-17T11:25:55.146+0000 7f0e43382640 20 mgr get_config key: mgr/telemetry/leaderboard_description
2026-02-17T11:25:55.146+0000 7f0e43382640 10 mgr get_typed_config leaderboard_description not found
2026-02-17T11:25:55.146+0000 7f0e43382640 0 [telemetry DEBUG root] leaderboard_description = None
2026-02-17T11:25:55.146+0000 7f0e43382640 20 mgr get_config key: mgr/telemetry/description
2026-02-17T11:25:55.146+0000 7f0e43382640 10 mgr get_typed_config description not found
2026-02-17T11:25:55.146+0000 7f0e43382640 0 [telemetry DEBUG root] description = None
2026-02-17T11:25:55.146+0000 7f0e43382640 20 mgr get_config key: mgr/telemetry/contact
2026-02-17T11:25:55.146+0000 7f0e43382640 10 mgr get_typed_config contact not found
2026-02-17T11:25:55.146+0000 7f0e43382640 0 [telemetry DEBUG root] contact = None
2026-02-17T11:25:55.146+0000 7f0e43382640 20 mgr get_config key: mgr/telemetry/organization
2026-02-17T11:25:55.146+0000 7f0e43382640 10 mgr get_typed_config organization not found
2026-02-17T11:25:55.146+0000 7f0e43382640 0 [telemetry DEBUG root] organization = None
2026-02-17T11:25:55.146+0000 7f0e43382640 20 mgr get_config key: mgr/telemetry/proxy
2026-02-17T11:25:55.146+0000 7f0e43382640 10 mgr get_typed_config proxy not found
2026-02-17T11:25:55.146+0000 7f0e43382640 0 [telemetry DEBUG root] proxy = None
2026-02-17T11:25:55.146+0000 7f0e43382640 20 mgr get_config key: mgr/telemetry/interval
2026-02-17T11:25:55.146+0000 7f0e43382640 10 mgr get_typed_config interval not found
2026-02-17T11:25:55.146+0000 7f0e43382640 0 [telemetry DEBUG root] interval = 24
2026-02-17T11:25:55.146+0000 7f0e43382640 20 mgr get_config key: mgr/telemetry/channel_basic
2026-02-17T11:25:55.146+0000 7f0e43382640 10 mgr get_typed_config channel_basic not found
2026-02-17T11:25:55.146+0000 7f0e43382640 0 [telemetry DEBUG root] channel_basic = True
2026-02-17T11:25:55.146+0000 7f0e43382640 20 mgr get_config key: mgr/telemetry/channel_ident
2026-02-17T11:25:55.146+0000 7f0e43382640 10 mgr get_typed_config channel_ident not found
2026-02-17T11:25:55.146+0000 7f0e43382640 0 [telemetry DEBUG root] channel_ident = False
2026-02-17T11:25:55.146+0000 7f0e43382640 20 mgr get_config key: mgr/telemetry/channel_crash
2026-02-17T11:25:55.146+0000 7f0e43382640 10 mgr get_typed_config channel_crash not found
2026-02-17T11:25:55.146+0000 7f0e43382640 0 [telemetry DEBUG root] channel_crash = True
2026-02-17T11:25:55.146+0000 7f0e43382640 20 mgr get_config key: mgr/telemetry/channel_device
2026-02-17T11:25:55.146+0000 7f0e43382640 10 mgr get_typed_config channel_device not found
2026-02-17T11:25:55.146+0000 7f0e43382640 0 [telemetry DEBUG root] channel_device = True
2026-02-17T11:25:55.146+0000 7f0e43382640 20 mgr get_config key: mgr/telemetry/channel_perf
2026-02-17T11:25:55.146+0000 7f0e43382640 10 mgr get_typed_config channel_perf not found
2026-02-17T11:25:55.146+0000 7f0e43382640 0 [telemetry DEBUG root] channel_perf = False
2026-02-17T11:25:55.146+0000 7f0e43382640 20 mgr get_config key: mgr/telemetry/log_level
2026-02-17T11:25:55.146+0000 7f0e43382640 10 mgr get_typed_config log_level not found
2026-02-17T11:25:55.146+0000 7f0e43382640 0 [telemetry DEBUG root] log_level =
2026-02-17T11:25:55.146+0000 7f0e43382640 20 mgr get_config key: mgr/telemetry/log_to_file
2026-02-17T11:25:55.146+0000 7f0e43382640 10 mgr get_typed_config log_to_file not found
2026-02-17T11:25:55.146+0000 7f0e43382640 0 [telemetry DEBUG root] log_to_file = False
2026-02-17T11:25:55.146+0000 7f0e43382640 20 mgr get_config key: mgr/telemetry/sqlite3_killpoint
2026-02-17T11:25:55.146+0000 7f0e43382640 10 mgr get_typed_config sqlite3_killpoint not found
2026-02-17T11:25:55.146+0000 7f0e43382640 0 [telemetry DEBUG root] sqlite3_killpoint = 0
2026-02-17T11:25:55.146+0000 7f0e43382640 20 mgr get_config key: mgr/telemetry/log_to_cluster
2026-02-17T11:25:55.146+0000 7f0e43382640 10 mgr get_typed_config log_to_cluster not found
2026-02-17T11:25:55.146+0000 7f0e43382640 0 [telemetry DEBUG root] log_to_cluster = False
2026-02-17T11:25:55.146+0000 7f0e43382640 20 mgr get_config key: mgr/telemetry/log_to_cluster_level
2026-02-17T11:25:55.146+0000 7f0e43382640 10 mgr get_typed_config log_to_cluster_level not found
2026-02-17T11:25:55.146+0000 7f0e43382640 0 [telemetry DEBUG root] log_to_cluster_level = info
2026-02-17T11:25:55.146+0000 7f0e43382640 1 mgr load Constructed class from module: telemetry
2026-02-17T11:25:55.146+0000 7f0e43382640 20 mgr ~Gil Destroying new thread state 0x559f9463a6c0
2026-02-17T11:25:55.146+0000 7f0e43382640 4 mgr operator() Starting thread for telemetry
2026-02-17T11:25:55.146+0000 7f0e43382640 4 mgr operator() Starting active module telemetry finisher thread m-fin-telemetry
2026-02-17T11:25:55.146+0000 7f0e31b5f640 0 [rbd_support DEBUG root] MirrorSnapshotScheduleHandler: refresh_images
2026-02-17T11:25:55.146+0000 7f0e2e358640 4 mgr entry Entering thread for telemetry
2026-02-17T11:25:55.146+0000 7f0e31b5f640 0 [rbd_support INFO root] MirrorSnapshotScheduleHandler: load_schedules
2026-02-17T11:25:55.146+0000 7f0e31b5f640 20 mgr get_config key: mgr/rbd_support/mirror_snapshot_schedule
2026-02-17T11:25:55.146+0000 7f0e31b5f640 10 mgr get_typed_config mirror_snapshot_schedule not found
2026-02-17T11:25:55.146+0000 7f0e31b5f640 0 [rbd_support DEBUG root] MirrorSnapshotScheduleHandler: no schedules
2026-02-17T11:25:55.146+0000 7f0e31b5f640 0 [rbd_support DEBUG root] MirrorSnapshotScheduleHandler: queue is initialized
2026-02-17T11:25:55.146+0000 7f0e2d356640 0 [rbd_support INFO root] MirrorSnapshotScheduleHandler: starting
2026-02-17T11:25:55.146+0000 7f0e2e358640 20 mgr Gil Switched to new thread state 0x559f9463b7a0
2026-02-17T11:25:55.146+0000 7f0e2e358640 4 mgr get_store get_store key: mgr/telemetry/last_upload
2026-02-17T11:25:55.146+0000 7f0e43382640 20 mgr Gil Switched to new thread state 0x559f9463a6c0
2026-02-17T11:25:55.146+0000 7f0e43382640 10 ceph_option_get debug_mgr found: 20/20
2026-02-17T11:25:55.146+0000 7f0e43382640 20 mgr get_config key: mgr/volumes/log_level
2026-02-17T11:25:55.146+0000 7f0e43382640 10 mgr get_typed_config log_level not found
2026-02-17T11:25:55.146+0000 7f0e43382640 20 mgr get_config key: mgr/volumes/log_to_cluster_level
2026-02-17T11:25:55.146+0000 7f0e43382640 10 mgr get_typed_config log_to_cluster_level not found
2026-02-17T11:25:55.146+0000 7f0e43382640 20 mgr get_config key: mgr/volumes/log_to_file
2026-02-17T11:25:55.146+0000 7f0e43382640 10 mgr get_typed_config log_to_file not found
2026-02-17T11:25:55.146+0000 7f0e43382640 20 mgr get_config key: mgr/volumes/log_to_cluster
2026-02-17T11:25:55.146+0000 7f0e43382640 10 mgr get_typed_config log_to_cluster not found
2026-02-17T11:25:55.146+0000 7f0e43382640 10 ceph_option_get log_file found: td/osd-bluefs-volume-ops/mgr.x.log
2026-02-17T11:25:55.146+0000 7f0e43382640 0 [volumes DEBUG root] setting log level based on debug_mgr: DEBUG (20/20)
2026-02-17T11:25:55.146+0000 7f0e43382640 20 mgr get_config key: mgr/volumes/max_concurrent_clones
2026-02-17T11:25:55.146+0000 7f0e43382640 10 mgr get_typed_config max_concurrent_clones not found
2026-02-17T11:25:55.146+0000 7f0e43382640 0 [volumes DEBUG root] mgr option max_concurrent_clones = 4
2026-02-17T11:25:55.146+0000 7f0e43382640 20 mgr get_config key: mgr/volumes/snapshot_clone_delay
2026-02-17T11:25:55.146+0000 7f0e43382640 10 mgr get_typed_config snapshot_clone_delay not found
2026-02-17T11:25:55.146+0000 7f0e43382640 0 [volumes DEBUG root] mgr option snapshot_clone_delay = 0
2026-02-17T11:25:55.146+0000 7f0e43382640 20 mgr get_config key: mgr/volumes/periodic_async_work
2026-02-17T11:25:55.146+0000 7f0e43382640 10 mgr get_typed_config periodic_async_work not found
2026-02-17T11:25:55.146+0000 7f0e43382640 0 [volumes DEBUG root] mgr option periodic_async_work = False
2026-02-17T11:25:55.146+0000 7f0e43382640 20 mgr get_config key: mgr/volumes/snapshot_clone_no_wait
2026-02-17T11:25:55.146+0000 7f0e43382640 10 mgr get_typed_config snapshot_clone_no_wait not found
2026-02-17T11:25:55.146+0000 7f0e43382640 0 [volumes DEBUG root] mgr option snapshot_clone_no_wait = True
2026-02-17T11:25:55.146+0000 7f0e43382640 20 mgr get_config key: mgr/volumes/log_level
2026-02-17T11:25:55.146+0000 7f0e43382640 10 mgr get_typed_config log_level not found
2026-02-17T11:25:55.146+0000 7f0e43382640 0 [volumes DEBUG root] mgr option log_level =
2026-02-17T11:25:55.146+0000 7f0e43382640 20 mgr get_config key: mgr/volumes/log_to_file
2026-02-17T11:25:55.146+0000 7f0e43382640 10 mgr get_typed_config log_to_file not found
2026-02-17T11:25:55.146+0000 7f0e43382640 0 [volumes DEBUG root] mgr option log_to_file = False
2026-02-17T11:25:55.146+0000 7f0e43382640 20 mgr get_config key: mgr/volumes/sqlite3_killpoint
2026-02-17T11:25:55.146+0000 7f0e43382640 10 mgr get_typed_config sqlite3_killpoint not found
2026-02-17T11:25:55.146+0000 7f0e43382640 0 [volumes DEBUG root] mgr option sqlite3_killpoint = 0
2026-02-17T11:25:55.146+0000 7f0e43382640 20 mgr get_config key: mgr/volumes/log_to_cluster
2026-02-17T11:25:55.146+0000 7f0e43382640 10 mgr get_typed_config log_to_cluster not found
2026-02-17T11:25:55.146+0000 7f0e43382640 0 [volumes DEBUG root] mgr option log_to_cluster = False
2026-02-17T11:25:55.146+0000 7f0e43382640 20 mgr get_config key: mgr/volumes/log_to_cluster_level
2026-02-17T11:25:55.146+0000 7f0e43382640 10 mgr get_typed_config log_to_cluster_level not found
2026-02-17T11:25:55.146+0000 7f0e43382640 0 [volumes DEBUG root] mgr option log_to_cluster_level = info
2026-02-17T11:25:55.146+0000 7f0e2c354640 0 [rbd_support INFO root] PerfHandler: starting
2026-02-17T11:25:55.146+0000 7f0e2c354640 10 ceph_option_get mgr_stats_period found: 5
2026-02-17T11:25:55.146+0000 7f0e31b5f640 0 [rbd_support DEBUG root] sequence=0, tasks_by_sequence={}, tasks_by_id={}
2026-02-17T11:25:55.146+0000 7f0e2ba53640 0 [rbd_support INFO root] TaskHandler: starting
2026-02-17T11:25:55.146+0000 7f0e2e358640 4 ceph_store_get last_upload not found
2026-02-17T11:25:55.146+0000 7f0e2e358640 4 mgr get_store get_store key: mgr/telemetry/report_id
2026-02-17T11:25:55.146+0000 7f0e2e358640 4 ceph_store_get report_id not found
2026-02-17T11:25:55.146+0000 7f0e31b5f640 20 mgr get_config key: mgr/rbd_support/trash_purge_schedule
2026-02-17T11:25:55.146+0000 7f0e31b5f640 10 mgr get_typed_config trash_purge_schedule not found
2026-02-17T11:25:55.146+0000 7f0e31b5f640 20 mgr get_config key: mgr/rbd_support/x/trash_purge_schedule
2026-02-17T11:25:55.146+0000 7f0e31b5f640 20 mgr get_config key: mgr/rbd_support/trash_purge_schedule
2026-02-17T11:25:55.146+0000 7f0e31b5f640 10 mgr get_typed_config [x/]trash_purge_schedule not found
2026-02-17T11:25:55.146+0000 7f0e2e358640 1 -- 127.0.0.1:0/2163459011 --> v2:127.0.0.1:7146/0 -- mon_command([{prefix=config-key set, key=mgr/telemetry/report_id}] v 0) -- 0x559f94743dc0 con 0x559f945f4000
2026-02-17T11:25:55.146+0000 7f0e43382640 20 CompressorRegistry(0x559f9461cf18) adding algorithm method: snappy
2026-02-17T11:25:55.146+0000 7f0e43382640 20 CompressorRegistry(0x559f9461cf18) _parse_method_list snappy -> [1]
2026-02-17T11:25:55.146+0000 7f0e43382640 10 CompressorRegistry(0x559f9461cf18) _refresh_config ms_osd_compression_mode 0 ms_osd_compression_methods [1] ms_osd_compress_above_min_size 1024 ms_compress_secure 0
2026-02-17T11:25:55.146+0000 7f0e2e358640 5 --2- 127.0.0.1:0/2163459011 >> v2:127.0.0.1:7146/0 conn(0x559f945f4000 0x559f945fc000 crc :-1 s=READY pgs=8 cs=0 l=1 rev1=1 crypto rx=0 tx=0 comp rx=0 tx=0).send_message enqueueing message m=0x559f94743dc0 type=50 mon_command([{prefix=config-key set, key=mgr/telemetry/report_id}] v 0)
2026-02-17T11:25:55.146+0000 7f0e43382640 10 -- ready
2026-02-17T11:25:55.146+0000 7f0e43382640 1 Processor -- start
2026-02-17T11:25:55.146+0000 7f0e43382640 20 Event(0x559f8aab6088 nevent=5000 time_id=5).wakeup
2026-02-17T11:25:55.146+0000 7f0e2e358640 15 --2- 127.0.0.1:0/2163459011 >> v2:127.0.0.1:7146/0 conn(0x559f945f4000 0x559f945fc000 crc :-1 s=READY pgs=8 cs=0 l=1 rev1=1 crypto rx=0 tx=0 comp rx=0 tx=0).send_message inline write is denied, reschedule m=0x559f94743dc0
2026-02-17T11:25:55.146+0000 7f0e2e358640 20 Event(0x559f8aab6bc8 nevent=5000 time_id=9).wakeup
2026-02-17T11:25:55.146+0000 7f0f28bf3640 10 -- 127.0.0.1:0/2163459011 >> v2:127.0.0.1:7146/0 conn(0x559f945f4000 msgr2=0x559f945fc000 crc :-1 s=STATE_CONNECTION_ESTABLISHED l=1).handle_write
2026-02-17T11:25:55.146+0000 7f0f28bf3640 10 --2- 127.0.0.1:0/2163459011 >> v2:127.0.0.1:7146/0 conn(0x559f945f4000 0x559f945fc000 crc :-1 s=READY pgs=8 cs=0 l=1 rev1=1 crypto rx=0 tx=0 comp rx=0 tx=0).write_event
2026-02-17T11:25:55.146+0000 7f0e31b5f640 1 -- 127.0.0.1:0/2163459011 --> v2:127.0.0.1:7146/0 -- mon_command({"prefix":"config rm","who":"mgr","name":"mgr/rbd_support/x/trash_purge_schedule"} v 0) -- 0x559f94854380 con 0x559f945f4000
2026-02-17T11:25:55.146+0000 7f0e31b5f640 5 --2- 127.0.0.1:0/2163459011 >> v2:127.0.0.1:7146/0 conn(0x559f945f4000 0x559f945fc000 crc :-1 s=READY pgs=8 cs=0 l=1 rev1=1 crypto rx=0 tx=0 comp rx=0 tx=0).send_message enqueueing message m=0x559f94854380 type=50 mon_command({"prefix":"config rm","who":"mgr","name":"mgr/rbd_support/x/trash_purge_schedule"} v 0)
2026-02-17T11:25:55.146+0000 7f0e31b5f640 15 --2- 127.0.0.1:0/2163459011 >> v2:127.0.0.1:7146/0 conn(0x559f945f4000 0x559f945fc000 crc :-1 s=READY pgs=8 cs=0 l=1 rev1=1 crypto rx=0 tx=0 comp rx=0 tx=0).send_message inline write is denied, reschedule m=0x559f94854380
2026-02-17T11:25:55.146+0000 7f0f28bf3640 20 --2- 127.0.0.1:0/2163459011 >> v2:127.0.0.1:7146/0 conn(0x559f945f4000 0x559f945fc000 crc :-1 s=READY pgs=8 cs=0 l=1 rev1=1 crypto rx=0 tx=0 comp rx=0 tx=0).prepare_send_message m=mon_command([{prefix=config-key set, key=mgr/telemetry/report_id}] v 0)
2026-02-17T11:25:55.146+0000 7f0f28bf3640 20 --2- 127.0.0.1:0/2163459011 >> v2:127.0.0.1:7146/0 conn(0x559f945f4000 0x559f945fc000 crc :-1 s=READY pgs=8 cs=0 l=1 rev1=1 crypto rx=0 tx=0 comp rx=0 tx=0).prepare_send_message encoding features 4540701547738038271 0x559f94743dc0 mon_command([{prefix=config-key set, key=mgr/telemetry/report_id}] v 0)
2026-02-17T11:25:55.146+0000 7f0f28bf3640 5 --2- 127.0.0.1:0/2163459011 >> v2:127.0.0.1:7146/0 conn(0x559f945f4000 0x559f945fc000 crc :-1 s=READY pgs=8 cs=0 l=1 rev1=1 crypto rx=0 tx=0 comp rx=0 tx=0).write_message sending message m=0x559f94743dc0 seq=12 mon_command([{prefix=config-key set, key=mgr/telemetry/report_id}] v 0)
2026-02-17T11:25:55.146+0000 7f0f28bf3640 20 --2- 127.0.0.1:0/2163459011 >> v2:127.0.0.1:7146/0 conn(0x559f945f4000 0x559f945fc000 crc :-1 s=READY pgs=8 cs=0 l=1 rev1=1 crypto rx=0 tx=0 comp rx=0 tx=0).write_message sending m=0x559f94743dc0 seq=12 src=mgr.4100 off=0
2026-02-17T11:25:55.146+0000 7f0f28bf3640 10 -- 127.0.0.1:0/2163459011 >> v2:127.0.0.1:7146/0 conn(0x559f945f4000 msgr2=0x559f945fc000 crc :-1 s=STATE_CONNECTION_ESTABLISHED l=1)._try_send sent bytes 236 remaining bytes 0
2026-02-17T11:25:55.146+0000 7f0f28bf3640 10 --2- 127.0.0.1:0/2163459011 >> v2:127.0.0.1:7146/0 conn(0x559f945f4000 0x559f945fc000 crc :-1 s=READY pgs=8 cs=0 l=1 rev1=1 crypto rx=0 tx=0 comp rx=0 tx=0).write_message sending 0x559f94743dc0 done.
2026-02-17T11:25:55.146+0000 7f0e43382640 1 -- start start
2026-02-17T11:25:55.146+0000 7f0f28bf3640 20 --2- 127.0.0.1:0/2163459011 >> v2:127.0.0.1:7146/0 conn(0x559f945f4000 0x559f945fc000 crc :-1 s=READY pgs=8 cs=0 l=1 rev1=1 crypto rx=0 tx=0 comp rx=0 tx=0).prepare_send_message m=mon_command({"prefix":"config rm","who":"mgr","name":"mgr/rbd_support/x/trash_purge_schedule"} v 0)
2026-02-17T11:25:55.146+0000 7f0f28bf3640 20 --2- 127.0.0.1:0/2163459011 >> v2:127.0.0.1:7146/0 conn(0x559f945f4000 0x559f945fc000 crc :-1 s=READY pgs=8 cs=0 l=1 rev1=1 crypto rx=0 tx=0 comp rx=0 tx=0).prepare_send_message encoding features 4540701547738038271 0x559f94854380 mon_command({"prefix":"config rm","who":"mgr","name":"mgr/rbd_support/x/trash_purge_schedule"} v 0)
2026-02-17T11:25:55.146+0000 7f0f28bf3640 5 --2- 127.0.0.1:0/2163459011 >> v2:127.0.0.1:7146/0 conn(0x559f945f4000 0x559f945fc000 crc :-1 s=READY pgs=8 cs=0 l=1 rev1=1 crypto rx=0 tx=0 comp rx=0 tx=0).write_message sending message m=0x559f94854380 seq=13 mon_command({"prefix":"config rm","who":"mgr","name":"mgr/rbd_support/x/trash_purge_schedule"} v 0)
2026-02-17T11:25:55.146+0000 7f0f28bf3640 20 --2- 127.0.0.1:0/2163459011 >> v2:127.0.0.1:7146/0 conn(0x559f945f4000 0x559f945fc000 crc :-1 s=READY pgs=8 cs=0 l=1 rev1=1 crypto rx=0 tx=0 comp rx=0 tx=0).write_message sending m=0x559f94854380 seq=13 src=mgr.4100 off=0
2026-02-17T11:25:55.146+0000 7f0f28bf3640 10 -- 127.0.0.1:0/2163459011 >> v2:127.0.0.1:7146/0 conn(0x559f945f4000 msgr2=0x559f945fc000 crc :-1 s=STATE_CONNECTION_ESTABLISHED l=1)._try_send sent bytes 214 remaining bytes 0
2026-02-17T11:25:55.146+0000 7f0f28bf3640 10 --2- 127.0.0.1:0/2163459011 >> v2:127.0.0.1:7146/0 conn(0x559f945f4000 0x559f945fc000 crc :-1 s=READY pgs=8 cs=0 l=1 rev1=1 crypto rx=0 tx=0 comp rx=0 tx=0).write_message sending 0x559f94854380 done.
2026-02-17T11:25:55.146+0000 7f0e43382640 10 -- create_connect v2:127.0.0.1:7146/0, creating connection and registering
2026-02-17T11:25:55.146+0000 7f0e43382640 10 -- >> v2:127.0.0.1:7146/0 conn(0x559f945f5800 msgr2=0x559f945fd080 unknown :-1 s=STATE_NONE l=0)._connect
2026-02-17T11:25:55.146+0000 7f0e43382640 1 --2- >> v2:127.0.0.1:7146/0 conn(0x559f945f5800 0x559f945fd080 unknown :-1 s=NONE pgs=0 cs=0 l=0 rev1=0 crypto rx=0 tx=0 comp rx=0 tx=0).connect
2026-02-17T11:25:55.146+0000 7f0e43382640 20 Event(0x559f8aab6508 nevent=5000 time_id=1).wakeup
2026-02-17T11:25:55.146+0000 7f0e43382640 10 -- create_connect 0x559f945f5800 v2:127.0.0.1:7146/0 v2:127.0.0.1:7146/0
2026-02-17T11:25:55.146+0000 7f0e43382640 10 -- connect_to v2:127.0.0.1:7146/0 new 0x559f945f5800
2026-02-17T11:25:55.146+0000 7f0e43382640 1 -- --> v2:127.0.0.1:7146/0 -- mon_getmap magic: 0 -- 0x559f94681080 con 0x559f945f5800
2026-02-17T11:25:55.146+0000 7f0e43382640 5 --2- >> v2:127.0.0.1:7146/0 conn(0x559f945f5800 0x559f945fd080 unknown :-1 s=START_CONNECT pgs=0 cs=0 l=0 rev1=0 crypto rx=0 tx=0 comp rx=0 tx=0).send_message enqueueing message m=0x559f94681080 type=5 mon_getmap magic: 0
2026-02-17T11:25:55.146+0000 7f0e43382640 15 --2- >> v2:127.0.0.1:7146/0 conn(0x559f945f5800 0x559f945fd080 unknown :-1 s=START_CONNECT pgs=0 cs=0 l=0 rev1=0 crypto rx=0 tx=0 comp rx=0 tx=0).send_message inline write is denied, reschedule m=0x559f94681080
2026-02-17T11:25:55.146+0000 7f0f26bef640 20 -- >> v2:127.0.0.1:7146/0 conn(0x559f945f5800 msgr2=0x559f945fd080 unknown :-1 s=STATE_CONNECTING l=0).process
2026-02-17T11:25:55.146+0000 7f0f26bef640 20 Event(0x559f8aab6508 nevent=5000 time_id=2).create_file_event create event started fd=32 mask=1 original mask is 0
2026-02-17T11:25:55.146+0000 7f0f26bef640 20 EpollDriver.add_event add event fd=32 cur_mask=0 add_mask=1 to 16
2026-02-17T11:25:55.146+0000 7f0f26bef640 20 Event(0x559f8aab6508 nevent=5000 time_id=2).create_file_event create event end fd=32 mask=1 current mask is 1
2026-02-17T11:25:55.146+0000 7f0f26bef640 20 EpollDriver.del_event del event fd=32 cur_mask=1 delmask=2 to 16
2026-02-17T11:25:55.146+0000 7f0f26bef640 10 -- >> v2:127.0.0.1:7146/0 conn(0x559f945f5800 msgr2=0x559f945fd080 unknown :-1 s=STATE_CONNECTING_RE l=0).process connect successfully, ready to send banner
2026-02-17T11:25:55.146+0000 7f0f26bef640 20 --2- >> v2:127.0.0.1:7146/0 conn(0x559f945f5800 0x559f945fd080 unknown :-1 s=START_CONNECT pgs=0 cs=0 l=0 rev1=0 crypto rx=0 tx=0 comp rx=0 tx=0).read_event
2026-02-17T11:25:55.146+0000 7f0f26bef640 20 --2- >> v2:127.0.0.1:7146/0 conn(0x559f945f5800 0x559f945fd080 unknown :-1 s=START_CONNECT pgs=0 cs=0 l=0 rev1=0 crypto rx=0 tx=0 comp rx=0 tx=0).start_client_banner_exchange
2026-02-17T11:25:55.146+0000 7f0f26bef640 20 --2- >> v2:127.0.0.1:7146/0 conn(0x559f945f5800 0x559f945fd080 unknown :-1 s=BANNER_CONNECTING pgs=0 cs=0 l=0 rev1=0 crypto rx=0 tx=0 comp rx=0 tx=0)._banner_exchange
2026-02-17T11:25:55.146+0000 7f0f26bef640 10 -- >> v2:127.0.0.1:7146/0 conn(0x559f945f5800 msgr2=0x559f945fd080 unknown :-1 s=STATE_CONNECTION_ESTABLISHED l=0)._try_send sent bytes 26 remaining bytes 0
2026-02-17T11:25:55.146+0000 7f0f26bef640 20 -- >> v2:127.0.0.1:7146/0 conn(0x559f945f5800 msgr2=0x559f945fd080 unknown :-1 s=STATE_CONNECTION_ESTABLISHED l=0).read start len=10
2026-02-17T11:25:55.146+0000 7f0f26bef640 20 --2- >> v2:127.0.0.1:7146/0 conn(0x559f945f5800 0x559f945fd080 unknown :-1 s=BANNER_CONNECTING pgs=0 cs=0 l=0 rev1=0 crypto rx=0 tx=0 comp rx=0 tx=0)._handle_peer_banner r=0
2026-02-17T11:25:55.146+0000 7f0f26bef640 20 -- >> v2:127.0.0.1:7146/0 conn(0x559f945f5800 msgr2=0x559f945fd080 unknown :-1 s=STATE_CONNECTION_ESTABLISHED l=0).read start len=16
2026-02-17T11:25:55.146+0000 7f0f26bef640 20 --2- >> v2:127.0.0.1:7146/0 conn(0x559f945f5800 0x559f945fd080 unknown :-1 s=BANNER_CONNECTING pgs=0 cs=0 l=0 rev1=0 crypto rx=0 tx=0 comp rx=0 tx=0)._handle_peer_banner_payload r=0
2026-02-17T11:25:55.146+0000 7f0f26bef640 1 --2- >> v2:127.0.0.1:7146/0 conn(0x559f945f5800 0x559f945fd080 unknown :-1 s=BANNER_CONNECTING pgs=0 cs=0 l=0 rev1=0 crypto rx=0 tx=0 comp rx=0 tx=0)._handle_peer_banner_payload supported=3 required=0
2026-02-17T11:25:55.146+0000 7f0f26bef640 10 -- >> v2:127.0.0.1:7146/0 conn(0x559f945f5800 msgr2=0x559f945fd080 unknown :-1 s=STATE_CONNECTION_ESTABLISHED l=0)._try_send sent bytes 72 remaining bytes 0
2026-02-17T11:25:55.146+0000 7f0f26bef640 20 --2- >> v2:127.0.0.1:7146/0 conn(0x559f945f5800 0x559f945fd080 unknown :-1 s=HELLO_CONNECTING pgs=0 cs=0 l=0 rev1=1 crypto rx=0 tx=0 comp rx=0 tx=0).read_frame
2026-02-17T11:25:55.146+0000 7f0f26bef640 20 -- >> v2:127.0.0.1:7146/0 conn(0x559f945f5800 msgr2=0x559f945fd080 unknown :-1 s=STATE_CONNECTION_ESTABLISHED l=0).read start len=32
2026-02-17T11:25:55.146+0000 7f0f26bef640 20 --2- >> v2:127.0.0.1:7146/0 conn(0x559f945f5800 0x559f945fd080 unknown :-1 s=HELLO_CONNECTING pgs=0 cs=0 l=0 rev1=1 crypto rx=0 tx=0 comp rx=0 tx=0).handle_read_frame_preamble_main r=0
2026-02-17T11:25:55.146+0000 7f0f26bef640 20 --2- >> v2:127.0.0.1:7146/0 conn(0x559f945f5800 0x559f945fd080 unknown :-1 s=HELLO_CONNECTING pgs=0 cs=0 l=0 rev1=1 crypto rx=0 tx=0 comp rx=0 tx=0).read_frame_segment seg_idx=0
2026-02-17T11:25:55.146+0000 7f0f26bef640 20 -- >> v2:127.0.0.1:7146/0 conn(0x559f945f5800 msgr2=0x559f945fd080 unknown :-1 s=STATE_CONNECTION_ESTABLISHED l=0).read start len=40
2026-02-17T11:25:55.146+0000 7f0f26bef640 20 --2- >> v2:127.0.0.1:7146/0 conn(0x559f945f5800 0x559f945fd080 unknown :-1 s=HELLO_CONNECTING pgs=0 cs=0 l=0 rev1=1 crypto rx=0 tx=0 comp rx=0 tx=0).handle_read_frame_segment r=0
2026-02-17T11:25:55.146+0000 7f0f26bef640 10 --2- >> v2:127.0.0.1:7146/0 conn(0x559f945f5800 0x559f945fd080 unknown :-1 s=HELLO_CONNECTING pgs=0 cs=0 l=0 rev1=1 crypto rx=0 tx=0 comp rx=0 tx=0).handle_read_frame_dispatch tag=1
2026-02-17T11:25:55.146+0000 7f0f26bef640 20 --2- >> v2:127.0.0.1:7146/0 conn(0x559f945f5800 0x559f945fd080 unknown :-1 s=HELLO_CONNECTING pgs=0 cs=0 l=0 rev1=1 crypto rx=0 tx=0 comp rx=0 tx=0).handle_hello payload.length()=36
2026-02-17T11:25:55.146+0000 7f0f26bef640 5 --2- >> v2:127.0.0.1:7146/0 conn(0x559f945f5800 0x559f945fd080 unknown :-1 s=HELLO_CONNECTING pgs=0 cs=0 l=0 rev1=1 crypto rx=0 tx=0 comp rx=0 tx=0).handle_hello received hello: peer_type=1 peer_addr_for_me=v2:127.0.0.1:34348/0
2026-02-17T11:25:55.146+0000 7f0f26bef640 5 --2- >> v2:127.0.0.1:7146/0 conn(0x559f945f5800 0x559f945fd080 unknown :-1 s=HELLO_CONNECTING pgs=0 cs=0 l=0 rev1=1 crypto rx=0 tx=0 comp rx=0 tx=0).handle_hello getsockname says I am 127.0.0.1:34348 when talking to v2:127.0.0.1:7146/0
