2026-02-17T11:25:55.150+0000 7f0f26bef640 20 --2- 127.0.0.1:0/2168467607 >> v2:127.0.0.1:7146/0 conn(0x559f945f5800 0x559f945fd080 crc :-1 s=THROTTLE_DONE pgs=14 cs=0 l=1 rev1=1 crypto rx=0 tx=0 comp rx=0 tx=0).handle_read_frame_segment r=0
2026-02-17T11:25:55.150+0000 7f0f26bef640 20 --2- 127.0.0.1:0/2168467607 >> v2:127.0.0.1:7146/0 conn(0x559f945f5800 0x559f945fd080 crc :-1 s=THROTTLE_DONE pgs=14 cs=0 l=1 rev1=1 crypto rx=0 tx=0 comp rx=0 tx=0).read_frame_segment seg_idx=1
2026-02-17T11:25:55.150+0000 7f0f26bef640 20 -- 127.0.0.1:0/2168467607 >> v2:127.0.0.1:7146/0 conn(0x559f945f5800 msgr2=0x559f945fd080 crc :-1 s=STATE_CONNECTION_ESTABLISHED l=1).read start len=809
2026-02-17T11:25:55.150+0000 7f0f26bef640 20 --2- 127.0.0.1:0/2168467607 >> v2:127.0.0.1:7146/0 conn(0x559f945f5800 0x559f945fd080 crc :-1 s=THROTTLE_DONE pgs=14 cs=0 l=1 rev1=1 crypto rx=0 tx=0 comp rx=0 tx=0).handle_read_frame_segment r=0
2026-02-17T11:25:55.150+0000 7f0e25a47640 0 [volumes DEBUG mgr_util] locked
2026-02-17T11:25:55.150+0000 7f0f26bef640 20 -- 127.0.0.1:0/2168467607 >> v2:127.0.0.1:7146/0 conn(0x559f945f5800 msgr2=0x559f945fd080 crc :-1 s=STATE_CONNECTION_ESTABLISHED l=1).read start len=13
2026-02-17T11:25:55.150+0000 7f0f26bef640 20 --2- 127.0.0.1:0/2168467607 >> v2:127.0.0.1:7146/0 conn(0x559f945f5800 0x559f945fd080 crc :-1 s=THROTTLE_DONE pgs=14 cs=0 l=1 rev1=1 crypto rx=0 tx=0 comp rx=0 tx=0).handle_read_frame_epilogue_main r=0
2026-02-17T11:25:55.150+0000 7f0f26bef640 10 --2- 127.0.0.1:0/2168467607 >> v2:127.0.0.1:7146/0 conn(0x559f945f5800 0x559f945fd080 crc :-1 s=THROTTLE_DONE pgs=14 cs=0 l=1 rev1=1 crypto rx=0 tx=0 comp rx=0 tx=0).handle_read_frame_dispatch tag=17
2026-02-17T11:25:55.150+0000 7f0f26bef640 20 --2- 127.0.0.1:0/2168467607 >> v2:127.0.0.1:7146/0 conn(0x559f945f5800 0x559f945fd080 crc :-1 s=THROTTLE_DONE pgs=14 cs=0 l=1 rev1=1 crypto rx=0 tx=0 comp rx=0 tx=0).handle_message
2026-02-17T11:25:55.150+0000 7f0f26bef640 5 --2- 127.0.0.1:0/2168467607 >> v2:127.0.0.1:7146/0 conn(0x559f945f5800 0x559f945fd080 crc :-1 s=THROTTLE_DONE pgs=14 cs=0 l=1 rev1=1 crypto rx=0 tx=0 comp rx=0 tx=0).handle_message got 809 + 0 + 0 byte message. envelope type=41 src mon.0 off 0
2026-02-17T11:25:55.150+0000 7f0f26bef640 5 --2- 127.0.0.1:0/2168467607 >> v2:127.0.0.1:7146/0 conn(0x559f945f5800 0x559f945fd080 crc :-1 s=READ_MESSAGE_COMPLETE pgs=14 cs=0 l=1 rev1=1 crypto rx=0 tx=0 comp rx=0 tx=0).handle_message received message m=0x559f94518a00 seq=5 from=mon.0 type=41 osd_map(2..2 src has 1..2)
2026-02-17T11:25:55.150+0000 7f0f26bef640 20 -- 127.0.0.1:0/2168467607 queue 0x559f94518a00 prio 196
2026-02-17T11:25:55.150+0000 7f0e25a47640 0 [volumes DEBUG volumes.fs.async_job] processing 0 volume entries
2026-02-17T11:25:55.150+0000 7f0f26bef640 20 --2- 127.0.0.1:0/2168467607 >> v2:127.0.0.1:7146/0 conn(0x559f945f5800 0x559f945fd080 crc :-1 s=READY pgs=14 cs=0 l=1 rev1=1 crypto rx=0 tx=0 comp rx=0 tx=0).read_frame
2026-02-17T11:25:55.150+0000 7f0f26bef640 20 -- 127.0.0.1:0/2168467607 >> v2:127.0.0.1:7146/0 conn(0x559f945f5800 msgr2=0x559f945fd080 crc :-1 s=STATE_CONNECTION_ESTABLISHED l=1).read start len=32
2026-02-17T11:25:55.150+0000 7f0e25246640 0 [volumes DEBUG volumes.fs.async_job] thread [cloner.3] starting
2026-02-17T11:25:55.150+0000 7f0e25246640 0 [volumes DEBUG mgr_util] locking with 5 timeout
2026-02-17T11:25:55.150+0000 7f0e25246640 0 [volumes DEBUG mgr_util] locked
2026-02-17T11:25:55.150+0000 7f0e25246640 0 [volumes DEBUG volumes.fs.async_job] processing 0 volume entries
2026-02-17T11:25:55.150+0000 7f0e2924e640 10 -- 127.0.0.1:0/2168467607 dispatch_throttle_release 51502 to dispatch throttler 52311/104857600
2026-02-17T11:25:55.150+0000 7f0e2924e640 20 -- 127.0.0.1:0/2168467607 done calling dispatch on 0x559f944ea700
2026-02-17T11:25:55.150+0000 7f0f28bf3640 20 -- 127.0.0.1:0/2163459011 >> v2:127.0.0.1:7146/0 conn(0x559f945f4000 msgr2=0x559f945fc000 crc :-1 s=STATE_CONNECTION_ESTABLISHED l=1).process
2026-02-17T11:25:55.150+0000 7f0f28bf3640 20 -- 127.0.0.1:0/2163459011 >> v2:127.0.0.1:7146/0 conn(0x559f945f4000 msgr2=0x559f945fc000 crc :-1 s=STATE_CONNECTION_ESTABLISHED l=1).read continue len=32
2026-02-17T11:25:55.150+0000 7f0e2924e640 1 -- 127.0.0.1:0/2168467607 <== mon.0 v2:127.0.0.1:7146/0 5 ==== osd_map(2..2 src has 1..2) ==== 809+0+0 (crc 0 0 0) 0x559f94518a00 con 0x559f945f5800
2026-02-17T11:25:55.150+0000 7f0f28bf3640 20 --2- 127.0.0.1:0/2163459011 >> v2:127.0.0.1:7146/0 conn(0x559f945f4000 0x559f945fc000 crc :-1 s=READY pgs=8 cs=0 l=1 rev1=1 crypto rx=0 tx=0 comp rx=0 tx=0).handle_read_frame_preamble_main r=0
2026-02-17T11:25:55.150+0000 7f0e2924e640 10 client.4109.objecter ms_dispatch2 0x559f8abf8000 osd_map(2..2 src has 1..2)
2026-02-17T11:25:55.150+0000 7f0f28bf3640 20 --2- 127.0.0.1:0/2163459011 >> v2:127.0.0.1:7146/0 conn(0x559f945f4000 0x559f945fc000 crc :-1 s=THROTTLE_MESSAGE pgs=8 cs=0 l=1 rev1=1 crypto rx=0 tx=0 comp rx=0 tx=0).throttle_message
2026-02-17T11:25:55.150+0000 7f0e2924e640 3 client.4109.objecter handle_osd_map got epochs [2,2] > 0
2026-02-17T11:25:55.150+0000 7f0f28bf3640 20 --2- 127.0.0.1:0/2163459011 >> v2:127.0.0.1:7146/0 conn(0x559f945f4000 0x559f945fc000 crc :-1 s=THROTTLE_BYTES pgs=8 cs=0 l=1 rev1=1 crypto rx=0 tx=0 comp rx=0 tx=0).throttle_bytes
2026-02-17T11:25:55.150+0000 7f0e2924e640 3 client.4109.objecter handle_osd_map decoding full epoch 2
2026-02-17T11:25:55.150+0000 7f0f28bf3640 20 --2- 127.0.0.1:0/2163459011 >> v2:127.0.0.1:7146/0 conn(0x559f945f4000 0x559f945fc000 crc :-1 s=THROTTLE_DISPATCH_QUEUE pgs=8 cs=0 l=1 rev1=1 crypto rx=0 tx=0 comp rx=0 tx=0).throttle_dispatch_queue
2026-02-17T11:25:55.150+0000 7f0f28bf3640 20 --2- 127.0.0.1:0/2163459011 >> v2:127.0.0.1:7146/0 conn(0x559f945f4000 0x559f945fc000 crc :-1 s=THROTTLE_DONE pgs=8 cs=0 l=1 rev1=1 crypto rx=0 tx=0 comp rx=0 tx=0).read_frame_segment seg_idx=0
2026-02-17T11:25:55.150+0000 7f0f28bf3640 20 -- 127.0.0.1:0/2163459011 >> v2:127.0.0.1:7146/0 conn(0x559f945f4000 msgr2=0x559f945fc000 crc :-1 s=STATE_CONNECTION_ESTABLISHED l=1).read start len=45
2026-02-17T11:25:55.150+0000 7f0f28bf3640 20 --2- 127.0.0.1:0/2163459011 >> v2:127.0.0.1:7146/0 conn(0x559f945f4000 0x559f945fc000 crc :-1 s=THROTTLE_DONE pgs=8 cs=0 l=1 rev1=1 crypto rx=0 tx=0 comp rx=0 tx=0).handle_read_frame_segment r=0
2026-02-17T11:25:55.150+0000 7f0f28bf3640 20 --2- 127.0.0.1:0/2163459011 >> v2:127.0.0.1:7146/0 conn(0x559f945f4000 0x559f945fc000 crc :-1 s=THROTTLE_DONE pgs=8 cs=0 l=1 rev1=1 crypto rx=0 tx=0 comp rx=0 tx=0).read_frame_segment seg_idx=1
2026-02-17T11:25:55.150+0000 7f0f28bf3640 20 -- 127.0.0.1:0/2163459011 >> v2:127.0.0.1:7146/0 conn(0x559f945f4000 msgr2=0x559f945fc000 crc :-1 s=STATE_CONNECTION_ESTABLISHED l=1).read start len=133
2026-02-17T11:25:55.150+0000 7f0f28bf3640 20 --2- 127.0.0.1:0/2163459011 >> v2:127.0.0.1:7146/0 conn(0x559f945f4000 0x559f945fc000 crc :-1 s=THROTTLE_DONE pgs=8 cs=0 l=1 rev1=1 crypto rx=0 tx=0 comp rx=0 tx=0).handle_read_frame_segment r=0
2026-02-17T11:25:55.150+0000 7f0f28bf3640 20 -- 127.0.0.1:0/2163459011 >> v2:127.0.0.1:7146/0 conn(0x559f945f4000 msgr2=0x559f945fc000 crc :-1 s=STATE_CONNECTION_ESTABLISHED l=1).read start len=13
2026-02-17T11:25:55.150+0000 7f0f28bf3640 20 --2- 127.0.0.1:0/2163459011 >> v2:127.0.0.1:7146/0 conn(0x559f945f4000 0x559f945fc000 crc :-1 s=THROTTLE_DONE pgs=8 cs=0 l=1 rev1=1 crypto rx=0 tx=0 comp rx=0 tx=0).handle_read_frame_epilogue_main r=0
2026-02-17T11:25:55.150+0000 7f0e24a45640 0 [volumes DEBUG volumes.fs.async_job] tick thread cloner.tick starting
2026-02-17T11:25:55.150+0000 7f0e2924e640 20 client.4109.objecter dump_active .. 0 homeless
2026-02-17T11:25:55.150+0000 7f0f28bf3640 10 --2- 127.0.0.1:0/2163459011 >> v2:127.0.0.1:7146/0 conn(0x559f945f4000 0x559f945fc000 crc :-1 s=THROTTLE_DONE pgs=8 cs=0 l=1 rev1=1 crypto rx=0 tx=0 comp rx=0 tx=0).handle_read_frame_dispatch tag=17
2026-02-17T11:25:55.150+0000 7f0e2924e640 10 -- 127.0.0.1:0/2168467607 dispatch_throttle_release 809 to dispatch throttler 809/104857600
2026-02-17T11:25:55.150+0000 7f0e2924e640 20 -- 127.0.0.1:0/2168467607 done calling dispatch on 0x559f94518a00
2026-02-17T11:25:55.150+0000 7f0f28bf3640 20 --2- 127.0.0.1:0/2163459011 >> v2:127.0.0.1:7146/0 conn(0x559f945f4000 0x559f945fc000 crc :-1 s=THROTTLE_DONE pgs=8 cs=0 l=1 rev1=1 crypto rx=0 tx=0 comp rx=0 tx=0).handle_message
2026-02-17T11:25:55.150+0000 7f0f28bf3640 5 --2- 127.0.0.1:0/2163459011 >> v2:127.0.0.1:7146/0 conn(0x559f945f4000 0x559f945fc000 crc :-1 s=THROTTLE_DONE pgs=8 cs=0 l=1 rev1=1 crypto rx=0 tx=0 comp rx=0 tx=0).handle_message got 133 + 0 + 0 byte message. envelope type=51 src mon.0 off 0
2026-02-17T11:25:55.150+0000 7f0e24a45640 0 [volumes DEBUG mgr_util] locking with 5 timeout
2026-02-17T11:25:55.150+0000 7f0f28bf3640 5 --2- 127.0.0.1:0/2163459011 >> v2:127.0.0.1:7146/0 conn(0x559f945f4000 0x559f945fc000 crc :-1 s=READ_MESSAGE_COMPLETE pgs=8 cs=0 l=1 rev1=1 crypto rx=0 tx=0 comp rx=0 tx=0).handle_message received message m=0x559f945dd2c0 seq=29 from=mon.0 type=51 mon_command_ack([{prefix=config-key set, key=mgr/telemetry/collection}]=0 set mgr/telemetry/collection v5)=0 set mgr/telemetry/collection v5)
2026-02-17T11:25:55.150+0000 7f0f28bf3640 20 -- 127.0.0.1:0/2163459011 queue 0x559f945dd2c0 prio 196
2026-02-17T11:25:55.150+0000 7f0e24a45640 0 [volumes DEBUG mgr_util] locked
2026-02-17T11:25:55.150+0000 7f0f28bf3640 20 --2- 127.0.0.1:0/2163459011 >> v2:127.0.0.1:7146/0 conn(0x559f945f4000 0x559f945fc000 crc :-1 s=READY pgs=8 cs=0 l=1 rev1=1 crypto rx=0 tx=0 comp rx=0 tx=0).read_frame
2026-02-17T11:25:55.150+0000 7f0f28bf3640 20 -- 127.0.0.1:0/2163459011 >> v2:127.0.0.1:7146/0 conn(0x559f945f4000 msgr2=0x559f945fc000 crc :-1 s=STATE_CONNECTION_ESTABLISHED l=1).read start len=32
2026-02-17T11:25:55.150+0000 7f0f28bf3640 20 --2- 127.0.0.1:0/2163459011 >> v2:127.0.0.1:7146/0 conn(0x559f945f4000 0x559f945fc000 crc :-1 s=READY pgs=8 cs=0 l=1 rev1=1 crypto rx=0 tx=0 comp rx=0 tx=0).handle_read_frame_preamble_main r=0
2026-02-17T11:25:55.150+0000 7f0f28bf3640 20 --2- 127.0.0.1:0/2163459011 >> v2:127.0.0.1:7146/0 conn(0x559f945f4000 0x559f945fc000 crc :-1 s=THROTTLE_MESSAGE pgs=8 cs=0 l=1 rev1=1 crypto rx=0 tx=0 comp rx=0 tx=0).throttle_message
2026-02-17T11:25:55.150+0000 7f0f28bf3640 20 --2- 127.0.0.1:0/2163459011 >> v2:127.0.0.1:7146/0 conn(0x559f945f4000 0x559f945fc000 crc :-1 s=THROTTLE_BYTES pgs=8 cs=0 l=1 rev1=1 crypto rx=0 tx=0 comp rx=0 tx=0).throttle_bytes
2026-02-17T11:25:55.150+0000 7f0f28bf3640 20 --2- 127.0.0.1:0/2163459011 >> v2:127.0.0.1:7146/0 conn(0x559f945f4000 0x559f945fc000 crc :-1 s=THROTTLE_DISPATCH_QUEUE pgs=8 cs=0 l=1 rev1=1 crypto rx=0 tx=0 comp rx=0 tx=0).throttle_dispatch_queue
2026-02-17T11:25:55.150+0000 7f0f28bf3640 20 --2- 127.0.0.1:0/2163459011 >> v2:127.0.0.1:7146/0 conn(0x559f945f4000 0x559f945fc000 crc :-1 s=THROTTLE_DONE pgs=8 cs=0 l=1 rev1=1 crypto rx=0 tx=0 comp rx=0 tx=0).read_frame_segment seg_idx=0
2026-02-17T11:25:55.150+0000 7f0f28bf3640 20 -- 127.0.0.1:0/2163459011 >> v2:127.0.0.1:7146/0 conn(0x559f945f4000 msgr2=0x559f945fc000 crc :-1 s=STATE_CONNECTION_ESTABLISHED l=1).read start len=45
2026-02-17T11:25:55.150+0000 7f0f28bf3640 20 --2- 127.0.0.1:0/2163459011 >> v2:127.0.0.1:7146/0 conn(0x559f945f4000 0x559f945fc000 crc :-1 s=THROTTLE_DONE pgs=8 cs=0 l=1 rev1=1 crypto rx=0 tx=0 comp rx=0 tx=0).handle_read_frame_segment r=0
2026-02-17T11:25:55.150+0000 7f0f28bf3640 20 --2- 127.0.0.1:0/2163459011 >> v2:127.0.0.1:7146/0 conn(0x559f945f4000 0x559f945fc000 crc :-1 s=THROTTLE_DONE pgs=8 cs=0 l=1 rev1=1 crypto rx=0 tx=0 comp rx=0 tx=0).read_frame_segment seg_idx=1
2026-02-17T11:25:55.150+0000 7f0f28bf3640 20 -- 127.0.0.1:0/2163459011 >> v2:127.0.0.1:7146/0 conn(0x559f945f4000 msgr2=0x559f945fc000 crc :-1 s=STATE_CONNECTION_ESTABLISHED l=1).read start len=24
2026-02-17T11:25:55.150+0000 7f0f28bf3640 20 --2- 127.0.0.1:0/2163459011 >> v2:127.0.0.1:7146/0 conn(0x559f945f4000 0x559f945fc000 crc :-1 s=THROTTLE_DONE pgs=8 cs=0 l=1 rev1=1 crypto rx=0 tx=0 comp rx=0 tx=0).handle_read_frame_segment r=0
2026-02-17T11:25:55.150+0000 7f0f28bf3640 20 -- 127.0.0.1:0/2163459011 >> v2:127.0.0.1:7146/0 conn(0x559f945f4000 msgr2=0x559f945fc000 crc :-1 s=STATE_CONNECTION_ESTABLISHED l=1).read start len=13
2026-02-17T11:25:55.150+0000 7f0f28bf3640 20 --2- 127.0.0.1:0/2163459011 >> v2:127.0.0.1:7146/0 conn(0x559f945f4000 0x559f945fc000 crc :-1 s=THROTTLE_DONE pgs=8 cs=0 l=1 rev1=1 crypto rx=0 tx=0 comp rx=0 tx=0).handle_read_frame_epilogue_main r=0
2026-02-17T11:25:55.150+0000 7f0f28bf3640 10 --2- 127.0.0.1:0/2163459011 >> v2:127.0.0.1:7146/0 conn(0x559f945f4000 0x559f945fc000 crc :-1 s=THROTTLE_DONE pgs=8 cs=0 l=1 rev1=1 crypto rx=0 tx=0 comp rx=0 tx=0).handle_read_frame_dispatch tag=17
2026-02-17T11:25:55.150+0000 7f0f28bf3640 20 --2- 127.0.0.1:0/2163459011 >> v2:127.0.0.1:7146/0 conn(0x559f945f4000 0x559f945fc000 crc :-1 s=THROTTLE_DONE pgs=8 cs=0 l=1 rev1=1 crypto rx=0 tx=0 comp rx=0 tx=0).handle_message
2026-02-17T11:25:55.150+0000 7f0f28bf3640 5 --2- 127.0.0.1:0/2163459011 >> v2:127.0.0.1:7146/0 conn(0x559f945f4000 0x559f945fc000 crc :-1 s=THROTTLE_DONE pgs=8 cs=0 l=1 rev1=1 crypto rx=0 tx=0 comp rx=0 tx=0).handle_message got 24 + 0 + 0 byte message. envelope type=54 src mon.0 off 0
2026-02-17T11:25:55.150+0000 7f0f28bf3640 5 --2- 127.0.0.1:0/2163459011 >> v2:127.0.0.1:7146/0 conn(0x559f945f4000 0x559f945fc000 crc :-1 s=READ_MESSAGE_COMPLETE pgs=8 cs=0 l=1 rev1=1 crypto rx=0 tx=0 comp rx=0 tx=0).handle_message received message m=0x559f945dcf00 seq=30 from=mon.0 type=54 kv_data(v5 prefix config/, incremental, 0 keys)
2026-02-17T11:25:55.150+0000 7f0f24beb640 1 -- 127.0.0.1:0/2163459011 <== mon.0 v2:127.0.0.1:7146/0 29 ==== mon_command_ack([{prefix=config-key set, key=mgr/telemetry/collection}]=0 set mgr/telemetry/collection v5)=0 set mgr/telemetry/collection v5) ==== 133+0+0 (crc 0 0 0) 0x559f945dd2c0 con 0x559f945f4000
2026-02-17T11:25:55.150+0000 7f0f28bf3640 20 -- 127.0.0.1:0/2163459011 queue 0x559f945dcf00 prio 196
2026-02-17T11:25:55.150+0000 7f0f28bf3640 20 --2- 127.0.0.1:0/2163459011 >> v2:127.0.0.1:7146/0 conn(0x559f945f4000 0x559f945fc000 crc :-1 s=READY pgs=8 cs=0 l=1 rev1=1 crypto rx=0 tx=0 comp rx=0 tx=0).read_frame
2026-02-17T11:25:55.150+0000 7f0f28bf3640 20 -- 127.0.0.1:0/2163459011 >> v2:127.0.0.1:7146/0 conn(0x559f945f4000 msgr2=0x559f945fc000 crc :-1 s=STATE_CONNECTION_ESTABLISHED l=1).read start len=32
2026-02-17T11:25:55.150+0000 7f0f28bf3640 20 --2- 127.0.0.1:0/2163459011 >> v2:127.0.0.1:7146/0 conn(0x559f945f4000 0x559f945fc000 crc :-1 s=READY pgs=8 cs=0 l=1 rev1=1 crypto rx=0 tx=0 comp rx=0 tx=0).handle_read_frame_preamble_main r=0
2026-02-17T11:25:55.150+0000 7f0f24beb640 10 -- 127.0.0.1:0/2163459011 dispatch_throttle_release 133 to dispatch throttler 157/104857600
2026-02-17T11:25:55.150+0000 7f0f28bf3640 20 --2- 127.0.0.1:0/2163459011 >> v2:127.0.0.1:7146/0 conn(0x559f945f4000 0x559f945fc000 crc :-1 s=THROTTLE_MESSAGE pgs=8 cs=0 l=1 rev1=1 crypto rx=0 tx=0 comp rx=0 tx=0).throttle_message
2026-02-17T11:25:55.150+0000 7f0f24beb640 20 -- 127.0.0.1:0/2163459011 done calling dispatch on 0x559f945dd2c0
2026-02-17T11:25:55.150+0000 7f0f28bf3640 20 --2- 127.0.0.1:0/2163459011 >> v2:127.0.0.1:7146/0 conn(0x559f945f4000 0x559f945fc000 crc :-1 s=THROTTLE_BYTES pgs=8 cs=0 l=1 rev1=1 crypto rx=0 tx=0 comp rx=0 tx=0).throttle_bytes
2026-02-17T11:25:55.150+0000 7f0f28bf3640 20 --2- 127.0.0.1:0/2163459011 >> v2:127.0.0.1:7146/0 conn(0x559f945f4000 0x559f945fc000 crc :-1 s=THROTTLE_DISPATCH_QUEUE pgs=8 cs=0 l=1 rev1=1 crypto rx=0 tx=0 comp rx=0 tx=0).throttle_dispatch_queue
2026-02-17T11:25:55.150+0000 7f0f28bf3640 20 --2- 127.0.0.1:0/2163459011 >> v2:127.0.0.1:7146/0 conn(0x559f945f4000 0x559f945fc000 crc :-1 s=THROTTLE_DONE pgs=8 cs=0 l=1 rev1=1 crypto rx=0 tx=0 comp rx=0 tx=0).read_frame_segment seg_idx=0
2026-02-17T11:25:55.150+0000 7f0f24beb640 1 -- 127.0.0.1:0/2163459011 <== mon.0 v2:127.0.0.1:7146/0 30 ==== kv_data(v5 prefix config/, incremental, 0 keys) ==== 24+0+0 (crc 0 0 0) 0x559f945dcf00 con 0x559f945f4000
2026-02-17T11:25:55.150+0000 7f0f28bf3640 20 -- 127.0.0.1:0/2163459011 >> v2:127.0.0.1:7146/0 conn(0x559f945f4000 msgr2=0x559f945fc000 crc :-1 s=STATE_CONNECTION_ESTABLISHED l=1).read start len=45
2026-02-17T11:25:55.150+0000 7f0f24beb640 10 mgr.4100.objecter ms_dispatch2 0x559f8abf8000 kv_data(v5 prefix config/, incremental, 0 keys)
2026-02-17T11:25:55.150+0000 7f0f28bf3640 20 --2- 127.0.0.1:0/2163459011 >> v2:127.0.0.1:7146/0 conn(0x559f945f4000 0x559f945fc000 crc :-1 s=THROTTLE_DONE pgs=8 cs=0 l=1 rev1=1 crypto rx=0 tx=0 comp rx=0 tx=0).handle_read_frame_segment r=0
2026-02-17T11:25:55.150+0000 7f0f28bf3640 20 --2- 127.0.0.1:0/2163459011 >> v2:127.0.0.1:7146/0 conn(0x559f945f4000 0x559f945fc000 crc :-1 s=THROTTLE_DONE pgs=8 cs=0 l=1 rev1=1 crypto rx=0 tx=0 comp rx=0 tx=0).read_frame_segment seg_idx=1
2026-02-17T11:25:55.150+0000 7f0f28bf3640 20 -- 127.0.0.1:0/2163459011 >> v2:127.0.0.1:7146/0 conn(0x559f945f4000 msgr2=0x559f945fc000 crc :-1 s=STATE_CONNECTION_ESTABLISHED l=1).read start len=24
2026-02-17T11:25:55.150+0000 7f0f24beb640 10 mgr ms_dispatch2 active kv_data(v5 prefix config/, incremental, 0 keys)
2026-02-17T11:25:55.150+0000 7f0f28bf3640 20 --2- 127.0.0.1:0/2163459011 >> v2:127.0.0.1:7146/0 conn(0x559f945f4000 0x559f945fc000 crc :-1 s=THROTTLE_DONE pgs=8 cs=0 l=1 rev1=1 crypto rx=0 tx=0 comp rx=0 tx=0).handle_read_frame_segment r=0
2026-02-17T11:25:55.150+0000 7f0f24beb640 10 mgr ms_dispatch2 kv_data(v5 prefix config/, incremental, 0 keys)
2026-02-17T11:25:55.150+0000 7f0f28bf3640 20 -- 127.0.0.1:0/2163459011 >> v2:127.0.0.1:7146/0 conn(0x559f945f4000 msgr2=0x559f945fc000 crc :-1 s=STATE_CONNECTION_ESTABLISHED l=1).read start len=13
2026-02-17T11:25:55.150+0000 7f0f24beb640 10 -- 127.0.0.1:0/2163459011 dispatch_throttle_release 24 to dispatch throttler 48/104857600
2026-02-17T11:25:55.150+0000 7f0f28bf3640 20 --2- 127.0.0.1:0/2163459011 >> v2:127.0.0.1:7146/0 conn(0x559f945f4000 0x559f945fc000 crc :-1 s=THROTTLE_DONE pgs=8 cs=0 l=1 rev1=1 crypto rx=0 tx=0 comp rx=0 tx=0).handle_read_frame_epilogue_main r=0
2026-02-17T11:25:55.150+0000 7f0f24beb640 20 -- 127.0.0.1:0/2163459011 done calling dispatch on 0x559f945dcf00
2026-02-17T11:25:55.150+0000 7f0f28bf3640 10 --2- 127.0.0.1:0/2163459011 >> v2:127.0.0.1:7146/0 conn(0x559f945f4000 0x559f945fc000 crc :-1 s=THROTTLE_DONE pgs=8 cs=0 l=1 rev1=1 crypto rx=0 tx=0 comp rx=0 tx=0).handle_read_frame_dispatch tag=17
2026-02-17T11:25:55.150+0000 7f0f28bf3640 20 --2- 127.0.0.1:0/2163459011 >> v2:127.0.0.1:7146/0 conn(0x559f945f4000 0x559f945fc000 crc :-1 s=THROTTLE_DONE pgs=8 cs=0 l=1 rev1=1 crypto rx=0 tx=0 comp rx=0 tx=0).handle_message
2026-02-17T11:25:55.150+0000 7f0f28bf3640 5 --2- 127.0.0.1:0/2163459011 >> v2:127.0.0.1:7146/0 conn(0x559f945f4000 0x559f945fc000 crc :-1 s=THROTTLE_DONE pgs=8 cs=0 l=1 rev1=1 crypto rx=0 tx=0 comp rx=0 tx=0).handle_message got 24 + 0 + 0 byte message. envelope type=54 src mon.0 off 0
2026-02-17T11:25:55.150+0000 7f0f28bf3640 5 --2- 127.0.0.1:0/2163459011 >> v2:127.0.0.1:7146/0 conn(0x559f945f4000 0x559f945fc000 crc :-1 s=READ_MESSAGE_COMPLETE pgs=8 cs=0 l=1 rev1=1 crypto rx=0 tx=0 comp rx=0 tx=0).handle_message received message m=0x559f945dcb40 seq=31 from=mon.0 type=54 kv_data(v5 prefix device/, incremental, 0 keys)
2026-02-17T11:25:55.150+0000 7f0f28bf3640 20 -- 127.0.0.1:0/2163459011 queue 0x559f945dcb40 prio 196
2026-02-17T11:25:55.150+0000 7f0f28bf3640 20 --2- 127.0.0.1:0/2163459011 >> v2:127.0.0.1:7146/0 conn(0x559f945f4000 0x559f945fc000 crc :-1 s=READY pgs=8 cs=0 l=1 rev1=1 crypto rx=0 tx=0 comp rx=0 tx=0).read_frame
2026-02-17T11:25:55.150+0000 7f0f28bf3640 20 -- 127.0.0.1:0/2163459011 >> v2:127.0.0.1:7146/0 conn(0x559f945f4000 msgr2=0x559f945fc000 crc :-1 s=STATE_CONNECTION_ESTABLISHED l=1).read start len=32
2026-02-17T11:25:55.150+0000 7f0f28bf3640 20 --2- 127.0.0.1:0/2163459011 >> v2:127.0.0.1:7146/0 conn(0x559f945f4000 0x559f945fc000 crc :-1 s=READY pgs=8 cs=0 l=1 rev1=1 crypto rx=0 tx=0 comp rx=0 tx=0).handle_read_frame_preamble_main r=0
2026-02-17T11:25:55.150+0000 7f0f28bf3640 20 --2- 127.0.0.1:0/2163459011 >> v2:127.0.0.1:7146/0 conn(0x559f945f4000 0x559f945fc000 crc :-1 s=THROTTLE_MESSAGE pgs=8 cs=0 l=1 rev1=1 crypto rx=0 tx=0 comp rx=0 tx=0).throttle_message
2026-02-17T11:25:55.150+0000 7f0f28bf3640 20 --2- 127.0.0.1:0/2163459011 >> v2:127.0.0.1:7146/0 conn(0x559f945f4000 0x559f945fc000 crc :-1 s=THROTTLE_BYTES pgs=8 cs=0 l=1 rev1=1 crypto rx=0 tx=0 comp rx=0 tx=0).throttle_bytes
2026-02-17T11:25:55.150+0000 7f0f28bf3640 20 --2- 127.0.0.1:0/2163459011 >> v2:127.0.0.1:7146/0 conn(0x559f945f4000 0x559f945fc000 crc :-1 s=THROTTLE_DISPATCH_QUEUE pgs=8 cs=0 l=1 rev1=1 crypto rx=0 tx=0 comp rx=0 tx=0).throttle_dispatch_queue
2026-02-17T11:25:55.150+0000 7f0f24beb640 1 -- 127.0.0.1:0/2163459011 <== mon.0 v2:127.0.0.1:7146/0 31 ==== kv_data(v5 prefix device/, incremental, 0 keys) ==== 24+0+0 (crc 0 0 0) 0x559f945dcb40 con 0x559f945f4000
2026-02-17T11:25:55.150+0000 7f0f28bf3640 20 --2- 127.0.0.1:0/2163459011 >> v2:127.0.0.1:7146/0 conn(0x559f945f4000 0x559f945fc000 crc :-1 s=THROTTLE_DONE pgs=8 cs=0 l=1 rev1=1 crypto rx=0 tx=0 comp rx=0 tx=0).read_frame_segment seg_idx=0
2026-02-17T11:25:55.150+0000 7f0f24beb640 10 mgr.4100.objecter ms_dispatch2 0x559f8abf8000 kv_data(v5 prefix device/, incremental, 0 keys)
2026-02-17T11:25:55.150+0000 7f0f24beb640 10 mgr ms_dispatch2 active kv_data(v5 prefix device/, incremental, 0 keys)
2026-02-17T11:25:55.150+0000 7f0f28bf3640 20 -- 127.0.0.1:0/2163459011 >> v2:127.0.0.1:7146/0 conn(0x559f945f4000 msgr2=0x559f945fc000 crc :-1 s=STATE_CONNECTION_ESTABLISHED l=1).read start len=45
2026-02-17T11:25:55.150+0000 7f0f24beb640 10 mgr ms_dispatch2 kv_data(v5 prefix device/, incremental, 0 keys)
2026-02-17T11:25:55.150+0000 7f0f28bf3640 20 --2- 127.0.0.1:0/2163459011 >> v2:127.0.0.1:7146/0 conn(0x559f945f4000 0x559f945fc000 crc :-1 s=THROTTLE_DONE pgs=8 cs=0 l=1 rev1=1 crypto rx=0 tx=0 comp rx=0 tx=0).handle_read_frame_segment r=0
2026-02-17T11:25:55.150+0000 7f0f28bf3640 20 --2- 127.0.0.1:0/2163459011 >> v2:127.0.0.1:7146/0 conn(0x559f945f4000 0x559f945fc000 crc :-1 s=THROTTLE_DONE pgs=8 cs=0 l=1 rev1=1 crypto rx=0 tx=0 comp rx=0 tx=0).read_frame_segment seg_idx=1
2026-02-17T11:25:55.150+0000 7f0f28bf3640 20 -- 127.0.0.1:0/2163459011 >> v2:127.0.0.1:7146/0 conn(0x559f945f4000 msgr2=0x559f945fc000 crc :-1 s=STATE_CONNECTION_ESTABLISHED l=1).read start len=56
2026-02-17T11:25:55.150+0000 7f0f24beb640 10 -- 127.0.0.1:0/2163459011 dispatch_throttle_release 24 to dispatch throttler 80/104857600
2026-02-17T11:25:55.150+0000 7f0f28bf3640 20 --2- 127.0.0.1:0/2163459011 >> v2:127.0.0.1:7146/0 conn(0x559f945f4000 0x559f945fc000 crc :-1 s=THROTTLE_DONE pgs=8 cs=0 l=1 rev1=1 crypto rx=0 tx=0 comp rx=0 tx=0).handle_read_frame_segment r=0
2026-02-17T11:25:55.150+0000 7f0f28bf3640 20 -- 127.0.0.1:0/2163459011 >> v2:127.0.0.1:7146/0 conn(0x559f945f4000 msgr2=0x559f945fc000 crc :-1 s=STATE_CONNECTION_ESTABLISHED l=1).read start len=13
2026-02-17T11:25:55.150+0000 7f0f24beb640 20 -- 127.0.0.1:0/2163459011 done calling dispatch on 0x559f945dcb40
2026-02-17T11:25:55.150+0000 7f0f28bf3640 20 --2- 127.0.0.1:0/2163459011 >> v2:127.0.0.1:7146/0 conn(0x559f945f4000 0x559f945fc000 crc :-1 s=THROTTLE_DONE pgs=8 cs=0 l=1 rev1=1 crypto rx=0 tx=0 comp rx=0 tx=0).handle_read_frame_epilogue_main r=0
2026-02-17T11:25:55.150+0000 7f0f28bf3640 10 --2- 127.0.0.1:0/2163459011 >> v2:127.0.0.1:7146/0 conn(0x559f945f4000 0x559f945fc000 crc :-1 s=THROTTLE_DONE pgs=8 cs=0 l=1 rev1=1 crypto rx=0 tx=0 comp rx=0 tx=0).handle_read_frame_dispatch tag=17
2026-02-17T11:25:55.150+0000 7f0f28bf3640 20 --2- 127.0.0.1:0/2163459011 >> v2:127.0.0.1:7146/0 conn(0x559f945f4000 0x559f945fc000 crc :-1 s=THROTTLE_DONE pgs=8 cs=0 l=1 rev1=1 crypto rx=0 tx=0 comp rx=0 tx=0).handle_message
2026-02-17T11:25:55.150+0000 7f0f28bf3640 5 --2- 127.0.0.1:0/2163459011 >> v2:127.0.0.1:7146/0 conn(0x559f945f4000 0x559f945fc000 crc :-1 s=THROTTLE_DONE pgs=8 cs=0 l=1 rev1=1 crypto rx=0 tx=0 comp rx=0 tx=0).handle_message got 56 + 0 + 0 byte message. envelope type=54 src mon.0 off 0
2026-02-17T11:25:55.150+0000 7f0f28bf3640 5 --2- 127.0.0.1:0/2163459011 >> v2:127.0.0.1:7146/0 conn(0x559f945f4000 0x559f945fc000 crc :-1 s=READ_MESSAGE_COMPLETE pgs=8 cs=0 l=1 rev1=1 crypto rx=0 tx=0 comp rx=0 tx=0).handle_message received message m=0x559f945dc780 seq=32 from=mon.0 type=54 kv_data(v5 prefix mgr/, incremental, 1 keys)
2026-02-17T11:25:55.150+0000 7f0f28bf3640 20 -- 127.0.0.1:0/2163459011 queue 0x559f945dc780 prio 196
2026-02-17T11:25:55.150+0000 7f0f28bf3640 20 --2- 127.0.0.1:0/2163459011 >> v2:127.0.0.1:7146/0 conn(0x559f945f4000 0x559f945fc000 crc :-1 s=READY pgs=8 cs=0 l=1 rev1=1 crypto rx=0 tx=0 comp rx=0 tx=0).read_frame
2026-02-17T11:25:55.150+0000 7f0f28bf3640 20 -- 127.0.0.1:0/2163459011 >> v2:127.0.0.1:7146/0 conn(0x559f945f4000 msgr2=0x559f945fc000 crc :-1 s=STATE_CONNECTION_ESTABLISHED l=1).read start len=32
2026-02-17T11:25:55.150+0000 7f0f24beb640 1 -- 127.0.0.1:0/2163459011 <== mon.0 v2:127.0.0.1:7146/0 32 ==== kv_data(v5 prefix mgr/, incremental, 1 keys) ==== 56+0+0 (crc 0 0 0) 0x559f945dc780 con 0x559f945f4000
2026-02-17T11:25:55.150+0000 7f0f24beb640 10 mgr.4100.objecter ms_dispatch2 0x559f8abf8000 kv_data(v5 prefix mgr/, incremental, 1 keys)
2026-02-17T11:25:55.150+0000 7f0f24beb640 10 mgr ms_dispatch2 active kv_data(v5 prefix mgr/, incremental, 1 keys)
2026-02-17T11:25:55.150+0000 7f0f24beb640 10 mgr ms_dispatch2 kv_data(v5 prefix mgr/, incremental, 1 keys)
2026-02-17T11:25:55.150+0000 7f0f24beb640 10 mgr update_kv_data incremental update on mgr/
2026-02-17T11:25:55.150+0000 7f0f24beb640 20 mgr update_kv_data set mgr/telemetry/collection = []
2026-02-17T11:25:55.150+0000 7f0f24beb640 10 -- 127.0.0.1:0/2163459011 dispatch_throttle_release 56 to dispatch throttler 56/104857600
2026-02-17T11:25:55.150+0000 7f0f24beb640 20 -- 127.0.0.1:0/2163459011 done calling dispatch on 0x559f945dc780
2026-02-17T11:25:55.150+0000 7f0e2e358640 0 [telemetry DEBUG root] user is not opted-in
2026-02-17T11:25:55.150+0000 7f0e2e358640 4 mgr get_store get_store key: mgr/telemetry/collection
2026-02-17T11:25:55.150+0000 7f0e2e358640 10 ceph_store_get collection found: []
2026-02-17T11:25:55.150+0000 7f0e2e358640 4 mgr get_store get_store key: mgr/telemetry/last_opted_in_ceph_version
2026-02-17T11:25:55.150+0000 7f0e2e358640 4 ceph_store_get last_opted_in_ceph_version not found
2026-02-17T11:25:55.150+0000 7f0e2e358640 4 mgr get_store get_store key: mgr/telemetry/last_opted_out_ceph_version
2026-02-17T11:25:55.150+0000 7f0e2e358640 4 ceph_store_get last_opted_out_ceph_version not found
2026-02-17T11:25:55.150+0000 7f0e2e358640 0 [telemetry DEBUG root] Waiting for mgr to warm up
2026-02-17T11:25:55.150+0000 7f0e23a43640 0 [volumes DEBUG volumes.fs.async_job] thread [purgejob.0] starting
2026-02-17T11:25:55.150+0000 7f0e23a43640 0 [volumes DEBUG mgr_util] locking with 5 timeout
2026-02-17T11:25:55.150+0000 7f0e23a43640 0 [volumes DEBUG mgr_util] locked
2026-02-17T11:25:55.150+0000 7f0e23a43640 0 [volumes DEBUG volumes.fs.async_job] processing 0 volume entries
2026-02-17T11:25:55.150+0000 7f0e23242640 0 [volumes DEBUG volumes.fs.async_job] thread [purgejob.1] starting
2026-02-17T11:25:55.150+0000 7f0e23242640 0 [volumes DEBUG mgr_util] locking with 5 timeout
2026-02-17T11:25:55.150+0000 7f0e23242640 0 [volumes DEBUG mgr_util] locked
2026-02-17T11:25:55.150+0000 7f0e23242640 0 [volumes DEBUG volumes.fs.async_job] processing 0 volume entries
2026-02-17T11:25:55.150+0000 7f0e22a41640 0 [volumes DEBUG volumes.fs.async_job] thread [purgejob.2] starting
2026-02-17T11:25:55.150+0000 7f0e22a41640 0 [volumes DEBUG mgr_util] locking with 5 timeout
2026-02-17T11:25:55.150+0000 7f0e22a41640 0 [volumes DEBUG mgr_util] locked
2026-02-17T11:25:55.150+0000 7f0e22a41640 0 [volumes DEBUG volumes.fs.async_job] processing 0 volume entries
2026-02-17T11:25:55.150+0000 7f0e22240640 0 [volumes DEBUG volumes.fs.async_job] thread [purgejob.3] starting
2026-02-17T11:25:55.150+0000 7f0e22240640 0 [volumes DEBUG mgr_util] locking with 5 timeout
2026-02-17T11:25:55.150+0000 7f0e22240640 0 [volumes DEBUG mgr_util] locked
2026-02-17T11:25:55.150+0000 7f0e22240640 0 [volumes DEBUG volumes.fs.async_job] processing 0 volume entries
2026-02-17T11:25:55.150+0000 7f0e21a3f640 0 [volumes DEBUG volumes.fs.async_job] tick thread purgejob.tick starting
2026-02-17T11:25:55.150+0000 7f0e21a3f640 0 [volumes DEBUG mgr_util] locking with 5 timeout
2026-02-17T11:25:55.150+0000 7f0e21a3f640 0 [volumes DEBUG mgr_util] locked
2026-02-17T11:25:55.150+0000 7f0e43382640 1 mgr load Constructed class from module: volumes
2026-02-17T11:25:55.150+0000 7f0e43382640 20 mgr ~Gil Destroying new thread state 0x559f9463a6c0
2026-02-17T11:25:55.150+0000 7f0e43382640 4 mgr operator() Starting thread for volumes
2026-02-17T11:25:55.150+0000 7f0e43382640 4 mgr operator() Starting active module volumes finisher thread m-fin-volumes
2026-02-17T11:25:55.150+0000 7f0e2123e640 4 mgr entry Entering thread for volumes
2026-02-17T11:25:55.150+0000 7f0e2123e640 20 mgr Gil Switched to new thread state 0x559f8abe2120
2026-02-17T11:25:55.150+0000 7f0e2123e640 20 mgr ~Gil Destroying new thread state 0x559f8abe2120
2026-02-17T11:25:55.162+0000 7f0f28bf3640 20 -- 127.0.0.1:0/2163459011 >> v2:127.0.0.1:7146/0 conn(0x559f945f4000 msgr2=0x559f945fc000 crc :-1 s=STATE_CONNECTION_ESTABLISHED l=1).process
2026-02-17T11:25:55.162+0000 7f0f28bf3640 20 -- 127.0.0.1:0/2163459011 >> v2:127.0.0.1:7146/0 conn(0x559f945f4000 msgr2=0x559f945fc000 crc :-1 s=STATE_CONNECTION_ESTABLISHED l=1).read continue len=32
2026-02-17T11:25:55.162+0000 7f0f28bf3640 20 --2- 127.0.0.1:0/2163459011 >> v2:127.0.0.1:7146/0 conn(0x559f945f4000 0x559f945fc000 crc :-1 s=READY pgs=8 cs=0 l=1 rev1=1 crypto rx=0 tx=0 comp rx=0 tx=0).handle_read_frame_preamble_main r=0
2026-02-17T11:25:55.162+0000 7f0f28bf3640 20 --2- 127.0.0.1:0/2163459011 >> v2:127.0.0.1:7146/0 conn(0x559f945f4000 0x559f945fc000 crc :-1 s=THROTTLE_MESSAGE pgs=8 cs=0 l=1 rev1=1 crypto rx=0 tx=0 comp rx=0 tx=0).throttle_message
2026-02-17T11:25:55.162+0000 7f0f28bf3640 20 --2- 127.0.0.1:0/2163459011 >> v2:127.0.0.1:7146/0 conn(0x559f945f4000 0x559f945fc000 crc :-1 s=THROTTLE_BYTES pgs=8 cs=0 l=1 rev1=1 crypto rx=0 tx=0 comp rx=0 tx=0).throttle_bytes
2026-02-17T11:25:55.162+0000 7f0f28bf3640 20 --2- 127.0.0.1:0/2163459011 >> v2:127.0.0.1:7146/0 conn(0x559f945f4000 0x559f945fc000 crc :-1 s=THROTTLE_DISPATCH_QUEUE pgs=8 cs=0 l=1 rev1=1 crypto rx=0 tx=0 comp rx=0 tx=0).throttle_dispatch_queue
2026-02-17T11:25:55.162+0000 7f0f28bf3640 20 --2- 127.0.0.1:0/2163459011 >> v2:127.0.0.1:7146/0 conn(0x559f945f4000 0x559f945fc000 crc :-1 s=THROTTLE_DONE pgs=8 cs=0 l=1 rev1=1 crypto rx=0 tx=0 comp rx=0 tx=0).read_frame_segment seg_idx=0
2026-02-17T11:25:55.162+0000 7f0f28bf3640 20 -- 127.0.0.1:0/2163459011 >> v2:127.0.0.1:7146/0 conn(0x559f945f4000 msgr2=0x559f945fc000 crc :-1 s=STATE_CONNECTION_ESTABLISHED l=1).read start len=45
2026-02-17T11:25:55.162+0000 7f0f28bf3640 20 --2- 127.0.0.1:0/2163459011 >> v2:127.0.0.1:7146/0 conn(0x559f945f4000 0x559f945fc000 crc :-1 s=THROTTLE_DONE pgs=8 cs=0 l=1 rev1=1 crypto rx=0 tx=0 comp rx=0 tx=0).handle_read_frame_segment r=0
2026-02-17T11:25:55.162+0000 7f0f28bf3640 20 --2- 127.0.0.1:0/2163459011 >> v2:127.0.0.1:7146/0 conn(0x559f945f4000 0x559f945fc000 crc :-1 s=THROTTLE_DONE pgs=8 cs=0 l=1 rev1=1 crypto rx=0 tx=0 comp rx=0 tx=0).read_frame_segment seg_idx=1
2026-02-17T11:25:55.162+0000 7f0f28bf3640 20 -- 127.0.0.1:0/2163459011 >> v2:127.0.0.1:7146/0 conn(0x559f945f4000 msgr2=0x559f945fc000 crc :-1 s=STATE_CONNECTION_ESTABLISHED l=1).read start len=1237
2026-02-17T11:25:55.162+0000 7f0f28bf3640 20 --2- 127.0.0.1:0/2163459011 >> v2:127.0.0.1:7146/0 conn(0x559f945f4000 0x559f945fc000 crc :-1 s=THROTTLE_DONE pgs=8 cs=0 l=1 rev1=1 crypto rx=0 tx=0 comp rx=0 tx=0).handle_read_frame_segment r=0
2026-02-17T11:25:55.162+0000 7f0f28bf3640 20 -- 127.0.0.1:0/2163459011 >> v2:127.0.0.1:7146/0 conn(0x559f945f4000 msgr2=0x559f945fc000 crc :-1 s=STATE_CONNECTION_ESTABLISHED l=1).read start len=13
2026-02-17T11:25:55.162+0000 7f0f28bf3640 20 --2- 127.0.0.1:0/2163459011 >> v2:127.0.0.1:7146/0 conn(0x559f945f4000 0x559f945fc000 crc :-1 s=THROTTLE_DONE pgs=8 cs=0 l=1 rev1=1 crypto rx=0 tx=0 comp rx=0 tx=0).handle_read_frame_epilogue_main r=0
2026-02-17T11:25:55.162+0000 7f0f28bf3640 10 --2- 127.0.0.1:0/2163459011 >> v2:127.0.0.1:7146/0 conn(0x559f945f4000 0x559f945fc000 crc :-1 s=THROTTLE_DONE pgs=8 cs=0 l=1 rev1=1 crypto rx=0 tx=0 comp rx=0 tx=0).handle_read_frame_dispatch tag=17
2026-02-17T11:25:55.162+0000 7f0f28bf3640 20 --2- 127.0.0.1:0/2163459011 >> v2:127.0.0.1:7146/0 conn(0x559f945f4000 0x559f945fc000 crc :-1 s=THROTTLE_DONE pgs=8 cs=0 l=1 rev1=1 crypto rx=0 tx=0 comp rx=0 tx=0).handle_message
2026-02-17T11:25:55.162+0000 7f0f28bf3640 5 --2- 127.0.0.1:0/2163459011 >> v2:127.0.0.1:7146/0 conn(0x559f945f4000 0x559f945fc000 crc :-1 s=THROTTLE_DONE pgs=8 cs=0 l=1 rev1=1 crypto rx=0 tx=0 comp rx=0 tx=0).handle_message got 1237 + 0 + 0 byte message. envelope type=52 src mon.0 off 0
2026-02-17T11:25:55.162+0000 7f0f28bf3640 5 --2- 127.0.0.1:0/2163459011 >> v2:127.0.0.1:7146/0 conn(0x559f945f4000 0x559f945fc000 crc :-1 s=READ_MESSAGE_COMPLETE pgs=8 cs=0 l=1 rev1=1 crypto rx=0 tx=0 comp rx=0 tx=0).handle_message received message m=0x559f94518600 seq=33 from=mon.0 type=52 log(7 entries from seq 18 at
2026-02-17T11:25:55.115317+0000)
2026-02-17T11:25:55.162+0000 7f0f28bf3640 20 -- 127.0.0.1:0/2163459011 queue 0x559f94518600 prio 196
2026-02-17T11:25:55.162+0000 7f0f28bf3640 20 --2- 127.0.0.1:0/2163459011 >> v2:127.0.0.1:7146/0 conn(0x559f945f4000 0x559f945fc000 crc :-1 s=READY pgs=8 cs=0 l=1 rev1=1 crypto rx=0 tx=0 comp rx=0 tx=0).read_frame
2026-02-17T11:25:55.162+0000 7f0f28bf3640 20 -- 127.0.0.1:0/2163459011 >> v2:127.0.0.1:7146/0 conn(0x559f945f4000 msgr2=0x559f945fc000 crc :-1 s=STATE_CONNECTION_ESTABLISHED l=1).read start len=32
2026-02-17T11:25:55.162+0000 7f0f24beb640 1 -- 127.0.0.1:0/2163459011 <== mon.0 v2:127.0.0.1:7146/0 33 ==== log(7 entries from seq 18 at
2026-02-17T11:25:55.115317+0000) ==== 1237+0+0 (crc 0 0 0) 0x559f94518600 con 0x559f945f4000
2026-02-17T11:25:55.162+0000 7f0f24beb640 10 mgr.4100.objecter ms_dispatch2 0x559f8abf8000 log(7 entries from seq 18 at
2026-02-17T11:25:55.115317+0000)
2026-02-17T11:25:55.162+0000 7f0f24beb640 10 mgr ms_dispatch2 active log(7 entries from seq 18 at
2026-02-17T11:25:55.115317+0000)
2026-02-17T11:25:55.162+0000 7f0f24beb640 10 mgr ms_dispatch2 log(7 entries from seq 18 at
2026-02-17T11:25:55.115317+0000)
2026-02-17T11:25:55.162+0000 7f0f24beb640 10 mgr notify_all notify_all: notify_all (clog)
2026-02-17T11:25:55.162+0000 7f0f24beb640 10 mgr notify_all notify_all: notify_all (clog)
2026-02-17T11:25:55.162+0000 7f0f24beb640 10 mgr notify_all notify_all: notify_all (clog)
2026-02-17T11:25:55.162+0000 7f0f24beb640 10 mgr notify_all notify_all: notify_all (clog)
2026-02-17T11:25:55.162+0000 7f0f24beb640 10 mgr notify_all notify_all: notify_all (clog)
2026-02-17T11:25:55.162+0000 7f0f24beb640 10 mgr notify_all notify_all: notify_all (clog)
2026-02-17T11:25:55.162+0000 7f0f24beb640 10 mgr notify_all notify_all: notify_all (clog)
2026-02-17T11:25:55.162+0000 7f0f24beb640 10 -- 127.0.0.1:0/2163459011 dispatch_throttle_release 1237 to dispatch throttler 1237/104857600
2026-02-17T11:25:55.162+0000 7f0f24beb640 20 -- 127.0.0.1:0/2163459011 done calling dispatch on 0x559f94518600
2026-02-17T11:25:55.214+0000 7f0f28bf3640 20 -- 127.0.0.1:0/2163459011 >> v2:127.0.0.1:7146/0 conn(0x559f945f4000 msgr2=0x559f945fc000 crc :-1 s=STATE_CONNECTION_ESTABLISHED l=1).process
2026-02-17T11:25:55.214+0000 7f0f28bf3640 20 -- 127.0.0.1:0/2163459011 >> v2:127.0.0.1:7146/0 conn(0x559f945f4000 msgr2=0x559f945fc000 crc :-1 s=STATE_CONNECTION_ESTABLISHED l=1).read continue len=32
2026-02-17T11:25:55.214+0000 7f0f28bf3640 20 --2- 127.0.0.1:0/2163459011 >> v2:127.0.0.1:7146/0 conn(0x559f945f4000 0x559f945fc000 crc :-1 s=READY pgs=8 cs=0 l=1 rev1=1 crypto rx=0 tx=0 comp rx=0 tx=0).handle_read_frame_preamble_main r=0
2026-02-17T11:25:55.214+0000 7f0f28bf3640 20 --2- 127.0.0.1:0/2163459011 >> v2:127.0.0.1:7146/0 conn(0x559f945f4000 0x559f945fc000 crc :-1 s=THROTTLE_MESSAGE pgs=8 cs=0 l=1 rev1=1 crypto rx=0 tx=0 comp rx=0 tx=0).throttle_message
2026-02-17T11:25:55.214+0000 7f0f28bf3640 20 --2- 127.0.0.1:0/2163459011 >> v2:127.0.0.1:7146/0 conn(0x559f945f4000 0x559f945fc000 crc :-1 s=THROTTLE_BYTES pgs=8 cs=0 l=1 rev1=1 crypto rx=0 tx=0 comp rx=0 tx=0).throttle_bytes
2026-02-17T11:25:55.214+0000 7f0f28bf3640 20 --2- 127.0.0.1:0/2163459011 >> v2:127.0.0.1:7146/0 conn(0x559f945f4000 0x559f945fc000 crc :-1 s=THROTTLE_DISPATCH_QUEUE pgs=8 cs=0 l=1 rev1=1 crypto rx=0 tx=0 comp rx=0 tx=0).throttle_dispatch_queue
2026-02-17T11:25:55.214+0000 7f0f28bf3640 20 --2- 127.0.0.1:0/2163459011 >> v2:127.0.0.1:7146/0 conn(0x559f945f4000 0x559f945fc000 crc :-1 s=THROTTLE_DONE pgs=8 cs=0 l=1 rev1=1 crypto rx=0 tx=0 comp rx=0 tx=0).read_frame_segment seg_idx=0
2026-02-17T11:25:55.214+0000 7f0f28bf3640 20 -- 127.0.0.1:0/2163459011 >> v2:127.0.0.1:7146/0 conn(0x559f945f4000 msgr2=0x559f945fc000 crc :-1 s=STATE_CONNECTION_ESTABLISHED l=1).read start len=45
2026-02-17T11:25:55.214+0000 7f0f28bf3640 20 --2- 127.0.0.1:0/2163459011 >> v2:127.0.0.1:7146/0 conn(0x559f945f4000 0x559f945fc000 crc :-1 s=THROTTLE_DONE pgs=8 cs=0 l=1 rev1=1 crypto rx=0 tx=0 comp rx=0 tx=0).handle_read_frame_segment r=0
2026-02-17T11:25:55.214+0000 7f0f28bf3640 20 --2- 127.0.0.1:0/2163459011 >> v2:127.0.0.1:7146/0 conn(0x559f945f4000 0x559f945fc000 crc :-1 s=THROTTLE_DONE pgs=8 cs=0 l=1 rev1=1 crypto rx=0 tx=0 comp rx=0 tx=0).read_frame_segment seg_idx=1
2026-02-17T11:25:55.214+0000 7f0f28bf3640 20 -- 127.0.0.1:0/2163459011 >> v2:127.0.0.1:7146/0 conn(0x559f945f4000 msgr2=0x559f945fc000 crc :-1 s=STATE_CONNECTION_ESTABLISHED l=1).read start len=51629
2026-02-17T11:25:55.214+0000 7f0f28bf3640 20 --2- 127.0.0.1:0/2163459011 >> v2:127.0.0.1:7146/0 conn(0x559f945f4000 0x559f945fc000 crc :-1 s=THROTTLE_DONE pgs=8 cs=0 l=1 rev1=1 crypto rx=0 tx=0 comp rx=0 tx=0).handle_read_frame_segment r=0
2026-02-17T11:25:55.214+0000 7f0f28bf3640 20 -- 127.0.0.1:0/2163459011 >> v2:127.0.0.1:7146/0 conn(0x559f945f4000 msgr2=0x559f945fc000 crc :-1 s=STATE_CONNECTION_ESTABLISHED l=1).read start len=13
2026-02-17T11:25:55.214+0000 7f0f28bf3640 20 --2- 127.0.0.1:0/2163459011 >> v2:127.0.0.1:7146/0 conn(0x559f945f4000 0x559f945fc000 crc :-1 s=THROTTLE_DONE pgs=8 cs=0 l=1 rev1=1 crypto rx=0 tx=0 comp rx=0 tx=0).handle_read_frame_epilogue_main r=0
2026-02-17T11:25:55.214+0000 7f0f28bf3640 10 --2- 127.0.0.1:0/2163459011 >> v2:127.0.0.1:7146/0 conn(0x559f945f4000 0x559f945fc000 crc :-1 s=THROTTLE_DONE pgs=8 cs=0 l=1 rev1=1 crypto rx=0 tx=0 comp rx=0 tx=0).handle_read_frame_dispatch tag=17
2026-02-17T11:25:55.214+0000 7f0f28bf3640 20 --2- 127.0.0.1:0/2163459011 >> v2:127.0.0.1:7146/0 conn(0x559f945f4000 0x559f945fc000 crc :-1 s=THROTTLE_DONE pgs=8 cs=0 l=1 rev1=1 crypto rx=0 tx=0 comp rx=0 tx=0).handle_message
2026-02-17T11:25:55.214+0000 7f0f28bf3640 5 --2- 127.0.0.1:0/2163459011 >> v2:127.0.0.1:7146/0 conn(0x559f945f4000 0x559f945fc000 crc :-1 s=THROTTLE_DONE pgs=8 cs=0 l=1 rev1=1 crypto rx=0 tx=0 comp rx=0 tx=0).handle_message got 51629 + 0 + 0 byte message. envelope type=1796 src mon.0 off 0
2026-02-17T11:25:55.214+0000 7f0f283f2640 20 -- 127.0.0.1:0/568079871 >> v2:127.0.0.1:7146/0 conn(0x559f94700400 msgr2=0x559f945fcb00 crc :-1 s=STATE_CONNECTION_ESTABLISHED l=1).process
2026-02-17T11:25:55.214+0000 7f0f283f2640 20 -- 127.0.0.1:0/568079871 >> v2:127.0.0.1:7146/0 conn(0x559f94700400 msgr2=0x559f945fcb00 crc :-1 s=STATE_CONNECTION_ESTABLISHED l=1).read continue len=32
2026-02-17T11:25:55.214+0000 7f0f283f2640 20 --2- 127.0.0.1:0/568079871 >> v2:127.0.0.1:7146/0 conn(0x559f94700400 0x559f945fcb00 crc :-1 s=READY pgs=12 cs=0 l=1 rev1=1 crypto rx=0 tx=0 comp rx=0 tx=0).handle_read_frame_preamble_main r=0
2026-02-17T11:25:55.214+0000 7f0f283f2640 20 --2- 127.0.0.1:0/568079871 >> v2:127.0.0.1:7146/0 conn(0x559f94700400 0x559f945fcb00 crc :-1 s=THROTTLE_MESSAGE pgs=12 cs=0 l=1 rev1=1 crypto rx=0 tx=0 comp rx=0 tx=0).throttle_message
2026-02-17T11:25:55.214+0000 7f0f283f2640 20 --2- 127.0.0.1:0/568079871 >> v2:127.0.0.1:7146/0 conn(0x559f94700400 0x559f945fcb00 crc :-1 s=THROTTLE_BYTES pgs=12 cs=0 l=1 rev1=1 crypto rx=0 tx=0 comp rx=0 tx=0).throttle_bytes
2026-02-17T11:25:55.214+0000 7f0f283f2640 20 --2- 127.0.0.1:0/568079871 >> v2:127.0.0.1:7146/0 conn(0x559f94700400 0x559f945fcb00 crc :-1 s=THROTTLE_DISPATCH_QUEUE pgs=12 cs=0 l=1 rev1=1 crypto rx=0 tx=0 comp rx=0 tx=0).throttle_dispatch_queue
2026-02-17T11:25:55.214+0000 7f0f283f2640 20 --2- 127.0.0.1:0/568079871 >> v2:127.0.0.1:7146/0 conn(0x559f94700400 0x559f945fcb00 crc :-1 s=THROTTLE_DONE pgs=12 cs=0 l=1 rev1=1 crypto rx=0 tx=0 comp rx=0 tx=0).read_frame_segment seg_idx=0
2026-02-17T11:25:55.214+0000 7f0f283f2640 20 -- 127.0.0.1:0/568079871 >> v2:127.0.0.1:7146/0 conn(0x559f94700400 msgr2=0x559f945fcb00 crc :-1 s=STATE_CONNECTION_ESTABLISHED l=1).read start len=45
2026-02-17T11:25:55.214+0000 7f0f283f2640 20 --2- 127.0.0.1:0/568079871 >> v2:127.0.0.1:7146/0 conn(0x559f94700400 0x559f945fcb00 crc :-1 s=THROTTLE_DONE pgs=12 cs=0 l=1 rev1=1 crypto rx=0 tx=0 comp rx=0 tx=0).handle_read_frame_segment r=0
2026-02-17T11:25:55.214+0000 7f0f283f2640 20 --2- 127.0.0.1:0/568079871 >> v2:127.0.0.1:7146/0 conn(0x559f94700400 0x559f945fcb00 crc :-1 s=THROTTLE_DONE pgs=12 cs=0 l=1 rev1=1 crypto rx=0 tx=0 comp rx=0 tx=0).read_frame_segment seg_idx=1
2026-02-17T11:25:55.214+0000 7f0f283f2640 20 -- 127.0.0.1:0/568079871 >> v2:127.0.0.1:7146/0 conn(0x559f94700400 msgr2=0x559f945fcb00 crc :-1 s=STATE_CONNECTION_ESTABLISHED l=1).read start len=51629
2026-02-17T11:25:55.214+0000 7f0f283f2640 20 --2- 127.0.0.1:0/568079871 >> v2:127.0.0.1:7146/0 conn(0x559f94700400 0x559f945fcb00 crc :-1 s=THROTTLE_DONE pgs=12 cs=0 l=1 rev1=1 crypto rx=0 tx=0 comp rx=0 tx=0).handle_read_frame_segment r=0
2026-02-17T11:25:55.214+0000 7f0f283f2640 20 -- 127.0.0.1:0/568079871 >> v2:127.0.0.1:7146/0 conn(0x559f94700400 msgr2=0x559f945fcb00 crc :-1 s=STATE_CONNECTION_ESTABLISHED l=1).read start len=13
2026-02-17T11:25:55.214+0000 7f0f283f2640 20 --2- 127.0.0.1:0/568079871 >> v2:127.0.0.1:7146/0 conn(0x559f94700400 0x559f945fcb00 crc :-1 s=THROTTLE_DONE pgs=12 cs=0 l=1 rev1=1 crypto rx=0 tx=0 comp rx=0 tx=0).handle_read_frame_epilogue_main r=0
2026-02-17T11:25:55.214+0000 7f0f283f2640 10 --2- 127.0.0.1:0/568079871 >> v2:127.0.0.1:7146/0 conn(0x559f94700400 0x559f945fcb00 crc :-1 s=THROTTLE_DONE pgs=12 cs=0 l=1 rev1=1 crypto rx=0 tx=0 comp rx=0 tx=0).handle_read_frame_dispatch tag=17
2026-02-17T11:25:55.214+0000 7f0f283f2640 20 --2- 127.0.0.1:0/568079871 >> v2:127.0.0.1:7146/0 conn(0x559f94700400 0x559f945fcb00 crc :-1 s=THROTTLE_DONE pgs=12 cs=0 l=1 rev1=1 crypto rx=0 tx=0 comp rx=0 tx=0).handle_message
2026-02-17T11:25:55.214+0000 7f0f283f2640 5 --2- 127.0.0.1:0/568079871 >> v2:127.0.0.1:7146/0 conn(0x559f94700400 0x559f945fcb00 crc :-1 s=THROTTLE_DONE pgs=12 cs=0 l=1 rev1=1 crypto rx=0 tx=0 comp rx=0 tx=0).handle_message got 51629 + 0 + 0 byte message. envelope type=1796 src mon.0 off 0
2026-02-17T11:25:55.214+0000 7f0f28bf3640 5 --2- 127.0.0.1:0/2163459011 >> v2:127.0.0.1:7146/0 conn(0x559f945f4000 0x559f945fc000 crc :-1 s=READ_MESSAGE_COMPLETE pgs=8 cs=0 l=1 rev1=1 crypto rx=0 tx=0 comp rx=0 tx=0).handle_message received message m=0x559f944ea380 seq=34 from=mon.0 type=1796 mgrmap(e 3)
2026-02-17T11:25:55.214+0000 7f0f28bf3640 20 -- 127.0.0.1:0/2163459011 queue 0x559f944ea380 prio 196
2026-02-17T11:25:55.214+0000 7f0f26bef640 20 -- 127.0.0.1:0/2168467607 >> v2:127.0.0.1:7146/0 conn(0x559f945f5800 msgr2=0x559f945fd080 crc :-1 s=STATE_CONNECTION_ESTABLISHED l=1).process
2026-02-17T11:25:55.214+0000 7f0f28bf3640 20 --2- 127.0.0.1:0/2163459011 >> v2:127.0.0.1:7146/0 conn(0x559f945f4000 0x559f945fc000 crc :-1 s=READY pgs=8 cs=0 l=1 rev1=1 crypto rx=0 tx=0 comp rx=0 tx=0).read_frame
2026-02-17T11:25:55.214+0000 7f0f26bef640 20 -- 127.0.0.1:0/2168467607 >> v2:127.0.0.1:7146/0 conn(0x559f945f5800 msgr2=0x559f945fd080 crc :-1 s=STATE_CONNECTION_ESTABLISHED l=1).read continue len=32
2026-02-17T11:25:55.214+0000 7f0f28bf3640 20 -- 127.0.0.1:0/2163459011 >> v2:127.0.0.1:7146/0 conn(0x559f945f4000 msgr2=0x559f945fc000 crc :-1 s=STATE_CONNECTION_ESTABLISHED l=1).read start len=32
2026-02-17T11:25:55.214+0000 7f0f28bf3640 20 -- 127.0.0.1:0/444870068 >> v2:127.0.0.1:7146/0 conn(0x559f945f4c00 msgr2=0x559f945fc580 crc :-1 s=STATE_CONNECTION_ESTABLISHED l=1).process
2026-02-17T11:25:55.214+0000 7f0f24beb640 1 -- 127.0.0.1:0/2163459011 <== mon.0 v2:127.0.0.1:7146/0 34 ==== mgrmap(e 3) ==== 51629+0+0 (crc 0 0 0) 0x559f944ea380 con 0x559f945f4000
2026-02-17T11:25:55.214+0000 7f0f28bf3640 20 -- 127.0.0.1:0/444870068 >> v2:127.0.0.1:7146/0 conn(0x559f945f4c00 msgr2=0x559f945fc580 crc :-1 s=STATE_CONNECTION_ESTABLISHED l=1).read continue len=32
2026-02-17T11:25:55.214+0000 7f0f24beb640 10 mgr.4100.objecter ms_dispatch2 0x559f8abf8000 mgrmap(e 3)
2026-02-17T11:25:55.214+0000 7f0f24beb640 10 mgr ms_dispatch2 active mgrmap(e 3)
2026-02-17T11:25:55.214+0000 7f0f24beb640 4 mgr handle_mgr_map received map epoch 3
2026-02-17T11:25:55.214+0000 7f0f28bf3640 20 --2- 127.0.0.1:0/444870068 >> v2:127.0.0.1:7146/0 conn(0x559f945f4c00 0x559f945fc580 crc :-1 s=READY pgs=10 cs=0 l=1 rev1=1 crypto rx=0 tx=0 comp rx=0 tx=0).handle_read_frame_preamble_main r=0
2026-02-17T11:25:55.214+0000 7f0f26bef640 20 --2- 127.0.0.1:0/2168467607 >> v2:127.0.0.1:7146/0 conn(0x559f945f5800 0x559f945fd080 crc :-1 s=READY pgs=14 cs=0 l=1 rev1=1 crypto rx=0 tx=0 comp rx=0 tx=0).handle_read_frame_preamble_main r=0
2026-02-17T11:25:55.214+0000 7f0f24beb640 4 mgr handle_mgr_map active in map: 1 active is 4100
2026-02-17T11:25:55.214+0000 7f0f28bf3640 20 --2- 127.0.0.1:0/444870068 >> v2:127.0.0.1:7146/0 conn(0x559f945f4c00 0x559f945fc580 crc :-1 s=THROTTLE_MESSAGE pgs=10 cs=0 l=1 rev1=1 crypto rx=0 tx=0 comp rx=0 tx=0).throttle_message
2026-02-17T11:25:55.214+0000 7f0f28bf3640 20 --2- 127.0.0.1:0/444870068 >> v2:127.0.0.1:7146/0 conn(0x559f945f4c00 0x559f945fc580 crc :-1 s=THROTTLE_BYTES pgs=10 cs=0 l=1 rev1=1 crypto rx=0 tx=0 comp rx=0 tx=0).throttle_bytes
2026-02-17T11:25:55.214+0000 7f0f26bef640 20 --2- 127.0.0.1:0/2168467607 >> v2:127.0.0.1:7146/0 conn(0x559f945f5800 0x559f945fd080 crc :-1 s=THROTTLE_MESSAGE pgs=14 cs=0 l=1 rev1=1 crypto rx=0 tx=0 comp rx=0 tx=0).throttle_message
2026-02-17T11:25:55.214+0000 7f0f28bf3640 20 --2- 127.0.0.1:0/444870068 >> v2:127.0.0.1:7146/0 conn(0x559f945f4c00 0x559f945fc580 crc :-1 s=THROTTLE_DISPATCH_QUEUE pgs=10 cs=0 l=1 rev1=1 crypto rx=0 tx=0 comp rx=0 tx=0).throttle_dispatch_queue
2026-02-17T11:25:55.214+0000 7f0f28bf3640 20 --2- 127.0.0.1:0/444870068 >> v2:127.0.0.1:7146/0 conn(0x559f945f4c00 0x559f945fc580 crc :-1 s=THROTTLE_DONE pgs=10 cs=0 l=1 rev1=1 crypto rx=0 tx=0 comp rx=0 tx=0).read_frame_segment seg_idx=0
2026-02-17T11:25:55.214+0000 7f0f26bef640 20 --2- 127.0.0.1:0/2168467607 >> v2:127.0.0.1:7146/0 conn(0x559f945f5800 0x559f945fd080 crc :-1 s=THROTTLE_BYTES pgs=14 cs=0 l=1 rev1=1 crypto rx=0 tx=0 comp rx=0 tx=0).throttle_bytes
2026-02-17T11:25:55.214+0000 7f0f28bf3640 20 -- 127.0.0.1:0/444870068 >> v2:127.0.0.1:7146/0 conn(0x559f945f4c00 msgr2=0x559f945fc580 crc :-1 s=STATE_CONNECTION_ESTABLISHED l=1).read start len=45
2026-02-17T11:25:55.214+0000 7f0f26bef640 20 --2- 127.0.0.1:0/2168467607 >> v2:127.0.0.1:7146/0 conn(0x559f945f5800 0x559f945fd080 crc :-1 s=THROTTLE_DISPATCH_QUEUE pgs=14 cs=0 l=1 rev1=1 crypto rx=0 tx=0 comp rx=0 tx=0).throttle_dispatch_queue
2026-02-17T11:25:55.214+0000 7f0f28bf3640 20 --2- 127.0.0.1:0/444870068 >> v2:127.0.0.1:7146/0 conn(0x559f945f4c00 0x559f945fc580 crc :-1 s=THROTTLE_DONE pgs=10 cs=0 l=1 rev1=1 crypto rx=0 tx=0 comp rx=0 tx=0).handle_read_frame_segment r=0
2026-02-17T11:25:55.214+0000 7f0f28bf3640 20 --2- 127.0.0.1:0/444870068 >> v2:127.0.0.1:7146/0 conn(0x559f945f4c00 0x559f945fc580 crc :-1 s=THROTTLE_DONE pgs=10 cs=0 l=1 rev1=1 crypto rx=0 tx=0 comp rx=0 tx=0).read_frame_segment seg_idx=1
2026-02-17T11:25:55.214+0000 7f0f26bef640 20 --2- 127.0.0.1:0/2168467607 >> v2:127.0.0.1:7146/0 conn(0x559f945f5800 0x559f945fd080 crc :-1 s=THROTTLE_DONE pgs=14 cs=0 l=1 rev1=1 crypto rx=0 tx=0 comp rx=0 tx=0).read_frame_segment seg_idx=0
2026-02-17T11:25:55.214+0000 7f0f26bef640 20 -- 127.0.0.1:0/2168467607 >> v2:127.0.0.1:7146/0 conn(0x559f945f5800 msgr2=0x559f945fd080 crc :-1 s=STATE_CONNECTION_ESTABLISHED l=1).read start len=45
2026-02-17T11:25:55.214+0000 7f0f28bf3640 20 -- 127.0.0.1:0/444870068 >> v2:127.0.0.1:7146/0 conn(0x559f945f4c00 msgr2=0x559f945fc580 crc :-1 s=STATE_CONNECTION_ESTABLISHED l=1).read start len=51629
2026-02-17T11:25:55.214+0000 7f0f26bef640 20 --2- 127.0.0.1:0/2168467607 >> v2:127.0.0.1:7146/0 conn(0x559f945f5800 0x559f945fd080 crc :-1 s=THROTTLE_DONE pgs=14 cs=0 l=1 rev1=1 crypto rx=0 tx=0 comp rx=0 tx=0).handle_read_frame_segment r=0
2026-02-17T11:25:55.214+0000 7f0f26bef640 20 --2- 127.0.0.1:0/2168467607 >> v2:127.0.0.1:7146/0 conn(0x559f945f5800 0x559f945fd080 crc :-1 s=THROTTLE_DONE pgs=14 cs=0 l=1 rev1=1 crypto rx=0 tx=0 comp rx=0 tx=0).read_frame_segment seg_idx=1
2026-02-17T11:25:55.214+0000 7f0f26bef640 20 -- 127.0.0.1:0/2168467607 >> v2:127.0.0.1:7146/0 conn(0x559f945f5800 msgr2=0x559f945fd080 crc :-1 s=STATE_CONNECTION_ESTABLISHED l=1).read start len=51629
2026-02-17T11:25:55.214+0000 7f0f28bf3640 20 --2- 127.0.0.1:0/444870068 >> v2:127.0.0.1:7146/0 conn(0x559f945f4c00 0x559f945fc580 crc :-1 s=THROTTLE_DONE pgs=10 cs=0 l=1 rev1=1 crypto rx=0 tx=0 comp rx=0 tx=0).handle_read_frame_segment r=0
2026-02-17T11:25:55.214+0000 7f0f28bf3640 20 -- 127.0.0.1:0/444870068 >> v2:127.0.0.1:7146/0 conn(0x559f945f4c00 msgr2=0x559f945fc580 crc :-1 s=STATE_CONNECTION_ESTABLISHED l=1).read start len=13
