2026-02-17T11:26:00.310+0000 7f7fb6ce5640 20 --2- v2:127.0.0.1:7146/0 >> 127.0.0.1:0/1692131296 conn(0x557890564c00 0x55789061e580 crc :-1 s=THROTTLE_MESSAGE pgs=1 cs=0 l=1 rev1=1 crypto rx=0 tx=0 comp rx=0 tx=0).throttle_message
2026-02-17T11:26:00.310+0000 7f7fb6ce5640 20 --2- v2:127.0.0.1:7146/0 >> 127.0.0.1:0/1692131296 conn(0x557890564c00 0x55789061e580 crc :-1 s=THROTTLE_BYTES pgs=1 cs=0 l=1 rev1=1 crypto rx=0 tx=0 comp rx=0 tx=0).throttle_bytes
2026-02-17T11:26:00.310+0000 7f7fb6ce5640 10 --2- v2:127.0.0.1:7146/0 >> 127.0.0.1:0/1692131296 conn(0x557890564c00 0x55789061e580 crc :-1 s=THROTTLE_BYTES pgs=1 cs=0 l=1 rev1=1 crypto rx=0 tx=0 comp rx=0 tx=0).throttle_bytes wants 64 bytes from policy throttler 0/104857600
2026-02-17T11:26:00.310+0000 7f7fb6ce5640 20 --2- v2:127.0.0.1:7146/0 >> 127.0.0.1:0/1692131296 conn(0x557890564c00 0x55789061e580 crc :-1 s=THROTTLE_DISPATCH_QUEUE pgs=1 cs=0 l=1 rev1=1 crypto rx=0 tx=0 comp rx=0 tx=0).throttle_dispatch_queue
2026-02-17T11:26:00.310+0000 7f7fb6ce5640 20 --2- v2:127.0.0.1:7146/0 >> 127.0.0.1:0/1692131296 conn(0x557890564c00 0x55789061e580 crc :-1 s=THROTTLE_DONE pgs=1 cs=0 l=1 rev1=1 crypto rx=0 tx=0 comp rx=0 tx=0).read_frame_segment seg_idx=0
2026-02-17T11:26:00.310+0000 7f7fb6ce5640 20 -- v2:127.0.0.1:7146/0 >> 127.0.0.1:0/1692131296 conn(0x557890564c00 msgr2=0x55789061e580 crc :-1 s=STATE_CONNECTION_ESTABLISHED l=1).read start len=45
2026-02-17T11:26:00.310+0000 7f7fb6ce5640 20 --2- v2:127.0.0.1:7146/0 >> 127.0.0.1:0/1692131296 conn(0x557890564c00 0x55789061e580 crc :-1 s=THROTTLE_DONE pgs=1 cs=0 l=1 rev1=1 crypto rx=0 tx=0 comp rx=0 tx=0).handle_read_frame_segment r=0
2026-02-17T11:26:00.310+0000 7f7fb6ce5640 20 --2- v2:127.0.0.1:7146/0 >> 127.0.0.1:0/1692131296 conn(0x557890564c00 0x55789061e580 crc :-1 s=THROTTLE_DONE pgs=1 cs=0 l=1 rev1=1 crypto rx=0 tx=0 comp rx=0 tx=0).read_frame_segment seg_idx=1
2026-02-17T11:26:00.310+0000 7f7fb6ce5640 20 -- v2:127.0.0.1:7146/0 >> 127.0.0.1:0/1692131296 conn(0x557890564c00 msgr2=0x55789061e580 crc :-1 s=STATE_CONNECTION_ESTABLISHED l=1).read start len=64
2026-02-17T11:26:00.310+0000 7f7fb6ce5640 20 --2- v2:127.0.0.1:7146/0 >> 127.0.0.1:0/1692131296 conn(0x557890564c00 0x55789061e580 crc :-1 s=THROTTLE_DONE pgs=1 cs=0 l=1 rev1=1 crypto rx=0 tx=0 comp rx=0 tx=0).handle_read_frame_segment r=0
2026-02-17T11:26:00.310+0000 7f7fb6ce5640 20 -- v2:127.0.0.1:7146/0 >> 127.0.0.1:0/1692131296 conn(0x557890564c00 msgr2=0x55789061e580 crc :-1 s=STATE_CONNECTION_ESTABLISHED l=1).read start len=13
2026-02-17T11:26:00.310+0000 7f7fb6ce5640 20 --2- v2:127.0.0.1:7146/0 >> 127.0.0.1:0/1692131296 conn(0x557890564c00 0x55789061e580 crc :-1 s=THROTTLE_DONE pgs=1 cs=0 l=1 rev1=1 crypto rx=0 tx=0 comp rx=0 tx=0).handle_read_frame_epilogue_main r=0
2026-02-17T11:26:00.310+0000 7f7fb6ce5640 10 --2- v2:127.0.0.1:7146/0 >> 127.0.0.1:0/1692131296 conn(0x557890564c00 0x55789061e580 crc :-1 s=THROTTLE_DONE pgs=1 cs=0 l=1 rev1=1 crypto rx=0 tx=0 comp rx=0 tx=0).handle_read_frame_dispatch tag=17
2026-02-17T11:26:00.310+0000 7f7fb6ce5640 20 --2- v2:127.0.0.1:7146/0 >> 127.0.0.1:0/1692131296 conn(0x557890564c00 0x55789061e580 crc :-1 s=THROTTLE_DONE pgs=1 cs=0 l=1 rev1=1 crypto rx=0 tx=0 comp rx=0 tx=0).handle_message
2026-02-17T11:26:00.310+0000 7f7fb6ce5640 5 --2- v2:127.0.0.1:7146/0 >> 127.0.0.1:0/1692131296 conn(0x557890564c00 0x55789061e580 crc :-1 s=THROTTLE_DONE pgs=1 cs=0 l=1 rev1=1 crypto rx=0 tx=0 comp rx=0 tx=0).handle_message got 64 + 0 + 0 byte message. envelope type=50 src client.? off 0
2026-02-17T11:26:00.310+0000 7f7fb6ce5640 5 --2- v2:127.0.0.1:7146/0 >> 127.0.0.1:0/1692131296 conn(0x557890564c00 0x55789061e580 crc :-1 s=READ_MESSAGE_COMPLETE pgs=1 cs=0 l=1 rev1=1 crypto rx=0 tx=0 comp rx=0 tx=0).handle_message received message m=0x5578908c0c40 seq=7 from=client.? type=50 mon_command({"prefix": "osd dump"} v 0)
2026-02-17T11:26:00.310+0000 7f7fb6ce5640 20 -- v2:127.0.0.1:7146/0 queue 0x5578908c0c40 prio 127
2026-02-17T11:26:00.310+0000 7f7fb6ce5640 20 --2- v2:127.0.0.1:7146/0 >> 127.0.0.1:0/1692131296 conn(0x557890564c00 0x55789061e580 crc :-1 s=READY pgs=1 cs=0 l=1 rev1=1 crypto rx=0 tx=0 comp rx=0 tx=0).read_frame
2026-02-17T11:26:00.310+0000 7f7fb6ce5640 20 -- v2:127.0.0.1:7146/0 >> 127.0.0.1:0/1692131296 conn(0x557890564c00 msgr2=0x55789061e580 crc :-1 s=STATE_CONNECTION_ESTABLISHED l=1).read start len=32
2026-02-17T11:26:00.310+0000 7f7fb84e8640 1 -- v2:127.0.0.1:7146/0 <== client.? 127.0.0.1:0/1692131296 7 ==== mon_command({"prefix": "osd dump"} v 0) ==== 64+0+0 (crc 0 0 0) 0x5578908c0c40 con 0x557890564c00
2026-02-17T11:26:00.310+0000 7f7fb84e8640 20 mon.a@0(leader) e1 _ms_dispatch existing session 0x5578907f6fc0 for client.?
2026-02-17T11:26:00.310+0000 7f7fb84e8640 20 mon.a@0(leader) e1 entity_name client.admin global_id 4116 (none) caps allow *
2026-02-17T11:26:00.310+0000 7f7fb84e8640 0 mon.a@0(leader) e1 handle_command mon_command({"prefix": "osd dump"} v 0)
2026-02-17T11:26:00.310+0000 7f7fb84e8640 20 MonCap is_capable service=osd command=osd dump read addr 127.0.0.1:0/1692131296 on cap allow *
2026-02-17T11:26:00.310+0000 7f7fb84e8640 20 MonCap allow so far , doing grant allow *
2026-02-17T11:26:00.310+0000 7f7fb84e8640 20 MonCap allow all
2026-02-17T11:26:00.310+0000 7f7fb84e8640 10 mon.a@0(leader) e1 _allowed_command capable
2026-02-17T11:26:00.310+0000 7f7fb84e8640 0 log_channel(audit) log [DBG] : from='client.? 127.0.0.1:0/1692131296' entity='client.admin' cmd=[{"prefix": "osd dump"}]: dispatch
2026-02-17T11:26:00.310+0000 7f7fb84e8640 1 -- v2:127.0.0.1:7146/0 --> v2:127.0.0.1:7146/0 -- log(1 entries from seq 39 at
2026-02-17T11:26:00.315396+0000) -- 0x55789074a200 con 0x55788f3d1800
2026-02-17T11:26:00.310+0000 7f7fb84e8640 20 -- v2:127.0.0.1:7146/0 >> v2:127.0.0.1:7146/0 conn(0x55788f3d1800 msgr2=0x55788f50e800 unknown :-1 s=STATE_NONE l=0).send_message log(1 entries from seq 39 at
2026-02-17T11:26:00.315396+0000) local
2026-02-17T11:26:00.310+0000 7f7fb84e8640 10 mon.a@0(leader).paxosservice(osdmap 1..2) dispatch 0x5578908c0c40 mon_command({"prefix": "osd dump"} v 0) from client.? 127.0.0.1:0/1692131296 con 0x557890564c00
2026-02-17T11:26:00.310+0000 7f7fb7ce7640 20 -- v2:127.0.0.1:7146/0 queue 0x55789074a200 prio 196
2026-02-17T11:26:00.310+0000 7f7fb84e8640 5 mon.a@0(leader).paxos(paxos active c 1..24) is_readable = 1 - now=2026-02-17T11:26:00.315412+0000 lease_expire=1970-01-01T00:00:00.000000+0000 has v0 lc 24
2026-02-17T11:26:00.310+0000 7f7fb84e8640 10 mon.a@0(leader).osd e2 preprocess_query mon_command({"prefix": "osd dump"} v 0) from client.? 127.0.0.1:0/1692131296
2026-02-17T11:26:00.310+0000 7f7fb84e8640 2 mon.a@0(leader) e1 send_reply 0x5578907cde60 0x557890862d20 mon_command_ack([{"prefix": "osd dump"}]=0 v2)
2026-02-17T11:26:00.310+0000 7f7fb84e8640 1 -- v2:127.0.0.1:7146/0 --> 127.0.0.1:0/1692131296 -- mon_command_ack([{"prefix": "osd dump"}]=0 v2) -- 0x557890862d20 con 0x557890564c00
2026-02-17T11:26:00.310+0000 7f7fb84e8640 5 --2- v2:127.0.0.1:7146/0 >> 127.0.0.1:0/1692131296 conn(0x557890564c00 0x55789061e580 crc :-1 s=READY pgs=1 cs=0 l=1 rev1=1 crypto rx=0 tx=0 comp rx=0 tx=0).send_message enqueueing message m=0x557890862d20 type=51 mon_command_ack([{"prefix": "osd dump"}]=0 v2)
2026-02-17T11:26:00.310+0000 7f7fb84e8640 15 --2- v2:127.0.0.1:7146/0 >> 127.0.0.1:0/1692131296 conn(0x557890564c00 0x55789061e580 crc :-1 s=READY pgs=1 cs=0 l=1 rev1=1 crypto rx=0 tx=0 comp rx=0 tx=0).send_message inline write is denied, reschedule m=0x557890862d20
2026-02-17T11:26:00.310+0000 7f7fb84e8640 20 Event(0x55788f41ebc8 nevent=5000 time_id=9).wakeup
2026-02-17T11:26:00.310+0000 7f7fb84e8640 10 -- v2:127.0.0.1:7146/0 dispatch_throttle_release 64 to dispatch throttler 64/104857600
2026-02-17T11:26:00.310+0000 7f7fb84e8640 20 -- v2:127.0.0.1:7146/0 done calling dispatch on 0x5578908c0c40
2026-02-17T11:26:00.310+0000 7f7fb84e8640 1 -- v2:127.0.0.1:7146/0 <== mon.0 v2:127.0.0.1:7146/0 0 ==== log(1 entries from seq 39 at
2026-02-17T11:26:00.315396+0000) ==== 0+0+0 (unknown 0 0 0) 0x55789074a200 con 0x55788f3d1800
2026-02-17T11:26:00.310+0000 7f7fb84e8640 20 mon.a@0(leader) e1 _ms_dispatch existing session 0x5578902dab40 for mon.0
2026-02-17T11:26:00.310+0000 7f7fb84e8640 20 mon.a@0(leader) e1 entity_name global_id 0 (none) caps allow *
2026-02-17T11:26:00.310+0000 7f7fb6ce5640 10 -- v2:127.0.0.1:7146/0 >> 127.0.0.1:0/1692131296 conn(0x557890564c00 msgr2=0x55789061e580 crc :-1 s=STATE_CONNECTION_ESTABLISHED l=1).handle_write
2026-02-17T11:26:00.310+0000 7f7fb6ce5640 10 --2- v2:127.0.0.1:7146/0 >> 127.0.0.1:0/1692131296 conn(0x557890564c00 0x55789061e580 crc :-1 s=READY pgs=1 cs=0 l=1 rev1=1 crypto rx=0 tx=0 comp rx=0 tx=0).write_event
2026-02-17T11:26:00.310+0000 7f7fb84e8640 10 mon.a@0(leader).paxosservice(logm 1..13) dispatch 0x55789074a200 log(1 entries from seq 39 at
2026-02-17T11:26:00.315396+0000) from mon.0 v2:127.0.0.1:7146/0 con 0x55788f3d1800
2026-02-17T11:26:00.310+0000 7f7fb84e8640 5 mon.a@0(leader).paxos(paxos active c 1..24) is_readable = 1 - now=2026-02-17T11:26:00.315461+0000 lease_expire=1970-01-01T00:00:00.000000+0000 has v0 lc 24
2026-02-17T11:26:00.310+0000 7f7fb84e8640 10 mon.a@0(leader).log v13 preprocess_query log(1 entries from seq 39 at
2026-02-17T11:26:00.315396+0000) from mon.0 v2:127.0.0.1:7146/0
2026-02-17T11:26:00.310+0000 7f7fb6ce5640 20 --2- v2:127.0.0.1:7146/0 >> 127.0.0.1:0/1692131296 conn(0x557890564c00 0x55789061e580 crc :-1 s=READY pgs=1 cs=0 l=1 rev1=1 crypto rx=0 tx=0 comp rx=0 tx=0).prepare_send_message m=mon_command_ack([{"prefix": "osd dump"}]=0 v2)
2026-02-17T11:26:00.310+0000 7f7fb84e8640 10 mon.a@0(leader).log v13 preprocess_log log(1 entries from seq 39 at
2026-02-17T11:26:00.315396+0000) from mon.0
2026-02-17T11:26:00.310+0000 7f7fb84e8640 20 MonCap is_capable service=log command= write addr - on cap allow *
2026-02-17T11:26:00.310+0000 7f7fb84e8640 20 MonCap allow so far , doing grant allow *
2026-02-17T11:26:00.310+0000 7f7fb84e8640 20 MonCap allow all
2026-02-17T11:26:00.310+0000 7f7fb6ce5640 20 --2- v2:127.0.0.1:7146/0 >> 127.0.0.1:0/1692131296 conn(0x557890564c00 0x55789061e580 crc :-1 s=READY pgs=1 cs=0 l=1 rev1=1 crypto rx=0 tx=0 comp rx=0 tx=0).prepare_send_message encoding features 4540701547738038271 0x557890862d20 mon_command_ack([{"prefix": "osd dump"}]=0 v2)
2026-02-17T11:26:00.310+0000 7f7fb84e8640 10 mon.a@0(leader) e1 no_reply to mon.0 v2:127.0.0.1:7146/0 log(1 entries from seq 39 at
2026-02-17T11:26:00.315396+0000)
2026-02-17T11:26:00.310+0000 7f7fb84e8640 10 mon.a@0(leader).log v13 prepare_update log(1 entries from seq 39 at
2026-02-17T11:26:00.315396+0000) from mon.0 v2:127.0.0.1:7146/0
2026-02-17T11:26:00.310+0000 7f7fb6ce5640 5 --2- v2:127.0.0.1:7146/0 >> 127.0.0.1:0/1692131296 conn(0x557890564c00 0x55789061e580 crc :-1 s=READY pgs=1 cs=0 l=1 rev1=1 crypto rx=0 tx=0 comp rx=0 tx=0).write_message sending message m=0x557890862d20 seq=8 mon_command_ack([{"prefix": "osd dump"}]=0 v2)
2026-02-17T11:26:00.310+0000 7f7fb84e8640 10 mon.a@0(leader).log v13 prepare_log log(1 entries from seq 39 at
2026-02-17T11:26:00.315396+0000) from mon.0
2026-02-17T11:26:00.310+0000 7f7fb6ce5640 20 --2- v2:127.0.0.1:7146/0 >> 127.0.0.1:0/1692131296 conn(0x557890564c00 0x55789061e580 crc :-1 s=READY pgs=1 cs=0 l=1 rev1=1 crypto rx=0 tx=0 comp rx=0 tx=0).write_message sending m=0x557890862d20 seq=8 src=mon.0 off=0
2026-02-17T11:26:00.310+0000 7f7fb84e8640 10 mon.a@0(leader).log v13 logging
2026-02-17T11:26:00.315396+0000 mon.a (mon.0) 39 : audit [DBG] from='client.? 127.0.0.1:0/1692131296' entity='client.admin' cmd=[{"prefix": "osd dump"}]: dispatch
2026-02-17T11:26:00.310+0000 7f7fb84e8640 10 mon.a@0(leader).paxosservice(logm 1..13) setting proposal_timer 0x5578908664a0 with delay of 0.0775282
2026-02-17T11:26:00.310+0000 7f7fb84e8640 20 -- v2:127.0.0.1:7146/0 done calling dispatch on 0x55789074a200
2026-02-17T11:26:00.310+0000 7f7fb6ce5640 10 -- v2:127.0.0.1:7146/0 >> 127.0.0.1:0/1692131296 conn(0x557890564c00 msgr2=0x55789061e580 crc :-1 s=STATE_CONNECTION_ESTABLISHED l=1)._try_send sent bytes 672 remaining bytes 0
2026-02-17T11:26:00.310+0000 7f7fb6ce5640 10 --2- v2:127.0.0.1:7146/0 >> 127.0.0.1:0/1692131296 conn(0x557890564c00 0x55789061e580 crc :-1 s=READY pgs=1 cs=0 l=1 rev1=1 crypto rx=0 tx=0 comp rx=0 tx=0).write_message sending 0x557890862d20 done.
2026-02-17T11:26:00.310+0000 7f7fb6ce5640 20 -- v2:127.0.0.1:7146/0 >> 127.0.0.1:0/1692131296 conn(0x557890564c00 msgr2=0x55789061e580 crc :-1 s=STATE_CONNECTION_ESTABLISHED l=1).process
2026-02-17T11:26:00.310+0000 7f7fb6ce5640 20 -- v2:127.0.0.1:7146/0 >> 127.0.0.1:0/1692131296 conn(0x557890564c00 msgr2=0x55789061e580 crc :-1 s=STATE_CONNECTION_ESTABLISHED l=1).read continue len=32
2026-02-17T11:26:00.310+0000 7f7fb6ce5640 1 -- v2:127.0.0.1:7146/0 >> 127.0.0.1:0/1692131296 conn(0x557890564c00 msgr2=0x55789061e580 crc :-1 s=STATE_CONNECTION_ESTABLISHED l=1).read_bulk peer close file descriptor 43
2026-02-17T11:26:00.310+0000 7f7fb6ce5640 1 -- v2:127.0.0.1:7146/0 >> 127.0.0.1:0/1692131296 conn(0x557890564c00 msgr2=0x55789061e580 crc :-1 s=STATE_CONNECTION_ESTABLISHED l=1).read_until read failed
2026-02-17T11:26:00.310+0000 7f7fb6ce5640 20 --2- v2:127.0.0.1:7146/0 >> 127.0.0.1:0/1692131296 conn(0x557890564c00 0x55789061e580 crc :-1 s=READY pgs=1 cs=0 l=1 rev1=1 crypto rx=0 tx=0 comp rx=0 tx=0).handle_read_frame_preamble_main r=-1
2026-02-17T11:26:00.310+0000 7f7fb6ce5640 1 --2- v2:127.0.0.1:7146/0 >> 127.0.0.1:0/1692131296 conn(0x557890564c00 0x55789061e580 crc :-1 s=READY pgs=1 cs=0 l=1 rev1=1 crypto rx=0 tx=0 comp rx=0 tx=0).handle_read_frame_preamble_main read frame preamble failed r=-1
2026-02-17T11:26:00.310+0000 7f7fb6ce5640 10 --2- v2:127.0.0.1:7146/0 >> 127.0.0.1:0/1692131296 conn(0x557890564c00 0x55789061e580 crc :-1 s=READY pgs=1 cs=0 l=1 rev1=1 crypto rx=0 tx=0 comp rx=0 tx=0)._fault
2026-02-17T11:26:00.310+0000 7f7fb6ce5640 2 --2- v2:127.0.0.1:7146/0 >> 127.0.0.1:0/1692131296 conn(0x557890564c00 0x55789061e580 crc :-1 s=READY pgs=1 cs=0 l=1 rev1=1 crypto rx=0 tx=0 comp rx=0 tx=0)._fault on lossy channel, failing
2026-02-17T11:26:00.310+0000 7f7fb6ce5640 1 --2- v2:127.0.0.1:7146/0 >> 127.0.0.1:0/1692131296 conn(0x557890564c00 0x55789061e580 crc :-1 s=READY pgs=1 cs=0 l=1 rev1=1 crypto rx=0 tx=0 comp rx=0 tx=0).stop
2026-02-17T11:26:00.310+0000 7f7fb6ce5640 5 --2- v2:127.0.0.1:7146/0 >> 127.0.0.1:0/1692131296 conn(0x557890564c00 0x55789061e580 crc :-1 s=READY pgs=1 cs=0 l=1 rev1=1 crypto rx=0 tx=0 comp rx=0 tx=0).reset_recv_state
2026-02-17T11:26:00.310+0000 7f7fb6ce5640 5 --2- v2:127.0.0.1:7146/0 >> 127.0.0.1:0/1692131296 conn(0x557890564c00 0x55789061e580 crc :-1 s=READY pgs=1 cs=0 l=1 rev1=1 crypto rx=0 tx=0 comp rx=0 tx=0).reset_security
2026-02-17T11:26:00.310+0000 7f7fb6ce5640 5 --2- v2:127.0.0.1:7146/0 >> 127.0.0.1:0/1692131296 conn(0x557890564c00 0x55789061e580 unknown :-1 s=READY pgs=1 cs=0 l=1 rev1=1 crypto rx=0 tx=0 comp rx=0 tx=0).reset_compression
2026-02-17T11:26:00.310+0000 7f7fb6ce5640 10 --2- v2:127.0.0.1:7146/0 >> 127.0.0.1:0/1692131296 conn(0x557890564c00 0x55789061e580 unknown :-1 s=READY pgs=1 cs=0 l=1 rev1=1 crypto rx=0 tx=0 comp rx=0 tx=0).discard_out_queue started
2026-02-17T11:26:00.310+0000 7f7fb6ce5640 20 Event(0x55788f41e508 nevent=5000 time_id=7).wakeup
2026-02-17T11:26:00.310+0000 7f7fb6ce5640 20 EpollDriver.del_event del event fd=43 cur_mask=1 delmask=3 to 23
2026-02-17T11:26:00.310+0000 7f7fb64e4640 1 -- v2:127.0.0.1:7146/0 reap_dead start
2026-02-17T11:26:00.310+0000 7f7fb64e4640 5 -- v2:127.0.0.1:7146/0 reap_dead delete 0x5578904b4000
2026-02-17T11:26:00.310+0000 7f7fb84e8640 10 mon.a@0(leader) e1 ms_handle_reset 0x557890564c00 127.0.0.1:0/1692131296
2026-02-17T11:26:00.310+0000 7f7fb64e4640 5 -- v2:127.0.0.1:7146/0 reap_dead delete 0x5578904b4800
2026-02-17T11:26:00.310+0000 7f7fb64e4640 5 -- v2:127.0.0.1:7146/0 reap_dead delete 0x5578904b5400
2026-02-17T11:26:00.310+0000 7f7fb64e4640 5 -- v2:127.0.0.1:7146/0 reap_dead delete 0x557890564c00
2026-02-17T11:26:00.310+0000 7f7fb64e4640 5 -- v2:127.0.0.1:7146/0 reap_dead delete 0x557890565000
2026-02-17T11:26:00.310+0000 7f7fb84e8640 10 mon.a@0(leader) e1 reset/close on session client.? 127.0.0.1:0/1692131296
2026-02-17T11:26:00.310+0000 7f7fb84e8640 10 mon.a@0(leader) e1 remove_session 0x5578907f6fc0 client.? 127.0.0.1:0/1692131296 features 0x3f03cffffffdffff
2026-02-17T11:26:00.386+0000 7f7fbaced640 10 mon.a@0(leader).paxosservice(logm 1..13) propose_pending
2026-02-17T11:26:00.386+0000 7f7fbaced640 10 mon.a@0(leader).log v13 encode_pending v14
2026-02-17T11:26:00.386+0000 7f7fbaced640 20 mon.a@0(leader).log v13 encode_pending writing 1 entries
2026-02-17T11:26:00.386+0000 7f7fbaced640 20 mon.a@0(leader).log v13 encode_pending prune_channels_to {}
2026-02-17T11:26:00.386+0000 7f7fbaced640 5 mon.a@0(leader).paxos(paxos active c 1..24) queue_pending_finisher 0x55788f3aaf30
2026-02-17T11:26:00.386+0000 7f7fbaced640 10 mon.a@0(leader).paxos(paxos active c 1..24) trigger_propose active, proposing now
2026-02-17T11:26:00.386+0000 7f7fbaced640 10 mon.a@0(leader).paxos(paxos active c 1..24) propose_pending 25 542 bytes
2026-02-17T11:26:00.386+0000 7f7fbaced640 10 mon.a@0(leader).paxos(paxos updating c 1..24) begin for 25 542 bytes
2026-02-17T11:26:00.386+0000 7f7fbaced640 10 mon.a@0(leader).paxos(paxos updating c 1..24) commit_start 25
2026-02-17T11:26:00.386+0000 7f7fb5ce3640 20 mon.a@0(leader).paxos(paxos writing c 1..24) commit_finish 25
2026-02-17T11:26:00.386+0000 7f7fb5ce3640 10 mon.a@0(leader) e1 refresh_from_paxos
2026-02-17T11:26:00.386+0000 7f7fb5ce3640 10 mon.a@0(leader).paxosservice(mdsmap 1..1) refresh
2026-02-17T11:26:00.386+0000 7f7fb5ce3640 10 mon.a@0(leader).paxosservice(osdmap 1..2) refresh
2026-02-17T11:26:00.386+0000 7f7fb5ce3640 10 mon.a@0(leader).paxosservice(logm 1..13) refresh
2026-02-17T11:26:00.386+0000 7f7fb5ce3640 7 mon.a@0(leader).log v13 _updated_log for mon.0 v2:127.0.0.1:7146/0
2026-02-17T11:26:00.386+0000 7f7fb5ce3640 2 mon.a@0(leader) e1 send_reply 0x5578907cc000 0x5578908c16c0 log(last 39)
2026-02-17T11:26:00.386+0000 7f7fb5ce3640 1 -- v2:127.0.0.1:7146/0 --> v2:127.0.0.1:7146/0 -- log(last 39) -- 0x5578908c16c0 con 0x55788f3d1800
2026-02-17T11:26:00.386+0000 7f7fb5ce3640 20 -- v2:127.0.0.1:7146/0 >> v2:127.0.0.1:7146/0 conn(0x55788f3d1800 msgr2=0x55788f50e800 unknown :-1 s=STATE_NONE l=0).send_message log(last 39) local
2026-02-17T11:26:00.386+0000 7f7fb5ce3640 10 mon.a@0(leader).log v14 update_from_paxos
2026-02-17T11:26:00.386+0000 7f7fb5ce3640 10 mon.a@0(leader).log v14 update_from_paxos version 14 summary v 13
2026-02-17T11:26:00.386+0000 7f7fb5ce3640 10 mon.a@0(leader).log v14 update_from_paxos latest full 0
2026-02-17T11:26:00.386+0000 7f7fb7ce7640 20 -- v2:127.0.0.1:7146/0 queue 0x5578908c16c0 prio 196
2026-02-17T11:26:00.386+0000 7f7fb5ce3640 7 mon.a@0(leader).log v14 update_from_paxos applying incremental log 14
2026-02-17T11:26:00.315396+0000 mon.a (mon.0) 39 : audit [DBG] from='client.? 127.0.0.1:0/1692131296' entity='client.admin' cmd=[{"prefix": "osd dump"}]: dispatch
2026-02-17T11:26:00.386+0000 7f7fb84e8640 1 -- v2:127.0.0.1:7146/0 <== mon.0 v2:127.0.0.1:7146/0 0 ==== log(last 39) ==== 0+0+0 (unknown 0 0 0) 0x5578908c16c0 con 0x55788f3d1800
2026-02-17T11:26:00.386+0000 7f7fb5ce3640 10 mon.a@0(leader).log v14 summary.channel_info {audit=0,21,cluster=0,19}
2026-02-17T11:26:00.386+0000 7f7fb5ce3640 10 mon.a@0(leader).log v14 check_subs
2026-02-17T11:26:00.386+0000 7f7fb5ce3640 10 mon.a@0(leader).log v14 check_sub client wants log-info ver 14
2026-02-17T11:26:00.386+0000 7f7fb5ce3640 10 mon.a@0(leader).log v14 _create_sub_incremental level 1 ver 14 cur summary ver 14
2026-02-17T11:26:00.386+0000 7f7fb5ce3640 20 mon.a@0(leader).log v14 _create_sub_incremental sv 14 has 1 entries
2026-02-17T11:26:00.386+0000 7f7fb5ce3640 20 mon.a@0(leader).log v14 _create_sub_incremental requested 1, skipping
2026-02-17T11:26:00.315396+0000 mon.a (mon.0) 39 : audit [DBG] from='client.? 127.0.0.1:0/1692131296' entity='client.admin' cmd=[{"prefix": "osd dump"}]: dispatch
2026-02-17T11:26:00.386+0000 7f7fb5ce3640 10 mon.a@0(leader).log v14 _create_sub_incremental incremental message ready (0 entries)
2026-02-17T11:26:00.386+0000 7f7fb5ce3640 10 mon.a@0(leader).log v14 check_sub sending message to mgr.4100 with 0 entries (version 14)
2026-02-17T11:26:00.386+0000 7f7fb5ce3640 10 mon.a@0(leader).paxosservice(monmap 1..1) refresh
2026-02-17T11:26:00.386+0000 7f7fb5ce3640 10 mon.a@0(leader).paxosservice(auth 1..3) refresh
2026-02-17T11:26:00.386+0000 7f7fb5ce3640 10 mon.a@0(leader).auth v3 update_from_paxos
2026-02-17T11:26:00.386+0000 7f7fb5ce3640 10 mon.a@0(leader).paxosservice(mgr 1..4) refresh
2026-02-17T11:26:00.386+0000 7f7fb5ce3640 10 mon.a@0(leader).config load_config got 1 keys
2026-02-17T11:26:00.390+0000 7f7fb5ce3640 10 mon.a@0(leader).mgr e4 prime_mgr_client
2026-02-17T11:26:00.390+0000 7f7fb5ce3640 10 mon.a@0(leader).paxosservice(mgrstat 1..1) refresh
2026-02-17T11:26:00.390+0000 7f7fb5ce3640 10 mon.a@0(leader).mgrstat 1
2026-02-17T11:26:00.390+0000 7f7fb5ce3640 10 mon.a@0(leader).mgrstat update_from_paxos v1 service_map e1 0 progress events
2026-02-17T11:26:00.390+0000 7f7fb5ce3640 10 mon.a@0(leader).mgrstat check_subs
2026-02-17T11:26:00.390+0000 7f7fb5ce3640 10 mon.a@0(leader).mgrstat check_sub next 2 vs service_map.epoch 1
2026-02-17T11:26:00.390+0000 7f7fb5ce3640 20 mon.a@0(leader).mgrstat update_logger
2026-02-17T11:26:00.390+0000 7f7fb5ce3640 20 mon.a@0(leader).osd e2 notify_new_pg_digest
2026-02-17T11:26:00.390+0000 7f7fb5ce3640 10 mon.a@0(leader).paxosservice(health 1..1) refresh
2026-02-17T11:26:00.390+0000 7f7fb5ce3640 10 mon.a@0(leader).health update_from_paxos
2026-02-17T11:26:00.390+0000 7f7fb5ce3640 20 mon.a@0(leader).health dump:{ "quorum_health": {}, "leader_health": {} }
2026-02-17T11:26:00.390+0000 7f7fb5ce3640 10 mon.a@0(leader).paxosservice(config 1..2) refresh
2026-02-17T11:26:00.390+0000 7f7fb5ce3640 10 mon.a@0(leader).paxosservice(kv 1..5) refresh
2026-02-17T11:26:00.390+0000 7f7fb5ce3640 10 mon.a@0(leader).paxosservice(mdsmap 1..1) post_refresh
2026-02-17T11:26:00.390+0000 7f7fb5ce3640 10 mon.a@0(leader).paxosservice(osdmap 1..2) post_refresh
2026-02-17T11:26:00.390+0000 7f7fb5ce3640 10 mon.a@0(leader).paxosservice(logm 1..14) post_refresh
2026-02-17T11:26:00.390+0000 7f7fb5ce3640 10 mon.a@0(leader).paxosservice(monmap 1..1) post_refresh
2026-02-17T11:26:00.390+0000 7f7fb5ce3640 10 mon.a@0(leader).paxosservice(auth 1..3) post_refresh
2026-02-17T11:26:00.390+0000 7f7fb5ce3640 10 mon.a@0(leader).paxosservice(mgr 1..4) post_refresh
2026-02-17T11:26:00.390+0000 7f7fb5ce3640 10 mon.a@0(leader).paxosservice(mgrstat 1..1) post_refresh
2026-02-17T11:26:00.390+0000 7f7fb5ce3640 10 mon.a@0(leader).paxosservice(health 1..1) post_refresh
2026-02-17T11:26:00.390+0000 7f7fb5ce3640 10 mon.a@0(leader).paxosservice(config 1..2) post_refresh
2026-02-17T11:26:00.390+0000 7f7fb5ce3640 10 mon.a@0(leader).paxosservice(kv 1..5) post_refresh
2026-02-17T11:26:00.390+0000 7f7fb5ce3640 10 mon.a@0(leader).paxos(paxos refresh c 1..25) commit_proposal
2026-02-17T11:26:00.390+0000 7f7fb5ce3640 10 mon.a@0(leader).paxosservice(logm 1..14) _active - not active
2026-02-17T11:26:00.390+0000 7f7fb5ce3640 10 mon.a@0(leader).paxos(paxos refresh c 1..25) finish_round
2026-02-17T11:26:00.390+0000 7f7fb5ce3640 20 mon.a@0(leader).paxos(paxos active c 1..25) finish_round waiting_for_acting
2026-02-17T11:26:00.390+0000 7f7fb5ce3640 10 mon.a@0(leader).paxosservice(logm 1..14) _active
2026-02-17T11:26:00.390+0000 7f7fb5ce3640 7 mon.a@0(leader).paxosservice(logm 1..14) _active creating new pending
2026-02-17T11:26:00.390+0000 7f7fb5ce3640 10 mon.a@0(leader).log v14 create_pending v 15
2026-02-17T11:26:00.390+0000 7f7fb5ce3640 20 mon.a@0(leader).paxos(paxos active c 1..25) finish_round waiting_for_readable
2026-02-17T11:26:00.390+0000 7f7fb5ce3640 20 mon.a@0(leader).paxos(paxos active c 1..25) finish_round waiting_for_writeable
2026-02-17T11:26:00.390+0000 7f7fb5ce3640 10 mon.a@0(leader).paxos(paxos active c 1..25) finish_round done w/ waiters, state active
2026-02-17T11:26:00.390+0000 7f7fb84e8640 20 mon.a@0(leader) e1 _ms_dispatch existing session 0x5578902dab40 for mon.0
2026-02-17T11:26:00.390+0000 7f7fb84e8640 20 mon.a@0(leader) e1 entity_name global_id 0 (none) caps allow *
2026-02-17T11:26:00.390+0000 7f7fb84e8640 20 MonCap is_capable service=mon command= read addr - on cap allow *
2026-02-17T11:26:00.390+0000 7f7fb84e8640 20 MonCap allow so far , doing grant allow *
2026-02-17T11:26:00.390+0000 7f7fb84e8640 20 MonCap allow all
2026-02-17T11:26:00.390+0000 7f7fb84e8640 20 -- v2:127.0.0.1:7146/0 done calling dispatch on 0x5578908c16c0
2026-02-17T11:26:01.170+0000 7f7fbc4f0640 20 -- v2:127.0.0.1:7146/0 >> 127.0.0.1:0/2163459011 conn(0x5578904b4c00 msgr2=0x55788f53e100 crc :-1 s=STATE_CONNECTION_ESTABLISHED l=1).process
2026-02-17T11:26:01.170+0000 7f7fbc4f0640 20 -- v2:127.0.0.1:7146/0 >> 127.0.0.1:0/2163459011 conn(0x5578904b4c00 msgr2=0x55788f53e100 crc :-1 s=STATE_CONNECTION_ESTABLISHED l=1).read continue len=32
2026-02-17T11:26:01.170+0000 7f7fbc4f0640 20 --2- v2:127.0.0.1:7146/0 >> 127.0.0.1:0/2163459011 conn(0x5578904b4c00 0x55788f53e100 crc :-1 s=READY pgs=2 cs=0 l=1 rev1=1 crypto rx=0 tx=0 comp rx=0 tx=0).handle_read_frame_preamble_main r=0
2026-02-17T11:26:01.170+0000 7f7fbc4f0640 20 --2- v2:127.0.0.1:7146/0 >> 127.0.0.1:0/2163459011 conn(0x5578904b4c00 0x55788f53e100 crc :-1 s=THROTTLE_MESSAGE pgs=2 cs=0 l=1 rev1=1 crypto rx=0 tx=0 comp rx=0 tx=0).throttle_message
2026-02-17T11:26:01.170+0000 7f7fbc4f0640 20 --2- v2:127.0.0.1:7146/0 >> 127.0.0.1:0/2163459011 conn(0x5578904b4c00 0x55788f53e100 crc :-1 s=THROTTLE_BYTES pgs=2 cs=0 l=1 rev1=1 crypto rx=0 tx=0 comp rx=0 tx=0).throttle_bytes
2026-02-17T11:26:01.170+0000 7f7fbc4f0640 20 --2- v2:127.0.0.1:7146/0 >> 127.0.0.1:0/2163459011 conn(0x5578904b4c00 0x55788f53e100 crc :-1 s=THROTTLE_DISPATCH_QUEUE pgs=2 cs=0 l=1 rev1=1 crypto rx=0 tx=0 comp rx=0 tx=0).throttle_dispatch_queue
2026-02-17T11:26:01.170+0000 7f7fbc4f0640 20 --2- v2:127.0.0.1:7146/0 >> 127.0.0.1:0/2163459011 conn(0x5578904b4c00 0x55788f53e100 crc :-1 s=THROTTLE_DONE pgs=2 cs=0 l=1 rev1=1 crypto rx=0 tx=0 comp rx=0 tx=0).read_frame_segment seg_idx=0
2026-02-17T11:26:01.170+0000 7f7fbc4f0640 20 -- v2:127.0.0.1:7146/0 >> 127.0.0.1:0/2163459011 conn(0x5578904b4c00 msgr2=0x55788f53e100 crc :-1 s=STATE_CONNECTION_ESTABLISHED l=1).read start len=45
2026-02-17T11:26:01.170+0000 7f7fbc4f0640 20 --2- v2:127.0.0.1:7146/0 >> 127.0.0.1:0/2163459011 conn(0x5578904b4c00 0x55788f53e100 crc :-1 s=THROTTLE_DONE pgs=2 cs=0 l=1 rev1=1 crypto rx=0 tx=0 comp rx=0 tx=0).handle_read_frame_segment r=0
2026-02-17T11:26:01.170+0000 7f7fbc4f0640 20 --2- v2:127.0.0.1:7146/0 >> 127.0.0.1:0/2163459011 conn(0x5578904b4c00 0x55788f53e100 crc :-1 s=THROTTLE_DONE pgs=2 cs=0 l=1 rev1=1 crypto rx=0 tx=0 comp rx=0 tx=0).read_frame_segment seg_idx=1
2026-02-17T11:26:01.170+0000 7f7fbc4f0640 20 -- v2:127.0.0.1:7146/0 >> 127.0.0.1:0/2163459011 conn(0x5578904b4c00 msgr2=0x55788f53e100 crc :-1 s=STATE_CONNECTION_ESTABLISHED l=1).read start len=52076
2026-02-17T11:26:01.170+0000 7f7fbc4f0640 20 --2- v2:127.0.0.1:7146/0 >> 127.0.0.1:0/2163459011 conn(0x5578904b4c00 0x55788f53e100 crc :-1 s=THROTTLE_DONE pgs=2 cs=0 l=1 rev1=1 crypto rx=0 tx=0 comp rx=0 tx=0).handle_read_frame_segment r=0
2026-02-17T11:26:01.170+0000 7f7fbc4f0640 20 -- v2:127.0.0.1:7146/0 >> 127.0.0.1:0/2163459011 conn(0x5578904b4c00 msgr2=0x55788f53e100 crc :-1 s=STATE_CONNECTION_ESTABLISHED l=1).read start len=13
2026-02-17T11:26:01.170+0000 7f7fbc4f0640 20 --2- v2:127.0.0.1:7146/0 >> 127.0.0.1:0/2163459011 conn(0x5578904b4c00 0x55788f53e100 crc :-1 s=THROTTLE_DONE pgs=2 cs=0 l=1 rev1=1 crypto rx=0 tx=0 comp rx=0 tx=0).handle_read_frame_epilogue_main r=0
2026-02-17T11:26:01.170+0000 7f7fbc4f0640 10 --2- v2:127.0.0.1:7146/0 >> 127.0.0.1:0/2163459011 conn(0x5578904b4c00 0x55788f53e100 crc :-1 s=THROTTLE_DONE pgs=2 cs=0 l=1 rev1=1 crypto rx=0 tx=0 comp rx=0 tx=0).handle_read_frame_dispatch tag=17
2026-02-17T11:26:01.170+0000 7f7fbc4f0640 20 --2- v2:127.0.0.1:7146/0 >> 127.0.0.1:0/2163459011 conn(0x5578904b4c00 0x55788f53e100 crc :-1 s=THROTTLE_DONE pgs=2 cs=0 l=1 rev1=1 crypto rx=0 tx=0 comp rx=0 tx=0).handle_message
2026-02-17T11:26:01.170+0000 7f7fbc4f0640 5 --2- v2:127.0.0.1:7146/0 >> 127.0.0.1:0/2163459011 conn(0x5578904b4c00 0x55788f53e100 crc :-1 s=THROTTLE_DONE pgs=2 cs=0 l=1 rev1=1 crypto rx=0 tx=0 comp rx=0 tx=0).handle_message got 52076 + 0 + 0 byte message. envelope type=1795 src mgr.4100 off 0
2026-02-17T11:26:01.170+0000 7f7fbc4f0640 5 --2- v2:127.0.0.1:7146/0 >> 127.0.0.1:0/2163459011 conn(0x5578904b4c00 0x55788f53e100 crc :-1 s=READ_MESSAGE_COMPLETE pgs=2 cs=0 l=1 rev1=1 crypto rx=0 tx=0 comp rx=0 tx=0).handle_message received message m=0x5578902f6580 seq=18 from=mgr.4100 type=1795 mgrbeacon mgr.x(d21d31f5-9fed-4c79-824d-b2b49aaae09e,4100, [v2:127.0.0.1:6800/2792202931,v1:127.0.0.1:6801/2792202931], 1)
2026-02-17T11:26:01.170+0000 7f7fbc4f0640 20 -- v2:127.0.0.1:7146/0 queue 0x5578902f6580 prio 196
2026-02-17T11:26:01.170+0000 7f7fbc4f0640 20 --2- v2:127.0.0.1:7146/0 >> 127.0.0.1:0/2163459011 conn(0x5578904b4c00 0x55788f53e100 crc :-1 s=READY pgs=2 cs=0 l=1 rev1=1 crypto rx=0 tx=0 comp rx=0 tx=0).read_frame
2026-02-17T11:26:01.170+0000 7f7fbc4f0640 20 -- v2:127.0.0.1:7146/0 >> 127.0.0.1:0/2163459011 conn(0x5578904b4c00 msgr2=0x55788f53e100 crc :-1 s=STATE_CONNECTION_ESTABLISHED l=1).read start len=32
2026-02-17T11:26:01.170+0000 7f7fb84e8640 1 -- v2:127.0.0.1:7146/0 <== mgr.4100 127.0.0.1:0/2163459011 18 ==== mgrbeacon mgr.x(d21d31f5-9fed-4c79-824d-b2b49aaae09e,4100, [v2:127.0.0.1:6800/2792202931,v1:127.0.0.1:6801/2792202931], 1) ==== 52076+0+0 (crc 0 0 0) 0x5578902f6580 con 0x5578904b4c00
2026-02-17T11:26:01.170+0000 7f7fb84e8640 20 mon.a@0(leader) e1 _ms_dispatch existing session 0x557890551680 for mgr.4100
2026-02-17T11:26:01.170+0000 7f7fb84e8640 20 mon.a@0(leader) e1 entity_name mgr.x global_id 4100 (none) caps allow *
2026-02-17T11:26:01.170+0000 7f7fb84e8640 10 mon.a@0(leader).paxosservice(mgr 1..4) dispatch 0x5578902f6580 mgrbeacon mgr.x(d21d31f5-9fed-4c79-824d-b2b49aaae09e,4100, [v2:127.0.0.1:6800/2792202931,v1:127.0.0.1:6801/2792202931], 1) from mgr.4100 127.0.0.1:0/2163459011 con 0x5578904b4c00
2026-02-17T11:26:01.170+0000 7f7fb84e8640 5 mon.a@0(leader).paxos(paxos active c 1..25) is_readable = 1 - now=2026-02-17T11:26:01.175495+0000 lease_expire=1970-01-01T00:00:00.000000+0000 has v0 lc 25
2026-02-17T11:26:01.170+0000 7f7fb84e8640 10 mon.a@0(leader) e1 no_reply to mgr.4100 127.0.0.1:0/2163459011 mgrbeacon mgr.x(d21d31f5-9fed-4c79-824d-b2b49aaae09e,4100, [v2:127.0.0.1:6800/2792202931,v1:127.0.0.1:6801/2792202931], 1)
2026-02-17T11:26:01.170+0000 7f7fb84e8640 4 mon.a@0(leader).mgr e4 beacon from 4100
2026-02-17T11:26:01.170+0000 7f7fb84e8640 20 MonCap is_capable service=mgr command= exec addr 127.0.0.1:0/2163459011 on cap allow *
2026-02-17T11:26:01.170+0000 7f7fb84e8640 20 MonCap allow so far , doing grant allow *
2026-02-17T11:26:01.170+0000 7f7fb84e8640 20 MonCap allow all
2026-02-17T11:26:01.170+0000 7f7fb84e8640 4 mon.a@0(leader).mgr e4 beacon from 4100
2026-02-17T11:26:01.170+0000 7f7fb84e8640 10 mon.a@0(leader).mgr e4 no change
2026-02-17T11:26:01.170+0000 7f7fb84e8640 10 -- v2:127.0.0.1:7146/0 dispatch_throttle_release 52076 to dispatch throttler 52076/104857600
2026-02-17T11:26:01.170+0000 7f7fb84e8640 20 -- v2:127.0.0.1:7146/0 done calling dispatch on 0x5578902f6580
2026-02-17T11:26:01.374+0000 7f7fb64e4640 10 Processor -- accept listen_fd=29
2026-02-17T11:26:01.374+0000 7f7fb64e4640 10 Processor -- accept accepted incoming on sd 43
2026-02-17T11:26:01.374+0000 7f7fb64e4640 10 -- v2:127.0.0.1:7146/0 >> conn(0x5578904b4000 msgr2=0x557890620100 unknown :-1 s=STATE_NONE l=0).accept sd=43 listen_addr v2:127.0.0.1:7146/0 peer_addr v2:127.0.0.1:54150/0
2026-02-17T11:26:01.374+0000 7f7fb64e4640 1 --2- v2:127.0.0.1:7146/0 >> conn(0x5578904b4000 0x557890620100 unknown :-1 s=NONE pgs=0 cs=0 l=0 rev1=0 crypto rx=0 tx=0 comp rx=0 tx=0).accept
2026-02-17T11:26:01.374+0000 7f7fb64e4640 20 Event(0x55788f41ebc8 nevent=5000 time_id=9).wakeup
2026-02-17T11:26:01.374+0000 7f7fb64e4640 10 Processor -- accept accepted incoming on sd 44
2026-02-17T11:26:01.374+0000 7f7fb6ce5640 20 -- v2:127.0.0.1:7146/0 >> conn(0x5578904b4000 msgr2=0x557890620100 unknown :-1 s=STATE_ACCEPTING l=0).process
2026-02-17T11:26:01.374+0000 7f7fb64e4640 10 -- v2:127.0.0.1:7146/0 >> conn(0x5578904b4800 msgr2=0x55788f53db80 unknown :-1 s=STATE_NONE l=0).accept sd=44 listen_addr v2:127.0.0.1:7146/0 peer_addr v2:127.0.0.1:54152/0
2026-02-17T11:26:01.374+0000 7f7fb6ce5640 20 Event(0x55788f41ebc8 nevent=5000 time_id=9).create_file_event create event started fd=43 mask=1 original mask is 0
2026-02-17T11:26:01.374+0000 7f7fb64e4640 1 --2- v2:127.0.0.1:7146/0 >> conn(0x5578904b4800 0x55788f53db80 unknown :-1 s=NONE pgs=0 cs=0 l=0 rev1=0 crypto rx=0 tx=0 comp rx=0 tx=0).accept
2026-02-17T11:26:01.374+0000 7f7fb64e4640 20 Event(0x55788f41e2c8 nevent=5000 time_id=10).wakeup
2026-02-17T11:26:01.374+0000 7f7fb6ce5640 20 EpollDriver.add_event add event fd=43 cur_mask=0 add_mask=1 to 23
2026-02-17T11:26:01.374+0000 7f7fb6ce5640 20 Event(0x55788f41ebc8 nevent=5000 time_id=9).create_file_event create event end fd=43 mask=1 current mask is 1
2026-02-17T11:26:01.374+0000 7f7fb6ce5640 20 --2- v2:127.0.0.1:7146/0 >> conn(0x5578904b4000 0x557890620100 unknown :-1 s=START_ACCEPT pgs=0 cs=0 l=0 rev1=0 crypto rx=0 tx=0 comp rx=0 tx=0).read_event
2026-02-17T11:26:01.374+0000 7f7fb6ce5640 20 --2- v2:127.0.0.1:7146/0 >> conn(0x5578904b4000 0x557890620100 unknown :-1 s=START_ACCEPT pgs=0 cs=0 l=0 rev1=0 crypto rx=0 tx=0 comp rx=0 tx=0).start_server_banner_exchange
2026-02-17T11:26:01.374+0000 7f7fb6ce5640 20 --2- v2:127.0.0.1:7146/0 >> conn(0x5578904b4000 0x557890620100 unknown :-1 s=BANNER_ACCEPTING pgs=0 cs=0 l=0 rev1=0 crypto rx=0 tx=0 comp rx=0 tx=0)._banner_exchange
2026-02-17T11:26:01.374+0000 7f7fbc4f0640 20 -- v2:127.0.0.1:7146/0 >> conn(0x5578904b4800 msgr2=0x55788f53db80 unknown :-1 s=STATE_ACCEPTING l=0).process
2026-02-17T11:26:01.374+0000 7f7fbc4f0640 20 Event(0x55788f41e2c8 nevent=5000 time_id=10).create_file_event create event started fd=44 mask=1 original mask is 0
2026-02-17T11:26:01.374+0000 7f7fbc4f0640 20 EpollDriver.add_event add event fd=44 cur_mask=0 add_mask=1 to 26
2026-02-17T11:26:01.374+0000 7f7fbc4f0640 20 Event(0x55788f41e2c8 nevent=5000 time_id=10).create_file_event create event end fd=44 mask=1 current mask is 1
2026-02-17T11:26:01.374+0000 7f7fbc4f0640 20 --2- v2:127.0.0.1:7146/0 >> conn(0x5578904b4800 0x55788f53db80 unknown :-1 s=START_ACCEPT pgs=0 cs=0 l=0 rev1=0 crypto rx=0 tx=0 comp rx=0 tx=0).read_event
2026-02-17T11:26:01.374+0000 7f7fbc4f0640 20 --2- v2:127.0.0.1:7146/0 >> conn(0x5578904b4800 0x55788f53db80 unknown :-1 s=START_ACCEPT pgs=0 cs=0 l=0 rev1=0 crypto rx=0 tx=0 comp rx=0 tx=0).start_server_banner_exchange
2026-02-17T11:26:01.374+0000 7f7fbc4f0640 20 --2- v2:127.0.0.1:7146/0 >> conn(0x5578904b4800 0x55788f53db80 unknown :-1 s=BANNER_ACCEPTING pgs=0 cs=0 l=0 rev1=0 crypto rx=0 tx=0 comp rx=0 tx=0)._banner_exchange
2026-02-17T11:26:01.374+0000 7f7fb6ce5640 10 -- v2:127.0.0.1:7146/0 >> conn(0x5578904b4000 msgr2=0x557890620100 unknown :-1 s=STATE_CONNECTION_ESTABLISHED l=0)._try_send sent bytes 26 remaining bytes 0
2026-02-17T11:26:01.374+0000 7f7fb6ce5640 20 -- v2:127.0.0.1:7146/0 >> conn(0x5578904b4000 msgr2=0x557890620100 unknown :-1 s=STATE_CONNECTION_ESTABLISHED l=0).read start len=10
2026-02-17T11:26:01.374+0000 7f7fb6ce5640 20 --2- v2:127.0.0.1:7146/0 >> conn(0x5578904b4000 0x557890620100 unknown :-1 s=BANNER_ACCEPTING pgs=0 cs=0 l=0 rev1=0 crypto rx=0 tx=0 comp rx=0 tx=0)._handle_peer_banner r=0
2026-02-17T11:26:01.374+0000 7f7fb6ce5640 20 -- v2:127.0.0.1:7146/0 >> conn(0x5578904b4000 msgr2=0x557890620100 unknown :-1 s=STATE_CONNECTION_ESTABLISHED l=0).read start len=16
2026-02-17T11:26:01.374+0000 7f7fb6ce5640 20 --2- v2:127.0.0.1:7146/0 >> conn(0x5578904b4000 0x557890620100 unknown :-1 s=BANNER_ACCEPTING pgs=0 cs=0 l=0 rev1=0 crypto rx=0 tx=0 comp rx=0 tx=0)._handle_peer_banner_payload r=0
2026-02-17T11:26:01.374+0000 7f7fb6ce5640 1 --2- v2:127.0.0.1:7146/0 >> conn(0x5578904b4000 0x557890620100 unknown :-1 s=BANNER_ACCEPTING pgs=0 cs=0 l=0 rev1=0 crypto rx=0 tx=0 comp rx=0 tx=0)._handle_peer_banner_payload supported=3 required=0
2026-02-17T11:26:01.374+0000 7f7fbc4f0640 10 -- v2:127.0.0.1:7146/0 >> conn(0x5578904b4800 msgr2=0x55788f53db80 unknown :-1 s=STATE_CONNECTION_ESTABLISHED l=0)._try_send sent bytes 26 remaining bytes 0
2026-02-17T11:26:01.374+0000 7f7fbc4f0640 20 -- v2:127.0.0.1:7146/0 >> conn(0x5578904b4800 msgr2=0x55788f53db80 unknown :-1 s=STATE_CONNECTION_ESTABLISHED l=0).read start len=10
2026-02-17T11:26:01.374+0000 7f7fb6ce5640 10 -- v2:127.0.0.1:7146/0 >> conn(0x5578904b4000 msgr2=0x557890620100 unknown :-1 s=STATE_CONNECTION_ESTABLISHED l=0)._try_send sent bytes 72 remaining bytes 0
2026-02-17T11:26:01.374+0000 7f7fb6ce5640 20 --2- v2:127.0.0.1:7146/0 >> conn(0x5578904b4000 0x557890620100 unknown :-1 s=HELLO_ACCEPTING pgs=0 cs=0 l=0 rev1=1 crypto rx=0 tx=0 comp rx=0 tx=0).read_frame
2026-02-17T11:26:01.374+0000 7f7fb6ce5640 20 -- v2:127.0.0.1:7146/0 >> conn(0x5578904b4000 msgr2=0x557890620100 unknown :-1 s=STATE_CONNECTION_ESTABLISHED l=0).read start len=32
2026-02-17T11:26:01.374+0000 7f7fb6ce5640 20 --2- v2:127.0.0.1:7146/0 >> conn(0x5578904b4000 0x557890620100 unknown :-1 s=HELLO_ACCEPTING pgs=0 cs=0 l=0 rev1=1 crypto rx=0 tx=0 comp rx=0 tx=0).handle_read_frame_preamble_main r=0
2026-02-17T11:26:01.374+0000 7f7fb6ce5640 20 --2- v2:127.0.0.1:7146/0 >> conn(0x5578904b4000 0x557890620100 unknown :-1 s=HELLO_ACCEPTING pgs=0 cs=0 l=0 rev1=1 crypto rx=0 tx=0 comp rx=0 tx=0).read_frame_segment seg_idx=0
2026-02-17T11:26:01.374+0000 7f7fb6ce5640 20 -- v2:127.0.0.1:7146/0 >> conn(0x5578904b4000 msgr2=0x557890620100 unknown :-1 s=STATE_CONNECTION_ESTABLISHED l=0).read start len=40
2026-02-17T11:26:01.374+0000 7f7fb6ce5640 20 --2- v2:127.0.0.1:7146/0 >> conn(0x5578904b4000 0x557890620100 unknown :-1 s=HELLO_ACCEPTING pgs=0 cs=0 l=0 rev1=1 crypto rx=0 tx=0 comp rx=0 tx=0).handle_read_frame_segment r=0
2026-02-17T11:26:01.374+0000 7f7fb6ce5640 10 --2- v2:127.0.0.1:7146/0 >> conn(0x5578904b4000 0x557890620100 unknown :-1 s=HELLO_ACCEPTING pgs=0 cs=0 l=0 rev1=1 crypto rx=0 tx=0 comp rx=0 tx=0).handle_read_frame_dispatch tag=1
2026-02-17T11:26:01.374+0000 7f7fb6ce5640 20 --2- v2:127.0.0.1:7146/0 >> conn(0x5578904b4000 0x557890620100 unknown :-1 s=HELLO_ACCEPTING pgs=0 cs=0 l=0 rev1=1 crypto rx=0 tx=0 comp rx=0 tx=0).handle_hello payload.length()=36
2026-02-17T11:26:01.374+0000 7f7fb6ce5640 5 --2- v2:127.0.0.1:7146/0 >> conn(0x5578904b4000 0x557890620100 unknown :-1 s=HELLO_ACCEPTING pgs=0 cs=0 l=0 rev1=1 crypto rx=0 tx=0 comp rx=0 tx=0).handle_hello received hello: peer_type=8 peer_addr_for_me=v2:127.0.0.1:7146/0
2026-02-17T11:26:01.374+0000 7f7fb6ce5640 5 --2- v2:127.0.0.1:7146/0 >> conn(0x5578904b4000 0x557890620100 unknown :-1 s=HELLO_ACCEPTING pgs=0 cs=0 l=0 rev1=1 crypto rx=0 tx=0 comp rx=0 tx=0).handle_hello getsockname says I am 127.0.0.1:7146 when talking to v2:127.0.0.1:54150/0
2026-02-17T11:26:01.374+0000 7f7fb6ce5640 10 --2- v2:127.0.0.1:7146/0 >> conn(0x5578904b4000 0x557890620100 unknown :-1 s=HELLO_ACCEPTING pgs=0 cs=0 l=1 rev1=1 crypto rx=0 tx=0 comp rx=0 tx=0).handle_hello accept of host_type 8, policy.lossy=1 policy.server=1 policy.standby=0 policy.resetcheck=0
2026-02-17T11:26:01.374+0000 7f7fb6ce5640 20 --2- v2:127.0.0.1:7146/0 >> conn(0x5578904b4000 0x557890620100 unknown :-1 s=HELLO_ACCEPTING pgs=0 cs=0 l=1 rev1=1 crypto rx=0 tx=0 comp rx=0 tx=0).post_server_banner_exchange
2026-02-17T11:26:01.374+0000 7f7fb6ce5640 20 --2- v2:127.0.0.1:7146/0 >> conn(0x5578904b4000 0x557890620100 unknown :-1 s=AUTH_ACCEPTING pgs=0 cs=0 l=1 rev1=1 crypto rx=0 tx=0 comp rx=0 tx=0).read_frame
2026-02-17T11:26:01.374+0000 7f7fb6ce5640 20 -- v2:127.0.0.1:7146/0 >> conn(0x5578904b4000 msgr2=0x557890620100 unknown :-1 s=STATE_CONNECTION_ESTABLISHED l=1).read start len=32
2026-02-17T11:26:01.374+0000 7f7fb6ce5640 20 -- v2:127.0.0.1:7146/0 >> conn(0x5578904b4000 msgr2=0x557890620100 unknown :-1 s=STATE_CONNECTION_ESTABLISHED l=1).process
2026-02-17T11:26:01.374+0000 7f7fb6ce5640 20 -- v2:127.0.0.1:7146/0 >> conn(0x5578904b4000 msgr2=0x557890620100 unknown :-1 s=STATE_CONNECTION_ESTABLISHED l=1).read continue len=32
2026-02-17T11:26:01.374+0000 7f7fb6ce5640 20 --2- v2:127.0.0.1:7146/0 >> conn(0x5578904b4000 0x557890620100 unknown :-1 s=AUTH_ACCEPTING pgs=0 cs=0 l=1 rev1=1 crypto rx=0 tx=0 comp rx=0 tx=0).handle_read_frame_preamble_main r=0
2026-02-17T11:26:01.374+0000 7f7fb6ce5640 20 --2- v2:127.0.0.1:7146/0 >> conn(0x5578904b4000 0x557890620100 unknown :-1 s=AUTH_ACCEPTING pgs=0 cs=0 l=1 rev1=1 crypto rx=0 tx=0 comp rx=0 tx=0).read_frame_segment seg_idx=0
2026-02-17T11:26:01.374+0000 7f7fb6ce5640 20 -- v2:127.0.0.1:7146/0 >> conn(0x5578904b4000 msgr2=0x557890620100 unknown :-1 s=STATE_CONNECTION_ESTABLISHED l=1).read start len=42
2026-02-17T11:26:01.374+0000 7f7fb6ce5640 20 --2- v2:127.0.0.1:7146/0 >> conn(0x5578904b4000 0x557890620100 unknown :-1 s=AUTH_ACCEPTING pgs=0 cs=0 l=1 rev1=1 crypto rx=0 tx=0 comp rx=0 tx=0).handle_read_frame_segment r=0
2026-02-17T11:26:01.374+0000 7f7fb6ce5640 10 --2- v2:127.0.0.1:7146/0 >> conn(0x5578904b4000 0x557890620100 unknown :-1 s=AUTH_ACCEPTING pgs=0 cs=0 l=1 rev1=1 crypto rx=0 tx=0 comp rx=0 tx=0).handle_read_frame_dispatch tag=2
2026-02-17T11:26:01.374+0000 7f7fb6ce5640 20 --2- v2:127.0.0.1:7146/0 >> conn(0x5578904b4000 0x557890620100 unknown :-1 s=AUTH_ACCEPTING pgs=0 cs=0 l=1 rev1=1 crypto rx=0 tx=0 comp rx=0 tx=0).handle_auth_request payload.length()=38
2026-02-17T11:26:01.374+0000 7f7fb6ce5640 10 --2- v2:127.0.0.1:7146/0 >> conn(0x5578904b4000 0x557890620100 unknown :-1 s=AUTH_ACCEPTING pgs=0 cs=0 l=1 rev1=1 crypto rx=0 tx=0 comp rx=0 tx=0).handle_auth_request AuthRequest(method=1, preferred_modes=[1], payload_len=22)
2026-02-17T11:26:01.374+0000 7f7fb6ce5640 10 mon.a@0(leader) e1 handle_auth_request con 0x5578904b4000 (start) method 1 payload 22
2026-02-17T11:26:01.374+0000 7f7fb6ce5640 10 mon.a@0(leader).auth v3 _assign_global_id 4117 (max 14096)
2026-02-17T11:26:01.374+0000 7f7fb6ce5640 10 mon.a@0(leader) e1 ms_handle_fast_authentication session 0x5578907f7440 con 0x5578904b4000 addr - MonSession(unknown.0 is open , features 0x0 (unknown))
2026-02-17T11:26:01.374+0000 7f7fb6ce5640 10 -- v2:127.0.0.1:7146/0 >> conn(0x5578904b4000 msgr2=0x557890620100 crc :-1 s=STATE_CONNECTION_ESTABLISHED l=1)._try_send sent bytes 52 remaining bytes 0
2026-02-17T11:26:01.374+0000 7f7fb6ce5640 10 -- v2:127.0.0.1:7146/0 >> conn(0x5578904b4000 msgr2=0x557890620100 crc :-1 s=STATE_CONNECTION_ESTABLISHED l=1)._try_send sent bytes 68 remaining bytes 0
2026-02-17T11:26:01.374+0000 7f7fb6ce5640 20 --2- v2:127.0.0.1:7146/0 >> conn(0x5578904b4000 0x557890620100 crc :-1 s=AUTH_ACCEPTING_SIGN pgs=0 cs=0 l=1 rev1=1 crypto rx=0 tx=0 comp rx=0 tx=0).read_frame
2026-02-17T11:26:01.374+0000 7f7fb6ce5640 20 -- v2:127.0.0.1:7146/0 >> conn(0x5578904b4000 msgr2=0x557890620100 crc :-1 s=STATE_CONNECTION_ESTABLISHED l=1).read start len=32
2026-02-17T11:26:01.374+0000 7f7fbc4f0640 20 -- v2:127.0.0.1:7146/0 >> conn(0x5578904b4800 msgr2=0x55788f53db80 unknown :-1 s=STATE_CONNECTION_ESTABLISHED l=0).process
2026-02-17T11:26:01.374+0000 7f7fb6ce5640 20 -- v2:127.0.0.1:7146/0 >> conn(0x5578904b4000 msgr2=0x557890620100 crc :-1 s=STATE_CONNECTION_ESTABLISHED l=1).process
2026-02-17T11:26:01.374+0000 7f7fbc4f0640 20 -- v2:127.0.0.1:7146/0 >> conn(0x5578904b4800 msgr2=0x55788f53db80 unknown :-1 s=STATE_CONNECTION_ESTABLISHED l=0).read continue len=10
2026-02-17T11:26:01.374+0000 7f7fb6ce5640 20 -- v2:127.0.0.1:7146/0 >> conn(0x5578904b4000 msgr2=0x557890620100 crc :-1 s=STATE_CONNECTION_ESTABLISHED l=1).read continue len=32
2026-02-17T11:26:01.374+0000 7f7fbc4f0640 1 -- v2:127.0.0.1:7146/0 >> conn(0x5578904b4800 msgr2=0x55788f53db80 unknown :-1 s=STATE_CONNECTION_ESTABLISHED l=0).read_bulk peer close file descriptor 44
2026-02-17T11:26:01.374+0000 7f7fb6ce5640 20 --2- v2:127.0.0.1:7146/0 >> conn(0x5578904b4000 0x557890620100 crc :-1 s=AUTH_ACCEPTING_SIGN pgs=0 cs=0 l=1 rev1=1 crypto rx=0 tx=0 comp rx=0 tx=0).handle_read_frame_preamble_main r=0
2026-02-17T11:26:01.374+0000 7f7fbc4f0640 1 -- v2:127.0.0.1:7146/0 >> conn(0x5578904b4800 msgr2=0x55788f53db80 unknown :-1 s=STATE_CONNECTION_ESTABLISHED l=0).read_until read failed
2026-02-17T11:26:01.374+0000 7f7fb6ce5640 20 --2- v2:127.0.0.1:7146/0 >> conn(0x5578904b4000 0x557890620100 crc :-1 s=AUTH_ACCEPTING_SIGN pgs=0 cs=0 l=1 rev1=1 crypto rx=0 tx=0 comp rx=0 tx=0).read_frame_segment seg_idx=0
2026-02-17T11:26:01.374+0000 7f7fb6ce5640 20 -- v2:127.0.0.1:7146/0 >> conn(0x5578904b4000 msgr2=0x557890620100 crc :-1 s=STATE_CONNECTION_ESTABLISHED l=1).read start len=36
2026-02-17T11:26:01.374+0000 7f7fbc4f0640 20 --2- v2:127.0.0.1:7146/0 >> conn(0x5578904b4800 0x55788f53db80 unknown :-1 s=BANNER_ACCEPTING pgs=0 cs=0 l=0 rev1=0 crypto rx=0 tx=0 comp rx=0 tx=0)._handle_peer_banner r=-1
2026-02-17T11:26:01.374+0000 7f7fb6ce5640 20 --2- v2:127.0.0.1:7146/0 >> conn(0x5578904b4000 0x557890620100 crc :-1 s=AUTH_ACCEPTING_SIGN pgs=0 cs=0 l=1 rev1=1 crypto rx=0 tx=0 comp rx=0 tx=0).handle_read_frame_segment r=0
2026-02-17T11:26:01.374+0000 7f7fb6ce5640 10 --2- v2:127.0.0.1:7146/0 >> conn(0x5578904b4000 0x557890620100 crc :-1 s=AUTH_ACCEPTING_SIGN pgs=0 cs=0 l=1 rev1=1 crypto rx=0 tx=0 comp rx=0 tx=0).handle_read_frame_dispatch tag=7
2026-02-17T11:26:01.374+0000 7f7fb6ce5640 20 --2- v2:127.0.0.1:7146/0 >> conn(0x5578904b4000 0x557890620100 crc :-1 s=AUTH_ACCEPTING_SIGN pgs=0 cs=0 l=1 rev1=1 crypto rx=0 tx=0 comp rx=0 tx=0).handle_auth_signature payload.length()=32
2026-02-17T11:26:01.374+0000 7f7fbc4f0640 1 --2- v2:127.0.0.1:7146/0 >> conn(0x5578904b4800 0x55788f53db80 unknown :-1 s=BANNER_ACCEPTING pgs=0 cs=0 l=0 rev1=0 crypto rx=0 tx=0 comp rx=0 tx=0)._handle_peer_banner read peer banner failed r=-1 ((1) Operation not permitted)
2026-02-17T11:26:01.374+0000 7f7fbc4f0640 10 --2- v2:127.0.0.1:7146/0 >> conn(0x5578904b4800 0x55788f53db80 unknown :-1 s=BANNER_ACCEPTING pgs=0 cs=0 l=0 rev1=0 crypto rx=0 tx=0 comp rx=0 tx=0)._fault
2026-02-17T11:26:01.374+0000 7f7fb6ce5640 20 --2- v2:127.0.0.1:7146/0 >> conn(0x5578904b4000 0x557890620100 crc :-1 s=AUTH_ACCEPTING_SIGN pgs=0 cs=0 l=1 rev1=1 crypto rx=0 tx=0 comp rx=0 tx=0).handle_auth_signature pre-auth signature success sig_frame.signature()=0000000000000000000000000000000000000000000000000000000000000000
2026-02-17T11:26:01.374+0000 7f7fbc4f0640 2 --2- v2:127.0.0.1:7146/0 >> conn(0x5578904b4800 0x55788f53db80 unknown :-1 s=BANNER_ACCEPTING pgs=0 cs=0 l=0 rev1=0 crypto rx=0 tx=0 comp rx=0 tx=0)._fault with nothing to send and in the half accept state just closed
2026-02-17T11:26:01.374+0000 7f7fbc4f0640 1 --2- v2:127.0.0.1:7146/0 >> conn(0x5578904b4800 0x55788f53db80 unknown :-1 s=BANNER_ACCEPTING pgs=0 cs=0 l=0 rev1=0 crypto rx=0 tx=0 comp rx=0 tx=0).stop
2026-02-17T11:26:01.374+0000 7f7fb6ce5640 20 --2- v2:127.0.0.1:7146/0 >> conn(0x5578904b4000 0x557890620100 crc :-1 s=COMPRESSION_ACCEPTING pgs=0 cs=0 l=1 rev1=1 crypto rx=0 tx=0 comp rx=0 tx=0).read_frame
2026-02-17T11:26:01.374+0000 7f7fbc4f0640 5 --2- v2:127.0.0.1:7146/0 >> conn(0x5578904b4800 0x55788f53db80 unknown :-1 s=BANNER_ACCEPTING pgs=0 cs=0 l=0 rev1=0 crypto rx=0 tx=0 comp rx=0 tx=0).reset_recv_state
2026-02-17T11:26:01.374+0000 7f7fb6ce5640 20 -- v2:127.0.0.1:7146/0 >> conn(0x5578904b4000 msgr2=0x557890620100 crc :-1 s=STATE_CONNECTION_ESTABLISHED l=1).read start len=32
2026-02-17T11:26:01.374+0000 7f7fbc4f0640 5 --2- v2:127.0.0.1:7146/0 >> conn(0x5578904b4800 0x55788f53db80 unknown :-1 s=BANNER_ACCEPTING pgs=0 cs=0 l=0 rev1=0 crypto rx=0 tx=0 comp rx=0 tx=0).reset_security
2026-02-17T11:26:01.374+0000 7f7fbc4f0640 5 --2- v2:127.0.0.1:7146/0 >> conn(0x5578904b4800 0x55788f53db80 unknown :-1 s=BANNER_ACCEPTING pgs=0 cs=0 l=0 rev1=0 crypto rx=0 tx=0 comp rx=0 tx=0).reset_compression
2026-02-17T11:26:01.374+0000 7f7fbc4f0640 10 --2- v2:127.0.0.1:7146/0 >> conn(0x5578904b4800 0x55788f53db80 unknown :-1 s=BANNER_ACCEPTING pgs=0 cs=0 l=0 rev1=0 crypto rx=0 tx=0 comp rx=0 tx=0).discard_out_queue started
2026-02-17T11:26:01.374+0000 7f7fbc4f0640 20 EpollDriver.del_event del event fd=44 cur_mask=1 delmask=3 to 26
2026-02-17T11:26:01.374+0000 7f7fb6ce5640 20 --2- v2:127.0.0.1:7146/0 >> conn(0x5578904b4000 0x557890620100 crc :-1 s=COMPRESSION_ACCEPTING pgs=0 cs=0 l=1 rev1=1 crypto rx=0 tx=0 comp rx=0 tx=0).handle_read_frame_preamble_main r=0
2026-02-17T11:26:01.374+0000 7f7fb6ce5640 20 --2- v2:127.0.0.1:7146/0 >> conn(0x5578904b4000 0x557890620100 crc :-1 s=COMPRESSION_ACCEPTING pgs=0 cs=0 l=1 rev1=1 crypto rx=0 tx=0 comp rx=0 tx=0).read_frame_segment seg_idx=0
2026-02-17T11:26:01.374+0000 7f7fb6ce5640 20 -- v2:127.0.0.1:7146/0 >> conn(0x5578904b4000 msgr2=0x557890620100 crc :-1 s=STATE_CONNECTION_ESTABLISHED l=1).read start len=9
2026-02-17T11:26:01.374+0000 7f7fb6ce5640 20 --2- v2:127.0.0.1:7146/0 >> conn(0x5578904b4000 0x557890620100 crc :-1 s=COMPRESSION_ACCEPTING pgs=0 cs=0 l=1 rev1=1 crypto rx=0 tx=0 comp rx=0 tx=0).handle_read_frame_segment r=0
2026-02-17T11:26:01.374+0000 7f7fb6ce5640 10 --2- v2:127.0.0.1:7146/0 >> conn(0x5578904b4000 0x557890620100 crc :-1 s=COMPRESSION_ACCEPTING pgs=0 cs=0 l=1 rev1=1 crypto rx=0 tx=0 comp rx=0 tx=0).handle_read_frame_dispatch tag=21
2026-02-17T11:26:01.374+0000 7f7fb6ce5640 10 --2- v2:127.0.0.1:7146/0 >> conn(0x5578904b4000 0x557890620100 crc :-1 s=COMPRESSION_ACCEPTING pgs=0 cs=0 l=1 rev1=1 crypto rx=0 tx=0 comp rx=0 tx=0).handle_compression_request CompressionRequestFrame(is_compress=0, preferred_methods=[])
2026-02-17T11:26:01.374+0000 7f7fb84e8640 10 mon.a@0(leader) e1 ms_handle_reset 0x5578904b4800 -
