2026-02-17T11:25:55.142+0000 7f7fb6ce5640 20 -- v2:127.0.0.1:7146/0 >> 127.0.0.1:0/568079871 conn(0x557890565400 msgr2=0x55789061f080 crc :-1 s=STATE_CONNECTION_ESTABLISHED l=1).read start len=45
2026-02-17T11:25:55.142+0000 7f7fb6ce5640 20 --2- v2:127.0.0.1:7146/0 >> 127.0.0.1:0/568079871 conn(0x557890565400 0x55789061f080 crc :-1 s=THROTTLE_DONE pgs=1 cs=0 l=1 rev1=1 crypto rx=0 tx=0 comp rx=0 tx=0).handle_read_frame_segment r=0
2026-02-17T11:25:55.142+0000 7f7fb6ce5640 10 --2- v2:127.0.0.1:7146/0 >> 127.0.0.1:0/568079871 conn(0x557890565400 0x55789061f080 crc :-1 s=THROTTLE_DONE pgs=1 cs=0 l=1 rev1=1 crypto rx=0 tx=0 comp rx=0 tx=0).handle_read_frame_dispatch tag=17
2026-02-17T11:25:55.142+0000 7f7fb6ce5640 20 --2- v2:127.0.0.1:7146/0 >> 127.0.0.1:0/568079871 conn(0x557890565400 0x55789061f080 crc :-1 s=THROTTLE_DONE pgs=1 cs=0 l=1 rev1=1 crypto rx=0 tx=0 comp rx=0 tx=0).handle_message
2026-02-17T11:25:55.142+0000 7f7fb6ce5640 5 --2- v2:127.0.0.1:7146/0 >> 127.0.0.1:0/568079871 conn(0x557890565400 0x55789061f080 crc :-1 s=THROTTLE_DONE pgs=1 cs=0 l=1 rev1=1 crypto rx=0 tx=0 comp rx=0 tx=0).handle_message got 0 + 0 + 0 byte message. envelope type=5 src client.? off 0
2026-02-17T11:25:55.142+0000 7f7fb6ce5640 5 --2- v2:127.0.0.1:7146/0 >> 127.0.0.1:0/568079871 conn(0x557890565400 0x55789061f080 crc :-1 s=READ_MESSAGE_COMPLETE pgs=1 cs=0 l=1 rev1=1 crypto rx=0 tx=0 comp rx=0 tx=0).handle_message received message m=0x5578904a4300 seq=1 from=client.? type=5 mon_getmap magic: 0
2026-02-17T11:25:55.142+0000 7f7fb6ce5640 20 -- v2:127.0.0.1:7146/0 queue 0x5578904a4300 prio 127
2026-02-17T11:25:55.142+0000 7f7fb6ce5640 20 --2- v2:127.0.0.1:7146/0 >> 127.0.0.1:0/568079871 conn(0x557890565400 0x55789061f080 crc :-1 s=READY pgs=1 cs=0 l=1 rev1=1 crypto rx=0 tx=0 comp rx=0 tx=0).read_frame
2026-02-17T11:25:55.142+0000 7f7fb6ce5640 20 -- v2:127.0.0.1:7146/0 >> 127.0.0.1:0/568079871 conn(0x557890565400 msgr2=0x55789061f080 crc :-1 s=STATE_CONNECTION_ESTABLISHED l=1).read start len=32
2026-02-17T11:25:55.142+0000 7f7fb6ce5640 20 --2- v2:127.0.0.1:7146/0 >> 127.0.0.1:0/568079871 conn(0x557890565400 0x55789061f080 crc :-1 s=READY pgs=1 cs=0 l=1 rev1=1 crypto rx=0 tx=0 comp rx=0 tx=0).handle_read_frame_preamble_main r=0
2026-02-17T11:25:55.142+0000 7f7fb6ce5640 20 --2- v2:127.0.0.1:7146/0 >> 127.0.0.1:0/568079871 conn(0x557890565400 0x55789061f080 crc :-1 s=THROTTLE_MESSAGE pgs=1 cs=0 l=1 rev1=1 crypto rx=0 tx=0 comp rx=0 tx=0).throttle_message
2026-02-17T11:25:55.142+0000 7f7fb6ce5640 20 --2- v2:127.0.0.1:7146/0 >> 127.0.0.1:0/568079871 conn(0x557890565400 0x55789061f080 crc :-1 s=THROTTLE_BYTES pgs=1 cs=0 l=1 rev1=1 crypto rx=0 tx=0 comp rx=0 tx=0).throttle_bytes
2026-02-17T11:25:55.142+0000 7f7fb84e8640 1 -- v2:127.0.0.1:7146/0 <== client.? 127.0.0.1:0/568079871 1 ==== mon_getmap magic: 0 ==== 0+0+0 (crc 0 0 0) 0x5578904a4300 con 0x557890565400
2026-02-17T11:25:55.142+0000 7f7fb6ce5640 10 --2- v2:127.0.0.1:7146/0 >> 127.0.0.1:0/568079871 conn(0x557890565400 0x55789061f080 crc :-1 s=THROTTLE_BYTES pgs=1 cs=0 l=1 rev1=1 crypto rx=0 tx=0 comp rx=0 tx=0).throttle_bytes wants 54 bytes from policy throttler 392/104857600
2026-02-17T11:25:55.142+0000 7f7fb84e8640 20 mon.a@0(leader) e1 _ms_dispatch existing session 0x5578907f66c0 for client.?
2026-02-17T11:25:55.142+0000 7f7fb6ce5640 20 --2- v2:127.0.0.1:7146/0 >> 127.0.0.1:0/568079871 conn(0x557890565400 0x55789061f080 crc :-1 s=THROTTLE_DISPATCH_QUEUE pgs=1 cs=0 l=1 rev1=1 crypto rx=0 tx=0 comp rx=0 tx=0).throttle_dispatch_queue
2026-02-17T11:25:55.142+0000 7f7fb84e8640 20 mon.a@0(leader) e1 entity_name mgr.x global_id 4107 (none) caps allow *
2026-02-17T11:25:55.142+0000 7f7fb6ce5640 20 --2- v2:127.0.0.1:7146/0 >> 127.0.0.1:0/568079871 conn(0x557890565400 0x55789061f080 crc :-1 s=THROTTLE_DONE pgs=1 cs=0 l=1 rev1=1 crypto rx=0 tx=0 comp rx=0 tx=0).read_frame_segment seg_idx=0
2026-02-17T11:25:55.142+0000 7f7fb84e8640 10 mon.a@0(leader) e1 handle_mon_get_map
2026-02-17T11:25:55.142+0000 7f7fb6ce5640 20 -- v2:127.0.0.1:7146/0 >> 127.0.0.1:0/568079871 conn(0x557890565400 msgr2=0x55789061f080 crc :-1 s=STATE_CONNECTION_ESTABLISHED l=1).read start len=45
2026-02-17T11:25:55.142+0000 7f7fb6ce5640 20 --2- v2:127.0.0.1:7146/0 >> 127.0.0.1:0/568079871 conn(0x557890565400 0x55789061f080 crc :-1 s=THROTTLE_DONE pgs=1 cs=0 l=1 rev1=1 crypto rx=0 tx=0 comp rx=0 tx=0).handle_read_frame_segment r=0
2026-02-17T11:25:55.142+0000 7f7fb84e8640 1 -- v2:127.0.0.1:7146/0 --> 127.0.0.1:0/568079871 -- mon_map magic: 0 -- 0x5578905a2340 con 0x557890565400
2026-02-17T11:25:55.142+0000 7f7fb6ce5640 20 --2- v2:127.0.0.1:7146/0 >> 127.0.0.1:0/568079871 conn(0x557890565400 0x55789061f080 crc :-1 s=THROTTLE_DONE pgs=1 cs=0 l=1 rev1=1 crypto rx=0 tx=0 comp rx=0 tx=0).read_frame_segment seg_idx=1
2026-02-17T11:25:55.142+0000 7f7fb6ce5640 20 -- v2:127.0.0.1:7146/0 >> 127.0.0.1:0/568079871 conn(0x557890565400 msgr2=0x55789061f080 crc :-1 s=STATE_CONNECTION_ESTABLISHED l=1).read start len=54
2026-02-17T11:25:55.142+0000 7f7fb84e8640 5 --2- v2:127.0.0.1:7146/0 >> 127.0.0.1:0/568079871 conn(0x557890565400 0x55789061f080 crc :-1 s=THROTTLE_DONE pgs=1 cs=0 l=1 rev1=1 crypto rx=0 tx=0 comp rx=0 tx=0).send_message enqueueing message m=0x5578905a2340 type=4 mon_map magic: 0
2026-02-17T11:25:55.142+0000 7f7fb6ce5640 20 --2- v2:127.0.0.1:7146/0 >> 127.0.0.1:0/568079871 conn(0x557890565400 0x55789061f080 crc :-1 s=THROTTLE_DONE pgs=1 cs=0 l=1 rev1=1 crypto rx=0 tx=0 comp rx=0 tx=0).handle_read_frame_segment r=0
2026-02-17T11:25:55.142+0000 7f7fb84e8640 15 --2- v2:127.0.0.1:7146/0 >> 127.0.0.1:0/568079871 conn(0x557890565400 0x55789061f080 crc :-1 s=THROTTLE_DONE pgs=1 cs=0 l=1 rev1=1 crypto rx=0 tx=0 comp rx=0 tx=0).send_message inline write is denied, reschedule m=0x5578905a2340
2026-02-17T11:25:55.142+0000 7f7fb6ce5640 20 -- v2:127.0.0.1:7146/0 >> 127.0.0.1:0/568079871 conn(0x557890565400 msgr2=0x55789061f080 crc :-1 s=STATE_CONNECTION_ESTABLISHED l=1).read start len=13
2026-02-17T11:25:55.142+0000 7f7fb84e8640 20 Event(0x55788f41ebc8 nevent=5000 time_id=5).wakeup
2026-02-17T11:25:55.142+0000 7f7fb6ce5640 20 --2- v2:127.0.0.1:7146/0 >> 127.0.0.1:0/568079871 conn(0x557890565400 0x55789061f080 crc :-1 s=THROTTLE_DONE pgs=1 cs=0 l=1 rev1=1 crypto rx=0 tx=0 comp rx=0 tx=0).handle_read_frame_epilogue_main r=0
2026-02-17T11:25:55.142+0000 7f7fb6ce5640 10 --2- v2:127.0.0.1:7146/0 >> 127.0.0.1:0/568079871 conn(0x557890565400 0x55789061f080 crc :-1 s=THROTTLE_DONE pgs=1 cs=0 l=1 rev1=1 crypto rx=0 tx=0 comp rx=0 tx=0).handle_read_frame_dispatch tag=17
2026-02-17T11:25:55.142+0000 7f7fb84e8640 20 -- v2:127.0.0.1:7146/0 done calling dispatch on 0x5578904a4300
2026-02-17T11:25:55.142+0000 7f7fb6ce5640 20 --2- v2:127.0.0.1:7146/0 >> 127.0.0.1:0/568079871 conn(0x557890565400 0x55789061f080 crc :-1 s=THROTTLE_DONE pgs=1 cs=0 l=1 rev1=1 crypto rx=0 tx=0 comp rx=0 tx=0).handle_message
2026-02-17T11:25:55.142+0000 7f7fb6ce5640 5 --2- v2:127.0.0.1:7146/0 >> 127.0.0.1:0/568079871 conn(0x557890565400 0x55789061f080 crc :-1 s=THROTTLE_DONE pgs=1 cs=0 l=1 rev1=1 crypto rx=0 tx=0 comp rx=0 tx=0).handle_message got 54 + 0 + 0 byte message. envelope type=15 src client.? off 0
2026-02-17T11:25:55.142+0000 7f7fb6ce5640 5 --2- v2:127.0.0.1:7146/0 >> 127.0.0.1:0/568079871 conn(0x557890565400 0x55789061f080 crc :-1 s=READ_MESSAGE_COMPLETE pgs=1 cs=0 l=1 rev1=1 crypto rx=0 tx=0 comp rx=0 tx=0).handle_message received message m=0x557890862b40 seq=2 from=client.? type=15 mon_subscribe({config=0+,monmap=0+})
2026-02-17T11:25:55.142+0000 7f7fb6ce5640 20 -- v2:127.0.0.1:7146/0 queue 0x557890862b40 prio 127
2026-02-17T11:25:55.142+0000 7f7fb6ce5640 20 --2- v2:127.0.0.1:7146/0 >> 127.0.0.1:0/568079871 conn(0x557890565400 0x55789061f080 crc :-1 s=READY pgs=1 cs=0 l=1 rev1=1 crypto rx=0 tx=0 comp rx=0 tx=0).read_frame
2026-02-17T11:25:55.142+0000 7f7fb6ce5640 20 -- v2:127.0.0.1:7146/0 >> 127.0.0.1:0/568079871 conn(0x557890565400 msgr2=0x55789061f080 crc :-1 s=STATE_CONNECTION_ESTABLISHED l=1).read start len=32
2026-02-17T11:25:55.142+0000 7f7fb6ce5640 10 -- v2:127.0.0.1:7146/0 >> 127.0.0.1:0/568079871 conn(0x557890565400 msgr2=0x55789061f080 crc :-1 s=STATE_CONNECTION_ESTABLISHED l=1).handle_write
2026-02-17T11:25:55.142+0000 7f7fb84e8640 1 -- v2:127.0.0.1:7146/0 <== client.? 127.0.0.1:0/568079871 2 ==== mon_subscribe({config=0+,monmap=0+}) ==== 54+0+0 (crc 0 0 0) 0x557890862b40 con 0x557890565400
2026-02-17T11:25:55.142+0000 7f7fb6ce5640 10 --2- v2:127.0.0.1:7146/0 >> 127.0.0.1:0/568079871 conn(0x557890565400 0x55789061f080 crc :-1 s=READY pgs=1 cs=0 l=1 rev1=1 crypto rx=0 tx=0 comp rx=0 tx=0).write_event
2026-02-17T11:25:55.142+0000 7f7fb84e8640 20 mon.a@0(leader) e1 _ms_dispatch existing session 0x5578907f66c0 for client.?
2026-02-17T11:25:55.142+0000 7f7fb84e8640 20 mon.a@0(leader) e1 entity_name mgr.x global_id 4107 (none) caps allow *
2026-02-17T11:25:55.142+0000 7f7fb84e8640 10 mon.a@0(leader) e1 handle_subscribe mon_subscribe({config=0+,monmap=0+})
2026-02-17T11:25:55.142+0000 7f7fb6ce5640 20 --2- v2:127.0.0.1:7146/0 >> 127.0.0.1:0/568079871 conn(0x557890565400 0x55789061f080 crc :-1 s=READY pgs=1 cs=0 l=1 rev1=1 crypto rx=0 tx=0 comp rx=0 tx=0).prepare_send_message m=mon_map magic: 0
2026-02-17T11:25:55.142+0000 7f7fb84e8640 10 mon.a@0(leader).config check_sub next 0 have 2
2026-02-17T11:25:55.142+0000 7f7fb84e8640 10 mon.a@0(leader).config refresh_config crush_location for remote_host trial148 is {}
2026-02-17T11:25:55.142+0000 7f7fb6ce5640 20 --2- v2:127.0.0.1:7146/0 >> 127.0.0.1:0/568079871 conn(0x557890565400 0x55789061f080 crc :-1 s=READY pgs=1 cs=0 l=1 rev1=1 crypto rx=0 tx=0 comp rx=0 tx=0).prepare_send_message encoding features 4540701547738038271 0x5578905a2340 mon_map magic: 0
2026-02-17T11:25:55.142+0000 7f7fb84e8640 20 mon.a@0(leader).config refresh_config mgr.x crush {} device_class
2026-02-17T11:25:55.142+0000 7f7fb84e8640 10 mon.a@0(leader).config maybe_send_config to client.? (changed)
2026-02-17T11:25:55.142+0000 7f7fb6ce5640 5 --2- v2:127.0.0.1:7146/0 >> 127.0.0.1:0/568079871 conn(0x557890565400 0x55789061f080 crc :-1 s=READY pgs=1 cs=0 l=1 rev1=1 crypto rx=0 tx=0 comp rx=0 tx=0).write_message sending message m=0x5578905a2340 seq=1 mon_map magic: 0
2026-02-17T11:25:55.142+0000 7f7fb84e8640 10 mon.a@0(leader).config send_config to client.?
2026-02-17T11:25:55.142+0000 7f7fb84e8640 1 -- v2:127.0.0.1:7146/0 --> 127.0.0.1:0/568079871 -- config(1 keys) -- 0x55789038b340 con 0x557890565400
2026-02-17T11:25:55.142+0000 7f7fb6ce5640 20 --2- v2:127.0.0.1:7146/0 >> 127.0.0.1:0/568079871 conn(0x557890565400 0x55789061f080 crc :-1 s=READY pgs=1 cs=0 l=1 rev1=1 crypto rx=0 tx=0 comp rx=0 tx=0).write_message sending m=0x5578905a2340 seq=1 src=mon.0 off=0
2026-02-17T11:25:55.142+0000 7f7fb84e8640 5 --2- v2:127.0.0.1:7146/0 >> 127.0.0.1:0/568079871 conn(0x557890565400 0x55789061f080 crc :-1 s=READY pgs=1 cs=0 l=1 rev1=1 crypto rx=0 tx=0 comp rx=0 tx=0).send_message enqueueing message m=0x55789038b340 type=62 config(1 keys)
2026-02-17T11:25:55.142+0000 7f7fb84e8640 15 --2- v2:127.0.0.1:7146/0 >> 127.0.0.1:0/568079871 conn(0x557890565400 0x55789061f080 crc :-1 s=READY pgs=1 cs=0 l=1 rev1=1 crypto rx=0 tx=0 comp rx=0 tx=0).send_message inline write is denied, reschedule m=0x55789038b340
2026-02-17T11:25:55.142+0000 7f7fb84e8640 10 mon.a@0(leader).monmap v1 check_sub monmap next 0 have 1
2026-02-17T11:25:55.142+0000 7f7fb84e8640 1 -- v2:127.0.0.1:7146/0 --> 127.0.0.1:0/568079871 -- mon_map magic: 0 -- 0x5578905a24e0 con 0x557890565400
2026-02-17T11:25:55.142+0000 7f7fb84e8640 5 --2- v2:127.0.0.1:7146/0 >> 127.0.0.1:0/568079871 conn(0x557890565400 0x55789061f080 crc :-1 s=READY pgs=1 cs=0 l=1 rev1=1 crypto rx=0 tx=0 comp rx=0 tx=0).send_message enqueueing message m=0x5578905a24e0 type=4 mon_map magic: 0
2026-02-17T11:25:55.142+0000 7f7fb6ce5640 10 -- v2:127.0.0.1:7146/0 >> 127.0.0.1:0/568079871 conn(0x557890565400 msgr2=0x55789061f080 crc :-1 s=STATE_CONNECTION_ESTABLISHED l=1)._try_send sent bytes 260 remaining bytes 0
2026-02-17T11:25:55.142+0000 7f7fb84e8640 15 --2- v2:127.0.0.1:7146/0 >> 127.0.0.1:0/568079871 conn(0x557890565400 0x55789061f080 crc :-1 s=READY pgs=1 cs=0 l=1 rev1=1 crypto rx=0 tx=0 comp rx=0 tx=0).send_message inline write is denied, reschedule m=0x5578905a24e0
2026-02-17T11:25:55.142+0000 7f7fb84e8640 10 -- v2:127.0.0.1:7146/0 dispatch_throttle_release 54 to dispatch throttler 54/104857600
2026-02-17T11:25:55.142+0000 7f7fb84e8640 20 -- v2:127.0.0.1:7146/0 done calling dispatch on 0x557890862b40
2026-02-17T11:25:55.142+0000 7f7fb6ce5640 10 --2- v2:127.0.0.1:7146/0 >> 127.0.0.1:0/568079871 conn(0x557890565400 0x55789061f080 crc :-1 s=READY pgs=1 cs=0 l=1 rev1=1 crypto rx=0 tx=0 comp rx=0 tx=0).write_message sending 0x5578905a2340 done.
2026-02-17T11:25:55.142+0000 7f7fb6ce5640 20 --2- v2:127.0.0.1:7146/0 >> 127.0.0.1:0/568079871 conn(0x557890565400 0x55789061f080 crc :-1 s=READY pgs=1 cs=0 l=1 rev1=1 crypto rx=0 tx=0 comp rx=0 tx=0).prepare_send_message m=config(1 keys)
2026-02-17T11:25:55.142+0000 7f7fb6ce5640 20 --2- v2:127.0.0.1:7146/0 >> 127.0.0.1:0/568079871 conn(0x557890565400 0x55789061f080 crc :-1 s=READY pgs=1 cs=0 l=1 rev1=1 crypto rx=0 tx=0 comp rx=0 tx=0).prepare_send_message encoding features 4540701547738038271 0x55789038b340 config(1 keys)
2026-02-17T11:25:55.142+0000 7f7fb6ce5640 5 --2- v2:127.0.0.1:7146/0 >> 127.0.0.1:0/568079871 conn(0x557890565400 0x55789061f080 crc :-1 s=READY pgs=1 cs=0 l=1 rev1=1 crypto rx=0 tx=0 comp rx=0 tx=0).write_message sending message m=0x55789038b340 seq=2 config(1 keys)
2026-02-17T11:25:55.142+0000 7f7fb6ce5640 20 --2- v2:127.0.0.1:7146/0 >> 127.0.0.1:0/568079871 conn(0x557890565400 0x55789061f080 crc :-1 s=READY pgs=1 cs=0 l=1 rev1=1 crypto rx=0 tx=0 comp rx=0 tx=0).write_message sending m=0x55789038b340 seq=2 src=mon.0 off=0
2026-02-17T11:25:55.142+0000 7f7fb6ce5640 10 -- v2:127.0.0.1:7146/0 >> 127.0.0.1:0/568079871 conn(0x557890565400 msgr2=0x55789061f080 crc :-1 s=STATE_CONNECTION_ESTABLISHED l=1)._try_send sent bytes 115 remaining bytes 0
2026-02-17T11:25:55.142+0000 7f7fb6ce5640 10 --2- v2:127.0.0.1:7146/0 >> 127.0.0.1:0/568079871 conn(0x557890565400 0x55789061f080 crc :-1 s=READY pgs=1 cs=0 l=1 rev1=1 crypto rx=0 tx=0 comp rx=0 tx=0).write_message sending 0x55789038b340 done.
2026-02-17T11:25:55.142+0000 7f7fb6ce5640 20 --2- v2:127.0.0.1:7146/0 >> 127.0.0.1:0/568079871 conn(0x557890565400 0x55789061f080 crc :-1 s=READY pgs=1 cs=0 l=1 rev1=1 crypto rx=0 tx=0 comp rx=0 tx=0).prepare_send_message m=mon_map magic: 0
2026-02-17T11:25:55.142+0000 7f7fb6ce5640 20 --2- v2:127.0.0.1:7146/0 >> 127.0.0.1:0/568079871 conn(0x557890565400 0x55789061f080 crc :-1 s=READY pgs=1 cs=0 l=1 rev1=1 crypto rx=0 tx=0 comp rx=0 tx=0).prepare_send_message encoding features 4540701547738038271 0x5578905a24e0 mon_map magic: 0
2026-02-17T11:25:55.142+0000 7f7fb6ce5640 5 --2- v2:127.0.0.1:7146/0 >> 127.0.0.1:0/568079871 conn(0x557890565400 0x55789061f080 crc :-1 s=READY pgs=1 cs=0 l=1 rev1=1 crypto rx=0 tx=0 comp rx=0 tx=0).write_message sending message m=0x5578905a24e0 seq=3 mon_map magic: 0
2026-02-17T11:25:55.142+0000 7f7fb6ce5640 20 --2- v2:127.0.0.1:7146/0 >> 127.0.0.1:0/568079871 conn(0x557890565400 0x55789061f080 crc :-1 s=READY pgs=1 cs=0 l=1 rev1=1 crypto rx=0 tx=0 comp rx=0 tx=0).write_message sending m=0x5578905a24e0 seq=3 src=mon.0 off=0
2026-02-17T11:25:55.142+0000 7f7fb6ce5640 10 -- v2:127.0.0.1:7146/0 >> 127.0.0.1:0/568079871 conn(0x557890565400 msgr2=0x55789061f080 crc :-1 s=STATE_CONNECTION_ESTABLISHED l=1)._try_send sent bytes 260 remaining bytes 0
2026-02-17T11:25:55.142+0000 7f7fb6ce5640 10 --2- v2:127.0.0.1:7146/0 >> 127.0.0.1:0/568079871 conn(0x557890565400 0x55789061f080 crc :-1 s=READY pgs=1 cs=0 l=1 rev1=1 crypto rx=0 tx=0 comp rx=0 tx=0).write_message sending 0x5578905a24e0 done.
2026-02-17T11:25:55.142+0000 7f7fb6ce5640 20 -- v2:127.0.0.1:7146/0 >> 127.0.0.1:0/568079871 conn(0x557890565400 msgr2=0x55789061f080 crc :-1 s=STATE_CONNECTION_ESTABLISHED l=1).process
2026-02-17T11:25:55.142+0000 7f7fb6ce5640 20 -- v2:127.0.0.1:7146/0 >> 127.0.0.1:0/568079871 conn(0x557890565400 msgr2=0x55789061f080 crc :-1 s=STATE_CONNECTION_ESTABLISHED l=1).read continue len=32
2026-02-17T11:25:55.142+0000 7f7fb6ce5640 20 --2- v2:127.0.0.1:7146/0 >> 127.0.0.1:0/568079871 conn(0x557890565400 0x55789061f080 crc :-1 s=READY pgs=1 cs=0 l=1 rev1=1 crypto rx=0 tx=0 comp rx=0 tx=0).handle_read_frame_preamble_main r=0
2026-02-17T11:25:55.142+0000 7f7fb6ce5640 20 --2- v2:127.0.0.1:7146/0 >> 127.0.0.1:0/568079871 conn(0x557890565400 0x55789061f080 crc :-1 s=THROTTLE_MESSAGE pgs=1 cs=0 l=1 rev1=1 crypto rx=0 tx=0 comp rx=0 tx=0).throttle_message
2026-02-17T11:25:55.142+0000 7f7fb6ce5640 20 --2- v2:127.0.0.1:7146/0 >> 127.0.0.1:0/568079871 conn(0x557890565400 0x55789061f080 crc :-1 s=THROTTLE_BYTES pgs=1 cs=0 l=1 rev1=1 crypto rx=0 tx=0 comp rx=0 tx=0).throttle_bytes
2026-02-17T11:25:55.142+0000 7f7fb6ce5640 10 --2- v2:127.0.0.1:7146/0 >> 127.0.0.1:0/568079871 conn(0x557890565400 0x55789061f080 crc :-1 s=THROTTLE_BYTES pgs=1 cs=0 l=1 rev1=1 crypto rx=0 tx=0 comp rx=0 tx=0).throttle_bytes wants 35 bytes from policy throttler 446/104857600
2026-02-17T11:25:55.142+0000 7f7fb6ce5640 20 --2- v2:127.0.0.1:7146/0 >> 127.0.0.1:0/568079871 conn(0x557890565400 0x55789061f080 crc :-1 s=THROTTLE_DISPATCH_QUEUE pgs=1 cs=0 l=1 rev1=1 crypto rx=0 tx=0 comp rx=0 tx=0).throttle_dispatch_queue
2026-02-17T11:25:55.142+0000 7f7fb6ce5640 20 --2- v2:127.0.0.1:7146/0 >> 127.0.0.1:0/568079871 conn(0x557890565400 0x55789061f080 crc :-1 s=THROTTLE_DONE pgs=1 cs=0 l=1 rev1=1 crypto rx=0 tx=0 comp rx=0 tx=0).read_frame_segment seg_idx=0
2026-02-17T11:25:55.142+0000 7f7fb6ce5640 20 -- v2:127.0.0.1:7146/0 >> 127.0.0.1:0/568079871 conn(0x557890565400 msgr2=0x55789061f080 crc :-1 s=STATE_CONNECTION_ESTABLISHED l=1).read start len=45
2026-02-17T11:25:55.142+0000 7f7fb6ce5640 20 --2- v2:127.0.0.1:7146/0 >> 127.0.0.1:0/568079871 conn(0x557890565400 0x55789061f080 crc :-1 s=THROTTLE_DONE pgs=1 cs=0 l=1 rev1=1 crypto rx=0 tx=0 comp rx=0 tx=0).handle_read_frame_segment r=0
2026-02-17T11:25:55.142+0000 7f7fb6ce5640 20 --2- v2:127.0.0.1:7146/0 >> 127.0.0.1:0/568079871 conn(0x557890565400 0x55789061f080 crc :-1 s=THROTTLE_DONE pgs=1 cs=0 l=1 rev1=1 crypto rx=0 tx=0 comp rx=0 tx=0).read_frame_segment seg_idx=1
2026-02-17T11:25:55.142+0000 7f7fb6ce5640 20 -- v2:127.0.0.1:7146/0 >> 127.0.0.1:0/568079871 conn(0x557890565400 msgr2=0x55789061f080 crc :-1 s=STATE_CONNECTION_ESTABLISHED l=1).read start len=35
2026-02-17T11:25:55.142+0000 7f7fb6ce5640 20 --2- v2:127.0.0.1:7146/0 >> 127.0.0.1:0/568079871 conn(0x557890565400 0x55789061f080 crc :-1 s=THROTTLE_DONE pgs=1 cs=0 l=1 rev1=1 crypto rx=0 tx=0 comp rx=0 tx=0).handle_read_frame_segment r=0
2026-02-17T11:25:55.142+0000 7f7fb6ce5640 20 -- v2:127.0.0.1:7146/0 >> 127.0.0.1:0/568079871 conn(0x557890565400 msgr2=0x55789061f080 crc :-1 s=STATE_CONNECTION_ESTABLISHED l=1).read start len=13
2026-02-17T11:25:55.142+0000 7f7fb6ce5640 20 --2- v2:127.0.0.1:7146/0 >> 127.0.0.1:0/568079871 conn(0x557890565400 0x55789061f080 crc :-1 s=THROTTLE_DONE pgs=1 cs=0 l=1 rev1=1 crypto rx=0 tx=0 comp rx=0 tx=0).handle_read_frame_epilogue_main r=0
2026-02-17T11:25:55.142+0000 7f7fb6ce5640 10 --2- v2:127.0.0.1:7146/0 >> 127.0.0.1:0/568079871 conn(0x557890565400 0x55789061f080 crc :-1 s=THROTTLE_DONE pgs=1 cs=0 l=1 rev1=1 crypto rx=0 tx=0 comp rx=0 tx=0).handle_read_frame_dispatch tag=17
2026-02-17T11:25:55.142+0000 7f7fb6ce5640 20 --2- v2:127.0.0.1:7146/0 >> 127.0.0.1:0/568079871 conn(0x557890565400 0x55789061f080 crc :-1 s=THROTTLE_DONE pgs=1 cs=0 l=1 rev1=1 crypto rx=0 tx=0 comp rx=0 tx=0).handle_message
2026-02-17T11:25:55.142+0000 7f7fb6ce5640 5 --2- v2:127.0.0.1:7146/0 >> 127.0.0.1:0/568079871 conn(0x557890565400 0x55789061f080 crc :-1 s=THROTTLE_DONE pgs=1 cs=0 l=1 rev1=1 crypto rx=0 tx=0 comp rx=0 tx=0).handle_message got 35 + 0 + 0 byte message. envelope type=15 src client.? off 0
2026-02-17T11:25:55.142+0000 7f7fb6ce5640 5 --2- v2:127.0.0.1:7146/0 >> 127.0.0.1:0/568079871 conn(0x557890565400 0x55789061f080 crc :-1 s=READ_MESSAGE_COMPLETE pgs=1 cs=0 l=1 rev1=1 crypto rx=0 tx=0 comp rx=0 tx=0).handle_message received message m=0x557890862d20 seq=3 from=client.? type=15 mon_subscribe({mgrmap=0+})
2026-02-17T11:25:55.142+0000 7f7fb6ce5640 20 -- v2:127.0.0.1:7146/0 queue 0x557890862d20 prio 127
2026-02-17T11:25:55.142+0000 7f7fb6ce5640 20 --2- v2:127.0.0.1:7146/0 >> 127.0.0.1:0/568079871 conn(0x557890565400 0x55789061f080 crc :-1 s=READY pgs=1 cs=0 l=1 rev1=1 crypto rx=0 tx=0 comp rx=0 tx=0).read_frame
2026-02-17T11:25:55.142+0000 7f7fb6ce5640 20 -- v2:127.0.0.1:7146/0 >> 127.0.0.1:0/568079871 conn(0x557890565400 msgr2=0x55789061f080 crc :-1 s=STATE_CONNECTION_ESTABLISHED l=1).read start len=32
2026-02-17T11:25:55.142+0000 7f7fb6ce5640 20 --2- v2:127.0.0.1:7146/0 >> 127.0.0.1:0/568079871 conn(0x557890565400 0x55789061f080 crc :-1 s=READY pgs=1 cs=0 l=1 rev1=1 crypto rx=0 tx=0 comp rx=0 tx=0).handle_read_frame_preamble_main r=0
2026-02-17T11:25:55.142+0000 7f7fb6ce5640 20 --2- v2:127.0.0.1:7146/0 >> 127.0.0.1:0/568079871 conn(0x557890565400 0x55789061f080 crc :-1 s=THROTTLE_MESSAGE pgs=1 cs=0 l=1 rev1=1 crypto rx=0 tx=0 comp rx=0 tx=0).throttle_message
2026-02-17T11:25:55.142+0000 7f7fb6ce5640 20 --2- v2:127.0.0.1:7146/0 >> 127.0.0.1:0/568079871 conn(0x557890565400 0x55789061f080 crc :-1 s=THROTTLE_BYTES pgs=1 cs=0 l=1 rev1=1 crypto rx=0 tx=0 comp rx=0 tx=0).throttle_bytes
2026-02-17T11:25:55.142+0000 7f7fb6ce5640 10 --2- v2:127.0.0.1:7146/0 >> 127.0.0.1:0/568079871 conn(0x557890565400 0x55789061f080 crc :-1 s=THROTTLE_BYTES pgs=1 cs=0 l=1 rev1=1 crypto rx=0 tx=0 comp rx=0 tx=0).throttle_bytes wants 35 bytes from policy throttler 481/104857600
2026-02-17T11:25:55.142+0000 7f7fb6ce5640 20 --2- v2:127.0.0.1:7146/0 >> 127.0.0.1:0/568079871 conn(0x557890565400 0x55789061f080 crc :-1 s=THROTTLE_DISPATCH_QUEUE pgs=1 cs=0 l=1 rev1=1 crypto rx=0 tx=0 comp rx=0 tx=0).throttle_dispatch_queue
2026-02-17T11:25:55.142+0000 7f7fb84e8640 1 -- v2:127.0.0.1:7146/0 <== client.? 127.0.0.1:0/568079871 3 ==== mon_subscribe({mgrmap=0+}) ==== 35+0+0 (crc 0 0 0) 0x557890862d20 con 0x557890565400
2026-02-17T11:25:55.142+0000 7f7fb6ce5640 20 --2- v2:127.0.0.1:7146/0 >> 127.0.0.1:0/568079871 conn(0x557890565400 0x55789061f080 crc :-1 s=THROTTLE_DONE pgs=1 cs=0 l=1 rev1=1 crypto rx=0 tx=0 comp rx=0 tx=0).read_frame_segment seg_idx=0
2026-02-17T11:25:55.142+0000 7f7fb6ce5640 20 -- v2:127.0.0.1:7146/0 >> 127.0.0.1:0/568079871 conn(0x557890565400 msgr2=0x55789061f080 crc :-1 s=STATE_CONNECTION_ESTABLISHED l=1).read start len=45
2026-02-17T11:25:55.142+0000 7f7fb6ce5640 20 --2- v2:127.0.0.1:7146/0 >> 127.0.0.1:0/568079871 conn(0x557890565400 0x55789061f080 crc :-1 s=THROTTLE_DONE pgs=1 cs=0 l=1 rev1=1 crypto rx=0 tx=0 comp rx=0 tx=0).handle_read_frame_segment r=0
2026-02-17T11:25:55.142+0000 7f7fb84e8640 20 mon.a@0(leader) e1 _ms_dispatch existing session 0x5578907f66c0 for client.?
2026-02-17T11:25:55.142+0000 7f7fb84e8640 20 mon.a@0(leader) e1 entity_name mgr.x global_id 4107 (none) caps allow *
2026-02-17T11:25:55.142+0000 7f7fb6ce5640 20 --2- v2:127.0.0.1:7146/0 >> 127.0.0.1:0/568079871 conn(0x557890565400 0x55789061f080 crc :-1 s=THROTTLE_DONE pgs=1 cs=0 l=1 rev1=1 crypto rx=0 tx=0 comp rx=0 tx=0).read_frame_segment seg_idx=1
2026-02-17T11:25:55.142+0000 7f7fb84e8640 10 mon.a@0(leader) e1 handle_subscribe mon_subscribe({mgrmap=0+})
2026-02-17T11:25:55.142+0000 7f7fb6ce5640 20 -- v2:127.0.0.1:7146/0 >> 127.0.0.1:0/568079871 conn(0x557890565400 msgr2=0x55789061f080 crc :-1 s=STATE_CONNECTION_ESTABLISHED l=1).read start len=35
2026-02-17T11:25:55.142+0000 7f7fb84e8640 20 MonCap is_capable service=mon command= read addr 127.0.0.1:0/568079871 on cap allow *
2026-02-17T11:25:55.142+0000 7f7fb84e8640 20 MonCap allow so far , doing grant allow *
2026-02-17T11:25:55.142+0000 7f7fb6ce5640 20 --2- v2:127.0.0.1:7146/0 >> 127.0.0.1:0/568079871 conn(0x557890565400 0x55789061f080 crc :-1 s=THROTTLE_DONE pgs=1 cs=0 l=1 rev1=1 crypto rx=0 tx=0 comp rx=0 tx=0).handle_read_frame_segment r=0
2026-02-17T11:25:55.142+0000 7f7fb84e8640 20 MonCap allow all
2026-02-17T11:25:55.142+0000 7f7fb6ce5640 20 -- v2:127.0.0.1:7146/0 >> 127.0.0.1:0/568079871 conn(0x557890565400 msgr2=0x55789061f080 crc :-1 s=STATE_CONNECTION_ESTABLISHED l=1).read start len=13
2026-02-17T11:25:55.142+0000 7f7fb6ce5640 20 --2- v2:127.0.0.1:7146/0 >> 127.0.0.1:0/568079871 conn(0x557890565400 0x55789061f080 crc :-1 s=THROTTLE_DONE pgs=1 cs=0 l=1 rev1=1 crypto rx=0 tx=0 comp rx=0 tx=0).handle_read_frame_epilogue_main r=0
2026-02-17T11:25:55.142+0000 7f7fb84e8640 20 mon.a@0(leader).mgr e2 Sending map to subscriber 0x557890565400 127.0.0.1:0/568079871
2026-02-17T11:25:55.142+0000 7f7fb6ce5640 10 --2- v2:127.0.0.1:7146/0 >> 127.0.0.1:0/568079871 conn(0x557890565400 0x55789061f080 crc :-1 s=THROTTLE_DONE pgs=1 cs=0 l=1 rev1=1 crypto rx=0 tx=0 comp rx=0 tx=0).handle_read_frame_dispatch tag=17
2026-02-17T11:25:55.142+0000 7f7fb6ce5640 20 --2- v2:127.0.0.1:7146/0 >> 127.0.0.1:0/568079871 conn(0x557890565400 0x55789061f080 crc :-1 s=THROTTLE_DONE pgs=1 cs=0 l=1 rev1=1 crypto rx=0 tx=0 comp rx=0 tx=0).handle_message
2026-02-17T11:25:55.142+0000 7f7fb6ce5640 5 --2- v2:127.0.0.1:7146/0 >> 127.0.0.1:0/568079871 conn(0x557890565400 0x55789061f080 crc :-1 s=THROTTLE_DONE pgs=1 cs=0 l=1 rev1=1 crypto rx=0 tx=0 comp rx=0 tx=0).handle_message got 35 + 0 + 0 byte message. envelope type=15 src client.? off 0
2026-02-17T11:25:55.142+0000 7f7fb6ce5640 5 --2- v2:127.0.0.1:7146/0 >> 127.0.0.1:0/568079871 conn(0x557890565400 0x55789061f080 crc :-1 s=READ_MESSAGE_COMPLETE pgs=1 cs=0 l=1 rev1=1 crypto rx=0 tx=0 comp rx=0 tx=0).handle_message received message m=0x557890862f00 seq=4 from=client.? type=15 mon_subscribe({osdmap=0})
2026-02-17T11:25:55.142+0000 7f7fb6ce5640 20 -- v2:127.0.0.1:7146/0 queue 0x557890862f00 prio 127
2026-02-17T11:25:55.142+0000 7f7fb6ce5640 20 --2- v2:127.0.0.1:7146/0 >> 127.0.0.1:0/568079871 conn(0x557890565400 0x55789061f080 crc :-1 s=READY pgs=1 cs=0 l=1 rev1=1 crypto rx=0 tx=0 comp rx=0 tx=0).read_frame
2026-02-17T11:25:55.142+0000 7f7fb6ce5640 20 -- v2:127.0.0.1:7146/0 >> 127.0.0.1:0/568079871 conn(0x557890565400 msgr2=0x55789061f080 crc :-1 s=STATE_CONNECTION_ESTABLISHED l=1).read start len=32
2026-02-17T11:25:55.142+0000 7f7fb84e8640 1 -- v2:127.0.0.1:7146/0 --> 127.0.0.1:0/568079871 -- mgrmap(e 2) -- 0x55789059a380 con 0x557890565400
2026-02-17T11:25:55.142+0000 7f7fb84e8640 5 --2- v2:127.0.0.1:7146/0 >> 127.0.0.1:0/568079871 conn(0x557890565400 0x55789061f080 crc :-1 s=READY pgs=1 cs=0 l=1 rev1=1 crypto rx=0 tx=0 comp rx=0 tx=0).send_message enqueueing message m=0x55789059a380 type=1796 mgrmap(e 2)
2026-02-17T11:25:55.142+0000 7f7fb84e8640 15 --2- v2:127.0.0.1:7146/0 >> 127.0.0.1:0/568079871 conn(0x557890565400 0x55789061f080 crc :-1 s=READY pgs=1 cs=0 l=1 rev1=1 crypto rx=0 tx=0 comp rx=0 tx=0).send_message inline write is denied, reschedule m=0x55789059a380
2026-02-17T11:25:55.142+0000 7f7fb84e8640 20 Event(0x55788f41ebc8 nevent=5000 time_id=5).wakeup
2026-02-17T11:25:55.142+0000 7f7fb84e8640 10 -- v2:127.0.0.1:7146/0 dispatch_throttle_release 35 to dispatch throttler 70/104857600
2026-02-17T11:25:55.142+0000 7f7fb84e8640 20 -- v2:127.0.0.1:7146/0 done calling dispatch on 0x557890862d20
2026-02-17T11:25:55.142+0000 7f7fb84e8640 1 -- v2:127.0.0.1:7146/0 <== client.? 127.0.0.1:0/568079871 4 ==== mon_subscribe({osdmap=0}) ==== 35+0+0 (crc 0 0 0) 0x557890862f00 con 0x557890565400
2026-02-17T11:25:55.142+0000 7f7fb84e8640 20 mon.a@0(leader) e1 _ms_dispatch existing session 0x5578907f66c0 for client.?
2026-02-17T11:25:55.142+0000 7f7fb84e8640 20 mon.a@0(leader) e1 entity_name mgr.x global_id 4107 (none) caps allow *
2026-02-17T11:25:55.142+0000 7f7fb84e8640 10 mon.a@0(leader) e1 handle_subscribe mon_subscribe({osdmap=0})
2026-02-17T11:25:55.142+0000 7f7fb84e8640 20 MonCap is_capable service=mon command= read addr 127.0.0.1:0/568079871 on cap allow *
2026-02-17T11:25:55.142+0000 7f7fb84e8640 20 MonCap allow so far , doing grant allow *
2026-02-17T11:25:55.142+0000 7f7fb84e8640 20 MonCap allow all
2026-02-17T11:25:55.142+0000 7f7fb84e8640 20 MonCap is_capable service=osd command= read addr 127.0.0.1:0/568079871 on cap allow *
2026-02-17T11:25:55.142+0000 7f7fb84e8640 20 MonCap allow so far , doing grant allow *
2026-02-17T11:25:55.142+0000 7f7fb84e8640 20 MonCap allow all
2026-02-17T11:25:55.142+0000 7f7fb84e8640 10 mon.a@0(leader).osd e2 check_osdmap_sub 0x55789085b380 next 0 (onetime)
2026-02-17T11:25:55.142+0000 7f7fb6ce5640 10 -- v2:127.0.0.1:7146/0 >> 127.0.0.1:0/568079871 conn(0x557890565400 msgr2=0x55789061f080 crc :-1 s=STATE_CONNECTION_ESTABLISHED l=1).handle_write
2026-02-17T11:25:55.142+0000 7f7fb84e8640 1 -- v2:127.0.0.1:7146/0 --> 127.0.0.1:0/568079871 -- osd_map(2..2 src has 1..2) -- 0x5578907cb200 con 0x557890565400
2026-02-17T11:25:55.142+0000 7f7fb6ce5640 10 --2- v2:127.0.0.1:7146/0 >> 127.0.0.1:0/568079871 conn(0x557890565400 0x55789061f080 crc :-1 s=READY pgs=1 cs=0 l=1 rev1=1 crypto rx=0 tx=0 comp rx=0 tx=0).write_event
2026-02-17T11:25:55.142+0000 7f7fb84e8640 5 --2- v2:127.0.0.1:7146/0 >> 127.0.0.1:0/568079871 conn(0x557890565400 0x55789061f080 crc :-1 s=READY pgs=1 cs=0 l=1 rev1=1 crypto rx=0 tx=0 comp rx=0 tx=0).send_message enqueueing message m=0x5578907cb200 type=41 osd_map(2..2 src has 1..2)
2026-02-17T11:25:55.142+0000 7f7fb84e8640 15 --2- v2:127.0.0.1:7146/0 >> 127.0.0.1:0/568079871 conn(0x557890565400 0x55789061f080 crc :-1 s=READY pgs=1 cs=0 l=1 rev1=1 crypto rx=0 tx=0 comp rx=0 tx=0).send_message inline write is denied, reschedule m=0x5578907cb200
2026-02-17T11:25:55.142+0000 7f7fb84e8640 10 -- v2:127.0.0.1:7146/0 dispatch_throttle_release 35 to dispatch throttler 35/104857600
2026-02-17T11:25:55.142+0000 7f7fb84e8640 20 -- v2:127.0.0.1:7146/0 done calling dispatch on 0x557890862f00
2026-02-17T11:25:55.142+0000 7f7fb6ce5640 20 --2- v2:127.0.0.1:7146/0 >> 127.0.0.1:0/568079871 conn(0x557890565400 0x55789061f080 crc :-1 s=READY pgs=1 cs=0 l=1 rev1=1 crypto rx=0 tx=0 comp rx=0 tx=0).prepare_send_message m=mgrmap(e 2)
2026-02-17T11:25:55.142+0000 7f7fb6ce5640 20 --2- v2:127.0.0.1:7146/0 >> 127.0.0.1:0/568079871 conn(0x557890565400 0x55789061f080 crc :-1 s=READY pgs=1 cs=0 l=1 rev1=1 crypto rx=0 tx=0 comp rx=0 tx=0).prepare_send_message encoding features 4540701547738038271 0x55789059a380 mgrmap(e 2)
2026-02-17T11:25:55.142+0000 7f7fb6ce5640 5 --2- v2:127.0.0.1:7146/0 >> 127.0.0.1:0/568079871 conn(0x557890565400 0x55789061f080 crc :-1 s=READY pgs=1 cs=0 l=1 rev1=1 crypto rx=0 tx=0 comp rx=0 tx=0).write_message sending message m=0x55789059a380 seq=4 mgrmap(e 2)
2026-02-17T11:25:55.142+0000 7f7fb6ce5640 20 --2- v2:127.0.0.1:7146/0 >> 127.0.0.1:0/568079871 conn(0x557890565400 0x55789061f080 crc :-1 s=READY pgs=1 cs=0 l=1 rev1=1 crypto rx=0 tx=0 comp rx=0 tx=0).write_message sending m=0x55789059a380 seq=4 src=mon.0 off=0
2026-02-17T11:25:55.142+0000 7f7fb6ce5640 10 -- v2:127.0.0.1:7146/0 >> 127.0.0.1:0/568079871 conn(0x557890565400 msgr2=0x55789061f080 crc :-1 s=STATE_CONNECTION_ESTABLISHED l=1)._try_send sent bytes 51592 remaining bytes 0
2026-02-17T11:25:55.142+0000 7f7fb6ce5640 10 --2- v2:127.0.0.1:7146/0 >> 127.0.0.1:0/568079871 conn(0x557890565400 0x55789061f080 crc :-1 s=READY pgs=1 cs=0 l=1 rev1=1 crypto rx=0 tx=0 comp rx=0 tx=0).write_message sending 0x55789059a380 done.
2026-02-17T11:25:55.142+0000 7f7fb6ce5640 20 --2- v2:127.0.0.1:7146/0 >> 127.0.0.1:0/568079871 conn(0x557890565400 0x55789061f080 crc :-1 s=READY pgs=1 cs=0 l=1 rev1=1 crypto rx=0 tx=0 comp rx=0 tx=0).prepare_send_message m=osd_map(2..2 src has 1..2)
2026-02-17T11:25:55.142+0000 7f7fb6ce5640 20 --2- v2:127.0.0.1:7146/0 >> 127.0.0.1:0/568079871 conn(0x557890565400 0x55789061f080 crc :-1 s=READY pgs=1 cs=0 l=1 rev1=1 crypto rx=0 tx=0 comp rx=0 tx=0).prepare_send_message encoding features 4540701547738038271 0x5578907cb200 osd_map(2..2 src has 1..2)
2026-02-17T11:25:55.142+0000 7f7fb6ce5640 5 --2- v2:127.0.0.1:7146/0 >> 127.0.0.1:0/568079871 conn(0x557890565400 0x55789061f080 crc :-1 s=READY pgs=1 cs=0 l=1 rev1=1 crypto rx=0 tx=0 comp rx=0 tx=0).write_message sending message m=0x5578907cb200 seq=5 osd_map(2..2 src has 1..2)
2026-02-17T11:25:55.142+0000 7f7fb6ce5640 20 --2- v2:127.0.0.1:7146/0 >> 127.0.0.1:0/568079871 conn(0x557890565400 0x55789061f080 crc :-1 s=READY pgs=1 cs=0 l=1 rev1=1 crypto rx=0 tx=0 comp rx=0 tx=0).write_message sending m=0x5578907cb200 seq=5 src=mon.0 off=0
2026-02-17T11:25:55.142+0000 7f7fb6ce5640 10 -- v2:127.0.0.1:7146/0 >> 127.0.0.1:0/568079871 conn(0x557890565400 msgr2=0x55789061f080 crc :-1 s=STATE_CONNECTION_ESTABLISHED l=1)._try_send sent bytes 899 remaining bytes 0
2026-02-17T11:25:55.142+0000 7f7fb6ce5640 10 --2- v2:127.0.0.1:7146/0 >> 127.0.0.1:0/568079871 conn(0x557890565400 0x55789061f080 crc :-1 s=READY pgs=1 cs=0 l=1 rev1=1 crypto rx=0 tx=0 comp rx=0 tx=0).write_message sending 0x5578907cb200 done.
2026-02-17T11:25:55.142+0000 7f7fb6ce5640 20 -- v2:127.0.0.1:7146/0 >> 127.0.0.1:0/568079871 conn(0x557890565400 msgr2=0x55789061f080 crc :-1 s=STATE_CONNECTION_ESTABLISHED l=1).process
2026-02-17T11:25:55.142+0000 7f7fb6ce5640 20 -- v2:127.0.0.1:7146/0 >> 127.0.0.1:0/568079871 conn(0x557890565400 msgr2=0x55789061f080 crc :-1 s=STATE_CONNECTION_ESTABLISHED l=1).read continue len=32
2026-02-17T11:25:55.142+0000 7f7fb6ce5640 20 --2- v2:127.0.0.1:7146/0 >> 127.0.0.1:0/568079871 conn(0x557890565400 0x55789061f080 crc :-1 s=READY pgs=1 cs=0 l=1 rev1=1 crypto rx=0 tx=0 comp rx=0 tx=0).handle_read_frame_preamble_main r=0
2026-02-17T11:25:55.142+0000 7f7fb6ce5640 20 --2- v2:127.0.0.1:7146/0 >> 127.0.0.1:0/568079871 conn(0x557890565400 0x55789061f080 crc :-1 s=THROTTLE_MESSAGE pgs=1 cs=0 l=1 rev1=1 crypto rx=0 tx=0 comp rx=0 tx=0).throttle_message
2026-02-17T11:25:55.142+0000 7f7fb6ce5640 20 --2- v2:127.0.0.1:7146/0 >> 127.0.0.1:0/568079871 conn(0x557890565400 0x55789061f080 crc :-1 s=THROTTLE_BYTES pgs=1 cs=0 l=1 rev1=1 crypto rx=0 tx=0 comp rx=0 tx=0).throttle_bytes
2026-02-17T11:25:55.142+0000 7f7fb6ce5640 10 --2- v2:127.0.0.1:7146/0 >> 127.0.0.1:0/568079871 conn(0x557890565400 0x55789061f080 crc :-1 s=THROTTLE_BYTES pgs=1 cs=0 l=1 rev1=1 crypto rx=0 tx=0 comp rx=0 tx=0).throttle_bytes wants 18 bytes from policy throttler 516/104857600
2026-02-17T11:25:55.142+0000 7f7fb6ce5640 20 --2- v2:127.0.0.1:7146/0 >> 127.0.0.1:0/568079871 conn(0x557890565400 0x55789061f080 crc :-1 s=THROTTLE_DISPATCH_QUEUE pgs=1 cs=0 l=1 rev1=1 crypto rx=0 tx=0 comp rx=0 tx=0).throttle_dispatch_queue
2026-02-17T11:25:55.142+0000 7f7fb6ce5640 20 --2- v2:127.0.0.1:7146/0 >> 127.0.0.1:0/568079871 conn(0x557890565400 0x55789061f080 crc :-1 s=THROTTLE_DONE pgs=1 cs=0 l=1 rev1=1 crypto rx=0 tx=0 comp rx=0 tx=0).read_frame_segment seg_idx=0
2026-02-17T11:25:55.142+0000 7f7fb6ce5640 20 -- v2:127.0.0.1:7146/0 >> 127.0.0.1:0/568079871 conn(0x557890565400 msgr2=0x55789061f080 crc :-1 s=STATE_CONNECTION_ESTABLISHED l=1).read start len=45
2026-02-17T11:25:55.142+0000 7f7fb6ce5640 20 --2- v2:127.0.0.1:7146/0 >> 127.0.0.1:0/568079871 conn(0x557890565400 0x55789061f080 crc :-1 s=THROTTLE_DONE pgs=1 cs=0 l=1 rev1=1 crypto rx=0 tx=0 comp rx=0 tx=0).handle_read_frame_segment r=0
2026-02-17T11:25:55.142+0000 7f7fb6ce5640 20 --2- v2:127.0.0.1:7146/0 >> 127.0.0.1:0/568079871 conn(0x557890565400 0x55789061f080 crc :-1 s=THROTTLE_DONE pgs=1 cs=0 l=1 rev1=1 crypto rx=0 tx=0 comp rx=0 tx=0).read_frame_segment seg_idx=1
2026-02-17T11:25:55.142+0000 7f7fb6ce5640 20 -- v2:127.0.0.1:7146/0 >> 127.0.0.1:0/568079871 conn(0x557890565400 msgr2=0x55789061f080 crc :-1 s=STATE_CONNECTION_ESTABLISHED l=1).read start len=18
2026-02-17T11:25:55.142+0000 7f7fb6ce5640 20 --2- v2:127.0.0.1:7146/0 >> 127.0.0.1:0/568079871 conn(0x557890565400 0x55789061f080 crc :-1 s=THROTTLE_DONE pgs=1 cs=0 l=1 rev1=1 crypto rx=0 tx=0 comp rx=0 tx=0).handle_read_frame_segment r=0
2026-02-17T11:25:55.142+0000 7f7fb6ce5640 20 -- v2:127.0.0.1:7146/0 >> 127.0.0.1:0/568079871 conn(0x557890565400 msgr2=0x55789061f080 crc :-1 s=STATE_CONNECTION_ESTABLISHED l=1).read start len=13
2026-02-17T11:25:55.142+0000 7f7fb6ce5640 20 --2- v2:127.0.0.1:7146/0 >> 127.0.0.1:0/568079871 conn(0x557890565400 0x55789061f080 crc :-1 s=THROTTLE_DONE pgs=1 cs=0 l=1 rev1=1 crypto rx=0 tx=0 comp rx=0 tx=0).handle_read_frame_epilogue_main r=0
2026-02-17T11:25:55.142+0000 7f7fb6ce5640 10 --2- v2:127.0.0.1:7146/0 >> 127.0.0.1:0/568079871 conn(0x557890565400 0x55789061f080 crc :-1 s=THROTTLE_DONE pgs=1 cs=0 l=1 rev1=1 crypto rx=0 tx=0 comp rx=0 tx=0).handle_read_frame_dispatch tag=17
2026-02-17T11:25:55.142+0000 7f7fb6ce5640 20 --2- v2:127.0.0.1:7146/0 >> 127.0.0.1:0/568079871 conn(0x557890565400 0x55789061f080 crc :-1 s=THROTTLE_DONE pgs=1 cs=0 l=1 rev1=1 crypto rx=0 tx=0 comp rx=0 tx=0).handle_message
2026-02-17T11:25:55.142+0000 7f7fb6ce5640 5 --2- v2:127.0.0.1:7146/0 >> 127.0.0.1:0/568079871 conn(0x557890565400 0x55789061f080 crc :-1 s=THROTTLE_DONE pgs=1 cs=0 l=1 rev1=1 crypto rx=0 tx=0 comp rx=0 tx=0).handle_message got 18 + 0 + 0 byte message. envelope type=19 src client.? off 0
2026-02-17T11:25:55.142+0000 7f7fb6ce5640 5 --2- v2:127.0.0.1:7146/0 >> 127.0.0.1:0/568079871 conn(0x557890565400 0x55789061f080 crc :-1 s=READ_MESSAGE_COMPLETE pgs=1 cs=0 l=1 rev1=1 crypto rx=0 tx=0 comp rx=0 tx=0).handle_message received message m=0x5578908a89c0 seq=5 from=client.? type=19 mon_get_version(what=osdmap handle=1)
2026-02-17T11:25:55.142+0000 7f7fb6ce5640 20 -- v2:127.0.0.1:7146/0 queue 0x5578908a89c0 prio 127
2026-02-17T11:25:55.142+0000 7f7fb6ce5640 20 --2- v2:127.0.0.1:7146/0 >> 127.0.0.1:0/568079871 conn(0x557890565400 0x55789061f080 crc :-1 s=READY pgs=1 cs=0 l=1 rev1=1 crypto rx=0 tx=0 comp rx=0 tx=0).read_frame
2026-02-17T11:25:55.142+0000 7f7fb6ce5640 20 -- v2:127.0.0.1:7146/0 >> 127.0.0.1:0/568079871 conn(0x557890565400 msgr2=0x55789061f080 crc :-1 s=STATE_CONNECTION_ESTABLISHED l=1).read start len=32
2026-02-17T11:25:55.142+0000 7f7fb84e8640 1 -- v2:127.0.0.1:7146/0 <== client.? 127.0.0.1:0/568079871 5 ==== mon_get_version(what=osdmap handle=1) ==== 18+0+0 (crc 0 0 0) 0x5578908a89c0 con 0x557890565400
2026-02-17T11:25:55.142+0000 7f7fb84e8640 20 mon.a@0(leader) e1 _ms_dispatch existing session 0x5578907f66c0 for client.?
2026-02-17T11:25:55.142+0000 7f7fb84e8640 20 mon.a@0(leader) e1 entity_name mgr.x global_id 4107 (none) caps allow *
2026-02-17T11:25:55.142+0000 7f7fb84e8640 20 MonCap is_capable service=mon command= read addr 127.0.0.1:0/568079871 on cap allow *
2026-02-17T11:25:55.142+0000 7f7fb84e8640 20 MonCap allow so far , doing grant allow *
2026-02-17T11:25:55.142+0000 7f7fb84e8640 20 MonCap allow all
2026-02-17T11:25:55.142+0000 7f7fb84e8640 10 mon.a@0(leader) e1 handle_get_version mon_get_version(what=osdmap handle=1)
2026-02-17T11:25:55.142+0000 7f7fb84e8640 5 mon.a@0(leader).paxos(paxos active c 1..11) is_readable = 1 - now=2026-02-17T11:25:55.149785+0000 lease_expire=1970-01-01T00:00:00.000000+0000 has v0 lc 11
2026-02-17T11:25:55.142+0000 7f7fb84e8640 1 -- v2:127.0.0.1:7146/0 --> 127.0.0.1:0/568079871 -- mon_get_version_reply(handle=1 version=2) -- 0x5578908a8b60 con 0x557890565400
2026-02-17T11:25:55.142+0000 7f7fb84e8640 5 --2- v2:127.0.0.1:7146/0 >> 127.0.0.1:0/568079871 conn(0x557890565400 0x55789061f080 crc :-1 s=READY pgs=1 cs=0 l=1 rev1=1 crypto rx=0 tx=0 comp rx=0 tx=0).send_message enqueueing message m=0x5578908a8b60 type=20 mon_get_version_reply(handle=1 version=2)
2026-02-17T11:25:55.142+0000 7f7fb84e8640 15 --2- v2:127.0.0.1:7146/0 >> 127.0.0.1:0/568079871 conn(0x557890565400 0x55789061f080 crc :-1 s=READY pgs=1 cs=0 l=1 rev1=1 crypto rx=0 tx=0 comp rx=0 tx=0).send_message inline write is denied, reschedule m=0x5578908a8b60
2026-02-17T11:25:55.142+0000 7f7fb84e8640 20 Event(0x55788f41ebc8 nevent=5000 time_id=5).wakeup
2026-02-17T11:25:55.142+0000 7f7fb84e8640 10 -- v2:127.0.0.1:7146/0 dispatch_throttle_release 18 to dispatch throttler 18/104857600
2026-02-17T11:25:55.142+0000 7f7fb84e8640 20 -- v2:127.0.0.1:7146/0 done calling dispatch on 0x5578908a89c0
2026-02-17T11:25:55.142+0000 7f7fb6ce5640 10 -- v2:127.0.0.1:7146/0 >> 127.0.0.1:0/568079871 conn(0x557890565400 msgr2=0x55789061f080 crc :-1 s=STATE_CONNECTION_ESTABLISHED l=1).handle_write
2026-02-17T11:25:55.142+0000 7f7fb6ce5640 10 --2- v2:127.0.0.1:7146/0 >> 127.0.0.1:0/568079871 conn(0x557890565400 0x55789061f080 crc :-1 s=READY pgs=1 cs=0 l=1 rev1=1 crypto rx=0 tx=0 comp rx=0 tx=0).write_event
2026-02-17T11:25:55.142+0000 7f7fb6ce5640 20 --2- v2:127.0.0.1:7146/0 >> 127.0.0.1:0/568079871 conn(0x557890565400 0x55789061f080 crc :-1 s=READY pgs=1 cs=0 l=1 rev1=1 crypto rx=0 tx=0 comp rx=0 tx=0).prepare_send_message m=mon_get_version_reply(handle=1 version=2)
2026-02-17T11:25:55.142+0000 7f7fb6ce5640 20 --2- v2:127.0.0.1:7146/0 >> 127.0.0.1:0/568079871 conn(0x557890565400 0x55789061f080 crc :-1 s=READY pgs=1 cs=0 l=1 rev1=1 crypto rx=0 tx=0 comp rx=0 tx=0).prepare_send_message encoding features 4540701547738038271 0x5578908a8b60 mon_get_version_reply(handle=1 version=2)
2026-02-17T11:25:55.142+0000 7f7fb6ce5640 5 --2- v2:127.0.0.1:7146/0 >> 127.0.0.1:0/568079871 conn(0x557890565400 0x55789061f080 crc :-1 s=READY pgs=1 cs=0 l=1 rev1=1 crypto rx=0 tx=0 comp rx=0 tx=0).write_message sending message m=0x5578908a8b60 seq=6 mon_get_version_reply(handle=1 version=2)
2026-02-17T11:25:55.142+0000 7f7fb6ce5640 20 --2- v2:127.0.0.1:7146/0 >> 127.0.0.1:0/568079871 conn(0x557890565400 0x55789061f080 crc :-1 s=READY pgs=1 cs=0 l=1 rev1=1 crypto rx=0 tx=0 comp rx=0 tx=0).write_message sending m=0x5578908a8b60 seq=6 src=mon.0 off=0
2026-02-17T11:25:55.142+0000 7f7fb6ce5640 10 -- v2:127.0.0.1:7146/0 >> 127.0.0.1:0/568079871 conn(0x557890565400 msgr2=0x55789061f080 crc :-1 s=STATE_CONNECTION_ESTABLISHED l=1)._try_send sent bytes 114 remaining bytes 0
2026-02-17T11:25:55.142+0000 7f7fb6ce5640 10 --2- v2:127.0.0.1:7146/0 >> 127.0.0.1:0/568079871 conn(0x557890565400 0x55789061f080 crc :-1 s=READY pgs=1 cs=0 l=1 rev1=1 crypto rx=0 tx=0 comp rx=0 tx=0).write_message sending 0x5578908a8b60 done.
2026-02-17T11:25:55.146+0000 7f7fbc4f0640 20 -- v2:127.0.0.1:7146/0 >> 127.0.0.1:0/2163459011 conn(0x5578904b4c00 msgr2=0x55788f53e100 crc :-1 s=STATE_CONNECTION_ESTABLISHED l=1).process
2026-02-17T11:25:55.146+0000 7f7fbc4f0640 20 -- v2:127.0.0.1:7146/0 >> 127.0.0.1:0/2163459011 conn(0x5578904b4c00 msgr2=0x55788f53e100 crc :-1 s=STATE_CONNECTION_ESTABLISHED l=1).read continue len=32
2026-02-17T11:25:55.146+0000 7f7fbc4f0640 20 --2- v2:127.0.0.1:7146/0 >> 127.0.0.1:0/2163459011 conn(0x5578904b4c00 0x55788f53e100 crc :-1 s=READY pgs=2 cs=0 l=1 rev1=1 crypto rx=0 tx=0 comp rx=0 tx=0).handle_read_frame_preamble_main r=0
2026-02-17T11:25:55.146+0000 7f7fbc4f0640 20 --2- v2:127.0.0.1:7146/0 >> 127.0.0.1:0/2163459011 conn(0x5578904b4c00 0x55788f53e100 crc :-1 s=THROTTLE_MESSAGE pgs=2 cs=0 l=1 rev1=1 crypto rx=0 tx=0 comp rx=0 tx=0).throttle_message
2026-02-17T11:25:55.146+0000 7f7fbc4f0640 20 --2- v2:127.0.0.1:7146/0 >> 127.0.0.1:0/2163459011 conn(0x5578904b4c00 0x55788f53e100 crc :-1 s=THROTTLE_BYTES pgs=2 cs=0 l=1 rev1=1 crypto rx=0 tx=0 comp rx=0 tx=0).throttle_bytes
2026-02-17T11:25:55.146+0000 7f7fbc4f0640 20 --2- v2:127.0.0.1:7146/0 >> 127.0.0.1:0/2163459011 conn(0x5578904b4c00 0x55788f53e100 crc :-1 s=THROTTLE_DISPATCH_QUEUE pgs=2 cs=0 l=1 rev1=1 crypto rx=0 tx=0 comp rx=0 tx=0).throttle_dispatch_queue
2026-02-17T11:25:55.146+0000 7f7fbc4f0640 20 --2- v2:127.0.0.1:7146/0 >> 127.0.0.1:0/2163459011 conn(0x5578904b4c00 0x55788f53e100 crc :-1 s=THROTTLE_DONE pgs=2 cs=0 l=1 rev1=1 crypto rx=0 tx=0 comp rx=0 tx=0).read_frame_segment seg_idx=0
2026-02-17T11:25:55.146+0000 7f7fbc4f0640 20 -- v2:127.0.0.1:7146/0 >> 127.0.0.1:0/2163459011 conn(0x5578904b4c00 msgr2=0x55788f53e100 crc :-1 s=STATE_CONNECTION_ESTABLISHED l=1).read start len=45
2026-02-17T11:25:55.146+0000 7f7fbc4f0640 20 --2- v2:127.0.0.1:7146/0 >> 127.0.0.1:0/2163459011 conn(0x5578904b4c00 0x55788f53e100 crc :-1 s=THROTTLE_DONE pgs=2 cs=0 l=1 rev1=1 crypto rx=0 tx=0 comp rx=0 tx=0).handle_read_frame_segment r=0
2026-02-17T11:25:55.146+0000 7f7fbc4f0640 20 --2- v2:127.0.0.1:7146/0 >> 127.0.0.1:0/2163459011 conn(0x5578904b4c00 0x55788f53e100 crc :-1 s=THROTTLE_DONE pgs=2 cs=0 l=1 rev1=1 crypto rx=0 tx=0 comp rx=0 tx=0).read_frame_segment seg_idx=1
2026-02-17T11:25:55.146+0000 7f7fbc4f0640 20 -- v2:127.0.0.1:7146/0 >> 127.0.0.1:0/2163459011 conn(0x5578904b4c00 msgr2=0x55788f53e100 crc :-1 s=STATE_CONNECTION_ESTABLISHED l=1).read start len=128
2026-02-17T11:25:55.146+0000 7f7fbc4f0640 20 --2- v2:127.0.0.1:7146/0 >> 127.0.0.1:0/2163459011 conn(0x5578904b4c00 0x55788f53e100 crc :-1 s=THROTTLE_DONE pgs=2 cs=0 l=1 rev1=1 crypto rx=0 tx=0 comp rx=0 tx=0).handle_read_frame_segment r=0
2026-02-17T11:25:55.146+0000 7f7fbc4f0640 20 -- v2:127.0.0.1:7146/0 >> 127.0.0.1:0/2163459011 conn(0x5578904b4c00 msgr2=0x55788f53e100 crc :-1 s=STATE_CONNECTION_ESTABLISHED l=1).read start len=13
2026-02-17T11:25:55.146+0000 7f7fbc4f0640 20 --2- v2:127.0.0.1:7146/0 >> 127.0.0.1:0/2163459011 conn(0x5578904b4c00 0x55788f53e100 crc :-1 s=THROTTLE_DONE pgs=2 cs=0 l=1 rev1=1 crypto rx=0 tx=0 comp rx=0 tx=0).handle_read_frame_epilogue_main r=0
2026-02-17T11:25:55.146+0000 7f7fbc4f0640 10 --2- v2:127.0.0.1:7146/0 >> 127.0.0.1:0/2163459011 conn(0x5578904b4c00 0x55788f53e100 crc :-1 s=THROTTLE_DONE pgs=2 cs=0 l=1 rev1=1 crypto rx=0 tx=0 comp rx=0 tx=0).handle_read_frame_dispatch tag=17
2026-02-17T11:25:55.146+0000 7f7fbc4f0640 20 --2- v2:127.0.0.1:7146/0 >> 127.0.0.1:0/2163459011 conn(0x5578904b4c00 0x55788f53e100 crc :-1 s=THROTTLE_DONE pgs=2 cs=0 l=1 rev1=1 crypto rx=0 tx=0 comp rx=0 tx=0).handle_message
2026-02-17T11:25:55.146+0000 7f7fbc4f0640 5 --2- v2:127.0.0.1:7146/0 >> 127.0.0.1:0/2163459011 conn(0x5578904b4c00 0x55788f53e100 crc :-1 s=THROTTLE_DONE pgs=2 cs=0 l=1 rev1=1 crypto rx=0 tx=0 comp rx=0 tx=0).handle_message got 128 + 0 + 0 byte message. envelope type=50 src mgr.4100 off 0
2026-02-17T11:25:55.146+0000 7f7fbc4f0640 5 --2- v2:127.0.0.1:7146/0 >> 127.0.0.1:0/2163459011 conn(0x5578904b4c00 0x55788f53e100 crc :-1 s=READ_MESSAGE_COMPLETE pgs=2 cs=0 l=1 rev1=1 crypto rx=0 tx=0 comp rx=0 tx=0).handle_message received message m=0x55789038a380 seq=11 from=mgr.4100 type=50 mon_command({"prefix":"config rm","who":"mgr","name":"mgr/rbd_support/x/mirror_snapshot_schedule"} v 0)
2026-02-17T11:25:55.146+0000 7f7fbc4f0640 20 -- v2:127.0.0.1:7146/0 queue 0x55789038a380 prio 127
2026-02-17T11:25:55.146+0000 7f7fbc4f0640 20 --2- v2:127.0.0.1:7146/0 >> 127.0.0.1:0/2163459011 conn(0x5578904b4c00 0x55788f53e100 crc :-1 s=READY pgs=2 cs=0 l=1 rev1=1 crypto rx=0 tx=0 comp rx=0 tx=0).read_frame
2026-02-17T11:25:55.146+0000 7f7fbc4f0640 20 -- v2:127.0.0.1:7146/0 >> 127.0.0.1:0/2163459011 conn(0x5578904b4c00 msgr2=0x55788f53e100 crc :-1 s=STATE_CONNECTION_ESTABLISHED l=1).read start len=32
2026-02-17T11:25:55.146+0000 7f7fb84e8640 1 -- v2:127.0.0.1:7146/0 <== mgr.4100 127.0.0.1:0/2163459011 11 ==== mon_command({"prefix":"config rm","who":"mgr","name":"mgr/rbd_support/x/mirror_snapshot_schedule"} v 0) ==== 128+0+0 (crc 0 0 0) 0x55789038a380 con 0x5578904b4c00
2026-02-17T11:25:55.146+0000 7f7fb84e8640 20 mon.a@0(leader) e1 _ms_dispatch existing session 0x557890551680 for mgr.4100
2026-02-17T11:25:55.146+0000 7f7fb84e8640 20 mon.a@0(leader) e1 entity_name mgr.x global_id 4100 (none) caps allow *
2026-02-17T11:25:55.146+0000 7f7fb84e8640 0 mon.a@0(leader) e1 handle_command mon_command({"prefix":"config rm","who":"mgr","name":"mgr/rbd_support/x/mirror_snapshot_schedule"} v 0)
2026-02-17T11:25:55.146+0000 7f7fb84e8640 20 MonCap is_capable service=config command=config rm read write addr 127.0.0.1:0/2163459011 on cap allow *
2026-02-17T11:25:55.146+0000 7f7fb84e8640 20 MonCap allow so far , doing grant allow *
2026-02-17T11:25:55.146+0000 7f7fb84e8640 20 MonCap allow all
2026-02-17T11:25:55.146+0000 7f7fb84e8640 10 mon.a@0(leader) e1 _allowed_command capable
2026-02-17T11:25:55.146+0000 7f7fb84e8640 0 log_channel(audit) log [INF] : from='mgr.4100 127.0.0.1:0/2163459011' entity='mgr.x' cmd=[{"prefix":"config rm","who":"mgr","name":"mgr/rbd_support/x/mirror_snapshot_schedule"}]: dispatch
2026-02-17T11:25:55.146+0000 7f7fb84e8640 1 -- v2:127.0.0.1:7146/0 --> v2:127.0.0.1:7146/0 -- log(1 entries from seq 27 at
2026-02-17T11:25:55.150613+0000) -- 0x5578907cb400 con 0x55788f3d1800
2026-02-17T11:25:55.146+0000 7f7fb84e8640 20 -- v2:127.0.0.1:7146/0 >> v2:127.0.0.1:7146/0 conn(0x55788f3d1800 msgr2=0x55788f50e800 unknown :-1 s=STATE_NONE l=0).send_message log(1 entries from seq 27 at
2026-02-17T11:25:55.150613+0000) local
2026-02-17T11:25:55.146+0000 7f7fb84e8640 10 mon.a@0(leader).paxosservice(config 1..2) dispatch 0x55789038a380 mon_command({"prefix":"config rm","who":"mgr","name":"mgr/rbd_support/x/mirror_snapshot_schedule"} v 0) from mgr.4100 127.0.0.1:0/2163459011 con 0x5578904b4c00
2026-02-17T11:25:55.146+0000 7f7fb84e8640 5 mon.a@0(leader).paxos(paxos active c 1..11) is_readable = 1 - now=2026-02-17T11:25:55.150625+0000 lease_expire=1970-01-01T00:00:00.000000+0000 has v0 lc 11
2026-02-17T11:25:55.146+0000 7f7fb7ce7640 20 -- v2:127.0.0.1:7146/0 queue 0x5578907cb400 prio 196
2026-02-17T11:25:55.146+0000 7f7fb84e8640 7 mon.a@0(leader).config prepare_update mon_command({"prefix":"config rm","who":"mgr","name":"mgr/rbd_support/x/mirror_snapshot_schedule"} v 0) from mgr.4100 127.0.0.1:0/2163459011
2026-02-17T11:25:55.146+0000 7f7fb84e8640 2 mon.a@0(leader) e1 send_reply 0x55789086e7e0 0x5578908625a0 mon_command_ack([{"prefix":"config rm","who":"mgr","name":"mgr/rbd_support/x/mirror_snapshot_schedule"}]=0 v2)
2026-02-17T11:25:55.146+0000 7f7fb84e8640 1 -- v2:127.0.0.1:7146/0 --> 127.0.0.1:0/2163459011 -- mon_command_ack([{"prefix":"config rm","who":"mgr","name":"mgr/rbd_support/x/mirror_snapshot_schedule"}]=0 v2) -- 0x5578908625a0 con 0x5578904b4c00
