2026-02-17T12:05:44.554+0000 7f352e3f6640 1 -- 10.20.193.90:0/1821793616 --> [v2:10.20.193.90:3300/0,v1:10.20.193.90:6789/0] -- mon_subscribe({config=0+,monmap=0+}) -- 0x7f35281a3810 con 0x7f352810e060
2026-02-17T12:05:44.834 INFO:teuthology.orchestra.run.trial090.stdout:/usr/bin/ceph: stderr
2026-02-17T12:05:44.554+0000 7f352e3f6640 1 --2- 10.20.193.90:0/1821793616 >> [v2:10.20.193.90:3300/0,v1:10.20.193.90:6789/0] conn(0x7f352810e060 0x7f35281a32d0 secure :-1 s=READY pgs=71 cs=0 l=1 rev1=1 crypto rx=0x7f351802fcd0 tx=0x7f351802fd00 comp rx=0 tx=0).ready entity=mon.0 client_cookie=0 server_cookie=0 in_seq=0 out_seq=0
2026-02-17T12:05:44.834 INFO:teuthology.orchestra.run.trial090.stdout:/usr/bin/ceph: stderr
2026-02-17T12:05:44.554+0000 7f350f7fe640 1 -- 10.20.193.90:0/1821793616 <== mon.0 v2:10.20.193.90:3300/0 1 ==== mon_map magic: 0 ==== 205+0+0 (secure 0 0 0) 0x7f3518047070 con 0x7f352810e060
2026-02-17T12:05:44.834 INFO:teuthology.orchestra.run.trial090.stdout:/usr/bin/ceph: stderr
2026-02-17T12:05:44.554+0000 7f350f7fe640 1 -- 10.20.193.90:0/1821793616 <== mon.0 v2:10.20.193.90:3300/0 2 ==== config(24 keys) ==== 1006+0+0 (secure 0 0 0) 0x7f3518042440 con 0x7f352810e060
2026-02-17T12:05:44.834 INFO:teuthology.orchestra.run.trial090.stdout:/usr/bin/ceph: stderr
2026-02-17T12:05:44.554+0000 7f3530681640 1 -- 10.20.193.90:0/1821793616 --> [v2:10.20.193.90:3300/0,v1:10.20.193.90:6789/0] -- mon_subscribe({mgrmap=0+}) -- 0x7f35281a3aa0 con 0x7f352810e060
2026-02-17T12:05:44.834 INFO:teuthology.orchestra.run.trial090.stdout:/usr/bin/ceph: stderr
2026-02-17T12:05:44.554+0000 7f350f7fe640 1 -- 10.20.193.90:0/1821793616 <== mon.0 v2:10.20.193.90:3300/0 3 ==== mon_map magic: 0 ==== 205+0+0 (secure 0 0 0) 0x7f351803c070 con 0x7f352810e060
2026-02-17T12:05:44.834 INFO:teuthology.orchestra.run.trial090.stdout:/usr/bin/ceph: stderr
2026-02-17T12:05:44.554+0000 7f3530681640 1 -- 10.20.193.90:0/1821793616 --> [v2:10.20.193.90:3300/0,v1:10.20.193.90:6789/0] -- mon_subscribe({osdmap=0}) -- 0x7f35281a6790 con 0x7f352810e060
2026-02-17T12:05:44.835 INFO:teuthology.orchestra.run.trial090.stdout:/usr/bin/ceph: stderr
2026-02-17T12:05:44.555+0000 7f3530681640 1 -- 10.20.193.90:0/1821793616 --> [v2:10.20.193.90:3300/0,v1:10.20.193.90:6789/0] -- mon_command({"prefix": "get_command_descriptions"} v 0) -- 0x7f35281a3f80 con 0x7f352810e060
2026-02-17T12:05:44.835 INFO:teuthology.orchestra.run.trial090.stdout:/usr/bin/ceph: stderr
2026-02-17T12:05:44.555+0000 7f350f7fe640 1 -- 10.20.193.90:0/1821793616 <== mon.0 v2:10.20.193.90:3300/0 4 ==== mgrmap(e 11) ==== 50154+0+0 (secure 0 0 0) 0x7f3518041570 con 0x7f352810e060
2026-02-17T12:05:44.835 INFO:teuthology.orchestra.run.trial090.stdout:/usr/bin/ceph: stderr
2026-02-17T12:05:44.555+0000 7f350f7fe640 20 mgrc handle_mgr_map mgrmap(e 11)
2026-02-17T12:05:44.835 INFO:teuthology.orchestra.run.trial090.stdout:/usr/bin/ceph: stderr
2026-02-17T12:05:44.555+0000 7f350f7fe640 4 mgrc handle_mgr_map Got map version 11
2026-02-17T12:05:44.835 INFO:teuthology.orchestra.run.trial090.stdout:/usr/bin/ceph: stderr
2026-02-17T12:05:44.555+0000 7f350f7fe640 4 mgrc handle_mgr_map Active mgr is now [v2:10.20.193.90:6800/3256128927,v1:10.20.193.90:6801/3256128927]
2026-02-17T12:05:44.835 INFO:teuthology.orchestra.run.trial090.stdout:/usr/bin/ceph: stderr
2026-02-17T12:05:44.555+0000 7f350f7fe640 4 mgrc reconnect Starting new session with [v2:10.20.193.90:6800/3256128927,v1:10.20.193.90:6801/3256128927]
2026-02-17T12:05:44.835 INFO:teuthology.orchestra.run.trial090.stdout:/usr/bin/ceph: stderr
2026-02-17T12:05:44.555+0000 7f350f7fe640 1 --2- 10.20.193.90:0/1821793616 >> [v2:10.20.193.90:6800/3256128927,v1:10.20.193.90:6801/3256128927] conn(0x7f350403db20 0x7f350403ffe0 unknown :-1 s=NONE pgs=0 cs=0 l=1 rev1=0 crypto rx=0 tx=0 comp rx=0 tx=0).connect
2026-02-17T12:05:44.835 INFO:teuthology.orchestra.run.trial090.stdout:/usr/bin/ceph: stderr
2026-02-17T12:05:44.555+0000 7f350f7fe640 1 -- 10.20.193.90:0/1821793616 <== mon.0 v2:10.20.193.90:3300/0 5 ==== osd_map(3..3 src has 1..3) ==== 1155+0+0 (secure 0 0 0) 0x7f3518076ce0 con 0x7f352810e060
2026-02-17T12:05:44.835 INFO:teuthology.orchestra.run.trial090.stdout:/usr/bin/ceph: stderr
2026-02-17T12:05:44.555+0000 7f352dbf5640 1 --2- 10.20.193.90:0/1821793616 >> [v2:10.20.193.90:6800/3256128927,v1:10.20.193.90:6801/3256128927] conn(0x7f350403db20 0x7f350403ffe0 unknown :-1 s=BANNER_CONNECTING pgs=0 cs=0 l=1 rev1=0 crypto rx=0 tx=0 comp rx=0 tx=0)._handle_peer_banner_payload supported=3 required=0
2026-02-17T12:05:44.835 INFO:teuthology.orchestra.run.trial090.stdout:/usr/bin/ceph: stderr
2026-02-17T12:05:44.556+0000 7f352dbf5640 1 --2- 10.20.193.90:0/1821793616 >> [v2:10.20.193.90:6800/3256128927,v1:10.20.193.90:6801/3256128927] conn(0x7f350403db20 0x7f350403ffe0 secure :-1 s=READY pgs=8 cs=0 l=1 rev1=1 crypto rx=0x7f351c0099c0 tx=0x7f351c006eb0 comp rx=0 tx=0).ready entity=mgr.14150 client_cookie=0 server_cookie=0 in_seq=0 out_seq=0
2026-02-17T12:05:44.835 INFO:teuthology.orchestra.run.trial090.stdout:/usr/bin/ceph: stderr
2026-02-17T12:05:44.558+0000 7f350f7fe640 1 -- 10.20.193.90:0/1821793616 <== mon.0 v2:10.20.193.90:3300/0 6 ==== mon_command_ack([{"prefix": "get_command_descriptions"}]=0 v0) ==== 72+0+195034 (secure 0 0 0) 0x7f35281a3f80 con 0x7f352810e060
2026-02-17T12:05:44.836 INFO:teuthology.orchestra.run.trial090.stdout:/usr/bin/ceph: stderr
2026-02-17T12:05:44.648+0000 7f3530681640 20 mgrc start_command cmd: [{"prefix": "dashboard ac-user-create", "username": "admin", "rolename": "administrator", "force_password": true, "pwd_update_required": true, "target": ["mon-mgr", ""]}]
2026-02-17T12:05:44.836 INFO:teuthology.orchestra.run.trial090.stdout:/usr/bin/ceph: stderr
2026-02-17T12:05:44.648+0000 7f3530681640 1 -- 10.20.193.90:0/1821793616 --> [v2:10.20.193.90:6800/3256128927,v1:10.20.193.90:6801/3256128927] -- mgr_command(tid 0: {"prefix": "dashboard ac-user-create", "username": "admin", "rolename": "administrator", "force_password": true, "pwd_update_required": true, "target": ["mon-mgr", ""]}) -- 0x7f35281a6960 con 0x7f350403db20
2026-02-17T12:05:44.836 INFO:teuthology.orchestra.run.trial090.stdout:/usr/bin/ceph: stderr
2026-02-17T12:05:44.789+0000 7f350f7fe640 1 -- 10.20.193.90:0/1821793616 <== mgr.14150 v2:10.20.193.90:6800/3256128927 1 ==== mgr_command_reply(tid 0: 0 ) ==== 8+0+252 (secure 0 0 0) 0x7f35281a6960 con 0x7f350403db20
2026-02-17T12:05:44.836 INFO:teuthology.orchestra.run.trial090.stdout:/usr/bin/ceph: stderr
2026-02-17T12:05:44.789+0000 7f350f7fe640 20 mgrc handle_command_reply tid 0 r 0
2026-02-17T12:05:44.836 INFO:teuthology.orchestra.run.trial090.stdout:/usr/bin/ceph: stderr
2026-02-17T12:05:44.790+0000 7f3530681640 10 mgrc shutdown
2026-02-17T12:05:44.836 INFO:teuthology.orchestra.run.trial090.stdout:/usr/bin/ceph: stderr
2026-02-17T12:05:44.790+0000 7f3530681640 1 -- 10.20.193.90:0/1821793616 >> [v2:10.20.193.90:6800/3256128927,v1:10.20.193.90:6801/3256128927] conn(0x7f350403db20 msgr2=0x7f350403ffe0 secure :-1 s=STATE_CONNECTION_ESTABLISHED l=1).mark_down
2026-02-17T12:05:44.836 INFO:teuthology.orchestra.run.trial090.stdout:/usr/bin/ceph: stderr
2026-02-17T12:05:44.790+0000 7f3530681640 1 --2- 10.20.193.90:0/1821793616 >> [v2:10.20.193.90:6800/3256128927,v1:10.20.193.90:6801/3256128927] conn(0x7f350403db20 0x7f350403ffe0 secure :-1 s=READY pgs=8 cs=0 l=1 rev1=1 crypto rx=0x7f351c0099c0 tx=0x7f351c006eb0 comp rx=0 tx=0).stop
2026-02-17T12:05:44.836 INFO:teuthology.orchestra.run.trial090.stdout:/usr/bin/ceph: stderr
2026-02-17T12:05:44.790+0000 7f3530681640 1 -- 10.20.193.90:0/1821793616 >> [v2:10.20.193.90:3300/0,v1:10.20.193.90:6789/0] conn(0x7f352810e060 msgr2=0x7f35281a32d0 secure :-1 s=STATE_CONNECTION_ESTABLISHED l=1).mark_down
2026-02-17T12:05:44.836 INFO:teuthology.orchestra.run.trial090.stdout:/usr/bin/ceph: stderr
2026-02-17T12:05:44.790+0000 7f3530681640 1 --2- 10.20.193.90:0/1821793616 >> [v2:10.20.193.90:3300/0,v1:10.20.193.90:6789/0] conn(0x7f352810e060 0x7f35281a32d0 secure :-1 s=READY pgs=71 cs=0 l=1 rev1=1 crypto rx=0x7f351802fcd0 tx=0x7f351802fd00 comp rx=0 tx=0).stop
2026-02-17T12:05:44.836 INFO:teuthology.orchestra.run.trial090.stdout:/usr/bin/ceph: stderr
2026-02-17T12:05:44.790+0000 7f3530681640 1 -- 10.20.193.90:0/1821793616 shutdown_connections
2026-02-17T12:05:44.836 INFO:teuthology.orchestra.run.trial090.stdout:/usr/bin/ceph: stderr
2026-02-17T12:05:44.790+0000 7f3530681640 1 --2- 10.20.193.90:0/1821793616 >> [v2:10.20.193.90:6800/3256128927,v1:10.20.193.90:6801/3256128927] conn(0x7f350403db20 0x7f350403ffe0 unknown :-1 s=CLOSED pgs=8 cs=0 l=1 rev1=1 crypto rx=0 tx=0 comp rx=0 tx=0).stop
2026-02-17T12:05:44.836 INFO:teuthology.orchestra.run.trial090.stdout:/usr/bin/ceph: stderr
2026-02-17T12:05:44.790+0000 7f3530681640 1 --2- 10.20.193.90:0/1821793616 >> [v2:10.20.193.90:3300/0,v1:10.20.193.90:6789/0] conn(0x7f352810e060 0x7f35281a32d0 unknown :-1 s=CLOSED pgs=71 cs=0 l=1 rev1=1 crypto rx=0 tx=0 comp rx=0 tx=0).stop
2026-02-17T12:05:44.837 INFO:teuthology.orchestra.run.trial090.stdout:/usr/bin/ceph: stderr
2026-02-17T12:05:44.790+0000 7f3530681640 1 -- 10.20.193.90:0/1821793616 >> 10.20.193.90:0/1821793616 conn(0x7f352807c4e0 msgr2=0x7f352807d0e0 unknown :-1 s=STATE_NONE l=0).mark_down
2026-02-17T12:05:44.837 INFO:teuthology.orchestra.run.trial090.stdout:/usr/bin/ceph: stderr
2026-02-17T12:05:44.790+0000 7f3530681640 1 -- 10.20.193.90:0/1821793616 shutdown_connections
2026-02-17T12:05:44.837 INFO:teuthology.orchestra.run.trial090.stdout:/usr/bin/ceph: stderr
2026-02-17T12:05:44.790+0000 7f3530681640 1 -- 10.20.193.90:0/1821793616 wait complete.
2026-02-17T12:05:44.837 INFO:teuthology.orchestra.run.trial090.stdout:Fetching dashboard port number...
2026-02-17T12:05:45.039 INFO:teuthology.orchestra.run.trial090.stdout:/usr/bin/ceph: stdout 8443
2026-02-17T12:05:45.040 INFO:teuthology.orchestra.run.trial090.stdout:/usr/bin/ceph: stderr
2026-02-17T12:05:44.922+0000 7f9717540640 1 Processor -- start
2026-02-17T12:05:45.040 INFO:teuthology.orchestra.run.trial090.stdout:/usr/bin/ceph: stderr
2026-02-17T12:05:44.922+0000 7f9717540640 1 -- start start
2026-02-17T12:05:45.040 INFO:teuthology.orchestra.run.trial090.stdout:/usr/bin/ceph: stderr
2026-02-17T12:05:44.922+0000 7f9717540640 1 --2- >> [v2:10.20.193.90:3300/0,v1:10.20.193.90:6789/0] conn(0x7f9710109030 0x7f9710109430 unknown :-1 s=NONE pgs=0 cs=0 l=0 rev1=0 crypto rx=0 tx=0 comp rx=0 tx=0).connect
2026-02-17T12:05:45.040 INFO:teuthology.orchestra.run.trial090.stdout:/usr/bin/ceph: stderr
2026-02-17T12:05:44.922+0000 7f9717540640 1 -- --> [v2:10.20.193.90:3300/0,v1:10.20.193.90:6789/0] -- mon_getmap magic: 0 -- 0x7f9710109a00 con 0x7f9710109030
2026-02-17T12:05:45.040 INFO:teuthology.orchestra.run.trial090.stdout:/usr/bin/ceph: stderr
2026-02-17T12:05:44.922+0000 7f97152b5640 1 --2- >> [v2:10.20.193.90:3300/0,v1:10.20.193.90:6789/0] conn(0x7f9710109030 0x7f9710109430 unknown :-1 s=BANNER_CONNECTING pgs=0 cs=0 l=0 rev1=0 crypto rx=0 tx=0 comp rx=0 tx=0)._handle_peer_banner_payload supported=3 required=0
2026-02-17T12:05:45.040 INFO:teuthology.orchestra.run.trial090.stdout:/usr/bin/ceph: stderr
2026-02-17T12:05:44.922+0000 7f97152b5640 1 --2- >> [v2:10.20.193.90:3300/0,v1:10.20.193.90:6789/0] conn(0x7f9710109030 0x7f9710109430 unknown :-1 s=HELLO_CONNECTING pgs=0 cs=0 l=0 rev1=1 crypto rx=0 tx=0 comp rx=0 tx=0).handle_hello peer v2:10.20.193.90:3300/0 says I am v2:10.20.193.90:57038/0 (socket says 10.20.193.90:57038)
2026-02-17T12:05:45.040 INFO:teuthology.orchestra.run.trial090.stdout:/usr/bin/ceph: stderr
2026-02-17T12:05:44.922+0000 7f97152b5640 1 -- 10.20.193.90:0/939595010 learned_addr learned my addr 10.20.193.90:0/939595010 (peer_addr_for_me v2:10.20.193.90:0/0)
2026-02-17T12:05:45.040 INFO:teuthology.orchestra.run.trial090.stdout:/usr/bin/ceph: stderr
2026-02-17T12:05:44.923+0000 7f97152b5640 1 -- 10.20.193.90:0/939595010 --> [v2:10.20.193.90:3300/0,v1:10.20.193.90:6789/0] -- mon_subscribe({config=0+,monmap=0+}) -- 0x7f971010a230 con 0x7f9710109030
2026-02-17T12:05:45.040 INFO:teuthology.orchestra.run.trial090.stdout:/usr/bin/ceph: stderr
2026-02-17T12:05:44.923+0000 7f97152b5640 1 --2- 10.20.193.90:0/939595010 >> [v2:10.20.193.90:3300/0,v1:10.20.193.90:6789/0] conn(0x7f9710109030 0x7f9710109430 secure :-1 s=READY pgs=72 cs=0 l=1 rev1=1 crypto rx=0x7f9700009920 tx=0x7f970002ef20 comp rx=0 tx=0).ready entity=mon.0 client_cookie=aa52aa970933508c server_cookie=0 in_seq=0 out_seq=0
2026-02-17T12:05:45.041 INFO:teuthology.orchestra.run.trial090.stdout:/usr/bin/ceph: stderr
2026-02-17T12:05:44.923+0000 7f96fffff640 1 -- 10.20.193.90:0/939595010 <== mon.0 v2:10.20.193.90:3300/0 1 ==== mon_map magic: 0 ==== 205+0+0 (secure 0 0 0) 0x7f970003c070 con 0x7f9710109030
2026-02-17T12:05:45.041 INFO:teuthology.orchestra.run.trial090.stdout:/usr/bin/ceph: stderr
2026-02-17T12:05:44.923+0000 7f96fffff640 1 -- 10.20.193.90:0/939595010 <== mon.0 v2:10.20.193.90:3300/0 2 ==== config(24 keys) ==== 1006+0+0 (secure 0 0 0) 0x7f9700037440 con 0x7f9710109030
2026-02-17T12:05:45.041 INFO:teuthology.orchestra.run.trial090.stdout:/usr/bin/ceph: stderr
2026-02-17T12:05:44.923+0000 7f96fffff640 1 -- 10.20.193.90:0/939595010 <== mon.0 v2:10.20.193.90:3300/0 3 ==== mon_map magic: 0 ==== 205+0+0 (secure 0 0 0) 0x7f97000354d0 con 0x7f9710109030
2026-02-17T12:05:45.041 INFO:teuthology.orchestra.run.trial090.stdout:/usr/bin/ceph: stderr
2026-02-17T12:05:44.923+0000 7f9717540640 1 -- 10.20.193.90:0/939595010 >> [v2:10.20.193.90:3300/0,v1:10.20.193.90:6789/0] conn(0x7f9710109030 msgr2=0x7f9710109430 secure :-1 s=STATE_CONNECTION_ESTABLISHED l=1).mark_down
2026-02-17T12:05:45.041 INFO:teuthology.orchestra.run.trial090.stdout:/usr/bin/ceph: stderr
2026-02-17T12:05:44.923+0000 7f9717540640 1 --2- 10.20.193.90:0/939595010 >> [v2:10.20.193.90:3300/0,v1:10.20.193.90:6789/0] conn(0x7f9710109030 0x7f9710109430 secure :-1 s=READY pgs=72 cs=0 l=1 rev1=1 crypto rx=0x7f9700009920 tx=0x7f970002ef20 comp rx=0 tx=0).stop
2026-02-17T12:05:45.041 INFO:teuthology.orchestra.run.trial090.stdout:/usr/bin/ceph: stderr
2026-02-17T12:05:44.923+0000 7f9717540640 1 -- 10.20.193.90:0/939595010 shutdown_connections
2026-02-17T12:05:45.041 INFO:teuthology.orchestra.run.trial090.stdout:/usr/bin/ceph: stderr
2026-02-17T12:05:44.923+0000 7f9717540640 1 --2- 10.20.193.90:0/939595010 >> [v2:10.20.193.90:3300/0,v1:10.20.193.90:6789/0] conn(0x7f9710109030 0x7f9710109430 unknown :-1 s=CLOSED pgs=72 cs=0 l=1 rev1=1 crypto rx=0 tx=0 comp rx=0 tx=0).stop
2026-02-17T12:05:45.041 INFO:teuthology.orchestra.run.trial090.stdout:/usr/bin/ceph: stderr
2026-02-17T12:05:44.923+0000 7f9717540640 1 -- 10.20.193.90:0/939595010 >> 10.20.193.90:0/939595010 conn(0x7f971007c4e0 msgr2=0x7f971007c910 unknown :-1 s=STATE_NONE l=0).mark_down
2026-02-17T12:05:45.041 INFO:teuthology.orchestra.run.trial090.stdout:/usr/bin/ceph: stderr
2026-02-17T12:05:44.923+0000 7f9717540640 1 -- 10.20.193.90:0/939595010 shutdown_connections
2026-02-17T12:05:45.041 INFO:teuthology.orchestra.run.trial090.stdout:/usr/bin/ceph: stderr
2026-02-17T12:05:44.923+0000 7f9717540640 1 -- 10.20.193.90:0/939595010 wait complete.
2026-02-17T12:05:45.041 INFO:teuthology.orchestra.run.trial090.stdout:/usr/bin/ceph: stderr
2026-02-17T12:05:44.924+0000 7f9717540640 1 Processor -- start
2026-02-17T12:05:45.041 INFO:teuthology.orchestra.run.trial090.stdout:/usr/bin/ceph: stderr
2026-02-17T12:05:44.924+0000 7f9717540640 1 -- start start
2026-02-17T12:05:45.042 INFO:teuthology.orchestra.run.trial090.stdout:/usr/bin/ceph: stderr
2026-02-17T12:05:44.924+0000 7f9717540640 1 --2- >> [v2:10.20.193.90:3300/0,v1:10.20.193.90:6789/0] conn(0x7f9710109030 0x7f971019ee60 unknown :-1 s=NONE pgs=0 cs=0 l=1 rev1=0 crypto rx=0 tx=0 comp rx=0 tx=0).connect
2026-02-17T12:05:45.042 INFO:teuthology.orchestra.run.trial090.stdout:/usr/bin/ceph: stderr
2026-02-17T12:05:44.924+0000 7f9717540640 1 -- --> [v2:10.20.193.90:3300/0,v1:10.20.193.90:6789/0] -- mon_getmap magic: 0 -- 0x7f971010d460 con 0x7f9710109030
2026-02-17T12:05:45.042 INFO:teuthology.orchestra.run.trial090.stdout:/usr/bin/ceph: stderr
2026-02-17T12:05:44.924+0000 7f97152b5640 1 --2- >> [v2:10.20.193.90:3300/0,v1:10.20.193.90:6789/0] conn(0x7f9710109030 0x7f971019ee60 unknown :-1 s=BANNER_CONNECTING pgs=0 cs=0 l=1 rev1=0 crypto rx=0 tx=0 comp rx=0 tx=0)._handle_peer_banner_payload supported=3 required=0
2026-02-17T12:05:45.042 INFO:teuthology.orchestra.run.trial090.stdout:/usr/bin/ceph: stderr
2026-02-17T12:05:44.924+0000 7f97152b5640 1 --2- >> [v2:10.20.193.90:3300/0,v1:10.20.193.90:6789/0] conn(0x7f9710109030 0x7f971019ee60 unknown :-1 s=HELLO_CONNECTING pgs=0 cs=0 l=1 rev1=1 crypto rx=0 tx=0 comp rx=0 tx=0).handle_hello peer v2:10.20.193.90:3300/0 says I am v2:10.20.193.90:57046/0 (socket says 10.20.193.90:57046)
2026-02-17T12:05:45.042 INFO:teuthology.orchestra.run.trial090.stdout:/usr/bin/ceph: stderr
2026-02-17T12:05:44.924+0000 7f97152b5640 1 -- 10.20.193.90:0/3190879082 learned_addr learned my addr 10.20.193.90:0/3190879082 (peer_addr_for_me v2:10.20.193.90:0/0)
2026-02-17T12:05:45.042 INFO:teuthology.orchestra.run.trial090.stdout:/usr/bin/ceph: stderr
2026-02-17T12:05:44.924+0000 7f97152b5640 1 -- 10.20.193.90:0/3190879082 --> [v2:10.20.193.90:3300/0,v1:10.20.193.90:6789/0] -- mon_subscribe({config=0+,monmap=0+}) -- 0x7f971019f3a0 con 0x7f9710109030
2026-02-17T12:05:45.042 INFO:teuthology.orchestra.run.trial090.stdout:/usr/bin/ceph: stderr
2026-02-17T12:05:44.924+0000 7f97152b5640 1 --2- 10.20.193.90:0/3190879082 >> [v2:10.20.193.90:3300/0,v1:10.20.193.90:6789/0] conn(0x7f9710109030 0x7f971019ee60 secure :-1 s=READY pgs=73 cs=0 l=1 rev1=1 crypto rx=0x7f9700037d90 tx=0x7f970002fcd0 comp rx=0 tx=0).ready entity=mon.0 client_cookie=0 server_cookie=0 in_seq=0 out_seq=0
2026-02-17T12:05:45.042 INFO:teuthology.orchestra.run.trial090.stdout:/usr/bin/ceph: stderr
2026-02-17T12:05:44.924+0000 7f96fe7fc640 1 -- 10.20.193.90:0/3190879082 <== mon.0 v2:10.20.193.90:3300/0 1 ==== mon_map magic: 0 ==== 205+0+0 (secure 0 0 0) 0x7f9700047070 con 0x7f9710109030
2026-02-17T12:05:45.042 INFO:teuthology.orchestra.run.trial090.stdout:/usr/bin/ceph: stderr
2026-02-17T12:05:44.924+0000 7f96fe7fc640 1 -- 10.20.193.90:0/3190879082 <== mon.0 v2:10.20.193.90:3300/0 2 ==== config(24 keys) ==== 1006+0+0 (secure 0 0 0) 0x7f9700042440 con 0x7f9710109030
2026-02-17T12:05:45.042 INFO:teuthology.orchestra.run.trial090.stdout:/usr/bin/ceph: stderr
2026-02-17T12:05:44.924+0000 7f9717540640 1 -- 10.20.193.90:0/3190879082 --> [v2:10.20.193.90:3300/0,v1:10.20.193.90:6789/0] -- mon_subscribe({mgrmap=0+}) -- 0x7f971019f630 con 0x7f9710109030
2026-02-17T12:05:45.042 INFO:teuthology.orchestra.run.trial090.stdout:/usr/bin/ceph: stderr
2026-02-17T12:05:44.924+0000 7f96fe7fc640 1 -- 10.20.193.90:0/3190879082 <== mon.0 v2:10.20.193.90:3300/0 3 ==== mon_map magic: 0 ==== 205+0+0 (secure 0 0 0) 0x7f970003c070 con 0x7f9710109030
2026-02-17T12:05:45.042 INFO:teuthology.orchestra.run.trial090.stdout:/usr/bin/ceph: stderr
2026-02-17T12:05:44.924+0000 7f9717540640 1 -- 10.20.193.90:0/3190879082 --> [v2:10.20.193.90:3300/0,v1:10.20.193.90:6789/0] -- mon_subscribe({osdmap=0}) -- 0x7f97101a2320 con 0x7f9710109030
2026-02-17T12:05:45.043 INFO:teuthology.orchestra.run.trial090.stdout:/usr/bin/ceph: stderr
2026-02-17T12:05:44.925+0000 7f9717540640 1 -- 10.20.193.90:0/3190879082 --> [v2:10.20.193.90:3300/0,v1:10.20.193.90:6789/0] -- mon_command({"prefix": "get_command_descriptions"} v 0) -- 0x7f97101094b0 con 0x7f9710109030
2026-02-17T12:05:45.043 INFO:teuthology.orchestra.run.trial090.stdout:/usr/bin/ceph: stderr
2026-02-17T12:05:44.925+0000 7f96fe7fc640 1 -- 10.20.193.90:0/3190879082 <== mon.0 v2:10.20.193.90:3300/0 4 ==== mgrmap(e 11) ==== 50154+0+0 (secure 0 0 0) 0x7f97000425f0 con 0x7f9710109030
2026-02-17T12:05:45.043 INFO:teuthology.orchestra.run.trial090.stdout:/usr/bin/ceph: stderr
2026-02-17T12:05:44.925+0000 7f96fe7fc640 20 mgrc handle_mgr_map mgrmap(e 11)
2026-02-17T12:05:45.043 INFO:teuthology.orchestra.run.trial090.stdout:/usr/bin/ceph: stderr
2026-02-17T12:05:44.925+0000 7f96fe7fc640 4 mgrc handle_mgr_map Got map version 11
2026-02-17T12:05:45.043 INFO:teuthology.orchestra.run.trial090.stdout:/usr/bin/ceph: stderr
2026-02-17T12:05:44.925+0000 7f96fe7fc640 4 mgrc handle_mgr_map Active mgr is now [v2:10.20.193.90:6800/3256128927,v1:10.20.193.90:6801/3256128927]
2026-02-17T12:05:45.043 INFO:teuthology.orchestra.run.trial090.stdout:/usr/bin/ceph: stderr
2026-02-17T12:05:44.925+0000 7f96fe7fc640 4 mgrc reconnect Starting new session with [v2:10.20.193.90:6800/3256128927,v1:10.20.193.90:6801/3256128927]
2026-02-17T12:05:45.043 INFO:teuthology.orchestra.run.trial090.stdout:/usr/bin/ceph: stderr
2026-02-17T12:05:44.925+0000 7f96fe7fc640 1 --2- 10.20.193.90:0/3190879082 >> [v2:10.20.193.90:6800/3256128927,v1:10.20.193.90:6801/3256128927] conn(0x7f96ec03dad0 0x7f96ec03ff90 unknown :-1 s=NONE pgs=0 cs=0 l=1 rev1=0 crypto rx=0 tx=0 comp rx=0 tx=0).connect
2026-02-17T12:05:45.043 INFO:teuthology.orchestra.run.trial090.stdout:/usr/bin/ceph: stderr
2026-02-17T12:05:44.925+0000 7f96fe7fc640 1 -- 10.20.193.90:0/3190879082 <== mon.0 v2:10.20.193.90:3300/0 5 ==== osd_map(3..3 src has 1..3) ==== 1155+0+0 (secure 0 0 0) 0x7f9700076c40 con 0x7f9710109030
2026-02-17T12:05:45.043 INFO:teuthology.orchestra.run.trial090.stdout:/usr/bin/ceph: stderr
2026-02-17T12:05:44.925+0000 7f9714ab4640 1 --2- 10.20.193.90:0/3190879082 >> [v2:10.20.193.90:6800/3256128927,v1:10.20.193.90:6801/3256128927] conn(0x7f96ec03dad0 0x7f96ec03ff90 unknown :-1 s=BANNER_CONNECTING pgs=0 cs=0 l=1 rev1=0 crypto rx=0 tx=0 comp rx=0 tx=0)._handle_peer_banner_payload supported=3 required=0
2026-02-17T12:05:45.043 INFO:teuthology.orchestra.run.trial090.stdout:/usr/bin/ceph: stderr
2026-02-17T12:05:44.925+0000 7f9714ab4640 1 --2- 10.20.193.90:0/3190879082 >> [v2:10.20.193.90:6800/3256128927,v1:10.20.193.90:6801/3256128927] conn(0x7f96ec03dad0 0x7f96ec03ff90 secure :-1 s=READY pgs=9 cs=0 l=1 rev1=1 crypto rx=0x7f97040099c0 tx=0x7f9704006eb0 comp rx=0 tx=0).ready entity=mgr.14150 client_cookie=0 server_cookie=0 in_seq=0 out_seq=0
2026-02-17T12:05:45.044 INFO:teuthology.orchestra.run.trial090.stdout:/usr/bin/ceph: stderr
2026-02-17T12:05:44.928+0000 7f96fe7fc640 1 -- 10.20.193.90:0/3190879082 <== mon.0 v2:10.20.193.90:3300/0 6 ==== mon_command_ack([{"prefix": "get_command_descriptions"}]=0 v0) ==== 72+0+195034 (secure 0 0 0) 0x7f970007c020 con 0x7f9710109030
2026-02-17T12:05:45.044 INFO:teuthology.orchestra.run.trial090.stdout:/usr/bin/ceph: stderr
2026-02-17T12:05:45.013+0000 7f9717540640 1 -- 10.20.193.90:0/3190879082 --> [v2:10.20.193.90:3300/0,v1:10.20.193.90:6789/0] -- mon_command({"prefix": "config get", "who": "mgr", "key": "mgr/dashboard/ssl_server_port"} v 0) -- 0x7f97101a2780 con 0x7f9710109030
2026-02-17T12:05:45.044 INFO:teuthology.orchestra.run.trial090.stdout:/usr/bin/ceph: stderr
2026-02-17T12:05:45.013+0000 7f96fe7fc640 1 -- 10.20.193.90:0/3190879082 <== mon.0 v2:10.20.193.90:3300/0 7 ==== mon_command_ack([{"prefix": "config get", "who": "mgr", "key": "mgr/dashboard/ssl_server_port"}]=0 v8) ==== 112+0+5 (secure 0 0 0) 0x7f970004a360 con 0x7f9710109030
2026-02-17T12:05:45.044 INFO:teuthology.orchestra.run.trial090.stdout:/usr/bin/ceph: stderr
2026-02-17T12:05:45.014+0000 7f9717540640 10 mgrc shutdown
2026-02-17T12:05:45.044 INFO:teuthology.orchestra.run.trial090.stdout:/usr/bin/ceph: stderr
2026-02-17T12:05:45.014+0000 7f9717540640 1 -- 10.20.193.90:0/3190879082 >> [v2:10.20.193.90:6800/3256128927,v1:10.20.193.90:6801/3256128927] conn(0x7f96ec03dad0 msgr2=0x7f96ec03ff90 secure :-1 s=STATE_CONNECTION_ESTABLISHED l=1).mark_down
2026-02-17T12:05:45.044 INFO:teuthology.orchestra.run.trial090.stdout:/usr/bin/ceph: stderr
2026-02-17T12:05:45.014+0000 7f9717540640 1 --2- 10.20.193.90:0/3190879082 >> [v2:10.20.193.90:6800/3256128927,v1:10.20.193.90:6801/3256128927] conn(0x7f96ec03dad0 0x7f96ec03ff90 secure :-1 s=READY pgs=9 cs=0 l=1 rev1=1 crypto rx=0x7f97040099c0 tx=0x7f9704006eb0 comp rx=0 tx=0).stop
2026-02-17T12:05:45.044 INFO:teuthology.orchestra.run.trial090.stdout:/usr/bin/ceph: stderr
2026-02-17T12:05:45.014+0000 7f9717540640 1 -- 10.20.193.90:0/3190879082 >> [v2:10.20.193.90:3300/0,v1:10.20.193.90:6789/0] conn(0x7f9710109030 msgr2=0x7f971019ee60 secure :-1 s=STATE_CONNECTION_ESTABLISHED l=1).mark_down
2026-02-17T12:05:45.044 INFO:teuthology.orchestra.run.trial090.stdout:/usr/bin/ceph: stderr
2026-02-17T12:05:45.014+0000 7f9717540640 1 --2- 10.20.193.90:0/3190879082 >> [v2:10.20.193.90:3300/0,v1:10.20.193.90:6789/0] conn(0x7f9710109030 0x7f971019ee60 secure :-1 s=READY pgs=73 cs=0 l=1 rev1=1 crypto rx=0x7f9700037d90 tx=0x7f970002fcd0 comp rx=0 tx=0).stop
2026-02-17T12:05:45.044 INFO:teuthology.orchestra.run.trial090.stdout:/usr/bin/ceph: stderr
2026-02-17T12:05:45.014+0000 7f9717540640 1 -- 10.20.193.90:0/3190879082 shutdown_connections
2026-02-17T12:05:45.044 INFO:teuthology.orchestra.run.trial090.stdout:/usr/bin/ceph: stderr
2026-02-17T12:05:45.014+0000 7f9717540640 1 --2- 10.20.193.90:0/3190879082 >> [v2:10.20.193.90:6800/3256128927,v1:10.20.193.90:6801/3256128927] conn(0x7f96ec03dad0 0x7f96ec03ff90 unknown :-1 s=CLOSED pgs=9 cs=0 l=1 rev1=1 crypto rx=0 tx=0 comp rx=0 tx=0).stop
2026-02-17T12:05:45.044 INFO:teuthology.orchestra.run.trial090.stdout:/usr/bin/ceph: stderr
2026-02-17T12:05:45.014+0000 7f9717540640 1 --2- 10.20.193.90:0/3190879082 >> [v2:10.20.193.90:3300/0,v1:10.20.193.90:6789/0] conn(0x7f9710109030 0x7f971019ee60 unknown :-1 s=CLOSED pgs=73 cs=0 l=1 rev1=1 crypto rx=0 tx=0 comp rx=0 tx=0).stop
2026-02-17T12:05:45.044 INFO:teuthology.orchestra.run.trial090.stdout:/usr/bin/ceph: stderr
2026-02-17T12:05:45.014+0000 7f9717540640 1 -- 10.20.193.90:0/3190879082 >> 10.20.193.90:0/3190879082 conn(0x7f971007c4e0 msgr2=0x7f9710106720 unknown :-1 s=STATE_NONE l=0).mark_down
2026-02-17T12:05:45.045 INFO:teuthology.orchestra.run.trial090.stdout:/usr/bin/ceph: stderr
2026-02-17T12:05:45.014+0000 7f9717540640 1 -- 10.20.193.90:0/3190879082 shutdown_connections
2026-02-17T12:05:45.045 INFO:teuthology.orchestra.run.trial090.stdout:/usr/bin/ceph: stderr
2026-02-17T12:05:45.014+0000 7f9717540640 1 -- 10.20.193.90:0/3190879082 wait complete.
2026-02-17T12:05:45.045 INFO:teuthology.orchestra.run.trial090.stdout:Non-zero exit code 1 from systemctl is-enabled firewalld.service
2026-02-17T12:05:45.045 INFO:teuthology.orchestra.run.trial090.stdout:systemctl: stdout disabled
2026-02-17T12:05:45.049 INFO:teuthology.orchestra.run.trial090.stdout:Non-zero exit code 3 from systemctl is-active firewalld.service
2026-02-17T12:05:45.049 INFO:teuthology.orchestra.run.trial090.stdout:systemctl: stdout inactive
2026-02-17T12:05:45.049 INFO:teuthology.orchestra.run.trial090.stdout:firewalld.service is not enabled
2026-02-17T12:05:45.049 INFO:teuthology.orchestra.run.trial090.stdout:Not possible to open ports <[8443]>. firewalld.service is not available
2026-02-17T12:05:45.050 INFO:teuthology.orchestra.run.trial090.stdout:Ceph Dashboard is now available at:
2026-02-17T12:05:45.050 INFO:teuthology.orchestra.run.trial090.stdout:
2026-02-17T12:05:45.050 INFO:teuthology.orchestra.run.trial090.stdout: URL: https://trial090:8443/
2026-02-17T12:05:45.050 INFO:teuthology.orchestra.run.trial090.stdout: User: admin
2026-02-17T12:05:45.051 INFO:teuthology.orchestra.run.trial090.stdout: Password: k68sr7jt6d
2026-02-17T12:05:45.051 INFO:teuthology.orchestra.run.trial090.stdout:
2026-02-17T12:05:45.051 INFO:teuthology.orchestra.run.trial090.stdout:Saving cluster configuration to /var/lib/ceph/ea07e39e-0bf8-11f1-bf0e-d404e6e7d460/config directory
2026-02-17T12:05:45.307 INFO:teuthology.orchestra.run.trial090.stdout:/usr/bin/ceph: stderr
2026-02-17T12:05:45.149+0000 7fe920c43640 1 Processor -- start
2026-02-17T12:05:45.307 INFO:teuthology.orchestra.run.trial090.stdout:/usr/bin/ceph: stderr
2026-02-17T12:05:45.149+0000 7fe920c43640 1 -- start start
2026-02-17T12:05:45.307 INFO:teuthology.orchestra.run.trial090.stdout:/usr/bin/ceph: stderr
2026-02-17T12:05:45.149+0000 7fe920c43640 1 --2- >> [v2:10.20.193.90:3300/0,v1:10.20.193.90:6789/0] conn(0x7fe91c109000 0x7fe91c109400 unknown :-1 s=NONE pgs=0 cs=0 l=0 rev1=0 crypto rx=0 tx=0 comp rx=0 tx=0).connect
2026-02-17T12:05:45.307 INFO:teuthology.orchestra.run.trial090.stdout:/usr/bin/ceph: stderr
2026-02-17T12:05:45.149+0000 7fe920c43640 1 -- --> [v2:10.20.193.90:3300/0,v1:10.20.193.90:6789/0] -- mon_getmap magic: 0 -- 0x7fe91c1099d0 con 0x7fe91c109000
2026-02-17T12:05:45.308 INFO:teuthology.orchestra.run.trial090.stdout:/usr/bin/ceph: stderr
2026-02-17T12:05:45.149+0000 7fe91a575640 1 --2- >> [v2:10.20.193.90:3300/0,v1:10.20.193.90:6789/0] conn(0x7fe91c109000 0x7fe91c109400 unknown :-1 s=BANNER_CONNECTING pgs=0 cs=0 l=0 rev1=0 crypto rx=0 tx=0 comp rx=0 tx=0)._handle_peer_banner_payload supported=3 required=0
2026-02-17T12:05:45.308 INFO:teuthology.orchestra.run.trial090.stdout:/usr/bin/ceph: stderr
2026-02-17T12:05:45.150+0000 7fe91a575640 1 --2- >> [v2:10.20.193.90:3300/0,v1:10.20.193.90:6789/0] conn(0x7fe91c109000 0x7fe91c109400 unknown :-1 s=HELLO_CONNECTING pgs=0 cs=0 l=0 rev1=1 crypto rx=0 tx=0 comp rx=0 tx=0).handle_hello peer v2:10.20.193.90:3300/0 says I am v2:10.20.193.90:57062/0 (socket says 10.20.193.90:57062)
2026-02-17T12:05:45.308 INFO:teuthology.orchestra.run.trial090.stdout:/usr/bin/ceph: stderr
2026-02-17T12:05:45.150+0000 7fe91a575640 1 -- 10.20.193.90:0/550129460 learned_addr learned my addr 10.20.193.90:0/550129460 (peer_addr_for_me v2:10.20.193.90:0/0)
2026-02-17T12:05:45.308 INFO:teuthology.orchestra.run.trial090.stdout:/usr/bin/ceph: stderr
2026-02-17T12:05:45.150+0000 7fe91a575640 1 -- 10.20.193.90:0/550129460 --> [v2:10.20.193.90:3300/0,v1:10.20.193.90:6789/0] -- mon_subscribe({config=0+,monmap=0+}) -- 0x7fe91c10a200 con 0x7fe91c109000
2026-02-17T12:05:45.308 INFO:teuthology.orchestra.run.trial090.stdout:/usr/bin/ceph: stderr
2026-02-17T12:05:45.150+0000 7fe91a575640 1 --2- 10.20.193.90:0/550129460 >> [v2:10.20.193.90:3300/0,v1:10.20.193.90:6789/0] conn(0x7fe91c109000 0x7fe91c109400 secure :-1 s=READY pgs=74 cs=0 l=1 rev1=1 crypto rx=0x7fe910009920 tx=0x7fe91002ef20 comp rx=0 tx=0).ready entity=mon.0 client_cookie=62321f5988898957 server_cookie=0 in_seq=0 out_seq=0
2026-02-17T12:05:45.308 INFO:teuthology.orchestra.run.trial090.stdout:/usr/bin/ceph: stderr
2026-02-17T12:05:45.150+0000 7fe919573640 1 -- 10.20.193.90:0/550129460 <== mon.0 v2:10.20.193.90:3300/0 1 ==== mon_map magic: 0 ==== 205+0+0 (secure 0 0 0) 0x7fe91003c070 con 0x7fe91c109000
2026-02-17T12:05:45.308 INFO:teuthology.orchestra.run.trial090.stdout:/usr/bin/ceph: stderr
2026-02-17T12:05:45.150+0000 7fe919573640 1 -- 10.20.193.90:0/550129460 <== mon.0 v2:10.20.193.90:3300/0 2 ==== config(24 keys) ==== 1006+0+0 (secure 0 0 0) 0x7fe910037440 con 0x7fe91c109000
2026-02-17T12:05:45.308 INFO:teuthology.orchestra.run.trial090.stdout:/usr/bin/ceph: stderr
2026-02-17T12:05:45.150+0000 7fe919573640 1 -- 10.20.193.90:0/550129460 <== mon.0 v2:10.20.193.90:3300/0 3 ==== mon_map magic: 0 ==== 205+0+0 (secure 0 0 0) 0x7fe9100354d0 con 0x7fe91c109000
2026-02-17T12:05:45.308 INFO:teuthology.orchestra.run.trial090.stdout:/usr/bin/ceph: stderr
2026-02-17T12:05:45.151+0000 7fe920c43640 1 -- 10.20.193.90:0/550129460 >> [v2:10.20.193.90:3300/0,v1:10.20.193.90:6789/0] conn(0x7fe91c109000 msgr2=0x7fe91c109400 secure :-1 s=STATE_CONNECTION_ESTABLISHED l=1).mark_down
2026-02-17T12:05:45.308 INFO:teuthology.orchestra.run.trial090.stdout:/usr/bin/ceph: stderr
2026-02-17T12:05:45.151+0000 7fe920c43640 1 --2- 10.20.193.90:0/550129460 >> [v2:10.20.193.90:3300/0,v1:10.20.193.90:6789/0] conn(0x7fe91c109000 0x7fe91c109400 secure :-1 s=READY pgs=74 cs=0 l=1 rev1=1 crypto rx=0x7fe910009920 tx=0x7fe91002ef20 comp rx=0 tx=0).stop
2026-02-17T12:05:45.308 INFO:teuthology.orchestra.run.trial090.stdout:/usr/bin/ceph: stderr
2026-02-17T12:05:45.151+0000 7fe920c43640 1 -- 10.20.193.90:0/550129460 shutdown_connections
2026-02-17T12:05:45.308 INFO:teuthology.orchestra.run.trial090.stdout:/usr/bin/ceph: stderr
2026-02-17T12:05:45.151+0000 7fe920c43640 1 --2- 10.20.193.90:0/550129460 >> [v2:10.20.193.90:3300/0,v1:10.20.193.90:6789/0] conn(0x7fe91c109000 0x7fe91c109400 unknown :-1 s=CLOSED pgs=74 cs=0 l=1 rev1=1 crypto rx=0 tx=0 comp rx=0 tx=0).stop
2026-02-17T12:05:45.309 INFO:teuthology.orchestra.run.trial090.stdout:/usr/bin/ceph: stderr
2026-02-17T12:05:45.151+0000 7fe920c43640 1 -- 10.20.193.90:0/550129460 >> 10.20.193.90:0/550129460 conn(0x7fe91c07c520 msgr2=0x7fe91c07c930 unknown :-1 s=STATE_NONE l=0).mark_down
2026-02-17T12:05:45.309 INFO:teuthology.orchestra.run.trial090.stdout:/usr/bin/ceph: stderr
2026-02-17T12:05:45.151+0000 7fe920c43640 1 -- 10.20.193.90:0/550129460 shutdown_connections
2026-02-17T12:05:45.309 INFO:teuthology.orchestra.run.trial090.stdout:/usr/bin/ceph: stderr
2026-02-17T12:05:45.151+0000 7fe920c43640 1 -- 10.20.193.90:0/550129460 wait complete.
2026-02-17T12:05:45.309 INFO:teuthology.orchestra.run.trial090.stdout:/usr/bin/ceph: stderr
2026-02-17T12:05:45.151+0000 7fe920c43640 1 Processor -- start
2026-02-17T12:05:45.309 INFO:teuthology.orchestra.run.trial090.stdout:/usr/bin/ceph: stderr
2026-02-17T12:05:45.151+0000 7fe920c43640 1 -- start start
2026-02-17T12:05:45.309 INFO:teuthology.orchestra.run.trial090.stdout:/usr/bin/ceph: stderr
2026-02-17T12:05:45.151+0000 7fe920c43640 1 --2- >> [v2:10.20.193.90:3300/0,v1:10.20.193.90:6789/0] conn(0x7fe91c109000 0x7fe91c19ee50 unknown :-1 s=NONE pgs=0 cs=0 l=1 rev1=0 crypto rx=0 tx=0 comp rx=0 tx=0).connect
2026-02-17T12:05:45.309 INFO:teuthology.orchestra.run.trial090.stdout:/usr/bin/ceph: stderr
2026-02-17T12:05:45.151+0000 7fe920c43640 1 -- --> [v2:10.20.193.90:3300/0,v1:10.20.193.90:6789/0] -- mon_getmap magic: 0 -- 0x7fe91c10d430 con 0x7fe91c109000
2026-02-17T12:05:45.309 INFO:teuthology.orchestra.run.trial090.stdout:/usr/bin/ceph: stderr
2026-02-17T12:05:45.151+0000 7fe91a575640 1 --2- >> [v2:10.20.193.90:3300/0,v1:10.20.193.90:6789/0] conn(0x7fe91c109000 0x7fe91c19ee50 unknown :-1 s=BANNER_CONNECTING pgs=0 cs=0 l=1 rev1=0 crypto rx=0 tx=0 comp rx=0 tx=0)._handle_peer_banner_payload supported=3 required=0
2026-02-17T12:05:45.309 INFO:teuthology.orchestra.run.trial090.stdout:/usr/bin/ceph: stderr
2026-02-17T12:05:45.151+0000 7fe91a575640 1 --2- >> [v2:10.20.193.90:3300/0,v1:10.20.193.90:6789/0] conn(0x7fe91c109000 0x7fe91c19ee50 unknown :-1 s=HELLO_CONNECTING pgs=0 cs=0 l=1 rev1=1 crypto rx=0 tx=0 comp rx=0 tx=0).handle_hello peer v2:10.20.193.90:3300/0 says I am v2:10.20.193.90:57070/0 (socket says 10.20.193.90:57070)
2026-02-17T12:05:45.309 INFO:teuthology.orchestra.run.trial090.stdout:/usr/bin/ceph: stderr
2026-02-17T12:05:45.151+0000 7fe91a575640 1 -- 10.20.193.90:0/250556212 learned_addr learned my addr 10.20.193.90:0/250556212 (peer_addr_for_me v2:10.20.193.90:0/0)
2026-02-17T12:05:45.309 INFO:teuthology.orchestra.run.trial090.stdout:/usr/bin/ceph: stderr
2026-02-17T12:05:45.151+0000 7fe91a575640 1 -- 10.20.193.90:0/250556212 --> [v2:10.20.193.90:3300/0,v1:10.20.193.90:6789/0] -- mon_subscribe({config=0+,monmap=0+}) -- 0x7fe91c19f390 con 0x7fe91c109000
2026-02-17T12:05:45.310 INFO:teuthology.orchestra.run.trial090.stdout:/usr/bin/ceph: stderr
2026-02-17T12:05:45.151+0000 7fe91a575640 1 --2- 10.20.193.90:0/250556212 >> [v2:10.20.193.90:3300/0,v1:10.20.193.90:6789/0] conn(0x7fe91c109000 0x7fe91c19ee50 secure :-1 s=READY pgs=75 cs=0 l=1 rev1=1 crypto rx=0x7fe910037d90 tx=0x7fe91002fcd0 comp rx=0 tx=0).ready entity=mon.0 client_cookie=0 server_cookie=0 in_seq=0 out_seq=0
2026-02-17T12:05:45.310 INFO:teuthology.orchestra.run.trial090.stdout:/usr/bin/ceph: stderr
2026-02-17T12:05:45.152+0000 7fe9037fe640 1 -- 10.20.193.90:0/250556212 <== mon.0 v2:10.20.193.90:3300/0 1 ==== mon_map magic: 0 ==== 205+0+0 (secure 0 0 0) 0x7fe910047070 con 0x7fe91c109000
2026-02-17T12:05:45.310 INFO:teuthology.orchestra.run.trial090.stdout:/usr/bin/ceph: stderr
2026-02-17T12:05:45.152+0000 7fe9037fe640 1 -- 10.20.193.90:0/250556212 <== mon.0 v2:10.20.193.90:3300/0 2 ==== config(24 keys) ==== 1006+0+0 (secure 0 0 0) 0x7fe910042440 con 0x7fe91c109000
2026-02-17T12:05:45.310 INFO:teuthology.orchestra.run.trial090.stdout:/usr/bin/ceph: stderr
2026-02-17T12:05:45.152+0000 7fe920c43640 1 -- 10.20.193.90:0/250556212 --> [v2:10.20.193.90:3300/0,v1:10.20.193.90:6789/0] -- mon_subscribe({mgrmap=0+}) -- 0x7fe91c19f620 con 0x7fe91c109000
2026-02-17T12:05:45.310 INFO:teuthology.orchestra.run.trial090.stdout:/usr/bin/ceph: stderr
2026-02-17T12:05:45.152+0000 7fe9037fe640 1 -- 10.20.193.90:0/250556212 <== mon.0 v2:10.20.193.90:3300/0 3 ==== mon_map magic: 0 ==== 205+0+0 (secure 0 0 0) 0x7fe91003c070 con 0x7fe91c109000
2026-02-17T12:05:45.310 INFO:teuthology.orchestra.run.trial090.stdout:/usr/bin/ceph: stderr
2026-02-17T12:05:45.152+0000 7fe920c43640 1 -- 10.20.193.90:0/250556212 --> [v2:10.20.193.90:3300/0,v1:10.20.193.90:6789/0] -- mon_subscribe({osdmap=0}) -- 0x7fe91c1a2310 con 0x7fe91c109000
2026-02-17T12:05:45.310 INFO:teuthology.orchestra.run.trial090.stdout:/usr/bin/ceph: stderr
2026-02-17T12:05:45.152+0000 7fe920c43640 1 -- 10.20.193.90:0/250556212 --> [v2:10.20.193.90:3300/0,v1:10.20.193.90:6789/0] -- mon_command({"prefix": "get_command_descriptions"} v 0) -- 0x7fe91c109480 con 0x7fe91c109000
2026-02-17T12:05:45.310 INFO:teuthology.orchestra.run.trial090.stdout:/usr/bin/ceph: stderr
2026-02-17T12:05:45.152+0000 7fe9037fe640 1 -- 10.20.193.90:0/250556212 <== mon.0 v2:10.20.193.90:3300/0 4 ==== mgrmap(e 11) ==== 50154+0+0 (secure 0 0 0) 0x7fe910035b60 con 0x7fe91c109000
2026-02-17T12:05:45.310 INFO:teuthology.orchestra.run.trial090.stdout:/usr/bin/ceph: stderr
2026-02-17T12:05:45.152+0000 7fe9037fe640 20 mgrc handle_mgr_map mgrmap(e 11)
2026-02-17T12:05:45.310 INFO:teuthology.orchestra.run.trial090.stdout:/usr/bin/ceph: stderr
2026-02-17T12:05:45.152+0000 7fe9037fe640 4 mgrc handle_mgr_map Got map version 11
2026-02-17T12:05:45.310 INFO:teuthology.orchestra.run.trial090.stdout:/usr/bin/ceph: stderr
2026-02-17T12:05:45.152+0000 7fe9037fe640 4 mgrc handle_mgr_map Active mgr is now [v2:10.20.193.90:6800/3256128927,v1:10.20.193.90:6801/3256128927]
2026-02-17T12:05:45.310 INFO:teuthology.orchestra.run.trial090.stdout:/usr/bin/ceph: stderr
2026-02-17T12:05:45.152+0000 7fe9037fe640 4 mgrc reconnect Starting new session with [v2:10.20.193.90:6800/3256128927,v1:10.20.193.90:6801/3256128927]
2026-02-17T12:05:45.310 INFO:teuthology.orchestra.run.trial090.stdout:/usr/bin/ceph: stderr
2026-02-17T12:05:45.152+0000 7fe9037fe640 1 --2- 10.20.193.90:0/250556212 >> [v2:10.20.193.90:6800/3256128927,v1:10.20.193.90:6801/3256128927] conn(0x7fe8f403db20 0x7fe8f403ffe0 unknown :-1 s=NONE pgs=0 cs=0 l=1 rev1=0 crypto rx=0 tx=0 comp rx=0 tx=0).connect
2026-02-17T12:05:45.311 INFO:teuthology.orchestra.run.trial090.stdout:/usr/bin/ceph: stderr
2026-02-17T12:05:45.152+0000 7fe9037fe640 1 -- 10.20.193.90:0/250556212 <== mon.0 v2:10.20.193.90:3300/0 5 ==== osd_map(3..3 src has 1..3) ==== 1155+0+0 (secure 0 0 0) 0x7fe910076c80 con 0x7fe91c109000
2026-02-17T12:05:45.311 INFO:teuthology.orchestra.run.trial090.stdout:/usr/bin/ceph: stderr
2026-02-17T12:05:45.153+0000 7fe919d74640 1 --2- 10.20.193.90:0/250556212 >> [v2:10.20.193.90:6800/3256128927,v1:10.20.193.90:6801/3256128927] conn(0x7fe8f403db20 0x7fe8f403ffe0 unknown :-1 s=BANNER_CONNECTING pgs=0 cs=0 l=1 rev1=0 crypto rx=0 tx=0 comp rx=0 tx=0)._handle_peer_banner_payload supported=3 required=0
2026-02-17T12:05:45.311 INFO:teuthology.orchestra.run.trial090.stdout:/usr/bin/ceph: stderr
2026-02-17T12:05:45.153+0000 7fe919d74640 1 --2- 10.20.193.90:0/250556212 >> [v2:10.20.193.90:6800/3256128927,v1:10.20.193.90:6801/3256128927] conn(0x7fe8f403db20 0x7fe8f403ffe0 secure :-1 s=READY pgs=10 cs=0 l=1 rev1=1 crypto rx=0x7fe9040099c0 tx=0x7fe904006eb0 comp rx=0 tx=0).ready entity=mgr.14150 client_cookie=0 server_cookie=0 in_seq=0 out_seq=0
2026-02-17T12:05:45.311 INFO:teuthology.orchestra.run.trial090.stdout:/usr/bin/ceph: stderr
2026-02-17T12:05:45.155+0000 7fe9037fe640 1 -- 10.20.193.90:0/250556212 <== mon.0 v2:10.20.193.90:3300/0 6 ==== mon_command_ack([{"prefix": "get_command_descriptions"}]=0 v0) ==== 72+0+195034 (secure 0 0 0) 0x7fe9100425f0 con 0x7fe91c109000
2026-02-17T12:05:45.311 INFO:teuthology.orchestra.run.trial090.stdout:/usr/bin/ceph: stderr
2026-02-17T12:05:45.279+0000 7fe920c43640 1 -- 10.20.193.90:0/250556212 --> [v2:10.20.193.90:3300/0,v1:10.20.193.90:6789/0] -- mon_command([{prefix=config-key set, key=mgr/dashboard/cluster/status}] v 0) -- 0x7fe91c1a2770 con 0x7fe91c109000
2026-02-17T12:05:45.311 INFO:teuthology.orchestra.run.trial090.stdout:/usr/bin/ceph: stderr
2026-02-17T12:05:45.280+0000 7fe9037fe640 1 -- 10.20.193.90:0/250556212 <== mon.0 v2:10.20.193.90:3300/0 7 ==== mon_command_ack([{prefix=config-key set, key=mgr/dashboard/cluster/status}]=0 set mgr/dashboard/cluster/status v28)=0 set mgr/dashboard/cluster/status v28) ==== 153+0+0 (secure 0 0 0) 0x7fe910036c70 con 0x7fe91c109000
2026-02-17T12:05:45.311 INFO:teuthology.orchestra.run.trial090.stdout:/usr/bin/ceph: stderr set mgr/dashboard/cluster/status
2026-02-17T12:05:45.311 INFO:teuthology.orchestra.run.trial090.stdout:/usr/bin/ceph: stderr
2026-02-17T12:05:45.281+0000 7fe920c43640 10 mgrc shutdown
2026-02-17T12:05:45.311 INFO:teuthology.orchestra.run.trial090.stdout:/usr/bin/ceph: stderr
2026-02-17T12:05:45.281+0000 7fe920c43640 1 -- 10.20.193.90:0/250556212 >> [v2:10.20.193.90:6800/3256128927,v1:10.20.193.90:6801/3256128927] conn(0x7fe8f403db20 msgr2=0x7fe8f403ffe0 secure :-1 s=STATE_CONNECTION_ESTABLISHED l=1).mark_down
2026-02-17T12:05:45.311 INFO:teuthology.orchestra.run.trial090.stdout:/usr/bin/ceph: stderr
2026-02-17T12:05:45.281+0000 7fe920c43640 1 --2- 10.20.193.90:0/250556212 >> [v2:10.20.193.90:6800/3256128927,v1:10.20.193.90:6801/3256128927] conn(0x7fe8f403db20 0x7fe8f403ffe0 secure :-1 s=READY pgs=10 cs=0 l=1 rev1=1 crypto rx=0x7fe9040099c0 tx=0x7fe904006eb0 comp rx=0 tx=0).stop
2026-02-17T12:05:45.311 INFO:teuthology.orchestra.run.trial090.stdout:/usr/bin/ceph: stderr
2026-02-17T12:05:45.281+0000 7fe920c43640 1 -- 10.20.193.90:0/250556212 >> [v2:10.20.193.90:3300/0,v1:10.20.193.90:6789/0] conn(0x7fe91c109000 msgr2=0x7fe91c19ee50 secure :-1 s=STATE_CONNECTION_ESTABLISHED l=1).mark_down
2026-02-17T12:05:45.311 INFO:teuthology.orchestra.run.trial090.stdout:/usr/bin/ceph: stderr
2026-02-17T12:05:45.281+0000 7fe920c43640 1 --2- 10.20.193.90:0/250556212 >> [v2:10.20.193.90:3300/0,v1:10.20.193.90:6789/0] conn(0x7fe91c109000 0x7fe91c19ee50 secure :-1 s=READY pgs=75 cs=0 l=1 rev1=1 crypto rx=0x7fe910037d90 tx=0x7fe91002fcd0 comp rx=0 tx=0).stop
2026-02-17T12:05:45.312 INFO:teuthology.orchestra.run.trial090.stdout:/usr/bin/ceph: stderr
2026-02-17T12:05:45.282+0000 7fe920c43640 1 -- 10.20.193.90:0/250556212 shutdown_connections
2026-02-17T12:05:45.312 INFO:teuthology.orchestra.run.trial090.stdout:/usr/bin/ceph: stderr
2026-02-17T12:05:45.282+0000 7fe920c43640 1 --2- 10.20.193.90:0/250556212 >> [v2:10.20.193.90:6800/3256128927,v1:10.20.193.90:6801/3256128927] conn(0x7fe8f403db20 0x7fe8f403ffe0 unknown :-1 s=CLOSED pgs=10 cs=0 l=1 rev1=1 crypto rx=0 tx=0 comp rx=0 tx=0).stop
2026-02-17T12:05:45.312 INFO:teuthology.orchestra.run.trial090.stdout:/usr/bin/ceph: stderr
2026-02-17T12:05:45.282+0000 7fe920c43640 1 --2- 10.20.193.90:0/250556212 >> [v2:10.20.193.90:3300/0,v1:10.20.193.90:6789/0] conn(0x7fe91c109000 0x7fe91c19ee50 unknown :-1 s=CLOSED pgs=75 cs=0 l=1 rev1=1 crypto rx=0 tx=0 comp rx=0 tx=0).stop
2026-02-17T12:05:45.312 INFO:teuthology.orchestra.run.trial090.stdout:/usr/bin/ceph: stderr
2026-02-17T12:05:45.282+0000 7fe920c43640 1 -- 10.20.193.90:0/250556212 >> 10.20.193.90:0/250556212 conn(0x7fe91c07c520 msgr2=0x7fe91c106700 unknown :-1 s=STATE_NONE l=0).mark_down
2026-02-17T12:05:45.312 INFO:teuthology.orchestra.run.trial090.stdout:/usr/bin/ceph: stderr
2026-02-17T12:05:45.282+0000 7fe920c43640 1 -- 10.20.193.90:0/250556212 shutdown_connections
2026-02-17T12:05:45.312 INFO:teuthology.orchestra.run.trial090.stdout:/usr/bin/ceph: stderr
2026-02-17T12:05:45.282+0000 7fe920c43640 1 -- 10.20.193.90:0/250556212 wait complete.
2026-02-17T12:05:45.312 INFO:teuthology.orchestra.run.trial090.stdout:You can access the Ceph CLI as following in case of multi-cluster or non-default config:
2026-02-17T12:05:45.312 INFO:teuthology.orchestra.run.trial090.stdout:
2026-02-17T12:05:45.312 INFO:teuthology.orchestra.run.trial090.stdout: sudo /home/ubuntu/cephtest/cephadm shell --fsid ea07e39e-0bf8-11f1-bf0e-d404e6e7d460 -c /etc/ceph/ceph.conf -k /etc/ceph/ceph.client.admin.keyring
2026-02-17T12:05:45.312 INFO:teuthology.orchestra.run.trial090.stdout:
2026-02-17T12:05:45.312 INFO:teuthology.orchestra.run.trial090.stdout:Or, if you are only running a single cluster on this host:
2026-02-17T12:05:45.312 INFO:teuthology.orchestra.run.trial090.stdout:
2026-02-17T12:05:45.313 INFO:teuthology.orchestra.run.trial090.stdout: sudo /home/ubuntu/cephtest/cephadm shell
2026-02-17T12:05:45.313 INFO:teuthology.orchestra.run.trial090.stdout:
2026-02-17T12:05:45.313 INFO:teuthology.orchestra.run.trial090.stdout:Please consider enabling telemetry to help improve Ceph:
2026-02-17T12:05:45.313 INFO:teuthology.orchestra.run.trial090.stdout:
2026-02-17T12:05:45.313 INFO:teuthology.orchestra.run.trial090.stdout: ceph telemetry on
2026-02-17T12:05:45.313 INFO:teuthology.orchestra.run.trial090.stdout:
2026-02-17T12:05:45.313 INFO:teuthology.orchestra.run.trial090.stdout:For more information see:
2026-02-17T12:05:45.313 INFO:teuthology.orchestra.run.trial090.stdout:
2026-02-17T12:05:45.313 INFO:teuthology.orchestra.run.trial090.stdout: https://docs.ceph.com/en/latest/mgr/telemetry/
2026-02-17T12:05:45.313 INFO:teuthology.orchestra.run.trial090.stdout:
2026-02-17T12:05:45.313 INFO:teuthology.orchestra.run.trial090.stdout:Bootstrap complete.
2026-02-17T12:05:45.328 INFO:tasks.cephadm:Fetching config...
2026-02-17T12:05:45.329 DEBUG:teuthology.orchestra.run.trial090:> set -ex
2026-02-17T12:05:45.329 DEBUG:teuthology.orchestra.run.trial090:> dd if=/etc/ceph/ceph.conf of=/dev/stdout
2026-02-17T12:05:45.347 INFO:tasks.cephadm:Fetching client.admin keyring...
2026-02-17T12:05:45.347 DEBUG:teuthology.orchestra.run.trial090:> set -ex
2026-02-17T12:05:45.347 DEBUG:teuthology.orchestra.run.trial090:> dd if=/etc/ceph/ceph.client.admin.keyring of=/dev/stdout
2026-02-17T12:05:45.403 INFO:tasks.cephadm:Fetching mon keyring...
2026-02-17T12:05:45.404 DEBUG:teuthology.orchestra.run.trial090:> set -ex
2026-02-17T12:05:45.404 DEBUG:teuthology.orchestra.run.trial090:> sudo dd if=/var/lib/ceph/ea07e39e-0bf8-11f1-bf0e-d404e6e7d460/mon.a/keyring of=/dev/stdout
2026-02-17T12:05:45.469 INFO:tasks.cephadm:Fetching pub ssh key...
2026-02-17T12:05:45.470 DEBUG:teuthology.orchestra.run.trial090:> set -ex
2026-02-17T12:05:45.470 DEBUG:teuthology.orchestra.run.trial090:> dd if=/home/ubuntu/cephtest/ceph.pub of=/dev/stdout
2026-02-17T12:05:45.528 INFO:tasks.cephadm:Installing pub ssh key for root users...
2026-02-17T12:05:45.528 DEBUG:teuthology.orchestra.run.trial090:> sudo install -d -m 0700 /root/.ssh && echo 'ssh-ed25519 AAAAC3NzaC1lZDI1NTE5AAAAIEeD8U8wrhi0+/VFeY02MAiQlk6k7A947pn1Utip1eqD ceph-ea07e39e-0bf8-11f1-bf0e-d404e6e7d460' | sudo tee -a /root/.ssh/authorized_keys && sudo chmod 0600 /root/.ssh/authorized_keys
2026-02-17T12:05:45.600 INFO:teuthology.orchestra.run.trial090.stdout:ssh-ed25519 AAAAC3NzaC1lZDI1NTE5AAAAIEeD8U8wrhi0+/VFeY02MAiQlk6k7A947pn1Utip1eqD ceph-ea07e39e-0bf8-11f1-bf0e-d404e6e7d460
2026-02-17T12:05:45.611 DEBUG:teuthology.orchestra.run.trial198:> sudo install -d -m 0700 /root/.ssh && echo 'ssh-ed25519 AAAAC3NzaC1lZDI1NTE5AAAAIEeD8U8wrhi0+/VFeY02MAiQlk6k7A947pn1Utip1eqD ceph-ea07e39e-0bf8-11f1-bf0e-d404e6e7d460' | sudo tee -a /root/.ssh/authorized_keys && sudo chmod 0600 /root/.ssh/authorized_keys
2026-02-17T12:05:45.647 INFO:teuthology.orchestra.run.trial198.stdout:ssh-ed25519 AAAAC3NzaC1lZDI1NTE5AAAAIEeD8U8wrhi0+/VFeY02MAiQlk6k7A947pn1Utip1eqD ceph-ea07e39e-0bf8-11f1-bf0e-d404e6e7d460
2026-02-17T12:05:45.657 DEBUG:teuthology.orchestra.run.trial090:> sudo /home/ubuntu/cephtest/cephadm --image quay.ceph.io/ceph-ci/ceph:3c96dfb3f50b3d02598a82af7104764bfdcd3919 shell -c /etc/ceph/ceph.conf -k /etc/ceph/ceph.client.admin.keyring --fsid ea07e39e-0bf8-11f1-bf0e-d404e6e7d460 -- ceph config set mgr mgr/cephadm/allow_ptrace true
2026-02-17T12:05:45.813 INFO:teuthology.orchestra.run.trial090.stderr:Inferring config /var/lib/ceph/ea07e39e-0bf8-11f1-bf0e-d404e6e7d460/mon.a/config
2026-02-17T12:05:45.873 INFO:journalctl@ceph.mon.a.trial090.stdout:Feb 17 12:05:45 trial090 ceph-mon[39228]: from='client.14164 -' entity='client.admin' cmd=[{"prefix": "dashboard ac-user-create", "username": "admin", "rolename": "administrator", "force_password": true, "pwd_update_required": true, "target": ["mon-mgr", ""]}]: dispatch
2026-02-17T12:05:45.873 INFO:journalctl@ceph.mon.a.trial090.stdout:Feb 17 12:05:45 trial090 ceph-mon[39228]: from='mgr.14150 10.20.193.90:0/3071059924' entity='mgr.a'
2026-02-17T12:05:45.873 INFO:journalctl@ceph.mon.a.trial090.stdout:Feb 17 12:05:45 trial090 ceph-mon[39228]: from='client.? 10.20.193.90:0/3190879082' entity='client.admin' cmd=[{"prefix": "config get", "who": "mgr", "key": "mgr/dashboard/ssl_server_port"}]: dispatch
2026-02-17T12:05:45.873 INFO:journalctl@ceph.mon.a.trial090.stdout:Feb 17 12:05:45 trial090 ceph-mon[39228]: from='client.? 10.20.193.90:0/250556212' entity='client.admin'
2026-02-17T12:05:45.937 INFO:teuthology.orchestra.run.trial090.stderr:2026-02-17T12:05:45.936+0000 7f39acc72640 1 -- 10.20.193.90:0/4231184480 >> [v2:10.20.193.90:3300/0,v1:10.20.193.90:6789/0] conn(0x7f39a8104620 msgr2=0x7f39a8104a20 secure :-1 s=STATE_CONNECTION_ESTABLISHED l=1).mark_down
