2026-02-12T03:52:19.055 INFO:teuthology.orchestra.run.trial008.stdout:/usr/bin/ceph: stderr
2026-02-12T03:52:18.919+0000 7f58c3009640 1 -- 10.20.193.8:0/2493257650 >> 10.20.193.8:0/2493257650 conn(0x7f58bc065650 msgr2=0x7f58bc065a90 unknown :-1 s=STATE_NONE l=0).mark_down
2026-02-12T03:52:19.055 INFO:teuthology.orchestra.run.trial008.stdout:/usr/bin/ceph: stderr
2026-02-12T03:52:18.919+0000 7f58c3009640 1 -- 10.20.193.8:0/2493257650 shutdown_connections
2026-02-12T03:52:19.055 INFO:teuthology.orchestra.run.trial008.stdout:/usr/bin/ceph: stderr
2026-02-12T03:52:18.919+0000 7f58c3009640 1 -- 10.20.193.8:0/2493257650 wait complete.
2026-02-12T03:52:19.055 INFO:teuthology.orchestra.run.trial008.stdout:/usr/bin/ceph: stderr
2026-02-12T03:52:18.919+0000 7f58c3009640 1 Processor -- start
2026-02-12T03:52:19.055 INFO:teuthology.orchestra.run.trial008.stdout:/usr/bin/ceph: stderr
2026-02-12T03:52:18.919+0000 7f58c3009640 1 -- start start
2026-02-12T03:52:19.055 INFO:teuthology.orchestra.run.trial008.stdout:/usr/bin/ceph: stderr
2026-02-12T03:52:18.920+0000 7f58c3009640 1 --2- >> [v2:10.20.193.8:3300/0,v1:10.20.193.8:6789/0] conn(0x7f58bc110260 0x7f58bc11f430 unknown :-1 s=NONE pgs=0 cs=0 l=1 rev1=0 crypto rx=0 tx=0 comp rx=0 tx=0).connect
2026-02-12T03:52:19.055 INFO:teuthology.orchestra.run.trial008.stdout:/usr/bin/ceph: stderr
2026-02-12T03:52:18.920+0000 7f58c3009640 1 -- --> [v2:10.20.193.8:3300/0,v1:10.20.193.8:6789/0] -- mon_getmap magic: 0 -- 0x7f58bc1326e0 con 0x7f58bc110260
2026-02-12T03:52:19.055 INFO:teuthology.orchestra.run.trial008.stdout:/usr/bin/ceph: stderr
2026-02-12T03:52:18.920+0000 7f58c0d7e640 1 --2- >> [v2:10.20.193.8:3300/0,v1:10.20.193.8:6789/0] conn(0x7f58bc110260 0x7f58bc11f430 unknown :-1 s=BANNER_CONNECTING pgs=0 cs=0 l=1 rev1=0 crypto rx=0 tx=0 comp rx=0 tx=0)._handle_peer_banner_payload supported=3 required=0
2026-02-12T03:52:19.055 INFO:teuthology.orchestra.run.trial008.stdout:/usr/bin/ceph: stderr
2026-02-12T03:52:18.920+0000 7f58c0d7e640 1 --2- >> [v2:10.20.193.8:3300/0,v1:10.20.193.8:6789/0] conn(0x7f58bc110260 0x7f58bc11f430 unknown :-1 s=HELLO_CONNECTING pgs=0 cs=0 l=1 rev1=1 crypto rx=0 tx=0 comp rx=0 tx=0).handle_hello peer v2:10.20.193.8:3300/0 says I am v2:10.20.193.8:36918/0 (socket says 10.20.193.8:36918)
2026-02-12T03:52:19.055 INFO:teuthology.orchestra.run.trial008.stdout:/usr/bin/ceph: stderr
2026-02-12T03:52:18.920+0000 7f58c0d7e640 1 -- 10.20.193.8:0/880145010 learned_addr learned my addr 10.20.193.8:0/880145010 (peer_addr_for_me v2:10.20.193.8:0/0)
2026-02-12T03:52:19.055 INFO:teuthology.orchestra.run.trial008.stdout:/usr/bin/ceph: stderr
2026-02-12T03:52:18.920+0000 7f58c0d7e640 1 -- 10.20.193.8:0/880145010 --> [v2:10.20.193.8:3300/0,v1:10.20.193.8:6789/0] -- mon_subscribe({config=0+,monmap=0+}) -- 0x7f58bc11f990 con 0x7f58bc110260
2026-02-12T03:52:19.055 INFO:teuthology.orchestra.run.trial008.stdout:/usr/bin/ceph: stderr
2026-02-12T03:52:18.920+0000 7f58c0d7e640 1 --2- 10.20.193.8:0/880145010 >> [v2:10.20.193.8:3300/0,v1:10.20.193.8:6789/0] conn(0x7f58bc110260 0x7f58bc11f430 secure :-1 s=READY pgs=44 cs=0 l=1 rev1=1 crypto rx=0x7f58ac002400 tx=0x7f58ac004770 comp rx=0 tx=0).ready entity=mon.0 client_cookie=0 server_cookie=0 in_seq=0 out_seq=0
2026-02-12T03:52:19.055 INFO:teuthology.orchestra.run.trial008.stdout:/usr/bin/ceph: stderr
2026-02-12T03:52:18.920+0000 7f58b1ffb640 1 -- 10.20.193.8:0/880145010 <== mon.0 v2:10.20.193.8:3300/0 1 ==== mon_map magic: 0 ==== 205+0+0 (secure 0 0 0) 0x7f58ac03c070 con 0x7f58bc110260
2026-02-12T03:52:19.055 INFO:teuthology.orchestra.run.trial008.stdout:/usr/bin/ceph: stderr
2026-02-12T03:52:18.920+0000 7f58b1ffb640 1 -- 10.20.193.8:0/880145010 <== mon.0 v2:10.20.193.8:3300/0 2 ==== config(25 keys) ==== 1006+0+0 (secure 0 0 0) 0x7f58ac004020 con 0x7f58bc110260
2026-02-12T03:52:19.055 INFO:teuthology.orchestra.run.trial008.stdout:/usr/bin/ceph: stderr
2026-02-12T03:52:18.920+0000 7f58c3009640 1 -- 10.20.193.8:0/880145010 --> [v2:10.20.193.8:3300/0,v1:10.20.193.8:6789/0] -- mon_subscribe({mgrmap=0+}) -- 0x7f58bc11fc20 con 0x7f58bc110260
2026-02-12T03:52:19.055 INFO:teuthology.orchestra.run.trial008.stdout:/usr/bin/ceph: stderr
2026-02-12T03:52:18.920+0000 7f58b1ffb640 1 -- 10.20.193.8:0/880145010 <== mon.0 v2:10.20.193.8:3300/0 3 ==== mon_map magic: 0 ==== 205+0+0 (secure 0 0 0) 0x7f58ac003890 con 0x7f58bc110260
2026-02-12T03:52:19.055 INFO:teuthology.orchestra.run.trial008.stdout:/usr/bin/ceph: stderr
2026-02-12T03:52:18.920+0000 7f58c3009640 1 -- 10.20.193.8:0/880145010 --> [v2:10.20.193.8:3300/0,v1:10.20.193.8:6789/0] -- mon_subscribe({osdmap=0}) -- 0x7f58bc1205e0 con 0x7f58bc110260
2026-02-12T03:52:19.055 INFO:teuthology.orchestra.run.trial008.stdout:/usr/bin/ceph: stderr
2026-02-12T03:52:18.920+0000 7f58c3009640 1 -- 10.20.193.8:0/880145010 --> [v2:10.20.193.8:3300/0,v1:10.20.193.8:6789/0] -- mon_command({"prefix": "get_command_descriptions"} v 0) -- 0x7f58bc110630 con 0x7f58bc110260
2026-02-12T03:52:19.056 INFO:teuthology.orchestra.run.trial008.stdout:/usr/bin/ceph: stderr
2026-02-12T03:52:18.921+0000 7f58b1ffb640 1 -- 10.20.193.8:0/880145010 <== mon.0 v2:10.20.193.8:3300/0 4 ==== mgrmap(e 8) ==== 51997+0+0 (secure 0 0 0) 0x7f58ac02fa90 con 0x7f58bc110260
2026-02-12T03:52:19.056 INFO:teuthology.orchestra.run.trial008.stdout:/usr/bin/ceph: stderr
2026-02-12T03:52:18.921+0000 7f58b1ffb640 20 mgrc handle_mgr_map mgrmap(e 8)
2026-02-12T03:52:19.056 INFO:teuthology.orchestra.run.trial008.stdout:/usr/bin/ceph: stderr
2026-02-12T03:52:18.921+0000 7f58b1ffb640 4 mgrc handle_mgr_map Got map version 8
2026-02-12T03:52:19.056 INFO:teuthology.orchestra.run.trial008.stdout:/usr/bin/ceph: stderr
2026-02-12T03:52:18.921+0000 7f58b1ffb640 4 mgrc handle_mgr_map Active mgr is now [v2:10.20.193.8:6800/1670982829,v1:10.20.193.8:6801/1670982829]
2026-02-12T03:52:19.056 INFO:teuthology.orchestra.run.trial008.stdout:/usr/bin/ceph: stderr
2026-02-12T03:52:18.921+0000 7f58b1ffb640 4 mgrc reconnect Starting new session with [v2:10.20.193.8:6800/1670982829,v1:10.20.193.8:6801/1670982829]
2026-02-12T03:52:19.056 INFO:teuthology.orchestra.run.trial008.stdout:/usr/bin/ceph: stderr
2026-02-12T03:52:18.921+0000 7f58b1ffb640 1 --2- 10.20.193.8:0/880145010 >> [v2:10.20.193.8:6800/1670982829,v1:10.20.193.8:6801/1670982829] conn(0x7f589803ecb0 0x7f589805f160 unknown :-1 s=NONE pgs=0 cs=0 l=1 rev1=0 crypto rx=0 tx=0 comp rx=0 tx=0).connect
2026-02-12T03:52:19.056 INFO:teuthology.orchestra.run.trial008.stdout:/usr/bin/ceph: stderr
2026-02-12T03:52:18.921+0000 7f58b1ffb640 1 -- 10.20.193.8:0/880145010 <== mon.0 v2:10.20.193.8:3300/0 5 ==== osd_map(2..2 src has 1..2) ==== 935+0+0 (secure 0 0 0) 0x7f58ac077e80 con 0x7f58bc110260
2026-02-12T03:52:19.056 INFO:teuthology.orchestra.run.trial008.stdout:/usr/bin/ceph: stderr
2026-02-12T03:52:18.921+0000 7f58b3fff640 1 --2- 10.20.193.8:0/880145010 >> [v2:10.20.193.8:6800/1670982829,v1:10.20.193.8:6801/1670982829] conn(0x7f589803ecb0 0x7f589805f160 unknown :-1 s=BANNER_CONNECTING pgs=0 cs=0 l=1 rev1=0 crypto rx=0 tx=0 comp rx=0 tx=0)._handle_peer_banner_payload supported=3 required=0
2026-02-12T03:52:19.056 INFO:teuthology.orchestra.run.trial008.stdout:/usr/bin/ceph: stderr
2026-02-12T03:52:18.921+0000 7f58b3fff640 1 --2- 10.20.193.8:0/880145010 >> [v2:10.20.193.8:6800/1670982829,v1:10.20.193.8:6801/1670982829] conn(0x7f589803ecb0 0x7f589805f160 secure :-1 s=READY pgs=11 cs=0 l=1 rev1=1 crypto rx=0x7f58a4004770 tx=0x7f58a4006e90 comp rx=0 tx=0).ready entity=mgr.14118 client_cookie=0 server_cookie=0 in_seq=0 out_seq=0
2026-02-12T03:52:19.056 INFO:teuthology.orchestra.run.trial008.stdout:/usr/bin/ceph: stderr
2026-02-12T03:52:18.923+0000 7f58b1ffb640 1 -- 10.20.193.8:0/880145010 <== mon.0 v2:10.20.193.8:3300/0 6 ==== mon_command_ack([{"prefix": "get_command_descriptions"}]=0 v0) ==== 72+0+232485 (secure 0 0 0) 0x7f58ac03cd40 con 0x7f58bc110260
2026-02-12T03:52:19.056 INFO:teuthology.orchestra.run.trial008.stdout:/usr/bin/ceph: stderr
2026-02-12T03:52:19.029+0000 7f58c3009640 20 mgrc start_command cmd: [{"prefix": "cephadm get-pub-key", "target": ["mon-mgr", ""]}]
2026-02-12T03:52:19.056 INFO:teuthology.orchestra.run.trial008.stdout:/usr/bin/ceph: stderr
2026-02-12T03:52:19.029+0000 7f58c3009640 1 -- 10.20.193.8:0/880145010 --> [v2:10.20.193.8:6800/1670982829,v1:10.20.193.8:6801/1670982829] -- mgr_command(tid 0: {"prefix": "cephadm get-pub-key", "target": ["mon-mgr", ""]}) -- 0x7f58bc10eda0 con 0x7f589803ecb0
2026-02-12T03:52:19.056 INFO:teuthology.orchestra.run.trial008.stdout:/usr/bin/ceph: stderr
2026-02-12T03:52:19.029+0000 7f58b1ffb640 1 -- 10.20.193.8:0/880145010 <== mgr.14118 v2:10.20.193.8:6800/1670982829 1 ==== mgr_command_reply(tid 0: 0 ) ==== 8+0+123 (secure 0 0 0) 0x7f58bc10eda0 con 0x7f589803ecb0
2026-02-12T03:52:19.056 INFO:teuthology.orchestra.run.trial008.stdout:/usr/bin/ceph: stderr
2026-02-12T03:52:19.030+0000 7f58b1ffb640 20 mgrc handle_command_reply tid 0 r 0
2026-02-12T03:52:19.056 INFO:teuthology.orchestra.run.trial008.stdout:/usr/bin/ceph: stderr
2026-02-12T03:52:19.030+0000 7f58c3009640 10 mgrc shutdown
2026-02-12T03:52:19.056 INFO:teuthology.orchestra.run.trial008.stdout:/usr/bin/ceph: stderr
2026-02-12T03:52:19.030+0000 7f58c3009640 1 -- 10.20.193.8:0/880145010 >> [v2:10.20.193.8:6800/1670982829,v1:10.20.193.8:6801/1670982829] conn(0x7f589803ecb0 msgr2=0x7f589805f160 secure :-1 s=STATE_CONNECTION_ESTABLISHED l=1).mark_down
2026-02-12T03:52:19.056 INFO:teuthology.orchestra.run.trial008.stdout:/usr/bin/ceph: stderr
2026-02-12T03:52:19.030+0000 7f58c3009640 1 --2- 10.20.193.8:0/880145010 >> [v2:10.20.193.8:6800/1670982829,v1:10.20.193.8:6801/1670982829] conn(0x7f589803ecb0 0x7f589805f160 secure :-1 s=READY pgs=11 cs=0 l=1 rev1=1 crypto rx=0x7f58a4004770 tx=0x7f58a4006e90 comp rx=0 tx=0).stop
2026-02-12T03:52:19.056 INFO:teuthology.orchestra.run.trial008.stdout:/usr/bin/ceph: stderr
2026-02-12T03:52:19.030+0000 7f58c3009640 1 -- 10.20.193.8:0/880145010 >> [v2:10.20.193.8:3300/0,v1:10.20.193.8:6789/0] conn(0x7f58bc110260 msgr2=0x7f58bc11f430 secure :-1 s=STATE_CONNECTION_ESTABLISHED l=1).mark_down
2026-02-12T03:52:19.056 INFO:teuthology.orchestra.run.trial008.stdout:/usr/bin/ceph: stderr
2026-02-12T03:52:19.030+0000 7f58c3009640 1 --2- 10.20.193.8:0/880145010 >> [v2:10.20.193.8:3300/0,v1:10.20.193.8:6789/0] conn(0x7f58bc110260 0x7f58bc11f430 secure :-1 s=READY pgs=44 cs=0 l=1 rev1=1 crypto rx=0x7f58ac002400 tx=0x7f58ac004770 comp rx=0 tx=0).stop
2026-02-12T03:52:19.056 INFO:teuthology.orchestra.run.trial008.stdout:/usr/bin/ceph: stderr
2026-02-12T03:52:19.030+0000 7f58c3009640 1 -- 10.20.193.8:0/880145010 shutdown_connections
2026-02-12T03:52:19.056 INFO:teuthology.orchestra.run.trial008.stdout:/usr/bin/ceph: stderr
2026-02-12T03:52:19.030+0000 7f58c3009640 1 --2- 10.20.193.8:0/880145010 >> [v2:10.20.193.8:6800/1670982829,v1:10.20.193.8:6801/1670982829] conn(0x7f589803ecb0 0x7f589805f160 unknown :-1 s=CLOSED pgs=11 cs=0 l=1 rev1=1 crypto rx=0 tx=0 comp rx=0 tx=0).stop
2026-02-12T03:52:19.056 INFO:teuthology.orchestra.run.trial008.stdout:/usr/bin/ceph: stderr
2026-02-12T03:52:19.030+0000 7f58c3009640 1 --2- 10.20.193.8:0/880145010 >> [v2:10.20.193.8:3300/0,v1:10.20.193.8:6789/0] conn(0x7f58bc110260 0x7f58bc11f430 unknown :-1 s=CLOSED pgs=44 cs=0 l=1 rev1=1 crypto rx=0 tx=0 comp rx=0 tx=0).stop
2026-02-12T03:52:19.056 INFO:teuthology.orchestra.run.trial008.stdout:/usr/bin/ceph: stderr
2026-02-12T03:52:19.030+0000 7f58c3009640 1 -- 10.20.193.8:0/880145010 >> 10.20.193.8:0/880145010 conn(0x7f58bc065650 msgr2=0x7f58bc10e690 unknown :-1 s=STATE_NONE l=0).mark_down
2026-02-12T03:52:19.056 INFO:teuthology.orchestra.run.trial008.stdout:/usr/bin/ceph: stderr
2026-02-12T03:52:19.030+0000 7f58c3009640 1 -- 10.20.193.8:0/880145010 shutdown_connections
2026-02-12T03:52:19.057 INFO:teuthology.orchestra.run.trial008.stdout:/usr/bin/ceph: stderr
2026-02-12T03:52:19.030+0000 7f58c3009640 1 -- 10.20.193.8:0/880145010 wait complete.
2026-02-12T03:52:19.057 INFO:teuthology.orchestra.run.trial008.stdout:Wrote public SSH key to /home/ubuntu/cephtest/ceph.pub
2026-02-12T03:52:19.057 INFO:teuthology.orchestra.run.trial008.stdout:Adding key to root@localhost authorized_keys...
2026-02-12T03:52:19.057 INFO:teuthology.orchestra.run.trial008.stdout:Adding host trial008...
2026-02-12T03:52:19.133 INFO:journalctl@ceph.mon.a.trial008.stdout:Feb 12 03:52:19 trial008 ceph-mon[20342]: from='client.? 10.20.193.8:0/2167534574' entity='client.admin' cmd='[{"prefix": "mgr module enable", "module": "orchestrator"}]': finished
2026-02-12T03:52:19.133 INFO:journalctl@ceph.mon.a.trial008.stdout:Feb 12 03:52:19 trial008 ceph-mon[20342]: mgrmap e8: a(active, since 2s)
2026-02-12T03:52:19.133 INFO:journalctl@ceph.mon.a.trial008.stdout:Feb 12 03:52:19 trial008 ceph-mon[20342]: from='client.14132 -' entity='client.admin' cmd=[{"prefix": "orch set backend", "module_name": "cephadm", "target": ["mon-mgr", ""]}]: dispatch
2026-02-12T03:52:19.133 INFO:journalctl@ceph.mon.a.trial008.stdout:Feb 12 03:52:19 trial008 ceph-mon[20342]: from='mgr.14118 10.20.193.8:0/3658372605' entity='mgr.a'
2026-02-12T03:52:19.133 INFO:journalctl@ceph.mon.a.trial008.stdout:Feb 12 03:52:19 trial008 ceph-mon[20342]: from='mgr.14118 10.20.193.8:0/3658372605' entity='mgr.a' cmd={"prefix": "config dump", "format": "json"} : dispatch
2026-02-12T03:52:19.133 INFO:journalctl@ceph.mon.a.trial008.stdout:Feb 12 03:52:19 trial008 ceph-mon[20342]: from='mgr.14118 10.20.193.8:0/3658372605' entity='mgr.a'
2026-02-12T03:52:19.133 INFO:journalctl@ceph.mon.a.trial008.stdout:Feb 12 03:52:19 trial008 ceph-mon[20342]: from='mgr.14118 10.20.193.8:0/3658372605' entity='mgr.a'
2026-02-12T03:52:20.279 INFO:journalctl@ceph.mon.a.trial008.stdout:Feb 12 03:52:20 trial008 ceph-mon[20342]: from='client.14134 -' entity='client.admin' cmd=[{"prefix": "cephadm set-user", "user": "root", "target": ["mon-mgr", ""]}]: dispatch
2026-02-12T03:52:20.279 INFO:journalctl@ceph.mon.a.trial008.stdout:Feb 12 03:52:20 trial008 ceph-mon[20342]: from='client.14136 -' entity='client.admin' cmd=[{"prefix": "cephadm generate-key", "target": ["mon-mgr", ""]}]: dispatch
2026-02-12T03:52:20.279 INFO:journalctl@ceph.mon.a.trial008.stdout:Feb 12 03:52:20 trial008 ceph-mon[20342]: Generating ssh key...
2026-02-12T03:52:20.279 INFO:journalctl@ceph.mon.a.trial008.stdout:Feb 12 03:52:20 trial008 ceph-mon[20342]: from='client.14138 -' entity='client.admin' cmd=[{"prefix": "cephadm get-pub-key", "target": ["mon-mgr", ""]}]: dispatch
2026-02-12T03:52:20.279 INFO:journalctl@ceph.mon.a.trial008.stdout:Feb 12 03:52:20 trial008 ceph-mon[20342]: from='client.14140 -' entity='client.admin' cmd=[{"prefix": "orch host add", "hostname": "trial008", "addr": "10.20.193.8", "target": ["mon-mgr", ""]}]: dispatch
2026-02-12T03:52:20.854 INFO:teuthology.orchestra.run.trial008.stdout:/usr/bin/ceph: stdout Added host 'trial008' with addr '10.20.193.8'
2026-02-12T03:52:20.854 INFO:teuthology.orchestra.run.trial008.stdout:/usr/bin/ceph: stderr
2026-02-12T03:52:19.145+0000 7fa5afe26640 1 Processor -- start
2026-02-12T03:52:20.854 INFO:teuthology.orchestra.run.trial008.stdout:/usr/bin/ceph: stderr
2026-02-12T03:52:19.145+0000 7fa5afe26640 1 -- start start
2026-02-12T03:52:20.854 INFO:teuthology.orchestra.run.trial008.stdout:/usr/bin/ceph: stderr
2026-02-12T03:52:19.145+0000 7fa5afe26640 1 --2- >> [v2:10.20.193.8:3300/0,v1:10.20.193.8:6789/0] conn(0x7fa5a8110260 0x7fa5a8110650 unknown :-1 s=NONE pgs=0 cs=0 l=0 rev1=0 crypto rx=0 tx=0 comp rx=0 tx=0).connect
2026-02-12T03:52:20.855 INFO:teuthology.orchestra.run.trial008.stdout:/usr/bin/ceph: stderr
2026-02-12T03:52:19.145+0000 7fa5afe26640 1 -- --> [v2:10.20.193.8:3300/0,v1:10.20.193.8:6789/0] -- mon_getmap magic: 0 -- 0x7fa5a8110c40 con 0x7fa5a8110260
2026-02-12T03:52:20.855 INFO:teuthology.orchestra.run.trial008.stdout:/usr/bin/ceph: stderr
2026-02-12T03:52:19.145+0000 7fa5adb9b640 1 --2- >> [v2:10.20.193.8:3300/0,v1:10.20.193.8:6789/0] conn(0x7fa5a8110260 0x7fa5a8110650 unknown :-1 s=BANNER_CONNECTING pgs=0 cs=0 l=0 rev1=0 crypto rx=0 tx=0 comp rx=0 tx=0)._handle_peer_banner_payload supported=3 required=0
2026-02-12T03:52:20.855 INFO:teuthology.orchestra.run.trial008.stdout:/usr/bin/ceph: stderr
2026-02-12T03:52:19.145+0000 7fa5adb9b640 1 --2- >> [v2:10.20.193.8:3300/0,v1:10.20.193.8:6789/0] conn(0x7fa5a8110260 0x7fa5a8110650 unknown :-1 s=HELLO_CONNECTING pgs=0 cs=0 l=0 rev1=1 crypto rx=0 tx=0 comp rx=0 tx=0).handle_hello peer v2:10.20.193.8:3300/0 says I am v2:10.20.193.8:36928/0 (socket says 10.20.193.8:36928)
2026-02-12T03:52:20.855 INFO:teuthology.orchestra.run.trial008.stdout:/usr/bin/ceph: stderr
2026-02-12T03:52:19.145+0000 7fa5adb9b640 1 -- 10.20.193.8:0/1679244850 learned_addr learned my addr 10.20.193.8:0/1679244850 (peer_addr_for_me v2:10.20.193.8:0/0)
2026-02-12T03:52:20.855 INFO:teuthology.orchestra.run.trial008.stdout:/usr/bin/ceph: stderr
2026-02-12T03:52:19.145+0000 7fa5adb9b640 1 -- 10.20.193.8:0/1679244850 --> [v2:10.20.193.8:3300/0,v1:10.20.193.8:6789/0] -- mon_subscribe({config=0+,monmap=0+}) -- 0x7fa5a8110dc0 con 0x7fa5a8110260
2026-02-12T03:52:20.855 INFO:teuthology.orchestra.run.trial008.stdout:/usr/bin/ceph: stderr
2026-02-12T03:52:19.146+0000 7fa5adb9b640 1 --2- 10.20.193.8:0/1679244850 >> [v2:10.20.193.8:3300/0,v1:10.20.193.8:6789/0] conn(0x7fa5a8110260 0x7fa5a8110650 secure :-1 s=READY pgs=45 cs=0 l=1 rev1=1 crypto rx=0x7fa598009870 tx=0x7fa59802eed0 comp rx=0 tx=0).ready entity=mon.0 client_cookie=cecb2cb5bea203c server_cookie=0 in_seq=0 out_seq=0
2026-02-12T03:52:20.855 INFO:teuthology.orchestra.run.trial008.stdout:/usr/bin/ceph: stderr
2026-02-12T03:52:19.146+0000 7fa5acb99640 1 -- 10.20.193.8:0/1679244850 <== mon.0 v2:10.20.193.8:3300/0 1 ==== mon_map magic: 0 ==== 205+0+0 (secure 0 0 0) 0x7fa59803c070 con 0x7fa5a8110260
2026-02-12T03:52:20.855 INFO:teuthology.orchestra.run.trial008.stdout:/usr/bin/ceph: stderr
2026-02-12T03:52:19.146+0000 7fa5acb99640 1 -- 10.20.193.8:0/1679244850 <== mon.0 v2:10.20.193.8:3300/0 2 ==== config(25 keys) ==== 1006+0+0 (secure 0 0 0) 0x7fa598037440 con 0x7fa5a8110260
2026-02-12T03:52:20.855 INFO:teuthology.orchestra.run.trial008.stdout:/usr/bin/ceph: stderr
2026-02-12T03:52:19.146+0000 7fa5acb99640 1 -- 10.20.193.8:0/1679244850 <== mon.0 v2:10.20.193.8:3300/0 3 ==== mon_map magic: 0 ==== 205+0+0 (secure 0 0 0) 0x7fa5980354d0 con 0x7fa5a8110260
2026-02-12T03:52:20.855 INFO:teuthology.orchestra.run.trial008.stdout:/usr/bin/ceph: stderr
2026-02-12T03:52:19.146+0000 7fa5afe26640 1 -- 10.20.193.8:0/1679244850 >> [v2:10.20.193.8:3300/0,v1:10.20.193.8:6789/0] conn(0x7fa5a8110260 msgr2=0x7fa5a8110650 secure :-1 s=STATE_CONNECTION_ESTABLISHED l=1).mark_down
2026-02-12T03:52:20.855 INFO:teuthology.orchestra.run.trial008.stdout:/usr/bin/ceph: stderr
2026-02-12T03:52:19.146+0000 7fa5afe26640 1 --2- 10.20.193.8:0/1679244850 >> [v2:10.20.193.8:3300/0,v1:10.20.193.8:6789/0] conn(0x7fa5a8110260 0x7fa5a8110650 secure :-1 s=READY pgs=45 cs=0 l=1 rev1=1 crypto rx=0x7fa598009870 tx=0x7fa59802eed0 comp rx=0 tx=0).stop
2026-02-12T03:52:20.856 INFO:teuthology.orchestra.run.trial008.stdout:/usr/bin/ceph: stderr
2026-02-12T03:52:19.146+0000 7fa5afe26640 1 -- 10.20.193.8:0/1679244850 shutdown_connections
2026-02-12T03:52:20.856 INFO:teuthology.orchestra.run.trial008.stdout:/usr/bin/ceph: stderr
2026-02-12T03:52:19.146+0000 7fa5afe26640 1 --2- 10.20.193.8:0/1679244850 >> [v2:10.20.193.8:3300/0,v1:10.20.193.8:6789/0] conn(0x7fa5a8110260 0x7fa5a8110650 unknown :-1 s=CLOSED pgs=45 cs=0 l=1 rev1=1 crypto rx=0 tx=0 comp rx=0 tx=0).stop
2026-02-12T03:52:20.856 INFO:teuthology.orchestra.run.trial008.stdout:/usr/bin/ceph: stderr
2026-02-12T03:52:19.146+0000 7fa5afe26640 1 -- 10.20.193.8:0/1679244850 >> 10.20.193.8:0/1679244850 conn(0x7fa5a80656a0 msgr2=0x7fa5a8065aa0 unknown :-1 s=STATE_NONE l=0).mark_down
2026-02-12T03:52:20.856 INFO:teuthology.orchestra.run.trial008.stdout:/usr/bin/ceph: stderr
2026-02-12T03:52:19.146+0000 7fa5afe26640 1 -- 10.20.193.8:0/1679244850 shutdown_connections
2026-02-12T03:52:20.856 INFO:teuthology.orchestra.run.trial008.stdout:/usr/bin/ceph: stderr
2026-02-12T03:52:19.146+0000 7fa5afe26640 1 -- 10.20.193.8:0/1679244850 wait complete.
2026-02-12T03:52:20.856 INFO:teuthology.orchestra.run.trial008.stdout:/usr/bin/ceph: stderr
2026-02-12T03:52:19.147+0000 7fa5afe26640 1 Processor -- start
2026-02-12T03:52:20.856 INFO:teuthology.orchestra.run.trial008.stdout:/usr/bin/ceph: stderr
2026-02-12T03:52:19.147+0000 7fa5afe26640 1 -- start start
2026-02-12T03:52:20.856 INFO:teuthology.orchestra.run.trial008.stdout:/usr/bin/ceph: stderr
2026-02-12T03:52:19.147+0000 7fa5afe26640 1 --2- >> [v2:10.20.193.8:3300/0,v1:10.20.193.8:6789/0] conn(0x7fa5a8110260 0x7fa5a811f420 unknown :-1 s=NONE pgs=0 cs=0 l=1 rev1=0 crypto rx=0 tx=0 comp rx=0 tx=0).connect
2026-02-12T03:52:20.856 INFO:teuthology.orchestra.run.trial008.stdout:/usr/bin/ceph: stderr
2026-02-12T03:52:19.147+0000 7fa5afe26640 1 -- --> [v2:10.20.193.8:3300/0,v1:10.20.193.8:6789/0] -- mon_getmap magic: 0 -- 0x7fa5a81326e0 con 0x7fa5a8110260
2026-02-12T03:52:20.856 INFO:teuthology.orchestra.run.trial008.stdout:/usr/bin/ceph: stderr
2026-02-12T03:52:19.147+0000 7fa5adb9b640 1 --2- >> [v2:10.20.193.8:3300/0,v1:10.20.193.8:6789/0] conn(0x7fa5a8110260 0x7fa5a811f420 unknown :-1 s=BANNER_CONNECTING pgs=0 cs=0 l=1 rev1=0 crypto rx=0 tx=0 comp rx=0 tx=0)._handle_peer_banner_payload supported=3 required=0
2026-02-12T03:52:20.856 INFO:teuthology.orchestra.run.trial008.stdout:/usr/bin/ceph: stderr
2026-02-12T03:52:19.147+0000 7fa5adb9b640 1 --2- >> [v2:10.20.193.8:3300/0,v1:10.20.193.8:6789/0] conn(0x7fa5a8110260 0x7fa5a811f420 unknown :-1 s=HELLO_CONNECTING pgs=0 cs=0 l=1 rev1=1 crypto rx=0 tx=0 comp rx=0 tx=0).handle_hello peer v2:10.20.193.8:3300/0 says I am v2:10.20.193.8:36934/0 (socket says 10.20.193.8:36934)
2026-02-12T03:52:20.856 INFO:teuthology.orchestra.run.trial008.stdout:/usr/bin/ceph: stderr
2026-02-12T03:52:19.147+0000 7fa5adb9b640 1 -- 10.20.193.8:0/3424206515 learned_addr learned my addr 10.20.193.8:0/3424206515 (peer_addr_for_me v2:10.20.193.8:0/0)
2026-02-12T03:52:20.857 INFO:teuthology.orchestra.run.trial008.stdout:/usr/bin/ceph: stderr
2026-02-12T03:52:19.147+0000 7fa5adb9b640 1 -- 10.20.193.8:0/3424206515 --> [v2:10.20.193.8:3300/0,v1:10.20.193.8:6789/0] -- mon_subscribe({config=0+,monmap=0+}) -- 0x7fa5a811f980 con 0x7fa5a8110260
2026-02-12T03:52:20.857 INFO:teuthology.orchestra.run.trial008.stdout:/usr/bin/ceph: stderr
2026-02-12T03:52:19.147+0000 7fa5adb9b640 1 --2- 10.20.193.8:0/3424206515 >> [v2:10.20.193.8:3300/0,v1:10.20.193.8:6789/0] conn(0x7fa5a8110260 0x7fa5a811f420 secure :-1 s=READY pgs=46 cs=0 l=1 rev1=1 crypto rx=0x7fa598009260 tx=0x7fa5980047e0 comp rx=0 tx=0).ready entity=mon.0 client_cookie=0 server_cookie=0 in_seq=0 out_seq=0
2026-02-12T03:52:20.857 INFO:teuthology.orchestra.run.trial008.stdout:/usr/bin/ceph: stderr
2026-02-12T03:52:19.147+0000 7fa596ffd640 1 -- 10.20.193.8:0/3424206515 <== mon.0 v2:10.20.193.8:3300/0 1 ==== mon_map magic: 0 ==== 205+0+0 (secure 0 0 0) 0x7fa59803c070 con 0x7fa5a8110260
2026-02-12T03:52:20.857 INFO:teuthology.orchestra.run.trial008.stdout:/usr/bin/ceph: stderr
2026-02-12T03:52:19.147+0000 7fa596ffd640 1 -- 10.20.193.8:0/3424206515 <== mon.0 v2:10.20.193.8:3300/0 2 ==== config(25 keys) ==== 1006+0+0 (secure 0 0 0) 0x7fa598004020 con 0x7fa5a8110260
2026-02-12T03:52:20.857 INFO:teuthology.orchestra.run.trial008.stdout:/usr/bin/ceph: stderr
2026-02-12T03:52:19.147+0000 7fa5afe26640 1 -- 10.20.193.8:0/3424206515 --> [v2:10.20.193.8:3300/0,v1:10.20.193.8:6789/0] -- mon_subscribe({mgrmap=0+}) -- 0x7fa5a811fc10 con 0x7fa5a8110260
2026-02-12T03:52:20.857 INFO:teuthology.orchestra.run.trial008.stdout:/usr/bin/ceph: stderr
2026-02-12T03:52:19.147+0000 7fa596ffd640 1 -- 10.20.193.8:0/3424206515 <== mon.0 v2:10.20.193.8:3300/0 3 ==== mon_map magic: 0 ==== 205+0+0 (secure 0 0 0) 0x7fa598003870 con 0x7fa5a8110260
2026-02-12T03:52:20.857 INFO:teuthology.orchestra.run.trial008.stdout:/usr/bin/ceph: stderr
2026-02-12T03:52:19.147+0000 7fa5afe26640 1 -- 10.20.193.8:0/3424206515 --> [v2:10.20.193.8:3300/0,v1:10.20.193.8:6789/0] -- mon_subscribe({osdmap=0}) -- 0x7fa5a81205d0 con 0x7fa5a8110260
2026-02-12T03:52:20.857 INFO:teuthology.orchestra.run.trial008.stdout:/usr/bin/ceph: stderr
2026-02-12T03:52:19.147+0000 7fa5afe26640 1 -- 10.20.193.8:0/3424206515 --> [v2:10.20.193.8:3300/0,v1:10.20.193.8:6789/0] -- mon_command({"prefix": "get_command_descriptions"} v 0) -- 0x7fa5a8110630 con 0x7fa5a8110260
2026-02-12T03:52:20.857 INFO:teuthology.orchestra.run.trial008.stdout:/usr/bin/ceph: stderr
2026-02-12T03:52:19.148+0000 7fa596ffd640 1 -- 10.20.193.8:0/3424206515 <== mon.0 v2:10.20.193.8:3300/0 4 ==== mgrmap(e 8) ==== 51997+0+0 (secure 0 0 0) 0x7fa598003a90 con 0x7fa5a8110260
2026-02-12T03:52:20.857 INFO:teuthology.orchestra.run.trial008.stdout:/usr/bin/ceph: stderr
2026-02-12T03:52:19.148+0000 7fa596ffd640 20 mgrc handle_mgr_map mgrmap(e 8)
2026-02-12T03:52:20.857 INFO:teuthology.orchestra.run.trial008.stdout:/usr/bin/ceph: stderr
2026-02-12T03:52:19.148+0000 7fa596ffd640 4 mgrc handle_mgr_map Got map version 8
2026-02-12T03:52:20.857 INFO:teuthology.orchestra.run.trial008.stdout:/usr/bin/ceph: stderr
2026-02-12T03:52:19.148+0000 7fa596ffd640 4 mgrc handle_mgr_map Active mgr is now [v2:10.20.193.8:6800/1670982829,v1:10.20.193.8:6801/1670982829]
2026-02-12T03:52:20.857 INFO:teuthology.orchestra.run.trial008.stdout:/usr/bin/ceph: stderr
2026-02-12T03:52:19.148+0000 7fa596ffd640 4 mgrc reconnect Starting new session with [v2:10.20.193.8:6800/1670982829,v1:10.20.193.8:6801/1670982829]
2026-02-12T03:52:20.858 INFO:teuthology.orchestra.run.trial008.stdout:/usr/bin/ceph: stderr
2026-02-12T03:52:19.148+0000 7fa596ffd640 1 --2- 10.20.193.8:0/3424206515 >> [v2:10.20.193.8:6800/1670982829,v1:10.20.193.8:6801/1670982829] conn(0x7fa58403ecb0 0x7fa58405f160 unknown :-1 s=NONE pgs=0 cs=0 l=1 rev1=0 crypto rx=0 tx=0 comp rx=0 tx=0).connect
2026-02-12T03:52:20.858 INFO:teuthology.orchestra.run.trial008.stdout:/usr/bin/ceph: stderr
2026-02-12T03:52:19.148+0000 7fa596ffd640 1 -- 10.20.193.8:0/3424206515 <== mon.0 v2:10.20.193.8:3300/0 5 ==== osd_map(2..2 src has 1..2) ==== 935+0+0 (secure 0 0 0) 0x7fa598077e90 con 0x7fa5a8110260
2026-02-12T03:52:20.858 INFO:teuthology.orchestra.run.trial008.stdout:/usr/bin/ceph: stderr
2026-02-12T03:52:19.148+0000 7fa5ad39a640 1 --2- 10.20.193.8:0/3424206515 >> [v2:10.20.193.8:6800/1670982829,v1:10.20.193.8:6801/1670982829] conn(0x7fa58403ecb0 0x7fa58405f160 unknown :-1 s=BANNER_CONNECTING pgs=0 cs=0 l=1 rev1=0 crypto rx=0 tx=0 comp rx=0 tx=0)._handle_peer_banner_payload supported=3 required=0
2026-02-12T03:52:20.858 INFO:teuthology.orchestra.run.trial008.stdout:/usr/bin/ceph: stderr
2026-02-12T03:52:19.148+0000 7fa5ad39a640 1 --2- 10.20.193.8:0/3424206515 >> [v2:10.20.193.8:6800/1670982829,v1:10.20.193.8:6801/1670982829] conn(0x7fa58403ecb0 0x7fa58405f160 secure :-1 s=READY pgs=12 cs=0 l=1 rev1=1 crypto rx=0x7fa59c004770 tx=0x7fa59c006e90 comp rx=0 tx=0).ready entity=mgr.14118 client_cookie=0 server_cookie=0 in_seq=0 out_seq=0
2026-02-12T03:52:20.858 INFO:teuthology.orchestra.run.trial008.stdout:/usr/bin/ceph: stderr
2026-02-12T03:52:19.150+0000 7fa596ffd640 1 -- 10.20.193.8:0/3424206515 <== mon.0 v2:10.20.193.8:3300/0 6 ==== mon_command_ack([{"prefix": "get_command_descriptions"}]=0 v0) ==== 72+0+232485 (secure 0 0 0) 0x7fa5980462c0 con 0x7fa5a8110260
2026-02-12T03:52:20.858 INFO:teuthology.orchestra.run.trial008.stdout:/usr/bin/ceph: stderr
2026-02-12T03:52:19.257+0000 7fa5afe26640 20 mgrc start_command cmd: [{"prefix": "orch host add", "hostname": "trial008", "addr": "10.20.193.8", "target": ["mon-mgr", ""]}]
2026-02-12T03:52:20.858 INFO:teuthology.orchestra.run.trial008.stdout:/usr/bin/ceph: stderr
2026-02-12T03:52:19.257+0000 7fa5afe26640 1 -- 10.20.193.8:0/3424206515 --> [v2:10.20.193.8:6800/1670982829,v1:10.20.193.8:6801/1670982829] -- mgr_command(tid 0: {"prefix": "orch host add", "hostname": "trial008", "addr": "10.20.193.8", "target": ["mon-mgr", ""]}) -- 0x7fa5a810eda0 con 0x7fa58403ecb0
2026-02-12T03:52:20.858 INFO:teuthology.orchestra.run.trial008.stdout:/usr/bin/ceph: stderr
2026-02-12T03:52:20.803+0000 7fa596ffd640 1 -- 10.20.193.8:0/3424206515 <== mgr.14118 v2:10.20.193.8:6800/1670982829 1 ==== mgr_command_reply(tid 0: 0 ) ==== 8+0+46 (secure 0 0 0) 0x7fa5a810eda0 con 0x7fa58403ecb0
2026-02-12T03:52:20.858 INFO:teuthology.orchestra.run.trial008.stdout:/usr/bin/ceph: stderr
2026-02-12T03:52:20.803+0000 7fa596ffd640 20 mgrc handle_command_reply tid 0 r 0
2026-02-12T03:52:20.858 INFO:teuthology.orchestra.run.trial008.stdout:/usr/bin/ceph: stderr
2026-02-12T03:52:20.806+0000 7fa5afe26640 10 mgrc shutdown
2026-02-12T03:52:20.858 INFO:teuthology.orchestra.run.trial008.stdout:/usr/bin/ceph: stderr
2026-02-12T03:52:20.806+0000 7fa5afe26640 1 -- 10.20.193.8:0/3424206515 >> [v2:10.20.193.8:6800/1670982829,v1:10.20.193.8:6801/1670982829] conn(0x7fa58403ecb0 msgr2=0x7fa58405f160 secure :-1 s=STATE_CONNECTION_ESTABLISHED l=1).mark_down
2026-02-12T03:52:20.859 INFO:teuthology.orchestra.run.trial008.stdout:/usr/bin/ceph: stderr
2026-02-12T03:52:20.806+0000 7fa5afe26640 1 --2- 10.20.193.8:0/3424206515 >> [v2:10.20.193.8:6800/1670982829,v1:10.20.193.8:6801/1670982829] conn(0x7fa58403ecb0 0x7fa58405f160 secure :-1 s=READY pgs=12 cs=0 l=1 rev1=1 crypto rx=0x7fa59c004770 tx=0x7fa59c006e90 comp rx=0 tx=0).stop
2026-02-12T03:52:20.859 INFO:teuthology.orchestra.run.trial008.stdout:/usr/bin/ceph: stderr
2026-02-12T03:52:20.806+0000 7fa5afe26640 1 -- 10.20.193.8:0/3424206515 >> [v2:10.20.193.8:3300/0,v1:10.20.193.8:6789/0] conn(0x7fa5a8110260 msgr2=0x7fa5a811f420 secure :-1 s=STATE_CONNECTION_ESTABLISHED l=1).mark_down
2026-02-12T03:52:20.859 INFO:teuthology.orchestra.run.trial008.stdout:/usr/bin/ceph: stderr
2026-02-12T03:52:20.806+0000 7fa5afe26640 1 --2- 10.20.193.8:0/3424206515 >> [v2:10.20.193.8:3300/0,v1:10.20.193.8:6789/0] conn(0x7fa5a8110260 0x7fa5a811f420 secure :-1 s=READY pgs=46 cs=0 l=1 rev1=1 crypto rx=0x7fa598009260 tx=0x7fa5980047e0 comp rx=0 tx=0).stop
2026-02-12T03:52:20.859 INFO:teuthology.orchestra.run.trial008.stdout:/usr/bin/ceph: stderr
2026-02-12T03:52:20.806+0000 7fa5afe26640 1 -- 10.20.193.8:0/3424206515 shutdown_connections
2026-02-12T03:52:20.859 INFO:teuthology.orchestra.run.trial008.stdout:/usr/bin/ceph: stderr
2026-02-12T03:52:20.806+0000 7fa5afe26640 1 --2- 10.20.193.8:0/3424206515 >> [v2:10.20.193.8:6800/1670982829,v1:10.20.193.8:6801/1670982829] conn(0x7fa58403ecb0 0x7fa58405f160 unknown :-1 s=CLOSED pgs=12 cs=0 l=1 rev1=1 crypto rx=0 tx=0 comp rx=0 tx=0).stop
2026-02-12T03:52:20.859 INFO:teuthology.orchestra.run.trial008.stdout:/usr/bin/ceph: stderr
2026-02-12T03:52:20.806+0000 7fa5afe26640 1 --2- 10.20.193.8:0/3424206515 >> [v2:10.20.193.8:3300/0,v1:10.20.193.8:6789/0] conn(0x7fa5a8110260 0x7fa5a811f420 unknown :-1 s=CLOSED pgs=46 cs=0 l=1 rev1=1 crypto rx=0 tx=0 comp rx=0 tx=0).stop
2026-02-12T03:52:20.859 INFO:teuthology.orchestra.run.trial008.stdout:/usr/bin/ceph: stderr
2026-02-12T03:52:20.806+0000 7fa5afe26640 1 -- 10.20.193.8:0/3424206515 >> 10.20.193.8:0/3424206515 conn(0x7fa5a80656a0 msgr2=0x7fa5a810e690 unknown :-1 s=STATE_NONE l=0).mark_down
2026-02-12T03:52:20.859 INFO:teuthology.orchestra.run.trial008.stdout:/usr/bin/ceph: stderr
2026-02-12T03:52:20.806+0000 7fa5afe26640 1 -- 10.20.193.8:0/3424206515 shutdown_connections
2026-02-12T03:52:20.859 INFO:teuthology.orchestra.run.trial008.stdout:/usr/bin/ceph: stderr
2026-02-12T03:52:20.806+0000 7fa5afe26640 1 -- 10.20.193.8:0/3424206515 wait complete.
2026-02-12T03:52:20.859 INFO:teuthology.orchestra.run.trial008.stdout:Deploying unmanaged mon service...
2026-02-12T03:52:21.105 INFO:teuthology.orchestra.run.trial008.stdout:/usr/bin/ceph: stdout Scheduled mon update...
2026-02-12T03:52:21.105 INFO:teuthology.orchestra.run.trial008.stdout:/usr/bin/ceph: stderr
2026-02-12T03:52:20.956+0000 7fb2c3767640 1 Processor -- start
2026-02-12T03:52:21.105 INFO:teuthology.orchestra.run.trial008.stdout:/usr/bin/ceph: stderr
2026-02-12T03:52:20.956+0000 7fb2c3767640 1 -- start start
2026-02-12T03:52:21.105 INFO:teuthology.orchestra.run.trial008.stdout:/usr/bin/ceph: stderr
2026-02-12T03:52:20.956+0000 7fb2c3767640 1 --2- >> [v2:10.20.193.8:3300/0,v1:10.20.193.8:6789/0] conn(0x7fb2bc10dfe0 0x7fb2bc10e3d0 unknown :-1 s=NONE pgs=0 cs=0 l=0 rev1=0 crypto rx=0 tx=0 comp rx=0 tx=0).connect
2026-02-12T03:52:21.106 INFO:teuthology.orchestra.run.trial008.stdout:/usr/bin/ceph: stderr
2026-02-12T03:52:20.956+0000 7fb2c3767640 1 -- --> [v2:10.20.193.8:3300/0,v1:10.20.193.8:6789/0] -- mon_getmap magic: 0 -- 0x7fb2bc10e9c0 con 0x7fb2bc10dfe0
2026-02-12T03:52:21.106 INFO:teuthology.orchestra.run.trial008.stdout:/usr/bin/ceph: stderr
2026-02-12T03:52:20.956+0000 7fb2c14dc640 1 --2- >> [v2:10.20.193.8:3300/0,v1:10.20.193.8:6789/0] conn(0x7fb2bc10dfe0 0x7fb2bc10e3d0 unknown :-1 s=BANNER_CONNECTING pgs=0 cs=0 l=0 rev1=0 crypto rx=0 tx=0 comp rx=0 tx=0)._handle_peer_banner_payload supported=3 required=0
2026-02-12T03:52:21.106 INFO:teuthology.orchestra.run.trial008.stdout:/usr/bin/ceph: stderr
2026-02-12T03:52:20.956+0000 7fb2c14dc640 1 --2- >> [v2:10.20.193.8:3300/0,v1:10.20.193.8:6789/0] conn(0x7fb2bc10dfe0 0x7fb2bc10e3d0 unknown :-1 s=HELLO_CONNECTING pgs=0 cs=0 l=0 rev1=1 crypto rx=0 tx=0 comp rx=0 tx=0).handle_hello peer v2:10.20.193.8:3300/0 says I am v2:10.20.193.8:36938/0 (socket says 10.20.193.8:36938)
2026-02-12T03:52:21.106 INFO:teuthology.orchestra.run.trial008.stdout:/usr/bin/ceph: stderr
2026-02-12T03:52:20.956+0000 7fb2c14dc640 1 -- 10.20.193.8:0/681857098 learned_addr learned my addr 10.20.193.8:0/681857098 (peer_addr_for_me v2:10.20.193.8:0/0)
2026-02-12T03:52:21.106 INFO:teuthology.orchestra.run.trial008.stdout:/usr/bin/ceph: stderr
2026-02-12T03:52:20.957+0000 7fb2c14dc640 1 -- 10.20.193.8:0/681857098 --> [v2:10.20.193.8:3300/0,v1:10.20.193.8:6789/0] -- mon_subscribe({config=0+,monmap=0+}) -- 0x7fb2bc10eb40 con 0x7fb2bc10dfe0
2026-02-12T03:52:21.106 INFO:teuthology.orchestra.run.trial008.stdout:/usr/bin/ceph: stderr
2026-02-12T03:52:20.957+0000 7fb2c14dc640 1 --2- 10.20.193.8:0/681857098 >> [v2:10.20.193.8:3300/0,v1:10.20.193.8:6789/0] conn(0x7fb2bc10dfe0 0x7fb2bc10e3d0 secure :-1 s=READY pgs=47 cs=0 l=1 rev1=1 crypto rx=0x7fb2ac009870 tx=0x7fb2ac02eed0 comp rx=0 tx=0).ready entity=mon.0 client_cookie=369eccf18cc78da2 server_cookie=0 in_seq=0 out_seq=0
2026-02-12T03:52:21.106 INFO:teuthology.orchestra.run.trial008.stdout:/usr/bin/ceph: stderr
2026-02-12T03:52:20.957+0000 7fb2abfff640 1 -- 10.20.193.8:0/681857098 <== mon.0 v2:10.20.193.8:3300/0 1 ==== mon_map magic: 0 ==== 205+0+0 (secure 0 0 0) 0x7fb2ac03c070 con 0x7fb2bc10dfe0
2026-02-12T03:52:21.106 INFO:teuthology.orchestra.run.trial008.stdout:/usr/bin/ceph: stderr
2026-02-12T03:52:20.957+0000 7fb2abfff640 1 -- 10.20.193.8:0/681857098 <== mon.0 v2:10.20.193.8:3300/0 2 ==== config(25 keys) ==== 1006+0+0 (secure 0 0 0) 0x7fb2ac037440 con 0x7fb2bc10dfe0
2026-02-12T03:52:21.106 INFO:teuthology.orchestra.run.trial008.stdout:/usr/bin/ceph: stderr
2026-02-12T03:52:20.957+0000 7fb2abfff640 1 -- 10.20.193.8:0/681857098 <== mon.0 v2:10.20.193.8:3300/0 3 ==== mon_map magic: 0 ==== 205+0+0 (secure 0 0 0) 0x7fb2ac0354d0 con 0x7fb2bc10dfe0
2026-02-12T03:52:21.106 INFO:teuthology.orchestra.run.trial008.stdout:/usr/bin/ceph: stderr
2026-02-12T03:52:20.958+0000 7fb2c3767640 1 -- 10.20.193.8:0/681857098 >> [v2:10.20.193.8:3300/0,v1:10.20.193.8:6789/0] conn(0x7fb2bc10dfe0 msgr2=0x7fb2bc10e3d0 secure :-1 s=STATE_CONNECTION_ESTABLISHED l=1).mark_down
2026-02-12T03:52:21.106 INFO:teuthology.orchestra.run.trial008.stdout:/usr/bin/ceph: stderr
2026-02-12T03:52:20.958+0000 7fb2c3767640 1 --2- 10.20.193.8:0/681857098 >> [v2:10.20.193.8:3300/0,v1:10.20.193.8:6789/0] conn(0x7fb2bc10dfe0 0x7fb2bc10e3d0 secure :-1 s=READY pgs=47 cs=0 l=1 rev1=1 crypto rx=0x7fb2ac009870 tx=0x7fb2ac02eed0 comp rx=0 tx=0).stop
2026-02-12T03:52:21.107 INFO:teuthology.orchestra.run.trial008.stdout:/usr/bin/ceph: stderr
2026-02-12T03:52:20.958+0000 7fb2c3767640 1 -- 10.20.193.8:0/681857098 shutdown_connections
2026-02-12T03:52:21.107 INFO:teuthology.orchestra.run.trial008.stdout:/usr/bin/ceph: stderr
2026-02-12T03:52:20.958+0000 7fb2c3767640 1 --2- 10.20.193.8:0/681857098 >> [v2:10.20.193.8:3300/0,v1:10.20.193.8:6789/0] conn(0x7fb2bc10dfe0 0x7fb2bc10e3d0 unknown :-1 s=CLOSED pgs=47 cs=0 l=1 rev1=1 crypto rx=0 tx=0 comp rx=0 tx=0).stop
2026-02-12T03:52:21.107 INFO:teuthology.orchestra.run.trial008.stdout:/usr/bin/ceph: stderr
2026-02-12T03:52:20.958+0000 7fb2c3767640 1 -- 10.20.193.8:0/681857098 >> 10.20.193.8:0/681857098 conn(0x7fb2bc0eb610 msgr2=0x7fb2bc10ba20 unknown :-1 s=STATE_NONE l=0).mark_down
2026-02-12T03:52:21.107 INFO:teuthology.orchestra.run.trial008.stdout:/usr/bin/ceph: stderr
2026-02-12T03:52:20.958+0000 7fb2c3767640 1 -- 10.20.193.8:0/681857098 shutdown_connections
2026-02-12T03:52:21.107 INFO:teuthology.orchestra.run.trial008.stdout:/usr/bin/ceph: stderr
2026-02-12T03:52:20.958+0000 7fb2c3767640 1 -- 10.20.193.8:0/681857098 wait complete.
2026-02-12T03:52:21.107 INFO:teuthology.orchestra.run.trial008.stdout:/usr/bin/ceph: stderr
2026-02-12T03:52:20.958+0000 7fb2c3767640 1 Processor -- start
2026-02-12T03:52:21.107 INFO:teuthology.orchestra.run.trial008.stdout:/usr/bin/ceph: stderr
2026-02-12T03:52:20.958+0000 7fb2c3767640 1 -- start start
2026-02-12T03:52:21.107 INFO:teuthology.orchestra.run.trial008.stdout:/usr/bin/ceph: stderr
2026-02-12T03:52:20.958+0000 7fb2c3767640 1 --2- >> [v2:10.20.193.8:3300/0,v1:10.20.193.8:6789/0] conn(0x7fb2bc10dfe0 0x7fb2bc064840 unknown :-1 s=NONE pgs=0 cs=0 l=1 rev1=0 crypto rx=0 tx=0 comp rx=0 tx=0).connect
2026-02-12T03:52:21.107 INFO:teuthology.orchestra.run.trial008.stdout:/usr/bin/ceph: stderr
2026-02-12T03:52:20.958+0000 7fb2c3767640 1 -- --> [v2:10.20.193.8:3300/0,v1:10.20.193.8:6789/0] -- mon_getmap magic: 0 -- 0x7fb2bc130460 con 0x7fb2bc10dfe0
2026-02-12T03:52:21.107 INFO:teuthology.orchestra.run.trial008.stdout:/usr/bin/ceph: stderr
2026-02-12T03:52:20.958+0000 7fb2c14dc640 1 --2- >> [v2:10.20.193.8:3300/0,v1:10.20.193.8:6789/0] conn(0x7fb2bc10dfe0 0x7fb2bc064840 unknown :-1 s=BANNER_CONNECTING pgs=0 cs=0 l=1 rev1=0 crypto rx=0 tx=0 comp rx=0 tx=0)._handle_peer_banner_payload supported=3 required=0
2026-02-12T03:52:21.107 INFO:teuthology.orchestra.run.trial008.stdout:/usr/bin/ceph: stderr
2026-02-12T03:52:20.958+0000 7fb2c14dc640 1 --2- >> [v2:10.20.193.8:3300/0,v1:10.20.193.8:6789/0] conn(0x7fb2bc10dfe0 0x7fb2bc064840 unknown :-1 s=HELLO_CONNECTING pgs=0 cs=0 l=1 rev1=1 crypto rx=0 tx=0 comp rx=0 tx=0).handle_hello peer v2:10.20.193.8:3300/0 says I am v2:10.20.193.8:36942/0 (socket says 10.20.193.8:36942)
2026-02-12T03:52:21.107 INFO:teuthology.orchestra.run.trial008.stdout:/usr/bin/ceph: stderr
2026-02-12T03:52:20.958+0000 7fb2c14dc640 1 -- 10.20.193.8:0/179672155 learned_addr learned my addr 10.20.193.8:0/179672155 (peer_addr_for_me v2:10.20.193.8:0/0)
2026-02-12T03:52:21.108 INFO:teuthology.orchestra.run.trial008.stdout:/usr/bin/ceph: stderr
2026-02-12T03:52:20.958+0000 7fb2c14dc640 1 -- 10.20.193.8:0/179672155 --> [v2:10.20.193.8:3300/0,v1:10.20.193.8:6789/0] -- mon_subscribe({config=0+,monmap=0+}) -- 0x7fb2bc064da0 con 0x7fb2bc10dfe0
2026-02-12T03:52:21.108 INFO:teuthology.orchestra.run.trial008.stdout:/usr/bin/ceph: stderr
2026-02-12T03:52:20.958+0000 7fb2c14dc640 1 --2- 10.20.193.8:0/179672155 >> [v2:10.20.193.8:3300/0,v1:10.20.193.8:6789/0] conn(0x7fb2bc10dfe0 0x7fb2bc064840 secure :-1 s=READY pgs=48 cs=0 l=1 rev1=1 crypto rx=0x7fb2ac002400 tx=0x7fb2ac004770 comp rx=0 tx=0).ready entity=mon.0 client_cookie=0 server_cookie=0 in_seq=0 out_seq=0
2026-02-12T03:52:21.108 INFO:teuthology.orchestra.run.trial008.stdout:/usr/bin/ceph: stderr
2026-02-12T03:52:20.958+0000 7fb2aa7fc640 1 -- 10.20.193.8:0/179672155 <== mon.0 v2:10.20.193.8:3300/0 1 ==== mon_map magic: 0 ==== 205+0+0 (secure 0 0 0) 0x7fb2ac03c070 con 0x7fb2bc10dfe0
2026-02-12T03:52:21.108 INFO:teuthology.orchestra.run.trial008.stdout:/usr/bin/ceph: stderr
2026-02-12T03:52:20.958+0000 7fb2c3767640 1 -- 10.20.193.8:0/179672155 --> [v2:10.20.193.8:3300/0,v1:10.20.193.8:6789/0] -- mon_subscribe({mgrmap=0+}) -- 0x7fb2bc065030 con 0x7fb2bc10dfe0
2026-02-12T03:52:21.108 INFO:teuthology.orchestra.run.trial008.stdout:/usr/bin/ceph: stderr
2026-02-12T03:52:20.958+0000 7fb2aa7fc640 1 -- 10.20.193.8:0/179672155 <== mon.0 v2:10.20.193.8:3300/0 2 ==== config(25 keys) ==== 1006+0+0 (secure 0 0 0) 0x7fb2ac004020 con 0x7fb2bc10dfe0
2026-02-12T03:52:21.108 INFO:teuthology.orchestra.run.trial008.stdout:/usr/bin/ceph: stderr
2026-02-12T03:52:20.958+0000 7fb2aa7fc640 1 -- 10.20.193.8:0/179672155 <== mon.0 v2:10.20.193.8:3300/0 3 ==== mon_map magic: 0 ==== 205+0+0 (secure 0 0 0) 0x7fb2ac003890 con 0x7fb2bc10dfe0
2026-02-12T03:52:21.108 INFO:teuthology.orchestra.run.trial008.stdout:/usr/bin/ceph: stderr
2026-02-12T03:52:20.959+0000 7fb2c3767640 1 -- 10.20.193.8:0/179672155 --> [v2:10.20.193.8:3300/0,v1:10.20.193.8:6789/0] -- mon_subscribe({osdmap=0}) -- 0x7fb2bc063490 con 0x7fb2bc10dfe0
2026-02-12T03:52:21.108 INFO:teuthology.orchestra.run.trial008.stdout:/usr/bin/ceph: stderr
2026-02-12T03:52:20.959+0000 7fb2c3767640 1 -- 10.20.193.8:0/179672155 --> [v2:10.20.193.8:3300/0,v1:10.20.193.8:6789/0] -- mon_command({"prefix": "get_command_descriptions"} v 0) -- 0x7fb2bc10e3b0 con 0x7fb2bc10dfe0
2026-02-12T03:52:21.108 INFO:teuthology.orchestra.run.trial008.stdout:/usr/bin/ceph: stderr
2026-02-12T03:52:20.959+0000 7fb2aa7fc640 1 -- 10.20.193.8:0/179672155 <== mon.0 v2:10.20.193.8:3300/0 4 ==== mgrmap(e 8) ==== 51997+0+0 (secure 0 0 0) 0x7fb2ac02fa90 con 0x7fb2bc10dfe0
2026-02-12T03:52:21.108 INFO:teuthology.orchestra.run.trial008.stdout:/usr/bin/ceph: stderr
2026-02-12T03:52:20.959+0000 7fb2aa7fc640 20 mgrc handle_mgr_map mgrmap(e 8)
2026-02-12T03:52:21.108 INFO:teuthology.orchestra.run.trial008.stdout:/usr/bin/ceph: stderr
2026-02-12T03:52:20.959+0000 7fb2aa7fc640 4 mgrc handle_mgr_map Got map version 8
2026-02-12T03:52:21.108 INFO:teuthology.orchestra.run.trial008.stdout:/usr/bin/ceph: stderr
2026-02-12T03:52:20.959+0000 7fb2aa7fc640 4 mgrc handle_mgr_map Active mgr is now [v2:10.20.193.8:6800/1670982829,v1:10.20.193.8:6801/1670982829]
2026-02-12T03:52:21.108 INFO:teuthology.orchestra.run.trial008.stdout:/usr/bin/ceph: stderr
2026-02-12T03:52:20.959+0000 7fb2aa7fc640 4 mgrc reconnect Starting new session with [v2:10.20.193.8:6800/1670982829,v1:10.20.193.8:6801/1670982829]
2026-02-12T03:52:21.109 INFO:teuthology.orchestra.run.trial008.stdout:/usr/bin/ceph: stderr
2026-02-12T03:52:20.959+0000 7fb2aa7fc640 1 --2- 10.20.193.8:0/179672155 >> [v2:10.20.193.8:6800/1670982829,v1:10.20.193.8:6801/1670982829] conn(0x7fb29803ec60 0x7fb29805f110 unknown :-1 s=NONE pgs=0 cs=0 l=1 rev1=0 crypto rx=0 tx=0 comp rx=0 tx=0).connect
2026-02-12T03:52:21.109 INFO:teuthology.orchestra.run.trial008.stdout:/usr/bin/ceph: stderr
2026-02-12T03:52:20.959+0000 7fb2aa7fc640 1 -- 10.20.193.8:0/179672155 <== mon.0 v2:10.20.193.8:3300/0 5 ==== osd_map(2..2 src has 1..2) ==== 935+0+0 (secure 0 0 0) 0x7fb2ac077fa0 con 0x7fb2bc10dfe0
2026-02-12T03:52:21.109 INFO:teuthology.orchestra.run.trial008.stdout:/usr/bin/ceph: stderr
2026-02-12T03:52:20.959+0000 7fb2c0cdb640 1 --2- 10.20.193.8:0/179672155 >> [v2:10.20.193.8:6800/1670982829,v1:10.20.193.8:6801/1670982829] conn(0x7fb29803ec60 0x7fb29805f110 unknown :-1 s=BANNER_CONNECTING pgs=0 cs=0 l=1 rev1=0 crypto rx=0 tx=0 comp rx=0 tx=0)._handle_peer_banner_payload supported=3 required=0
2026-02-12T03:52:21.109 INFO:teuthology.orchestra.run.trial008.stdout:/usr/bin/ceph: stderr
2026-02-12T03:52:20.960+0000 7fb2c0cdb640 1 --2- 10.20.193.8:0/179672155 >> [v2:10.20.193.8:6800/1670982829,v1:10.20.193.8:6801/1670982829] conn(0x7fb29803ec60 0x7fb29805f110 secure :-1 s=READY pgs=13 cs=0 l=1 rev1=1 crypto rx=0x7fb2b0004770 tx=0x7fb2b0006e90 comp rx=0 tx=0).ready entity=mgr.14118 client_cookie=0 server_cookie=0 in_seq=0 out_seq=0
2026-02-12T03:52:21.109 INFO:teuthology.orchestra.run.trial008.stdout:/usr/bin/ceph: stderr
2026-02-12T03:52:20.962+0000 7fb2aa7fc640 1 -- 10.20.193.8:0/179672155 <== mon.0 v2:10.20.193.8:3300/0 6 ==== mon_command_ack([{"prefix": "get_command_descriptions"}]=0 v0) ==== 72+0+232485 (secure 0 0 0) 0x7fb2ac03cd20 con 0x7fb2bc10dfe0
2026-02-12T03:52:21.109 INFO:teuthology.orchestra.run.trial008.stdout:/usr/bin/ceph: stderr
2026-02-12T03:52:21.073+0000 7fb2c3767640 20 mgrc start_command cmd: [{"prefix": "orch apply", "service_type": "mon", "unmanaged": true, "target": ["mon-mgr", ""]}]
2026-02-12T03:52:21.109 INFO:teuthology.orchestra.run.trial008.stdout:/usr/bin/ceph: stderr
2026-02-12T03:52:21.073+0000 7fb2c3767640 1 -- 10.20.193.8:0/179672155 --> [v2:10.20.193.8:6800/1670982829,v1:10.20.193.8:6801/1670982829] -- mgr_command(tid 0: {"prefix": "orch apply", "service_type": "mon", "unmanaged": true, "target": ["mon-mgr", ""]}) -- 0x7fb2bc116540 con 0x7fb29803ec60
2026-02-12T03:52:21.109 INFO:teuthology.orchestra.run.trial008.stdout:/usr/bin/ceph: stderr
2026-02-12T03:52:21.077+0000 7fb2aa7fc640 1 -- 10.20.193.8:0/179672155 <== mgr.14118 v2:10.20.193.8:6800/1670982829 1 ==== mgr_command_reply(tid 0: 0 ) ==== 8+0+24 (secure 0 0 0) 0x7fb2bc116540 con 0x7fb29803ec60
2026-02-12T03:52:21.109 INFO:teuthology.orchestra.run.trial008.stdout:/usr/bin/ceph: stderr
2026-02-12T03:52:21.077+0000 7fb2aa7fc640 20 mgrc handle_command_reply tid 0 r 0
2026-02-12T03:52:21.109 INFO:teuthology.orchestra.run.trial008.stdout:/usr/bin/ceph: stderr
2026-02-12T03:52:21.078+0000 7fb2c3767640 10 mgrc shutdown
2026-02-12T03:52:21.109 INFO:teuthology.orchestra.run.trial008.stdout:/usr/bin/ceph: stderr
2026-02-12T03:52:21.078+0000 7fb2c3767640 1 -- 10.20.193.8:0/179672155 >> [v2:10.20.193.8:6800/1670982829,v1:10.20.193.8:6801/1670982829] conn(0x7fb29803ec60 msgr2=0x7fb29805f110 secure :-1 s=STATE_CONNECTION_ESTABLISHED l=1).mark_down
2026-02-12T03:52:21.110 INFO:teuthology.orchestra.run.trial008.stdout:/usr/bin/ceph: stderr
2026-02-12T03:52:21.078+0000 7fb2c3767640 1 --2- 10.20.193.8:0/179672155 >> [v2:10.20.193.8:6800/1670982829,v1:10.20.193.8:6801/1670982829] conn(0x7fb29803ec60 0x7fb29805f110 secure :-1 s=READY pgs=13 cs=0 l=1 rev1=1 crypto rx=0x7fb2b0004770 tx=0x7fb2b0006e90 comp rx=0 tx=0).stop
2026-02-12T03:52:21.110 INFO:teuthology.orchestra.run.trial008.stdout:/usr/bin/ceph: stderr
2026-02-12T03:52:21.078+0000 7fb2c3767640 1 -- 10.20.193.8:0/179672155 >> [v2:10.20.193.8:3300/0,v1:10.20.193.8:6789/0] conn(0x7fb2bc10dfe0 msgr2=0x7fb2bc064840 secure :-1 s=STATE_CONNECTION_ESTABLISHED l=1).mark_down
2026-02-12T03:52:21.110 INFO:teuthology.orchestra.run.trial008.stdout:/usr/bin/ceph: stderr
2026-02-12T03:52:21.078+0000 7fb2c3767640 1 --2- 10.20.193.8:0/179672155 >> [v2:10.20.193.8:3300/0,v1:10.20.193.8:6789/0] conn(0x7fb2bc10dfe0 0x7fb2bc064840 secure :-1 s=READY pgs=48 cs=0 l=1 rev1=1 crypto rx=0x7fb2ac002400 tx=0x7fb2ac004770 comp rx=0 tx=0).stop
2026-02-12T03:52:21.110 INFO:teuthology.orchestra.run.trial008.stdout:/usr/bin/ceph: stderr
2026-02-12T03:52:21.079+0000 7fb2c3767640 1 -- 10.20.193.8:0/179672155 shutdown_connections
2026-02-12T03:52:21.110 INFO:teuthology.orchestra.run.trial008.stdout:/usr/bin/ceph: stderr
2026-02-12T03:52:21.079+0000 7fb2c3767640 1 --2- 10.20.193.8:0/179672155 >> [v2:10.20.193.8:6800/1670982829,v1:10.20.193.8:6801/1670982829] conn(0x7fb29803ec60 0x7fb29805f110 unknown :-1 s=CLOSED pgs=13 cs=0 l=1 rev1=1 crypto rx=0 tx=0 comp rx=0 tx=0).stop
2026-02-12T03:52:21.110 INFO:teuthology.orchestra.run.trial008.stdout:/usr/bin/ceph: stderr
2026-02-12T03:52:21.079+0000 7fb2c3767640 1 --2- 10.20.193.8:0/179672155 >> [v2:10.20.193.8:3300/0,v1:10.20.193.8:6789/0] conn(0x7fb2bc10dfe0 0x7fb2bc064840 unknown :-1 s=CLOSED pgs=48 cs=0 l=1 rev1=1 crypto rx=0 tx=0 comp rx=0 tx=0).stop
2026-02-12T03:52:21.110 INFO:teuthology.orchestra.run.trial008.stdout:/usr/bin/ceph: stderr
2026-02-12T03:52:21.079+0000 7fb2c3767640 1 -- 10.20.193.8:0/179672155 >> 10.20.193.8:0/179672155 conn(0x7fb2bc0eb610 msgr2=0x7fb2bc10b9f0 unknown :-1 s=STATE_NONE l=0).mark_down
2026-02-12T03:52:21.110 INFO:teuthology.orchestra.run.trial008.stdout:/usr/bin/ceph: stderr
2026-02-12T03:52:21.079+0000 7fb2c3767640 1 -- 10.20.193.8:0/179672155 shutdown_connections
2026-02-12T03:52:21.110 INFO:teuthology.orchestra.run.trial008.stdout:/usr/bin/ceph: stderr
2026-02-12T03:52:21.079+0000 7fb2c3767640 1 -- 10.20.193.8:0/179672155 wait complete.
2026-02-12T03:52:21.110 INFO:teuthology.orchestra.run.trial008.stdout:Deploying unmanaged mgr service...
2026-02-12T03:52:21.330 INFO:journalctl@ceph.mon.a.trial008.stdout:Feb 12 03:52:21 trial008 ceph-mon[20342]: Deploying cephadm binary to trial008
2026-02-12T03:52:21.330 INFO:journalctl@ceph.mon.a.trial008.stdout:Feb 12 03:52:21 trial008 ceph-mon[20342]: from='mgr.14118 10.20.193.8:0/3658372605' entity='mgr.a'
2026-02-12T03:52:21.330 INFO:journalctl@ceph.mon.a.trial008.stdout:Feb 12 03:52:21 trial008 ceph-mon[20342]: from='mgr.14118 10.20.193.8:0/3658372605' entity='mgr.a' cmd={"prefix": "config dump", "format": "json"} : dispatch
2026-02-12T03:52:21.331 INFO:journalctl@ceph.mon.a.trial008.stdout:Feb 12 03:52:21 trial008 ceph-mon[20342]: from='mgr.14118 10.20.193.8:0/3658372605' entity='mgr.a'
2026-02-12T03:52:21.347 INFO:teuthology.orchestra.run.trial008.stdout:/usr/bin/ceph: stdout Scheduled mgr update...
2026-02-12T03:52:21.347 INFO:teuthology.orchestra.run.trial008.stdout:/usr/bin/ceph: stderr
2026-02-12T03:52:21.193+0000 7f59b6b11640 1 Processor -- start
2026-02-12T03:52:21.348 INFO:teuthology.orchestra.run.trial008.stdout:/usr/bin/ceph: stderr
2026-02-12T03:52:21.193+0000 7f59b6b11640 1 -- start start
2026-02-12T03:52:21.348 INFO:teuthology.orchestra.run.trial008.stdout:/usr/bin/ceph: stderr
2026-02-12T03:52:21.194+0000 7f59b6b11640 1 --2- >> [v2:10.20.193.8:3300/0,v1:10.20.193.8:6789/0] conn(0x7f59b010dff0 0x7f59b010e3e0 unknown :-1 s=NONE pgs=0 cs=0 l=0 rev1=0 crypto rx=0 tx=0 comp rx=0 tx=0).connect
