2026-02-12T03:52:21.348 INFO:teuthology.orchestra.run.trial008.stdout:/usr/bin/ceph: stderr
2026-02-12T03:52:21.194+0000 7f59b6b11640 1 -- --> [v2:10.20.193.8:3300/0,v1:10.20.193.8:6789/0] -- mon_getmap magic: 0 -- 0x7f59b010e9d0 con 0x7f59b010dff0
2026-02-12T03:52:21.348 INFO:teuthology.orchestra.run.trial008.stdout:/usr/bin/ceph: stderr
2026-02-12T03:52:21.194+0000 7f59b4886640 1 --2- >> [v2:10.20.193.8:3300/0,v1:10.20.193.8:6789/0] conn(0x7f59b010dff0 0x7f59b010e3e0 unknown :-1 s=BANNER_CONNECTING pgs=0 cs=0 l=0 rev1=0 crypto rx=0 tx=0 comp rx=0 tx=0)._handle_peer_banner_payload supported=3 required=0
2026-02-12T03:52:21.348 INFO:teuthology.orchestra.run.trial008.stdout:/usr/bin/ceph: stderr
2026-02-12T03:52:21.194+0000 7f59b4886640 1 --2- >> [v2:10.20.193.8:3300/0,v1:10.20.193.8:6789/0] conn(0x7f59b010dff0 0x7f59b010e3e0 unknown :-1 s=HELLO_CONNECTING pgs=0 cs=0 l=0 rev1=1 crypto rx=0 tx=0 comp rx=0 tx=0).handle_hello peer v2:10.20.193.8:3300/0 says I am v2:10.20.193.8:36948/0 (socket says 10.20.193.8:36948)
2026-02-12T03:52:21.348 INFO:teuthology.orchestra.run.trial008.stdout:/usr/bin/ceph: stderr
2026-02-12T03:52:21.194+0000 7f59b4886640 1 -- 10.20.193.8:0/4231271005 learned_addr learned my addr 10.20.193.8:0/4231271005 (peer_addr_for_me v2:10.20.193.8:0/0)
2026-02-12T03:52:21.348 INFO:teuthology.orchestra.run.trial008.stdout:/usr/bin/ceph: stderr
2026-02-12T03:52:21.194+0000 7f59b4886640 1 -- 10.20.193.8:0/4231271005 --> [v2:10.20.193.8:3300/0,v1:10.20.193.8:6789/0] -- mon_subscribe({config=0+,monmap=0+}) -- 0x7f59b010eb50 con 0x7f59b010dff0
2026-02-12T03:52:21.348 INFO:teuthology.orchestra.run.trial008.stdout:/usr/bin/ceph: stderr
2026-02-12T03:52:21.194+0000 7f59b4886640 1 --2- 10.20.193.8:0/4231271005 >> [v2:10.20.193.8:3300/0,v1:10.20.193.8:6789/0] conn(0x7f59b010dff0 0x7f59b010e3e0 secure :-1 s=READY pgs=49 cs=0 l=1 rev1=1 crypto rx=0x7f59a0009870 tx=0x7f59a002eed0 comp rx=0 tx=0).ready entity=mon.0 client_cookie=e93e2d223d153336 server_cookie=0 in_seq=0 out_seq=0
2026-02-12T03:52:21.348 INFO:teuthology.orchestra.run.trial008.stdout:/usr/bin/ceph: stderr
2026-02-12T03:52:21.195+0000 7f59a77fe640 1 -- 10.20.193.8:0/4231271005 <== mon.0 v2:10.20.193.8:3300/0 1 ==== mon_map magic: 0 ==== 205+0+0 (secure 0 0 0) 0x7f59a003c070 con 0x7f59b010dff0
2026-02-12T03:52:21.348 INFO:teuthology.orchestra.run.trial008.stdout:/usr/bin/ceph: stderr
2026-02-12T03:52:21.195+0000 7f59a77fe640 1 -- 10.20.193.8:0/4231271005 <== mon.0 v2:10.20.193.8:3300/0 2 ==== config(25 keys) ==== 1006+0+0 (secure 0 0 0) 0x7f59a0037440 con 0x7f59b010dff0
2026-02-12T03:52:21.348 INFO:teuthology.orchestra.run.trial008.stdout:/usr/bin/ceph: stderr
2026-02-12T03:52:21.195+0000 7f59a77fe640 1 -- 10.20.193.8:0/4231271005 <== mon.0 v2:10.20.193.8:3300/0 3 ==== mon_map magic: 0 ==== 205+0+0 (secure 0 0 0) 0x7f59a00354d0 con 0x7f59b010dff0
2026-02-12T03:52:21.349 INFO:teuthology.orchestra.run.trial008.stdout:/usr/bin/ceph: stderr
2026-02-12T03:52:21.195+0000 7f59b6b11640 1 -- 10.20.193.8:0/4231271005 >> [v2:10.20.193.8:3300/0,v1:10.20.193.8:6789/0] conn(0x7f59b010dff0 msgr2=0x7f59b010e3e0 secure :-1 s=STATE_CONNECTION_ESTABLISHED l=1).mark_down
2026-02-12T03:52:21.349 INFO:teuthology.orchestra.run.trial008.stdout:/usr/bin/ceph: stderr
2026-02-12T03:52:21.195+0000 7f59b6b11640 1 --2- 10.20.193.8:0/4231271005 >> [v2:10.20.193.8:3300/0,v1:10.20.193.8:6789/0] conn(0x7f59b010dff0 0x7f59b010e3e0 secure :-1 s=READY pgs=49 cs=0 l=1 rev1=1 crypto rx=0x7f59a0009870 tx=0x7f59a002eed0 comp rx=0 tx=0).stop
2026-02-12T03:52:21.349 INFO:teuthology.orchestra.run.trial008.stdout:/usr/bin/ceph: stderr
2026-02-12T03:52:21.195+0000 7f59b6b11640 1 -- 10.20.193.8:0/4231271005 shutdown_connections
2026-02-12T03:52:21.349 INFO:teuthology.orchestra.run.trial008.stdout:/usr/bin/ceph: stderr
2026-02-12T03:52:21.195+0000 7f59b6b11640 1 --2- 10.20.193.8:0/4231271005 >> [v2:10.20.193.8:3300/0,v1:10.20.193.8:6789/0] conn(0x7f59b010dff0 0x7f59b010e3e0 unknown :-1 s=CLOSED pgs=49 cs=0 l=1 rev1=1 crypto rx=0 tx=0 comp rx=0 tx=0).stop
2026-02-12T03:52:21.349 INFO:teuthology.orchestra.run.trial008.stdout:/usr/bin/ceph: stderr
2026-02-12T03:52:21.195+0000 7f59b6b11640 1 -- 10.20.193.8:0/4231271005 >> 10.20.193.8:0/4231271005 conn(0x7f59b00eb6a0 msgr2=0x7f59b010bab0 unknown :-1 s=STATE_NONE l=0).mark_down
2026-02-12T03:52:21.349 INFO:teuthology.orchestra.run.trial008.stdout:/usr/bin/ceph: stderr
2026-02-12T03:52:21.195+0000 7f59b6b11640 1 -- 10.20.193.8:0/4231271005 shutdown_connections
2026-02-12T03:52:21.349 INFO:teuthology.orchestra.run.trial008.stdout:/usr/bin/ceph: stderr
2026-02-12T03:52:21.195+0000 7f59b6b11640 1 -- 10.20.193.8:0/4231271005 wait complete.
2026-02-12T03:52:21.349 INFO:teuthology.orchestra.run.trial008.stdout:/usr/bin/ceph: stderr
2026-02-12T03:52:21.195+0000 7f59b6b11640 1 Processor -- start
2026-02-12T03:52:21.349 INFO:teuthology.orchestra.run.trial008.stdout:/usr/bin/ceph: stderr
2026-02-12T03:52:21.195+0000 7f59b6b11640 1 -- start start
2026-02-12T03:52:21.349 INFO:teuthology.orchestra.run.trial008.stdout:/usr/bin/ceph: stderr
2026-02-12T03:52:21.196+0000 7f59b6b11640 1 --2- >> [v2:10.20.193.8:3300/0,v1:10.20.193.8:6789/0] conn(0x7f59b010dff0 0x7f59b011d1c0 unknown :-1 s=NONE pgs=0 cs=0 l=1 rev1=0 crypto rx=0 tx=0 comp rx=0 tx=0).connect
2026-02-12T03:52:21.349 INFO:teuthology.orchestra.run.trial008.stdout:/usr/bin/ceph: stderr
2026-02-12T03:52:21.196+0000 7f59b6b11640 1 -- --> [v2:10.20.193.8:3300/0,v1:10.20.193.8:6789/0] -- mon_getmap magic: 0 -- 0x7f59b0130470 con 0x7f59b010dff0
2026-02-12T03:52:21.350 INFO:teuthology.orchestra.run.trial008.stdout:/usr/bin/ceph: stderr
2026-02-12T03:52:21.196+0000 7f59b4886640 1 --2- >> [v2:10.20.193.8:3300/0,v1:10.20.193.8:6789/0] conn(0x7f59b010dff0 0x7f59b011d1c0 unknown :-1 s=BANNER_CONNECTING pgs=0 cs=0 l=1 rev1=0 crypto rx=0 tx=0 comp rx=0 tx=0)._handle_peer_banner_payload supported=3 required=0
2026-02-12T03:52:21.350 INFO:teuthology.orchestra.run.trial008.stdout:/usr/bin/ceph: stderr
2026-02-12T03:52:21.196+0000 7f59b4886640 1 --2- >> [v2:10.20.193.8:3300/0,v1:10.20.193.8:6789/0] conn(0x7f59b010dff0 0x7f59b011d1c0 unknown :-1 s=HELLO_CONNECTING pgs=0 cs=0 l=1 rev1=1 crypto rx=0 tx=0 comp rx=0 tx=0).handle_hello peer v2:10.20.193.8:3300/0 says I am v2:10.20.193.8:36958/0 (socket says 10.20.193.8:36958)
2026-02-12T03:52:21.350 INFO:teuthology.orchestra.run.trial008.stdout:/usr/bin/ceph: stderr
2026-02-12T03:52:21.196+0000 7f59b4886640 1 -- 10.20.193.8:0/1633614624 learned_addr learned my addr 10.20.193.8:0/1633614624 (peer_addr_for_me v2:10.20.193.8:0/0)
2026-02-12T03:52:21.350 INFO:teuthology.orchestra.run.trial008.stdout:/usr/bin/ceph: stderr
2026-02-12T03:52:21.196+0000 7f59b4886640 1 -- 10.20.193.8:0/1633614624 --> [v2:10.20.193.8:3300/0,v1:10.20.193.8:6789/0] -- mon_subscribe({config=0+,monmap=0+}) -- 0x7f59b011d720 con 0x7f59b010dff0
2026-02-12T03:52:21.350 INFO:teuthology.orchestra.run.trial008.stdout:/usr/bin/ceph: stderr
2026-02-12T03:52:21.196+0000 7f59b4886640 1 --2- 10.20.193.8:0/1633614624 >> [v2:10.20.193.8:3300/0,v1:10.20.193.8:6789/0] conn(0x7f59b010dff0 0x7f59b011d1c0 secure :-1 s=READY pgs=50 cs=0 l=1 rev1=1 crypto rx=0x7f59a0009260 tx=0x7f59a00047e0 comp rx=0 tx=0).ready entity=mon.0 client_cookie=0 server_cookie=0 in_seq=0 out_seq=0
2026-02-12T03:52:21.350 INFO:teuthology.orchestra.run.trial008.stdout:/usr/bin/ceph: stderr
2026-02-12T03:52:21.196+0000 7f59a5ffb640 1 -- 10.20.193.8:0/1633614624 <== mon.0 v2:10.20.193.8:3300/0 1 ==== mon_map magic: 0 ==== 205+0+0 (secure 0 0 0) 0x7f59a003c070 con 0x7f59b010dff0
2026-02-12T03:52:21.350 INFO:teuthology.orchestra.run.trial008.stdout:/usr/bin/ceph: stderr
2026-02-12T03:52:21.196+0000 7f59a5ffb640 1 -- 10.20.193.8:0/1633614624 <== mon.0 v2:10.20.193.8:3300/0 2 ==== config(25 keys) ==== 1006+0+0 (secure 0 0 0) 0x7f59a0004020 con 0x7f59b010dff0
2026-02-12T03:52:21.350 INFO:teuthology.orchestra.run.trial008.stdout:/usr/bin/ceph: stderr
2026-02-12T03:52:21.196+0000 7f59a5ffb640 1 -- 10.20.193.8:0/1633614624 <== mon.0 v2:10.20.193.8:3300/0 3 ==== mon_map magic: 0 ==== 205+0+0 (secure 0 0 0) 0x7f59a0003870 con 0x7f59b010dff0
2026-02-12T03:52:21.350 INFO:teuthology.orchestra.run.trial008.stdout:/usr/bin/ceph: stderr
2026-02-12T03:52:21.196+0000 7f59b6b11640 1 -- 10.20.193.8:0/1633614624 --> [v2:10.20.193.8:3300/0,v1:10.20.193.8:6789/0] -- mon_subscribe({mgrmap=0+}) -- 0x7f59b011d9b0 con 0x7f59b010dff0
2026-02-12T03:52:21.350 INFO:teuthology.orchestra.run.trial008.stdout:/usr/bin/ceph: stderr
2026-02-12T03:52:21.196+0000 7f59b6b11640 1 -- 10.20.193.8:0/1633614624 --> [v2:10.20.193.8:3300/0,v1:10.20.193.8:6789/0] -- mon_subscribe({osdmap=0}) -- 0x7f59b011e370 con 0x7f59b010dff0
2026-02-12T03:52:21.351 INFO:teuthology.orchestra.run.trial008.stdout:/usr/bin/ceph: stderr
2026-02-12T03:52:21.196+0000 7f59b6b11640 1 -- 10.20.193.8:0/1633614624 --> [v2:10.20.193.8:3300/0,v1:10.20.193.8:6789/0] -- mon_command({"prefix": "get_command_descriptions"} v 0) -- 0x7f59b010e3c0 con 0x7f59b010dff0
2026-02-12T03:52:21.351 INFO:teuthology.orchestra.run.trial008.stdout:/usr/bin/ceph: stderr
2026-02-12T03:52:21.197+0000 7f59a5ffb640 1 -- 10.20.193.8:0/1633614624 <== mon.0 v2:10.20.193.8:3300/0 4 ==== mgrmap(e 8) ==== 51997+0+0 (secure 0 0 0) 0x7f59a002fa90 con 0x7f59b010dff0
2026-02-12T03:52:21.351 INFO:teuthology.orchestra.run.trial008.stdout:/usr/bin/ceph: stderr
2026-02-12T03:52:21.197+0000 7f59a5ffb640 20 mgrc handle_mgr_map mgrmap(e 8)
2026-02-12T03:52:21.351 INFO:teuthology.orchestra.run.trial008.stdout:/usr/bin/ceph: stderr
2026-02-12T03:52:21.197+0000 7f59a5ffb640 4 mgrc handle_mgr_map Got map version 8
2026-02-12T03:52:21.351 INFO:teuthology.orchestra.run.trial008.stdout:/usr/bin/ceph: stderr
2026-02-12T03:52:21.197+0000 7f59a5ffb640 4 mgrc handle_mgr_map Active mgr is now [v2:10.20.193.8:6800/1670982829,v1:10.20.193.8:6801/1670982829]
2026-02-12T03:52:21.351 INFO:teuthology.orchestra.run.trial008.stdout:/usr/bin/ceph: stderr
2026-02-12T03:52:21.197+0000 7f59a5ffb640 4 mgrc reconnect Starting new session with [v2:10.20.193.8:6800/1670982829,v1:10.20.193.8:6801/1670982829]
2026-02-12T03:52:21.351 INFO:teuthology.orchestra.run.trial008.stdout:/usr/bin/ceph: stderr
2026-02-12T03:52:21.197+0000 7f59a5ffb640 1 --2- 10.20.193.8:0/1633614624 >> [v2:10.20.193.8:6800/1670982829,v1:10.20.193.8:6801/1670982829] conn(0x7f598c03ecb0 0x7f598c05f160 unknown :-1 s=NONE pgs=0 cs=0 l=1 rev1=0 crypto rx=0 tx=0 comp rx=0 tx=0).connect
2026-02-12T03:52:21.351 INFO:teuthology.orchestra.run.trial008.stdout:/usr/bin/ceph: stderr
2026-02-12T03:52:21.197+0000 7f59a5ffb640 1 -- 10.20.193.8:0/1633614624 <== mon.0 v2:10.20.193.8:3300/0 5 ==== osd_map(2..2 src has 1..2) ==== 935+0+0 (secure 0 0 0) 0x7f59a0077e00 con 0x7f59b010dff0
2026-02-12T03:52:21.351 INFO:teuthology.orchestra.run.trial008.stdout:/usr/bin/ceph: stderr
2026-02-12T03:52:21.197+0000 7f59a7fff640 1 --2- 10.20.193.8:0/1633614624 >> [v2:10.20.193.8:6800/1670982829,v1:10.20.193.8:6801/1670982829] conn(0x7f598c03ecb0 0x7f598c05f160 unknown :-1 s=BANNER_CONNECTING pgs=0 cs=0 l=1 rev1=0 crypto rx=0 tx=0 comp rx=0 tx=0)._handle_peer_banner_payload supported=3 required=0
2026-02-12T03:52:21.351 INFO:teuthology.orchestra.run.trial008.stdout:/usr/bin/ceph: stderr
2026-02-12T03:52:21.197+0000 7f59a7fff640 1 --2- 10.20.193.8:0/1633614624 >> [v2:10.20.193.8:6800/1670982829,v1:10.20.193.8:6801/1670982829] conn(0x7f598c03ecb0 0x7f598c05f160 secure :-1 s=READY pgs=14 cs=0 l=1 rev1=1 crypto rx=0x7f5998004770 tx=0x7f5998006e90 comp rx=0 tx=0).ready entity=mgr.14118 client_cookie=0 server_cookie=0 in_seq=0 out_seq=0
2026-02-12T03:52:21.351 INFO:teuthology.orchestra.run.trial008.stdout:/usr/bin/ceph: stderr
2026-02-12T03:52:21.199+0000 7f59a5ffb640 1 -- 10.20.193.8:0/1633614624 <== mon.0 v2:10.20.193.8:3300/0 6 ==== mon_command_ack([{"prefix": "get_command_descriptions"}]=0 v0) ==== 72+0+232485 (secure 0 0 0) 0x7f59a0032e90 con 0x7f59b010dff0
2026-02-12T03:52:21.351 INFO:teuthology.orchestra.run.trial008.stdout:/usr/bin/ceph: stderr
2026-02-12T03:52:21.314+0000 7f59b6b11640 20 mgrc start_command cmd: [{"prefix": "orch apply", "service_type": "mgr", "unmanaged": true, "target": ["mon-mgr", ""]}]
2026-02-12T03:52:21.352 INFO:teuthology.orchestra.run.trial008.stdout:/usr/bin/ceph: stderr
2026-02-12T03:52:21.314+0000 7f59b6b11640 1 -- 10.20.193.8:0/1633614624 --> [v2:10.20.193.8:6800/1670982829,v1:10.20.193.8:6801/1670982829] -- mgr_command(tid 0: {"prefix": "orch apply", "service_type": "mgr", "unmanaged": true, "target": ["mon-mgr", ""]}) -- 0x7f59b011e680 con 0x7f598c03ecb0
2026-02-12T03:52:21.352 INFO:teuthology.orchestra.run.trial008.stdout:/usr/bin/ceph: stderr
2026-02-12T03:52:21.318+0000 7f59a5ffb640 1 -- 10.20.193.8:0/1633614624 <== mgr.14118 v2:10.20.193.8:6800/1670982829 1 ==== mgr_command_reply(tid 0: 0 ) ==== 8+0+24 (secure 0 0 0) 0x7f59b011e680 con 0x7f598c03ecb0
2026-02-12T03:52:21.352 INFO:teuthology.orchestra.run.trial008.stdout:/usr/bin/ceph: stderr
2026-02-12T03:52:21.318+0000 7f59a5ffb640 20 mgrc handle_command_reply tid 0 r 0
2026-02-12T03:52:21.352 INFO:teuthology.orchestra.run.trial008.stdout:/usr/bin/ceph: stderr
2026-02-12T03:52:21.320+0000 7f59b6b11640 10 mgrc shutdown
2026-02-12T03:52:21.352 INFO:teuthology.orchestra.run.trial008.stdout:/usr/bin/ceph: stderr
2026-02-12T03:52:21.320+0000 7f59b6b11640 1 -- 10.20.193.8:0/1633614624 >> [v2:10.20.193.8:6800/1670982829,v1:10.20.193.8:6801/1670982829] conn(0x7f598c03ecb0 msgr2=0x7f598c05f160 secure :-1 s=STATE_CONNECTION_ESTABLISHED l=1).mark_down
2026-02-12T03:52:21.352 INFO:teuthology.orchestra.run.trial008.stdout:/usr/bin/ceph: stderr
2026-02-12T03:52:21.320+0000 7f59b6b11640 1 --2- 10.20.193.8:0/1633614624 >> [v2:10.20.193.8:6800/1670982829,v1:10.20.193.8:6801/1670982829] conn(0x7f598c03ecb0 0x7f598c05f160 secure :-1 s=READY pgs=14 cs=0 l=1 rev1=1 crypto rx=0x7f5998004770 tx=0x7f5998006e90 comp rx=0 tx=0).stop
2026-02-12T03:52:21.352 INFO:teuthology.orchestra.run.trial008.stdout:/usr/bin/ceph: stderr
2026-02-12T03:52:21.320+0000 7f59b6b11640 1 -- 10.20.193.8:0/1633614624 >> [v2:10.20.193.8:3300/0,v1:10.20.193.8:6789/0] conn(0x7f59b010dff0 msgr2=0x7f59b011d1c0 secure :-1 s=STATE_CONNECTION_ESTABLISHED l=1).mark_down
2026-02-12T03:52:21.352 INFO:teuthology.orchestra.run.trial008.stdout:/usr/bin/ceph: stderr
2026-02-12T03:52:21.320+0000 7f59b6b11640 1 --2- 10.20.193.8:0/1633614624 >> [v2:10.20.193.8:3300/0,v1:10.20.193.8:6789/0] conn(0x7f59b010dff0 0x7f59b011d1c0 secure :-1 s=READY pgs=50 cs=0 l=1 rev1=1 crypto rx=0x7f59a0009260 tx=0x7f59a00047e0 comp rx=0 tx=0).stop
2026-02-12T03:52:21.352 INFO:teuthology.orchestra.run.trial008.stdout:/usr/bin/ceph: stderr
2026-02-12T03:52:21.320+0000 7f59b6b11640 1 -- 10.20.193.8:0/1633614624 shutdown_connections
2026-02-12T03:52:21.352 INFO:teuthology.orchestra.run.trial008.stdout:/usr/bin/ceph: stderr
2026-02-12T03:52:21.320+0000 7f59b6b11640 1 --2- 10.20.193.8:0/1633614624 >> [v2:10.20.193.8:6800/1670982829,v1:10.20.193.8:6801/1670982829] conn(0x7f598c03ecb0 0x7f598c05f160 unknown :-1 s=CLOSED pgs=14 cs=0 l=1 rev1=1 crypto rx=0 tx=0 comp rx=0 tx=0).stop
2026-02-12T03:52:21.352 INFO:teuthology.orchestra.run.trial008.stdout:/usr/bin/ceph: stderr
2026-02-12T03:52:21.320+0000 7f59b6b11640 1 --2- 10.20.193.8:0/1633614624 >> [v2:10.20.193.8:3300/0,v1:10.20.193.8:6789/0] conn(0x7f59b010dff0 0x7f59b011d1c0 unknown :-1 s=CLOSED pgs=50 cs=0 l=1 rev1=1 crypto rx=0 tx=0 comp rx=0 tx=0).stop
2026-02-12T03:52:21.352 INFO:teuthology.orchestra.run.trial008.stdout:/usr/bin/ceph: stderr
2026-02-12T03:52:21.320+0000 7f59b6b11640 1 -- 10.20.193.8:0/1633614624 >> 10.20.193.8:0/1633614624 conn(0x7f59b00eb6a0 msgr2=0x7f59b010ba80 unknown :-1 s=STATE_NONE l=0).mark_down
2026-02-12T03:52:21.352 INFO:teuthology.orchestra.run.trial008.stdout:/usr/bin/ceph: stderr
2026-02-12T03:52:21.321+0000 7f59b6b11640 1 -- 10.20.193.8:0/1633614624 shutdown_connections
2026-02-12T03:52:21.353 INFO:teuthology.orchestra.run.trial008.stdout:/usr/bin/ceph: stderr
2026-02-12T03:52:21.321+0000 7f59b6b11640 1 -- 10.20.193.8:0/1633614624 wait complete.
2026-02-12T03:52:21.669 INFO:teuthology.orchestra.run.trial008.stdout:/usr/bin/ceph: stderr
2026-02-12T03:52:21.436+0000 7fb1fe42c640 1 Processor -- start
2026-02-12T03:52:21.669 INFO:teuthology.orchestra.run.trial008.stdout:/usr/bin/ceph: stderr
2026-02-12T03:52:21.436+0000 7fb1fe42c640 1 -- start start
2026-02-12T03:52:21.669 INFO:teuthology.orchestra.run.trial008.stdout:/usr/bin/ceph: stderr
2026-02-12T03:52:21.436+0000 7fb1fe42c640 1 --2- >> [v2:10.20.193.8:3300/0,v1:10.20.193.8:6789/0] conn(0x7fb1f8065cc0 0x7fb1f8064320 unknown :-1 s=NONE pgs=0 cs=0 l=0 rev1=0 crypto rx=0 tx=0 comp rx=0 tx=0).connect
2026-02-12T03:52:21.669 INFO:teuthology.orchestra.run.trial008.stdout:/usr/bin/ceph: stderr
2026-02-12T03:52:21.436+0000 7fb1fe42c640 1 -- --> [v2:10.20.193.8:3300/0,v1:10.20.193.8:6789/0] -- mon_getmap magic: 0 -- 0x7fb1f8066160 con 0x7fb1f8065cc0
2026-02-12T03:52:21.669 INFO:teuthology.orchestra.run.trial008.stdout:/usr/bin/ceph: stderr
2026-02-12T03:52:21.436+0000 7fb1f7fff640 1 --2- >> [v2:10.20.193.8:3300/0,v1:10.20.193.8:6789/0] conn(0x7fb1f8065cc0 0x7fb1f8064320 unknown :-1 s=BANNER_CONNECTING pgs=0 cs=0 l=0 rev1=0 crypto rx=0 tx=0 comp rx=0 tx=0)._handle_peer_banner_payload supported=3 required=0
2026-02-12T03:52:21.669 INFO:teuthology.orchestra.run.trial008.stdout:/usr/bin/ceph: stderr
2026-02-12T03:52:21.436+0000 7fb1f7fff640 1 --2- >> [v2:10.20.193.8:3300/0,v1:10.20.193.8:6789/0] conn(0x7fb1f8065cc0 0x7fb1f8064320 unknown :-1 s=HELLO_CONNECTING pgs=0 cs=0 l=0 rev1=1 crypto rx=0 tx=0 comp rx=0 tx=0).handle_hello peer v2:10.20.193.8:3300/0 says I am v2:10.20.193.8:36970/0 (socket says 10.20.193.8:36970)
2026-02-12T03:52:21.670 INFO:teuthology.orchestra.run.trial008.stdout:/usr/bin/ceph: stderr
2026-02-12T03:52:21.436+0000 7fb1f7fff640 1 -- 10.20.193.8:0/2147978923 learned_addr learned my addr 10.20.193.8:0/2147978923 (peer_addr_for_me v2:10.20.193.8:0/0)
2026-02-12T03:52:21.670 INFO:teuthology.orchestra.run.trial008.stdout:/usr/bin/ceph: stderr
2026-02-12T03:52:21.436+0000 7fb1f7fff640 1 -- 10.20.193.8:0/2147978923 --> [v2:10.20.193.8:3300/0,v1:10.20.193.8:6789/0] -- mon_subscribe({config=0+,monmap=0+}) -- 0x7fb1f8064860 con 0x7fb1f8065cc0
2026-02-12T03:52:21.670 INFO:teuthology.orchestra.run.trial008.stdout:/usr/bin/ceph: stderr
2026-02-12T03:52:21.437+0000 7fb1f7fff640 1 --2- 10.20.193.8:0/2147978923 >> [v2:10.20.193.8:3300/0,v1:10.20.193.8:6789/0] conn(0x7fb1f8065cc0 0x7fb1f8064320 secure :-1 s=READY pgs=51 cs=0 l=1 rev1=1 crypto rx=0x7fb1e4009870 tx=0x7fb1e402eed0 comp rx=0 tx=0).ready entity=mon.0 client_cookie=53acc264976afafa server_cookie=0 in_seq=0 out_seq=0
2026-02-12T03:52:21.670 INFO:teuthology.orchestra.run.trial008.stdout:/usr/bin/ceph: stderr
2026-02-12T03:52:21.437+0000 7fb1f6ffd640 1 -- 10.20.193.8:0/2147978923 <== mon.0 v2:10.20.193.8:3300/0 1 ==== mon_map magic: 0 ==== 205+0+0 (secure 0 0 0) 0x7fb1e403c070 con 0x7fb1f8065cc0
2026-02-12T03:52:21.670 INFO:teuthology.orchestra.run.trial008.stdout:/usr/bin/ceph: stderr
2026-02-12T03:52:21.437+0000 7fb1f6ffd640 1 -- 10.20.193.8:0/2147978923 <== mon.0 v2:10.20.193.8:3300/0 2 ==== config(25 keys) ==== 1037+0+0 (secure 0 0 0) 0x7fb1e4037440 con 0x7fb1f8065cc0
2026-02-12T03:52:21.670 INFO:teuthology.orchestra.run.trial008.stdout:/usr/bin/ceph: stderr
2026-02-12T03:52:21.437+0000 7fb1f6ffd640 1 -- 10.20.193.8:0/2147978923 <== mon.0 v2:10.20.193.8:3300/0 3 ==== mon_map magic: 0 ==== 205+0+0 (secure 0 0 0) 0x7fb1e40354d0 con 0x7fb1f8065cc0
2026-02-12T03:52:21.670 INFO:teuthology.orchestra.run.trial008.stdout:/usr/bin/ceph: stderr
2026-02-12T03:52:21.437+0000 7fb1fe42c640 1 -- 10.20.193.8:0/2147978923 >> [v2:10.20.193.8:3300/0,v1:10.20.193.8:6789/0] conn(0x7fb1f8065cc0 msgr2=0x7fb1f8064320 secure :-1 s=STATE_CONNECTION_ESTABLISHED l=1).mark_down
2026-02-12T03:52:21.670 INFO:teuthology.orchestra.run.trial008.stdout:/usr/bin/ceph: stderr
2026-02-12T03:52:21.437+0000 7fb1fe42c640 1 --2- 10.20.193.8:0/2147978923 >> [v2:10.20.193.8:3300/0,v1:10.20.193.8:6789/0] conn(0x7fb1f8065cc0 0x7fb1f8064320 secure :-1 s=READY pgs=51 cs=0 l=1 rev1=1 crypto rx=0x7fb1e4009870 tx=0x7fb1e402eed0 comp rx=0 tx=0).stop
2026-02-12T03:52:21.670 INFO:teuthology.orchestra.run.trial008.stdout:/usr/bin/ceph: stderr
2026-02-12T03:52:21.437+0000 7fb1fe42c640 1 -- 10.20.193.8:0/2147978923 shutdown_connections
2026-02-12T03:52:21.670 INFO:teuthology.orchestra.run.trial008.stdout:/usr/bin/ceph: stderr
2026-02-12T03:52:21.437+0000 7fb1fe42c640 1 --2- 10.20.193.8:0/2147978923 >> [v2:10.20.193.8:3300/0,v1:10.20.193.8:6789/0] conn(0x7fb1f8065cc0 0x7fb1f8064320 unknown :-1 s=CLOSED pgs=51 cs=0 l=1 rev1=1 crypto rx=0 tx=0 comp rx=0 tx=0).stop
2026-02-12T03:52:21.670 INFO:teuthology.orchestra.run.trial008.stdout:/usr/bin/ceph: stderr
2026-02-12T03:52:21.437+0000 7fb1fe42c640 1 -- 10.20.193.8:0/2147978923 >> 10.20.193.8:0/2147978923 conn(0x7fb1f80eb6a0 msgr2=0x7fb1f810bab0 unknown :-1 s=STATE_NONE l=0).mark_down
2026-02-12T03:52:21.670 INFO:teuthology.orchestra.run.trial008.stdout:/usr/bin/ceph: stderr
2026-02-12T03:52:21.437+0000 7fb1fe42c640 1 -- 10.20.193.8:0/2147978923 shutdown_connections
2026-02-12T03:52:21.671 INFO:teuthology.orchestra.run.trial008.stdout:/usr/bin/ceph: stderr
2026-02-12T03:52:21.437+0000 7fb1fe42c640 1 -- 10.20.193.8:0/2147978923 wait complete.
2026-02-12T03:52:21.671 INFO:teuthology.orchestra.run.trial008.stdout:/usr/bin/ceph: stderr
2026-02-12T03:52:21.437+0000 7fb1fe42c640 1 Processor -- start
2026-02-12T03:52:21.671 INFO:teuthology.orchestra.run.trial008.stdout:/usr/bin/ceph: stderr
2026-02-12T03:52:21.437+0000 7fb1fe42c640 1 -- start start
2026-02-12T03:52:21.671 INFO:teuthology.orchestra.run.trial008.stdout:/usr/bin/ceph: stderr
2026-02-12T03:52:21.437+0000 7fb1fe42c640 1 --2- >> [v2:10.20.193.8:3300/0,v1:10.20.193.8:6789/0] conn(0x7fb1f8065cc0 0x7fb1f811edb0 unknown :-1 s=NONE pgs=0 cs=0 l=1 rev1=0 crypto rx=0 tx=0 comp rx=0 tx=0).connect
2026-02-12T03:52:21.671 INFO:teuthology.orchestra.run.trial008.stdout:/usr/bin/ceph: stderr
2026-02-12T03:52:21.437+0000 7fb1fe42c640 1 -- --> [v2:10.20.193.8:3300/0,v1:10.20.193.8:6789/0] -- mon_getmap magic: 0 -- 0x7fb1f81326a0 con 0x7fb1f8065cc0
2026-02-12T03:52:21.671 INFO:teuthology.orchestra.run.trial008.stdout:/usr/bin/ceph: stderr
2026-02-12T03:52:21.437+0000 7fb1f7fff640 1 --2- >> [v2:10.20.193.8:3300/0,v1:10.20.193.8:6789/0] conn(0x7fb1f8065cc0 0x7fb1f811edb0 unknown :-1 s=BANNER_CONNECTING pgs=0 cs=0 l=1 rev1=0 crypto rx=0 tx=0 comp rx=0 tx=0)._handle_peer_banner_payload supported=3 required=0
2026-02-12T03:52:21.671 INFO:teuthology.orchestra.run.trial008.stdout:/usr/bin/ceph: stderr
2026-02-12T03:52:21.437+0000 7fb1f7fff640 1 --2- >> [v2:10.20.193.8:3300/0,v1:10.20.193.8:6789/0] conn(0x7fb1f8065cc0 0x7fb1f811edb0 unknown :-1 s=HELLO_CONNECTING pgs=0 cs=0 l=1 rev1=1 crypto rx=0 tx=0 comp rx=0 tx=0).handle_hello peer v2:10.20.193.8:3300/0 says I am v2:10.20.193.8:36974/0 (socket says 10.20.193.8:36974)
2026-02-12T03:52:21.671 INFO:teuthology.orchestra.run.trial008.stdout:/usr/bin/ceph: stderr
2026-02-12T03:52:21.437+0000 7fb1f7fff640 1 -- 10.20.193.8:0/1343255852 learned_addr learned my addr 10.20.193.8:0/1343255852 (peer_addr_for_me v2:10.20.193.8:0/0)
2026-02-12T03:52:21.671 INFO:teuthology.orchestra.run.trial008.stdout:/usr/bin/ceph: stderr
2026-02-12T03:52:21.438+0000 7fb1f7fff640 1 -- 10.20.193.8:0/1343255852 --> [v2:10.20.193.8:3300/0,v1:10.20.193.8:6789/0] -- mon_subscribe({config=0+,monmap=0+}) -- 0x7fb1f811f310 con 0x7fb1f8065cc0
2026-02-12T03:52:21.671 INFO:teuthology.orchestra.run.trial008.stdout:/usr/bin/ceph: stderr
2026-02-12T03:52:21.438+0000 7fb1f7fff640 1 --2- 10.20.193.8:0/1343255852 >> [v2:10.20.193.8:3300/0,v1:10.20.193.8:6789/0] conn(0x7fb1f8065cc0 0x7fb1f811edb0 secure :-1 s=READY pgs=52 cs=0 l=1 rev1=1 crypto rx=0x7fb1e4002400 tx=0x7fb1e4035f80 comp rx=0 tx=0).ready entity=mon.0 client_cookie=0 server_cookie=0 in_seq=0 out_seq=0
2026-02-12T03:52:21.671 INFO:teuthology.orchestra.run.trial008.stdout:/usr/bin/ceph: stderr
2026-02-12T03:52:21.438+0000 7fb1f57fa640 1 -- 10.20.193.8:0/1343255852 <== mon.0 v2:10.20.193.8:3300/0 1 ==== mon_map magic: 0 ==== 205+0+0 (secure 0 0 0) 0x7fb1e403c070 con 0x7fb1f8065cc0
2026-02-12T03:52:21.671 INFO:teuthology.orchestra.run.trial008.stdout:/usr/bin/ceph: stderr
2026-02-12T03:52:21.438+0000 7fb1fe42c640 1 -- 10.20.193.8:0/1343255852 --> [v2:10.20.193.8:3300/0,v1:10.20.193.8:6789/0] -- mon_subscribe({mgrmap=0+}) -- 0x7fb1f811f5a0 con 0x7fb1f8065cc0
2026-02-12T03:52:21.672 INFO:teuthology.orchestra.run.trial008.stdout:/usr/bin/ceph: stderr
2026-02-12T03:52:21.438+0000 7fb1f57fa640 1 -- 10.20.193.8:0/1343255852 <== mon.0 v2:10.20.193.8:3300/0 2 ==== config(25 keys) ==== 1037+0+0 (secure 0 0 0) 0x7fb1e402fdd0 con 0x7fb1f8065cc0
2026-02-12T03:52:21.672 INFO:teuthology.orchestra.run.trial008.stdout:/usr/bin/ceph: stderr
2026-02-12T03:52:21.438+0000 7fb1f57fa640 1 -- 10.20.193.8:0/1343255852 <== mon.0 v2:10.20.193.8:3300/0 3 ==== mon_map magic: 0 ==== 205+0+0 (secure 0 0 0) 0x7fb1e4003890 con 0x7fb1f8065cc0
2026-02-12T03:52:21.672 INFO:teuthology.orchestra.run.trial008.stdout:/usr/bin/ceph: stderr
2026-02-12T03:52:21.438+0000 7fb1fe42c640 1 -- 10.20.193.8:0/1343255852 --> [v2:10.20.193.8:3300/0,v1:10.20.193.8:6789/0] -- mon_subscribe({osdmap=0}) -- 0x7fb1f811ff60 con 0x7fb1f8065cc0
2026-02-12T03:52:21.672 INFO:teuthology.orchestra.run.trial008.stdout:/usr/bin/ceph: stderr
2026-02-12T03:52:21.438+0000 7fb1fe42c640 1 -- 10.20.193.8:0/1343255852 --> [v2:10.20.193.8:3300/0,v1:10.20.193.8:6789/0] -- mon_command({"prefix": "get_command_descriptions"} v 0) -- 0x7fb1f8064320 con 0x7fb1f8065cc0
2026-02-12T03:52:21.672 INFO:teuthology.orchestra.run.trial008.stdout:/usr/bin/ceph: stderr
2026-02-12T03:52:21.439+0000 7fb1f57fa640 1 -- 10.20.193.8:0/1343255852 <== mon.0 v2:10.20.193.8:3300/0 4 ==== mgrmap(e 8) ==== 51997+0+0 (secure 0 0 0) 0x7fb1e402f960 con 0x7fb1f8065cc0
2026-02-12T03:52:21.672 INFO:teuthology.orchestra.run.trial008.stdout:/usr/bin/ceph: stderr
2026-02-12T03:52:21.439+0000 7fb1f57fa640 20 mgrc handle_mgr_map mgrmap(e 8)
2026-02-12T03:52:21.672 INFO:teuthology.orchestra.run.trial008.stdout:/usr/bin/ceph: stderr
2026-02-12T03:52:21.439+0000 7fb1f57fa640 4 mgrc handle_mgr_map Got map version 8
2026-02-12T03:52:21.672 INFO:teuthology.orchestra.run.trial008.stdout:/usr/bin/ceph: stderr
2026-02-12T03:52:21.439+0000 7fb1f57fa640 4 mgrc handle_mgr_map Active mgr is now [v2:10.20.193.8:6800/1670982829,v1:10.20.193.8:6801/1670982829]
2026-02-12T03:52:21.672 INFO:teuthology.orchestra.run.trial008.stdout:/usr/bin/ceph: stderr
2026-02-12T03:52:21.439+0000 7fb1f57fa640 4 mgrc reconnect Starting new session with [v2:10.20.193.8:6800/1670982829,v1:10.20.193.8:6801/1670982829]
2026-02-12T03:52:21.672 INFO:teuthology.orchestra.run.trial008.stdout:/usr/bin/ceph: stderr
2026-02-12T03:52:21.439+0000 7fb1f57fa640 1 --2- 10.20.193.8:0/1343255852 >> [v2:10.20.193.8:6800/1670982829,v1:10.20.193.8:6801/1670982829] conn(0x7fb1cc03ec60 0x7fb1cc05f110 unknown :-1 s=NONE pgs=0 cs=0 l=1 rev1=0 crypto rx=0 tx=0 comp rx=0 tx=0).connect
2026-02-12T03:52:21.672 INFO:teuthology.orchestra.run.trial008.stdout:/usr/bin/ceph: stderr
2026-02-12T03:52:21.439+0000 7fb1f57fa640 1 -- 10.20.193.8:0/1343255852 <== mon.0 v2:10.20.193.8:3300/0 5 ==== osd_map(2..2 src has 1..2) ==== 935+0+0 (secure 0 0 0) 0x7fb1e4077e70 con 0x7fb1f8065cc0
2026-02-12T03:52:21.672 INFO:teuthology.orchestra.run.trial008.stdout:/usr/bin/ceph: stderr
2026-02-12T03:52:21.439+0000 7fb1f77fe640 1 --2- 10.20.193.8:0/1343255852 >> [v2:10.20.193.8:6800/1670982829,v1:10.20.193.8:6801/1670982829] conn(0x7fb1cc03ec60 0x7fb1cc05f110 unknown :-1 s=BANNER_CONNECTING pgs=0 cs=0 l=1 rev1=0 crypto rx=0 tx=0 comp rx=0 tx=0)._handle_peer_banner_payload supported=3 required=0
2026-02-12T03:52:21.673 INFO:teuthology.orchestra.run.trial008.stdout:/usr/bin/ceph: stderr
2026-02-12T03:52:21.439+0000 7fb1f77fe640 1 --2- 10.20.193.8:0/1343255852 >> [v2:10.20.193.8:6800/1670982829,v1:10.20.193.8:6801/1670982829] conn(0x7fb1cc03ec60 0x7fb1cc05f110 secure :-1 s=READY pgs=15 cs=0 l=1 rev1=1 crypto rx=0x7fb1e8004770 tx=0x7fb1e8006e90 comp rx=0 tx=0).ready entity=mgr.14118 client_cookie=0 server_cookie=0 in_seq=0 out_seq=0
2026-02-12T03:52:21.673 INFO:teuthology.orchestra.run.trial008.stdout:/usr/bin/ceph: stderr
2026-02-12T03:52:21.441+0000 7fb1f57fa640 1 -- 10.20.193.8:0/1343255852 <== mon.0 v2:10.20.193.8:3300/0 6 ==== mon_command_ack([{"prefix": "get_command_descriptions"}]=0 v0) ==== 72+0+232485 (secure 0 0 0) 0x7fb1e4044420 con 0x7fb1f8065cc0
2026-02-12T03:52:21.673 INFO:teuthology.orchestra.run.trial008.stdout:/usr/bin/ceph: stderr
2026-02-12T03:52:21.550+0000 7fb1fe42c640 1 -- 10.20.193.8:0/1343255852 --> [v2:10.20.193.8:3300/0,v1:10.20.193.8:6789/0] -- mon_command([{prefix=config set, name=mgr/cephadm/container_init}] v 0) -- 0x7fb1f8117f70 con 0x7fb1f8065cc0
2026-02-12T03:52:21.673 INFO:teuthology.orchestra.run.trial008.stdout:/usr/bin/ceph: stderr
2026-02-12T03:52:21.552+0000 7fb1f57fa640 1 -- 10.20.193.8:0/1343255852 <== mon.0 v2:10.20.193.8:3300/0 7 ==== mon_command_ack([{prefix=config set, name=mgr/cephadm/container_init}]=0 v7)=0 v7) ==== 142+0+0 (secure 0 0 0) 0x7fb1e40441c0 con 0x7fb1f8065cc0
2026-02-12T03:52:21.673 INFO:teuthology.orchestra.run.trial008.stdout:/usr/bin/ceph: stderr
2026-02-12T03:52:21.554+0000 7fb1fe42c640 10 mgrc shutdown
2026-02-12T03:52:21.673 INFO:teuthology.orchestra.run.trial008.stdout:/usr/bin/ceph: stderr
2026-02-12T03:52:21.554+0000 7fb1fe42c640 1 -- 10.20.193.8:0/1343255852 >> [v2:10.20.193.8:6800/1670982829,v1:10.20.193.8:6801/1670982829] conn(0x7fb1cc03ec60 msgr2=0x7fb1cc05f110 secure :-1 s=STATE_CONNECTION_ESTABLISHED l=1).mark_down
2026-02-12T03:52:21.673 INFO:teuthology.orchestra.run.trial008.stdout:/usr/bin/ceph: stderr
2026-02-12T03:52:21.554+0000 7fb1fe42c640 1 --2- 10.20.193.8:0/1343255852 >> [v2:10.20.193.8:6800/1670982829,v1:10.20.193.8:6801/1670982829] conn(0x7fb1cc03ec60 0x7fb1cc05f110 secure :-1 s=READY pgs=15 cs=0 l=1 rev1=1 crypto rx=0x7fb1e8004770 tx=0x7fb1e8006e90 comp rx=0 tx=0).stop
2026-02-12T03:52:21.673 INFO:teuthology.orchestra.run.trial008.stdout:/usr/bin/ceph: stderr
2026-02-12T03:52:21.554+0000 7fb1fe42c640 1 -- 10.20.193.8:0/1343255852 >> [v2:10.20.193.8:3300/0,v1:10.20.193.8:6789/0] conn(0x7fb1f8065cc0 msgr2=0x7fb1f811edb0 secure :-1 s=STATE_CONNECTION_ESTABLISHED l=1).mark_down
2026-02-12T03:52:21.673 INFO:teuthology.orchestra.run.trial008.stdout:/usr/bin/ceph: stderr
2026-02-12T03:52:21.554+0000 7fb1fe42c640 1 --2- 10.20.193.8:0/1343255852 >> [v2:10.20.193.8:3300/0,v1:10.20.193.8:6789/0] conn(0x7fb1f8065cc0 0x7fb1f811edb0 secure :-1 s=READY pgs=52 cs=0 l=1 rev1=1 crypto rx=0x7fb1e4002400 tx=0x7fb1e4035f80 comp rx=0 tx=0).stop
2026-02-12T03:52:21.673 INFO:teuthology.orchestra.run.trial008.stdout:/usr/bin/ceph: stderr
2026-02-12T03:52:21.554+0000 7fb1fe42c640 1 -- 10.20.193.8:0/1343255852 shutdown_connections
2026-02-12T03:52:21.673 INFO:teuthology.orchestra.run.trial008.stdout:/usr/bin/ceph: stderr
2026-02-12T03:52:21.554+0000 7fb1fe42c640 1 --2- 10.20.193.8:0/1343255852 >> [v2:10.20.193.8:6800/1670982829,v1:10.20.193.8:6801/1670982829] conn(0x7fb1cc03ec60 0x7fb1cc05f110 unknown :-1 s=CLOSED pgs=15 cs=0 l=1 rev1=1 crypto rx=0 tx=0 comp rx=0 tx=0).stop
2026-02-12T03:52:21.673 INFO:teuthology.orchestra.run.trial008.stdout:/usr/bin/ceph: stderr
2026-02-12T03:52:21.554+0000 7fb1fe42c640 1 --2- 10.20.193.8:0/1343255852 >> [v2:10.20.193.8:3300/0,v1:10.20.193.8:6789/0] conn(0x7fb1f8065cc0 0x7fb1f811edb0 unknown :-1 s=CLOSED pgs=52 cs=0 l=1 rev1=1 crypto rx=0 tx=0 comp rx=0 tx=0).stop
2026-02-12T03:52:21.673 INFO:teuthology.orchestra.run.trial008.stdout:/usr/bin/ceph: stderr
2026-02-12T03:52:21.554+0000 7fb1fe42c640 1 -- 10.20.193.8:0/1343255852 >> 10.20.193.8:0/1343255852 conn(0x7fb1f80eb6a0 msgr2=0x7fb1f810ba80 unknown :-1 s=STATE_NONE l=0).mark_down
2026-02-12T03:52:21.674 INFO:teuthology.orchestra.run.trial008.stdout:/usr/bin/ceph: stderr
2026-02-12T03:52:21.554+0000 7fb1fe42c640 1 -- 10.20.193.8:0/1343255852 shutdown_connections
2026-02-12T03:52:21.674 INFO:teuthology.orchestra.run.trial008.stdout:/usr/bin/ceph: stderr
2026-02-12T03:52:21.554+0000 7fb1fe42c640 1 -- 10.20.193.8:0/1343255852 wait complete.
2026-02-12T03:52:21.916 INFO:teuthology.orchestra.run.trial008.stdout:/usr/bin/ceph: stderr
2026-02-12T03:52:21.770+0000 7f87082bd640 1 Processor -- start
2026-02-12T03:52:21.916 INFO:teuthology.orchestra.run.trial008.stdout:/usr/bin/ceph: stderr
2026-02-12T03:52:21.770+0000 7f87082bd640 1 -- start start
2026-02-12T03:52:21.916 INFO:teuthology.orchestra.run.trial008.stdout:/usr/bin/ceph: stderr
2026-02-12T03:52:21.770+0000 7f87082bd640 1 --2- >> [v2:10.20.193.8:3300/0,v1:10.20.193.8:6789/0] conn(0x7f8700110260 0x7f8700110650 unknown :-1 s=NONE pgs=0 cs=0 l=0 rev1=0 crypto rx=0 tx=0 comp rx=0 tx=0).connect
2026-02-12T03:52:21.916 INFO:teuthology.orchestra.run.trial008.stdout:/usr/bin/ceph: stderr
2026-02-12T03:52:21.770+0000 7f87082bd640 1 -- --> [v2:10.20.193.8:3300/0,v1:10.20.193.8:6789/0] -- mon_getmap magic: 0 -- 0x7f8700110c40 con 0x7f8700110260
2026-02-12T03:52:21.917 INFO:teuthology.orchestra.run.trial008.stdout:/usr/bin/ceph: stderr
2026-02-12T03:52:21.770+0000 7f8706032640 1 --2- >> [v2:10.20.193.8:3300/0,v1:10.20.193.8:6789/0] conn(0x7f8700110260 0x7f8700110650 unknown :-1 s=BANNER_CONNECTING pgs=0 cs=0 l=0 rev1=0 crypto rx=0 tx=0 comp rx=0 tx=0)._handle_peer_banner_payload supported=3 required=0
2026-02-12T03:52:21.917 INFO:teuthology.orchestra.run.trial008.stdout:/usr/bin/ceph: stderr
2026-02-12T03:52:21.770+0000 7f8706032640 1 --2- >> [v2:10.20.193.8:3300/0,v1:10.20.193.8:6789/0] conn(0x7f8700110260 0x7f8700110650 unknown :-1 s=HELLO_CONNECTING pgs=0 cs=0 l=0 rev1=1 crypto rx=0 tx=0 comp rx=0 tx=0).handle_hello peer v2:10.20.193.8:3300/0 says I am v2:10.20.193.8:36982/0 (socket says 10.20.193.8:36982)
2026-02-12T03:52:21.917 INFO:teuthology.orchestra.run.trial008.stdout:/usr/bin/ceph: stderr
2026-02-12T03:52:21.770+0000 7f8706032640 1 -- 10.20.193.8:0/2096643935 learned_addr learned my addr 10.20.193.8:0/2096643935 (peer_addr_for_me v2:10.20.193.8:0/0)
2026-02-12T03:52:21.917 INFO:teuthology.orchestra.run.trial008.stdout:/usr/bin/ceph: stderr
2026-02-12T03:52:21.770+0000 7f8706032640 1 -- 10.20.193.8:0/2096643935 --> [v2:10.20.193.8:3300/0,v1:10.20.193.8:6789/0] -- mon_subscribe({config=0+,monmap=0+}) -- 0x7f8700110dc0 con 0x7f8700110260
2026-02-12T03:52:21.917 INFO:teuthology.orchestra.run.trial008.stdout:/usr/bin/ceph: stderr
2026-02-12T03:52:21.771+0000 7f8706032640 1 --2- 10.20.193.8:0/2096643935 >> [v2:10.20.193.8:3300/0,v1:10.20.193.8:6789/0] conn(0x7f8700110260 0x7f8700110650 secure :-1 s=READY pgs=53 cs=0 l=1 rev1=1 crypto rx=0x7f86f0009870 tx=0x7f86f002eed0 comp rx=0 tx=0).ready entity=mon.0 client_cookie=8748e7cce9b33e92 server_cookie=0 in_seq=0 out_seq=0
2026-02-12T03:52:21.917 INFO:teuthology.orchestra.run.trial008.stdout:/usr/bin/ceph: stderr
2026-02-12T03:52:21.771+0000 7f8705030640 1 -- 10.20.193.8:0/2096643935 <== mon.0 v2:10.20.193.8:3300/0 1 ==== mon_map magic: 0 ==== 205+0+0 (secure 0 0 0) 0x7f86f003c070 con 0x7f8700110260
2026-02-12T03:52:21.917 INFO:teuthology.orchestra.run.trial008.stdout:/usr/bin/ceph: stderr
2026-02-12T03:52:21.771+0000 7f8705030640 1 -- 10.20.193.8:0/2096643935 <== mon.0 v2:10.20.193.8:3300/0 2 ==== config(25 keys) ==== 1037+0+0 (secure 0 0 0) 0x7f86f0037440 con 0x7f8700110260
2026-02-12T03:52:21.917 INFO:teuthology.orchestra.run.trial008.stdout:/usr/bin/ceph: stderr
2026-02-12T03:52:21.771+0000 7f8705030640 1 -- 10.20.193.8:0/2096643935 <== mon.0 v2:10.20.193.8:3300/0 3 ==== mon_map magic: 0 ==== 205+0+0 (secure 0 0 0) 0x7f86f00354d0 con 0x7f8700110260
2026-02-12T03:52:21.917 INFO:teuthology.orchestra.run.trial008.stdout:/usr/bin/ceph: stderr
2026-02-12T03:52:21.771+0000 7f87082bd640 1 -- 10.20.193.8:0/2096643935 >> [v2:10.20.193.8:3300/0,v1:10.20.193.8:6789/0] conn(0x7f8700110260 msgr2=0x7f8700110650 secure :-1 s=STATE_CONNECTION_ESTABLISHED l=1).mark_down
2026-02-12T03:52:21.917 INFO:teuthology.orchestra.run.trial008.stdout:/usr/bin/ceph: stderr
2026-02-12T03:52:21.771+0000 7f87082bd640 1 --2- 10.20.193.8:0/2096643935 >> [v2:10.20.193.8:3300/0,v1:10.20.193.8:6789/0] conn(0x7f8700110260 0x7f8700110650 secure :-1 s=READY pgs=53 cs=0 l=1 rev1=1 crypto rx=0x7f86f0009870 tx=0x7f86f002eed0 comp rx=0 tx=0).stop
2026-02-12T03:52:21.917 INFO:teuthology.orchestra.run.trial008.stdout:/usr/bin/ceph: stderr
2026-02-12T03:52:21.771+0000 7f87082bd640 1 -- 10.20.193.8:0/2096643935 shutdown_connections
2026-02-12T03:52:21.917 INFO:teuthology.orchestra.run.trial008.stdout:/usr/bin/ceph: stderr
2026-02-12T03:52:21.771+0000 7f87082bd640 1 --2- 10.20.193.8:0/2096643935 >> [v2:10.20.193.8:3300/0,v1:10.20.193.8:6789/0] conn(0x7f8700110260 0x7f8700110650 unknown :-1 s=CLOSED pgs=53 cs=0 l=1 rev1=1 crypto rx=0 tx=0 comp rx=0 tx=0).stop
2026-02-12T03:52:21.918 INFO:teuthology.orchestra.run.trial008.stdout:/usr/bin/ceph: stderr
2026-02-12T03:52:21.771+0000 7f87082bd640 1 -- 10.20.193.8:0/2096643935 >> 10.20.193.8:0/2096643935 conn(0x7f87000656a0 msgr2=0x7f8700065aa0 unknown :-1 s=STATE_NONE l=0).mark_down
2026-02-12T03:52:21.918 INFO:teuthology.orchestra.run.trial008.stdout:/usr/bin/ceph: stderr
2026-02-12T03:52:21.771+0000 7f87082bd640 1 -- 10.20.193.8:0/2096643935 shutdown_connections
2026-02-12T03:52:21.918 INFO:teuthology.orchestra.run.trial008.stdout:/usr/bin/ceph: stderr
2026-02-12T03:52:21.771+0000 7f87082bd640 1 -- 10.20.193.8:0/2096643935 wait complete.
2026-02-12T03:52:21.918 INFO:teuthology.orchestra.run.trial008.stdout:/usr/bin/ceph: stderr
2026-02-12T03:52:21.772+0000 7f87082bd640 1 Processor -- start
2026-02-12T03:52:21.918 INFO:teuthology.orchestra.run.trial008.stdout:/usr/bin/ceph: stderr
2026-02-12T03:52:21.772+0000 7f87082bd640 1 -- start start
2026-02-12T03:52:21.918 INFO:teuthology.orchestra.run.trial008.stdout:/usr/bin/ceph: stderr
2026-02-12T03:52:21.772+0000 7f87082bd640 1 --2- >> [v2:10.20.193.8:3300/0,v1:10.20.193.8:6789/0] conn(0x7f8700110260 0x7f870011f420 unknown :-1 s=NONE pgs=0 cs=0 l=1 rev1=0 crypto rx=0 tx=0 comp rx=0 tx=0).connect
2026-02-12T03:52:21.918 INFO:teuthology.orchestra.run.trial008.stdout:/usr/bin/ceph: stderr
2026-02-12T03:52:21.772+0000 7f87082bd640 1 -- --> [v2:10.20.193.8:3300/0,v1:10.20.193.8:6789/0] -- mon_getmap magic: 0 -- 0x7f87001326e0 con 0x7f8700110260
2026-02-12T03:52:21.918 INFO:teuthology.orchestra.run.trial008.stdout:/usr/bin/ceph: stderr
2026-02-12T03:52:21.772+0000 7f8706032640 1 --2- >> [v2:10.20.193.8:3300/0,v1:10.20.193.8:6789/0] conn(0x7f8700110260 0x7f870011f420 unknown :-1 s=BANNER_CONNECTING pgs=0 cs=0 l=1 rev1=0 crypto rx=0 tx=0 comp rx=0 tx=0)._handle_peer_banner_payload supported=3 required=0
2026-02-12T03:52:21.918 INFO:teuthology.orchestra.run.trial008.stdout:/usr/bin/ceph: stderr
2026-02-12T03:52:21.772+0000 7f8706032640 1 --2- >> [v2:10.20.193.8:3300/0,v1:10.20.193.8:6789/0] conn(0x7f8700110260 0x7f870011f420 unknown :-1 s=HELLO_CONNECTING pgs=0 cs=0 l=1 rev1=1 crypto rx=0 tx=0 comp rx=0 tx=0).handle_hello peer v2:10.20.193.8:3300/0 says I am v2:10.20.193.8:36998/0 (socket says 10.20.193.8:36998)
2026-02-12T03:52:21.918 INFO:teuthology.orchestra.run.trial008.stdout:/usr/bin/ceph: stderr
2026-02-12T03:52:21.772+0000 7f8706032640 1 -- 10.20.193.8:0/3173731899 learned_addr learned my addr 10.20.193.8:0/3173731899 (peer_addr_for_me v2:10.20.193.8:0/0)
2026-02-12T03:52:21.918 INFO:teuthology.orchestra.run.trial008.stdout:/usr/bin/ceph: stderr
2026-02-12T03:52:21.772+0000 7f8706032640 1 -- 10.20.193.8:0/3173731899 --> [v2:10.20.193.8:3300/0,v1:10.20.193.8:6789/0] -- mon_subscribe({config=0+,monmap=0+}) -- 0x7f870011f980 con 0x7f8700110260
2026-02-12T03:52:21.919 INFO:teuthology.orchestra.run.trial008.stdout:/usr/bin/ceph: stderr
2026-02-12T03:52:21.772+0000 7f8706032640 1 --2- 10.20.193.8:0/3173731899 >> [v2:10.20.193.8:3300/0,v1:10.20.193.8:6789/0] conn(0x7f8700110260 0x7f870011f420 secure :-1 s=READY pgs=54 cs=0 l=1 rev1=1 crypto rx=0x7f86f0037ce0 tx=0x7f86f0004750 comp rx=0 tx=0).ready entity=mon.0 client_cookie=0 server_cookie=0 in_seq=0 out_seq=0
2026-02-12T03:52:21.919 INFO:teuthology.orchestra.run.trial008.stdout:/usr/bin/ceph: stderr
2026-02-12T03:52:21.772+0000 7f86e77fe640 1 -- 10.20.193.8:0/3173731899 <== mon.0 v2:10.20.193.8:3300/0 1 ==== mon_map magic: 0 ==== 205+0+0 (secure 0 0 0) 0x7f86f003c070 con 0x7f8700110260
2026-02-12T03:52:21.919 INFO:teuthology.orchestra.run.trial008.stdout:/usr/bin/ceph: stderr
2026-02-12T03:52:21.772+0000 7f86e77fe640 1 -- 10.20.193.8:0/3173731899 <== mon.0 v2:10.20.193.8:3300/0 2 ==== config(25 keys) ==== 1037+0+0 (secure 0 0 0) 0x7f86f002fdd0 con 0x7f8700110260
2026-02-12T03:52:21.919 INFO:teuthology.orchestra.run.trial008.stdout:/usr/bin/ceph: stderr
2026-02-12T03:52:21.772+0000 7f87082bd640 1 -- 10.20.193.8:0/3173731899 --> [v2:10.20.193.8:3300/0,v1:10.20.193.8:6789/0] -- mon_subscribe({mgrmap=0+}) -- 0x7f870011fc10 con 0x7f8700110260
2026-02-12T03:52:21.919 INFO:teuthology.orchestra.run.trial008.stdout:/usr/bin/ceph: stderr
2026-02-12T03:52:21.772+0000 7f86e77fe640 1 -- 10.20.193.8:0/3173731899 <== mon.0 v2:10.20.193.8:3300/0 3 ==== mon_map magic: 0 ==== 205+0+0 (secure 0 0 0) 0x7f86f0003890 con 0x7f8700110260
2026-02-12T03:52:21.919 INFO:teuthology.orchestra.run.trial008.stdout:/usr/bin/ceph: stderr
2026-02-12T03:52:21.772+0000 7f87082bd640 1 -- 10.20.193.8:0/3173731899 --> [v2:10.20.193.8:3300/0,v1:10.20.193.8:6789/0] -- mon_subscribe({osdmap=0}) -- 0x7f87001205d0 con 0x7f8700110260
2026-02-12T03:52:21.919 INFO:teuthology.orchestra.run.trial008.stdout:/usr/bin/ceph: stderr
2026-02-12T03:52:21.773+0000 7f86e77fe640 1 -- 10.20.193.8:0/3173731899 <== mon.0 v2:10.20.193.8:3300/0 4 ==== mgrmap(e 8) ==== 51997+0+0 (secure 0 0 0) 0x7f86f002f960 con 0x7f8700110260
2026-02-12T03:52:21.919 INFO:teuthology.orchestra.run.trial008.stdout:/usr/bin/ceph: stderr
2026-02-12T03:52:21.773+0000 7f86e77fe640 20 mgrc handle_mgr_map mgrmap(e 8)
2026-02-12T03:52:21.919 INFO:teuthology.orchestra.run.trial008.stdout:/usr/bin/ceph: stderr
2026-02-12T03:52:21.773+0000 7f87082bd640 1 -- 10.20.193.8:0/3173731899 --> [v2:10.20.193.8:3300/0,v1:10.20.193.8:6789/0] -- mon_command({"prefix": "get_command_descriptions"} v 0) -- 0x7f8700110630 con 0x7f8700110260
2026-02-12T03:52:21.919 INFO:teuthology.orchestra.run.trial008.stdout:/usr/bin/ceph: stderr
2026-02-12T03:52:21.773+0000 7f86e77fe640 4 mgrc handle_mgr_map Got map version 8
2026-02-12T03:52:21.919 INFO:teuthology.orchestra.run.trial008.stdout:/usr/bin/ceph: stderr
2026-02-12T03:52:21.773+0000 7f86e77fe640 4 mgrc handle_mgr_map Active mgr is now [v2:10.20.193.8:6800/1670982829,v1:10.20.193.8:6801/1670982829]
2026-02-12T03:52:21.920 INFO:teuthology.orchestra.run.trial008.stdout:/usr/bin/ceph: stderr
2026-02-12T03:52:21.773+0000 7f86e77fe640 4 mgrc reconnect Starting new session with [v2:10.20.193.8:6800/1670982829,v1:10.20.193.8:6801/1670982829]
2026-02-12T03:52:21.920 INFO:teuthology.orchestra.run.trial008.stdout:/usr/bin/ceph: stderr
2026-02-12T03:52:21.773+0000 7f86e77fe640 1 --2- 10.20.193.8:0/3173731899 >> [v2:10.20.193.8:6800/1670982829,v1:10.20.193.8:6801/1670982829] conn(0x7f86dc03ec60 0x7f86dc05f110 unknown :-1 s=NONE pgs=0 cs=0 l=1 rev1=0 crypto rx=0 tx=0 comp rx=0 tx=0).connect
2026-02-12T03:52:21.920 INFO:teuthology.orchestra.run.trial008.stdout:/usr/bin/ceph: stderr
2026-02-12T03:52:21.773+0000 7f86e77fe640 1 -- 10.20.193.8:0/3173731899 <== mon.0 v2:10.20.193.8:3300/0 5 ==== osd_map(2..2 src has 1..2) ==== 935+0+0 (secure 0 0 0) 0x7f86f0077f00 con 0x7f8700110260
2026-02-12T03:52:21.920 INFO:teuthology.orchestra.run.trial008.stdout:/usr/bin/ceph: stderr
2026-02-12T03:52:21.773+0000 7f8705831640 1 --2- 10.20.193.8:0/3173731899 >> [v2:10.20.193.8:6800/1670982829,v1:10.20.193.8:6801/1670982829] conn(0x7f86dc03ec60 0x7f86dc05f110 unknown :-1 s=BANNER_CONNECTING pgs=0 cs=0 l=1 rev1=0 crypto rx=0 tx=0 comp rx=0 tx=0)._handle_peer_banner_payload supported=3 required=0
2026-02-12T03:52:21.920 INFO:teuthology.orchestra.run.trial008.stdout:/usr/bin/ceph: stderr
2026-02-12T03:52:21.774+0000 7f8705831640 1 --2- 10.20.193.8:0/3173731899 >> [v2:10.20.193.8:6800/1670982829,v1:10.20.193.8:6801/1670982829] conn(0x7f86dc03ec60 0x7f86dc05f110 secure :-1 s=READY pgs=16 cs=0 l=1 rev1=1 crypto rx=0x7f86f4004770 tx=0x7f86f4006e90 comp rx=0 tx=0).ready entity=mgr.14118 client_cookie=0 server_cookie=0 in_seq=0 out_seq=0
2026-02-12T03:52:21.920 INFO:teuthology.orchestra.run.trial008.stdout:/usr/bin/ceph: stderr
2026-02-12T03:52:21.776+0000 7f86e77fe640 1 -- 10.20.193.8:0/3173731899 <== mon.0 v2:10.20.193.8:3300/0 6 ==== mon_command_ack([{"prefix": "get_command_descriptions"}]=0 v0) ==== 72+0+232485 (secure 0 0 0) 0x7f86f0044420 con 0x7f8700110260
2026-02-12T03:52:21.920 INFO:teuthology.orchestra.run.trial008.stdout:/usr/bin/ceph: stderr
2026-02-12T03:52:21.885+0000 7f87082bd640 1 -- 10.20.193.8:0/3173731899 --> [v2:10.20.193.8:3300/0,v1:10.20.193.8:6789/0] -- mon_command([{prefix=config set, name=mgr/dashboard/ssl_server_port}] v 0) -- 0x7f8700120c70 con 0x7f8700110260
2026-02-12T03:52:21.920 INFO:teuthology.orchestra.run.trial008.stdout:/usr/bin/ceph: stderr
2026-02-12T03:52:21.886+0000 7f86e77fe640 1 -- 10.20.193.8:0/3173731899 <== mon.0 v2:10.20.193.8:3300/0 7 ==== mon_command_ack([{prefix=config set, name=mgr/dashboard/ssl_server_port}]=0 v8)=0 v8) ==== 130+0+0 (secure 0 0 0) 0x7f86f00441c0 con 0x7f8700110260
2026-02-12T03:52:21.920 INFO:teuthology.orchestra.run.trial008.stdout:/usr/bin/ceph: stderr
2026-02-12T03:52:21.889+0000 7f87082bd640 10 mgrc shutdown
2026-02-12T03:52:21.920 INFO:teuthology.orchestra.run.trial008.stdout:/usr/bin/ceph: stderr
2026-02-12T03:52:21.889+0000 7f87082bd640 1 -- 10.20.193.8:0/3173731899 >> [v2:10.20.193.8:6800/1670982829,v1:10.20.193.8:6801/1670982829] conn(0x7f86dc03ec60 msgr2=0x7f86dc05f110 secure :-1 s=STATE_CONNECTION_ESTABLISHED l=1).mark_down
2026-02-12T03:52:21.920 INFO:teuthology.orchestra.run.trial008.stdout:/usr/bin/ceph: stderr
2026-02-12T03:52:21.889+0000 7f87082bd640 1 --2- 10.20.193.8:0/3173731899 >> [v2:10.20.193.8:6800/1670982829,v1:10.20.193.8:6801/1670982829] conn(0x7f86dc03ec60 0x7f86dc05f110 secure :-1 s=READY pgs=16 cs=0 l=1 rev1=1 crypto rx=0x7f86f4004770 tx=0x7f86f4006e90 comp rx=0 tx=0).stop
2026-02-12T03:52:21.921 INFO:teuthology.orchestra.run.trial008.stdout:/usr/bin/ceph: stderr
2026-02-12T03:52:21.889+0000 7f87082bd640 1 -- 10.20.193.8:0/3173731899 >> [v2:10.20.193.8:3300/0,v1:10.20.193.8:6789/0] conn(0x7f8700110260 msgr2=0x7f870011f420 secure :-1 s=STATE_CONNECTION_ESTABLISHED l=1).mark_down
2026-02-12T03:52:21.921 INFO:teuthology.orchestra.run.trial008.stdout:/usr/bin/ceph: stderr
2026-02-12T03:52:21.889+0000 7f87082bd640 1 --2- 10.20.193.8:0/3173731899 >> [v2:10.20.193.8:3300/0,v1:10.20.193.8:6789/0] conn(0x7f8700110260 0x7f870011f420 secure :-1 s=READY pgs=54 cs=0 l=1 rev1=1 crypto rx=0x7f86f0037ce0 tx=0x7f86f0004750 comp rx=0 tx=0).stop
2026-02-12T03:52:21.921 INFO:teuthology.orchestra.run.trial008.stdout:/usr/bin/ceph: stderr
2026-02-12T03:52:21.889+0000 7f87082bd640 1 -- 10.20.193.8:0/3173731899 shutdown_connections
2026-02-12T03:52:21.921 INFO:teuthology.orchestra.run.trial008.stdout:/usr/bin/ceph: stderr
2026-02-12T03:52:21.889+0000 7f87082bd640 1 --2- 10.20.193.8:0/3173731899 >> [v2:10.20.193.8:6800/1670982829,v1:10.20.193.8:6801/1670982829] conn(0x7f86dc03ec60 0x7f86dc05f110 unknown :-1 s=CLOSED pgs=16 cs=0 l=1 rev1=1 crypto rx=0 tx=0 comp rx=0 tx=0).stop
2026-02-12T03:52:21.921 INFO:teuthology.orchestra.run.trial008.stdout:/usr/bin/ceph: stderr
2026-02-12T03:52:21.889+0000 7f87082bd640 1 --2- 10.20.193.8:0/3173731899 >> [v2:10.20.193.8:3300/0,v1:10.20.193.8:6789/0] conn(0x7f8700110260 0x7f870011f420 unknown :-1 s=CLOSED pgs=54 cs=0 l=1 rev1=1 crypto rx=0 tx=0 comp rx=0 tx=0).stop
2026-02-12T03:52:21.921 INFO:teuthology.orchestra.run.trial008.stdout:/usr/bin/ceph: stderr
2026-02-12T03:52:21.889+0000 7f87082bd640 1 -- 10.20.193.8:0/3173731899 >> 10.20.193.8:0/3173731899 conn(0x7f87000656a0 msgr2=0x7f870010e690 unknown :-1 s=STATE_NONE l=0).mark_down
2026-02-12T03:52:21.921 INFO:teuthology.orchestra.run.trial008.stdout:/usr/bin/ceph: stderr
2026-02-12T03:52:21.889+0000 7f87082bd640 1 -- 10.20.193.8:0/3173731899 shutdown_connections
2026-02-12T03:52:21.921 INFO:teuthology.orchestra.run.trial008.stdout:/usr/bin/ceph: stderr
2026-02-12T03:52:21.889+0000 7f87082bd640 1 -- 10.20.193.8:0/3173731899 wait complete.
2026-02-12T03:52:21.921 INFO:teuthology.orchestra.run.trial008.stdout:Enabling the dashboard module...
2026-02-12T03:52:22.419 INFO:journalctl@ceph.mon.a.trial008.stdout:Feb 12 03:52:22 trial008 ceph-mon[20342]: Added host trial008
2026-02-12T03:52:22.420 INFO:journalctl@ceph.mon.a.trial008.stdout:Feb 12 03:52:22 trial008 ceph-mon[20342]: from='client.14142 -' entity='client.admin' cmd=[{"prefix": "orch apply", "service_type": "mon", "unmanaged": true, "target": ["mon-mgr", ""]}]: dispatch
2026-02-12T03:52:22.420 INFO:journalctl@ceph.mon.a.trial008.stdout:Feb 12 03:52:22 trial008 ceph-mon[20342]: Saving service mon spec with placement count:5
2026-02-12T03:52:22.420 INFO:journalctl@ceph.mon.a.trial008.stdout:Feb 12 03:52:22 trial008 ceph-mon[20342]: from='client.14144 -' entity='client.admin' cmd=[{"prefix": "orch apply", "service_type": "mgr", "unmanaged": true, "target": ["mon-mgr", ""]}]: dispatch
2026-02-12T03:52:22.420 INFO:journalctl@ceph.mon.a.trial008.stdout:Feb 12 03:52:22 trial008 ceph-mon[20342]: Saving service mgr spec with placement count:2
2026-02-12T03:52:22.420 INFO:journalctl@ceph.mon.a.trial008.stdout:Feb 12 03:52:22 trial008 ceph-mon[20342]: from='mgr.14118 10.20.193.8:0/3658372605' entity='mgr.a'
2026-02-12T03:52:22.420 INFO:journalctl@ceph.mon.a.trial008.stdout:Feb 12 03:52:22 trial008 ceph-mon[20342]: from='mgr.14118 10.20.193.8:0/3658372605' entity='mgr.a'
