2026-02-12T03:52:18.208+0000 7f46eb7fe640 1 -- 10.20.193.8:0/2765146300 <== mon.0 v2:10.20.193.8:3300/0 1 ==== mon_map magic: 0 ==== 205+0+0 (secure 0 0 0) 0x7f46f403c070 con 0x7f4704110260
2026-02-12T03:52:18.361 INFO:teuthology.orchestra.run.trial008.stdout:/usr/bin/ceph: stderr
2026-02-12T03:52:18.208+0000 7f46eb7fe640 1 -- 10.20.193.8:0/2765146300 <== mon.0 v2:10.20.193.8:3300/0 2 ==== config(25 keys) ==== 1006+0+0 (secure 0 0 0) 0x7f46f4004020 con 0x7f4704110260
2026-02-12T03:52:18.361 INFO:teuthology.orchestra.run.trial008.stdout:/usr/bin/ceph: stderr
2026-02-12T03:52:18.208+0000 7f470c49e640 1 -- 10.20.193.8:0/2765146300 --> [v2:10.20.193.8:3300/0,v1:10.20.193.8:6789/0] -- mon_subscribe({mgrmap=0+}) -- 0x7f470411fc10 con 0x7f4704110260
2026-02-12T03:52:18.361 INFO:teuthology.orchestra.run.trial008.stdout:/usr/bin/ceph: stderr
2026-02-12T03:52:18.208+0000 7f46eb7fe640 1 -- 10.20.193.8:0/2765146300 <== mon.0 v2:10.20.193.8:3300/0 3 ==== mon_map magic: 0 ==== 205+0+0 (secure 0 0 0) 0x7f46f4003870 con 0x7f4704110260
2026-02-12T03:52:18.361 INFO:teuthology.orchestra.run.trial008.stdout:/usr/bin/ceph: stderr
2026-02-12T03:52:18.208+0000 7f470c49e640 1 -- 10.20.193.8:0/2765146300 --> [v2:10.20.193.8:3300/0,v1:10.20.193.8:6789/0] -- mon_subscribe({osdmap=0}) -- 0x7f47041205d0 con 0x7f4704110260
2026-02-12T03:52:18.361 INFO:teuthology.orchestra.run.trial008.stdout:/usr/bin/ceph: stderr
2026-02-12T03:52:18.209+0000 7f470c49e640 1 -- 10.20.193.8:0/2765146300 --> [v2:10.20.193.8:3300/0,v1:10.20.193.8:6789/0] -- mon_command({"prefix": "get_command_descriptions"} v 0) -- 0x7f4704110630 con 0x7f4704110260
2026-02-12T03:52:18.361 INFO:teuthology.orchestra.run.trial008.stdout:/usr/bin/ceph: stderr
2026-02-12T03:52:18.209+0000 7f46eb7fe640 1 -- 10.20.193.8:0/2765146300 <== mon.0 v2:10.20.193.8:3300/0 4 ==== mgrmap(e 8) ==== 51997+0+0 (secure 0 0 0) 0x7f46f402fa90 con 0x7f4704110260
2026-02-12T03:52:18.361 INFO:teuthology.orchestra.run.trial008.stdout:/usr/bin/ceph: stderr
2026-02-12T03:52:18.209+0000 7f46eb7fe640 20 mgrc handle_mgr_map mgrmap(e 8)
2026-02-12T03:52:18.361 INFO:teuthology.orchestra.run.trial008.stdout:/usr/bin/ceph: stderr
2026-02-12T03:52:18.209+0000 7f46eb7fe640 4 mgrc handle_mgr_map Got map version 8
2026-02-12T03:52:18.361 INFO:teuthology.orchestra.run.trial008.stdout:/usr/bin/ceph: stderr
2026-02-12T03:52:18.209+0000 7f46eb7fe640 4 mgrc handle_mgr_map Active mgr is now [v2:10.20.193.8:6800/1670982829,v1:10.20.193.8:6801/1670982829]
2026-02-12T03:52:18.361 INFO:teuthology.orchestra.run.trial008.stdout:/usr/bin/ceph: stderr
2026-02-12T03:52:18.209+0000 7f46eb7fe640 4 mgrc reconnect Starting new session with [v2:10.20.193.8:6800/1670982829,v1:10.20.193.8:6801/1670982829]
2026-02-12T03:52:18.362 INFO:teuthology.orchestra.run.trial008.stdout:/usr/bin/ceph: stderr
2026-02-12T03:52:18.209+0000 7f46eb7fe640 1 --2- 10.20.193.8:0/2765146300 >> [v2:10.20.193.8:6800/1670982829,v1:10.20.193.8:6801/1670982829] conn(0x7f46e003ecb0 0x7f46e005f160 unknown :-1 s=NONE pgs=0 cs=0 l=1 rev1=0 crypto rx=0 tx=0 comp rx=0 tx=0).connect
2026-02-12T03:52:18.362 INFO:teuthology.orchestra.run.trial008.stdout:/usr/bin/ceph: stderr
2026-02-12T03:52:18.209+0000 7f46eb7fe640 1 -- 10.20.193.8:0/2765146300 <== mon.0 v2:10.20.193.8:3300/0 5 ==== osd_map(2..2 src has 1..2) ==== 935+0+0 (secure 0 0 0) 0x7f46f4077e50 con 0x7f4704110260
2026-02-12T03:52:18.362 INFO:teuthology.orchestra.run.trial008.stdout:/usr/bin/ceph: stderr
2026-02-12T03:52:18.209+0000 7f4709a12640 1 --2- 10.20.193.8:0/2765146300 >> [v2:10.20.193.8:6800/1670982829,v1:10.20.193.8:6801/1670982829] conn(0x7f46e003ecb0 0x7f46e005f160 unknown :-1 s=BANNER_CONNECTING pgs=0 cs=0 l=1 rev1=0 crypto rx=0 tx=0 comp rx=0 tx=0)._handle_peer_banner_payload supported=3 required=0
2026-02-12T03:52:18.362 INFO:teuthology.orchestra.run.trial008.stdout:/usr/bin/ceph: stderr
2026-02-12T03:52:18.210+0000 7f4709a12640 1 --2- 10.20.193.8:0/2765146300 >> [v2:10.20.193.8:6800/1670982829,v1:10.20.193.8:6801/1670982829] conn(0x7f46e003ecb0 0x7f46e005f160 secure :-1 s=READY pgs=8 cs=0 l=1 rev1=1 crypto rx=0x7f46f8004770 tx=0x7f46f8006e90 comp rx=0 tx=0).ready entity=mgr.14118 client_cookie=0 server_cookie=0 in_seq=0 out_seq=0
2026-02-12T03:52:18.362 INFO:teuthology.orchestra.run.trial008.stdout:/usr/bin/ceph: stderr
2026-02-12T03:52:18.211+0000 7f46eb7fe640 1 -- 10.20.193.8:0/2765146300 <== mon.0 v2:10.20.193.8:3300/0 6 ==== mon_command_ack([{"prefix": "get_command_descriptions"}]=0 v0) ==== 72+0+232485 (secure 0 0 0) 0x7f46f4003a90 con 0x7f4704110260
2026-02-12T03:52:18.362 INFO:teuthology.orchestra.run.trial008.stdout:/usr/bin/ceph: stderr
2026-02-12T03:52:18.323+0000 7f470c49e640 20 mgrc start_command cmd: [{"prefix": "orch set backend", "module_name": "cephadm", "target": ["mon-mgr", ""]}]
2026-02-12T03:52:18.362 INFO:teuthology.orchestra.run.trial008.stdout:/usr/bin/ceph: stderr
2026-02-12T03:52:18.323+0000 7f470c49e640 1 -- 10.20.193.8:0/2765146300 --> [v2:10.20.193.8:6800/1670982829,v1:10.20.193.8:6801/1670982829] -- mgr_command(tid 0: {"prefix": "orch set backend", "module_name": "cephadm", "target": ["mon-mgr", ""]}) -- 0x7f470410eda0 con 0x7f46e003ecb0
2026-02-12T03:52:18.362 INFO:teuthology.orchestra.run.trial008.stdout:/usr/bin/ceph: stderr
2026-02-12T03:52:18.327+0000 7f46eb7fe640 1 -- 10.20.193.8:0/2765146300 <== mgr.14118 v2:10.20.193.8:6800/1670982829 1 ==== mgr_command_reply(tid 0: 0 ) ==== 8+0+0 (secure 0 0 0) 0x7f470410eda0 con 0x7f46e003ecb0
2026-02-12T03:52:18.363 INFO:teuthology.orchestra.run.trial008.stdout:/usr/bin/ceph: stderr
2026-02-12T03:52:18.327+0000 7f46eb7fe640 20 mgrc handle_command_reply tid 0 r 0
2026-02-12T03:52:18.363 INFO:teuthology.orchestra.run.trial008.stdout:/usr/bin/ceph: stderr
2026-02-12T03:52:18.328+0000 7f470c49e640 10 mgrc shutdown
2026-02-12T03:52:18.363 INFO:teuthology.orchestra.run.trial008.stdout:/usr/bin/ceph: stderr
2026-02-12T03:52:18.328+0000 7f470c49e640 1 -- 10.20.193.8:0/2765146300 >> [v2:10.20.193.8:6800/1670982829,v1:10.20.193.8:6801/1670982829] conn(0x7f46e003ecb0 msgr2=0x7f46e005f160 secure :-1 s=STATE_CONNECTION_ESTABLISHED l=1).mark_down
2026-02-12T03:52:18.363 INFO:teuthology.orchestra.run.trial008.stdout:/usr/bin/ceph: stderr
2026-02-12T03:52:18.328+0000 7f470c49e640 1 --2- 10.20.193.8:0/2765146300 >> [v2:10.20.193.8:6800/1670982829,v1:10.20.193.8:6801/1670982829] conn(0x7f46e003ecb0 0x7f46e005f160 secure :-1 s=READY pgs=8 cs=0 l=1 rev1=1 crypto rx=0x7f46f8004770 tx=0x7f46f8006e90 comp rx=0 tx=0).stop
2026-02-12T03:52:18.363 INFO:teuthology.orchestra.run.trial008.stdout:/usr/bin/ceph: stderr
2026-02-12T03:52:18.328+0000 7f470c49e640 1 -- 10.20.193.8:0/2765146300 >> [v2:10.20.193.8:3300/0,v1:10.20.193.8:6789/0] conn(0x7f4704110260 msgr2=0x7f470411f420 secure :-1 s=STATE_CONNECTION_ESTABLISHED l=1).mark_down
2026-02-12T03:52:18.363 INFO:teuthology.orchestra.run.trial008.stdout:/usr/bin/ceph: stderr
2026-02-12T03:52:18.328+0000 7f470c49e640 1 --2- 10.20.193.8:0/2765146300 >> [v2:10.20.193.8:3300/0,v1:10.20.193.8:6789/0] conn(0x7f4704110260 0x7f470411f420 secure :-1 s=READY pgs=38 cs=0 l=1 rev1=1 crypto rx=0x7f46f4009260 tx=0x7f46f40047e0 comp rx=0 tx=0).stop
2026-02-12T03:52:18.363 INFO:teuthology.orchestra.run.trial008.stdout:/usr/bin/ceph: stderr
2026-02-12T03:52:18.328+0000 7f470c49e640 1 -- 10.20.193.8:0/2765146300 shutdown_connections
2026-02-12T03:52:18.363 INFO:teuthology.orchestra.run.trial008.stdout:/usr/bin/ceph: stderr
2026-02-12T03:52:18.328+0000 7f470c49e640 1 --2- 10.20.193.8:0/2765146300 >> [v2:10.20.193.8:6800/1670982829,v1:10.20.193.8:6801/1670982829] conn(0x7f46e003ecb0 0x7f46e005f160 unknown :-1 s=CLOSED pgs=8 cs=0 l=1 rev1=1 crypto rx=0 tx=0 comp rx=0 tx=0).stop
2026-02-12T03:52:18.363 INFO:teuthology.orchestra.run.trial008.stdout:/usr/bin/ceph: stderr
2026-02-12T03:52:18.328+0000 7f470c49e640 1 --2- 10.20.193.8:0/2765146300 >> [v2:10.20.193.8:3300/0,v1:10.20.193.8:6789/0] conn(0x7f4704110260 0x7f470411f420 unknown :-1 s=CLOSED pgs=38 cs=0 l=1 rev1=1 crypto rx=0 tx=0 comp rx=0 tx=0).stop
2026-02-12T03:52:18.364 INFO:teuthology.orchestra.run.trial008.stdout:/usr/bin/ceph: stderr
2026-02-12T03:52:18.328+0000 7f470c49e640 1 -- 10.20.193.8:0/2765146300 >> 10.20.193.8:0/2765146300 conn(0x7f4704065660 msgr2=0x7f470410e690 unknown :-1 s=STATE_NONE l=0).mark_down
2026-02-12T03:52:18.364 INFO:teuthology.orchestra.run.trial008.stdout:/usr/bin/ceph: stderr
2026-02-12T03:52:18.328+0000 7f470c49e640 1 -- 10.20.193.8:0/2765146300 shutdown_connections
2026-02-12T03:52:18.364 INFO:teuthology.orchestra.run.trial008.stdout:/usr/bin/ceph: stderr
2026-02-12T03:52:18.328+0000 7f470c49e640 1 -- 10.20.193.8:0/2765146300 wait complete.
2026-02-12T03:52:18.581 INFO:teuthology.orchestra.run.trial008.stdout:/usr/bin/ceph: stdout value unchanged
2026-02-12T03:52:18.582 INFO:teuthology.orchestra.run.trial008.stdout:/usr/bin/ceph: stderr
2026-02-12T03:52:18.445+0000 7f26256fd640 1 Processor -- start
2026-02-12T03:52:18.582 INFO:teuthology.orchestra.run.trial008.stdout:/usr/bin/ceph: stderr
2026-02-12T03:52:18.445+0000 7f26256fd640 1 -- start start
2026-02-12T03:52:18.582 INFO:teuthology.orchestra.run.trial008.stdout:/usr/bin/ceph: stderr
2026-02-12T03:52:18.445+0000 7f26256fd640 1 --2- >> [v2:10.20.193.8:3300/0,v1:10.20.193.8:6789/0] conn(0x7f262010dfe0 0x7f262010e3d0 unknown :-1 s=NONE pgs=0 cs=0 l=0 rev1=0 crypto rx=0 tx=0 comp rx=0 tx=0).connect
2026-02-12T03:52:18.582 INFO:teuthology.orchestra.run.trial008.stdout:/usr/bin/ceph: stderr
2026-02-12T03:52:18.445+0000 7f26256fd640 1 -- --> [v2:10.20.193.8:3300/0,v1:10.20.193.8:6789/0] -- mon_getmap magic: 0 -- 0x7f262010e9c0 con 0x7f262010dfe0
2026-02-12T03:52:18.582 INFO:teuthology.orchestra.run.trial008.stdout:/usr/bin/ceph: stderr
2026-02-12T03:52:18.445+0000 7f261effd640 1 --2- >> [v2:10.20.193.8:3300/0,v1:10.20.193.8:6789/0] conn(0x7f262010dfe0 0x7f262010e3d0 unknown :-1 s=BANNER_CONNECTING pgs=0 cs=0 l=0 rev1=0 crypto rx=0 tx=0 comp rx=0 tx=0)._handle_peer_banner_payload supported=3 required=0
2026-02-12T03:52:18.582 INFO:teuthology.orchestra.run.trial008.stdout:/usr/bin/ceph: stderr
2026-02-12T03:52:18.445+0000 7f261effd640 1 --2- >> [v2:10.20.193.8:3300/0,v1:10.20.193.8:6789/0] conn(0x7f262010dfe0 0x7f262010e3d0 unknown :-1 s=HELLO_CONNECTING pgs=0 cs=0 l=0 rev1=1 crypto rx=0 tx=0 comp rx=0 tx=0).handle_hello peer v2:10.20.193.8:3300/0 says I am v2:10.20.193.8:36874/0 (socket says 10.20.193.8:36874)
2026-02-12T03:52:18.582 INFO:teuthology.orchestra.run.trial008.stdout:/usr/bin/ceph: stderr
2026-02-12T03:52:18.445+0000 7f261effd640 1 -- 10.20.193.8:0/2958326886 learned_addr learned my addr 10.20.193.8:0/2958326886 (peer_addr_for_me v2:10.20.193.8:0/0)
2026-02-12T03:52:18.582 INFO:teuthology.orchestra.run.trial008.stdout:/usr/bin/ceph: stderr
2026-02-12T03:52:18.446+0000 7f261effd640 1 -- 10.20.193.8:0/2958326886 --> [v2:10.20.193.8:3300/0,v1:10.20.193.8:6789/0] -- mon_subscribe({config=0+,monmap=0+}) -- 0x7f262010eb40 con 0x7f262010dfe0
2026-02-12T03:52:18.582 INFO:teuthology.orchestra.run.trial008.stdout:/usr/bin/ceph: stderr
2026-02-12T03:52:18.446+0000 7f261effd640 1 --2- 10.20.193.8:0/2958326886 >> [v2:10.20.193.8:3300/0,v1:10.20.193.8:6789/0] conn(0x7f262010dfe0 0x7f262010e3d0 secure :-1 s=READY pgs=39 cs=0 l=1 rev1=1 crypto rx=0x7f2614009870 tx=0x7f261402eed0 comp rx=0 tx=0).ready entity=mon.0 client_cookie=7acac93e439aedc4 server_cookie=0 in_seq=0 out_seq=0
2026-02-12T03:52:18.582 INFO:teuthology.orchestra.run.trial008.stdout:/usr/bin/ceph: stderr
2026-02-12T03:52:18.446+0000 7f261dffb640 1 -- 10.20.193.8:0/2958326886 <== mon.0 v2:10.20.193.8:3300/0 1 ==== mon_map magic: 0 ==== 205+0+0 (secure 0 0 0) 0x7f261403c070 con 0x7f262010dfe0
2026-02-12T03:52:18.582 INFO:teuthology.orchestra.run.trial008.stdout:/usr/bin/ceph: stderr
2026-02-12T03:52:18.446+0000 7f261dffb640 1 -- 10.20.193.8:0/2958326886 <== mon.0 v2:10.20.193.8:3300/0 2 ==== config(25 keys) ==== 1006+0+0 (secure 0 0 0) 0x7f2614037440 con 0x7f262010dfe0
2026-02-12T03:52:18.582 INFO:teuthology.orchestra.run.trial008.stdout:/usr/bin/ceph: stderr
2026-02-12T03:52:18.446+0000 7f261dffb640 1 -- 10.20.193.8:0/2958326886 <== mon.0 v2:10.20.193.8:3300/0 3 ==== mon_map magic: 0 ==== 205+0+0 (secure 0 0 0) 0x7f26140354d0 con 0x7f262010dfe0
2026-02-12T03:52:18.582 INFO:teuthology.orchestra.run.trial008.stdout:/usr/bin/ceph: stderr
2026-02-12T03:52:18.446+0000 7f26256fd640 1 -- 10.20.193.8:0/2958326886 >> [v2:10.20.193.8:3300/0,v1:10.20.193.8:6789/0] conn(0x7f262010dfe0 msgr2=0x7f262010e3d0 secure :-1 s=STATE_CONNECTION_ESTABLISHED l=1).mark_down
2026-02-12T03:52:18.582 INFO:teuthology.orchestra.run.trial008.stdout:/usr/bin/ceph: stderr
2026-02-12T03:52:18.446+0000 7f26256fd640 1 --2- 10.20.193.8:0/2958326886 >> [v2:10.20.193.8:3300/0,v1:10.20.193.8:6789/0] conn(0x7f262010dfe0 0x7f262010e3d0 secure :-1 s=READY pgs=39 cs=0 l=1 rev1=1 crypto rx=0x7f2614009870 tx=0x7f261402eed0 comp rx=0 tx=0).stop
2026-02-12T03:52:18.582 INFO:teuthology.orchestra.run.trial008.stdout:/usr/bin/ceph: stderr
2026-02-12T03:52:18.446+0000 7f26256fd640 1 -- 10.20.193.8:0/2958326886 shutdown_connections
2026-02-12T03:52:18.582 INFO:teuthology.orchestra.run.trial008.stdout:/usr/bin/ceph: stderr
2026-02-12T03:52:18.446+0000 7f26256fd640 1 --2- 10.20.193.8:0/2958326886 >> [v2:10.20.193.8:3300/0,v1:10.20.193.8:6789/0] conn(0x7f262010dfe0 0x7f262010e3d0 unknown :-1 s=CLOSED pgs=39 cs=0 l=1 rev1=1 crypto rx=0 tx=0 comp rx=0 tx=0).stop
2026-02-12T03:52:18.582 INFO:teuthology.orchestra.run.trial008.stdout:/usr/bin/ceph: stderr
2026-02-12T03:52:18.446+0000 7f26256fd640 1 -- 10.20.193.8:0/2958326886 >> 10.20.193.8:0/2958326886 conn(0x7f26200eb670 msgr2=0x7f262010ba80 unknown :-1 s=STATE_NONE l=0).mark_down
2026-02-12T03:52:18.582 INFO:teuthology.orchestra.run.trial008.stdout:/usr/bin/ceph: stderr
2026-02-12T03:52:18.446+0000 7f26256fd640 1 -- 10.20.193.8:0/2958326886 shutdown_connections
2026-02-12T03:52:18.582 INFO:teuthology.orchestra.run.trial008.stdout:/usr/bin/ceph: stderr
2026-02-12T03:52:18.447+0000 7f26256fd640 1 -- 10.20.193.8:0/2958326886 wait complete.
2026-02-12T03:52:18.582 INFO:teuthology.orchestra.run.trial008.stdout:/usr/bin/ceph: stderr
2026-02-12T03:52:18.447+0000 7f26256fd640 1 Processor -- start
2026-02-12T03:52:18.582 INFO:teuthology.orchestra.run.trial008.stdout:/usr/bin/ceph: stderr
2026-02-12T03:52:18.447+0000 7f26256fd640 1 -- start start
2026-02-12T03:52:18.582 INFO:teuthology.orchestra.run.trial008.stdout:/usr/bin/ceph: stderr
2026-02-12T03:52:18.447+0000 7f26256fd640 1 --2- >> [v2:10.20.193.8:3300/0,v1:10.20.193.8:6789/0] conn(0x7f262010dfe0 0x7f262011f4b0 unknown :-1 s=NONE pgs=0 cs=0 l=1 rev1=0 crypto rx=0 tx=0 comp rx=0 tx=0).connect
2026-02-12T03:52:18.582 INFO:teuthology.orchestra.run.trial008.stdout:/usr/bin/ceph: stderr
2026-02-12T03:52:18.447+0000 7f26256fd640 1 -- --> [v2:10.20.193.8:3300/0,v1:10.20.193.8:6789/0] -- mon_getmap magic: 0 -- 0x7f2620130460 con 0x7f262010dfe0
2026-02-12T03:52:18.582 INFO:teuthology.orchestra.run.trial008.stdout:/usr/bin/ceph: stderr
2026-02-12T03:52:18.447+0000 7f261effd640 1 --2- >> [v2:10.20.193.8:3300/0,v1:10.20.193.8:6789/0] conn(0x7f262010dfe0 0x7f262011f4b0 unknown :-1 s=BANNER_CONNECTING pgs=0 cs=0 l=1 rev1=0 crypto rx=0 tx=0 comp rx=0 tx=0)._handle_peer_banner_payload supported=3 required=0
2026-02-12T03:52:18.582 INFO:teuthology.orchestra.run.trial008.stdout:/usr/bin/ceph: stderr
2026-02-12T03:52:18.447+0000 7f261effd640 1 --2- >> [v2:10.20.193.8:3300/0,v1:10.20.193.8:6789/0] conn(0x7f262010dfe0 0x7f262011f4b0 unknown :-1 s=HELLO_CONNECTING pgs=0 cs=0 l=1 rev1=1 crypto rx=0 tx=0 comp rx=0 tx=0).handle_hello peer v2:10.20.193.8:3300/0 says I am v2:10.20.193.8:36884/0 (socket says 10.20.193.8:36884)
2026-02-12T03:52:18.583 INFO:teuthology.orchestra.run.trial008.stdout:/usr/bin/ceph: stderr
2026-02-12T03:52:18.447+0000 7f261effd640 1 -- 10.20.193.8:0/3312709969 learned_addr learned my addr 10.20.193.8:0/3312709969 (peer_addr_for_me v2:10.20.193.8:0/0)
2026-02-12T03:52:18.583 INFO:teuthology.orchestra.run.trial008.stdout:/usr/bin/ceph: stderr
2026-02-12T03:52:18.447+0000 7f261effd640 1 -- 10.20.193.8:0/3312709969 --> [v2:10.20.193.8:3300/0,v1:10.20.193.8:6789/0] -- mon_subscribe({config=0+,monmap=0+}) -- 0x7f262011fa10 con 0x7f262010dfe0
2026-02-12T03:52:18.583 INFO:teuthology.orchestra.run.trial008.stdout:/usr/bin/ceph: stderr
2026-02-12T03:52:18.447+0000 7f261effd640 1 --2- 10.20.193.8:0/3312709969 >> [v2:10.20.193.8:3300/0,v1:10.20.193.8:6789/0] conn(0x7f262010dfe0 0x7f262011f4b0 secure :-1 s=READY pgs=40 cs=0 l=1 rev1=1 crypto rx=0x7f2614006bf0 tx=0x7f26140047e0 comp rx=0 tx=0).ready entity=mon.0 client_cookie=0 server_cookie=0 in_seq=0 out_seq=0
2026-02-12T03:52:18.583 INFO:teuthology.orchestra.run.trial008.stdout:/usr/bin/ceph: stderr
2026-02-12T03:52:18.447+0000 7f25fffff640 1 -- 10.20.193.8:0/3312709969 <== mon.0 v2:10.20.193.8:3300/0 1 ==== mon_map magic: 0 ==== 205+0+0 (secure 0 0 0) 0x7f261403c070 con 0x7f262010dfe0
2026-02-12T03:52:18.583 INFO:teuthology.orchestra.run.trial008.stdout:/usr/bin/ceph: stderr
2026-02-12T03:52:18.447+0000 7f25fffff640 1 -- 10.20.193.8:0/3312709969 <== mon.0 v2:10.20.193.8:3300/0 2 ==== config(25 keys) ==== 1006+0+0 (secure 0 0 0) 0x7f2614004020 con 0x7f262010dfe0
2026-02-12T03:52:18.583 INFO:teuthology.orchestra.run.trial008.stdout:/usr/bin/ceph: stderr
2026-02-12T03:52:18.447+0000 7f26256fd640 1 -- 10.20.193.8:0/3312709969 --> [v2:10.20.193.8:3300/0,v1:10.20.193.8:6789/0] -- mon_subscribe({mgrmap=0+}) -- 0x7f262011fca0 con 0x7f262010dfe0
2026-02-12T03:52:18.583 INFO:teuthology.orchestra.run.trial008.stdout:/usr/bin/ceph: stderr
2026-02-12T03:52:18.447+0000 7f25fffff640 1 -- 10.20.193.8:0/3312709969 <== mon.0 v2:10.20.193.8:3300/0 3 ==== mon_map magic: 0 ==== 205+0+0 (secure 0 0 0) 0x7f26140038e0 con 0x7f262010dfe0
2026-02-12T03:52:18.583 INFO:teuthology.orchestra.run.trial008.stdout:/usr/bin/ceph: stderr
2026-02-12T03:52:18.447+0000 7f26256fd640 1 -- 10.20.193.8:0/3312709969 --> [v2:10.20.193.8:3300/0,v1:10.20.193.8:6789/0] -- mon_subscribe({osdmap=0}) -- 0x7f2620120660 con 0x7f262010dfe0
2026-02-12T03:52:18.583 INFO:teuthology.orchestra.run.trial008.stdout:/usr/bin/ceph: stderr
2026-02-12T03:52:18.448+0000 7f26256fd640 1 -- 10.20.193.8:0/3312709969 --> [v2:10.20.193.8:3300/0,v1:10.20.193.8:6789/0] -- mon_command({"prefix": "get_command_descriptions"} v 0) -- 0x7f262010e3b0 con 0x7f262010dfe0
2026-02-12T03:52:18.583 INFO:teuthology.orchestra.run.trial008.stdout:/usr/bin/ceph: stderr
2026-02-12T03:52:18.448+0000 7f25fffff640 1 -- 10.20.193.8:0/3312709969 <== mon.0 v2:10.20.193.8:3300/0 4 ==== mgrmap(e 8) ==== 51997+0+0 (secure 0 0 0) 0x7f261402fa90 con 0x7f262010dfe0
2026-02-12T03:52:18.583 INFO:teuthology.orchestra.run.trial008.stdout:/usr/bin/ceph: stderr
2026-02-12T03:52:18.448+0000 7f25fffff640 20 mgrc handle_mgr_map mgrmap(e 8)
2026-02-12T03:52:18.583 INFO:teuthology.orchestra.run.trial008.stdout:/usr/bin/ceph: stderr
2026-02-12T03:52:18.448+0000 7f25fffff640 4 mgrc handle_mgr_map Got map version 8
2026-02-12T03:52:18.583 INFO:teuthology.orchestra.run.trial008.stdout:/usr/bin/ceph: stderr
2026-02-12T03:52:18.448+0000 7f25fffff640 4 mgrc handle_mgr_map Active mgr is now [v2:10.20.193.8:6800/1670982829,v1:10.20.193.8:6801/1670982829]
2026-02-12T03:52:18.583 INFO:teuthology.orchestra.run.trial008.stdout:/usr/bin/ceph: stderr
2026-02-12T03:52:18.448+0000 7f25fffff640 4 mgrc reconnect Starting new session with [v2:10.20.193.8:6800/1670982829,v1:10.20.193.8:6801/1670982829]
2026-02-12T03:52:18.583 INFO:teuthology.orchestra.run.trial008.stdout:/usr/bin/ceph: stderr
2026-02-12T03:52:18.448+0000 7f25fffff640 1 --2- 10.20.193.8:0/3312709969 >> [v2:10.20.193.8:6800/1670982829,v1:10.20.193.8:6801/1670982829] conn(0x7f25f403ec60 0x7f25f405f110 unknown :-1 s=NONE pgs=0 cs=0 l=1 rev1=0 crypto rx=0 tx=0 comp rx=0 tx=0).connect
2026-02-12T03:52:18.583 INFO:teuthology.orchestra.run.trial008.stdout:/usr/bin/ceph: stderr
2026-02-12T03:52:18.448+0000 7f25fffff640 1 -- 10.20.193.8:0/3312709969 <== mon.0 v2:10.20.193.8:3300/0 5 ==== osd_map(2..2 src has 1..2) ==== 935+0+0 (secure 0 0 0) 0x7f2614078090 con 0x7f262010dfe0
2026-02-12T03:52:18.583 INFO:teuthology.orchestra.run.trial008.stdout:/usr/bin/ceph: stderr
2026-02-12T03:52:18.448+0000 7f261e7fc640 1 --2- 10.20.193.8:0/3312709969 >> [v2:10.20.193.8:6800/1670982829,v1:10.20.193.8:6801/1670982829] conn(0x7f25f403ec60 0x7f25f405f110 unknown :-1 s=BANNER_CONNECTING pgs=0 cs=0 l=1 rev1=0 crypto rx=0 tx=0 comp rx=0 tx=0)._handle_peer_banner_payload supported=3 required=0
2026-02-12T03:52:18.583 INFO:teuthology.orchestra.run.trial008.stdout:/usr/bin/ceph: stderr
2026-02-12T03:52:18.448+0000 7f261e7fc640 1 --2- 10.20.193.8:0/3312709969 >> [v2:10.20.193.8:6800/1670982829,v1:10.20.193.8:6801/1670982829] conn(0x7f25f403ec60 0x7f25f405f110 secure :-1 s=READY pgs=9 cs=0 l=1 rev1=1 crypto rx=0x7f2608004770 tx=0x7f2608006e90 comp rx=0 tx=0).ready entity=mgr.14118 client_cookie=0 server_cookie=0 in_seq=0 out_seq=0
2026-02-12T03:52:18.583 INFO:teuthology.orchestra.run.trial008.stdout:/usr/bin/ceph: stderr
2026-02-12T03:52:18.450+0000 7f25fffff640 1 -- 10.20.193.8:0/3312709969 <== mon.0 v2:10.20.193.8:3300/0 6 ==== mon_command_ack([{"prefix": "get_command_descriptions"}]=0 v0) ==== 72+0+232485 (secure 0 0 0) 0x7f261403cd20 con 0x7f262010dfe0
2026-02-12T03:52:18.583 INFO:teuthology.orchestra.run.trial008.stdout:/usr/bin/ceph: stderr
2026-02-12T03:52:18.557+0000 7f26256fd640 20 mgrc start_command cmd: [{"prefix": "cephadm set-user", "user": "root", "target": ["mon-mgr", ""]}]
2026-02-12T03:52:18.583 INFO:teuthology.orchestra.run.trial008.stdout:/usr/bin/ceph: stderr
2026-02-12T03:52:18.557+0000 7f26256fd640 1 -- 10.20.193.8:0/3312709969 --> [v2:10.20.193.8:6800/1670982829,v1:10.20.193.8:6801/1670982829] -- mgr_command(tid 0: {"prefix": "cephadm set-user", "user": "root", "target": ["mon-mgr", ""]}) -- 0x7f2620121450 con 0x7f25f403ec60
2026-02-12T03:52:18.583 INFO:teuthology.orchestra.run.trial008.stdout:/usr/bin/ceph: stderr
2026-02-12T03:52:18.557+0000 7f25fffff640 1 -- 10.20.193.8:0/3312709969 <== mgr.14118 v2:10.20.193.8:6800/1670982829 1 ==== mgr_command_reply(tid 0: 0 ) ==== 8+0+16 (secure 0 0 0) 0x7f2620121450 con 0x7f25f403ec60
2026-02-12T03:52:18.583 INFO:teuthology.orchestra.run.trial008.stdout:/usr/bin/ceph: stderr
2026-02-12T03:52:18.557+0000 7f25fffff640 20 mgrc handle_command_reply tid 0 r 0
2026-02-12T03:52:18.583 INFO:teuthology.orchestra.run.trial008.stdout:/usr/bin/ceph: stderr
2026-02-12T03:52:18.558+0000 7f26256fd640 10 mgrc shutdown
2026-02-12T03:52:18.583 INFO:teuthology.orchestra.run.trial008.stdout:/usr/bin/ceph: stderr
2026-02-12T03:52:18.558+0000 7f26256fd640 1 -- 10.20.193.8:0/3312709969 >> [v2:10.20.193.8:6800/1670982829,v1:10.20.193.8:6801/1670982829] conn(0x7f25f403ec60 msgr2=0x7f25f405f110 secure :-1 s=STATE_CONNECTION_ESTABLISHED l=1).mark_down
2026-02-12T03:52:18.583 INFO:teuthology.orchestra.run.trial008.stdout:/usr/bin/ceph: stderr
2026-02-12T03:52:18.558+0000 7f26256fd640 1 --2- 10.20.193.8:0/3312709969 >> [v2:10.20.193.8:6800/1670982829,v1:10.20.193.8:6801/1670982829] conn(0x7f25f403ec60 0x7f25f405f110 secure :-1 s=READY pgs=9 cs=0 l=1 rev1=1 crypto rx=0x7f2608004770 tx=0x7f2608006e90 comp rx=0 tx=0).stop
2026-02-12T03:52:18.583 INFO:teuthology.orchestra.run.trial008.stdout:/usr/bin/ceph: stderr
2026-02-12T03:52:18.558+0000 7f26256fd640 1 -- 10.20.193.8:0/3312709969 >> [v2:10.20.193.8:3300/0,v1:10.20.193.8:6789/0] conn(0x7f262010dfe0 msgr2=0x7f262011f4b0 secure :-1 s=STATE_CONNECTION_ESTABLISHED l=1).mark_down
2026-02-12T03:52:18.584 INFO:teuthology.orchestra.run.trial008.stdout:/usr/bin/ceph: stderr
2026-02-12T03:52:18.558+0000 7f26256fd640 1 --2- 10.20.193.8:0/3312709969 >> [v2:10.20.193.8:3300/0,v1:10.20.193.8:6789/0] conn(0x7f262010dfe0 0x7f262011f4b0 secure :-1 s=READY pgs=40 cs=0 l=1 rev1=1 crypto rx=0x7f2614006bf0 tx=0x7f26140047e0 comp rx=0 tx=0).stop
2026-02-12T03:52:18.584 INFO:teuthology.orchestra.run.trial008.stdout:/usr/bin/ceph: stderr
2026-02-12T03:52:18.558+0000 7f26256fd640 1 -- 10.20.193.8:0/3312709969 shutdown_connections
2026-02-12T03:52:18.584 INFO:teuthology.orchestra.run.trial008.stdout:/usr/bin/ceph: stderr
2026-02-12T03:52:18.558+0000 7f26256fd640 1 --2- 10.20.193.8:0/3312709969 >> [v2:10.20.193.8:6800/1670982829,v1:10.20.193.8:6801/1670982829] conn(0x7f25f403ec60 0x7f25f405f110 unknown :-1 s=CLOSED pgs=9 cs=0 l=1 rev1=1 crypto rx=0 tx=0 comp rx=0 tx=0).stop
2026-02-12T03:52:18.584 INFO:teuthology.orchestra.run.trial008.stdout:/usr/bin/ceph: stderr
2026-02-12T03:52:18.558+0000 7f26256fd640 1 --2- 10.20.193.8:0/3312709969 >> [v2:10.20.193.8:3300/0,v1:10.20.193.8:6789/0] conn(0x7f262010dfe0 0x7f262011f4b0 unknown :-1 s=CLOSED pgs=40 cs=0 l=1 rev1=1 crypto rx=0 tx=0 comp rx=0 tx=0).stop
2026-02-12T03:52:18.584 INFO:teuthology.orchestra.run.trial008.stdout:/usr/bin/ceph: stderr
2026-02-12T03:52:18.558+0000 7f26256fd640 1 -- 10.20.193.8:0/3312709969 >> 10.20.193.8:0/3312709969 conn(0x7f26200eb670 msgr2=0x7f262010ba50 unknown :-1 s=STATE_NONE l=0).mark_down
2026-02-12T03:52:18.584 INFO:teuthology.orchestra.run.trial008.stdout:/usr/bin/ceph: stderr
2026-02-12T03:52:18.558+0000 7f26256fd640 1 -- 10.20.193.8:0/3312709969 shutdown_connections
2026-02-12T03:52:18.584 INFO:teuthology.orchestra.run.trial008.stdout:/usr/bin/ceph: stderr
2026-02-12T03:52:18.558+0000 7f26256fd640 1 -- 10.20.193.8:0/3312709969 wait complete.
2026-02-12T03:52:18.584 INFO:teuthology.orchestra.run.trial008.stdout:Generating ssh key...
2026-02-12T03:52:18.827 INFO:teuthology.orchestra.run.trial008.stdout:/usr/bin/ceph: stderr
2026-02-12T03:52:18.666+0000 7fab8029b640 1 Processor -- start
2026-02-12T03:52:18.827 INFO:teuthology.orchestra.run.trial008.stdout:/usr/bin/ceph: stderr
2026-02-12T03:52:18.666+0000 7fab8029b640 1 -- start start
2026-02-12T03:52:18.827 INFO:teuthology.orchestra.run.trial008.stdout:/usr/bin/ceph: stderr
2026-02-12T03:52:18.666+0000 7fab8029b640 1 --2- >> [v2:10.20.193.8:3300/0,v1:10.20.193.8:6789/0] conn(0x7fab78110260 0x7fab78110650 unknown :-1 s=NONE pgs=0 cs=0 l=0 rev1=0 crypto rx=0 tx=0 comp rx=0 tx=0).connect
2026-02-12T03:52:18.827 INFO:teuthology.orchestra.run.trial008.stdout:/usr/bin/ceph: stderr
2026-02-12T03:52:18.666+0000 7fab8029b640 1 -- --> [v2:10.20.193.8:3300/0,v1:10.20.193.8:6789/0] -- mon_getmap magic: 0 -- 0x7fab78110c40 con 0x7fab78110260
2026-02-12T03:52:18.828 INFO:teuthology.orchestra.run.trial008.stdout:/usr/bin/ceph: stderr
2026-02-12T03:52:18.666+0000 7fab7e010640 1 --2- >> [v2:10.20.193.8:3300/0,v1:10.20.193.8:6789/0] conn(0x7fab78110260 0x7fab78110650 unknown :-1 s=BANNER_CONNECTING pgs=0 cs=0 l=0 rev1=0 crypto rx=0 tx=0 comp rx=0 tx=0)._handle_peer_banner_payload supported=3 required=0
2026-02-12T03:52:18.828 INFO:teuthology.orchestra.run.trial008.stdout:/usr/bin/ceph: stderr
2026-02-12T03:52:18.666+0000 7fab7e010640 1 --2- >> [v2:10.20.193.8:3300/0,v1:10.20.193.8:6789/0] conn(0x7fab78110260 0x7fab78110650 unknown :-1 s=HELLO_CONNECTING pgs=0 cs=0 l=0 rev1=1 crypto rx=0 tx=0 comp rx=0 tx=0).handle_hello peer v2:10.20.193.8:3300/0 says I am v2:10.20.193.8:36894/0 (socket says 10.20.193.8:36894)
2026-02-12T03:52:18.828 INFO:teuthology.orchestra.run.trial008.stdout:/usr/bin/ceph: stderr
2026-02-12T03:52:18.666+0000 7fab7e010640 1 -- 10.20.193.8:0/2429283203 learned_addr learned my addr 10.20.193.8:0/2429283203 (peer_addr_for_me v2:10.20.193.8:0/0)
2026-02-12T03:52:18.828 INFO:teuthology.orchestra.run.trial008.stdout:/usr/bin/ceph: stderr
2026-02-12T03:52:18.666+0000 7fab7e010640 1 -- 10.20.193.8:0/2429283203 --> [v2:10.20.193.8:3300/0,v1:10.20.193.8:6789/0] -- mon_subscribe({config=0+,monmap=0+}) -- 0x7fab78110dc0 con 0x7fab78110260
2026-02-12T03:52:18.828 INFO:teuthology.orchestra.run.trial008.stdout:/usr/bin/ceph: stderr
2026-02-12T03:52:18.667+0000 7fab7e010640 1 --2- 10.20.193.8:0/2429283203 >> [v2:10.20.193.8:3300/0,v1:10.20.193.8:6789/0] conn(0x7fab78110260 0x7fab78110650 secure :-1 s=READY pgs=41 cs=0 l=1 rev1=1 crypto rx=0x7fab68009870 tx=0x7fab6802eed0 comp rx=0 tx=0).ready entity=mon.0 client_cookie=fafd8deaccee1a85 server_cookie=0 in_seq=0 out_seq=0
2026-02-12T03:52:18.828 INFO:teuthology.orchestra.run.trial008.stdout:/usr/bin/ceph: stderr
2026-02-12T03:52:18.667+0000 7fab7d00e640 1 -- 10.20.193.8:0/2429283203 <== mon.0 v2:10.20.193.8:3300/0 1 ==== mon_map magic: 0 ==== 205+0+0 (secure 0 0 0) 0x7fab6803c070 con 0x7fab78110260
2026-02-12T03:52:18.828 INFO:teuthology.orchestra.run.trial008.stdout:/usr/bin/ceph: stderr
2026-02-12T03:52:18.667+0000 7fab7d00e640 1 -- 10.20.193.8:0/2429283203 <== mon.0 v2:10.20.193.8:3300/0 2 ==== config(25 keys) ==== 1006+0+0 (secure 0 0 0) 0x7fab68037440 con 0x7fab78110260
2026-02-12T03:52:18.828 INFO:teuthology.orchestra.run.trial008.stdout:/usr/bin/ceph: stderr
2026-02-12T03:52:18.667+0000 7fab7d00e640 1 -- 10.20.193.8:0/2429283203 <== mon.0 v2:10.20.193.8:3300/0 3 ==== mon_map magic: 0 ==== 205+0+0 (secure 0 0 0) 0x7fab680354d0 con 0x7fab78110260
2026-02-12T03:52:18.828 INFO:teuthology.orchestra.run.trial008.stdout:/usr/bin/ceph: stderr
2026-02-12T03:52:18.667+0000 7fab8029b640 1 -- 10.20.193.8:0/2429283203 >> [v2:10.20.193.8:3300/0,v1:10.20.193.8:6789/0] conn(0x7fab78110260 msgr2=0x7fab78110650 secure :-1 s=STATE_CONNECTION_ESTABLISHED l=1).mark_down
2026-02-12T03:52:18.828 INFO:teuthology.orchestra.run.trial008.stdout:/usr/bin/ceph: stderr
2026-02-12T03:52:18.667+0000 7fab8029b640 1 --2- 10.20.193.8:0/2429283203 >> [v2:10.20.193.8:3300/0,v1:10.20.193.8:6789/0] conn(0x7fab78110260 0x7fab78110650 secure :-1 s=READY pgs=41 cs=0 l=1 rev1=1 crypto rx=0x7fab68009870 tx=0x7fab6802eed0 comp rx=0 tx=0).stop
2026-02-12T03:52:18.828 INFO:teuthology.orchestra.run.trial008.stdout:/usr/bin/ceph: stderr
2026-02-12T03:52:18.667+0000 7fab8029b640 1 -- 10.20.193.8:0/2429283203 shutdown_connections
2026-02-12T03:52:18.828 INFO:teuthology.orchestra.run.trial008.stdout:/usr/bin/ceph: stderr
2026-02-12T03:52:18.667+0000 7fab8029b640 1 --2- 10.20.193.8:0/2429283203 >> [v2:10.20.193.8:3300/0,v1:10.20.193.8:6789/0] conn(0x7fab78110260 0x7fab78110650 unknown :-1 s=CLOSED pgs=41 cs=0 l=1 rev1=1 crypto rx=0 tx=0 comp rx=0 tx=0).stop
2026-02-12T03:52:18.828 INFO:teuthology.orchestra.run.trial008.stdout:/usr/bin/ceph: stderr
2026-02-12T03:52:18.667+0000 7fab8029b640 1 -- 10.20.193.8:0/2429283203 >> 10.20.193.8:0/2429283203 conn(0x7fab78065670 msgr2=0x7fab78065a90 unknown :-1 s=STATE_NONE l=0).mark_down
2026-02-12T03:52:18.828 INFO:teuthology.orchestra.run.trial008.stdout:/usr/bin/ceph: stderr
2026-02-12T03:52:18.667+0000 7fab8029b640 1 -- 10.20.193.8:0/2429283203 shutdown_connections
2026-02-12T03:52:18.828 INFO:teuthology.orchestra.run.trial008.stdout:/usr/bin/ceph: stderr
2026-02-12T03:52:18.667+0000 7fab8029b640 1 -- 10.20.193.8:0/2429283203 wait complete.
2026-02-12T03:52:18.828 INFO:teuthology.orchestra.run.trial008.stdout:/usr/bin/ceph: stderr
2026-02-12T03:52:18.667+0000 7fab8029b640 1 Processor -- start
2026-02-12T03:52:18.828 INFO:teuthology.orchestra.run.trial008.stdout:/usr/bin/ceph: stderr
2026-02-12T03:52:18.668+0000 7fab8029b640 1 -- start start
2026-02-12T03:52:18.828 INFO:teuthology.orchestra.run.trial008.stdout:/usr/bin/ceph: stderr
2026-02-12T03:52:18.668+0000 7fab8029b640 1 --2- >> [v2:10.20.193.8:3300/0,v1:10.20.193.8:6789/0] conn(0x7fab78110260 0x7fab7811f460 unknown :-1 s=NONE pgs=0 cs=0 l=1 rev1=0 crypto rx=0 tx=0 comp rx=0 tx=0).connect
2026-02-12T03:52:18.828 INFO:teuthology.orchestra.run.trial008.stdout:/usr/bin/ceph: stderr
2026-02-12T03:52:18.668+0000 7fab8029b640 1 -- --> [v2:10.20.193.8:3300/0,v1:10.20.193.8:6789/0] -- mon_getmap magic: 0 -- 0x7fab781326e0 con 0x7fab78110260
2026-02-12T03:52:18.828 INFO:teuthology.orchestra.run.trial008.stdout:/usr/bin/ceph: stderr
2026-02-12T03:52:18.668+0000 7fab7e010640 1 --2- >> [v2:10.20.193.8:3300/0,v1:10.20.193.8:6789/0] conn(0x7fab78110260 0x7fab7811f460 unknown :-1 s=BANNER_CONNECTING pgs=0 cs=0 l=1 rev1=0 crypto rx=0 tx=0 comp rx=0 tx=0)._handle_peer_banner_payload supported=3 required=0
2026-02-12T03:52:18.828 INFO:teuthology.orchestra.run.trial008.stdout:/usr/bin/ceph: stderr
2026-02-12T03:52:18.668+0000 7fab7e010640 1 --2- >> [v2:10.20.193.8:3300/0,v1:10.20.193.8:6789/0] conn(0x7fab78110260 0x7fab7811f460 unknown :-1 s=HELLO_CONNECTING pgs=0 cs=0 l=1 rev1=1 crypto rx=0 tx=0 comp rx=0 tx=0).handle_hello peer v2:10.20.193.8:3300/0 says I am v2:10.20.193.8:36902/0 (socket says 10.20.193.8:36902)
2026-02-12T03:52:18.828 INFO:teuthology.orchestra.run.trial008.stdout:/usr/bin/ceph: stderr
2026-02-12T03:52:18.668+0000 7fab7e010640 1 -- 10.20.193.8:0/35562450 learned_addr learned my addr 10.20.193.8:0/35562450 (peer_addr_for_me v2:10.20.193.8:0/0)
2026-02-12T03:52:18.828 INFO:teuthology.orchestra.run.trial008.stdout:/usr/bin/ceph: stderr
2026-02-12T03:52:18.668+0000 7fab7e010640 1 -- 10.20.193.8:0/35562450 --> [v2:10.20.193.8:3300/0,v1:10.20.193.8:6789/0] -- mon_subscribe({config=0+,monmap=0+}) -- 0x7fab7811f9c0 con 0x7fab78110260
2026-02-12T03:52:18.828 INFO:teuthology.orchestra.run.trial008.stdout:/usr/bin/ceph: stderr
2026-02-12T03:52:18.668+0000 7fab7e010640 1 --2- 10.20.193.8:0/35562450 >> [v2:10.20.193.8:3300/0,v1:10.20.193.8:6789/0] conn(0x7fab78110260 0x7fab7811f460 secure :-1 s=READY pgs=42 cs=0 l=1 rev1=1 crypto rx=0x7fab68002400 tx=0x7fab68004770 comp rx=0 tx=0).ready entity=mon.0 client_cookie=0 server_cookie=0 in_seq=0 out_seq=0
2026-02-12T03:52:18.828 INFO:teuthology.orchestra.run.trial008.stdout:/usr/bin/ceph: stderr
2026-02-12T03:52:18.668+0000 7fab5f7fe640 1 -- 10.20.193.8:0/35562450 <== mon.0 v2:10.20.193.8:3300/0 1 ==== mon_map magic: 0 ==== 205+0+0 (secure 0 0 0) 0x7fab6803c070 con 0x7fab78110260
2026-02-12T03:52:18.828 INFO:teuthology.orchestra.run.trial008.stdout:/usr/bin/ceph: stderr
2026-02-12T03:52:18.668+0000 7fab8029b640 1 -- 10.20.193.8:0/35562450 --> [v2:10.20.193.8:3300/0,v1:10.20.193.8:6789/0] -- mon_subscribe({mgrmap=0+}) -- 0x7fab7811fc50 con 0x7fab78110260
2026-02-12T03:52:18.829 INFO:teuthology.orchestra.run.trial008.stdout:/usr/bin/ceph: stderr
2026-02-12T03:52:18.668+0000 7fab5f7fe640 1 -- 10.20.193.8:0/35562450 <== mon.0 v2:10.20.193.8:3300/0 2 ==== config(25 keys) ==== 1006+0+0 (secure 0 0 0) 0x7fab68004020 con 0x7fab78110260
2026-02-12T03:52:18.829 INFO:teuthology.orchestra.run.trial008.stdout:/usr/bin/ceph: stderr
2026-02-12T03:52:18.668+0000 7fab5f7fe640 1 -- 10.20.193.8:0/35562450 <== mon.0 v2:10.20.193.8:3300/0 3 ==== mon_map magic: 0 ==== 205+0+0 (secure 0 0 0) 0x7fab68003890 con 0x7fab78110260
2026-02-12T03:52:18.829 INFO:teuthology.orchestra.run.trial008.stdout:/usr/bin/ceph: stderr
2026-02-12T03:52:18.668+0000 7fab8029b640 1 -- 10.20.193.8:0/35562450 --> [v2:10.20.193.8:3300/0,v1:10.20.193.8:6789/0] -- mon_subscribe({osdmap=0}) -- 0x7fab78120610 con 0x7fab78110260
2026-02-12T03:52:18.829 INFO:teuthology.orchestra.run.trial008.stdout:/usr/bin/ceph: stderr
2026-02-12T03:52:18.669+0000 7fab8029b640 1 -- 10.20.193.8:0/35562450 --> [v2:10.20.193.8:3300/0,v1:10.20.193.8:6789/0] -- mon_command({"prefix": "get_command_descriptions"} v 0) -- 0x7fab78110630 con 0x7fab78110260
2026-02-12T03:52:18.829 INFO:teuthology.orchestra.run.trial008.stdout:/usr/bin/ceph: stderr
2026-02-12T03:52:18.669+0000 7fab5f7fe640 1 -- 10.20.193.8:0/35562450 <== mon.0 v2:10.20.193.8:3300/0 4 ==== mgrmap(e 8) ==== 51997+0+0 (secure 0 0 0) 0x7fab6802fa90 con 0x7fab78110260
2026-02-12T03:52:18.829 INFO:teuthology.orchestra.run.trial008.stdout:/usr/bin/ceph: stderr
2026-02-12T03:52:18.669+0000 7fab5f7fe640 20 mgrc handle_mgr_map mgrmap(e 8)
2026-02-12T03:52:18.829 INFO:teuthology.orchestra.run.trial008.stdout:/usr/bin/ceph: stderr
2026-02-12T03:52:18.669+0000 7fab5f7fe640 4 mgrc handle_mgr_map Got map version 8
2026-02-12T03:52:18.829 INFO:teuthology.orchestra.run.trial008.stdout:/usr/bin/ceph: stderr
2026-02-12T03:52:18.669+0000 7fab5f7fe640 4 mgrc handle_mgr_map Active mgr is now [v2:10.20.193.8:6800/1670982829,v1:10.20.193.8:6801/1670982829]
2026-02-12T03:52:18.829 INFO:teuthology.orchestra.run.trial008.stdout:/usr/bin/ceph: stderr
2026-02-12T03:52:18.669+0000 7fab5f7fe640 4 mgrc reconnect Starting new session with [v2:10.20.193.8:6800/1670982829,v1:10.20.193.8:6801/1670982829]
2026-02-12T03:52:18.829 INFO:teuthology.orchestra.run.trial008.stdout:/usr/bin/ceph: stderr
2026-02-12T03:52:18.669+0000 7fab5f7fe640 1 --2- 10.20.193.8:0/35562450 >> [v2:10.20.193.8:6800/1670982829,v1:10.20.193.8:6801/1670982829] conn(0x7fab5403ecb0 0x7fab5405f160 unknown :-1 s=NONE pgs=0 cs=0 l=1 rev1=0 crypto rx=0 tx=0 comp rx=0 tx=0).connect
2026-02-12T03:52:18.829 INFO:teuthology.orchestra.run.trial008.stdout:/usr/bin/ceph: stderr
2026-02-12T03:52:18.669+0000 7fab5f7fe640 1 -- 10.20.193.8:0/35562450 <== mon.0 v2:10.20.193.8:3300/0 5 ==== osd_map(2..2 src has 1..2) ==== 935+0+0 (secure 0 0 0) 0x7fab68077e60 con 0x7fab78110260
2026-02-12T03:52:18.829 INFO:teuthology.orchestra.run.trial008.stdout:/usr/bin/ceph: stderr
2026-02-12T03:52:18.669+0000 7fab7d80f640 1 --2- 10.20.193.8:0/35562450 >> [v2:10.20.193.8:6800/1670982829,v1:10.20.193.8:6801/1670982829] conn(0x7fab5403ecb0 0x7fab5405f160 unknown :-1 s=BANNER_CONNECTING pgs=0 cs=0 l=1 rev1=0 crypto rx=0 tx=0 comp rx=0 tx=0)._handle_peer_banner_payload supported=3 required=0
2026-02-12T03:52:18.829 INFO:teuthology.orchestra.run.trial008.stdout:/usr/bin/ceph: stderr
2026-02-12T03:52:18.669+0000 7fab7d80f640 1 --2- 10.20.193.8:0/35562450 >> [v2:10.20.193.8:6800/1670982829,v1:10.20.193.8:6801/1670982829] conn(0x7fab5403ecb0 0x7fab5405f160 secure :-1 s=READY pgs=10 cs=0 l=1 rev1=1 crypto rx=0x7fab6c004770 tx=0x7fab6c006e90 comp rx=0 tx=0).ready entity=mgr.14118 client_cookie=0 server_cookie=0 in_seq=0 out_seq=0
2026-02-12T03:52:18.829 INFO:teuthology.orchestra.run.trial008.stdout:/usr/bin/ceph: stderr
2026-02-12T03:52:18.671+0000 7fab5f7fe640 1 -- 10.20.193.8:0/35562450 <== mon.0 v2:10.20.193.8:3300/0 6 ==== mon_command_ack([{"prefix": "get_command_descriptions"}]=0 v0) ==== 72+0+232485 (secure 0 0 0) 0x7fab6803cd20 con 0x7fab78110260
2026-02-12T03:52:18.829 INFO:teuthology.orchestra.run.trial008.stdout:/usr/bin/ceph: stderr
2026-02-12T03:52:18.780+0000 7fab8029b640 20 mgrc start_command cmd: [{"prefix": "cephadm generate-key", "target": ["mon-mgr", ""]}]
2026-02-12T03:52:18.829 INFO:teuthology.orchestra.run.trial008.stdout:/usr/bin/ceph: stderr
2026-02-12T03:52:18.780+0000 7fab8029b640 1 -- 10.20.193.8:0/35562450 --> [v2:10.20.193.8:6800/1670982829,v1:10.20.193.8:6801/1670982829] -- mgr_command(tid 0: {"prefix": "cephadm generate-key", "target": ["mon-mgr", ""]}) -- 0x7fab7810eda0 con 0x7fab5403ecb0
2026-02-12T03:52:18.829 INFO:teuthology.orchestra.run.trial008.stdout:/usr/bin/ceph: stderr
2026-02-12T03:52:18.800+0000 7fab5f7fe640 1 -- 10.20.193.8:0/35562450 <== mgr.14118 v2:10.20.193.8:6800/1670982829 1 ==== mgr_command_reply(tid 0: 0 ) ==== 8+0+0 (secure 0 0 0) 0x7fab7810eda0 con 0x7fab5403ecb0
2026-02-12T03:52:18.829 INFO:teuthology.orchestra.run.trial008.stdout:/usr/bin/ceph: stderr
2026-02-12T03:52:18.800+0000 7fab5f7fe640 20 mgrc handle_command_reply tid 0 r 0
2026-02-12T03:52:18.829 INFO:teuthology.orchestra.run.trial008.stdout:/usr/bin/ceph: stderr
2026-02-12T03:52:18.803+0000 7fab8029b640 10 mgrc shutdown
2026-02-12T03:52:18.829 INFO:teuthology.orchestra.run.trial008.stdout:/usr/bin/ceph: stderr
2026-02-12T03:52:18.803+0000 7fab8029b640 1 -- 10.20.193.8:0/35562450 >> [v2:10.20.193.8:6800/1670982829,v1:10.20.193.8:6801/1670982829] conn(0x7fab5403ecb0 msgr2=0x7fab5405f160 secure :-1 s=STATE_CONNECTION_ESTABLISHED l=1).mark_down
2026-02-12T03:52:18.829 INFO:teuthology.orchestra.run.trial008.stdout:/usr/bin/ceph: stderr
2026-02-12T03:52:18.803+0000 7fab8029b640 1 --2- 10.20.193.8:0/35562450 >> [v2:10.20.193.8:6800/1670982829,v1:10.20.193.8:6801/1670982829] conn(0x7fab5403ecb0 0x7fab5405f160 secure :-1 s=READY pgs=10 cs=0 l=1 rev1=1 crypto rx=0x7fab6c004770 tx=0x7fab6c006e90 comp rx=0 tx=0).stop
2026-02-12T03:52:18.829 INFO:teuthology.orchestra.run.trial008.stdout:/usr/bin/ceph: stderr
2026-02-12T03:52:18.803+0000 7fab8029b640 1 -- 10.20.193.8:0/35562450 >> [v2:10.20.193.8:3300/0,v1:10.20.193.8:6789/0] conn(0x7fab78110260 msgr2=0x7fab7811f460 secure :-1 s=STATE_CONNECTION_ESTABLISHED l=1).mark_down
2026-02-12T03:52:18.829 INFO:teuthology.orchestra.run.trial008.stdout:/usr/bin/ceph: stderr
2026-02-12T03:52:18.803+0000 7fab8029b640 1 --2- 10.20.193.8:0/35562450 >> [v2:10.20.193.8:3300/0,v1:10.20.193.8:6789/0] conn(0x7fab78110260 0x7fab7811f460 secure :-1 s=READY pgs=42 cs=0 l=1 rev1=1 crypto rx=0x7fab68002400 tx=0x7fab68004770 comp rx=0 tx=0).stop
2026-02-12T03:52:18.829 INFO:teuthology.orchestra.run.trial008.stdout:/usr/bin/ceph: stderr
2026-02-12T03:52:18.803+0000 7fab8029b640 1 -- 10.20.193.8:0/35562450 shutdown_connections
2026-02-12T03:52:18.829 INFO:teuthology.orchestra.run.trial008.stdout:/usr/bin/ceph: stderr
2026-02-12T03:52:18.803+0000 7fab8029b640 1 --2- 10.20.193.8:0/35562450 >> [v2:10.20.193.8:6800/1670982829,v1:10.20.193.8:6801/1670982829] conn(0x7fab5403ecb0 0x7fab5405f160 unknown :-1 s=CLOSED pgs=10 cs=0 l=1 rev1=1 crypto rx=0 tx=0 comp rx=0 tx=0).stop
2026-02-12T03:52:18.829 INFO:teuthology.orchestra.run.trial008.stdout:/usr/bin/ceph: stderr
2026-02-12T03:52:18.803+0000 7fab8029b640 1 --2- 10.20.193.8:0/35562450 >> [v2:10.20.193.8:3300/0,v1:10.20.193.8:6789/0] conn(0x7fab78110260 0x7fab7811f460 unknown :-1 s=CLOSED pgs=42 cs=0 l=1 rev1=1 crypto rx=0 tx=0 comp rx=0 tx=0).stop
2026-02-12T03:52:18.829 INFO:teuthology.orchestra.run.trial008.stdout:/usr/bin/ceph: stderr
2026-02-12T03:52:18.803+0000 7fab8029b640 1 -- 10.20.193.8:0/35562450 >> 10.20.193.8:0/35562450 conn(0x7fab78065670 msgr2=0x7fab7810e690 unknown :-1 s=STATE_NONE l=0).mark_down
2026-02-12T03:52:18.830 INFO:teuthology.orchestra.run.trial008.stdout:/usr/bin/ceph: stderr
2026-02-12T03:52:18.803+0000 7fab8029b640 1 -- 10.20.193.8:0/35562450 shutdown_connections
2026-02-12T03:52:18.830 INFO:teuthology.orchestra.run.trial008.stdout:/usr/bin/ceph: stderr
2026-02-12T03:52:18.803+0000 7fab8029b640 1 -- 10.20.193.8:0/35562450 wait complete.
2026-02-12T03:52:18.866 INFO:journalctl@ceph.mgr.a.trial008.stdout:Feb 12 03:52:18 trial008 ceph-2a84d348-07c6-11f1-8cf1-d404e6e7d460-mgr-a[20595]: Generating public/private ed25519 key pair.
2026-02-12T03:52:18.866 INFO:journalctl@ceph.mgr.a.trial008.stdout:Feb 12 03:52:18 trial008 ceph-2a84d348-07c6-11f1-8cf1-d404e6e7d460-mgr-a[20595]: Your identification has been saved in /tmp/tmpvmw61a33/key
2026-02-12T03:52:18.866 INFO:journalctl@ceph.mgr.a.trial008.stdout:Feb 12 03:52:18 trial008 ceph-2a84d348-07c6-11f1-8cf1-d404e6e7d460-mgr-a[20595]: Your public key has been saved in /tmp/tmpvmw61a33/key.pub
2026-02-12T03:52:18.866 INFO:journalctl@ceph.mgr.a.trial008.stdout:Feb 12 03:52:18 trial008 ceph-2a84d348-07c6-11f1-8cf1-d404e6e7d460-mgr-a[20595]: The key fingerprint is:
2026-02-12T03:52:18.866 INFO:journalctl@ceph.mgr.a.trial008.stdout:Feb 12 03:52:18 trial008 ceph-2a84d348-07c6-11f1-8cf1-d404e6e7d460-mgr-a[20595]: SHA256:dsJa9UdjyKKv2HoanzuVDTyCyPvo9O9d8i5P1Lbx0yY ceph-2a84d348-07c6-11f1-8cf1-d404e6e7d460
2026-02-12T03:52:18.866 INFO:journalctl@ceph.mgr.a.trial008.stdout:Feb 12 03:52:18 trial008 ceph-2a84d348-07c6-11f1-8cf1-d404e6e7d460-mgr-a[20595]: The key's randomart image is:
2026-02-12T03:52:18.866 INFO:journalctl@ceph.mgr.a.trial008.stdout:Feb 12 03:52:18 trial008 ceph-2a84d348-07c6-11f1-8cf1-d404e6e7d460-mgr-a[20595]: +--[ED25519 256]--+
2026-02-12T03:52:18.866 INFO:journalctl@ceph.mgr.a.trial008.stdout:Feb 12 03:52:18 trial008 ceph-2a84d348-07c6-11f1-8cf1-d404e6e7d460-mgr-a[20595]: | |
2026-02-12T03:52:18.866 INFO:journalctl@ceph.mgr.a.trial008.stdout:Feb 12 03:52:18 trial008 ceph-2a84d348-07c6-11f1-8cf1-d404e6e7d460-mgr-a[20595]: | . . |
2026-02-12T03:52:18.866 INFO:journalctl@ceph.mgr.a.trial008.stdout:Feb 12 03:52:18 trial008 ceph-2a84d348-07c6-11f1-8cf1-d404e6e7d460-mgr-a[20595]: | . . . .o o + |
2026-02-12T03:52:18.866 INFO:journalctl@ceph.mgr.a.trial008.stdout:Feb 12 03:52:18 trial008 ceph-2a84d348-07c6-11f1-8cf1-d404e6e7d460-mgr-a[20595]: | o ...o+o + . |
2026-02-12T03:52:18.866 INFO:journalctl@ceph.mgr.a.trial008.stdout:Feb 12 03:52:18 trial008 ceph-2a84d348-07c6-11f1-8cf1-d404e6e7d460-mgr-a[20595]: | . S..=o = |
2026-02-12T03:52:18.866 INFO:journalctl@ceph.mgr.a.trial008.stdout:Feb 12 03:52:18 trial008 ceph-2a84d348-07c6-11f1-8cf1-d404e6e7d460-mgr-a[20595]: | . + +o..o +.|
2026-02-12T03:52:18.866 INFO:journalctl@ceph.mgr.a.trial008.stdout:Feb 12 03:52:18 trial008 ceph-2a84d348-07c6-11f1-8cf1-d404e6e7d460-mgr-a[20595]: | .oo .o o E.+|
2026-02-12T03:52:18.866 INFO:journalctl@ceph.mgr.a.trial008.stdout:Feb 12 03:52:18 trial008 ceph-2a84d348-07c6-11f1-8cf1-d404e6e7d460-mgr-a[20595]: | ....=o+.= o.|
2026-02-12T03:52:18.866 INFO:journalctl@ceph.mgr.a.trial008.stdout:Feb 12 03:52:18 trial008 ceph-2a84d348-07c6-11f1-8cf1-d404e6e7d460-mgr-a[20595]: | .. =*Oo.++ |
2026-02-12T03:52:18.867 INFO:journalctl@ceph.mgr.a.trial008.stdout:Feb 12 03:52:18 trial008 ceph-2a84d348-07c6-11f1-8cf1-d404e6e7d460-mgr-a[20595]: +----[SHA256]-----+
2026-02-12T03:52:19.054 INFO:teuthology.orchestra.run.trial008.stdout:/usr/bin/ceph: stdout ssh-ed25519 AAAAC3NzaC1lZDI1NTE5AAAAILdq5FyHik0jWlH4c4fMicE3/J2q4g8lEqEYNjnVoHPy ceph-2a84d348-07c6-11f1-8cf1-d404e6e7d460
2026-02-12T03:52:19.054 INFO:teuthology.orchestra.run.trial008.stdout:/usr/bin/ceph: stderr
2026-02-12T03:52:18.918+0000 7f58c3009640 1 Processor -- start
2026-02-12T03:52:19.054 INFO:teuthology.orchestra.run.trial008.stdout:/usr/bin/ceph: stderr
2026-02-12T03:52:18.918+0000 7f58c3009640 1 -- start start
2026-02-12T03:52:19.054 INFO:teuthology.orchestra.run.trial008.stdout:/usr/bin/ceph: stderr
2026-02-12T03:52:18.918+0000 7f58c3009640 1 --2- >> [v2:10.20.193.8:3300/0,v1:10.20.193.8:6789/0] conn(0x7f58bc110260 0x7f58bc110650 unknown :-1 s=NONE pgs=0 cs=0 l=0 rev1=0 crypto rx=0 tx=0 comp rx=0 tx=0).connect
2026-02-12T03:52:19.054 INFO:teuthology.orchestra.run.trial008.stdout:/usr/bin/ceph: stderr
2026-02-12T03:52:18.918+0000 7f58c3009640 1 -- --> [v2:10.20.193.8:3300/0,v1:10.20.193.8:6789/0] -- mon_getmap magic: 0 -- 0x7f58bc110c40 con 0x7f58bc110260
2026-02-12T03:52:19.054 INFO:teuthology.orchestra.run.trial008.stdout:/usr/bin/ceph: stderr
2026-02-12T03:52:18.918+0000 7f58c0d7e640 1 --2- >> [v2:10.20.193.8:3300/0,v1:10.20.193.8:6789/0] conn(0x7f58bc110260 0x7f58bc110650 unknown :-1 s=BANNER_CONNECTING pgs=0 cs=0 l=0 rev1=0 crypto rx=0 tx=0 comp rx=0 tx=0)._handle_peer_banner_payload supported=3 required=0
2026-02-12T03:52:19.054 INFO:teuthology.orchestra.run.trial008.stdout:/usr/bin/ceph: stderr
2026-02-12T03:52:18.918+0000 7f58c0d7e640 1 --2- >> [v2:10.20.193.8:3300/0,v1:10.20.193.8:6789/0] conn(0x7f58bc110260 0x7f58bc110650 unknown :-1 s=HELLO_CONNECTING pgs=0 cs=0 l=0 rev1=1 crypto rx=0 tx=0 comp rx=0 tx=0).handle_hello peer v2:10.20.193.8:3300/0 says I am v2:10.20.193.8:36906/0 (socket says 10.20.193.8:36906)
2026-02-12T03:52:19.054 INFO:teuthology.orchestra.run.trial008.stdout:/usr/bin/ceph: stderr
2026-02-12T03:52:18.918+0000 7f58c0d7e640 1 -- 10.20.193.8:0/2493257650 learned_addr learned my addr 10.20.193.8:0/2493257650 (peer_addr_for_me v2:10.20.193.8:0/0)
2026-02-12T03:52:19.055 INFO:teuthology.orchestra.run.trial008.stdout:/usr/bin/ceph: stderr
2026-02-12T03:52:18.918+0000 7f58c0d7e640 1 -- 10.20.193.8:0/2493257650 --> [v2:10.20.193.8:3300/0,v1:10.20.193.8:6789/0] -- mon_subscribe({config=0+,monmap=0+}) -- 0x7f58bc110dc0 con 0x7f58bc110260
2026-02-12T03:52:19.055 INFO:teuthology.orchestra.run.trial008.stdout:/usr/bin/ceph: stderr
2026-02-12T03:52:18.919+0000 7f58c0d7e640 1 --2- 10.20.193.8:0/2493257650 >> [v2:10.20.193.8:3300/0,v1:10.20.193.8:6789/0] conn(0x7f58bc110260 0x7f58bc110650 secure :-1 s=READY pgs=43 cs=0 l=1 rev1=1 crypto rx=0x7f58ac009870 tx=0x7f58ac02eed0 comp rx=0 tx=0).ready entity=mon.0 client_cookie=e4345d26c2d15cd8 server_cookie=0 in_seq=0 out_seq=0
2026-02-12T03:52:19.055 INFO:teuthology.orchestra.run.trial008.stdout:/usr/bin/ceph: stderr
2026-02-12T03:52:18.919+0000 7f58b37fe640 1 -- 10.20.193.8:0/2493257650 <== mon.0 v2:10.20.193.8:3300/0 1 ==== mon_map magic: 0 ==== 205+0+0 (secure 0 0 0) 0x7f58ac03c070 con 0x7f58bc110260
2026-02-12T03:52:19.055 INFO:teuthology.orchestra.run.trial008.stdout:/usr/bin/ceph: stderr
2026-02-12T03:52:18.919+0000 7f58b37fe640 1 -- 10.20.193.8:0/2493257650 <== mon.0 v2:10.20.193.8:3300/0 2 ==== config(25 keys) ==== 1006+0+0 (secure 0 0 0) 0x7f58ac037440 con 0x7f58bc110260
2026-02-12T03:52:19.055 INFO:teuthology.orchestra.run.trial008.stdout:/usr/bin/ceph: stderr
2026-02-12T03:52:18.919+0000 7f58b37fe640 1 -- 10.20.193.8:0/2493257650 <== mon.0 v2:10.20.193.8:3300/0 3 ==== mon_map magic: 0 ==== 205+0+0 (secure 0 0 0) 0x7f58ac0354d0 con 0x7f58bc110260
2026-02-12T03:52:19.055 INFO:teuthology.orchestra.run.trial008.stdout:/usr/bin/ceph: stderr
2026-02-12T03:52:18.919+0000 7f58c3009640 1 -- 10.20.193.8:0/2493257650 >> [v2:10.20.193.8:3300/0,v1:10.20.193.8:6789/0] conn(0x7f58bc110260 msgr2=0x7f58bc110650 secure :-1 s=STATE_CONNECTION_ESTABLISHED l=1).mark_down
2026-02-12T03:52:19.055 INFO:teuthology.orchestra.run.trial008.stdout:/usr/bin/ceph: stderr
2026-02-12T03:52:18.919+0000 7f58c3009640 1 --2- 10.20.193.8:0/2493257650 >> [v2:10.20.193.8:3300/0,v1:10.20.193.8:6789/0] conn(0x7f58bc110260 0x7f58bc110650 secure :-1 s=READY pgs=43 cs=0 l=1 rev1=1 crypto rx=0x7f58ac009870 tx=0x7f58ac02eed0 comp rx=0 tx=0).stop
2026-02-12T03:52:19.055 INFO:teuthology.orchestra.run.trial008.stdout:/usr/bin/ceph: stderr
2026-02-12T03:52:18.919+0000 7f58c3009640 1 -- 10.20.193.8:0/2493257650 shutdown_connections
2026-02-12T03:52:19.055 INFO:teuthology.orchestra.run.trial008.stdout:/usr/bin/ceph: stderr
2026-02-12T03:52:18.919+0000 7f58c3009640 1 --2- 10.20.193.8:0/2493257650 >> [v2:10.20.193.8:3300/0,v1:10.20.193.8:6789/0] conn(0x7f58bc110260 0x7f58bc110650 unknown :-1 s=CLOSED pgs=43 cs=0 l=1 rev1=1 crypto rx=0 tx=0 comp rx=0 tx=0).stop
