2026-02-12T03:52:27.022 INFO:teuthology.orchestra.run.trial008.stdout:/usr/bin/ceph: stderr
2026-02-12T03:52:23.302+0000 7f9659955640 5 mgrc start_tell_command no mgr session (no running mgr daemon?), or not active mgr, waiting
2026-02-12T03:52:27.022 INFO:teuthology.orchestra.run.trial008.stdout:/usr/bin/ceph: stderr
2026-02-12T03:52:23.302+0000 7f9658953640 1 -- 10.20.193.8:0/3907254105 <== mon.0 v2:10.20.193.8:3300/0 4 ==== mgrmap(e 9) ==== 52010+0+0 (secure 0 0 0) 0x7f964802f960 con 0x7f9654110260
2026-02-12T03:52:27.022 INFO:teuthology.orchestra.run.trial008.stdout:/usr/bin/ceph: stderr
2026-02-12T03:52:23.302+0000 7f9658953640 20 mgrc handle_mgr_map mgrmap(e 9)
2026-02-12T03:52:27.022 INFO:teuthology.orchestra.run.trial008.stdout:/usr/bin/ceph: stderr
2026-02-12T03:52:23.302+0000 7f9658953640 4 mgrc handle_mgr_map Got map version 9
2026-02-12T03:52:27.022 INFO:teuthology.orchestra.run.trial008.stdout:/usr/bin/ceph: stderr
2026-02-12T03:52:23.302+0000 7f9658953640 4 mgrc handle_mgr_map Active mgr is now [v2:10.20.193.8:6800/1670982829,v1:10.20.193.8:6801/1670982829]
2026-02-12T03:52:27.022 INFO:teuthology.orchestra.run.trial008.stdout:/usr/bin/ceph: stderr
2026-02-12T03:52:23.302+0000 7f9658953640 4 mgrc reconnect Starting new session with [v2:10.20.193.8:6800/1670982829,v1:10.20.193.8:6801/1670982829]
2026-02-12T03:52:27.022 INFO:teuthology.orchestra.run.trial008.stdout:/usr/bin/ceph: stderr
2026-02-12T03:52:23.303+0000 7f9658953640 1 --2- 10.20.193.8:0/3907254105 >> [v2:10.20.193.8:6800/1670982829,v1:10.20.193.8:6801/1670982829] conn(0x7f962803ed00 0x7f962805f1b0 unknown :-1 s=NONE pgs=0 cs=0 l=1 rev1=0 crypto rx=0 tx=0 comp rx=0 tx=0).connect
2026-02-12T03:52:27.023 INFO:teuthology.orchestra.run.trial008.stdout:/usr/bin/ceph: stderr
2026-02-12T03:52:23.303+0000 7f9658953640 10 mgrc reconnect resending 0 (tell)
2026-02-12T03:52:27.023 INFO:teuthology.orchestra.run.trial008.stdout:/usr/bin/ceph: stderr
2026-02-12T03:52:23.303+0000 7f9658953640 1 -- 10.20.193.8:0/3907254105 --> [v2:10.20.193.8:6800/1670982829,v1:10.20.193.8:6801/1670982829] -- command(tid 0: {"prefix": "get_command_descriptions"}) -- 0x7f962805f8c0 con 0x7f962803ed00
2026-02-12T03:52:27.023 INFO:teuthology.orchestra.run.trial008.stdout:/usr/bin/ceph: stderr
2026-02-12T03:52:23.303+0000 7f96527fc640 1 -- 10.20.193.8:0/3907254105 >> [v2:10.20.193.8:6800/1670982829,v1:10.20.193.8:6801/1670982829] conn(0x7f962803ed00 msgr2=0x7f962805f1b0 unknown :-1 s=STATE_CONNECTING_RE l=1).process reconnect failed to v2:10.20.193.8:6800/1670982829
2026-02-12T03:52:27.023 INFO:teuthology.orchestra.run.trial008.stdout:/usr/bin/ceph: stderr
2026-02-12T03:52:23.303+0000 7f9658953640 1 -- 10.20.193.8:0/3907254105 <== mon.0 v2:10.20.193.8:3300/0 5 ==== osd_map(2..2 src has 1..2) ==== 935+0+0 (secure 0 0 0) 0x7f9648077df0 con 0x7f9654110260
2026-02-12T03:52:27.023 INFO:teuthology.orchestra.run.trial008.stdout:/usr/bin/ceph: stderr
2026-02-12T03:52:23.303+0000 7f96527fc640 1 --2- 10.20.193.8:0/3907254105 >> [v2:10.20.193.8:6800/1670982829,v1:10.20.193.8:6801/1670982829] conn(0x7f962803ed00 0x7f962805f1b0 unknown :-1 s=START_CONNECT pgs=0 cs=0 l=1 rev1=0 crypto rx=0 tx=0 comp rx=0 tx=0)._fault waiting 0.200000
2026-02-12T03:52:27.023 INFO:teuthology.orchestra.run.trial008.stdout:/usr/bin/ceph: stderr
2026-02-12T03:52:23.504+0000 7f96527fc640 1 -- 10.20.193.8:0/3907254105 >> [v2:10.20.193.8:6800/1670982829,v1:10.20.193.8:6801/1670982829] conn(0x7f962803ed00 msgr2=0x7f962805f1b0 unknown :-1 s=STATE_CONNECTING_RE l=1).process reconnect failed to v2:10.20.193.8:6800/1670982829
2026-02-12T03:52:27.023 INFO:teuthology.orchestra.run.trial008.stdout:/usr/bin/ceph: stderr
2026-02-12T03:52:23.504+0000 7f96527fc640 1 --2- 10.20.193.8:0/3907254105 >> [v2:10.20.193.8:6800/1670982829,v1:10.20.193.8:6801/1670982829] conn(0x7f962803ed00 0x7f962805f1b0 unknown :-1 s=START_CONNECT pgs=0 cs=0 l=1 rev1=0 crypto rx=0 tx=0 comp rx=0 tx=0)._fault waiting 0.400000
2026-02-12T03:52:27.023 INFO:teuthology.orchestra.run.trial008.stdout:/usr/bin/ceph: stderr
2026-02-12T03:52:23.905+0000 7f96527fc640 1 -- 10.20.193.8:0/3907254105 >> [v2:10.20.193.8:6800/1670982829,v1:10.20.193.8:6801/1670982829] conn(0x7f962803ed00 msgr2=0x7f962805f1b0 unknown :-1 s=STATE_CONNECTING_RE l=1).process reconnect failed to v2:10.20.193.8:6800/1670982829
2026-02-12T03:52:27.023 INFO:teuthology.orchestra.run.trial008.stdout:/usr/bin/ceph: stderr
2026-02-12T03:52:23.905+0000 7f96527fc640 1 --2- 10.20.193.8:0/3907254105 >> [v2:10.20.193.8:6800/1670982829,v1:10.20.193.8:6801/1670982829] conn(0x7f962803ed00 0x7f962805f1b0 unknown :-1 s=START_CONNECT pgs=0 cs=0 l=1 rev1=0 crypto rx=0 tx=0 comp rx=0 tx=0)._fault waiting 0.800000
2026-02-12T03:52:27.023 INFO:teuthology.orchestra.run.trial008.stdout:/usr/bin/ceph: stderr
2026-02-12T03:52:24.706+0000 7f96527fc640 1 -- 10.20.193.8:0/3907254105 >> [v2:10.20.193.8:6800/1670982829,v1:10.20.193.8:6801/1670982829] conn(0x7f962803ed00 msgr2=0x7f962805f1b0 unknown :-1 s=STATE_CONNECTING_RE l=1).process reconnect failed to v2:10.20.193.8:6800/1670982829
2026-02-12T03:52:27.023 INFO:teuthology.orchestra.run.trial008.stdout:/usr/bin/ceph: stderr
2026-02-12T03:52:24.706+0000 7f96527fc640 1 --2- 10.20.193.8:0/3907254105 >> [v2:10.20.193.8:6800/1670982829,v1:10.20.193.8:6801/1670982829] conn(0x7f962803ed00 0x7f962805f1b0 unknown :-1 s=START_CONNECT pgs=0 cs=0 l=1 rev1=0 crypto rx=0 tx=0 comp rx=0 tx=0)._fault waiting 1.600000
2026-02-12T03:52:27.023 INFO:teuthology.orchestra.run.trial008.stdout:/usr/bin/ceph: stderr
2026-02-12T03:52:25.678+0000 7f9658953640 1 -- 10.20.193.8:0/3907254105 <== mon.0 v2:10.20.193.8:3300/0 6 ==== mgrmap(e 10) ==== 51777+0+0 (secure 0 0 0) 0x7f9648076510 con 0x7f9654110260
2026-02-12T03:52:27.024 INFO:teuthology.orchestra.run.trial008.stdout:/usr/bin/ceph: stderr
2026-02-12T03:52:25.678+0000 7f9658953640 20 mgrc handle_mgr_map mgrmap(e 10)
2026-02-12T03:52:27.024 INFO:teuthology.orchestra.run.trial008.stdout:/usr/bin/ceph: stderr
2026-02-12T03:52:25.678+0000 7f9658953640 4 mgrc handle_mgr_map Got map version 10
2026-02-12T03:52:27.024 INFO:teuthology.orchestra.run.trial008.stdout:/usr/bin/ceph: stderr
2026-02-12T03:52:25.678+0000 7f9658953640 4 mgrc handle_mgr_map Active mgr is now
2026-02-12T03:52:27.024 INFO:teuthology.orchestra.run.trial008.stdout:/usr/bin/ceph: stderr
2026-02-12T03:52:25.678+0000 7f9658953640 4 mgrc reconnect Terminating session with v2:10.20.193.8:6800/1670982829
2026-02-12T03:52:27.024 INFO:teuthology.orchestra.run.trial008.stdout:/usr/bin/ceph: stderr
2026-02-12T03:52:25.678+0000 7f9658953640 1 -- 10.20.193.8:0/3907254105 >> [v2:10.20.193.8:6800/1670982829,v1:10.20.193.8:6801/1670982829] conn(0x7f962803ed00 msgr2=0x7f962805f1b0 unknown :-1 s=STATE_CONNECTING l=1).mark_down
2026-02-12T03:52:27.024 INFO:teuthology.orchestra.run.trial008.stdout:/usr/bin/ceph: stderr
2026-02-12T03:52:25.678+0000 7f9658953640 1 --2- 10.20.193.8:0/3907254105 >> [v2:10.20.193.8:6800/1670982829,v1:10.20.193.8:6801/1670982829] conn(0x7f962803ed00 0x7f962805f1b0 unknown :-1 s=START_CONNECT pgs=0 cs=0 l=1 rev1=0 crypto rx=0 tx=0 comp rx=0 tx=0).stop
2026-02-12T03:52:27.024 INFO:teuthology.orchestra.run.trial008.stdout:/usr/bin/ceph: stderr
2026-02-12T03:52:25.678+0000 7f9658953640 4 mgrc reconnect No active mgr available yet
2026-02-12T03:52:27.024 INFO:teuthology.orchestra.run.trial008.stdout:/usr/bin/ceph: stderr
2026-02-12T03:52:26.679+0000 7f9658953640 1 -- 10.20.193.8:0/3907254105 <== mon.0 v2:10.20.193.8:3300/0 7 ==== mgrmap(e 11) ==== 51904+0+0 (secure 0 0 0) 0x7f9648076c10 con 0x7f9654110260
2026-02-12T03:52:27.024 INFO:teuthology.orchestra.run.trial008.stdout:/usr/bin/ceph: stderr
2026-02-12T03:52:26.679+0000 7f9658953640 20 mgrc handle_mgr_map mgrmap(e 11)
2026-02-12T03:52:27.024 INFO:teuthology.orchestra.run.trial008.stdout:/usr/bin/ceph: stderr
2026-02-12T03:52:26.679+0000 7f9658953640 4 mgrc handle_mgr_map Got map version 11
2026-02-12T03:52:27.024 INFO:teuthology.orchestra.run.trial008.stdout:/usr/bin/ceph: stderr
2026-02-12T03:52:26.679+0000 7f9658953640 4 mgrc handle_mgr_map Active mgr is now [v2:10.20.193.8:6800/3392837929,v1:10.20.193.8:6801/3392837929]
2026-02-12T03:52:27.024 INFO:teuthology.orchestra.run.trial008.stdout:/usr/bin/ceph: stderr
2026-02-12T03:52:26.679+0000 7f9658953640 4 mgrc reconnect Starting new session with [v2:10.20.193.8:6800/3392837929,v1:10.20.193.8:6801/3392837929]
2026-02-12T03:52:27.024 INFO:teuthology.orchestra.run.trial008.stdout:/usr/bin/ceph: stderr
2026-02-12T03:52:26.679+0000 7f9658953640 1 --2- 10.20.193.8:0/3907254105 >> [v2:10.20.193.8:6800/3392837929,v1:10.20.193.8:6801/3392837929] conn(0x7f9628060700 0x7f9628080ae0 unknown :-1 s=NONE pgs=0 cs=0 l=1 rev1=0 crypto rx=0 tx=0 comp rx=0 tx=0).connect
2026-02-12T03:52:27.025 INFO:teuthology.orchestra.run.trial008.stdout:/usr/bin/ceph: stderr
2026-02-12T03:52:26.679+0000 7f9658953640 10 mgrc reconnect resending 0 (tell)
2026-02-12T03:52:27.025 INFO:teuthology.orchestra.run.trial008.stdout:/usr/bin/ceph: stderr
2026-02-12T03:52:26.679+0000 7f9658953640 1 -- 10.20.193.8:0/3907254105 --> [v2:10.20.193.8:6800/3392837929,v1:10.20.193.8:6801/3392837929] -- command(tid 0: {"prefix": "get_command_descriptions"}) -- 0x7f9648041ec0 con 0x7f9628060700
2026-02-12T03:52:27.025 INFO:teuthology.orchestra.run.trial008.stdout:/usr/bin/ceph: stderr
2026-02-12T03:52:26.679+0000 7f96527fc640 1 --2- 10.20.193.8:0/3907254105 >> [v2:10.20.193.8:6800/3392837929,v1:10.20.193.8:6801/3392837929] conn(0x7f9628060700 0x7f9628080ae0 unknown :-1 s=BANNER_CONNECTING pgs=0 cs=0 l=1 rev1=0 crypto rx=0 tx=0 comp rx=0 tx=0)._handle_peer_banner_payload supported=3 required=0
2026-02-12T03:52:27.025 INFO:teuthology.orchestra.run.trial008.stdout:/usr/bin/ceph: stderr
2026-02-12T03:52:26.680+0000 7f96527fc640 1 --2- 10.20.193.8:0/3907254105 >> [v2:10.20.193.8:6800/3392837929,v1:10.20.193.8:6801/3392837929] conn(0x7f9628060700 0x7f9628080ae0 secure :-1 s=READY pgs=1 cs=0 l=1 rev1=1 crypto rx=0x7f963c003a70 tx=0x7f963c009270 comp rx=0 tx=0).ready entity=mgr.14152 client_cookie=0 server_cookie=0 in_seq=0 out_seq=0
2026-02-12T03:52:27.025 INFO:teuthology.orchestra.run.trial008.stdout:/usr/bin/ceph: stderr
2026-02-12T03:52:26.680+0000 7f9658953640 1 -- 10.20.193.8:0/3907254105 <== mgr.14152 v2:10.20.193.8:6800/3392837929 1 ==== command_reply(tid 0: 0 ) ==== 8+0+9559 (secure 0 0 0) 0x7f9648041ec0 con 0x7f9628060700
2026-02-12T03:52:27.025 INFO:teuthology.orchestra.run.trial008.stdout:/usr/bin/ceph: stderr
2026-02-12T03:52:26.680+0000 7f9658953640 20 mgrc handle_command_reply tid 0 r 0
2026-02-12T03:52:27.025 INFO:teuthology.orchestra.run.trial008.stdout:/usr/bin/ceph: stderr
2026-02-12T03:52:26.684+0000 7f9659955640 20 mgrc start_tell_command target: cmd: [{"prefix": "mgr_status"}]
2026-02-12T03:52:27.025 INFO:teuthology.orchestra.run.trial008.stdout:/usr/bin/ceph: stderr
2026-02-12T03:52:26.684+0000 7f9659955640 1 -- 10.20.193.8:0/3907254105 --> [v2:10.20.193.8:6800/3392837929,v1:10.20.193.8:6801/3392837929] -- command(tid 1: {"prefix": "mgr_status"}) -- 0x7f9654110630 con 0x7f9628060700
2026-02-12T03:52:27.025 INFO:teuthology.orchestra.run.trial008.stdout:/usr/bin/ceph: stderr
2026-02-12T03:52:26.684+0000 7f9658953640 1 -- 10.20.193.8:0/3907254105 <== mgr.14152 v2:10.20.193.8:6800/3392837929 2 ==== command_reply(tid 1: 0 ) ==== 8+0+52 (secure 0 0 0) 0x7f9654110630 con 0x7f9628060700
2026-02-12T03:52:27.025 INFO:teuthology.orchestra.run.trial008.stdout:/usr/bin/ceph: stderr
2026-02-12T03:52:26.684+0000 7f9658953640 20 mgrc handle_command_reply tid 1 r 0
2026-02-12T03:52:27.025 INFO:teuthology.orchestra.run.trial008.stdout:/usr/bin/ceph: stderr
2026-02-12T03:52:26.684+0000 7f9659955640 10 mgrc shutdown
2026-02-12T03:52:27.026 INFO:teuthology.orchestra.run.trial008.stdout:/usr/bin/ceph: stderr
2026-02-12T03:52:26.684+0000 7f9659955640 1 -- 10.20.193.8:0/3907254105 >> [v2:10.20.193.8:6800/3392837929,v1:10.20.193.8:6801/3392837929] conn(0x7f9628060700 msgr2=0x7f9628080ae0 secure :-1 s=STATE_CONNECTION_ESTABLISHED l=1).mark_down
2026-02-12T03:52:27.026 INFO:teuthology.orchestra.run.trial008.stdout:/usr/bin/ceph: stderr
2026-02-12T03:52:26.684+0000 7f9659955640 1 --2- 10.20.193.8:0/3907254105 >> [v2:10.20.193.8:6800/3392837929,v1:10.20.193.8:6801/3392837929] conn(0x7f9628060700 0x7f9628080ae0 secure :-1 s=READY pgs=1 cs=0 l=1 rev1=1 crypto rx=0x7f963c003a70 tx=0x7f963c009270 comp rx=0 tx=0).stop
2026-02-12T03:52:27.026 INFO:teuthology.orchestra.run.trial008.stdout:/usr/bin/ceph: stderr
2026-02-12T03:52:26.684+0000 7f9659955640 1 -- 10.20.193.8:0/3907254105 >> [v2:10.20.193.8:3300/0,v1:10.20.193.8:6789/0] conn(0x7f9654110260 msgr2=0x7f965411f430 secure :-1 s=STATE_CONNECTION_ESTABLISHED l=1).mark_down
2026-02-12T03:52:27.026 INFO:teuthology.orchestra.run.trial008.stdout:/usr/bin/ceph: stderr
2026-02-12T03:52:26.684+0000 7f9659955640 1 --2- 10.20.193.8:0/3907254105 >> [v2:10.20.193.8:3300/0,v1:10.20.193.8:6789/0] conn(0x7f9654110260 0x7f965411f430 secure :-1 s=READY pgs=62 cs=0 l=1 rev1=1 crypto rx=0x7f9648002400 tx=0x7f9648035f80 comp rx=0 tx=0).stop
2026-02-12T03:52:27.026 INFO:teuthology.orchestra.run.trial008.stdout:/usr/bin/ceph: stderr
2026-02-12T03:52:26.684+0000 7f9659955640 1 -- 10.20.193.8:0/3907254105 shutdown_connections
2026-02-12T03:52:27.026 INFO:teuthology.orchestra.run.trial008.stdout:/usr/bin/ceph: stderr
2026-02-12T03:52:26.684+0000 7f9659955640 1 --2- 10.20.193.8:0/3907254105 >> [v2:10.20.193.8:6800/3392837929,v1:10.20.193.8:6801/3392837929] conn(0x7f9628060700 0x7f9628080ae0 unknown :-1 s=CLOSED pgs=1 cs=0 l=1 rev1=1 crypto rx=0 tx=0 comp rx=0 tx=0).stop
2026-02-12T03:52:27.026 INFO:teuthology.orchestra.run.trial008.stdout:/usr/bin/ceph: stderr
2026-02-12T03:52:26.684+0000 7f9659955640 1 --2- 10.20.193.8:0/3907254105 >> [v2:10.20.193.8:6800/1670982829,v1:10.20.193.8:6801/1670982829] conn(0x7f962803ed00 0x7f962805f1b0 unknown :-1 s=CLOSED pgs=0 cs=0 l=1 rev1=0 crypto rx=0 tx=0 comp rx=0 tx=0).stop
2026-02-12T03:52:27.026 INFO:teuthology.orchestra.run.trial008.stdout:/usr/bin/ceph: stderr
2026-02-12T03:52:26.684+0000 7f9659955640 1 --2- 10.20.193.8:0/3907254105 >> [v2:10.20.193.8:3300/0,v1:10.20.193.8:6789/0] conn(0x7f9654110260 0x7f965411f430 unknown :-1 s=CLOSED pgs=62 cs=0 l=1 rev1=1 crypto rx=0 tx=0 comp rx=0 tx=0).stop
2026-02-12T03:52:27.026 INFO:teuthology.orchestra.run.trial008.stdout:/usr/bin/ceph: stderr
2026-02-12T03:52:26.684+0000 7f9659955640 1 -- 10.20.193.8:0/3907254105 >> 10.20.193.8:0/3907254105 conn(0x7f96540656f0 msgr2=0x7f965410e690 unknown :-1 s=STATE_NONE l=0).mark_down
2026-02-12T03:52:27.026 INFO:teuthology.orchestra.run.trial008.stdout:/usr/bin/ceph: stderr
2026-02-12T03:52:26.684+0000 7f9659955640 1 -- 10.20.193.8:0/3907254105 shutdown_connections
2026-02-12T03:52:27.026 INFO:teuthology.orchestra.run.trial008.stdout:/usr/bin/ceph: stderr
2026-02-12T03:52:26.684+0000 7f9659955640 1 -- 10.20.193.8:0/3907254105 wait complete.
2026-02-12T03:52:27.027 INFO:teuthology.orchestra.run.trial008.stdout:mgr epoch 9 is available
2026-02-12T03:52:27.027 INFO:teuthology.orchestra.run.trial008.stdout:Using certmgr to generate dashboard self-signed certificate...
2026-02-12T03:52:28.029 INFO:journalctl@ceph.mon.a.trial008.stdout:Feb 12 03:52:27 trial008 ceph-mon[20342]: [12/Feb/2026:03:52:26] ENGINE Bus STARTING
2026-02-12T03:52:28.029 INFO:journalctl@ceph.mon.a.trial008.stdout:Feb 12 03:52:27 trial008 ceph-mon[20342]: [12/Feb/2026:03:52:26] ENGINE Serving on https://10.20.193.8:7150
2026-02-12T03:52:28.029 INFO:journalctl@ceph.mon.a.trial008.stdout:Feb 12 03:52:27 trial008 ceph-mon[20342]: [12/Feb/2026:03:52:26] ENGINE Client ('10.20.193.8', 48280) lost — peer dropped the TLS connection suddenly, during handshake: (6, 'TLS/SSL connection has been closed (EOF) (_ssl.c:1147)')
2026-02-12T03:52:28.029 INFO:journalctl@ceph.mon.a.trial008.stdout:Feb 12 03:52:27 trial008 ceph-mon[20342]: [12/Feb/2026:03:52:26] ENGINE Serving on http://10.20.193.8:8765
2026-02-12T03:52:28.029 INFO:journalctl@ceph.mon.a.trial008.stdout:Feb 12 03:52:27 trial008 ceph-mon[20342]: [12/Feb/2026:03:52:26] ENGINE Bus STARTED
2026-02-12T03:52:28.029 INFO:journalctl@ceph.mon.a.trial008.stdout:Feb 12 03:52:27 trial008 ceph-mon[20342]: from='client.14156 -' entity='client.admin' cmd=[{"prefix": "get_command_descriptions"}]: dispatch
2026-02-12T03:52:28.030 INFO:journalctl@ceph.mon.a.trial008.stdout:Feb 12 03:52:27 trial008 ceph-mon[20342]: from='client.14156 -' entity='client.admin' cmd=[{"prefix": "mgr_status"}]: dispatch
2026-02-12T03:52:28.529 INFO:teuthology.orchestra.run.trial008.stdout:/usr/bin/ceph: stdout {"cert": "-----BEGIN CERTIFICATE-----\nMIIE+TCCAuGgAwIBAgIURaUqDmBE2lpMuvNpjhXEESgBkVQwDQYJKoZIhvcNAQEL\nBQAwFzEVMBMGA1UEAwwMY2VwaGFkbS1yb290MB4XDTI2MDIxMjAzNTIyOFoXDTI5\nMDIxMTAzNTIyOFowFjEUMBIGA1UEAwwLMTAuMjAuMTkzLjgwggIiMA0GCSqGSIb3\nDQEBAQUAA4ICDwAwggIKAoICAQDFgYsOg1LTf/mfXo8319/NoF4s5wpkh9080uo5\nLoE5cEij8Pi6L266Dtfp9WHonshBWve/EuPgOtzPYq2jNSiQBeCMQ65G7P41clsO\nfABlTD2H0LbdfmXgDOUAKLDJrMoGXPLSh0dUoW8rG7lGlnDFKp9XmSNqTJsP4r7B\ns3WPGa3VMV7mkULl6rggNI6EDU61Law1lINxENxRSit6XRKMEqQq1MO5Fi/GS0Vm\nn5GS6ooNVmSy6iqrJWWj/BhrNlH2tc9q0eHyxvaOeFtfRJ1QD22QgW/cpMhv2mRG\nKftgaVKoPKQRo34HUZ8zIF0nVdoNKnLjYLK+GFWunZrVC6Ckex9tXll3WOs/cA6d\nAQ/Wfxq1T5mrO3oWsWBdaoT88k1lCVa42i/+jEbhOGjbRgxEk9sYUM54p/xLjZgd\nUMjUkujH7yBzRItRvIw8k7ln4savGJhhQXjct7DSceBlRbKBTYDVmq/qkXuiw7Vg\nRXnrNdch3IqTbfCFz1VrYC6I07KUbSgg1knxbyG7ss2ZFl2P93w5G5t8ZwfktRF+\nWUmcNTNEiX1dwSorxnybQP94pm36ax5cmk1T1E0irTYnbDzin+LebzV8VXNTdYix\nClMVvOiHTD2MDxY/xzlo9vm1WCLVBmLWacG3wEemTABW806UIzrZYR+n0XASXEms\nga/xvwIDAQABoz4wPDAsBgNVHREEJTAjggh0cmlhbDAwOIIRZGFzaGJvYXJkX3Nl\ncnZlcnOHBAoUwQgwDAYDVR0TAQH/BAIwADANBgkqhkiG9w0BAQsFAAOCAgEAhc4B\nURe9ItAGLLinU+QWF1eVLIH+m2hED2MVmptd0khBkCulococ2rXsdDEEvyXcOF2X\nSyA6BefqSJJ8gkYFcTCwZ27T65sYoL2SM4oSKcD4c6+5Hbbmi8X0vKBf03+XaLIB\nlPfrcdOb/LNptxlIIzh2EPujRzrLIZ+uQZ3dqdWAC0+MpNJBUhTQT3EodstWL+Tn\nAIhxRJfu3c19eKbkm/UKepL8EuqAyNQcycUrXkEamH93FU5ZmBQU3SKp/m42BpDH\nkmUJlxAM96YLfWOJVEdIU5IFjxM7+PZS06yUZDvCM51Akuvd76O9cFduvRcP/QZl\nCmqsWLY1RCWf6s1EHEBWNRo3Hhk1xuIAN8gM7f2qNHs252cogNED8jt5lYGZX7Bc\np6WgRONajQdB5SAU/tTcBgH2pTczjV89ixn1b+/MFJ80peFXBoUnlvjk6/qeWSPb\nlxMAVkmNFQpHIvsCIDbkd9XHWM6d0LTi4kYjMTg0BX0jkmfoAlyvZDNar4nqFpBw\nHjcEW1x1B2QvN9T+MQrRYy/+mWFeoG/dmvPiz7C/AdHqorG4z8bKsw0T5j9wZ4Xu\nT/AlasjfGbr0PadzjiaNRfZKjUX+mI7aGu1EPZxk/AR7AQpt/CWLzVKFkYXYa/g5\n7g9GZNAymNO8QKQjBTpJ6CYKg7rxbf8P1va/Xy4=\n-----END CERTIFICATE-----\n", "key": "-----BEGIN RSA PRIVATE KEY-----\nMIIJKAIBAAKCAgEAxYGLDoNS03/5n16PN9ffzaBeLOcKZIfdPNLqOS6BOXBIo/D4\nui9uug7X6fVh6J7IQVr3vxLj4Drcz2KtozUokAXgjEOuRuz+NXJbDnwAZUw9h9C2\n3X5l4AzlACiwyazKBlzy0odHVKFvKxu5RpZwxSqfV5kjakybD+K+wbN1jxmt1TFe\n5pFC5eq4IDSOhA1OtS2sNZSDcRDcUUorel0SjBKkKtTDuRYvxktFZp+RkuqKDVZk\nsuoqqyVlo/wYazZR9rXPatHh8sb2jnhbX0SdUA9tkIFv3KTIb9pkRin7YGlSqDyk\nEaN+B1GfMyBdJ1XaDSpy42CyvhhVrp2a1QugpHsfbV5Zd1jrP3AOnQEP1n8atU+Z\nqzt6FrFgXWqE/PJNZQlWuNov/oxG4Tho20YMRJPbGFDOeKf8S42YHVDI1JLox+8g\nc0SLUbyMPJO5Z+LGrxiYYUF43Lew0nHgZUWygU2A1Zqv6pF7osO1YEV56zXXIdyK\nk23whc9Va2AuiNOylG0oINZJ8W8hu7LNmRZdj/d8ORubfGcH5LURfllJnDUzRIl9\nXcEqK8Z8m0D/eKZt+mseXJpNU9RNIq02J2w84p/i3m81fFVzU3WIsQpTFbzoh0w9\njA8WP8c5aPb5tVgi1QZi1mnBt8BHpkwAVvNOlCM62WEfp9FwElxJrIGv8b8CAwEA\nAQKCAgAEG+9cNHA/NTzoy2tYYpXl7c23ynDFaaw5LTwxR13p54OjYYqTORRpK5Dj\nbbcFQ3RwI6fe4lI6Yo8gg3GQYTVAVdb3pBrWn+ykCQaK9Rp/AQiQsE91qUEOWcZT\n7ATNlVo4qqtkpOrfgGJTN8bxiIS9HWdmR6ncds6NFI8acZTjDso2ksniKyiEpw8A\noIdMiQhXraUVEktvyUWELXJdH92Ya3Td7UJLMgJ5cix196DsORP5NhBvRn7vw53r\nPP33ERDAfMTdeJNmXSxZB3kDMObC+Scy5/Z/VTBUX2tRqGLx/Q76sBRLx6aCGXkh\n86zsehVIy9bLE0J0wQXbVa0YfJ7xc8CeILWpSW2KtnBEUMeSOlBZAPvgyvdZS++D\nOmkA/BhUZWmmGTrHKQQqlH0jBMEU+kQqbEehcIFYYNXp7x1KPTMbmHZjzGtBqVpc\nWvXMrKUB0ilNdnTt7gKAauhLJSaVjimDhIOpYz4do4bvm6nG+2FEPn9/FgKIcToS\n959JSmOKrkkd+15/pY5WaqvopGgeVv0i2DY8pintORQhb5p2WH1FW6v5xPp9ucXP\nV4fHoYP/3L/gsch0Rmg0Y0AtxLfZJ0r+KDqj5lyU5ckAJDDbFR2+cGBXSg3SNu+5\nwF49MSwKYhJz3qrNmLpLvwU8GHsTHIcIub1+k1fIbZ7rCda/DQKCAQEA5Sb35j9d\nkfrO+6UFla7QTWFDf2rSNapHIeSlI+TNSJl14XtWyrjEHdM4gB9kIy8QmzvxhU62\nJ2KHImPPxoWWAt/CAHyOFtaBr23z/OeKbvtKWoAib5HIMf67RAHifTPzslBt3hyv\nsDQ4aU+WKixuUTvctkAncuitDshZnuOyriLwZEFdVadyuG29Wf+dakZqGS9l97FJ\nJA6kN6GkeYCTg6Jhp4wSz7Y+QGdhOlwsUqftRXzxprJYTLkz8IufcukFkCQaWAut\nN6RjgZBy8rzOiKWTMWkY3uMO3nMrmmwgSyZVDmR4hasTvYjLWFXmlqS6rcvUjDDw\nzcjDYBhhAN78gwKCAQEA3KVmq03TupRqEyklEdeuoSQfO+GJKdVk3SeTfa/6Io5i\nq+6gIqO/BegMGwD93mjY2JVCT5KWcu9ncpDQZeP82fHHxeaXlDVoZDsohGQZQwnr\n5HeBnGne7jFOZTdm0Y6pQN4Ky0etnU/i9P9YZ3UrkRqi+deYegXKVyAK9YifkmUa\nEcOCivb6/s2Ib9ZHdwBiNeQXIpXU71DcCqdsRuFbgFpfd4SwboprdLWLolr7ueLk\n69oJGkEh22m6FLWa3MRx7COBHX21xQFM0kmNkbhl0CDdvV7i054QwVuPrFl4P1ql\nr41Z1PEidLsy8rsIfp1YvEhjaEbOI2kEjzs3RYbpFQKCAQEAscqqTFqdnsWaEmTX\nEGux8lekpxeaQUj8J6/e8Rp0q/9lFq07ic4RW5KmI8I3T5UUrVy051lKuwQXFPec\nHctHuLMjMn1xQQbtV89XnsGHBtSxu8Xu8eGKEkAxy3Iq6DmGurLsi4h2R6A8pHi7\nab1PWne3py/fa6hbnTyVTFIeMD2rhh2w7OQefjmm0E0jNXGsoB3GX4eN2AwEHaWs\nlxjLWzaBzh0/+yjK4+1R4pXhTcA8t81ZMJzvJZgMVHYAIIfraQqZ5fYpTyKckcoh\nZXRYSm0s5wlD4qsIvk9dZVK/O49iLuiFGjDCACxCmScM4ZStwmqDXsIaE4/RBp3j\npWldQQKCAQAgcES23JtLK/SoWn0zsVTgJfJdmFvVBaVtihr5+Hw6xlolUtDCJva3\nhJT7B1tLbniq5s636iIqRZ4czsOEp08OL6iiJLOWO3/cdIIRbLH2FChVD2jDuSDo\nPeF7qfh4yJODkOFfX2tb3FnOkRfLJgPAsnzRZGvrTJyh0Hkr/ekP2cNKZ0by7Tqb\naVYsswEQssK9j4oDMKn8gRPIkTKu/QS5yw+L/7r8lWcU4nfj56Jogr4LGqQJ8xdq\nLZII52YcHNlu0Q1za37ktrs3k0635Lc7MQnIhIGugOePtclamlC+Z7JCK/LQBp99\nL+ReoTavfqyECdRriTVXKWJdOGR42Uu9AoIBADI6z4MVYUSI/N4R0fkadnReJbil\ntJTDXHHJOWaKITbF8JPKijvq3heLWIzA122werUsg3XCk40mUV8GMAPSTBX1SGrs\nDqXSx/8y2uzovhsb5N2EJ1U37UxJPwl9K4x1hu+zXRCY292AZl+NVQYHR/EzVSqF\nuC/56YdXKUDUoQbEndMhrVIifw0oyqcEB/FzOMEqlU6jn5sO3yPO0FHeNE6iWDy9\nHucJuiFSu4sVG/HW77EmIWymynIgNIVoWphKRPeUz6DO5NHbucYPjSIiRr/6jjTO\nfUxfvhZa1Yv6apQYRQK3aXWtZFFPSTD3DlJbf3QBqVc0a065VZ+pxIMyrw8=\n-----END RSA PRIVATE KEY-----\n"}
2026-02-12T03:52:28.529 INFO:teuthology.orchestra.run.trial008.stdout:/usr/bin/ceph: stderr
2026-02-12T03:52:27.479+0000 7ff59a0b0640 1 Processor -- start
2026-02-12T03:52:28.529 INFO:teuthology.orchestra.run.trial008.stdout:/usr/bin/ceph: stderr
2026-02-12T03:52:27.479+0000 7ff59a0b0640 1 -- start start
2026-02-12T03:52:28.529 INFO:teuthology.orchestra.run.trial008.stdout:/usr/bin/ceph: stderr
2026-02-12T03:52:27.479+0000 7ff59a0b0640 1 --2- >> [v2:10.20.193.8:3300/0,v1:10.20.193.8:6789/0] conn(0x7ff594110260 0x7ff594110650 unknown :-1 s=NONE pgs=0 cs=0 l=0 rev1=0 crypto rx=0 tx=0 comp rx=0 tx=0).connect
2026-02-12T03:52:28.530 INFO:teuthology.orchestra.run.trial008.stdout:/usr/bin/ceph: stderr
2026-02-12T03:52:27.479+0000 7ff59a0b0640 1 -- --> [v2:10.20.193.8:3300/0,v1:10.20.193.8:6789/0] -- mon_getmap magic: 0 -- 0x7ff594110c40 con 0x7ff594110260
2026-02-12T03:52:28.530 INFO:teuthology.orchestra.run.trial008.stdout:/usr/bin/ceph: stderr
2026-02-12T03:52:27.479+0000 7ff5937fe640 1 --2- >> [v2:10.20.193.8:3300/0,v1:10.20.193.8:6789/0] conn(0x7ff594110260 0x7ff594110650 unknown :-1 s=BANNER_CONNECTING pgs=0 cs=0 l=0 rev1=0 crypto rx=0 tx=0 comp rx=0 tx=0)._handle_peer_banner_payload supported=3 required=0
2026-02-12T03:52:28.530 INFO:teuthology.orchestra.run.trial008.stdout:/usr/bin/ceph: stderr
2026-02-12T03:52:27.479+0000 7ff5937fe640 1 --2- >> [v2:10.20.193.8:3300/0,v1:10.20.193.8:6789/0] conn(0x7ff594110260 0x7ff594110650 unknown :-1 s=HELLO_CONNECTING pgs=0 cs=0 l=0 rev1=1 crypto rx=0 tx=0 comp rx=0 tx=0).handle_hello peer v2:10.20.193.8:3300/0 says I am v2:10.20.193.8:36740/0 (socket says 10.20.193.8:36740)
2026-02-12T03:52:28.530 INFO:teuthology.orchestra.run.trial008.stdout:/usr/bin/ceph: stderr
2026-02-12T03:52:27.479+0000 7ff5937fe640 1 -- 10.20.193.8:0/4125244376 learned_addr learned my addr 10.20.193.8:0/4125244376 (peer_addr_for_me v2:10.20.193.8:0/0)
2026-02-12T03:52:28.530 INFO:teuthology.orchestra.run.trial008.stdout:/usr/bin/ceph: stderr
2026-02-12T03:52:27.480+0000 7ff5937fe640 1 -- 10.20.193.8:0/4125244376 --> [v2:10.20.193.8:3300/0,v1:10.20.193.8:6789/0] -- mon_subscribe({config=0+,monmap=0+}) -- 0x7ff594110dc0 con 0x7ff594110260
2026-02-12T03:52:28.530 INFO:teuthology.orchestra.run.trial008.stdout:/usr/bin/ceph: stderr
2026-02-12T03:52:27.480+0000 7ff5937fe640 1 --2- 10.20.193.8:0/4125244376 >> [v2:10.20.193.8:3300/0,v1:10.20.193.8:6789/0] conn(0x7ff594110260 0x7ff594110650 secure :-1 s=READY pgs=70 cs=0 l=1 rev1=1 crypto rx=0x7ff580009870 tx=0x7ff58002eed0 comp rx=0 tx=0).ready entity=mon.0 client_cookie=946c7b086a534dbf server_cookie=0 in_seq=0 out_seq=0
2026-02-12T03:52:28.530 INFO:teuthology.orchestra.run.trial008.stdout:/usr/bin/ceph: stderr
2026-02-12T03:52:27.480+0000 7ff5927fc640 1 -- 10.20.193.8:0/4125244376 <== mon.0 v2:10.20.193.8:3300/0 1 ==== mon_map magic: 0 ==== 205+0+0 (secure 0 0 0) 0x7ff58003c070 con 0x7ff594110260
2026-02-12T03:52:28.530 INFO:teuthology.orchestra.run.trial008.stdout:/usr/bin/ceph: stderr
2026-02-12T03:52:27.480+0000 7ff5927fc640 1 -- 10.20.193.8:0/4125244376 <== mon.0 v2:10.20.193.8:3300/0 2 ==== config(25 keys) ==== 1037+0+0 (secure 0 0 0) 0x7ff580037440 con 0x7ff594110260
2026-02-12T03:52:28.530 INFO:teuthology.orchestra.run.trial008.stdout:/usr/bin/ceph: stderr
2026-02-12T03:52:27.480+0000 7ff5927fc640 1 -- 10.20.193.8:0/4125244376 <== mon.0 v2:10.20.193.8:3300/0 3 ==== mon_map magic: 0 ==== 205+0+0 (secure 0 0 0) 0x7ff5800354d0 con 0x7ff594110260
2026-02-12T03:52:28.530 INFO:teuthology.orchestra.run.trial008.stdout:/usr/bin/ceph: stderr
2026-02-12T03:52:27.481+0000 7ff59a0b0640 1 -- 10.20.193.8:0/4125244376 >> [v2:10.20.193.8:3300/0,v1:10.20.193.8:6789/0] conn(0x7ff594110260 msgr2=0x7ff594110650 secure :-1 s=STATE_CONNECTION_ESTABLISHED l=1).mark_down
2026-02-12T03:52:28.530 INFO:teuthology.orchestra.run.trial008.stdout:/usr/bin/ceph: stderr
2026-02-12T03:52:27.481+0000 7ff59a0b0640 1 --2- 10.20.193.8:0/4125244376 >> [v2:10.20.193.8:3300/0,v1:10.20.193.8:6789/0] conn(0x7ff594110260 0x7ff594110650 secure :-1 s=READY pgs=70 cs=0 l=1 rev1=1 crypto rx=0x7ff580009870 tx=0x7ff58002eed0 comp rx=0 tx=0).stop
2026-02-12T03:52:28.530 INFO:teuthology.orchestra.run.trial008.stdout:/usr/bin/ceph: stderr
2026-02-12T03:52:27.481+0000 7ff59a0b0640 1 -- 10.20.193.8:0/4125244376 shutdown_connections
2026-02-12T03:52:28.531 INFO:teuthology.orchestra.run.trial008.stdout:/usr/bin/ceph: stderr
2026-02-12T03:52:27.481+0000 7ff59a0b0640 1 --2- 10.20.193.8:0/4125244376 >> [v2:10.20.193.8:3300/0,v1:10.20.193.8:6789/0] conn(0x7ff594110260 0x7ff594110650 unknown :-1 s=CLOSED pgs=70 cs=0 l=1 rev1=1 crypto rx=0 tx=0 comp rx=0 tx=0).stop
2026-02-12T03:52:28.531 INFO:teuthology.orchestra.run.trial008.stdout:/usr/bin/ceph: stderr
2026-02-12T03:52:27.481+0000 7ff59a0b0640 1 -- 10.20.193.8:0/4125244376 >> 10.20.193.8:0/4125244376 conn(0x7ff5940656a0 msgr2=0x7ff594065aa0 unknown :-1 s=STATE_NONE l=0).mark_down
2026-02-12T03:52:28.531 INFO:teuthology.orchestra.run.trial008.stdout:/usr/bin/ceph: stderr
2026-02-12T03:52:27.481+0000 7ff59a0b0640 1 -- 10.20.193.8:0/4125244376 shutdown_connections
2026-02-12T03:52:28.531 INFO:teuthology.orchestra.run.trial008.stdout:/usr/bin/ceph: stderr
2026-02-12T03:52:27.481+0000 7ff59a0b0640 1 -- 10.20.193.8:0/4125244376 wait complete.
2026-02-12T03:52:28.531 INFO:teuthology.orchestra.run.trial008.stdout:/usr/bin/ceph: stderr
2026-02-12T03:52:27.481+0000 7ff59a0b0640 1 Processor -- start
2026-02-12T03:52:28.531 INFO:teuthology.orchestra.run.trial008.stdout:/usr/bin/ceph: stderr
2026-02-12T03:52:27.481+0000 7ff59a0b0640 1 -- start start
2026-02-12T03:52:28.531 INFO:teuthology.orchestra.run.trial008.stdout:/usr/bin/ceph: stderr
2026-02-12T03:52:27.481+0000 7ff59a0b0640 1 --2- >> [v2:10.20.193.8:3300/0,v1:10.20.193.8:6789/0] conn(0x7ff594110260 0x7ff59411f430 unknown :-1 s=NONE pgs=0 cs=0 l=1 rev1=0 crypto rx=0 tx=0 comp rx=0 tx=0).connect
2026-02-12T03:52:28.531 INFO:teuthology.orchestra.run.trial008.stdout:/usr/bin/ceph: stderr
2026-02-12T03:52:27.481+0000 7ff59a0b0640 1 -- --> [v2:10.20.193.8:3300/0,v1:10.20.193.8:6789/0] -- mon_getmap magic: 0 -- 0x7ff5941326e0 con 0x7ff594110260
2026-02-12T03:52:28.531 INFO:teuthology.orchestra.run.trial008.stdout:/usr/bin/ceph: stderr
2026-02-12T03:52:27.481+0000 7ff5937fe640 1 --2- >> [v2:10.20.193.8:3300/0,v1:10.20.193.8:6789/0] conn(0x7ff594110260 0x7ff59411f430 unknown :-1 s=BANNER_CONNECTING pgs=0 cs=0 l=1 rev1=0 crypto rx=0 tx=0 comp rx=0 tx=0)._handle_peer_banner_payload supported=3 required=0
2026-02-12T03:52:28.531 INFO:teuthology.orchestra.run.trial008.stdout:/usr/bin/ceph: stderr
2026-02-12T03:52:27.481+0000 7ff5937fe640 1 --2- >> [v2:10.20.193.8:3300/0,v1:10.20.193.8:6789/0] conn(0x7ff594110260 0x7ff59411f430 unknown :-1 s=HELLO_CONNECTING pgs=0 cs=0 l=1 rev1=1 crypto rx=0 tx=0 comp rx=0 tx=0).handle_hello peer v2:10.20.193.8:3300/0 says I am v2:10.20.193.8:36756/0 (socket says 10.20.193.8:36756)
2026-02-12T03:52:28.531 INFO:teuthology.orchestra.run.trial008.stdout:/usr/bin/ceph: stderr
2026-02-12T03:52:27.481+0000 7ff5937fe640 1 -- 10.20.193.8:0/1179119401 learned_addr learned my addr 10.20.193.8:0/1179119401 (peer_addr_for_me v2:10.20.193.8:0/0)
2026-02-12T03:52:28.531 INFO:teuthology.orchestra.run.trial008.stdout:/usr/bin/ceph: stderr
2026-02-12T03:52:27.481+0000 7ff5937fe640 1 -- 10.20.193.8:0/1179119401 --> [v2:10.20.193.8:3300/0,v1:10.20.193.8:6789/0] -- mon_subscribe({config=0+,monmap=0+}) -- 0x7ff59411f990 con 0x7ff594110260
2026-02-12T03:52:28.532 INFO:teuthology.orchestra.run.trial008.stdout:/usr/bin/ceph: stderr
2026-02-12T03:52:27.481+0000 7ff5937fe640 1 --2- 10.20.193.8:0/1179119401 >> [v2:10.20.193.8:3300/0,v1:10.20.193.8:6789/0] conn(0x7ff594110260 0x7ff59411f430 secure :-1 s=READY pgs=71 cs=0 l=1 rev1=1 crypto rx=0x7ff580002400 tx=0x7ff580035f80 comp rx=0 tx=0).ready entity=mon.0 client_cookie=0 server_cookie=0 in_seq=0 out_seq=0
2026-02-12T03:52:28.532 INFO:teuthology.orchestra.run.trial008.stdout:/usr/bin/ceph: stderr
2026-02-12T03:52:27.482+0000 7ff590ff9640 1 -- 10.20.193.8:0/1179119401 <== mon.0 v2:10.20.193.8:3300/0 1 ==== mon_map magic: 0 ==== 205+0+0 (secure 0 0 0) 0x7ff58003c070 con 0x7ff594110260
2026-02-12T03:52:28.532 INFO:teuthology.orchestra.run.trial008.stdout:/usr/bin/ceph: stderr
2026-02-12T03:52:27.482+0000 7ff59a0b0640 1 -- 10.20.193.8:0/1179119401 --> [v2:10.20.193.8:3300/0,v1:10.20.193.8:6789/0] -- mon_subscribe({mgrmap=0+}) -- 0x7ff59411fc20 con 0x7ff594110260
2026-02-12T03:52:28.532 INFO:teuthology.orchestra.run.trial008.stdout:/usr/bin/ceph: stderr
2026-02-12T03:52:27.482+0000 7ff590ff9640 1 -- 10.20.193.8:0/1179119401 <== mon.0 v2:10.20.193.8:3300/0 2 ==== config(25 keys) ==== 1037+0+0 (secure 0 0 0) 0x7ff58002fdd0 con 0x7ff594110260
2026-02-12T03:52:28.532 INFO:teuthology.orchestra.run.trial008.stdout:/usr/bin/ceph: stderr
2026-02-12T03:52:27.482+0000 7ff590ff9640 1 -- 10.20.193.8:0/1179119401 <== mon.0 v2:10.20.193.8:3300/0 3 ==== mon_map magic: 0 ==== 205+0+0 (secure 0 0 0) 0x7ff580003890 con 0x7ff594110260
2026-02-12T03:52:28.532 INFO:teuthology.orchestra.run.trial008.stdout:/usr/bin/ceph: stderr
2026-02-12T03:52:27.482+0000 7ff59a0b0640 1 -- 10.20.193.8:0/1179119401 --> [v2:10.20.193.8:3300/0,v1:10.20.193.8:6789/0] -- mon_subscribe({osdmap=0}) -- 0x7ff5941205e0 con 0x7ff594110260
2026-02-12T03:52:28.532 INFO:teuthology.orchestra.run.trial008.stdout:/usr/bin/ceph: stderr
2026-02-12T03:52:27.482+0000 7ff59a0b0640 1 -- 10.20.193.8:0/1179119401 --> [v2:10.20.193.8:3300/0,v1:10.20.193.8:6789/0] -- mon_command({"prefix": "get_command_descriptions"} v 0) -- 0x7ff594110630 con 0x7ff594110260
2026-02-12T03:52:28.532 INFO:teuthology.orchestra.run.trial008.stdout:/usr/bin/ceph: stderr
2026-02-12T03:52:27.482+0000 7ff590ff9640 1 -- 10.20.193.8:0/1179119401 <== mon.0 v2:10.20.193.8:3300/0 4 ==== mgrmap(e 11) ==== 51904+0+0 (secure 0 0 0) 0x7ff58002f960 con 0x7ff594110260
2026-02-12T03:52:28.532 INFO:teuthology.orchestra.run.trial008.stdout:/usr/bin/ceph: stderr
2026-02-12T03:52:27.482+0000 7ff590ff9640 20 mgrc handle_mgr_map mgrmap(e 11)
2026-02-12T03:52:28.532 INFO:teuthology.orchestra.run.trial008.stdout:/usr/bin/ceph: stderr
2026-02-12T03:52:27.482+0000 7ff590ff9640 4 mgrc handle_mgr_map Got map version 11
2026-02-12T03:52:28.532 INFO:teuthology.orchestra.run.trial008.stdout:/usr/bin/ceph: stderr
2026-02-12T03:52:27.482+0000 7ff590ff9640 4 mgrc handle_mgr_map Active mgr is now [v2:10.20.193.8:6800/3392837929,v1:10.20.193.8:6801/3392837929]
2026-02-12T03:52:28.532 INFO:teuthology.orchestra.run.trial008.stdout:/usr/bin/ceph: stderr
2026-02-12T03:52:27.482+0000 7ff590ff9640 4 mgrc reconnect Starting new session with [v2:10.20.193.8:6800/3392837929,v1:10.20.193.8:6801/3392837929]
2026-02-12T03:52:28.532 INFO:teuthology.orchestra.run.trial008.stdout:/usr/bin/ceph: stderr
2026-02-12T03:52:27.482+0000 7ff590ff9640 1 --2- 10.20.193.8:0/1179119401 >> [v2:10.20.193.8:6800/3392837929,v1:10.20.193.8:6801/3392837929] conn(0x7ff56803eb90 0x7ff56805f040 unknown :-1 s=NONE pgs=0 cs=0 l=1 rev1=0 crypto rx=0 tx=0 comp rx=0 tx=0).connect
2026-02-12T03:52:28.533 INFO:teuthology.orchestra.run.trial008.stdout:/usr/bin/ceph: stderr
2026-02-12T03:52:27.482+0000 7ff590ff9640 1 -- 10.20.193.8:0/1179119401 <== mon.0 v2:10.20.193.8:3300/0 5 ==== osd_map(3..3 src has 1..3) ==== 1150+0+0 (secure 0 0 0) 0x7ff580077d40 con 0x7ff594110260
2026-02-12T03:52:28.533 INFO:teuthology.orchestra.run.trial008.stdout:/usr/bin/ceph: stderr
2026-02-12T03:52:27.483+0000 7ff592ffd640 1 --2- 10.20.193.8:0/1179119401 >> [v2:10.20.193.8:6800/3392837929,v1:10.20.193.8:6801/3392837929] conn(0x7ff56803eb90 0x7ff56805f040 unknown :-1 s=BANNER_CONNECTING pgs=0 cs=0 l=1 rev1=0 crypto rx=0 tx=0 comp rx=0 tx=0)._handle_peer_banner_payload supported=3 required=0
2026-02-12T03:52:28.533 INFO:teuthology.orchestra.run.trial008.stdout:/usr/bin/ceph: stderr
2026-02-12T03:52:27.483+0000 7ff592ffd640 1 --2- 10.20.193.8:0/1179119401 >> [v2:10.20.193.8:6800/3392837929,v1:10.20.193.8:6801/3392837929] conn(0x7ff56803eb90 0x7ff56805f040 secure :-1 s=READY pgs=7 cs=0 l=1 rev1=1 crypto rx=0x7ff584004770 tx=0x7ff584006e90 comp rx=0 tx=0).ready entity=mgr.14152 client_cookie=0 server_cookie=0 in_seq=0 out_seq=0
2026-02-12T03:52:28.533 INFO:teuthology.orchestra.run.trial008.stdout:/usr/bin/ceph: stderr
2026-02-12T03:52:27.485+0000 7ff590ff9640 1 -- 10.20.193.8:0/1179119401 <== mon.0 v2:10.20.193.8:3300/0 6 ==== mon_command_ack([{"prefix": "get_command_descriptions"}]=0 v0) ==== 72+0+232485 (secure 0 0 0) 0x7ff580044420 con 0x7ff594110260
2026-02-12T03:52:28.533 INFO:teuthology.orchestra.run.trial008.stdout:/usr/bin/ceph: stderr
2026-02-12T03:52:27.596+0000 7ff59a0b0640 20 mgrc start_command cmd: [{"prefix": "orch certmgr generate-certificates", "module_name": "dashboard", "target": ["mon-mgr", ""]}]
2026-02-12T03:52:28.533 INFO:teuthology.orchestra.run.trial008.stdout:/usr/bin/ceph: stderr
2026-02-12T03:52:27.596+0000 7ff59a0b0640 1 -- 10.20.193.8:0/1179119401 --> [v2:10.20.193.8:6800/3392837929,v1:10.20.193.8:6801/3392837929] -- mgr_command(tid 0: {"prefix": "orch certmgr generate-certificates", "module_name": "dashboard", "target": ["mon-mgr", ""]}) -- 0x7ff59410eda0 con 0x7ff56803eb90
2026-02-12T03:52:28.533 INFO:teuthology.orchestra.run.trial008.stdout:/usr/bin/ceph: stderr
2026-02-12T03:52:27.732+0000 7ff590ff9640 1 -- 10.20.193.8:0/1179119401 <== mon.0 v2:10.20.193.8:3300/0 7 ==== mgrmap(e 12) ==== 52010+0+0 (secure 0 0 0) 0x7ff58004ccb0 con 0x7ff594110260
2026-02-12T03:52:28.533 INFO:teuthology.orchestra.run.trial008.stdout:/usr/bin/ceph: stderr
2026-02-12T03:52:27.732+0000 7ff590ff9640 20 mgrc handle_mgr_map mgrmap(e 12)
2026-02-12T03:52:28.533 INFO:teuthology.orchestra.run.trial008.stdout:/usr/bin/ceph: stderr
2026-02-12T03:52:27.732+0000 7ff590ff9640 4 mgrc handle_mgr_map Got map version 12
2026-02-12T03:52:28.533 INFO:teuthology.orchestra.run.trial008.stdout:/usr/bin/ceph: stderr
2026-02-12T03:52:27.732+0000 7ff590ff9640 4 mgrc handle_mgr_map Active mgr is now [v2:10.20.193.8:6800/3392837929,v1:10.20.193.8:6801/3392837929]
2026-02-12T03:52:28.533 INFO:teuthology.orchestra.run.trial008.stdout:/usr/bin/ceph: stderr
2026-02-12T03:52:28.500+0000 7ff590ff9640 1 -- 10.20.193.8:0/1179119401 <== mgr.14152 v2:10.20.193.8:6800/3392837929 1 ==== mgr_command_reply(tid 0: 0 ) ==== 8+0+5132 (secure 0 0 0) 0x7ff59410eda0 con 0x7ff56803eb90
2026-02-12T03:52:28.533 INFO:teuthology.orchestra.run.trial008.stdout:/usr/bin/ceph: stderr
2026-02-12T03:52:28.500+0000 7ff590ff9640 20 mgrc handle_command_reply tid 0 r 0
2026-02-12T03:52:28.534 INFO:teuthology.orchestra.run.trial008.stdout:/usr/bin/ceph: stderr
2026-02-12T03:52:28.502+0000 7ff59a0b0640 10 mgrc shutdown
2026-02-12T03:52:28.534 INFO:teuthology.orchestra.run.trial008.stdout:/usr/bin/ceph: stderr
2026-02-12T03:52:28.502+0000 7ff59a0b0640 1 -- 10.20.193.8:0/1179119401 >> [v2:10.20.193.8:6800/3392837929,v1:10.20.193.8:6801/3392837929] conn(0x7ff56803eb90 msgr2=0x7ff56805f040 secure :-1 s=STATE_CONNECTION_ESTABLISHED l=1).mark_down
2026-02-12T03:52:28.534 INFO:teuthology.orchestra.run.trial008.stdout:/usr/bin/ceph: stderr
2026-02-12T03:52:28.502+0000 7ff59a0b0640 1 --2- 10.20.193.8:0/1179119401 >> [v2:10.20.193.8:6800/3392837929,v1:10.20.193.8:6801/3392837929] conn(0x7ff56803eb90 0x7ff56805f040 secure :-1 s=READY pgs=7 cs=0 l=1 rev1=1 crypto rx=0x7ff584004770 tx=0x7ff584006e90 comp rx=0 tx=0).stop
2026-02-12T03:52:28.534 INFO:teuthology.orchestra.run.trial008.stdout:/usr/bin/ceph: stderr
2026-02-12T03:52:28.502+0000 7ff59a0b0640 1 -- 10.20.193.8:0/1179119401 >> [v2:10.20.193.8:3300/0,v1:10.20.193.8:6789/0] conn(0x7ff594110260 msgr2=0x7ff59411f430 secure :-1 s=STATE_CONNECTION_ESTABLISHED l=1).mark_down
2026-02-12T03:52:28.534 INFO:teuthology.orchestra.run.trial008.stdout:/usr/bin/ceph: stderr
2026-02-12T03:52:28.502+0000 7ff59a0b0640 1 --2- 10.20.193.8:0/1179119401 >> [v2:10.20.193.8:3300/0,v1:10.20.193.8:6789/0] conn(0x7ff594110260 0x7ff59411f430 secure :-1 s=READY pgs=71 cs=0 l=1 rev1=1 crypto rx=0x7ff580002400 tx=0x7ff580035f80 comp rx=0 tx=0).stop
2026-02-12T03:52:28.534 INFO:teuthology.orchestra.run.trial008.stdout:/usr/bin/ceph: stderr
2026-02-12T03:52:28.502+0000 7ff59a0b0640 1 -- 10.20.193.8:0/1179119401 shutdown_connections
2026-02-12T03:52:28.534 INFO:teuthology.orchestra.run.trial008.stdout:/usr/bin/ceph: stderr
2026-02-12T03:52:28.502+0000 7ff59a0b0640 1 --2- 10.20.193.8:0/1179119401 >> [v2:10.20.193.8:6800/3392837929,v1:10.20.193.8:6801/3392837929] conn(0x7ff56803eb90 0x7ff56805f040 unknown :-1 s=CLOSED pgs=7 cs=0 l=1 rev1=1 crypto rx=0 tx=0 comp rx=0 tx=0).stop
2026-02-12T03:52:28.534 INFO:teuthology.orchestra.run.trial008.stdout:/usr/bin/ceph: stderr
2026-02-12T03:52:28.502+0000 7ff59a0b0640 1 --2- 10.20.193.8:0/1179119401 >> [v2:10.20.193.8:3300/0,v1:10.20.193.8:6789/0] conn(0x7ff594110260 0x7ff59411f430 unknown :-1 s=CLOSED pgs=71 cs=0 l=1 rev1=1 crypto rx=0 tx=0 comp rx=0 tx=0).stop
2026-02-12T03:52:28.534 INFO:teuthology.orchestra.run.trial008.stdout:/usr/bin/ceph: stderr
2026-02-12T03:52:28.503+0000 7ff59a0b0640 1 -- 10.20.193.8:0/1179119401 >> 10.20.193.8:0/1179119401 conn(0x7ff5940656a0 msgr2=0x7ff59410e690 unknown :-1 s=STATE_NONE l=0).mark_down
2026-02-12T03:52:28.534 INFO:teuthology.orchestra.run.trial008.stdout:/usr/bin/ceph: stderr
2026-02-12T03:52:28.503+0000 7ff59a0b0640 1 -- 10.20.193.8:0/1179119401 shutdown_connections
2026-02-12T03:52:28.534 INFO:teuthology.orchestra.run.trial008.stdout:/usr/bin/ceph: stderr
2026-02-12T03:52:28.503+0000 7ff59a0b0640 1 -- 10.20.193.8:0/1179119401 wait complete.
2026-02-12T03:52:28.756 INFO:journalctl@ceph.mon.a.trial008.stdout:Feb 12 03:52:28 trial008 ceph-mon[20342]: from='client.14164 -' entity='client.admin' cmd=[{"prefix": "orch certmgr generate-certificates", "module_name": "dashboard", "target": ["mon-mgr", ""]}]: dispatch
2026-02-12T03:52:28.756 INFO:journalctl@ceph.mon.a.trial008.stdout:Feb 12 03:52:28 trial008 ceph-mon[20342]: mgrmap e12: a(active, since 2s)
2026-02-12T03:52:28.766 INFO:teuthology.orchestra.run.trial008.stdout:/usr/bin/ceph: stdout SSL certificate updated
2026-02-12T03:52:28.766 INFO:teuthology.orchestra.run.trial008.stdout:/usr/bin/ceph: stderr
2026-02-12T03:52:28.615+0000 7f407386b640 1 Processor -- start
2026-02-12T03:52:28.767 INFO:teuthology.orchestra.run.trial008.stdout:/usr/bin/ceph: stderr
2026-02-12T03:52:28.616+0000 7f407386b640 1 -- start start
2026-02-12T03:52:28.767 INFO:teuthology.orchestra.run.trial008.stdout:/usr/bin/ceph: stderr
2026-02-12T03:52:28.616+0000 7f407386b640 1 --2- >> [v2:10.20.193.8:3300/0,v1:10.20.193.8:6789/0] conn(0x7f406c110260 0x7f406c110650 unknown :-1 s=NONE pgs=0 cs=0 l=0 rev1=0 crypto rx=0 tx=0 comp rx=0 tx=0).connect
2026-02-12T03:52:28.767 INFO:teuthology.orchestra.run.trial008.stdout:/usr/bin/ceph: stderr
2026-02-12T03:52:28.616+0000 7f407386b640 1 -- --> [v2:10.20.193.8:3300/0,v1:10.20.193.8:6789/0] -- mon_getmap magic: 0 -- 0x7f406c110c40 con 0x7f406c110260
2026-02-12T03:52:28.767 INFO:teuthology.orchestra.run.trial008.stdout:/usr/bin/ceph: stderr
2026-02-12T03:52:28.616+0000 7f40715e0640 1 --2- >> [v2:10.20.193.8:3300/0,v1:10.20.193.8:6789/0] conn(0x7f406c110260 0x7f406c110650 unknown :-1 s=BANNER_CONNECTING pgs=0 cs=0 l=0 rev1=0 crypto rx=0 tx=0 comp rx=0 tx=0)._handle_peer_banner_payload supported=3 required=0
2026-02-12T03:52:28.767 INFO:teuthology.orchestra.run.trial008.stdout:/usr/bin/ceph: stderr
2026-02-12T03:52:28.616+0000 7f40715e0640 1 --2- >> [v2:10.20.193.8:3300/0,v1:10.20.193.8:6789/0] conn(0x7f406c110260 0x7f406c110650 unknown :-1 s=HELLO_CONNECTING pgs=0 cs=0 l=0 rev1=1 crypto rx=0 tx=0 comp rx=0 tx=0).handle_hello peer v2:10.20.193.8:3300/0 says I am v2:10.20.193.8:36764/0 (socket says 10.20.193.8:36764)
2026-02-12T03:52:28.767 INFO:teuthology.orchestra.run.trial008.stdout:/usr/bin/ceph: stderr
2026-02-12T03:52:28.616+0000 7f40715e0640 1 -- 10.20.193.8:0/528664781 learned_addr learned my addr 10.20.193.8:0/528664781 (peer_addr_for_me v2:10.20.193.8:0/0)
2026-02-12T03:52:28.767 INFO:teuthology.orchestra.run.trial008.stdout:/usr/bin/ceph: stderr
2026-02-12T03:52:28.616+0000 7f40715e0640 1 -- 10.20.193.8:0/528664781 --> [v2:10.20.193.8:3300/0,v1:10.20.193.8:6789/0] -- mon_subscribe({config=0+,monmap=0+}) -- 0x7f406c110dc0 con 0x7f406c110260
2026-02-12T03:52:28.767 INFO:teuthology.orchestra.run.trial008.stdout:/usr/bin/ceph: stderr
2026-02-12T03:52:28.617+0000 7f40715e0640 1 --2- 10.20.193.8:0/528664781 >> [v2:10.20.193.8:3300/0,v1:10.20.193.8:6789/0] conn(0x7f406c110260 0x7f406c110650 secure :-1 s=READY pgs=72 cs=0 l=1 rev1=1 crypto rx=0x7f405c009870 tx=0x7f405c02eed0 comp rx=0 tx=0).ready entity=mon.0 client_cookie=fbaf4e0e75a1cffe server_cookie=0 in_seq=0 out_seq=0
2026-02-12T03:52:28.767 INFO:teuthology.orchestra.run.trial008.stdout:/usr/bin/ceph: stderr
2026-02-12T03:52:28.617+0000 7f405bfff640 1 -- 10.20.193.8:0/528664781 <== mon.0 v2:10.20.193.8:3300/0 1 ==== mon_map magic: 0 ==== 205+0+0 (secure 0 0 0) 0x7f405c03c070 con 0x7f406c110260
2026-02-12T03:52:28.767 INFO:teuthology.orchestra.run.trial008.stdout:/usr/bin/ceph: stderr
2026-02-12T03:52:28.617+0000 7f405bfff640 1 -- 10.20.193.8:0/528664781 <== mon.0 v2:10.20.193.8:3300/0 2 ==== config(25 keys) ==== 1037+0+0 (secure 0 0 0) 0x7f405c037440 con 0x7f406c110260
2026-02-12T03:52:28.767 INFO:teuthology.orchestra.run.trial008.stdout:/usr/bin/ceph: stderr
2026-02-12T03:52:28.617+0000 7f405bfff640 1 -- 10.20.193.8:0/528664781 <== mon.0 v2:10.20.193.8:3300/0 3 ==== mon_map magic: 0 ==== 205+0+0 (secure 0 0 0) 0x7f405c0354d0 con 0x7f406c110260
2026-02-12T03:52:28.768 INFO:teuthology.orchestra.run.trial008.stdout:/usr/bin/ceph: stderr
2026-02-12T03:52:28.617+0000 7f407386b640 1 -- 10.20.193.8:0/528664781 >> [v2:10.20.193.8:3300/0,v1:10.20.193.8:6789/0] conn(0x7f406c110260 msgr2=0x7f406c110650 secure :-1 s=STATE_CONNECTION_ESTABLISHED l=1).mark_down
2026-02-12T03:52:28.768 INFO:teuthology.orchestra.run.trial008.stdout:/usr/bin/ceph: stderr
2026-02-12T03:52:28.617+0000 7f407386b640 1 --2- 10.20.193.8:0/528664781 >> [v2:10.20.193.8:3300/0,v1:10.20.193.8:6789/0] conn(0x7f406c110260 0x7f406c110650 secure :-1 s=READY pgs=72 cs=0 l=1 rev1=1 crypto rx=0x7f405c009870 tx=0x7f405c02eed0 comp rx=0 tx=0).stop
2026-02-12T03:52:28.768 INFO:teuthology.orchestra.run.trial008.stdout:/usr/bin/ceph: stderr
2026-02-12T03:52:28.617+0000 7f407386b640 1 -- 10.20.193.8:0/528664781 shutdown_connections
2026-02-12T03:52:28.768 INFO:teuthology.orchestra.run.trial008.stdout:/usr/bin/ceph: stderr
2026-02-12T03:52:28.617+0000 7f407386b640 1 --2- 10.20.193.8:0/528664781 >> [v2:10.20.193.8:3300/0,v1:10.20.193.8:6789/0] conn(0x7f406c110260 0x7f406c110650 unknown :-1 s=CLOSED pgs=72 cs=0 l=1 rev1=1 crypto rx=0 tx=0 comp rx=0 tx=0).stop
2026-02-12T03:52:28.768 INFO:teuthology.orchestra.run.trial008.stdout:/usr/bin/ceph: stderr
2026-02-12T03:52:28.617+0000 7f407386b640 1 -- 10.20.193.8:0/528664781 >> 10.20.193.8:0/528664781 conn(0x7f406c065650 msgr2=0x7f406c065a90 unknown :-1 s=STATE_NONE l=0).mark_down
2026-02-12T03:52:28.768 INFO:teuthology.orchestra.run.trial008.stdout:/usr/bin/ceph: stderr
2026-02-12T03:52:28.617+0000 7f407386b640 1 -- 10.20.193.8:0/528664781 shutdown_connections
2026-02-12T03:52:28.768 INFO:teuthology.orchestra.run.trial008.stdout:/usr/bin/ceph: stderr
2026-02-12T03:52:28.617+0000 7f407386b640 1 -- 10.20.193.8:0/528664781 wait complete.
2026-02-12T03:52:28.768 INFO:teuthology.orchestra.run.trial008.stdout:/usr/bin/ceph: stderr
2026-02-12T03:52:28.617+0000 7f407386b640 1 Processor -- start
2026-02-12T03:52:28.768 INFO:teuthology.orchestra.run.trial008.stdout:/usr/bin/ceph: stderr
2026-02-12T03:52:28.618+0000 7f407386b640 1 -- start start
2026-02-12T03:52:28.768 INFO:teuthology.orchestra.run.trial008.stdout:/usr/bin/ceph: stderr
2026-02-12T03:52:28.618+0000 7f407386b640 1 --2- >> [v2:10.20.193.8:3300/0,v1:10.20.193.8:6789/0] conn(0x7f406c110260 0x7f406c11f430 unknown :-1 s=NONE pgs=0 cs=0 l=1 rev1=0 crypto rx=0 tx=0 comp rx=0 tx=0).connect
2026-02-12T03:52:28.768 INFO:teuthology.orchestra.run.trial008.stdout:/usr/bin/ceph: stderr
2026-02-12T03:52:28.618+0000 7f407386b640 1 -- --> [v2:10.20.193.8:3300/0,v1:10.20.193.8:6789/0] -- mon_getmap magic: 0 -- 0x7f406c1326e0 con 0x7f406c110260
2026-02-12T03:52:28.768 INFO:teuthology.orchestra.run.trial008.stdout:/usr/bin/ceph: stderr
2026-02-12T03:52:28.618+0000 7f40715e0640 1 --2- >> [v2:10.20.193.8:3300/0,v1:10.20.193.8:6789/0] conn(0x7f406c110260 0x7f406c11f430 unknown :-1 s=BANNER_CONNECTING pgs=0 cs=0 l=1 rev1=0 crypto rx=0 tx=0 comp rx=0 tx=0)._handle_peer_banner_payload supported=3 required=0
2026-02-12T03:52:28.768 INFO:teuthology.orchestra.run.trial008.stdout:/usr/bin/ceph: stderr
2026-02-12T03:52:28.618+0000 7f40715e0640 1 --2- >> [v2:10.20.193.8:3300/0,v1:10.20.193.8:6789/0] conn(0x7f406c110260 0x7f406c11f430 unknown :-1 s=HELLO_CONNECTING pgs=0 cs=0 l=1 rev1=1 crypto rx=0 tx=0 comp rx=0 tx=0).handle_hello peer v2:10.20.193.8:3300/0 says I am v2:10.20.193.8:36766/0 (socket says 10.20.193.8:36766)
2026-02-12T03:52:28.769 INFO:teuthology.orchestra.run.trial008.stdout:/usr/bin/ceph: stderr
2026-02-12T03:52:28.618+0000 7f40715e0640 1 -- 10.20.193.8:0/3919039497 learned_addr learned my addr 10.20.193.8:0/3919039497 (peer_addr_for_me v2:10.20.193.8:0/0)
2026-02-12T03:52:28.769 INFO:teuthology.orchestra.run.trial008.stdout:/usr/bin/ceph: stderr
2026-02-12T03:52:28.618+0000 7f40715e0640 1 -- 10.20.193.8:0/3919039497 --> [v2:10.20.193.8:3300/0,v1:10.20.193.8:6789/0] -- mon_subscribe({config=0+,monmap=0+}) -- 0x7f406c11f990 con 0x7f406c110260
2026-02-12T03:52:28.769 INFO:teuthology.orchestra.run.trial008.stdout:/usr/bin/ceph: stderr
2026-02-12T03:52:28.618+0000 7f40715e0640 1 --2- 10.20.193.8:0/3919039497 >> [v2:10.20.193.8:3300/0,v1:10.20.193.8:6789/0] conn(0x7f406c110260 0x7f406c11f430 secure :-1 s=READY pgs=73 cs=0 l=1 rev1=1 crypto rx=0x7f405c037ce0 tx=0x7f405c004750 comp rx=0 tx=0).ready entity=mon.0 client_cookie=0 server_cookie=0 in_seq=0 out_seq=0
2026-02-12T03:52:28.769 INFO:teuthology.orchestra.run.trial008.stdout:/usr/bin/ceph: stderr
2026-02-12T03:52:28.618+0000 7f405a7fc640 1 -- 10.20.193.8:0/3919039497 <== mon.0 v2:10.20.193.8:3300/0 1 ==== mon_map magic: 0 ==== 205+0+0 (secure 0 0 0) 0x7f405c03c070 con 0x7f406c110260
2026-02-12T03:52:28.769 INFO:teuthology.orchestra.run.trial008.stdout:/usr/bin/ceph: stderr
2026-02-12T03:52:28.618+0000 7f405a7fc640 1 -- 10.20.193.8:0/3919039497 <== mon.0 v2:10.20.193.8:3300/0 2 ==== config(25 keys) ==== 1037+0+0 (secure 0 0 0) 0x7f405c02fdd0 con 0x7f406c110260
2026-02-12T03:52:28.769 INFO:teuthology.orchestra.run.trial008.stdout:/usr/bin/ceph: stderr
2026-02-12T03:52:28.618+0000 7f407386b640 1 -- 10.20.193.8:0/3919039497 --> [v2:10.20.193.8:3300/0,v1:10.20.193.8:6789/0] -- mon_subscribe({mgrmap=0+}) -- 0x7f406c11fc20 con 0x7f406c110260
2026-02-12T03:52:28.769 INFO:teuthology.orchestra.run.trial008.stdout:/usr/bin/ceph: stderr
2026-02-12T03:52:28.618+0000 7f405a7fc640 1 -- 10.20.193.8:0/3919039497 <== mon.0 v2:10.20.193.8:3300/0 3 ==== mon_map magic: 0 ==== 205+0+0 (secure 0 0 0) 0x7f405c003890 con 0x7f406c110260
2026-02-12T03:52:28.769 INFO:teuthology.orchestra.run.trial008.stdout:/usr/bin/ceph: stderr
2026-02-12T03:52:28.618+0000 7f407386b640 1 -- 10.20.193.8:0/3919039497 --> [v2:10.20.193.8:3300/0,v1:10.20.193.8:6789/0] -- mon_subscribe({osdmap=0}) -- 0x7f406c1205e0 con 0x7f406c110260
2026-02-12T03:52:28.769 INFO:teuthology.orchestra.run.trial008.stdout:/usr/bin/ceph: stderr
2026-02-12T03:52:28.619+0000 7f405a7fc640 1 -- 10.20.193.8:0/3919039497 <== mon.0 v2:10.20.193.8:3300/0 4 ==== mgrmap(e 12) ==== 52010+0+0 (secure 0 0 0) 0x7f405c02f960 con 0x7f406c110260
2026-02-12T03:52:28.769 INFO:teuthology.orchestra.run.trial008.stdout:/usr/bin/ceph: stderr
2026-02-12T03:52:28.619+0000 7f405a7fc640 20 mgrc handle_mgr_map mgrmap(e 12)
2026-02-12T03:52:28.769 INFO:teuthology.orchestra.run.trial008.stdout:/usr/bin/ceph: stderr
2026-02-12T03:52:28.619+0000 7f407386b640 1 -- 10.20.193.8:0/3919039497 --> [v2:10.20.193.8:3300/0,v1:10.20.193.8:6789/0] -- mon_command({"prefix": "get_command_descriptions"} v 0) -- 0x7f406c110630 con 0x7f406c110260
2026-02-12T03:52:28.769 INFO:teuthology.orchestra.run.trial008.stdout:/usr/bin/ceph: stderr
