2026-02-12T04:18:03.701+0000 7feaea124640 10 --2- v2:127.0.0.1:7146/0 >> conn(0x55ccffb45800 0x55ccfeb11700 unknown :-1 s=AUTH_ACCEPTING pgs=0 cs=0 l=1 rev1=1 crypto rx=0 tx=0 comp rx=0 tx=0).handle_auth_request AuthRequest(method=1, preferred_modes=[1], payload_len=18)
2026-02-12T04:18:03.701+0000 7feaea124640 10 mon.a@0(leader) e1 handle_auth_request con 0x55ccffb45800 (start) method 1 payload 18
2026-02-12T04:18:03.701+0000 7feaea124640 10 mon.a@0(leader) e1 ms_handle_fast_authentication session 0x55ccffb9c6c0 con 0x55ccffb45800 addr - MonSession(unknown.0 is open , features 0x0 (unknown))
2026-02-12T04:18:03.701+0000 7feaea124640 10 -- v2:127.0.0.1:7146/0 >> conn(0x55ccffb45800 msgr2=0x55ccfeb11700 crc :-1 s=STATE_CONNECTION_ESTABLISHED l=1)._try_send sent bytes 52 remaining bytes 0
2026-02-12T04:18:03.701+0000 7feaea124640 10 -- v2:127.0.0.1:7146/0 >> conn(0x55ccffb45800 msgr2=0x55ccfeb11700 crc :-1 s=STATE_CONNECTION_ESTABLISHED l=1)._try_send sent bytes 68 remaining bytes 0
2026-02-12T04:18:03.701+0000 7feaea124640 20 --2- v2:127.0.0.1:7146/0 >> conn(0x55ccffb45800 0x55ccfeb11700 crc :-1 s=AUTH_ACCEPTING_SIGN pgs=0 cs=0 l=1 rev1=1 crypto rx=0 tx=0 comp rx=0 tx=0).read_frame
2026-02-12T04:18:03.701+0000 7feaea124640 20 -- v2:127.0.0.1:7146/0 >> conn(0x55ccffb45800 msgr2=0x55ccfeb11700 crc :-1 s=STATE_CONNECTION_ESTABLISHED l=1).read start len=32
2026-02-12T04:18:03.701+0000 7feaea124640 20 -- v2:127.0.0.1:7146/0 >> conn(0x55ccffb45800 msgr2=0x55ccfeb11700 crc :-1 s=STATE_CONNECTION_ESTABLISHED l=1).process
2026-02-12T04:18:03.701+0000 7feaea124640 20 -- v2:127.0.0.1:7146/0 >> conn(0x55ccffb45800 msgr2=0x55ccfeb11700 crc :-1 s=STATE_CONNECTION_ESTABLISHED l=1).read continue len=32
2026-02-12T04:18:03.701+0000 7feaea124640 20 --2- v2:127.0.0.1:7146/0 >> conn(0x55ccffb45800 0x55ccfeb11700 crc :-1 s=AUTH_ACCEPTING_SIGN pgs=0 cs=0 l=1 rev1=1 crypto rx=0 tx=0 comp rx=0 tx=0).handle_read_frame_preamble_main r=0
2026-02-12T04:18:03.701+0000 7feaea124640 20 --2- v2:127.0.0.1:7146/0 >> conn(0x55ccffb45800 0x55ccfeb11700 crc :-1 s=AUTH_ACCEPTING_SIGN pgs=0 cs=0 l=1 rev1=1 crypto rx=0 tx=0 comp rx=0 tx=0).read_frame_segment seg_idx=0
2026-02-12T04:18:03.701+0000 7feaea124640 20 -- v2:127.0.0.1:7146/0 >> conn(0x55ccffb45800 msgr2=0x55ccfeb11700 crc :-1 s=STATE_CONNECTION_ESTABLISHED l=1).read start len=36
2026-02-12T04:18:03.701+0000 7feaea124640 20 --2- v2:127.0.0.1:7146/0 >> conn(0x55ccffb45800 0x55ccfeb11700 crc :-1 s=AUTH_ACCEPTING_SIGN pgs=0 cs=0 l=1 rev1=1 crypto rx=0 tx=0 comp rx=0 tx=0).handle_read_frame_segment r=0
2026-02-12T04:18:03.701+0000 7feaea124640 10 --2- v2:127.0.0.1:7146/0 >> conn(0x55ccffb45800 0x55ccfeb11700 crc :-1 s=AUTH_ACCEPTING_SIGN pgs=0 cs=0 l=1 rev1=1 crypto rx=0 tx=0 comp rx=0 tx=0).handle_read_frame_dispatch tag=7
2026-02-12T04:18:03.701+0000 7feaea124640 20 --2- v2:127.0.0.1:7146/0 >> conn(0x55ccffb45800 0x55ccfeb11700 crc :-1 s=AUTH_ACCEPTING_SIGN pgs=0 cs=0 l=1 rev1=1 crypto rx=0 tx=0 comp rx=0 tx=0).handle_auth_signature payload.length()=32
2026-02-12T04:18:03.701+0000 7feaea124640 20 --2- v2:127.0.0.1:7146/0 >> conn(0x55ccffb45800 0x55ccfeb11700 crc :-1 s=AUTH_ACCEPTING_SIGN pgs=0 cs=0 l=1 rev1=1 crypto rx=0 tx=0 comp rx=0 tx=0).handle_auth_signature pre-auth signature success sig_frame.signature()=0000000000000000000000000000000000000000000000000000000000000000
2026-02-12T04:18:03.701+0000 7feaea124640 20 --2- v2:127.0.0.1:7146/0 >> conn(0x55ccffb45800 0x55ccfeb11700 crc :-1 s=COMPRESSION_ACCEPTING pgs=0 cs=0 l=1 rev1=1 crypto rx=0 tx=0 comp rx=0 tx=0).read_frame
2026-02-12T04:18:03.701+0000 7feaea124640 20 -- v2:127.0.0.1:7146/0 >> conn(0x55ccffb45800 msgr2=0x55ccfeb11700 crc :-1 s=STATE_CONNECTION_ESTABLISHED l=1).read start len=32
2026-02-12T04:18:03.701+0000 7feaea124640 20 -- v2:127.0.0.1:7146/0 >> conn(0x55ccffb45800 msgr2=0x55ccfeb11700 crc :-1 s=STATE_CONNECTION_ESTABLISHED l=1).process
2026-02-12T04:18:03.701+0000 7feaea124640 20 -- v2:127.0.0.1:7146/0 >> conn(0x55ccffb45800 msgr2=0x55ccfeb11700 crc :-1 s=STATE_CONNECTION_ESTABLISHED l=1).read continue len=32
2026-02-12T04:18:03.701+0000 7feaea124640 20 --2- v2:127.0.0.1:7146/0 >> conn(0x55ccffb45800 0x55ccfeb11700 crc :-1 s=COMPRESSION_ACCEPTING pgs=0 cs=0 l=1 rev1=1 crypto rx=0 tx=0 comp rx=0 tx=0).handle_read_frame_preamble_main r=0
2026-02-12T04:18:03.701+0000 7feaea124640 20 --2- v2:127.0.0.1:7146/0 >> conn(0x55ccffb45800 0x55ccfeb11700 crc :-1 s=COMPRESSION_ACCEPTING pgs=0 cs=0 l=1 rev1=1 crypto rx=0 tx=0 comp rx=0 tx=0).read_frame_segment seg_idx=0
2026-02-12T04:18:03.701+0000 7feaea124640 20 -- v2:127.0.0.1:7146/0 >> conn(0x55ccffb45800 msgr2=0x55ccfeb11700 crc :-1 s=STATE_CONNECTION_ESTABLISHED l=1).read start len=9
2026-02-12T04:18:03.701+0000 7feaea124640 20 --2- v2:127.0.0.1:7146/0 >> conn(0x55ccffb45800 0x55ccfeb11700 crc :-1 s=COMPRESSION_ACCEPTING pgs=0 cs=0 l=1 rev1=1 crypto rx=0 tx=0 comp rx=0 tx=0).handle_read_frame_segment r=0
2026-02-12T04:18:03.701+0000 7feaea124640 10 --2- v2:127.0.0.1:7146/0 >> conn(0x55ccffb45800 0x55ccfeb11700 crc :-1 s=COMPRESSION_ACCEPTING pgs=0 cs=0 l=1 rev1=1 crypto rx=0 tx=0 comp rx=0 tx=0).handle_read_frame_dispatch tag=21
2026-02-12T04:18:03.701+0000 7feaea124640 10 --2- v2:127.0.0.1:7146/0 >> conn(0x55ccffb45800 0x55ccfeb11700 crc :-1 s=COMPRESSION_ACCEPTING pgs=0 cs=0 l=1 rev1=1 crypto rx=0 tx=0 comp rx=0 tx=0).handle_compression_request CompressionRequestFrame(is_compress=0, preferred_methods=[])
2026-02-12T04:18:03.701+0000 7feaea124640 20 CompressorRegistry(0x55ccfeae4a18) get_mode peer_type 16 is_secure 0
2026-02-12T04:18:03.701+0000 7feaea124640 10 -- v2:127.0.0.1:7146/0 >> conn(0x55ccffb45800 msgr2=0x55ccfeb11700 crc :-1 s=STATE_CONNECTION_ESTABLISHED l=1)._try_send sent bytes 41 remaining bytes 0
2026-02-12T04:18:03.701+0000 7feaea124640 20 --2- v2:127.0.0.1:7146/0 >> conn(0x55ccffb45800 0x55ccfeb11700 crc :-1 s=SESSION_ACCEPTING pgs=0 cs=0 l=1 rev1=1 crypto rx=0 tx=0 comp rx=0 tx=0).read_frame
2026-02-12T04:18:03.701+0000 7feaea124640 20 -- v2:127.0.0.1:7146/0 >> conn(0x55ccffb45800 msgr2=0x55ccfeb11700 crc :-1 s=STATE_CONNECTION_ESTABLISHED l=1).read start len=32
2026-02-12T04:18:03.701+0000 7feaea124640 20 -- v2:127.0.0.1:7146/0 >> conn(0x55ccffb45800 msgr2=0x55ccfeb11700 crc :-1 s=STATE_CONNECTION_ESTABLISHED l=1).process
2026-02-12T04:18:03.701+0000 7feaea124640 20 -- v2:127.0.0.1:7146/0 >> conn(0x55ccffb45800 msgr2=0x55ccfeb11700 crc :-1 s=STATE_CONNECTION_ESTABLISHED l=1).read continue len=32
2026-02-12T04:18:03.701+0000 7feaea124640 20 --2- v2:127.0.0.1:7146/0 >> conn(0x55ccffb45800 0x55ccfeb11700 crc :-1 s=SESSION_ACCEPTING pgs=0 cs=0 l=1 rev1=1 crypto rx=0 tx=0 comp rx=0 tx=0).handle_read_frame_preamble_main r=0
2026-02-12T04:18:03.701+0000 7feaea124640 20 --2- v2:127.0.0.1:7146/0 >> conn(0x55ccffb45800 0x55ccfeb11700 crc :-1 s=SESSION_ACCEPTING pgs=0 cs=0 l=1 rev1=1 crypto rx=0 tx=0 comp rx=0 tx=0).read_frame_segment seg_idx=0
2026-02-12T04:18:03.701+0000 7feaea124640 20 -- v2:127.0.0.1:7146/0 >> conn(0x55ccffb45800 msgr2=0x55ccfeb11700 crc :-1 s=STATE_CONNECTION_ESTABLISHED l=1).read start len=127
2026-02-12T04:18:03.701+0000 7feaea124640 20 --2- v2:127.0.0.1:7146/0 >> conn(0x55ccffb45800 0x55ccfeb11700 crc :-1 s=SESSION_ACCEPTING pgs=0 cs=0 l=1 rev1=1 crypto rx=0 tx=0 comp rx=0 tx=0).handle_read_frame_segment r=0
2026-02-12T04:18:03.701+0000 7feaea124640 10 --2- v2:127.0.0.1:7146/0 >> conn(0x55ccffb45800 0x55ccfeb11700 crc :-1 s=SESSION_ACCEPTING pgs=0 cs=0 l=1 rev1=1 crypto rx=0 tx=0 comp rx=0 tx=0).handle_read_frame_dispatch tag=8
2026-02-12T04:18:03.701+0000 7feaea124640 20 --2- v2:127.0.0.1:7146/0 >> conn(0x55ccffb45800 0x55ccfeb11700 crc :-1 s=SESSION_ACCEPTING pgs=0 cs=0 l=1 rev1=1 crypto rx=0 tx=0 comp rx=0 tx=0).handle_client_ident payload.length()=123
2026-02-12T04:18:03.701+0000 7feaea124640 5 --2- v2:127.0.0.1:7146/0 >> conn(0x55ccffb45800 0x55ccfeb11700 crc :-1 s=SESSION_ACCEPTING pgs=0 cs=0 l=1 rev1=1 crypto rx=0 tx=0 comp rx=0 tx=0).handle_client_ident received client identification: addrs=127.0.0.1:0/3978893233 target=v2:127.0.0.1:7146/0 gid=4100 global_seq=2 features_supported=3f0ffffffffdffff features_required=800000000000000 flags=0 cookie=db7cdc1656ba93a2
2026-02-12T04:18:03.701+0000 7feaea124640 10 -- v2:127.0.0.1:7146/0 >> 127.0.0.1:0/3978893233 conn(0x55ccffb45800 msgr2=0x55ccfeb11700 crc :-1 s=STATE_CONNECTION_ESTABLISHED l=1)._infer_target_addr 127.0.0.1:0/3978893233 -> 127.0.0.1:0/3978893233
2026-02-12T04:18:03.701+0000 7feaea124640 20 --2- v2:127.0.0.1:7146/0 >> 127.0.0.1:0/3978893233 conn(0x55ccffb45800 0x55ccfeb11700 crc :-1 s=SESSION_ACCEPTING pgs=2 cs=0 l=1 rev1=1 crypto rx=0 tx=0 comp rx=0 tx=0).send_server_ident
2026-02-12T04:18:03.701+0000 7feaea124640 10 --2- v2:127.0.0.1:7146/0 >> 127.0.0.1:0/3978893233 conn(0x55ccffb45800 0x55ccfeb11700 crc :-1 s=SESSION_ACCEPTING pgs=2 cs=0 l=1 rev1=1 crypto rx=0 tx=0 comp rx=0 tx=0).discard_requeued_up_to 0
2026-02-12T04:18:03.701+0000 7feaea124640 5 --2- v2:127.0.0.1:7146/0 >> 127.0.0.1:0/3978893233 conn(0x55ccffb45800 0x55ccfeb11700 crc :-1 s=SESSION_ACCEPTING pgs=2 cs=0 l=1 rev1=1 crypto rx=0 tx=0 comp rx=0 tx=0).send_server_ident sending identification: addrs=v2:127.0.0.1:7146/0 gid=0 global_seq=16 features_supported=3f0ffffffffdffff features_required=800000000000000 flags=1 cookie=0
2026-02-12T04:18:03.701+0000 7feae611c640 10 mon.a@0(leader) e1 ms_handle_accept con 0x55ccffb45800 session 0x55ccffb9c6c0 registering session for 127.0.0.1:0/3978893233
2026-02-12T04:18:03.701+0000 7feaea124640 10 -- v2:127.0.0.1:7146/0 >> 127.0.0.1:0/3978893233 conn(0x55ccffb45800 msgr2=0x55ccfeb11700 crc :-1 s=STATE_CONNECTION_ESTABLISHED l=1)._try_send sent bytes 124 remaining bytes 0
2026-02-12T04:18:03.701+0000 7feaea124640 20 --2- v2:127.0.0.1:7146/0 >> 127.0.0.1:0/3978893233 conn(0x55ccffb45800 0x55ccfeb11700 crc :-1 s=SESSION_ACCEPTING pgs=2 cs=0 l=1 rev1=1 crypto rx=0 tx=0 comp rx=0 tx=0).server_ready
2026-02-12T04:18:03.701+0000 7feaea124640 1 --2- v2:127.0.0.1:7146/0 >> 127.0.0.1:0/3978893233 conn(0x55ccffb45800 0x55ccfeb11700 crc :-1 s=READY pgs=2 cs=0 l=1 rev1=1 crypto rx=0 tx=0 comp rx=0 tx=0).ready entity=mgr.4100 client_cookie=db7cdc1656ba93a2 server_cookie=0 in_seq=0 out_seq=0
2026-02-12T04:18:03.701+0000 7feaea124640 20 --2- v2:127.0.0.1:7146/0 >> 127.0.0.1:0/3978893233 conn(0x55ccffb45800 0x55ccfeb11700 crc :-1 s=READY pgs=2 cs=0 l=1 rev1=1 crypto rx=0 tx=0 comp rx=0 tx=0).read_frame
2026-02-12T04:18:03.701+0000 7feaea124640 20 -- v2:127.0.0.1:7146/0 >> 127.0.0.1:0/3978893233 conn(0x55ccffb45800 msgr2=0x55ccfeb11700 crc :-1 s=STATE_CONNECTION_ESTABLISHED l=1).read start len=32
2026-02-12T04:18:03.701+0000 7feaea124640 20 -- v2:127.0.0.1:7146/0 >> 127.0.0.1:0/3978893233 conn(0x55ccffb45800 msgr2=0x55ccfeb11700 crc :-1 s=STATE_CONNECTION_ESTABLISHED l=1).process
2026-02-12T04:18:03.701+0000 7feaea124640 20 -- v2:127.0.0.1:7146/0 >> 127.0.0.1:0/3978893233 conn(0x55ccffb45800 msgr2=0x55ccfeb11700 crc :-1 s=STATE_CONNECTION_ESTABLISHED l=1).read continue len=32
2026-02-12T04:18:03.701+0000 7feaea124640 20 --2- v2:127.0.0.1:7146/0 >> 127.0.0.1:0/3978893233 conn(0x55ccffb45800 0x55ccfeb11700 crc :-1 s=READY pgs=2 cs=0 l=1 rev1=1 crypto rx=0 tx=0 comp rx=0 tx=0).handle_read_frame_preamble_main r=0
2026-02-12T04:18:03.701+0000 7feaea124640 20 --2- v2:127.0.0.1:7146/0 >> 127.0.0.1:0/3978893233 conn(0x55ccffb45800 0x55ccfeb11700 crc :-1 s=THROTTLE_MESSAGE pgs=2 cs=0 l=1 rev1=1 crypto rx=0 tx=0 comp rx=0 tx=0).throttle_message
2026-02-12T04:18:03.701+0000 7feaea124640 20 --2- v2:127.0.0.1:7146/0 >> 127.0.0.1:0/3978893233 conn(0x55ccffb45800 0x55ccfeb11700 crc :-1 s=THROTTLE_BYTES pgs=2 cs=0 l=1 rev1=1 crypto rx=0 tx=0 comp rx=0 tx=0).throttle_bytes
2026-02-12T04:18:03.701+0000 7feaea124640 20 --2- v2:127.0.0.1:7146/0 >> 127.0.0.1:0/3978893233 conn(0x55ccffb45800 0x55ccfeb11700 crc :-1 s=THROTTLE_DISPATCH_QUEUE pgs=2 cs=0 l=1 rev1=1 crypto rx=0 tx=0 comp rx=0 tx=0).throttle_dispatch_queue
2026-02-12T04:18:03.701+0000 7feaea124640 20 --2- v2:127.0.0.1:7146/0 >> 127.0.0.1:0/3978893233 conn(0x55ccffb45800 0x55ccfeb11700 crc :-1 s=THROTTLE_DONE pgs=2 cs=0 l=1 rev1=1 crypto rx=0 tx=0 comp rx=0 tx=0).read_frame_segment seg_idx=0
2026-02-12T04:18:03.701+0000 7feaea124640 20 -- v2:127.0.0.1:7146/0 >> 127.0.0.1:0/3978893233 conn(0x55ccffb45800 msgr2=0x55ccfeb11700 crc :-1 s=STATE_CONNECTION_ESTABLISHED l=1).read start len=45
2026-02-12T04:18:03.701+0000 7feaea124640 20 --2- v2:127.0.0.1:7146/0 >> 127.0.0.1:0/3978893233 conn(0x55ccffb45800 0x55ccfeb11700 crc :-1 s=THROTTLE_DONE pgs=2 cs=0 l=1 rev1=1 crypto rx=0 tx=0 comp rx=0 tx=0).handle_read_frame_segment r=0
2026-02-12T04:18:03.701+0000 7feaea124640 10 --2- v2:127.0.0.1:7146/0 >> 127.0.0.1:0/3978893233 conn(0x55ccffb45800 0x55ccfeb11700 crc :-1 s=THROTTLE_DONE pgs=2 cs=0 l=1 rev1=1 crypto rx=0 tx=0 comp rx=0 tx=0).handle_read_frame_dispatch tag=17
2026-02-12T04:18:03.701+0000 7feaea124640 20 --2- v2:127.0.0.1:7146/0 >> 127.0.0.1:0/3978893233 conn(0x55ccffb45800 0x55ccfeb11700 crc :-1 s=THROTTLE_DONE pgs=2 cs=0 l=1 rev1=1 crypto rx=0 tx=0 comp rx=0 tx=0).handle_message
2026-02-12T04:18:03.701+0000 7feaea124640 5 --2- v2:127.0.0.1:7146/0 >> 127.0.0.1:0/3978893233 conn(0x55ccffb45800 0x55ccfeb11700 crc :-1 s=THROTTLE_DONE pgs=2 cs=0 l=1 rev1=1 crypto rx=0 tx=0 comp rx=0 tx=0).handle_message got 0 + 0 + 0 byte message. envelope type=5 src mgr.4100 off 0
2026-02-12T04:18:03.701+0000 7feaea124640 5 --2- v2:127.0.0.1:7146/0 >> 127.0.0.1:0/3978893233 conn(0x55ccffb45800 0x55ccfeb11700 crc :-1 s=READ_MESSAGE_COMPLETE pgs=2 cs=0 l=1 rev1=1 crypto rx=0 tx=0 comp rx=0 tx=0).handle_message received message m=0x55ccfecb5c80 seq=1 from=mgr.4100 type=5 mon_getmap magic: 0
2026-02-12T04:18:03.701+0000 7feaea124640 20 -- v2:127.0.0.1:7146/0 queue 0x55ccfecb5c80 prio 127
2026-02-12T04:18:03.701+0000 7feaea124640 20 --2- v2:127.0.0.1:7146/0 >> 127.0.0.1:0/3978893233 conn(0x55ccffb45800 0x55ccfeb11700 crc :-1 s=READY pgs=2 cs=0 l=1 rev1=1 crypto rx=0 tx=0 comp rx=0 tx=0).read_frame
2026-02-12T04:18:03.701+0000 7feaea124640 20 -- v2:127.0.0.1:7146/0 >> 127.0.0.1:0/3978893233 conn(0x55ccffb45800 msgr2=0x55ccfeb11700 crc :-1 s=STATE_CONNECTION_ESTABLISHED l=1).read start len=32
2026-02-12T04:18:03.701+0000 7feaea124640 20 --2- v2:127.0.0.1:7146/0 >> 127.0.0.1:0/3978893233 conn(0x55ccffb45800 0x55ccfeb11700 crc :-1 s=READY pgs=2 cs=0 l=1 rev1=1 crypto rx=0 tx=0 comp rx=0 tx=0).handle_read_frame_preamble_main r=0
2026-02-12T04:18:03.701+0000 7feaea124640 20 --2- v2:127.0.0.1:7146/0 >> 127.0.0.1:0/3978893233 conn(0x55ccffb45800 0x55ccfeb11700 crc :-1 s=THROTTLE_MESSAGE pgs=2 cs=0 l=1 rev1=1 crypto rx=0 tx=0 comp rx=0 tx=0).throttle_message
2026-02-12T04:18:03.701+0000 7feaea124640 20 --2- v2:127.0.0.1:7146/0 >> 127.0.0.1:0/3978893233 conn(0x55ccffb45800 0x55ccfeb11700 crc :-1 s=THROTTLE_BYTES pgs=2 cs=0 l=1 rev1=1 crypto rx=0 tx=0 comp rx=0 tx=0).throttle_bytes
2026-02-12T04:18:03.701+0000 7feae611c640 1 -- v2:127.0.0.1:7146/0 <== mgr.4100 127.0.0.1:0/3978893233 1 ==== mon_getmap magic: 0 ==== 0+0+0 (crc 0 0 0) 0x55ccfecb5c80 con 0x55ccffb45800
2026-02-12T04:18:03.701+0000 7feaea124640 20 --2- v2:127.0.0.1:7146/0 >> 127.0.0.1:0/3978893233 conn(0x55ccffb45800 0x55ccfeb11700 crc :-1 s=THROTTLE_DISPATCH_QUEUE pgs=2 cs=0 l=1 rev1=1 crypto rx=0 tx=0 comp rx=0 tx=0).throttle_dispatch_queue
2026-02-12T04:18:03.701+0000 7feae611c640 20 mon.a@0(leader) e1 _ms_dispatch existing session 0x55ccffb9c6c0 for mgr.4100
2026-02-12T04:18:03.701+0000 7feae611c640 20 mon.a@0(leader) e1 entity_name mgr.x global_id 4100 (none) caps allow *
2026-02-12T04:18:03.701+0000 7feaea124640 20 --2- v2:127.0.0.1:7146/0 >> 127.0.0.1:0/3978893233 conn(0x55ccffb45800 0x55ccfeb11700 crc :-1 s=THROTTLE_DONE pgs=2 cs=0 l=1 rev1=1 crypto rx=0 tx=0 comp rx=0 tx=0).read_frame_segment seg_idx=0
2026-02-12T04:18:03.701+0000 7feae611c640 10 mon.a@0(leader) e1 handle_mon_get_map
2026-02-12T04:18:03.701+0000 7feaea124640 20 -- v2:127.0.0.1:7146/0 >> 127.0.0.1:0/3978893233 conn(0x55ccffb45800 msgr2=0x55ccfeb11700 crc :-1 s=STATE_CONNECTION_ESTABLISHED l=1).read start len=45
2026-02-12T04:18:03.701+0000 7feaea124640 20 --2- v2:127.0.0.1:7146/0 >> 127.0.0.1:0/3978893233 conn(0x55ccffb45800 0x55ccfeb11700 crc :-1 s=THROTTLE_DONE pgs=2 cs=0 l=1 rev1=1 crypto rx=0 tx=0 comp rx=0 tx=0).handle_read_frame_segment r=0
2026-02-12T04:18:03.701+0000 7feaea124640 20 --2- v2:127.0.0.1:7146/0 >> 127.0.0.1:0/3978893233 conn(0x55ccffb45800 0x55ccfeb11700 crc :-1 s=THROTTLE_DONE pgs=2 cs=0 l=1 rev1=1 crypto rx=0 tx=0 comp rx=0 tx=0).read_frame_segment seg_idx=1
2026-02-12T04:18:03.701+0000 7feae611c640 1 -- v2:127.0.0.1:7146/0 --> 127.0.0.1:0/3978893233 -- mon_map magic: 0 -- 0x55ccffdb2340 con 0x55ccffb45800
2026-02-12T04:18:03.701+0000 7feaea124640 20 -- v2:127.0.0.1:7146/0 >> 127.0.0.1:0/3978893233 conn(0x55ccffb45800 msgr2=0x55ccfeb11700 crc :-1 s=STATE_CONNECTION_ESTABLISHED l=1).read start len=242
2026-02-12T04:18:03.701+0000 7feaea124640 20 --2- v2:127.0.0.1:7146/0 >> 127.0.0.1:0/3978893233 conn(0x55ccffb45800 0x55ccfeb11700 crc :-1 s=THROTTLE_DONE pgs=2 cs=0 l=1 rev1=1 crypto rx=0 tx=0 comp rx=0 tx=0).handle_read_frame_segment r=0
2026-02-12T04:18:03.701+0000 7feae611c640 5 --2- v2:127.0.0.1:7146/0 >> 127.0.0.1:0/3978893233 conn(0x55ccffb45800 0x55ccfeb11700 crc :-1 s=THROTTLE_DONE pgs=2 cs=0 l=1 rev1=1 crypto rx=0 tx=0 comp rx=0 tx=0).send_message enqueueing message m=0x55ccffdb2340 type=4 mon_map magic: 0
2026-02-12T04:18:03.701+0000 7feaea124640 20 -- v2:127.0.0.1:7146/0 >> 127.0.0.1:0/3978893233 conn(0x55ccffb45800 msgr2=0x55ccfeb11700 crc :-1 s=STATE_CONNECTION_ESTABLISHED l=1).read start len=13
2026-02-12T04:18:03.701+0000 7feae611c640 15 --2- v2:127.0.0.1:7146/0 >> 127.0.0.1:0/3978893233 conn(0x55ccffb45800 0x55ccfeb11700 crc :-1 s=THROTTLE_DONE pgs=2 cs=0 l=1 rev1=1 crypto rx=0 tx=0 comp rx=0 tx=0).send_message inline write is denied, reschedule m=0x55ccffdb2340
2026-02-12T04:18:03.701+0000 7feaea124640 20 --2- v2:127.0.0.1:7146/0 >> 127.0.0.1:0/3978893233 conn(0x55ccffb45800 0x55ccfeb11700 crc :-1 s=THROTTLE_DONE pgs=2 cs=0 l=1 rev1=1 crypto rx=0 tx=0 comp rx=0 tx=0).handle_read_frame_epilogue_main r=0
2026-02-12T04:18:03.701+0000 7feae611c640 20 Event(0x55ccfe9d02c8 nevent=5000 time_id=4).wakeup
2026-02-12T04:18:03.701+0000 7feaea124640 10 --2- v2:127.0.0.1:7146/0 >> 127.0.0.1:0/3978893233 conn(0x55ccffb45800 0x55ccfeb11700 crc :-1 s=THROTTLE_DONE pgs=2 cs=0 l=1 rev1=1 crypto rx=0 tx=0 comp rx=0 tx=0).handle_read_frame_dispatch tag=17
2026-02-12T04:18:03.701+0000 7feae611c640 20 -- v2:127.0.0.1:7146/0 done calling dispatch on 0x55ccfecb5c80
2026-02-12T04:18:03.701+0000 7feaea124640 20 --2- v2:127.0.0.1:7146/0 >> 127.0.0.1:0/3978893233 conn(0x55ccffb45800 0x55ccfeb11700 crc :-1 s=THROTTLE_DONE pgs=2 cs=0 l=1 rev1=1 crypto rx=0 tx=0 comp rx=0 tx=0).handle_message
2026-02-12T04:18:03.701+0000 7feaea124640 5 --2- v2:127.0.0.1:7146/0 >> 127.0.0.1:0/3978893233 conn(0x55ccffb45800 0x55ccfeb11700 crc :-1 s=THROTTLE_DONE pgs=2 cs=0 l=1 rev1=1 crypto rx=0 tx=0 comp rx=0 tx=0).handle_message got 242 + 0 + 0 byte message. envelope type=15 src mgr.4100 off 0
2026-02-12T04:18:03.701+0000 7feaea124640 5 --2- v2:127.0.0.1:7146/0 >> 127.0.0.1:0/3978893233 conn(0x55ccffb45800 0x55ccfeb11700 crc :-1 s=READ_MESSAGE_COMPLETE pgs=2 cs=0 l=1 rev1=1 crypto rx=0 tx=0 comp rx=0 tx=0).handle_message received message m=0x55ccffb94000 seq=2 from=mgr.4100 type=15 mon_subscribe({config=0+,fsmap=0+,kv:config/=0+,kv:device/=0+,kv:mgr/=0+,log-info=0+,mgrdigest=0+,mgrmap=0+,monmap=2+,osdmap=2,servicemap=0+})
2026-02-12T04:18:03.701+0000 7feaea124640 20 -- v2:127.0.0.1:7146/0 queue 0x55ccffb94000 prio 127
2026-02-12T04:18:03.701+0000 7feaea124640 20 --2- v2:127.0.0.1:7146/0 >> 127.0.0.1:0/3978893233 conn(0x55ccffb45800 0x55ccfeb11700 crc :-1 s=READY pgs=2 cs=0 l=1 rev1=1 crypto rx=0 tx=0 comp rx=0 tx=0).read_frame
2026-02-12T04:18:03.701+0000 7feaea124640 20 -- v2:127.0.0.1:7146/0 >> 127.0.0.1:0/3978893233 conn(0x55ccffb45800 msgr2=0x55ccfeb11700 crc :-1 s=STATE_CONNECTION_ESTABLISHED l=1).read start len=32
2026-02-12T04:18:03.701+0000 7feaea124640 10 -- v2:127.0.0.1:7146/0 >> 127.0.0.1:0/3978893233 conn(0x55ccffb45800 msgr2=0x55ccfeb11700 crc :-1 s=STATE_CONNECTION_ESTABLISHED l=1).handle_write
2026-02-12T04:18:03.701+0000 7feaea124640 10 --2- v2:127.0.0.1:7146/0 >> 127.0.0.1:0/3978893233 conn(0x55ccffb45800 0x55ccfeb11700 crc :-1 s=READY pgs=2 cs=0 l=1 rev1=1 crypto rx=0 tx=0 comp rx=0 tx=0).write_event
2026-02-12T04:18:03.701+0000 7feae611c640 1 -- v2:127.0.0.1:7146/0 <== mgr.4100 127.0.0.1:0/3978893233 2 ==== mon_subscribe({config=0+,fsmap=0+,kv:config/=0+,kv:device/=0+,kv:mgr/=0+,log-info=0+,mgrdigest=0+,mgrmap=0+,monmap=2+,osdmap=2,servicemap=0+}) ==== 242+0+0 (crc 0 0 0) 0x55ccffb94000 con 0x55ccffb45800
2026-02-12T04:18:03.701+0000 7feaea124640 20 --2- v2:127.0.0.1:7146/0 >> 127.0.0.1:0/3978893233 conn(0x55ccffb45800 0x55ccfeb11700 crc :-1 s=READY pgs=2 cs=0 l=1 rev1=1 crypto rx=0 tx=0 comp rx=0 tx=0).prepare_send_message m=mon_map magic: 0
2026-02-12T04:18:03.701+0000 7feae611c640 20 mon.a@0(leader) e1 _ms_dispatch existing session 0x55ccffb9c6c0 for mgr.4100
2026-02-12T04:18:03.701+0000 7feaea124640 20 --2- v2:127.0.0.1:7146/0 >> 127.0.0.1:0/3978893233 conn(0x55ccffb45800 0x55ccfeb11700 crc :-1 s=READY pgs=2 cs=0 l=1 rev1=1 crypto rx=0 tx=0 comp rx=0 tx=0).prepare_send_message encoding features 4544132024016699391 0x55ccffdb2340 mon_map magic: 0
2026-02-12T04:18:03.701+0000 7feae611c640 20 mon.a@0(leader) e1 entity_name mgr.x global_id 4100 (none) caps allow *
2026-02-12T04:18:03.701+0000 7feaea124640 2 --2- v2:127.0.0.1:7146/0 >> 127.0.0.1:0/3978893233 conn(0x55ccffb45800 0x55ccfeb11700 crc :-1 s=READY pgs=2 cs=0 l=1 rev1=1 crypto rx=0 tx=0 comp rx=0 tx=0).write_message sending message m=0x55ccffdb2340 seq=1 mon_map magic: 0
2026-02-12T04:18:03.702+0000 7feaea124640 20 --2- v2:127.0.0.1:7146/0 >> 127.0.0.1:0/3978893233 conn(0x55ccffb45800 0x55ccfeb11700 crc :-1 s=READY pgs=2 cs=0 l=1 rev1=1 crypto rx=0 tx=0 comp rx=0 tx=0).write_message sending m=0x55ccffdb2340 seq=1 src=mon.0 off=0
2026-02-12T04:18:03.701+0000 7feae611c640 10 mon.a@0(leader) e1 handle_subscribe mon_subscribe({config=0+,fsmap=0+,kv:config/=0+,kv:device/=0+,kv:mgr/=0+,log-info=0+,mgrdigest=0+,mgrmap=0+,monmap=2+,osdmap=2,servicemap=0+})
2026-02-12T04:18:03.702+0000 7feae611c640 10 mon.a@0(leader).config check_sub next 0 have 2
2026-02-12T04:18:03.702+0000 7feae611c640 10 mon.a@0(leader).config refresh_config crush_location for remote_host trial176 is {}
2026-02-12T04:18:03.702+0000 7feae611c640 20 mon.a@0(leader).config refresh_config mgr.x crush {} device_class
2026-02-12T04:18:03.702+0000 7feaea124640 10 -- v2:127.0.0.1:7146/0 >> 127.0.0.1:0/3978893233 conn(0x55ccffb45800 msgr2=0x55ccfeb11700 crc :-1 s=STATE_CONNECTION_ESTABLISHED l=1)._try_send sent bytes 260 remaining bytes 0
2026-02-12T04:18:03.702+0000 7feaea124640 10 --2- v2:127.0.0.1:7146/0 >> 127.0.0.1:0/3978893233 conn(0x55ccffb45800 0x55ccfeb11700 crc :-1 s=READY pgs=2 cs=0 l=1 rev1=1 crypto rx=0 tx=0 comp rx=0 tx=0).write_message sending 0x55ccffdb2340 done.
2026-02-12T04:18:03.702+0000 7feae611c640 10 mon.a@0(leader).config maybe_send_config to mgr.4100 (changed)
2026-02-12T04:18:03.702+0000 7feae611c640 10 mon.a@0(leader).config send_config to mgr.4100
2026-02-12T04:18:03.702+0000 7feae611c640 1 -- v2:127.0.0.1:7146/0 --> 127.0.0.1:0/3978893233 -- config(1 keys) -- 0x55ccfe9d3c00 con 0x55ccffb45800
2026-02-12T04:18:03.702+0000 7feae611c640 5 --2- v2:127.0.0.1:7146/0 >> 127.0.0.1:0/3978893233 conn(0x55ccffb45800 0x55ccfeb11700 crc :-1 s=READY pgs=2 cs=0 l=1 rev1=1 crypto rx=0 tx=0 comp rx=0 tx=0).send_message enqueueing message m=0x55ccfe9d3c00 type=62 config(1 keys)
2026-02-12T04:18:03.702+0000 7feae611c640 15 --2- v2:127.0.0.1:7146/0 >> 127.0.0.1:0/3978893233 conn(0x55ccffb45800 0x55ccfeb11700 crc :-1 s=READY pgs=2 cs=0 l=1 rev1=1 crypto rx=0 tx=0 comp rx=0 tx=0).send_message inline write is denied, reschedule m=0x55ccfe9d3c00
2026-02-12T04:18:03.702+0000 7feae611c640 20 Event(0x55ccfe9d02c8 nevent=5000 time_id=4).wakeup
2026-02-12T04:18:03.702+0000 7feae611c640 20 MonCap is_capable service=mon command= read addr 127.0.0.1:0/3978893233 on cap allow *
2026-02-12T04:18:03.702+0000 7feae611c640 20 MonCap allow so far , doing grant allow *
2026-02-12T04:18:03.702+0000 7feae611c640 20 MonCap allow all
2026-02-12T04:18:03.702+0000 7feae611c640 10 mon.a@0(leader) e1 handle_subscribe: MDS sub 'fsmap'
2026-02-12T04:18:03.702+0000 7feae611c640 20 MonCap is_capable service=mds command= read addr 127.0.0.1:0/3978893233 on cap allow *
2026-02-12T04:18:03.702+0000 7feae611c640 20 MonCap allow so far , doing grant allow *
2026-02-12T04:18:03.702+0000 7feae611c640 20 MonCap allow all
2026-02-12T04:18:03.702+0000 7feae611c640 20 mon.a@0(leader).mds e1 check_sub: fsmap
2026-02-12T04:18:03.702+0000 7feaea124640 10 -- v2:127.0.0.1:7146/0 >> 127.0.0.1:0/3978893233 conn(0x55ccffb45800 msgr2=0x55ccfeb11700 crc :-1 s=STATE_CONNECTION_ESTABLISHED l=1).handle_write
2026-02-12T04:18:03.702+0000 7feaea124640 10 --2- v2:127.0.0.1:7146/0 >> 127.0.0.1:0/3978893233 conn(0x55ccffb45800 0x55ccfeb11700 crc :-1 s=READY pgs=2 cs=0 l=1 rev1=1 crypto rx=0 tx=0 comp rx=0 tx=0).write_event
2026-02-12T04:18:03.702+0000 7feaea124640 20 --2- v2:127.0.0.1:7146/0 >> 127.0.0.1:0/3978893233 conn(0x55ccffb45800 0x55ccfeb11700 crc :-1 s=READY pgs=2 cs=0 l=1 rev1=1 crypto rx=0 tx=0 comp rx=0 tx=0).prepare_send_message m=config(1 keys)
2026-02-12T04:18:03.702+0000 7feae611c640 1 -- v2:127.0.0.1:7146/0 --> 127.0.0.1:0/3978893233 -- fsmap(e 1) -- 0x55ccffb93c00 con 0x55ccffb45800
2026-02-12T04:18:03.702+0000 7feaea124640 20 --2- v2:127.0.0.1:7146/0 >> 127.0.0.1:0/3978893233 conn(0x55ccffb45800 0x55ccfeb11700 crc :-1 s=READY pgs=2 cs=0 l=1 rev1=1 crypto rx=0 tx=0 comp rx=0 tx=0).prepare_send_message encoding features 4544132024016699391 0x55ccfe9d3c00 config(1 keys)
2026-02-12T04:18:03.702+0000 7feae611c640 5 --2- v2:127.0.0.1:7146/0 >> 127.0.0.1:0/3978893233 conn(0x55ccffb45800 0x55ccfeb11700 crc :-1 s=READY pgs=2 cs=0 l=1 rev1=1 crypto rx=0 tx=0 comp rx=0 tx=0).send_message enqueueing message m=0x55ccffb93c00 type=45 fsmap(e 1)
2026-02-12T04:18:03.702+0000 7feae611c640 15 --2- v2:127.0.0.1:7146/0 >> 127.0.0.1:0/3978893233 conn(0x55ccffb45800 0x55ccfeb11700 crc :-1 s=READY pgs=2 cs=0 l=1 rev1=1 crypto rx=0 tx=0 comp rx=0 tx=0).send_message inline write is denied, reschedule m=0x55ccffb93c00
2026-02-12T04:18:03.702+0000 7feaea124640 2 --2- v2:127.0.0.1:7146/0 >> 127.0.0.1:0/3978893233 conn(0x55ccffb45800 0x55ccfeb11700 crc :-1 s=READY pgs=2 cs=0 l=1 rev1=1 crypto rx=0 tx=0 comp rx=0 tx=0).write_message sending message m=0x55ccfe9d3c00 seq=2 config(1 keys)
2026-02-12T04:18:03.702+0000 7feae611c640 20 MonCap is_capable service=mon command= read addr 127.0.0.1:0/3978893233 on cap allow *
2026-02-12T04:18:03.702+0000 7feae611c640 20 MonCap allow so far , doing grant allow *
2026-02-12T04:18:03.702+0000 7feae611c640 20 MonCap allow all
2026-02-12T04:18:03.702+0000 7feaea124640 20 --2- v2:127.0.0.1:7146/0 >> 127.0.0.1:0/3978893233 conn(0x55ccffb45800 0x55ccfeb11700 crc :-1 s=READY pgs=2 cs=0 l=1 rev1=1 crypto rx=0 tx=0 comp rx=0 tx=0).write_message sending m=0x55ccfe9d3c00 seq=2 src=mon.0 off=0
2026-02-12T04:18:03.702+0000 7feae611c640 10 mon.a@0(leader).kv check_sub next 0 have 2
2026-02-12T04:18:03.702+0000 7feaea124640 10 -- v2:127.0.0.1:7146/0 >> 127.0.0.1:0/3978893233 conn(0x55ccffb45800 msgr2=0x55ccfeb11700 crc :-1 s=STATE_CONNECTION_ESTABLISHED l=1)._try_send sent bytes 115 remaining bytes 0
2026-02-12T04:18:03.702+0000 7feaea124640 10 --2- v2:127.0.0.1:7146/0 >> 127.0.0.1:0/3978893233 conn(0x55ccffb45800 0x55ccfeb11700 crc :-1 s=READY pgs=2 cs=0 l=1 rev1=1 crypto rx=0 tx=0 comp rx=0 tx=0).write_message sending 0x55ccfe9d3c00 done.
2026-02-12T04:18:03.702+0000 7feaea124640 20 --2- v2:127.0.0.1:7146/0 >> 127.0.0.1:0/3978893233 conn(0x55ccffb45800 0x55ccfeb11700 crc :-1 s=READY pgs=2 cs=0 l=1 rev1=1 crypto rx=0 tx=0 comp rx=0 tx=0).prepare_send_message m=fsmap(e 1)
2026-02-12T04:18:03.702+0000 7feaea124640 20 --2- v2:127.0.0.1:7146/0 >> 127.0.0.1:0/3978893233 conn(0x55ccffb45800 0x55ccfeb11700 crc :-1 s=READY pgs=2 cs=0 l=1 rev1=1 crypto rx=0 tx=0 comp rx=0 tx=0).prepare_send_message encoding features 4544132024016699391 0x55ccffb93c00 fsmap(e 1)
2026-02-12T04:18:03.702+0000 7feaea124640 2 --2- v2:127.0.0.1:7146/0 >> 127.0.0.1:0/3978893233 conn(0x55ccffb45800 0x55ccfeb11700 crc :-1 s=READY pgs=2 cs=0 l=1 rev1=1 crypto rx=0 tx=0 comp rx=0 tx=0).write_message sending message m=0x55ccffb93c00 seq=3 fsmap(e 1)
2026-02-12T04:18:03.702+0000 7feaea124640 20 --2- v2:127.0.0.1:7146/0 >> 127.0.0.1:0/3978893233 conn(0x55ccffb45800 0x55ccfeb11700 crc :-1 s=READY pgs=2 cs=0 l=1 rev1=1 crypto rx=0 tx=0 comp rx=0 tx=0).write_message sending m=0x55ccffb93c00 seq=3 src=mon.0 off=0
2026-02-12T04:18:03.702+0000 7feaea124640 10 -- v2:127.0.0.1:7146/0 >> 127.0.0.1:0/3978893233 conn(0x55ccffb45800 msgr2=0x55ccfeb11700 crc :-1 s=STATE_CONNECTION_ESTABLISHED l=1)._try_send sent bytes 528 remaining bytes 0
2026-02-12T04:18:03.702+0000 7feaea124640 10 --2- v2:127.0.0.1:7146/0 >> 127.0.0.1:0/3978893233 conn(0x55ccffb45800 0x55ccfeb11700 crc :-1 s=READY pgs=2 cs=0 l=1 rev1=1 crypto rx=0 tx=0 comp rx=0 tx=0).write_message sending 0x55ccffb93c00 done.
2026-02-12T04:18:03.702+0000 7feae611c640 10 mon.a@0(leader).kv maybe_send_update sending full dump of config/, 1 keys
2026-02-12T04:18:03.702+0000 7feae611c640 1 -- v2:127.0.0.1:7146/0 --> 127.0.0.1:0/3978893233 -- kv_data(v2 prefix config/, full, 1 keys) -- 0x55ccffb95c20 con 0x55ccffb45800
2026-02-12T04:18:03.702+0000 7feae611c640 5 --2- v2:127.0.0.1:7146/0 >> 127.0.0.1:0/3978893233 conn(0x55ccffb45800 0x55ccfeb11700 crc :-1 s=READY pgs=2 cs=0 l=1 rev1=1 crypto rx=0 tx=0 comp rx=0 tx=0).send_message enqueueing message m=0x55ccffb95c20 type=54 kv_data(v2 prefix config/, full, 1 keys)
2026-02-12T04:18:03.702+0000 7feae611c640 15 --2- v2:127.0.0.1:7146/0 >> 127.0.0.1:0/3978893233 conn(0x55ccffb45800 0x55ccfeb11700 crc :-1 s=READY pgs=2 cs=0 l=1 rev1=1 crypto rx=0 tx=0 comp rx=0 tx=0).send_message inline write is denied, reschedule m=0x55ccffb95c20
2026-02-12T04:18:03.702+0000 7feae611c640 20 Event(0x55ccfe9d02c8 nevent=5000 time_id=4).wakeup
2026-02-12T04:18:03.702+0000 7feae611c640 20 MonCap is_capable service=mon command= read addr 127.0.0.1:0/3978893233 on cap allow *
2026-02-12T04:18:03.702+0000 7feae611c640 20 MonCap allow so far , doing grant allow *
2026-02-12T04:18:03.702+0000 7feae611c640 20 MonCap allow all
2026-02-12T04:18:03.702+0000 7feae611c640 10 mon.a@0(leader).kv check_sub next 0 have 2
2026-02-12T04:18:03.702+0000 7feaea124640 10 -- v2:127.0.0.1:7146/0 >> 127.0.0.1:0/3978893233 conn(0x55ccffb45800 msgr2=0x55ccfeb11700 crc :-1 s=STATE_CONNECTION_ESTABLISHED l=1).handle_write
2026-02-12T04:18:03.702+0000 7feae611c640 10 mon.a@0(leader).kv maybe_send_update sending full dump of device/, 0 keys
2026-02-12T04:18:03.702+0000 7feae611c640 1 -- v2:127.0.0.1:7146/0 --> 127.0.0.1:0/3978893233 -- kv_data(v2 prefix device/, full, 0 keys) -- 0x55ccffb954a0 con 0x55ccffb45800
2026-02-12T04:18:03.702+0000 7feae611c640 5 --2- v2:127.0.0.1:7146/0 >> 127.0.0.1:0/3978893233 conn(0x55ccffb45800 0x55ccfeb11700 crc :-1 s=READY pgs=2 cs=0 l=1 rev1=1 crypto rx=0 tx=0 comp rx=0 tx=0).send_message enqueueing message m=0x55ccffb954a0 type=54 kv_data(v2 prefix device/, full, 0 keys)
2026-02-12T04:18:03.702+0000 7feaea124640 10 --2- v2:127.0.0.1:7146/0 >> 127.0.0.1:0/3978893233 conn(0x55ccffb45800 0x55ccfeb11700 crc :-1 s=READY pgs=2 cs=0 l=1 rev1=1 crypto rx=0 tx=0 comp rx=0 tx=0).write_event
2026-02-12T04:18:03.702+0000 7feae611c640 15 --2- v2:127.0.0.1:7146/0 >> 127.0.0.1:0/3978893233 conn(0x55ccffb45800 0x55ccfeb11700 crc :-1 s=READY pgs=2 cs=0 l=1 rev1=1 crypto rx=0 tx=0 comp rx=0 tx=0).send_message inline write is denied, reschedule m=0x55ccffb954a0
2026-02-12T04:18:03.702+0000 7feae611c640 20 MonCap is_capable service=mon command= read addr 127.0.0.1:0/3978893233 on cap allow *
2026-02-12T04:18:03.702+0000 7feae611c640 20 MonCap allow so far , doing grant allow *
2026-02-12T04:18:03.702+0000 7feae611c640 20 MonCap allow all
2026-02-12T04:18:03.702+0000 7feae611c640 10 mon.a@0(leader).kv check_sub next 0 have 2
2026-02-12T04:18:03.702+0000 7feae611c640 10 mon.a@0(leader).kv maybe_send_update sending full dump of mgr/, 0 keys
2026-02-12T04:18:03.702+0000 7feae611c640 1 -- v2:127.0.0.1:7146/0 --> 127.0.0.1:0/3978893233 -- kv_data(v2 prefix mgr/, full, 0 keys) -- 0x55ccffb943c0 con 0x55ccffb45800
2026-02-12T04:18:03.702+0000 7feaea124640 20 --2- v2:127.0.0.1:7146/0 >> 127.0.0.1:0/3978893233 conn(0x55ccffb45800 0x55ccfeb11700 crc :-1 s=READY pgs=2 cs=0 l=1 rev1=1 crypto rx=0 tx=0 comp rx=0 tx=0).prepare_send_message m=kv_data(v2 prefix config/, full, 1 keys)
2026-02-12T04:18:03.702+0000 7feae611c640 5 --2- v2:127.0.0.1:7146/0 >> 127.0.0.1:0/3978893233 conn(0x55ccffb45800 0x55ccfeb11700 crc :-1 s=READY pgs=2 cs=0 l=1 rev1=1 crypto rx=0 tx=0 comp rx=0 tx=0).send_message enqueueing message m=0x55ccffb943c0 type=54 kv_data(v2 prefix mgr/, full, 0 keys)
2026-02-12T04:18:03.702+0000 7feae611c640 15 --2- v2:127.0.0.1:7146/0 >> 127.0.0.1:0/3978893233 conn(0x55ccffb45800 0x55ccfeb11700 crc :-1 s=READY pgs=2 cs=0 l=1 rev1=1 crypto rx=0 tx=0 comp rx=0 tx=0).send_message inline write is denied, reschedule m=0x55ccffb943c0
2026-02-12T04:18:03.702+0000 7feaea124640 20 --2- v2:127.0.0.1:7146/0 >> 127.0.0.1:0/3978893233 conn(0x55ccffb45800 0x55ccfeb11700 crc :-1 s=READY pgs=2 cs=0 l=1 rev1=1 crypto rx=0 tx=0 comp rx=0 tx=0).prepare_send_message encoding features 4544132024016699391 0x55ccffb95c20 kv_data(v2 prefix config/, full, 1 keys)
2026-02-12T04:18:03.702+0000 7feae611c640 20 MonCap is_capable service=mon command= read addr 127.0.0.1:0/3978893233 on cap allow *
2026-02-12T04:18:03.702+0000 7feae611c640 20 MonCap allow so far , doing grant allow *
2026-02-12T04:18:03.702+0000 7feae611c640 20 MonCap allow all
2026-02-12T04:18:03.702+0000 7feaea124640 2 --2- v2:127.0.0.1:7146/0 >> 127.0.0.1:0/3978893233 conn(0x55ccffb45800 0x55ccfeb11700 crc :-1 s=READY pgs=2 cs=0 l=1 rev1=1 crypto rx=0 tx=0 comp rx=0 tx=0).write_message sending message m=0x55ccffb95c20 seq=4 kv_data(v2 prefix config/, full, 1 keys)
2026-02-12T04:18:03.702+0000 7feae611c640 10 mon.a@0(leader).log v9 check_sub client wants log-info ver 0
2026-02-12T04:18:03.702+0000 7feaea124640 20 --2- v2:127.0.0.1:7146/0 >> 127.0.0.1:0/3978893233 conn(0x55ccffb45800 0x55ccfeb11700 crc :-1 s=READY pgs=2 cs=0 l=1 rev1=1 crypto rx=0 tx=0 comp rx=0 tx=0).write_message sending m=0x55ccffb95c20 seq=4 src=mon.0 off=0
2026-02-12T04:18:03.702+0000 7feae611c640 10 mon.a@0(leader).log v9 _create_sub_incremental level 1 ver 9 cur summary ver 9
2026-02-12T04:18:03.702+0000 7feaea124640 10 -- v2:127.0.0.1:7146/0 >> 127.0.0.1:0/3978893233 conn(0x55ccffb45800 msgr2=0x55ccfeb11700 crc :-1 s=STATE_CONNECTION_ESTABLISHED l=1)._try_send sent bytes 147 remaining bytes 0
2026-02-12T04:18:03.702+0000 7feaea124640 10 --2- v2:127.0.0.1:7146/0 >> 127.0.0.1:0/3978893233 conn(0x55ccffb45800 0x55ccfeb11700 crc :-1 s=READY pgs=2 cs=0 l=1 rev1=1 crypto rx=0 tx=0 comp rx=0 tx=0).write_message sending 0x55ccffb95c20 done.
2026-02-12T04:18:03.702+0000 7feae611c640 20 mon.a@0(leader).log v9 _create_sub_incremental sv 9 has 1 entries
2026-02-12T04:18:03.702+0000 7feaea124640 20 --2- v2:127.0.0.1:7146/0 >> 127.0.0.1:0/3978893233 conn(0x55ccffb45800 0x55ccfeb11700 crc :-1 s=READY pgs=2 cs=0 l=1 rev1=1 crypto rx=0 tx=0 comp rx=0 tx=0).prepare_send_message m=kv_data(v2 prefix device/, full, 0 keys)
2026-02-12T04:18:03.702+0000 7feae611c640 10 mon.a@0(leader).log v9 _create_sub_incremental incremental message ready (1 entries)
2026-02-12T04:18:03.702+0000 7feaea124640 20 --2- v2:127.0.0.1:7146/0 >> 127.0.0.1:0/3978893233 conn(0x55ccffb45800 0x55ccfeb11700 crc :-1 s=READY pgs=2 cs=0 l=1 rev1=1 crypto rx=0 tx=0 comp rx=0 tx=0).prepare_send_message encoding features 4544132024016699391 0x55ccffb954a0 kv_data(v2 prefix device/, full, 0 keys)
2026-02-12T04:18:03.702+0000 7feae611c640 10 mon.a@0(leader).log v9 check_sub sending message to mgr.4100 with 1 entries (version 9)
2026-02-12T04:18:03.702+0000 7feae611c640 1 -- v2:127.0.0.1:7146/0 --> 127.0.0.1:0/3978893233 -- log(1 entries from seq 24 at
2026-02-12T04:18:03.580142+0000) -- 0x55ccffe9b800 con 0x55ccffb45800
2026-02-12T04:18:03.702+0000 7feaea124640 2 --2- v2:127.0.0.1:7146/0 >> 127.0.0.1:0/3978893233 conn(0x55ccffb45800 0x55ccfeb11700 crc :-1 s=READY pgs=2 cs=0 l=1 rev1=1 crypto rx=0 tx=0 comp rx=0 tx=0).write_message sending message m=0x55ccffb954a0 seq=5 kv_data(v2 prefix device/, full, 0 keys)
2026-02-12T04:18:03.702+0000 7feae611c640 5 --2- v2:127.0.0.1:7146/0 >> 127.0.0.1:0/3978893233 conn(0x55ccffb45800 0x55ccfeb11700 crc :-1 s=READY pgs=2 cs=0 l=1 rev1=1 crypto rx=0 tx=0 comp rx=0 tx=0).send_message enqueueing message m=0x55ccffe9b800 type=52 log(1 entries from seq 24 at
2026-02-12T04:18:03.580142+0000)
2026-02-12T04:18:03.702+0000 7feaea124640 20 --2- v2:127.0.0.1:7146/0 >> 127.0.0.1:0/3978893233 conn(0x55ccffb45800 0x55ccfeb11700 crc :-1 s=READY pgs=2 cs=0 l=1 rev1=1 crypto rx=0 tx=0 comp rx=0 tx=0).write_message sending m=0x55ccffb954a0 seq=5 src=mon.0 off=0
2026-02-12T04:18:03.702+0000 7feae611c640 15 --2- v2:127.0.0.1:7146/0 >> 127.0.0.1:0/3978893233 conn(0x55ccffb45800 0x55ccfeb11700 crc :-1 s=READY pgs=2 cs=0 l=1 rev1=1 crypto rx=0 tx=0 comp rx=0 tx=0).send_message inline write is denied, reschedule m=0x55ccffe9b800
2026-02-12T04:18:03.702+0000 7feae611c640 20 MonCap is_capable service=mon command= read addr 127.0.0.1:0/3978893233 on cap allow *
2026-02-12T04:18:03.702+0000 7feae611c640 20 MonCap allow so far , doing grant allow *
2026-02-12T04:18:03.702+0000 7feaea124640 10 -- v2:127.0.0.1:7146/0 >> 127.0.0.1:0/3978893233 conn(0x55ccffb45800 msgr2=0x55ccfeb11700 crc :-1 s=STATE_CONNECTION_ESTABLISHED l=1)._try_send sent bytes 114 remaining bytes 0
2026-02-12T04:18:03.702+0000 7feaea124640 10 --2- v2:127.0.0.1:7146/0 >> 127.0.0.1:0/3978893233 conn(0x55ccffb45800 0x55ccfeb11700 crc :-1 s=READY pgs=2 cs=0 l=1 rev1=1 crypto rx=0 tx=0 comp rx=0 tx=0).write_message sending 0x55ccffb954a0 done.
2026-02-12T04:18:03.702+0000 7feae611c640 20 MonCap allow all
2026-02-12T04:18:03.702+0000 7feaea124640 20 --2- v2:127.0.0.1:7146/0 >> 127.0.0.1:0/3978893233 conn(0x55ccffb45800 0x55ccfeb11700 crc :-1 s=READY pgs=2 cs=0 l=1 rev1=1 crypto rx=0 tx=0 comp rx=0 tx=0).prepare_send_message m=kv_data(v2 prefix mgr/, full, 0 keys)
2026-02-12T04:18:03.702+0000 7feaea124640 20 --2- v2:127.0.0.1:7146/0 >> 127.0.0.1:0/3978893233 conn(0x55ccffb45800 0x55ccfeb11700 crc :-1 s=READY pgs=2 cs=0 l=1 rev1=1 crypto rx=0 tx=0 comp rx=0 tx=0).prepare_send_message encoding features 4544132024016699391 0x55ccffb943c0 kv_data(v2 prefix mgr/, full, 0 keys)
2026-02-12T04:18:03.702+0000 7feae611c640 10 mon.a@0(leader).mgr e2 send_digests
2026-02-12T04:18:03.702+0000 7feaea124640 2 --2- v2:127.0.0.1:7146/0 >> 127.0.0.1:0/3978893233 conn(0x55ccffb45800 0x55ccfeb11700 crc :-1 s=READY pgs=2 cs=0 l=1 rev1=1 crypto rx=0 tx=0 comp rx=0 tx=0).write_message sending message m=0x55ccffb943c0 seq=6 kv_data(v2 prefix mgr/, full, 0 keys)
2026-02-12T04:18:03.702+0000 7feaea124640 20 --2- v2:127.0.0.1:7146/0 >> 127.0.0.1:0/3978893233 conn(0x55ccffb45800 0x55ccfeb11700 crc :-1 s=READY pgs=2 cs=0 l=1 rev1=1 crypto rx=0 tx=0 comp rx=0 tx=0).write_message sending m=0x55ccffb943c0 seq=6 src=mon.0 off=0
2026-02-12T04:18:03.702+0000 7feae611c640 10 mon.a@0(leader).mgr e2 send_digests sending digest to subscriber 0x55ccffb45800 127.0.0.1:0/3978893233
2026-02-12T04:18:03.702+0000 7feaea124640 10 -- v2:127.0.0.1:7146/0 >> 127.0.0.1:0/3978893233 conn(0x55ccffb45800 msgr2=0x55ccfeb11700 crc :-1 s=STATE_CONNECTION_ESTABLISHED l=1)._try_send sent bytes 111 remaining bytes 0
2026-02-12T04:18:03.702+0000 7feaea124640 10 --2- v2:127.0.0.1:7146/0 >> 127.0.0.1:0/3978893233 conn(0x55ccffb45800 0x55ccfeb11700 crc :-1 s=READY pgs=2 cs=0 l=1 rev1=1 crypto rx=0 tx=0 comp rx=0 tx=0).write_message sending 0x55ccffb943c0 done.
2026-02-12T04:18:03.702+0000 7feaea124640 20 --2- v2:127.0.0.1:7146/0 >> 127.0.0.1:0/3978893233 conn(0x55ccffb45800 0x55ccfeb11700 crc :-1 s=READY pgs=2 cs=0 l=1 rev1=1 crypto rx=0 tx=0 comp rx=0 tx=0).prepare_send_message m=log(1 entries from seq 24 at
2026-02-12T04:18:03.580142+0000)
2026-02-12T04:18:03.702+0000 7feaea124640 20 --2- v2:127.0.0.1:7146/0 >> 127.0.0.1:0/3978893233 conn(0x55ccffb45800 0x55ccfeb11700 crc :-1 s=READY pgs=2 cs=0 l=1 rev1=1 crypto rx=0 tx=0 comp rx=0 tx=0).prepare_send_message encoding features 4544132024016699391 0x55ccffe9b800 log(1 entries from seq 24 at
2026-02-12T04:18:03.580142+0000)
2026-02-12T04:18:03.702+0000 7feaea124640 2 --2- v2:127.0.0.1:7146/0 >> 127.0.0.1:0/3978893233 conn(0x55ccffb45800 0x55ccfeb11700 crc :-1 s=READY pgs=2 cs=0 l=1 rev1=1 crypto rx=0 tx=0 comp rx=0 tx=0).write_message sending message m=0x55ccffe9b800 seq=7 log(1 entries from seq 24 at
2026-02-12T04:18:03.580142+0000)
2026-02-12T04:18:03.702+0000 7feaea124640 20 --2- v2:127.0.0.1:7146/0 >> 127.0.0.1:0/3978893233 conn(0x55ccffb45800 0x55ccfeb11700 crc :-1 s=READY pgs=2 cs=0 l=1 rev1=1 crypto rx=0 tx=0 comp rx=0 tx=0).write_message sending m=0x55ccffe9b800 seq=7 src=mon.0 off=0
2026-02-12T04:18:03.702+0000 7feaea124640 10 -- v2:127.0.0.1:7146/0 >> 127.0.0.1:0/3978893233 conn(0x55ccffb45800 msgr2=0x55ccfeb11700 crc :-1 s=STATE_CONNECTION_ESTABLISHED l=1)._try_send sent bytes 396 remaining bytes 0
2026-02-12T04:18:03.702+0000 7feaea124640 10 --2- v2:127.0.0.1:7146/0 >> 127.0.0.1:0/3978893233 conn(0x55ccffb45800 0x55ccfeb11700 crc :-1 s=READY pgs=2 cs=0 l=1 rev1=1 crypto rx=0 tx=0 comp rx=0 tx=0).write_message sending 0x55ccffe9b800 done.
2026-02-12T04:18:03.702+0000 7feae611c640 1 -- v2:127.0.0.1:7146/0 --> 127.0.0.1:0/3978893233 -- mgrdigest -- 0x55ccfe9d2fc0 con 0x55ccffb45800
2026-02-12T04:18:03.702+0000 7feae611c640 5 --2- v2:127.0.0.1:7146/0 >> 127.0.0.1:0/3978893233 conn(0x55ccffb45800 0x55ccfeb11700 crc :-1 s=READY pgs=2 cs=0 l=1 rev1=1 crypto rx=0 tx=0 comp rx=0 tx=0).send_message enqueueing message m=0x55ccfe9d2fc0 type=1797 mgrdigest
2026-02-12T04:18:03.702+0000 7feae611c640 15 --2- v2:127.0.0.1:7146/0 >> 127.0.0.1:0/3978893233 conn(0x55ccffb45800 0x55ccfeb11700 crc :-1 s=READY pgs=2 cs=0 l=1 rev1=1 crypto rx=0 tx=0 comp rx=0 tx=0).send_message inline write is denied, reschedule m=0x55ccfe9d2fc0
2026-02-12T04:18:03.702+0000 7feae611c640 20 Event(0x55ccfe9d02c8 nevent=5000 time_id=4).wakeup
2026-02-12T04:18:03.702+0000 7feae611c640 20 MonCap is_capable service=mon command= read addr 127.0.0.1:0/3978893233 on cap allow *
2026-02-12T04:18:03.702+0000 7feae611c640 20 MonCap allow so far , doing grant allow *
2026-02-12T04:18:03.702+0000 7feae611c640 20 MonCap allow all
2026-02-12T04:18:03.702+0000 7feae611c640 20 mon.a@0(leader).mgr e2 Sending map to subscriber 0x55ccffb45800 127.0.0.1:0/3978893233
2026-02-12T04:18:03.702+0000 7feaea124640 10 -- v2:127.0.0.1:7146/0 >> 127.0.0.1:0/3978893233 conn(0x55ccffb45800 msgr2=0x55ccfeb11700 crc :-1 s=STATE_CONNECTION_ESTABLISHED l=1).handle_write
2026-02-12T04:18:03.702+0000 7feaea124640 10 --2- v2:127.0.0.1:7146/0 >> 127.0.0.1:0/3978893233 conn(0x55ccffb45800 0x55ccfeb11700 crc :-1 s=READY pgs=2 cs=0 l=1 rev1=1 crypto rx=0 tx=0 comp rx=0 tx=0).write_event
2026-02-12T04:18:03.702+0000 7feaea124640 20 --2- v2:127.0.0.1:7146/0 >> 127.0.0.1:0/3978893233 conn(0x55ccffb45800 0x55ccfeb11700 crc :-1 s=READY pgs=2 cs=0 l=1 rev1=1 crypto rx=0 tx=0 comp rx=0 tx=0).prepare_send_message m=mgrdigest
2026-02-12T04:18:03.702+0000 7feaea124640 20 --2- v2:127.0.0.1:7146/0 >> 127.0.0.1:0/3978893233 conn(0x55ccffb45800 0x55ccfeb11700 crc :-1 s=READY pgs=2 cs=0 l=1 rev1=1 crypto rx=0 tx=0 comp rx=0 tx=0).prepare_send_message encoding features 4544132024016699391 0x55ccfe9d2fc0 mgrdigest
2026-02-12T04:18:03.702+0000 7feaea124640 2 --2- v2:127.0.0.1:7146/0 >> 127.0.0.1:0/3978893233 conn(0x55ccffb45800 0x55ccfeb11700 crc :-1 s=READY pgs=2 cs=0 l=1 rev1=1 crypto rx=0 tx=0 comp rx=0 tx=0).write_message sending message m=0x55ccfe9d2fc0 seq=8 mgrdigest
2026-02-12T04:18:03.702+0000 7feaea124640 20 --2- v2:127.0.0.1:7146/0 >> 127.0.0.1:0/3978893233 conn(0x55ccffb45800 0x55ccfeb11700 crc :-1 s=READY pgs=2 cs=0 l=1 rev1=1 crypto rx=0 tx=0 comp rx=0 tx=0).write_message sending m=0x55ccfe9d2fc0 seq=8 src=mon.0 off=0
2026-02-12T04:18:03.702+0000 7feaea124640 10 -- v2:127.0.0.1:7146/0 >> 127.0.0.1:0/3978893233 conn(0x55ccffb45800 msgr2=0x55ccfeb11700 crc :-1 s=STATE_CONNECTION_ESTABLISHED l=1)._try_send sent bytes 1670 remaining bytes 0
2026-02-12T04:18:03.702+0000 7feaea124640 10 --2- v2:127.0.0.1:7146/0 >> 127.0.0.1:0/3978893233 conn(0x55ccffb45800 0x55ccfeb11700 crc :-1 s=READY pgs=2 cs=0 l=1 rev1=1 crypto rx=0 tx=0 comp rx=0 tx=0).write_message sending 0x55ccfe9d2fc0 done.
2026-02-12T04:18:03.702+0000 7feae611c640 1 -- v2:127.0.0.1:7146/0 --> 127.0.0.1:0/3978893233 -- mgrmap(e 2) -- 0x55ccffb92700 con 0x55ccffb45800
2026-02-12T04:18:03.702+0000 7feae611c640 5 --2- v2:127.0.0.1:7146/0 >> 127.0.0.1:0/3978893233 conn(0x55ccffb45800 0x55ccfeb11700 crc :-1 s=READY pgs=2 cs=0 l=1 rev1=1 crypto rx=0 tx=0 comp rx=0 tx=0).send_message enqueueing message m=0x55ccffb92700 type=1796 mgrmap(e 2)
2026-02-12T04:18:03.702+0000 7feae611c640 15 --2- v2:127.0.0.1:7146/0 >> 127.0.0.1:0/3978893233 conn(0x55ccffb45800 0x55ccfeb11700 crc :-1 s=READY pgs=2 cs=0 l=1 rev1=1 crypto rx=0 tx=0 comp rx=0 tx=0).send_message inline write is denied, reschedule m=0x55ccffb92700
2026-02-12T04:18:03.702+0000 7feae611c640 20 Event(0x55ccfe9d02c8 nevent=5000 time_id=4).wakeup
2026-02-12T04:18:03.702+0000 7feae611c640 10 mon.a@0(leader).monmap v1 check_sub monmap next 2 have 1
2026-02-12T04:18:03.702+0000 7feae611c640 20 MonCap is_capable service=mon command= read addr 127.0.0.1:0/3978893233 on cap allow *
2026-02-12T04:18:03.702+0000 7feae611c640 20 MonCap allow so far , doing grant allow *
2026-02-12T04:18:03.702+0000 7feae611c640 20 MonCap allow all
2026-02-12T04:18:03.702+0000 7feae611c640 20 MonCap is_capable service=osd command= read addr 127.0.0.1:0/3978893233 on cap allow *
2026-02-12T04:18:03.702+0000 7feae611c640 20 MonCap allow so far , doing grant allow *
2026-02-12T04:18:03.702+0000 7feae611c640 20 MonCap allow all
2026-02-12T04:18:03.702+0000 7feaea124640 10 -- v2:127.0.0.1:7146/0 >> 127.0.0.1:0/3978893233 conn(0x55ccffb45800 msgr2=0x55ccfeb11700 crc :-1 s=STATE_CONNECTION_ESTABLISHED l=1).handle_write
2026-02-12T04:18:03.702+0000 7feae611c640 10 mon.a@0(leader).osd e3 check_osdmap_sub 0x55ccffaf74a0 next 2 (onetime)
2026-02-12T04:18:03.702+0000 7feaea124640 10 --2- v2:127.0.0.1:7146/0 >> 127.0.0.1:0/3978893233 conn(0x55ccffb45800 0x55ccfeb11700 crc :-1 s=READY pgs=2 cs=0 l=1 rev1=1 crypto rx=0 tx=0 comp rx=0 tx=0).write_event
2026-02-12T04:18:03.702+0000 7feae611c640 5 mon.a@0(leader).osd e3 send_incremental [2..3] to mgr.4100
2026-02-12T04:18:03.702+0000 7feae611c640 10 mon.a@0(leader).osd e3 build_incremental [2..3] with features 3f0ffffffffdffff
2026-02-12T04:18:03.702+0000 7feaea124640 20 --2- v2:127.0.0.1:7146/0 >> 127.0.0.1:0/3978893233 conn(0x55ccffb45800 0x55ccfeb11700 crc :-1 s=READY pgs=2 cs=0 l=1 rev1=1 crypto rx=0 tx=0 comp rx=0 tx=0).prepare_send_message m=mgrmap(e 2)
2026-02-12T04:18:03.702+0000 7feae611c640 20 mon.a@0(leader).osd e3 build_incremental inc 3 695 bytes
2026-02-12T04:18:03.702+0000 7feae611c640 20 mon.a@0(leader).osd e3 build_incremental inc 2 280 bytes
2026-02-12T04:18:03.702+0000 7feaea124640 20 --2- v2:127.0.0.1:7146/0 >> 127.0.0.1:0/3978893233 conn(0x55ccffb45800 0x55ccfeb11700 crc :-1 s=READY pgs=2 cs=0 l=1 rev1=1 crypto rx=0 tx=0 comp rx=0 tx=0).prepare_send_message encoding features 4544132024016699391 0x55ccffb92700 mgrmap(e 2)
2026-02-12T04:18:03.702+0000 7feae611c640 1 -- v2:127.0.0.1:7146/0 --> 127.0.0.1:0/3978893233 -- osd_map(2..3 src has 1..3) -- 0x55ccffe9b600 con 0x55ccffb45800
2026-02-12T04:18:03.702+0000 7feae611c640 5 --2- v2:127.0.0.1:7146/0 >> 127.0.0.1:0/3978893233 conn(0x55ccffb45800 0x55ccfeb11700 crc :-1 s=READY pgs=2 cs=0 l=1 rev1=1 crypto rx=0 tx=0 comp rx=0 tx=0).send_message enqueueing message m=0x55ccffe9b600 type=41 osd_map(2..3 src has 1..3)
2026-02-12T04:18:03.702+0000 7feae611c640 15 --2- v2:127.0.0.1:7146/0 >> 127.0.0.1:0/3978893233 conn(0x55ccffb45800 0x55ccfeb11700 crc :-1 s=READY pgs=2 cs=0 l=1 rev1=1 crypto rx=0 tx=0 comp rx=0 tx=0).send_message inline write is denied, reschedule m=0x55ccffe9b600
2026-02-12T04:18:03.702+0000 7feae611c640 20 MonCap is_capable service=mon command= read addr 127.0.0.1:0/3978893233 on cap allow *
2026-02-12T04:18:03.702+0000 7feae611c640 20 MonCap allow so far , doing grant allow *
2026-02-12T04:18:03.702+0000 7feae611c640 20 MonCap allow all
2026-02-12T04:18:03.702+0000 7feae611c640 10 mon.a@0(leader).mgrstat check_sub next 0 vs service_map.epoch 1
2026-02-12T04:18:03.702+0000 7feae611c640 1 -- v2:127.0.0.1:7146/0 --> 127.0.0.1:0/3978893233 -- service_map(e1 0 svc) -- 0x55ccfe9d3340 con 0x55ccffb45800
2026-02-12T04:18:03.702+0000 7feae611c640 5 --2- v2:127.0.0.1:7146/0 >> 127.0.0.1:0/3978893233 conn(0x55ccffb45800 0x55ccfeb11700 crc :-1 s=READY pgs=2 cs=0 l=1 rev1=1 crypto rx=0 tx=0 comp rx=0 tx=0).send_message enqueueing message m=0x55ccfe9d3340 type=1799 service_map(e1 0 svc)
2026-02-12T04:18:03.702+0000 7feae611c640 15 --2- v2:127.0.0.1:7146/0 >> 127.0.0.1:0/3978893233 conn(0x55ccffb45800 0x55ccfeb11700 crc :-1 s=READY pgs=2 cs=0 l=1 rev1=1 crypto rx=0 tx=0 comp rx=0 tx=0).send_message inline write is denied, reschedule m=0x55ccfe9d3340
2026-02-12T04:18:03.702+0000 7feae611c640 10 -- v2:127.0.0.1:7146/0 dispatch_throttle_release 242 to dispatch throttler 242/104857600
2026-02-12T04:18:03.702+0000 7feae611c640 20 -- v2:127.0.0.1:7146/0 done calling dispatch on 0x55ccffb94000
