2026-02-12T04:18:01.592+0000 7feae611c640 20 MonCap is_capable service=log command= write addr - on cap allow *
2026-02-12T04:18:01.592+0000 7feae611c640 20 MonCap allow so far , doing grant allow *
2026-02-12T04:18:01.592+0000 7feae611c640 20 MonCap allow all
2026-02-12T04:18:01.592+0000 7feae611c640 10 mon.a@0(leader) e1 no_reply to mon.0 v2:127.0.0.1:7146/0 log(1 entries from seq 13 at
2026-02-12T04:18:01.593351+0000)
2026-02-12T04:18:01.592+0000 7feae611c640 10 mon.a@0(leader).log v3 prepare_update log(1 entries from seq 13 at
2026-02-12T04:18:01.593351+0000) from mon.0 v2:127.0.0.1:7146/0
2026-02-12T04:18:01.592+0000 7feae611c640 10 mon.a@0(leader).log v3 prepare_log log(1 entries from seq 13 at
2026-02-12T04:18:01.593351+0000) from mon.0
2026-02-12T04:18:01.592+0000 7feae611c640 10 mon.a@0(leader).log v3 logging
2026-02-12T04:18:01.593351+0000 mon.a (mon.0) 13 : audit [INF] from='client.? 127.0.0.1:0/3368865712' entity='client.admin'
2026-02-12T04:18:01.592+0000 7feae611c640 10 mon.a@0(leader).paxosservice(logm 1..3) setting proposal_timer 0x55ccffb095c0 with delay of 0.1
2026-02-12T04:18:01.592+0000 7feae611c640 20 -- v2:127.0.0.1:7146/0 done calling dispatch on 0x55ccff96f000
2026-02-12T04:18:01.610+0000 7feaea124640 20 -- v2:127.0.0.1:7146/0 >> 127.0.0.1:0/3368865712 conn(0x55ccffb44000 msgr2=0x55ccfeb10680 crc :-1 s=STATE_CONNECTION_ESTABLISHED l=1).process
2026-02-12T04:18:01.610+0000 7feaea124640 20 -- v2:127.0.0.1:7146/0 >> 127.0.0.1:0/3368865712 conn(0x55ccffb44000 msgr2=0x55ccfeb10680 crc :-1 s=STATE_CONNECTION_ESTABLISHED l=1).read continue len=32
2026-02-12T04:18:01.610+0000 7feaea124640 20 --2- v2:127.0.0.1:7146/0 >> 127.0.0.1:0/3368865712 conn(0x55ccffb44000 0x55ccfeb10680 crc :-1 s=READY pgs=1 cs=0 l=1 rev1=1 crypto rx=0 tx=0 comp rx=0 tx=0).handle_read_frame_preamble_main r=0
2026-02-12T04:18:01.610+0000 7feaea124640 20 --2- v2:127.0.0.1:7146/0 >> 127.0.0.1:0/3368865712 conn(0x55ccffb44000 0x55ccfeb10680 crc :-1 s=THROTTLE_MESSAGE pgs=1 cs=0 l=1 rev1=1 crypto rx=0 tx=0 comp rx=0 tx=0).throttle_message
2026-02-12T04:18:01.610+0000 7feaea124640 20 --2- v2:127.0.0.1:7146/0 >> 127.0.0.1:0/3368865712 conn(0x55ccffb44000 0x55ccfeb10680 crc :-1 s=THROTTLE_BYTES pgs=1 cs=0 l=1 rev1=1 crypto rx=0 tx=0 comp rx=0 tx=0).throttle_bytes
2026-02-12T04:18:01.610+0000 7feaea124640 10 --2- v2:127.0.0.1:7146/0 >> 127.0.0.1:0/3368865712 conn(0x55ccffb44000 0x55ccfeb10680 crc :-1 s=THROTTLE_BYTES pgs=1 cs=0 l=1 rev1=1 crypto rx=0 tx=0 comp rx=0 tx=0).throttle_bytes wants 133 bytes from policy throttler 391/104857600
2026-02-12T04:18:01.610+0000 7feaea124640 20 --2- v2:127.0.0.1:7146/0 >> 127.0.0.1:0/3368865712 conn(0x55ccffb44000 0x55ccfeb10680 crc :-1 s=THROTTLE_DISPATCH_QUEUE pgs=1 cs=0 l=1 rev1=1 crypto rx=0 tx=0 comp rx=0 tx=0).throttle_dispatch_queue
2026-02-12T04:18:01.610+0000 7feaea124640 20 --2- v2:127.0.0.1:7146/0 >> 127.0.0.1:0/3368865712 conn(0x55ccffb44000 0x55ccfeb10680 crc :-1 s=THROTTLE_DONE pgs=1 cs=0 l=1 rev1=1 crypto rx=0 tx=0 comp rx=0 tx=0).read_frame_segment seg_idx=0
2026-02-12T04:18:01.610+0000 7feaea124640 20 -- v2:127.0.0.1:7146/0 >> 127.0.0.1:0/3368865712 conn(0x55ccffb44000 msgr2=0x55ccfeb10680 crc :-1 s=STATE_CONNECTION_ESTABLISHED l=1).read start len=45
2026-02-12T04:18:01.610+0000 7feaea124640 20 --2- v2:127.0.0.1:7146/0 >> 127.0.0.1:0/3368865712 conn(0x55ccffb44000 0x55ccfeb10680 crc :-1 s=THROTTLE_DONE pgs=1 cs=0 l=1 rev1=1 crypto rx=0 tx=0 comp rx=0 tx=0).handle_read_frame_segment r=0
2026-02-12T04:18:01.610+0000 7feaea124640 20 --2- v2:127.0.0.1:7146/0 >> 127.0.0.1:0/3368865712 conn(0x55ccffb44000 0x55ccfeb10680 crc :-1 s=THROTTLE_DONE pgs=1 cs=0 l=1 rev1=1 crypto rx=0 tx=0 comp rx=0 tx=0).read_frame_segment seg_idx=1
2026-02-12T04:18:01.610+0000 7feaea124640 20 -- v2:127.0.0.1:7146/0 >> 127.0.0.1:0/3368865712 conn(0x55ccffb44000 msgr2=0x55ccfeb10680 crc :-1 s=STATE_CONNECTION_ESTABLISHED l=1).read start len=133
2026-02-12T04:18:01.610+0000 7feaea124640 20 --2- v2:127.0.0.1:7146/0 >> 127.0.0.1:0/3368865712 conn(0x55ccffb44000 0x55ccfeb10680 crc :-1 s=THROTTLE_DONE pgs=1 cs=0 l=1 rev1=1 crypto rx=0 tx=0 comp rx=0 tx=0).handle_read_frame_segment r=0
2026-02-12T04:18:01.610+0000 7feaea124640 20 -- v2:127.0.0.1:7146/0 >> 127.0.0.1:0/3368865712 conn(0x55ccffb44000 msgr2=0x55ccfeb10680 crc :-1 s=STATE_CONNECTION_ESTABLISHED l=1).read start len=13
2026-02-12T04:18:01.610+0000 7feaea124640 20 --2- v2:127.0.0.1:7146/0 >> 127.0.0.1:0/3368865712 conn(0x55ccffb44000 0x55ccfeb10680 crc :-1 s=THROTTLE_DONE pgs=1 cs=0 l=1 rev1=1 crypto rx=0 tx=0 comp rx=0 tx=0).handle_read_frame_epilogue_main r=0
2026-02-12T04:18:01.610+0000 7feaea124640 10 --2- v2:127.0.0.1:7146/0 >> 127.0.0.1:0/3368865712 conn(0x55ccffb44000 0x55ccfeb10680 crc :-1 s=THROTTLE_DONE pgs=1 cs=0 l=1 rev1=1 crypto rx=0 tx=0 comp rx=0 tx=0).handle_read_frame_dispatch tag=17
2026-02-12T04:18:01.610+0000 7feaea124640 20 --2- v2:127.0.0.1:7146/0 >> 127.0.0.1:0/3368865712 conn(0x55ccffb44000 0x55ccfeb10680 crc :-1 s=THROTTLE_DONE pgs=1 cs=0 l=1 rev1=1 crypto rx=0 tx=0 comp rx=0 tx=0).handle_message
2026-02-12T04:18:01.610+0000 7feaea124640 5 --2- v2:127.0.0.1:7146/0 >> 127.0.0.1:0/3368865712 conn(0x55ccffb44000 0x55ccfeb10680 crc :-1 s=THROTTLE_DONE pgs=1 cs=0 l=1 rev1=1 crypto rx=0 tx=0 comp rx=0 tx=0).handle_message got 133 + 0 + 0 byte message. envelope type=50 src client.? off 0
2026-02-12T04:18:01.610+0000 7feaea124640 5 --2- v2:127.0.0.1:7146/0 >> 127.0.0.1:0/3368865712 conn(0x55ccffb44000 0x55ccfeb10680 crc :-1 s=READ_MESSAGE_COMPLETE pgs=1 cs=0 l=1 rev1=1 crypto rx=0 tx=0 comp rx=0 tx=0).handle_message received message m=0x55ccffb12e00 seq=7 from=client.? type=50 mon_command([{prefix=config set, name=mgr_pool}] v 0)
2026-02-12T04:18:01.610+0000 7feaea124640 20 -- v2:127.0.0.1:7146/0 queue 0x55ccffb12e00 prio 127
2026-02-12T04:18:01.610+0000 7feaea124640 20 --2- v2:127.0.0.1:7146/0 >> 127.0.0.1:0/3368865712 conn(0x55ccffb44000 0x55ccfeb10680 crc :-1 s=READY pgs=1 cs=0 l=1 rev1=1 crypto rx=0 tx=0 comp rx=0 tx=0).read_frame
2026-02-12T04:18:01.610+0000 7feaea124640 20 -- v2:127.0.0.1:7146/0 >> 127.0.0.1:0/3368865712 conn(0x55ccffb44000 msgr2=0x55ccfeb10680 crc :-1 s=STATE_CONNECTION_ESTABLISHED l=1).read start len=32
2026-02-12T04:18:01.610+0000 7feae611c640 1 -- v2:127.0.0.1:7146/0 <== client.? 127.0.0.1:0/3368865712 7 ==== mon_command([{prefix=config set, name=mgr_pool}] v 0) ==== 133+0+0 (crc 0 0 0) 0x55ccffb12e00 con 0x55ccffb44000
2026-02-12T04:18:01.610+0000 7feae611c640 20 mon.a@0(leader) e1 _ms_dispatch existing session 0x55ccffa9b680 for client.?
2026-02-12T04:18:01.610+0000 7feae611c640 20 mon.a@0(leader) e1 entity_name client.admin global_id 4098 (none) caps allow *
2026-02-12T04:18:01.610+0000 7feae611c640 0 mon.a@0(leader) e1 handle_command mon_command([{prefix=config set, name=mgr_pool}] v 0)
2026-02-12T04:18:01.610+0000 7feae611c640 20 MonCap is_capable service=config command=config set read write addr 127.0.0.1:0/3368865712 on cap allow *
2026-02-12T04:18:01.610+0000 7feae611c640 20 MonCap allow so far , doing grant allow *
2026-02-12T04:18:01.610+0000 7feae611c640 20 MonCap allow all
2026-02-12T04:18:01.610+0000 7feae611c640 10 mon.a@0(leader) e1 _allowed_command capable
2026-02-12T04:18:01.610+0000 7feae611c640 10 mon.a@0(leader).paxosservice(config 1..2) dispatch 0x55ccffb12e00 mon_command([{prefix=config set, name=mgr_pool}] v 0) from client.? 127.0.0.1:0/3368865712 con 0x55ccffb44000
2026-02-12T04:18:01.610+0000 7feae611c640 5 mon.a@0(leader).paxos(paxos active c 1..7) is_readable = 1 - now=2026-02-12T04:18:01.611572+0000 lease_expire=1970-01-01T00:00:00.000000+0000 has v0 lc 7
2026-02-12T04:18:01.610+0000 7feae611c640 7 mon.a@0(leader).config prepare_update mon_command([{prefix=config set, name=mgr_pool}] v 0) from client.? 127.0.0.1:0/3368865712
2026-02-12T04:18:01.610+0000 7feae611c640 2 mon.a@0(leader) e1 send_reply 0x55ccffadbc20 0x55ccffb945a0 mon_command_ack([{prefix=config set, name=mgr_pool}]=0 v2)=0 v2)
2026-02-12T04:18:01.610+0000 7feae611c640 1 -- v2:127.0.0.1:7146/0 --> 127.0.0.1:0/3368865712 -- mon_command_ack([{prefix=config set, name=mgr_pool}]=0 v2)=0 v2) -- 0x55ccffb945a0 con 0x55ccffb44000
2026-02-12T04:18:01.610+0000 7feae611c640 5 --2- v2:127.0.0.1:7146/0 >> 127.0.0.1:0/3368865712 conn(0x55ccffb44000 0x55ccfeb10680 crc :-1 s=READY pgs=1 cs=0 l=1 rev1=1 crypto rx=0 tx=0 comp rx=0 tx=0).send_message enqueueing message m=0x55ccffb945a0 type=51 mon_command_ack([{prefix=config set, name=mgr_pool}]=0 v2)=0 v2)
2026-02-12T04:18:01.610+0000 7feae611c640 15 --2- v2:127.0.0.1:7146/0 >> 127.0.0.1:0/3368865712 conn(0x55ccffb44000 0x55ccfeb10680 crc :-1 s=READY pgs=1 cs=0 l=1 rev1=1 crypto rx=0 tx=0 comp rx=0 tx=0).send_message inline write is denied, reschedule m=0x55ccffb945a0
2026-02-12T04:18:01.610+0000 7feae611c640 20 Event(0x55ccfe9d02c8 nevent=5000 time_id=2).wakeup
2026-02-12T04:18:01.610+0000 7feae611c640 10 -- v2:127.0.0.1:7146/0 dispatch_throttle_release 133 to dispatch throttler 133/104857600
2026-02-12T04:18:01.610+0000 7feae611c640 20 -- v2:127.0.0.1:7146/0 done calling dispatch on 0x55ccffb12e00
2026-02-12T04:18:01.610+0000 7feaea124640 10 -- v2:127.0.0.1:7146/0 >> 127.0.0.1:0/3368865712 conn(0x55ccffb44000 msgr2=0x55ccfeb10680 crc :-1 s=STATE_CONNECTION_ESTABLISHED l=1).handle_write
2026-02-12T04:18:01.610+0000 7feaea124640 10 --2- v2:127.0.0.1:7146/0 >> 127.0.0.1:0/3368865712 conn(0x55ccffb44000 0x55ccfeb10680 crc :-1 s=READY pgs=1 cs=0 l=1 rev1=1 crypto rx=0 tx=0 comp rx=0 tx=0).write_event
2026-02-12T04:18:01.610+0000 7feaea124640 20 --2- v2:127.0.0.1:7146/0 >> 127.0.0.1:0/3368865712 conn(0x55ccffb44000 0x55ccfeb10680 crc :-1 s=READY pgs=1 cs=0 l=1 rev1=1 crypto rx=0 tx=0 comp rx=0 tx=0).prepare_send_message m=mon_command_ack([{prefix=config set, name=mgr_pool}]=0 v2)=0 v2)
2026-02-12T04:18:01.610+0000 7feaea124640 20 --2- v2:127.0.0.1:7146/0 >> 127.0.0.1:0/3368865712 conn(0x55ccffb44000 0x55ccfeb10680 crc :-1 s=READY pgs=1 cs=0 l=1 rev1=1 crypto rx=0 tx=0 comp rx=0 tx=0).prepare_send_message encoding features 4544132024016699391 0x55ccffb945a0 mon_command_ack([{prefix=config set, name=mgr_pool}]=0 v2)=0 v2)
2026-02-12T04:18:01.610+0000 7feaea124640 2 --2- v2:127.0.0.1:7146/0 >> 127.0.0.1:0/3368865712 conn(0x55ccffb44000 0x55ccfeb10680 crc :-1 s=READY pgs=1 cs=0 l=1 rev1=1 crypto rx=0 tx=0 comp rx=0 tx=0).write_message sending message m=0x55ccffb945a0 seq=8 mon_command_ack([{prefix=config set, name=mgr_pool}]=0 v2)=0 v2)
2026-02-12T04:18:01.610+0000 7feaea124640 20 --2- v2:127.0.0.1:7146/0 >> 127.0.0.1:0/3368865712 conn(0x55ccffb44000 0x55ccfeb10680 crc :-1 s=READY pgs=1 cs=0 l=1 rev1=1 crypto rx=0 tx=0 comp rx=0 tx=0).write_message sending m=0x55ccffb945a0 seq=8 src=mon.0 off=0
2026-02-12T04:18:01.611+0000 7feaea124640 10 -- v2:127.0.0.1:7146/0 >> 127.0.0.1:0/3368865712 conn(0x55ccffb44000 msgr2=0x55ccfeb10680 crc :-1 s=STATE_CONNECTION_ESTABLISHED l=1)._try_send sent bytes 215 remaining bytes 0
2026-02-12T04:18:01.611+0000 7feaea124640 10 --2- v2:127.0.0.1:7146/0 >> 127.0.0.1:0/3368865712 conn(0x55ccffb44000 0x55ccfeb10680 crc :-1 s=READY pgs=1 cs=0 l=1 rev1=1 crypto rx=0 tx=0 comp rx=0 tx=0).write_message sending 0x55ccffb945a0 done.
2026-02-12T04:18:01.611+0000 7feaea124640 20 -- v2:127.0.0.1:7146/0 >> 127.0.0.1:0/3368865712 conn(0x55ccffb44000 msgr2=0x55ccfeb10680 crc :-1 s=STATE_CONNECTION_ESTABLISHED l=1).process
2026-02-12T04:18:01.611+0000 7feaea124640 20 -- v2:127.0.0.1:7146/0 >> 127.0.0.1:0/3368865712 conn(0x55ccffb44000 msgr2=0x55ccfeb10680 crc :-1 s=STATE_CONNECTION_ESTABLISHED l=1).read continue len=32
2026-02-12T04:18:01.611+0000 7feaea124640 1 -- v2:127.0.0.1:7146/0 >> 127.0.0.1:0/3368865712 conn(0x55ccffb44000 msgr2=0x55ccfeb10680 crc :-1 s=STATE_CONNECTION_ESTABLISHED l=1).read_bulk peer close file descriptor 36
2026-02-12T04:18:01.611+0000 7feaea124640 1 -- v2:127.0.0.1:7146/0 >> 127.0.0.1:0/3368865712 conn(0x55ccffb44000 msgr2=0x55ccfeb10680 crc :-1 s=STATE_CONNECTION_ESTABLISHED l=1).read_until read failed
2026-02-12T04:18:01.611+0000 7feaea124640 20 --2- v2:127.0.0.1:7146/0 >> 127.0.0.1:0/3368865712 conn(0x55ccffb44000 0x55ccfeb10680 crc :-1 s=READY pgs=1 cs=0 l=1 rev1=1 crypto rx=0 tx=0 comp rx=0 tx=0).handle_read_frame_preamble_main r=-1
2026-02-12T04:18:01.611+0000 7feaea124640 1 --2- v2:127.0.0.1:7146/0 >> 127.0.0.1:0/3368865712 conn(0x55ccffb44000 0x55ccfeb10680 crc :-1 s=READY pgs=1 cs=0 l=1 rev1=1 crypto rx=0 tx=0 comp rx=0 tx=0).handle_read_frame_preamble_main read frame preamble failed r=-1
2026-02-12T04:18:01.611+0000 7feaea124640 10 --2- v2:127.0.0.1:7146/0 >> 127.0.0.1:0/3368865712 conn(0x55ccffb44000 0x55ccfeb10680 crc :-1 s=READY pgs=1 cs=0 l=1 rev1=1 crypto rx=0 tx=0 comp rx=0 tx=0)._fault
2026-02-12T04:18:01.611+0000 7feaea124640 2 --2- v2:127.0.0.1:7146/0 >> 127.0.0.1:0/3368865712 conn(0x55ccffb44000 0x55ccfeb10680 crc :-1 s=READY pgs=1 cs=0 l=1 rev1=1 crypto rx=0 tx=0 comp rx=0 tx=0)._fault on lossy channel, failing
2026-02-12T04:18:01.611+0000 7feaea124640 1 --2- v2:127.0.0.1:7146/0 >> 127.0.0.1:0/3368865712 conn(0x55ccffb44000 0x55ccfeb10680 crc :-1 s=READY pgs=1 cs=0 l=1 rev1=1 crypto rx=0 tx=0 comp rx=0 tx=0).stop
2026-02-12T04:18:01.611+0000 7feaea124640 5 --2- v2:127.0.0.1:7146/0 >> 127.0.0.1:0/3368865712 conn(0x55ccffb44000 0x55ccfeb10680 crc :-1 s=READY pgs=1 cs=0 l=1 rev1=1 crypto rx=0 tx=0 comp rx=0 tx=0).reset_recv_state
2026-02-12T04:18:01.611+0000 7feaea124640 5 --2- v2:127.0.0.1:7146/0 >> 127.0.0.1:0/3368865712 conn(0x55ccffb44000 0x55ccfeb10680 crc :-1 s=READY pgs=1 cs=0 l=1 rev1=1 crypto rx=0 tx=0 comp rx=0 tx=0).reset_security
2026-02-12T04:18:01.611+0000 7feaea124640 5 --2- v2:127.0.0.1:7146/0 >> 127.0.0.1:0/3368865712 conn(0x55ccffb44000 0x55ccfeb10680 unknown :-1 s=READY pgs=1 cs=0 l=1 rev1=1 crypto rx=0 tx=0 comp rx=0 tx=0).reset_compression
2026-02-12T04:18:01.611+0000 7feaea124640 10 --2- v2:127.0.0.1:7146/0 >> 127.0.0.1:0/3368865712 conn(0x55ccffb44000 0x55ccfeb10680 unknown :-1 s=READY pgs=1 cs=0 l=1 rev1=1 crypto rx=0 tx=0 comp rx=0 tx=0).discard_out_queue started
2026-02-12T04:18:01.611+0000 7feaea124640 20 EpollDriver.del_event del event fd=36 cur_mask=1 delmask=3 to 25
2026-02-12T04:18:01.611+0000 7feae611c640 10 mon.a@0(leader) e1 ms_handle_reset 0x55ccffb44000 127.0.0.1:0/3368865712
2026-02-12T04:18:01.611+0000 7feae611c640 10 mon.a@0(leader) e1 reset/close on session client.? 127.0.0.1:0/3368865712
2026-02-12T04:18:01.611+0000 7feae611c640 10 mon.a@0(leader) e1 remove_session 0x55ccffa9b680 client.? 127.0.0.1:0/3368865712 features 0x3f0ffffffffdffff
2026-02-12T04:18:01.638+0000 7feae4118640 10 Processor -- accept listen_fd=28
2026-02-12T04:18:01.638+0000 7feae4118640 10 Processor -- accept accepted incoming on sd 36
2026-02-12T04:18:01.638+0000 7feae4118640 10 -- v2:127.0.0.1:7146/0 >> conn(0x55ccffb44400 msgr2=0x55ccfeb10c00 unknown :-1 s=STATE_NONE l=0).accept sd=36 listen_addr v2:127.0.0.1:7146/0 peer_addr v2:127.0.0.1:53714/0
2026-02-12T04:18:01.638+0000 7feae4118640 1 --2- v2:127.0.0.1:7146/0 >> conn(0x55ccffb44400 0x55ccfeb10c00 unknown :-1 s=NONE pgs=0 cs=0 l=0 rev1=0 crypto rx=0 tx=0 comp rx=0 tx=0).accept
2026-02-12T04:18:01.638+0000 7feae4118640 20 Event(0x55ccfe9d02c8 nevent=5000 time_id=2).wakeup
2026-02-12T04:18:01.638+0000 7feae4118640 10 Processor -- accept accepted incoming on sd 37
2026-02-12T04:18:01.638+0000 7feaea124640 20 -- v2:127.0.0.1:7146/0 >> conn(0x55ccffb44400 msgr2=0x55ccfeb10c00 unknown :-1 s=STATE_ACCEPTING l=0).process
2026-02-12T04:18:01.638+0000 7feaea124640 20 Event(0x55ccfe9d02c8 nevent=5000 time_id=2).create_file_event create event started fd=36 mask=1 original mask is 0
2026-02-12T04:18:01.638+0000 7feaea124640 20 EpollDriver.add_event add event fd=36 cur_mask=0 add_mask=1 to 25
2026-02-12T04:18:01.638+0000 7feaea124640 20 Event(0x55ccfe9d02c8 nevent=5000 time_id=2).create_file_event create event end fd=36 mask=1 current mask is 1
2026-02-12T04:18:01.638+0000 7feaea124640 20 --2- v2:127.0.0.1:7146/0 >> conn(0x55ccffb44400 0x55ccfeb10c00 unknown :-1 s=START_ACCEPT pgs=0 cs=0 l=0 rev1=0 crypto rx=0 tx=0 comp rx=0 tx=0).read_event
2026-02-12T04:18:01.638+0000 7feaea124640 20 --2- v2:127.0.0.1:7146/0 >> conn(0x55ccffb44400 0x55ccfeb10c00 unknown :-1 s=START_ACCEPT pgs=0 cs=0 l=0 rev1=0 crypto rx=0 tx=0 comp rx=0 tx=0).start_server_banner_exchange
2026-02-12T04:18:01.638+0000 7feaea124640 20 --2- v2:127.0.0.1:7146/0 >> conn(0x55ccffb44400 0x55ccfeb10c00 unknown :-1 s=BANNER_ACCEPTING pgs=0 cs=0 l=0 rev1=0 crypto rx=0 tx=0 comp rx=0 tx=0)._banner_exchange
2026-02-12T04:18:01.638+0000 7feaea124640 10 -- v2:127.0.0.1:7146/0 >> conn(0x55ccffb44400 msgr2=0x55ccfeb10c00 unknown :-1 s=STATE_CONNECTION_ESTABLISHED l=0)._try_send sent bytes 26 remaining bytes 0
2026-02-12T04:18:01.638+0000 7feaea124640 20 -- v2:127.0.0.1:7146/0 >> conn(0x55ccffb44400 msgr2=0x55ccfeb10c00 unknown :-1 s=STATE_CONNECTION_ESTABLISHED l=0).read start len=10
2026-02-12T04:18:01.638+0000 7feae4118640 10 -- v2:127.0.0.1:7146/0 >> conn(0x55ccffb44800 msgr2=0x55ccfeb11180 unknown :-1 s=STATE_NONE l=0).accept sd=37 listen_addr v2:127.0.0.1:7146/0 peer_addr v2:127.0.0.1:53724/0
2026-02-12T04:18:01.638+0000 7feae4118640 1 --2- v2:127.0.0.1:7146/0 >> conn(0x55ccffb44800 0x55ccfeb11180 unknown :-1 s=NONE pgs=0 cs=0 l=0 rev1=0 crypto rx=0 tx=0 comp rx=0 tx=0).accept
2026-02-12T04:18:01.638+0000 7feae4118640 20 -- v2:127.0.0.1:7146/0 >> conn(0x55ccffb44800 msgr2=0x55ccfeb11180 unknown :-1 s=STATE_ACCEPTING l=0).process
2026-02-12T04:18:01.638+0000 7feae4118640 20 Event(0x55ccfe9d0508 nevent=5000 time_id=2).create_file_event create event started fd=37 mask=1 original mask is 0
2026-02-12T04:18:01.638+0000 7feae4118640 20 EpollDriver.add_event add event fd=37 cur_mask=0 add_mask=1 to 19
2026-02-12T04:18:01.638+0000 7feae4118640 20 Event(0x55ccfe9d0508 nevent=5000 time_id=2).create_file_event create event end fd=37 mask=1 current mask is 1
2026-02-12T04:18:01.638+0000 7feae4118640 20 --2- v2:127.0.0.1:7146/0 >> conn(0x55ccffb44800 0x55ccfeb11180 unknown :-1 s=START_ACCEPT pgs=0 cs=0 l=0 rev1=0 crypto rx=0 tx=0 comp rx=0 tx=0).read_event
2026-02-12T04:18:01.638+0000 7feae4118640 20 --2- v2:127.0.0.1:7146/0 >> conn(0x55ccffb44800 0x55ccfeb11180 unknown :-1 s=START_ACCEPT pgs=0 cs=0 l=0 rev1=0 crypto rx=0 tx=0 comp rx=0 tx=0).start_server_banner_exchange
2026-02-12T04:18:01.638+0000 7feae4118640 20 --2- v2:127.0.0.1:7146/0 >> conn(0x55ccffb44800 0x55ccfeb11180 unknown :-1 s=BANNER_ACCEPTING pgs=0 cs=0 l=0 rev1=0 crypto rx=0 tx=0 comp rx=0 tx=0)._banner_exchange
2026-02-12T04:18:01.638+0000 7feae4118640 10 -- v2:127.0.0.1:7146/0 >> conn(0x55ccffb44800 msgr2=0x55ccfeb11180 unknown :-1 s=STATE_CONNECTION_ESTABLISHED l=0)._try_send sent bytes 26 remaining bytes 0
2026-02-12T04:18:01.638+0000 7feae4118640 20 -- v2:127.0.0.1:7146/0 >> conn(0x55ccffb44800 msgr2=0x55ccfeb11180 unknown :-1 s=STATE_CONNECTION_ESTABLISHED l=0).read start len=10
2026-02-12T04:18:01.638+0000 7feae4118640 20 --2- v2:127.0.0.1:7146/0 >> conn(0x55ccffb44800 0x55ccfeb11180 unknown :-1 s=BANNER_ACCEPTING pgs=0 cs=0 l=0 rev1=0 crypto rx=0 tx=0 comp rx=0 tx=0)._handle_peer_banner r=0
2026-02-12T04:18:01.638+0000 7feae4118640 20 -- v2:127.0.0.1:7146/0 >> conn(0x55ccffb44800 msgr2=0x55ccfeb11180 unknown :-1 s=STATE_CONNECTION_ESTABLISHED l=0).read start len=16
2026-02-12T04:18:01.638+0000 7feae4118640 20 --2- v2:127.0.0.1:7146/0 >> conn(0x55ccffb44800 0x55ccfeb11180 unknown :-1 s=BANNER_ACCEPTING pgs=0 cs=0 l=0 rev1=0 crypto rx=0 tx=0 comp rx=0 tx=0)._handle_peer_banner_payload r=0
2026-02-12T04:18:01.638+0000 7feae4118640 1 --2- v2:127.0.0.1:7146/0 >> conn(0x55ccffb44800 0x55ccfeb11180 unknown :-1 s=BANNER_ACCEPTING pgs=0 cs=0 l=0 rev1=0 crypto rx=0 tx=0 comp rx=0 tx=0)._handle_peer_banner_payload supported=3 required=0
2026-02-12T04:18:01.638+0000 7feae4118640 10 -- v2:127.0.0.1:7146/0 >> conn(0x55ccffb44800 msgr2=0x55ccfeb11180 unknown :-1 s=STATE_CONNECTION_ESTABLISHED l=0)._try_send sent bytes 72 remaining bytes 0
2026-02-12T04:18:01.638+0000 7feae4118640 20 --2- v2:127.0.0.1:7146/0 >> conn(0x55ccffb44800 0x55ccfeb11180 unknown :-1 s=HELLO_ACCEPTING pgs=0 cs=0 l=0 rev1=1 crypto rx=0 tx=0 comp rx=0 tx=0).read_frame
2026-02-12T04:18:01.638+0000 7feae4118640 20 -- v2:127.0.0.1:7146/0 >> conn(0x55ccffb44800 msgr2=0x55ccfeb11180 unknown :-1 s=STATE_CONNECTION_ESTABLISHED l=0).read start len=32
2026-02-12T04:18:01.638+0000 7feae4118640 20 --2- v2:127.0.0.1:7146/0 >> conn(0x55ccffb44800 0x55ccfeb11180 unknown :-1 s=HELLO_ACCEPTING pgs=0 cs=0 l=0 rev1=1 crypto rx=0 tx=0 comp rx=0 tx=0).handle_read_frame_preamble_main r=0
2026-02-12T04:18:01.638+0000 7feae4118640 20 --2- v2:127.0.0.1:7146/0 >> conn(0x55ccffb44800 0x55ccfeb11180 unknown :-1 s=HELLO_ACCEPTING pgs=0 cs=0 l=0 rev1=1 crypto rx=0 tx=0 comp rx=0 tx=0).read_frame_segment seg_idx=0
2026-02-12T04:18:01.638+0000 7feae4118640 20 -- v2:127.0.0.1:7146/0 >> conn(0x55ccffb44800 msgr2=0x55ccfeb11180 unknown :-1 s=STATE_CONNECTION_ESTABLISHED l=0).read start len=40
2026-02-12T04:18:01.638+0000 7feae4118640 20 --2- v2:127.0.0.1:7146/0 >> conn(0x55ccffb44800 0x55ccfeb11180 unknown :-1 s=HELLO_ACCEPTING pgs=0 cs=0 l=0 rev1=1 crypto rx=0 tx=0 comp rx=0 tx=0).handle_read_frame_segment r=0
2026-02-12T04:18:01.638+0000 7feae4118640 10 --2- v2:127.0.0.1:7146/0 >> conn(0x55ccffb44800 0x55ccfeb11180 unknown :-1 s=HELLO_ACCEPTING pgs=0 cs=0 l=0 rev1=1 crypto rx=0 tx=0 comp rx=0 tx=0).handle_read_frame_dispatch tag=1
2026-02-12T04:18:01.638+0000 7feae4118640 20 --2- v2:127.0.0.1:7146/0 >> conn(0x55ccffb44800 0x55ccfeb11180 unknown :-1 s=HELLO_ACCEPTING pgs=0 cs=0 l=0 rev1=1 crypto rx=0 tx=0 comp rx=0 tx=0).handle_hello payload.length()=36
2026-02-12T04:18:01.638+0000 7feae4118640 5 --2- v2:127.0.0.1:7146/0 >> conn(0x55ccffb44800 0x55ccfeb11180 unknown :-1 s=HELLO_ACCEPTING pgs=0 cs=0 l=0 rev1=1 crypto rx=0 tx=0 comp rx=0 tx=0).handle_hello received hello: peer_type=8 peer_addr_for_me=v2:127.0.0.1:7146/0
2026-02-12T04:18:01.638+0000 7feae4118640 5 --2- v2:127.0.0.1:7146/0 >> conn(0x55ccffb44800 0x55ccfeb11180 unknown :-1 s=HELLO_ACCEPTING pgs=0 cs=0 l=0 rev1=1 crypto rx=0 tx=0 comp rx=0 tx=0).handle_hello getsockname says I am 127.0.0.1:7146 when talking to v2:127.0.0.1:53724/0
2026-02-12T04:18:01.638+0000 7feae4118640 10 --2- v2:127.0.0.1:7146/0 >> conn(0x55ccffb44800 0x55ccfeb11180 unknown :-1 s=HELLO_ACCEPTING pgs=0 cs=0 l=1 rev1=1 crypto rx=0 tx=0 comp rx=0 tx=0).handle_hello accept of host_type 8, policy.lossy=1 policy.server=1 policy.standby=0 policy.resetcheck=0
2026-02-12T04:18:01.638+0000 7feae4118640 20 --2- v2:127.0.0.1:7146/0 >> conn(0x55ccffb44800 0x55ccfeb11180 unknown :-1 s=HELLO_ACCEPTING pgs=0 cs=0 l=1 rev1=1 crypto rx=0 tx=0 comp rx=0 tx=0).post_server_banner_exchange
2026-02-12T04:18:01.638+0000 7feae4118640 20 --2- v2:127.0.0.1:7146/0 >> conn(0x55ccffb44800 0x55ccfeb11180 unknown :-1 s=AUTH_ACCEPTING pgs=0 cs=0 l=1 rev1=1 crypto rx=0 tx=0 comp rx=0 tx=0).read_frame
2026-02-12T04:18:01.638+0000 7feae4118640 20 -- v2:127.0.0.1:7146/0 >> conn(0x55ccffb44800 msgr2=0x55ccfeb11180 unknown :-1 s=STATE_CONNECTION_ESTABLISHED l=1).read start len=32
2026-02-12T04:18:01.638+0000 7feae4118640 20 -- v2:127.0.0.1:7146/0 >> conn(0x55ccffb44800 msgr2=0x55ccfeb11180 unknown :-1 s=STATE_CONNECTION_ESTABLISHED l=1).process
2026-02-12T04:18:01.638+0000 7feae4118640 20 -- v2:127.0.0.1:7146/0 >> conn(0x55ccffb44800 msgr2=0x55ccfeb11180 unknown :-1 s=STATE_CONNECTION_ESTABLISHED l=1).read continue len=32
2026-02-12T04:18:01.638+0000 7feae4118640 20 --2- v2:127.0.0.1:7146/0 >> conn(0x55ccffb44800 0x55ccfeb11180 unknown :-1 s=AUTH_ACCEPTING pgs=0 cs=0 l=1 rev1=1 crypto rx=0 tx=0 comp rx=0 tx=0).handle_read_frame_preamble_main r=0
2026-02-12T04:18:01.638+0000 7feae4118640 20 --2- v2:127.0.0.1:7146/0 >> conn(0x55ccffb44800 0x55ccfeb11180 unknown :-1 s=AUTH_ACCEPTING pgs=0 cs=0 l=1 rev1=1 crypto rx=0 tx=0 comp rx=0 tx=0).read_frame_segment seg_idx=0
2026-02-12T04:18:01.638+0000 7feae4118640 20 -- v2:127.0.0.1:7146/0 >> conn(0x55ccffb44800 msgr2=0x55ccfeb11180 unknown :-1 s=STATE_CONNECTION_ESTABLISHED l=1).read start len=38
2026-02-12T04:18:01.638+0000 7feae4118640 20 --2- v2:127.0.0.1:7146/0 >> conn(0x55ccffb44800 0x55ccfeb11180 unknown :-1 s=AUTH_ACCEPTING pgs=0 cs=0 l=1 rev1=1 crypto rx=0 tx=0 comp rx=0 tx=0).handle_read_frame_segment r=0
2026-02-12T04:18:01.638+0000 7feae4118640 10 --2- v2:127.0.0.1:7146/0 >> conn(0x55ccffb44800 0x55ccfeb11180 unknown :-1 s=AUTH_ACCEPTING pgs=0 cs=0 l=1 rev1=1 crypto rx=0 tx=0 comp rx=0 tx=0).handle_read_frame_dispatch tag=2
2026-02-12T04:18:01.638+0000 7feae4118640 20 --2- v2:127.0.0.1:7146/0 >> conn(0x55ccffb44800 0x55ccfeb11180 unknown :-1 s=AUTH_ACCEPTING pgs=0 cs=0 l=1 rev1=1 crypto rx=0 tx=0 comp rx=0 tx=0).handle_auth_request payload.length()=34
2026-02-12T04:18:01.638+0000 7feae4118640 10 --2- v2:127.0.0.1:7146/0 >> conn(0x55ccffb44800 0x55ccfeb11180 unknown :-1 s=AUTH_ACCEPTING pgs=0 cs=0 l=1 rev1=1 crypto rx=0 tx=0 comp rx=0 tx=0).handle_auth_request AuthRequest(method=1, preferred_modes=[1], payload_len=18)
2026-02-12T04:18:01.638+0000 7feae4118640 10 mon.a@0(leader) e1 handle_auth_request con 0x55ccffb44800 (start) method 1 payload 18
2026-02-12T04:18:01.638+0000 7feae4118640 10 mon.a@0(leader).auth v2 _assign_global_id 4099 (max 14096)
2026-02-12T04:18:01.638+0000 7feae4118640 10 mon.a@0(leader) e1 ms_handle_fast_authentication session 0x55ccffb9c000 con 0x55ccffb44800 addr - MonSession(unknown.0 is open , features 0x0 (unknown))
2026-02-12T04:18:01.638+0000 7feae4118640 10 -- v2:127.0.0.1:7146/0 >> conn(0x55ccffb44800 msgr2=0x55ccfeb11180 crc :-1 s=STATE_CONNECTION_ESTABLISHED l=1)._try_send sent bytes 52 remaining bytes 0
2026-02-12T04:18:01.638+0000 7feae4118640 10 -- v2:127.0.0.1:7146/0 >> conn(0x55ccffb44800 msgr2=0x55ccfeb11180 crc :-1 s=STATE_CONNECTION_ESTABLISHED l=1)._try_send sent bytes 68 remaining bytes 0
2026-02-12T04:18:01.638+0000 7feae4118640 20 --2- v2:127.0.0.1:7146/0 >> conn(0x55ccffb44800 0x55ccfeb11180 crc :-1 s=AUTH_ACCEPTING_SIGN pgs=0 cs=0 l=1 rev1=1 crypto rx=0 tx=0 comp rx=0 tx=0).read_frame
2026-02-12T04:18:01.638+0000 7feae4118640 20 -- v2:127.0.0.1:7146/0 >> conn(0x55ccffb44800 msgr2=0x55ccfeb11180 crc :-1 s=STATE_CONNECTION_ESTABLISHED l=1).read start len=32
2026-02-12T04:18:01.639+0000 7feaea124640 20 -- v2:127.0.0.1:7146/0 >> conn(0x55ccffb44400 msgr2=0x55ccfeb10c00 unknown :-1 s=STATE_CONNECTION_ESTABLISHED l=0).process
2026-02-12T04:18:01.639+0000 7feaea124640 20 -- v2:127.0.0.1:7146/0 >> conn(0x55ccffb44400 msgr2=0x55ccfeb10c00 unknown :-1 s=STATE_CONNECTION_ESTABLISHED l=0).read continue len=10
2026-02-12T04:18:01.639+0000 7feaea124640 1 -- v2:127.0.0.1:7146/0 >> conn(0x55ccffb44400 msgr2=0x55ccfeb10c00 unknown :-1 s=STATE_CONNECTION_ESTABLISHED l=0).read_bulk peer close file descriptor 36
2026-02-12T04:18:01.639+0000 7feaea124640 1 -- v2:127.0.0.1:7146/0 >> conn(0x55ccffb44400 msgr2=0x55ccfeb10c00 unknown :-1 s=STATE_CONNECTION_ESTABLISHED l=0).read_until read failed
2026-02-12T04:18:01.639+0000 7feaea124640 20 --2- v2:127.0.0.1:7146/0 >> conn(0x55ccffb44400 0x55ccfeb10c00 unknown :-1 s=BANNER_ACCEPTING pgs=0 cs=0 l=0 rev1=0 crypto rx=0 tx=0 comp rx=0 tx=0)._handle_peer_banner r=-1
2026-02-12T04:18:01.639+0000 7feaea124640 1 --2- v2:127.0.0.1:7146/0 >> conn(0x55ccffb44400 0x55ccfeb10c00 unknown :-1 s=BANNER_ACCEPTING pgs=0 cs=0 l=0 rev1=0 crypto rx=0 tx=0 comp rx=0 tx=0)._handle_peer_banner read peer banner failed r=-1 ((1) Operation not permitted)
2026-02-12T04:18:01.639+0000 7feaea124640 10 --2- v2:127.0.0.1:7146/0 >> conn(0x55ccffb44400 0x55ccfeb10c00 unknown :-1 s=BANNER_ACCEPTING pgs=0 cs=0 l=0 rev1=0 crypto rx=0 tx=0 comp rx=0 tx=0)._fault
2026-02-12T04:18:01.639+0000 7feaea124640 2 --2- v2:127.0.0.1:7146/0 >> conn(0x55ccffb44400 0x55ccfeb10c00 unknown :-1 s=BANNER_ACCEPTING pgs=0 cs=0 l=0 rev1=0 crypto rx=0 tx=0 comp rx=0 tx=0)._fault with nothing to send and in the half accept state just closed
2026-02-12T04:18:01.639+0000 7feaea124640 1 --2- v2:127.0.0.1:7146/0 >> conn(0x55ccffb44400 0x55ccfeb10c00 unknown :-1 s=BANNER_ACCEPTING pgs=0 cs=0 l=0 rev1=0 crypto rx=0 tx=0 comp rx=0 tx=0).stop
2026-02-12T04:18:01.639+0000 7feaea124640 5 --2- v2:127.0.0.1:7146/0 >> conn(0x55ccffb44400 0x55ccfeb10c00 unknown :-1 s=BANNER_ACCEPTING pgs=0 cs=0 l=0 rev1=0 crypto rx=0 tx=0 comp rx=0 tx=0).reset_recv_state
2026-02-12T04:18:01.639+0000 7feaea124640 5 --2- v2:127.0.0.1:7146/0 >> conn(0x55ccffb44400 0x55ccfeb10c00 unknown :-1 s=BANNER_ACCEPTING pgs=0 cs=0 l=0 rev1=0 crypto rx=0 tx=0 comp rx=0 tx=0).reset_security
2026-02-12T04:18:01.639+0000 7feaea124640 5 --2- v2:127.0.0.1:7146/0 >> conn(0x55ccffb44400 0x55ccfeb10c00 unknown :-1 s=BANNER_ACCEPTING pgs=0 cs=0 l=0 rev1=0 crypto rx=0 tx=0 comp rx=0 tx=0).reset_compression
2026-02-12T04:18:01.639+0000 7feae4118640 20 -- v2:127.0.0.1:7146/0 >> conn(0x55ccffb44800 msgr2=0x55ccfeb11180 crc :-1 s=STATE_CONNECTION_ESTABLISHED l=1).process
2026-02-12T04:18:01.639+0000 7feae4118640 20 -- v2:127.0.0.1:7146/0 >> conn(0x55ccffb44800 msgr2=0x55ccfeb11180 crc :-1 s=STATE_CONNECTION_ESTABLISHED l=1).read continue len=32
2026-02-12T04:18:01.639+0000 7feaea124640 10 --2- v2:127.0.0.1:7146/0 >> conn(0x55ccffb44400 0x55ccfeb10c00 unknown :-1 s=BANNER_ACCEPTING pgs=0 cs=0 l=0 rev1=0 crypto rx=0 tx=0 comp rx=0 tx=0).discard_out_queue started
2026-02-12T04:18:01.639+0000 7feae4118640 20 --2- v2:127.0.0.1:7146/0 >> conn(0x55ccffb44800 0x55ccfeb11180 crc :-1 s=AUTH_ACCEPTING_SIGN pgs=0 cs=0 l=1 rev1=1 crypto rx=0 tx=0 comp rx=0 tx=0).handle_read_frame_preamble_main r=0
2026-02-12T04:18:01.639+0000 7feaea124640 20 EpollDriver.del_event del event fd=36 cur_mask=1 delmask=3 to 25
2026-02-12T04:18:01.639+0000 7feae4118640 20 --2- v2:127.0.0.1:7146/0 >> conn(0x55ccffb44800 0x55ccfeb11180 crc :-1 s=AUTH_ACCEPTING_SIGN pgs=0 cs=0 l=1 rev1=1 crypto rx=0 tx=0 comp rx=0 tx=0).read_frame_segment seg_idx=0
2026-02-12T04:18:01.639+0000 7feae4118640 20 -- v2:127.0.0.1:7146/0 >> conn(0x55ccffb44800 msgr2=0x55ccfeb11180 crc :-1 s=STATE_CONNECTION_ESTABLISHED l=1).read start len=36
2026-02-12T04:18:01.639+0000 7feae4118640 20 --2- v2:127.0.0.1:7146/0 >> conn(0x55ccffb44800 0x55ccfeb11180 crc :-1 s=AUTH_ACCEPTING_SIGN pgs=0 cs=0 l=1 rev1=1 crypto rx=0 tx=0 comp rx=0 tx=0).handle_read_frame_segment r=0
2026-02-12T04:18:01.639+0000 7feae4118640 10 --2- v2:127.0.0.1:7146/0 >> conn(0x55ccffb44800 0x55ccfeb11180 crc :-1 s=AUTH_ACCEPTING_SIGN pgs=0 cs=0 l=1 rev1=1 crypto rx=0 tx=0 comp rx=0 tx=0).handle_read_frame_dispatch tag=7
2026-02-12T04:18:01.639+0000 7feae611c640 10 mon.a@0(leader) e1 ms_handle_reset 0x55ccffb44400 -
2026-02-12T04:18:01.639+0000 7feae4118640 20 --2- v2:127.0.0.1:7146/0 >> conn(0x55ccffb44800 0x55ccfeb11180 crc :-1 s=AUTH_ACCEPTING_SIGN pgs=0 cs=0 l=1 rev1=1 crypto rx=0 tx=0 comp rx=0 tx=0).handle_auth_signature payload.length()=32
2026-02-12T04:18:01.639+0000 7feae4118640 20 --2- v2:127.0.0.1:7146/0 >> conn(0x55ccffb44800 0x55ccfeb11180 crc :-1 s=AUTH_ACCEPTING_SIGN pgs=0 cs=0 l=1 rev1=1 crypto rx=0 tx=0 comp rx=0 tx=0).handle_auth_signature pre-auth signature success sig_frame.signature()=0000000000000000000000000000000000000000000000000000000000000000
2026-02-12T04:18:01.639+0000 7feae4118640 20 --2- v2:127.0.0.1:7146/0 >> conn(0x55ccffb44800 0x55ccfeb11180 crc :-1 s=COMPRESSION_ACCEPTING pgs=0 cs=0 l=1 rev1=1 crypto rx=0 tx=0 comp rx=0 tx=0).read_frame
2026-02-12T04:18:01.639+0000 7feae4118640 20 -- v2:127.0.0.1:7146/0 >> conn(0x55ccffb44800 msgr2=0x55ccfeb11180 crc :-1 s=STATE_CONNECTION_ESTABLISHED l=1).read start len=32
2026-02-12T04:18:01.639+0000 7feae4118640 20 -- v2:127.0.0.1:7146/0 >> conn(0x55ccffb44800 msgr2=0x55ccfeb11180 crc :-1 s=STATE_CONNECTION_ESTABLISHED l=1).process
2026-02-12T04:18:01.639+0000 7feae4118640 20 -- v2:127.0.0.1:7146/0 >> conn(0x55ccffb44800 msgr2=0x55ccfeb11180 crc :-1 s=STATE_CONNECTION_ESTABLISHED l=1).read continue len=32
2026-02-12T04:18:01.639+0000 7feae4118640 20 --2- v2:127.0.0.1:7146/0 >> conn(0x55ccffb44800 0x55ccfeb11180 crc :-1 s=COMPRESSION_ACCEPTING pgs=0 cs=0 l=1 rev1=1 crypto rx=0 tx=0 comp rx=0 tx=0).handle_read_frame_preamble_main r=0
2026-02-12T04:18:01.639+0000 7feae4118640 20 --2- v2:127.0.0.1:7146/0 >> conn(0x55ccffb44800 0x55ccfeb11180 crc :-1 s=COMPRESSION_ACCEPTING pgs=0 cs=0 l=1 rev1=1 crypto rx=0 tx=0 comp rx=0 tx=0).read_frame_segment seg_idx=0
2026-02-12T04:18:01.639+0000 7feae4118640 20 -- v2:127.0.0.1:7146/0 >> conn(0x55ccffb44800 msgr2=0x55ccfeb11180 crc :-1 s=STATE_CONNECTION_ESTABLISHED l=1).read start len=9
2026-02-12T04:18:01.639+0000 7feae4118640 20 --2- v2:127.0.0.1:7146/0 >> conn(0x55ccffb44800 0x55ccfeb11180 crc :-1 s=COMPRESSION_ACCEPTING pgs=0 cs=0 l=1 rev1=1 crypto rx=0 tx=0 comp rx=0 tx=0).handle_read_frame_segment r=0
2026-02-12T04:18:01.639+0000 7feae4118640 10 --2- v2:127.0.0.1:7146/0 >> conn(0x55ccffb44800 0x55ccfeb11180 crc :-1 s=COMPRESSION_ACCEPTING pgs=0 cs=0 l=1 rev1=1 crypto rx=0 tx=0 comp rx=0 tx=0).handle_read_frame_dispatch tag=21
2026-02-12T04:18:01.639+0000 7feae4118640 10 --2- v2:127.0.0.1:7146/0 >> conn(0x55ccffb44800 0x55ccfeb11180 crc :-1 s=COMPRESSION_ACCEPTING pgs=0 cs=0 l=1 rev1=1 crypto rx=0 tx=0 comp rx=0 tx=0).handle_compression_request CompressionRequestFrame(is_compress=0, preferred_methods=[])
2026-02-12T04:18:01.639+0000 7feae4118640 20 CompressorRegistry(0x55ccfeae4a18) get_mode peer_type 8 is_secure 0
2026-02-12T04:18:01.639+0000 7feae4118640 10 -- v2:127.0.0.1:7146/0 >> conn(0x55ccffb44800 msgr2=0x55ccfeb11180 crc :-1 s=STATE_CONNECTION_ESTABLISHED l=1)._try_send sent bytes 41 remaining bytes 0
2026-02-12T04:18:01.639+0000 7feae4118640 20 --2- v2:127.0.0.1:7146/0 >> conn(0x55ccffb44800 0x55ccfeb11180 crc :-1 s=SESSION_ACCEPTING pgs=0 cs=0 l=1 rev1=1 crypto rx=0 tx=0 comp rx=0 tx=0).read_frame
2026-02-12T04:18:01.639+0000 7feae4118640 20 -- v2:127.0.0.1:7146/0 >> conn(0x55ccffb44800 msgr2=0x55ccfeb11180 crc :-1 s=STATE_CONNECTION_ESTABLISHED l=1).read start len=32
2026-02-12T04:18:01.639+0000 7feae4118640 20 -- v2:127.0.0.1:7146/0 >> conn(0x55ccffb44800 msgr2=0x55ccfeb11180 crc :-1 s=STATE_CONNECTION_ESTABLISHED l=1).process
2026-02-12T04:18:01.639+0000 7feae4118640 20 -- v2:127.0.0.1:7146/0 >> conn(0x55ccffb44800 msgr2=0x55ccfeb11180 crc :-1 s=STATE_CONNECTION_ESTABLISHED l=1).read continue len=32
2026-02-12T04:18:01.639+0000 7feae4118640 20 --2- v2:127.0.0.1:7146/0 >> conn(0x55ccffb44800 0x55ccfeb11180 crc :-1 s=SESSION_ACCEPTING pgs=0 cs=0 l=1 rev1=1 crypto rx=0 tx=0 comp rx=0 tx=0).handle_read_frame_preamble_main r=0
2026-02-12T04:18:01.639+0000 7feae4118640 20 --2- v2:127.0.0.1:7146/0 >> conn(0x55ccffb44800 0x55ccfeb11180 crc :-1 s=SESSION_ACCEPTING pgs=0 cs=0 l=1 rev1=1 crypto rx=0 tx=0 comp rx=0 tx=0).read_frame_segment seg_idx=0
2026-02-12T04:18:01.639+0000 7feae4118640 20 -- v2:127.0.0.1:7146/0 >> conn(0x55ccffb44800 msgr2=0x55ccfeb11180 crc :-1 s=STATE_CONNECTION_ESTABLISHED l=1).read start len=127
2026-02-12T04:18:01.639+0000 7feae4118640 20 --2- v2:127.0.0.1:7146/0 >> conn(0x55ccffb44800 0x55ccfeb11180 crc :-1 s=SESSION_ACCEPTING pgs=0 cs=0 l=1 rev1=1 crypto rx=0 tx=0 comp rx=0 tx=0).handle_read_frame_segment r=0
2026-02-12T04:18:01.639+0000 7feae4118640 10 --2- v2:127.0.0.1:7146/0 >> conn(0x55ccffb44800 0x55ccfeb11180 crc :-1 s=SESSION_ACCEPTING pgs=0 cs=0 l=1 rev1=1 crypto rx=0 tx=0 comp rx=0 tx=0).handle_read_frame_dispatch tag=8
2026-02-12T04:18:01.639+0000 7feae4118640 20 --2- v2:127.0.0.1:7146/0 >> conn(0x55ccffb44800 0x55ccfeb11180 crc :-1 s=SESSION_ACCEPTING pgs=0 cs=0 l=1 rev1=1 crypto rx=0 tx=0 comp rx=0 tx=0).handle_client_ident payload.length()=123
2026-02-12T04:18:01.639+0000 7feae4118640 5 --2- v2:127.0.0.1:7146/0 >> conn(0x55ccffb44800 0x55ccfeb11180 crc :-1 s=SESSION_ACCEPTING pgs=0 cs=0 l=1 rev1=1 crypto rx=0 tx=0 comp rx=0 tx=0).handle_client_ident received client identification: addrs=127.0.0.1:0/3449891318 target=v2:127.0.0.1:7146/0 gid=-1 global_seq=2 features_supported=3f0ffffffffdffff features_required=800000000000000 flags=0 cookie=3872a488fb5667cd
2026-02-12T04:18:01.639+0000 7feae4118640 10 -- v2:127.0.0.1:7146/0 >> 127.0.0.1:0/3449891318 conn(0x55ccffb44800 msgr2=0x55ccfeb11180 crc :-1 s=STATE_CONNECTION_ESTABLISHED l=1)._infer_target_addr 127.0.0.1:0/3449891318 -> 127.0.0.1:0/3449891318
2026-02-12T04:18:01.639+0000 7feae4118640 20 --2- v2:127.0.0.1:7146/0 >> 127.0.0.1:0/3449891318 conn(0x55ccffb44800 0x55ccfeb11180 crc :-1 s=SESSION_ACCEPTING pgs=2 cs=0 l=1 rev1=1 crypto rx=0 tx=0 comp rx=0 tx=0).send_server_ident
2026-02-12T04:18:01.639+0000 7feae4118640 10 --2- v2:127.0.0.1:7146/0 >> 127.0.0.1:0/3449891318 conn(0x55ccffb44800 0x55ccfeb11180 crc :-1 s=SESSION_ACCEPTING pgs=2 cs=0 l=1 rev1=1 crypto rx=0 tx=0 comp rx=0 tx=0).discard_requeued_up_to 0
2026-02-12T04:18:01.639+0000 7feae4118640 5 --2- v2:127.0.0.1:7146/0 >> 127.0.0.1:0/3449891318 conn(0x55ccffb44800 0x55ccfeb11180 crc :-1 s=SESSION_ACCEPTING pgs=2 cs=0 l=1 rev1=1 crypto rx=0 tx=0 comp rx=0 tx=0).send_server_ident sending identification: addrs=v2:127.0.0.1:7146/0 gid=0 global_seq=3 features_supported=3f0ffffffffdffff features_required=c01020002040000 flags=1 cookie=0
2026-02-12T04:18:01.639+0000 7feae611c640 10 mon.a@0(leader) e1 ms_handle_accept con 0x55ccffb44800 session 0x55ccffb9c000 registering session for 127.0.0.1:0/3449891318
2026-02-12T04:18:01.639+0000 7feae4118640 10 -- v2:127.0.0.1:7146/0 >> 127.0.0.1:0/3449891318 conn(0x55ccffb44800 msgr2=0x55ccfeb11180 crc :-1 s=STATE_CONNECTION_ESTABLISHED l=1)._try_send sent bytes 124 remaining bytes 0
2026-02-12T04:18:01.639+0000 7feae4118640 20 --2- v2:127.0.0.1:7146/0 >> 127.0.0.1:0/3449891318 conn(0x55ccffb44800 0x55ccfeb11180 crc :-1 s=SESSION_ACCEPTING pgs=2 cs=0 l=1 rev1=1 crypto rx=0 tx=0 comp rx=0 tx=0).server_ready
2026-02-12T04:18:01.639+0000 7feae4118640 1 --2- v2:127.0.0.1:7146/0 >> 127.0.0.1:0/3449891318 conn(0x55ccffb44800 0x55ccfeb11180 crc :-1 s=READY pgs=2 cs=0 l=1 rev1=1 crypto rx=0 tx=0 comp rx=0 tx=0).ready entity=client.? client_cookie=3872a488fb5667cd server_cookie=0 in_seq=0 out_seq=0
2026-02-12T04:18:01.639+0000 7feae4118640 20 --2- v2:127.0.0.1:7146/0 >> 127.0.0.1:0/3449891318 conn(0x55ccffb44800 0x55ccfeb11180 crc :-1 s=READY pgs=2 cs=0 l=1 rev1=1 crypto rx=0 tx=0 comp rx=0 tx=0).read_frame
2026-02-12T04:18:01.639+0000 7feae4118640 20 -- v2:127.0.0.1:7146/0 >> 127.0.0.1:0/3449891318 conn(0x55ccffb44800 msgr2=0x55ccfeb11180 crc :-1 s=STATE_CONNECTION_ESTABLISHED l=1).read start len=32
2026-02-12T04:18:01.639+0000 7feae4118640 20 -- v2:127.0.0.1:7146/0 >> 127.0.0.1:0/3449891318 conn(0x55ccffb44800 msgr2=0x55ccfeb11180 crc :-1 s=STATE_CONNECTION_ESTABLISHED l=1).process
2026-02-12T04:18:01.639+0000 7feae4118640 20 -- v2:127.0.0.1:7146/0 >> 127.0.0.1:0/3449891318 conn(0x55ccffb44800 msgr2=0x55ccfeb11180 crc :-1 s=STATE_CONNECTION_ESTABLISHED l=1).read continue len=32
2026-02-12T04:18:01.639+0000 7feae4118640 20 --2- v2:127.0.0.1:7146/0 >> 127.0.0.1:0/3449891318 conn(0x55ccffb44800 0x55ccfeb11180 crc :-1 s=READY pgs=2 cs=0 l=1 rev1=1 crypto rx=0 tx=0 comp rx=0 tx=0).handle_read_frame_preamble_main r=0
2026-02-12T04:18:01.639+0000 7feae4118640 20 --2- v2:127.0.0.1:7146/0 >> 127.0.0.1:0/3449891318 conn(0x55ccffb44800 0x55ccfeb11180 crc :-1 s=THROTTLE_MESSAGE pgs=2 cs=0 l=1 rev1=1 crypto rx=0 tx=0 comp rx=0 tx=0).throttle_message
2026-02-12T04:18:01.639+0000 7feae4118640 20 --2- v2:127.0.0.1:7146/0 >> 127.0.0.1:0/3449891318 conn(0x55ccffb44800 0x55ccfeb11180 crc :-1 s=THROTTLE_BYTES pgs=2 cs=0 l=1 rev1=1 crypto rx=0 tx=0 comp rx=0 tx=0).throttle_bytes
2026-02-12T04:18:01.639+0000 7feae4118640 20 --2- v2:127.0.0.1:7146/0 >> 127.0.0.1:0/3449891318 conn(0x55ccffb44800 0x55ccfeb11180 crc :-1 s=THROTTLE_DISPATCH_QUEUE pgs=2 cs=0 l=1 rev1=1 crypto rx=0 tx=0 comp rx=0 tx=0).throttle_dispatch_queue
2026-02-12T04:18:01.639+0000 7feae4118640 20 --2- v2:127.0.0.1:7146/0 >> 127.0.0.1:0/3449891318 conn(0x55ccffb44800 0x55ccfeb11180 crc :-1 s=THROTTLE_DONE pgs=2 cs=0 l=1 rev1=1 crypto rx=0 tx=0 comp rx=0 tx=0).read_frame_segment seg_idx=0
2026-02-12T04:18:01.639+0000 7feae4118640 20 -- v2:127.0.0.1:7146/0 >> 127.0.0.1:0/3449891318 conn(0x55ccffb44800 msgr2=0x55ccfeb11180 crc :-1 s=STATE_CONNECTION_ESTABLISHED l=1).read start len=45
2026-02-12T04:18:01.639+0000 7feae4118640 20 --2- v2:127.0.0.1:7146/0 >> 127.0.0.1:0/3449891318 conn(0x55ccffb44800 0x55ccfeb11180 crc :-1 s=THROTTLE_DONE pgs=2 cs=0 l=1 rev1=1 crypto rx=0 tx=0 comp rx=0 tx=0).handle_read_frame_segment r=0
2026-02-12T04:18:01.639+0000 7feae4118640 10 --2- v2:127.0.0.1:7146/0 >> 127.0.0.1:0/3449891318 conn(0x55ccffb44800 0x55ccfeb11180 crc :-1 s=THROTTLE_DONE pgs=2 cs=0 l=1 rev1=1 crypto rx=0 tx=0 comp rx=0 tx=0).handle_read_frame_dispatch tag=17
2026-02-12T04:18:01.639+0000 7feae4118640 20 --2- v2:127.0.0.1:7146/0 >> 127.0.0.1:0/3449891318 conn(0x55ccffb44800 0x55ccfeb11180 crc :-1 s=THROTTLE_DONE pgs=2 cs=0 l=1 rev1=1 crypto rx=0 tx=0 comp rx=0 tx=0).handle_message
2026-02-12T04:18:01.639+0000 7feae4118640 5 --2- v2:127.0.0.1:7146/0 >> 127.0.0.1:0/3449891318 conn(0x55ccffb44800 0x55ccfeb11180 crc :-1 s=THROTTLE_DONE pgs=2 cs=0 l=1 rev1=1 crypto rx=0 tx=0 comp rx=0 tx=0).handle_message got 0 + 0 + 0 byte message. envelope type=5 src client.? off 0
2026-02-12T04:18:01.639+0000 7feae4118640 5 --2- v2:127.0.0.1:7146/0 >> 127.0.0.1:0/3449891318 conn(0x55ccffb44800 0x55ccfeb11180 crc :-1 s=READ_MESSAGE_COMPLETE pgs=2 cs=0 l=1 rev1=1 crypto rx=0 tx=0 comp rx=0 tx=0).handle_message received message m=0x55ccfecb5680 seq=1 from=client.? type=5 mon_getmap magic: 0
2026-02-12T04:18:01.639+0000 7feae4118640 20 -- v2:127.0.0.1:7146/0 queue 0x55ccfecb5680 prio 127
2026-02-12T04:18:01.639+0000 7feae4118640 20 --2- v2:127.0.0.1:7146/0 >> 127.0.0.1:0/3449891318 conn(0x55ccffb44800 0x55ccfeb11180 crc :-1 s=READY pgs=2 cs=0 l=1 rev1=1 crypto rx=0 tx=0 comp rx=0 tx=0).read_frame
2026-02-12T04:18:01.639+0000 7feae4118640 20 -- v2:127.0.0.1:7146/0 >> 127.0.0.1:0/3449891318 conn(0x55ccffb44800 msgr2=0x55ccfeb11180 crc :-1 s=STATE_CONNECTION_ESTABLISHED l=1).read start len=32
2026-02-12T04:18:01.639+0000 7feae4118640 20 --2- v2:127.0.0.1:7146/0 >> 127.0.0.1:0/3449891318 conn(0x55ccffb44800 0x55ccfeb11180 crc :-1 s=READY pgs=2 cs=0 l=1 rev1=1 crypto rx=0 tx=0 comp rx=0 tx=0).handle_read_frame_preamble_main r=0
2026-02-12T04:18:01.639+0000 7feae611c640 1 -- v2:127.0.0.1:7146/0 <== client.? 127.0.0.1:0/3449891318 1 ==== mon_getmap magic: 0 ==== 0+0+0 (crc 0 0 0) 0x55ccfecb5680 con 0x55ccffb44800
2026-02-12T04:18:01.639+0000 7feae4118640 20 --2- v2:127.0.0.1:7146/0 >> 127.0.0.1:0/3449891318 conn(0x55ccffb44800 0x55ccfeb11180 crc :-1 s=THROTTLE_MESSAGE pgs=2 cs=0 l=1 rev1=1 crypto rx=0 tx=0 comp rx=0 tx=0).throttle_message
2026-02-12T04:18:01.639+0000 7feae611c640 20 mon.a@0(leader) e1 _ms_dispatch existing session 0x55ccffb9c000 for client.?
2026-02-12T04:18:01.639+0000 7feae4118640 20 --2- v2:127.0.0.1:7146/0 >> 127.0.0.1:0/3449891318 conn(0x55ccffb44800 0x55ccfeb11180 crc :-1 s=THROTTLE_BYTES pgs=2 cs=0 l=1 rev1=1 crypto rx=0 tx=0 comp rx=0 tx=0).throttle_bytes
2026-02-12T04:18:01.639+0000 7feae611c640 20 mon.a@0(leader) e1 entity_name mgr.x global_id 4099 (none) caps allow *
2026-02-12T04:18:01.639+0000 7feae4118640 10 --2- v2:127.0.0.1:7146/0 >> 127.0.0.1:0/3449891318 conn(0x55ccffb44800 0x55ccfeb11180 crc :-1 s=THROTTLE_BYTES pgs=2 cs=0 l=1 rev1=1 crypto rx=0 tx=0 comp rx=0 tx=0).throttle_bytes wants 54 bytes from policy throttler 524/104857600
2026-02-12T04:18:01.639+0000 7feae611c640 10 mon.a@0(leader) e1 handle_mon_get_map
2026-02-12T04:18:01.639+0000 7feae4118640 20 --2- v2:127.0.0.1:7146/0 >> 127.0.0.1:0/3449891318 conn(0x55ccffb44800 0x55ccfeb11180 crc :-1 s=THROTTLE_DISPATCH_QUEUE pgs=2 cs=0 l=1 rev1=1 crypto rx=0 tx=0 comp rx=0 tx=0).throttle_dispatch_queue
2026-02-12T04:18:01.639+0000 7feae4118640 20 --2- v2:127.0.0.1:7146/0 >> 127.0.0.1:0/3449891318 conn(0x55ccffb44800 0x55ccfeb11180 crc :-1 s=THROTTLE_DONE pgs=2 cs=0 l=1 rev1=1 crypto rx=0 tx=0 comp rx=0 tx=0).read_frame_segment seg_idx=0
2026-02-12T04:18:01.639+0000 7feae4118640 20 -- v2:127.0.0.1:7146/0 >> 127.0.0.1:0/3449891318 conn(0x55ccffb44800 msgr2=0x55ccfeb11180 crc :-1 s=STATE_CONNECTION_ESTABLISHED l=1).read start len=45
2026-02-12T04:18:01.639+0000 7feae611c640 1 -- v2:127.0.0.1:7146/0 --> 127.0.0.1:0/3449891318 -- mon_map magic: 0 -- 0x55ccfe9bd040 con 0x55ccffb44800
2026-02-12T04:18:01.639+0000 7feae4118640 20 --2- v2:127.0.0.1:7146/0 >> 127.0.0.1:0/3449891318 conn(0x55ccffb44800 0x55ccfeb11180 crc :-1 s=THROTTLE_DONE pgs=2 cs=0 l=1 rev1=1 crypto rx=0 tx=0 comp rx=0 tx=0).handle_read_frame_segment r=0
2026-02-12T04:18:01.639+0000 7feae4118640 20 --2- v2:127.0.0.1:7146/0 >> 127.0.0.1:0/3449891318 conn(0x55ccffb44800 0x55ccfeb11180 crc :-1 s=THROTTLE_DONE pgs=2 cs=0 l=1 rev1=1 crypto rx=0 tx=0 comp rx=0 tx=0).read_frame_segment seg_idx=1
2026-02-12T04:18:01.639+0000 7feae4118640 20 -- v2:127.0.0.1:7146/0 >> 127.0.0.1:0/3449891318 conn(0x55ccffb44800 msgr2=0x55ccfeb11180 crc :-1 s=STATE_CONNECTION_ESTABLISHED l=1).read start len=54
2026-02-12T04:18:01.639+0000 7feae4118640 20 --2- v2:127.0.0.1:7146/0 >> 127.0.0.1:0/3449891318 conn(0x55ccffb44800 0x55ccfeb11180 crc :-1 s=THROTTLE_DONE pgs=2 cs=0 l=1 rev1=1 crypto rx=0 tx=0 comp rx=0 tx=0).handle_read_frame_segment r=0
2026-02-12T04:18:01.639+0000 7feae611c640 5 --2- v2:127.0.0.1:7146/0 >> 127.0.0.1:0/3449891318 conn(0x55ccffb44800 0x55ccfeb11180 crc :-1 s=THROTTLE_DONE pgs=2 cs=0 l=1 rev1=1 crypto rx=0 tx=0 comp rx=0 tx=0).send_message enqueueing message m=0x55ccfe9bd040 type=4 mon_map magic: 0
2026-02-12T04:18:01.639+0000 7feae4118640 20 -- v2:127.0.0.1:7146/0 >> 127.0.0.1:0/3449891318 conn(0x55ccffb44800 msgr2=0x55ccfeb11180 crc :-1 s=STATE_CONNECTION_ESTABLISHED l=1).read start len=13
2026-02-12T04:18:01.639+0000 7feae611c640 15 --2- v2:127.0.0.1:7146/0 >> 127.0.0.1:0/3449891318 conn(0x55ccffb44800 0x55ccfeb11180 crc :-1 s=THROTTLE_DONE pgs=2 cs=0 l=1 rev1=1 crypto rx=0 tx=0 comp rx=0 tx=0).send_message inline write is denied, reschedule m=0x55ccfe9bd040
2026-02-12T04:18:01.639+0000 7feae4118640 20 --2- v2:127.0.0.1:7146/0 >> 127.0.0.1:0/3449891318 conn(0x55ccffb44800 0x55ccfeb11180 crc :-1 s=THROTTLE_DONE pgs=2 cs=0 l=1 rev1=1 crypto rx=0 tx=0 comp rx=0 tx=0).handle_read_frame_epilogue_main r=0
2026-02-12T04:18:01.639+0000 7feae611c640 20 Event(0x55ccfe9d0508 nevent=5000 time_id=3).wakeup
2026-02-12T04:18:01.639+0000 7feae4118640 10 --2- v2:127.0.0.1:7146/0 >> 127.0.0.1:0/3449891318 conn(0x55ccffb44800 0x55ccfeb11180 crc :-1 s=THROTTLE_DONE pgs=2 cs=0 l=1 rev1=1 crypto rx=0 tx=0 comp rx=0 tx=0).handle_read_frame_dispatch tag=17
2026-02-12T04:18:01.639+0000 7feae4118640 20 --2- v2:127.0.0.1:7146/0 >> 127.0.0.1:0/3449891318 conn(0x55ccffb44800 0x55ccfeb11180 crc :-1 s=THROTTLE_DONE pgs=2 cs=0 l=1 rev1=1 crypto rx=0 tx=0 comp rx=0 tx=0).handle_message
2026-02-12T04:18:01.639+0000 7feae611c640 20 -- v2:127.0.0.1:7146/0 done calling dispatch on 0x55ccfecb5680
2026-02-12T04:18:01.639+0000 7feae4118640 5 --2- v2:127.0.0.1:7146/0 >> 127.0.0.1:0/3449891318 conn(0x55ccffb44800 0x55ccfeb11180 crc :-1 s=THROTTLE_DONE pgs=2 cs=0 l=1 rev1=1 crypto rx=0 tx=0 comp rx=0 tx=0).handle_message got 54 + 0 + 0 byte message. envelope type=15 src client.? off 0
2026-02-12T04:18:01.639+0000 7feae4118640 5 --2- v2:127.0.0.1:7146/0 >> 127.0.0.1:0/3449891318 conn(0x55ccffb44800 0x55ccfeb11180 crc :-1 s=READ_MESSAGE_COMPLETE pgs=2 cs=0 l=1 rev1=1 crypto rx=0 tx=0 comp rx=0 tx=0).handle_message received message m=0x55ccffb94960 seq=2 from=client.? type=15 mon_subscribe({config=0+,monmap=0+})
2026-02-12T04:18:01.639+0000 7feae4118640 20 -- v2:127.0.0.1:7146/0 queue 0x55ccffb94960 prio 127
2026-02-12T04:18:01.639+0000 7feae4118640 20 --2- v2:127.0.0.1:7146/0 >> 127.0.0.1:0/3449891318 conn(0x55ccffb44800 0x55ccfeb11180 crc :-1 s=READY pgs=2 cs=0 l=1 rev1=1 crypto rx=0 tx=0 comp rx=0 tx=0).read_frame
2026-02-12T04:18:01.639+0000 7feae4118640 20 -- v2:127.0.0.1:7146/0 >> 127.0.0.1:0/3449891318 conn(0x55ccffb44800 msgr2=0x55ccfeb11180 crc :-1 s=STATE_CONNECTION_ESTABLISHED l=1).read start len=32
2026-02-12T04:18:01.639+0000 7feae611c640 1 -- v2:127.0.0.1:7146/0 <== client.? 127.0.0.1:0/3449891318 2 ==== mon_subscribe({config=0+,monmap=0+}) ==== 54+0+0 (crc 0 0 0) 0x55ccffb94960 con 0x55ccffb44800
2026-02-12T04:18:01.639+0000 7feae611c640 20 mon.a@0(leader) e1 _ms_dispatch existing session 0x55ccffb9c000 for client.?
2026-02-12T04:18:01.639+0000 7feae611c640 20 mon.a@0(leader) e1 entity_name mgr.x global_id 4099 (none) caps allow *
2026-02-12T04:18:01.639+0000 7feae4118640 10 -- v2:127.0.0.1:7146/0 >> 127.0.0.1:0/3449891318 conn(0x55ccffb44800 msgr2=0x55ccfeb11180 crc :-1 s=STATE_CONNECTION_ESTABLISHED l=1).handle_write
2026-02-12T04:18:01.639+0000 7feae611c640 10 mon.a@0(leader) e1 handle_subscribe mon_subscribe({config=0+,monmap=0+})
2026-02-12T04:18:01.639+0000 7feae4118640 10 --2- v2:127.0.0.1:7146/0 >> 127.0.0.1:0/3449891318 conn(0x55ccffb44800 0x55ccfeb11180 crc :-1 s=READY pgs=2 cs=0 l=1 rev1=1 crypto rx=0 tx=0 comp rx=0 tx=0).write_event
2026-02-12T04:18:01.639+0000 7feae611c640 10 mon.a@0(leader).config check_sub next 0 have 2
2026-02-12T04:18:01.639+0000 7feae4118640 20 --2- v2:127.0.0.1:7146/0 >> 127.0.0.1:0/3449891318 conn(0x55ccffb44800 0x55ccfeb11180 crc :-1 s=READY pgs=2 cs=0 l=1 rev1=1 crypto rx=0 tx=0 comp rx=0 tx=0).prepare_send_message m=mon_map magic: 0
2026-02-12T04:18:01.639+0000 7feae611c640 10 mon.a@0(leader).config refresh_config crush_location for remote_host trial176 is {}
2026-02-12T04:18:01.639+0000 7feae4118640 20 --2- v2:127.0.0.1:7146/0 >> 127.0.0.1:0/3449891318 conn(0x55ccffb44800 0x55ccfeb11180 crc :-1 s=READY pgs=2 cs=0 l=1 rev1=1 crypto rx=0 tx=0 comp rx=0 tx=0).prepare_send_message encoding features 4544132024016699391 0x55ccfe9bd040 mon_map magic: 0
2026-02-12T04:18:01.639+0000 7feae611c640 20 mon.a@0(leader).config refresh_config mgr.x crush {} device_class
