2026-02-12T04:18:03.702+0000 7feaea124640 2 --2- v2:127.0.0.1:7146/0 >> 127.0.0.1:0/3978893233 conn(0x55ccffb45800 0x55ccfeb11700 crc :-1 s=READY pgs=2 cs=0 l=1 rev1=1 crypto rx=0 tx=0 comp rx=0 tx=0).write_message sending message m=0x55ccffb92700 seq=9 mgrmap(e 2)
2026-02-12T04:18:03.702+0000 7feaea124640 20 --2- v2:127.0.0.1:7146/0 >> 127.0.0.1:0/3978893233 conn(0x55ccffb45800 0x55ccfeb11700 crc :-1 s=READY pgs=2 cs=0 l=1 rev1=1 crypto rx=0 tx=0 comp rx=0 tx=0).write_message sending m=0x55ccffb92700 seq=9 src=mon.0 off=0
2026-02-12T04:18:03.702+0000 7feaea124640 10 -- v2:127.0.0.1:7146/0 >> 127.0.0.1:0/3978893233 conn(0x55ccffb45800 msgr2=0x55ccfeb11700 crc :-1 s=STATE_CONNECTION_ESTABLISHED l=1)._try_send sent bytes 52898 remaining bytes 0
2026-02-12T04:18:03.702+0000 7feaea124640 10 --2- v2:127.0.0.1:7146/0 >> 127.0.0.1:0/3978893233 conn(0x55ccffb45800 0x55ccfeb11700 crc :-1 s=READY pgs=2 cs=0 l=1 rev1=1 crypto rx=0 tx=0 comp rx=0 tx=0).write_message sending 0x55ccffb92700 done.
2026-02-12T04:18:03.702+0000 7feaea124640 20 --2- v2:127.0.0.1:7146/0 >> 127.0.0.1:0/3978893233 conn(0x55ccffb45800 0x55ccfeb11700 crc :-1 s=READY pgs=2 cs=0 l=1 rev1=1 crypto rx=0 tx=0 comp rx=0 tx=0).prepare_send_message m=osd_map(2..3 src has 1..3)
2026-02-12T04:18:03.702+0000 7feaea124640 20 --2- v2:127.0.0.1:7146/0 >> 127.0.0.1:0/3978893233 conn(0x55ccffb45800 0x55ccfeb11700 crc :-1 s=READY pgs=2 cs=0 l=1 rev1=1 crypto rx=0 tx=0 comp rx=0 tx=0).prepare_send_message encoding features 4544132024016699391 0x55ccffe9b600 osd_map(2..3 src has 1..3)
2026-02-12T04:18:03.702+0000 7feaea124640 2 --2- v2:127.0.0.1:7146/0 >> 127.0.0.1:0/3978893233 conn(0x55ccffb45800 0x55ccfeb11700 crc :-1 s=READY pgs=2 cs=0 l=1 rev1=1 crypto rx=0 tx=0 comp rx=0 tx=0).write_message sending message m=0x55ccffe9b600 seq=10 osd_map(2..3 src has 1..3)
2026-02-12T04:18:03.702+0000 7feaea124640 20 --2- v2:127.0.0.1:7146/0 >> 127.0.0.1:0/3978893233 conn(0x55ccffb45800 0x55ccfeb11700 crc :-1 s=READY pgs=2 cs=0 l=1 rev1=1 crypto rx=0 tx=0 comp rx=0 tx=0).write_message sending m=0x55ccffe9b600 seq=10 src=mon.0 off=0
2026-02-12T04:18:03.702+0000 7feaea124640 10 -- v2:127.0.0.1:7146/0 >> 127.0.0.1:0/3978893233 conn(0x55ccffb45800 msgr2=0x55ccfeb11700 crc :-1 s=STATE_CONNECTION_ESTABLISHED l=1)._try_send sent bytes 1117 remaining bytes 0
2026-02-12T04:18:03.702+0000 7feaea124640 10 --2- v2:127.0.0.1:7146/0 >> 127.0.0.1:0/3978893233 conn(0x55ccffb45800 0x55ccfeb11700 crc :-1 s=READY pgs=2 cs=0 l=1 rev1=1 crypto rx=0 tx=0 comp rx=0 tx=0).write_message sending 0x55ccffe9b600 done.
2026-02-12T04:18:03.702+0000 7feaea124640 20 --2- v2:127.0.0.1:7146/0 >> 127.0.0.1:0/3978893233 conn(0x55ccffb45800 0x55ccfeb11700 crc :-1 s=READY pgs=2 cs=0 l=1 rev1=1 crypto rx=0 tx=0 comp rx=0 tx=0).prepare_send_message m=service_map(e1 0 svc)
2026-02-12T04:18:03.702+0000 7feaea124640 20 --2- v2:127.0.0.1:7146/0 >> 127.0.0.1:0/3978893233 conn(0x55ccffb45800 0x55ccfeb11700 crc :-1 s=READY pgs=2 cs=0 l=1 rev1=1 crypto rx=0 tx=0 comp rx=0 tx=0).prepare_send_message encoding features 4544132024016699391 0x55ccfe9d3340 service_map(e1 0 svc)
2026-02-12T04:18:03.702+0000 7feaea124640 2 --2- v2:127.0.0.1:7146/0 >> 127.0.0.1:0/3978893233 conn(0x55ccffb45800 0x55ccfeb11700 crc :-1 s=READY pgs=2 cs=0 l=1 rev1=1 crypto rx=0 tx=0 comp rx=0 tx=0).write_message sending message m=0x55ccfe9d3340 seq=11 service_map(e1 0 svc)
2026-02-12T04:18:03.702+0000 7feaea124640 20 --2- v2:127.0.0.1:7146/0 >> 127.0.0.1:0/3978893233 conn(0x55ccffb45800 0x55ccfeb11700 crc :-1 s=READY pgs=2 cs=0 l=1 rev1=1 crypto rx=0 tx=0 comp rx=0 tx=0).write_message sending m=0x55ccfe9d3340 seq=11 src=mon.0 off=0
2026-02-12T04:18:03.702+0000 7feaea124640 10 -- v2:127.0.0.1:7146/0 >> 127.0.0.1:0/3978893233 conn(0x55ccffb45800 msgr2=0x55ccfeb11700 crc :-1 s=STATE_CONNECTION_ESTABLISHED l=1)._try_send sent bytes 112 remaining bytes 0
2026-02-12T04:18:03.702+0000 7feaea124640 10 --2- v2:127.0.0.1:7146/0 >> 127.0.0.1:0/3978893233 conn(0x55ccffb45800 0x55ccfeb11700 crc :-1 s=READY pgs=2 cs=0 l=1 rev1=1 crypto rx=0 tx=0 comp rx=0 tx=0).write_message sending 0x55ccfe9d3340 done.
2026-02-12T04:18:03.702+0000 7feaea124640 20 -- v2:127.0.0.1:7146/0 >> 127.0.0.1:0/3978893233 conn(0x55ccffb45800 msgr2=0x55ccfeb11700 crc :-1 s=STATE_CONNECTION_ESTABLISHED l=1).process
2026-02-12T04:18:03.702+0000 7feaea124640 20 -- v2:127.0.0.1:7146/0 >> 127.0.0.1:0/3978893233 conn(0x55ccffb45800 msgr2=0x55ccfeb11700 crc :-1 s=STATE_CONNECTION_ESTABLISHED l=1).read continue len=32
2026-02-12T04:18:03.702+0000 7feaea124640 20 --2- v2:127.0.0.1:7146/0 >> 127.0.0.1:0/3978893233 conn(0x55ccffb45800 0x55ccfeb11700 crc :-1 s=READY pgs=2 cs=0 l=1 rev1=1 crypto rx=0 tx=0 comp rx=0 tx=0).handle_read_frame_preamble_main r=0
2026-02-12T04:18:03.702+0000 7feaea124640 20 --2- v2:127.0.0.1:7146/0 >> 127.0.0.1:0/3978893233 conn(0x55ccffb45800 0x55ccfeb11700 crc :-1 s=THROTTLE_MESSAGE pgs=2 cs=0 l=1 rev1=1 crypto rx=0 tx=0 comp rx=0 tx=0).throttle_message
2026-02-12T04:18:03.702+0000 7feaea124640 20 --2- v2:127.0.0.1:7146/0 >> 127.0.0.1:0/3978893233 conn(0x55ccffb45800 0x55ccfeb11700 crc :-1 s=THROTTLE_BYTES pgs=2 cs=0 l=1 rev1=1 crypto rx=0 tx=0 comp rx=0 tx=0).throttle_bytes
2026-02-12T04:18:03.702+0000 7feaea124640 20 --2- v2:127.0.0.1:7146/0 >> 127.0.0.1:0/3978893233 conn(0x55ccffb45800 0x55ccfeb11700 crc :-1 s=THROTTLE_DISPATCH_QUEUE pgs=2 cs=0 l=1 rev1=1 crypto rx=0 tx=0 comp rx=0 tx=0).throttle_dispatch_queue
2026-02-12T04:18:03.702+0000 7feaea124640 20 --2- v2:127.0.0.1:7146/0 >> 127.0.0.1:0/3978893233 conn(0x55ccffb45800 0x55ccfeb11700 crc :-1 s=THROTTLE_DONE pgs=2 cs=0 l=1 rev1=1 crypto rx=0 tx=0 comp rx=0 tx=0).read_frame_segment seg_idx=0
2026-02-12T04:18:03.702+0000 7feaea124640 20 -- v2:127.0.0.1:7146/0 >> 127.0.0.1:0/3978893233 conn(0x55ccffb45800 msgr2=0x55ccfeb11700 crc :-1 s=STATE_CONNECTION_ESTABLISHED l=1).read start len=45
2026-02-12T04:18:03.702+0000 7feaea124640 20 --2- v2:127.0.0.1:7146/0 >> 127.0.0.1:0/3978893233 conn(0x55ccffb45800 0x55ccfeb11700 crc :-1 s=THROTTLE_DONE pgs=2 cs=0 l=1 rev1=1 crypto rx=0 tx=0 comp rx=0 tx=0).handle_read_frame_segment r=0
2026-02-12T04:18:03.702+0000 7feaea124640 20 --2- v2:127.0.0.1:7146/0 >> 127.0.0.1:0/3978893233 conn(0x55ccffb45800 0x55ccfeb11700 crc :-1 s=THROTTLE_DONE pgs=2 cs=0 l=1 rev1=1 crypto rx=0 tx=0 comp rx=0 tx=0).read_frame_segment seg_idx=1
2026-02-12T04:18:03.702+0000 7feaea124640 20 -- v2:127.0.0.1:7146/0 >> 127.0.0.1:0/3978893233 conn(0x55ccffb45800 msgr2=0x55ccfeb11700 crc :-1 s=STATE_CONNECTION_ESTABLISHED l=1).read start len=68
2026-02-12T04:18:03.702+0000 7feaea124640 20 --2- v2:127.0.0.1:7146/0 >> 127.0.0.1:0/3978893233 conn(0x55ccffb45800 0x55ccfeb11700 crc :-1 s=THROTTLE_DONE pgs=2 cs=0 l=1 rev1=1 crypto rx=0 tx=0 comp rx=0 tx=0).handle_read_frame_segment r=0
2026-02-12T04:18:03.702+0000 7feaea124640 20 -- v2:127.0.0.1:7146/0 >> 127.0.0.1:0/3978893233 conn(0x55ccffb45800 msgr2=0x55ccfeb11700 crc :-1 s=STATE_CONNECTION_ESTABLISHED l=1).read start len=13
2026-02-12T04:18:03.702+0000 7feaea124640 20 --2- v2:127.0.0.1:7146/0 >> 127.0.0.1:0/3978893233 conn(0x55ccffb45800 0x55ccfeb11700 crc :-1 s=THROTTLE_DONE pgs=2 cs=0 l=1 rev1=1 crypto rx=0 tx=0 comp rx=0 tx=0).handle_read_frame_epilogue_main r=0
2026-02-12T04:18:03.702+0000 7feaea124640 10 --2- v2:127.0.0.1:7146/0 >> 127.0.0.1:0/3978893233 conn(0x55ccffb45800 0x55ccfeb11700 crc :-1 s=THROTTLE_DONE pgs=2 cs=0 l=1 rev1=1 crypto rx=0 tx=0 comp rx=0 tx=0).handle_read_frame_dispatch tag=17
2026-02-12T04:18:03.702+0000 7feaea124640 20 --2- v2:127.0.0.1:7146/0 >> 127.0.0.1:0/3978893233 conn(0x55ccffb45800 0x55ccfeb11700 crc :-1 s=THROTTLE_DONE pgs=2 cs=0 l=1 rev1=1 crypto rx=0 tx=0 comp rx=0 tx=0).handle_message
2026-02-12T04:18:03.702+0000 7feaea124640 5 --2- v2:127.0.0.1:7146/0 >> 127.0.0.1:0/3978893233 conn(0x55ccffb45800 0x55ccfeb11700 crc :-1 s=THROTTLE_DONE pgs=2 cs=0 l=1 rev1=1 crypto rx=0 tx=0 comp rx=0 tx=0).handle_message got 68 + 0 + 0 byte message. envelope type=50 src mgr.4100 off 0
2026-02-12T04:18:03.702+0000 7feaea124640 5 --2- v2:127.0.0.1:7146/0 >> 127.0.0.1:0/3978893233 conn(0x55ccffb45800 0x55ccfeb11700 crc :-1 s=READ_MESSAGE_COMPLETE pgs=2 cs=0 l=1 rev1=1 crypto rx=0 tx=0 comp rx=0 tx=0).handle_message received message m=0x55ccfe9d3340 seq=3 from=mgr.4100 type=50 mon_command({"prefix": "mds metadata"} v 0)
2026-02-12T04:18:03.702+0000 7feaea124640 20 -- v2:127.0.0.1:7146/0 queue 0x55ccfe9d3340 prio 127
2026-02-12T04:18:03.702+0000 7feaea124640 20 --2- v2:127.0.0.1:7146/0 >> 127.0.0.1:0/3978893233 conn(0x55ccffb45800 0x55ccfeb11700 crc :-1 s=READY pgs=2 cs=0 l=1 rev1=1 crypto rx=0 tx=0 comp rx=0 tx=0).read_frame
2026-02-12T04:18:03.702+0000 7feaea124640 20 -- v2:127.0.0.1:7146/0 >> 127.0.0.1:0/3978893233 conn(0x55ccffb45800 msgr2=0x55ccfeb11700 crc :-1 s=STATE_CONNECTION_ESTABLISHED l=1).read start len=32
2026-02-12T04:18:03.702+0000 7feaea124640 20 --2- v2:127.0.0.1:7146/0 >> 127.0.0.1:0/3978893233 conn(0x55ccffb45800 0x55ccfeb11700 crc :-1 s=READY pgs=2 cs=0 l=1 rev1=1 crypto rx=0 tx=0 comp rx=0 tx=0).handle_read_frame_preamble_main r=0
2026-02-12T04:18:03.702+0000 7feaea124640 20 --2- v2:127.0.0.1:7146/0 >> 127.0.0.1:0/3978893233 conn(0x55ccffb45800 0x55ccfeb11700 crc :-1 s=THROTTLE_MESSAGE pgs=2 cs=0 l=1 rev1=1 crypto rx=0 tx=0 comp rx=0 tx=0).throttle_message
2026-02-12T04:18:03.702+0000 7feaea124640 20 --2- v2:127.0.0.1:7146/0 >> 127.0.0.1:0/3978893233 conn(0x55ccffb45800 0x55ccfeb11700 crc :-1 s=THROTTLE_BYTES pgs=2 cs=0 l=1 rev1=1 crypto rx=0 tx=0 comp rx=0 tx=0).throttle_bytes
2026-02-12T04:18:03.702+0000 7feaea124640 20 --2- v2:127.0.0.1:7146/0 >> 127.0.0.1:0/3978893233 conn(0x55ccffb45800 0x55ccfeb11700 crc :-1 s=THROTTLE_DISPATCH_QUEUE pgs=2 cs=0 l=1 rev1=1 crypto rx=0 tx=0 comp rx=0 tx=0).throttle_dispatch_queue
2026-02-12T04:18:03.702+0000 7feaea124640 20 --2- v2:127.0.0.1:7146/0 >> 127.0.0.1:0/3978893233 conn(0x55ccffb45800 0x55ccfeb11700 crc :-1 s=THROTTLE_DONE pgs=2 cs=0 l=1 rev1=1 crypto rx=0 tx=0 comp rx=0 tx=0).read_frame_segment seg_idx=0
2026-02-12T04:18:03.702+0000 7feaea124640 20 -- v2:127.0.0.1:7146/0 >> 127.0.0.1:0/3978893233 conn(0x55ccffb45800 msgr2=0x55ccfeb11700 crc :-1 s=STATE_CONNECTION_ESTABLISHED l=1).read start len=45
2026-02-12T04:18:03.702+0000 7feaea124640 20 --2- v2:127.0.0.1:7146/0 >> 127.0.0.1:0/3978893233 conn(0x55ccffb45800 0x55ccfeb11700 crc :-1 s=THROTTLE_DONE pgs=2 cs=0 l=1 rev1=1 crypto rx=0 tx=0 comp rx=0 tx=0).handle_read_frame_segment r=0
2026-02-12T04:18:03.702+0000 7feaea124640 20 --2- v2:127.0.0.1:7146/0 >> 127.0.0.1:0/3978893233 conn(0x55ccffb45800 0x55ccfeb11700 crc :-1 s=THROTTLE_DONE pgs=2 cs=0 l=1 rev1=1 crypto rx=0 tx=0 comp rx=0 tx=0).read_frame_segment seg_idx=1
2026-02-12T04:18:03.702+0000 7feae611c640 1 -- v2:127.0.0.1:7146/0 <== mgr.4100 127.0.0.1:0/3978893233 3 ==== mon_command({"prefix": "mds metadata"} v 0) ==== 68+0+0 (crc 0 0 0) 0x55ccfe9d3340 con 0x55ccffb45800
2026-02-12T04:18:03.702+0000 7feaea124640 20 -- v2:127.0.0.1:7146/0 >> 127.0.0.1:0/3978893233 conn(0x55ccffb45800 msgr2=0x55ccfeb11700 crc :-1 s=STATE_CONNECTION_ESTABLISHED l=1).read start len=68
2026-02-12T04:18:03.702+0000 7feaea124640 20 --2- v2:127.0.0.1:7146/0 >> 127.0.0.1:0/3978893233 conn(0x55ccffb45800 0x55ccfeb11700 crc :-1 s=THROTTLE_DONE pgs=2 cs=0 l=1 rev1=1 crypto rx=0 tx=0 comp rx=0 tx=0).handle_read_frame_segment r=0
2026-02-12T04:18:03.702+0000 7feae611c640 20 mon.a@0(leader) e1 _ms_dispatch existing session 0x55ccffb9c6c0 for mgr.4100
2026-02-12T04:18:03.702+0000 7feae611c640 20 mon.a@0(leader) e1 entity_name mgr.x global_id 4100 (none) caps allow *
2026-02-12T04:18:03.702+0000 7feaea124640 20 -- v2:127.0.0.1:7146/0 >> 127.0.0.1:0/3978893233 conn(0x55ccffb45800 msgr2=0x55ccfeb11700 crc :-1 s=STATE_CONNECTION_ESTABLISHED l=1).read start len=13
2026-02-12T04:18:03.702+0000 7feaea124640 20 --2- v2:127.0.0.1:7146/0 >> 127.0.0.1:0/3978893233 conn(0x55ccffb45800 0x55ccfeb11700 crc :-1 s=THROTTLE_DONE pgs=2 cs=0 l=1 rev1=1 crypto rx=0 tx=0 comp rx=0 tx=0).handle_read_frame_epilogue_main r=0
2026-02-12T04:18:03.702+0000 7feaea124640 10 --2- v2:127.0.0.1:7146/0 >> 127.0.0.1:0/3978893233 conn(0x55ccffb45800 0x55ccfeb11700 crc :-1 s=THROTTLE_DONE pgs=2 cs=0 l=1 rev1=1 crypto rx=0 tx=0 comp rx=0 tx=0).handle_read_frame_dispatch tag=17
2026-02-12T04:18:03.702+0000 7feae611c640 0 mon.a@0(leader) e1 handle_command mon_command({"prefix": "mds metadata"} v 0)
2026-02-12T04:18:03.702+0000 7feaea124640 20 --2- v2:127.0.0.1:7146/0 >> 127.0.0.1:0/3978893233 conn(0x55ccffb45800 0x55ccfeb11700 crc :-1 s=THROTTLE_DONE pgs=2 cs=0 l=1 rev1=1 crypto rx=0 tx=0 comp rx=0 tx=0).handle_message
2026-02-12T04:18:03.702+0000 7feae611c640 20 MonCap is_capable service=mds command=mds metadata read addr 127.0.0.1:0/3978893233 on cap allow *
2026-02-12T04:18:03.702+0000 7feaea124640 5 --2- v2:127.0.0.1:7146/0 >> 127.0.0.1:0/3978893233 conn(0x55ccffb45800 0x55ccfeb11700 crc :-1 s=THROTTLE_DONE pgs=2 cs=0 l=1 rev1=1 crypto rx=0 tx=0 comp rx=0 tx=0).handle_message got 68 + 0 + 0 byte message. envelope type=50 src mgr.4100 off 0
2026-02-12T04:18:03.702+0000 7feae611c640 20 MonCap allow so far , doing grant allow *
2026-02-12T04:18:03.702+0000 7feae611c640 20 MonCap allow all
2026-02-12T04:18:03.702+0000 7feae611c640 10 mon.a@0(leader) e1 _allowed_command capable
2026-02-12T04:18:03.702+0000 7feae611c640 0 log_channel(audit) log [DBG] : from='mgr.4100 127.0.0.1:0/3978893233' entity='mgr.x' cmd={"prefix": "mds metadata"} : dispatch
2026-02-12T04:18:03.702+0000 7feaea124640 5 --2- v2:127.0.0.1:7146/0 >> 127.0.0.1:0/3978893233 conn(0x55ccffb45800 0x55ccfeb11700 crc :-1 s=READ_MESSAGE_COMPLETE pgs=2 cs=0 l=1 rev1=1 crypto rx=0 tx=0 comp rx=0 tx=0).handle_message received message m=0x55ccffb12fc0 seq=4 from=mgr.4100 type=50 mon_command({"prefix": "osd metadata"} v 0)
2026-02-12T04:18:03.702+0000 7feaea124640 20 -- v2:127.0.0.1:7146/0 queue 0x55ccffb12fc0 prio 127
2026-02-12T04:18:03.702+0000 7feaea124640 20 --2- v2:127.0.0.1:7146/0 >> 127.0.0.1:0/3978893233 conn(0x55ccffb45800 0x55ccfeb11700 crc :-1 s=READY pgs=2 cs=0 l=1 rev1=1 crypto rx=0 tx=0 comp rx=0 tx=0).read_frame
2026-02-12T04:18:03.702+0000 7feaea124640 20 -- v2:127.0.0.1:7146/0 >> 127.0.0.1:0/3978893233 conn(0x55ccffb45800 msgr2=0x55ccfeb11700 crc :-1 s=STATE_CONNECTION_ESTABLISHED l=1).read start len=32
2026-02-12T04:18:03.702+0000 7feaea124640 20 --2- v2:127.0.0.1:7146/0 >> 127.0.0.1:0/3978893233 conn(0x55ccffb45800 0x55ccfeb11700 crc :-1 s=READY pgs=2 cs=0 l=1 rev1=1 crypto rx=0 tx=0 comp rx=0 tx=0).handle_read_frame_preamble_main r=0
2026-02-12T04:18:03.702+0000 7feaea124640 20 --2- v2:127.0.0.1:7146/0 >> 127.0.0.1:0/3978893233 conn(0x55ccffb45800 0x55ccfeb11700 crc :-1 s=THROTTLE_MESSAGE pgs=2 cs=0 l=1 rev1=1 crypto rx=0 tx=0 comp rx=0 tx=0).throttle_message
2026-02-12T04:18:03.702+0000 7feaea124640 20 --2- v2:127.0.0.1:7146/0 >> 127.0.0.1:0/3978893233 conn(0x55ccffb45800 0x55ccfeb11700 crc :-1 s=THROTTLE_BYTES pgs=2 cs=0 l=1 rev1=1 crypto rx=0 tx=0 comp rx=0 tx=0).throttle_bytes
2026-02-12T04:18:03.702+0000 7feaea124640 20 --2- v2:127.0.0.1:7146/0 >> 127.0.0.1:0/3978893233 conn(0x55ccffb45800 0x55ccfeb11700 crc :-1 s=THROTTLE_DISPATCH_QUEUE pgs=2 cs=0 l=1 rev1=1 crypto rx=0 tx=0 comp rx=0 tx=0).throttle_dispatch_queue
2026-02-12T04:18:03.702+0000 7feae611c640 1 -- v2:127.0.0.1:7146/0 --> v2:127.0.0.1:7146/0 -- log(1 entries from seq 30 at
2026-02-12T04:18:03.703432+0000) -- 0x55ccfff02000 con 0x55ccff8b8000
2026-02-12T04:18:03.702+0000 7feaea124640 20 --2- v2:127.0.0.1:7146/0 >> 127.0.0.1:0/3978893233 conn(0x55ccffb45800 0x55ccfeb11700 crc :-1 s=THROTTLE_DONE pgs=2 cs=0 l=1 rev1=1 crypto rx=0 tx=0 comp rx=0 tx=0).read_frame_segment seg_idx=0
2026-02-12T04:18:03.702+0000 7feae611c640 20 -- v2:127.0.0.1:7146/0 >> v2:127.0.0.1:7146/0 conn(0x55ccff8b8000 msgr2=0x55ccfeae5000 unknown :-1 s=STATE_NONE l=0).send_message log(1 entries from seq 30 at
2026-02-12T04:18:03.703432+0000) local
2026-02-12T04:18:03.702+0000 7feaea124640 20 -- v2:127.0.0.1:7146/0 >> 127.0.0.1:0/3978893233 conn(0x55ccffb45800 msgr2=0x55ccfeb11700 crc :-1 s=STATE_CONNECTION_ESTABLISHED l=1).read start len=45
2026-02-12T04:18:03.702+0000 7feaea124640 20 --2- v2:127.0.0.1:7146/0 >> 127.0.0.1:0/3978893233 conn(0x55ccffb45800 0x55ccfeb11700 crc :-1 s=THROTTLE_DONE pgs=2 cs=0 l=1 rev1=1 crypto rx=0 tx=0 comp rx=0 tx=0).handle_read_frame_segment r=0
2026-02-12T04:18:03.702+0000 7feaea124640 20 --2- v2:127.0.0.1:7146/0 >> 127.0.0.1:0/3978893233 conn(0x55ccffb45800 0x55ccfeb11700 crc :-1 s=THROTTLE_DONE pgs=2 cs=0 l=1 rev1=1 crypto rx=0 tx=0 comp rx=0 tx=0).read_frame_segment seg_idx=1
2026-02-12T04:18:03.702+0000 7feae611c640 10 mon.a@0(leader).paxosservice(mdsmap 1..1) dispatch 0x55ccfe9d3340 mon_command({"prefix": "mds metadata"} v 0) from mgr.4100 127.0.0.1:0/3978893233 con 0x55ccffb45800
2026-02-12T04:18:03.702+0000 7feaea124640 20 -- v2:127.0.0.1:7146/0 >> 127.0.0.1:0/3978893233 conn(0x55ccffb45800 msgr2=0x55ccfeb11700 crc :-1 s=STATE_CONNECTION_ESTABLISHED l=1).read start len=68
2026-02-12T04:18:03.702+0000 7feae611c640 5 mon.a@0(leader).paxos(paxos active c 1..16) is_readable = 1 - now=2026-02-12T04:18:03.703451+0000 lease_expire=1970-01-01T00:00:00.000000+0000 has v0 lc 16
2026-02-12T04:18:03.702+0000 7feaea124640 20 --2- v2:127.0.0.1:7146/0 >> 127.0.0.1:0/3978893233 conn(0x55ccffb45800 0x55ccfeb11700 crc :-1 s=THROTTLE_DONE pgs=2 cs=0 l=1 rev1=1 crypto rx=0 tx=0 comp rx=0 tx=0).handle_read_frame_segment r=0
2026-02-12T04:18:03.702+0000 7feae591b640 20 -- v2:127.0.0.1:7146/0 queue 0x55ccfff02000 prio 196
2026-02-12T04:18:03.702+0000 7feae611c640 10 mon.a@0(leader).mds e1 preprocess_query mon_command({"prefix": "mds metadata"} v 0) from mgr.4100 127.0.0.1:0/3978893233
2026-02-12T04:18:03.702+0000 7feaea124640 20 -- v2:127.0.0.1:7146/0 >> 127.0.0.1:0/3978893233 conn(0x55ccffb45800 msgr2=0x55ccfeb11700 crc :-1 s=STATE_CONNECTION_ESTABLISHED l=1).read start len=13
2026-02-12T04:18:03.702+0000 7feaea124640 20 --2- v2:127.0.0.1:7146/0 >> 127.0.0.1:0/3978893233 conn(0x55ccffb45800 0x55ccfeb11700 crc :-1 s=THROTTLE_DONE pgs=2 cs=0 l=1 rev1=1 crypto rx=0 tx=0 comp rx=0 tx=0).handle_read_frame_epilogue_main r=0
2026-02-12T04:18:03.702+0000 7feae611c640 1 mon.a@0(leader).mds e1 all = 1
2026-02-12T04:18:03.702+0000 7feaea124640 10 --2- v2:127.0.0.1:7146/0 >> 127.0.0.1:0/3978893233 conn(0x55ccffb45800 0x55ccfeb11700 crc :-1 s=THROTTLE_DONE pgs=2 cs=0 l=1 rev1=1 crypto rx=0 tx=0 comp rx=0 tx=0).handle_read_frame_dispatch tag=17
2026-02-12T04:18:03.702+0000 7feaea124640 20 --2- v2:127.0.0.1:7146/0 >> 127.0.0.1:0/3978893233 conn(0x55ccffb45800 0x55ccfeb11700 crc :-1 s=THROTTLE_DONE pgs=2 cs=0 l=1 rev1=1 crypto rx=0 tx=0 comp rx=0 tx=0).handle_message
2026-02-12T04:18:03.702+0000 7feaea124640 5 --2- v2:127.0.0.1:7146/0 >> 127.0.0.1:0/3978893233 conn(0x55ccffb45800 0x55ccfeb11700 crc :-1 s=THROTTLE_DONE pgs=2 cs=0 l=1 rev1=1 crypto rx=0 tx=0 comp rx=0 tx=0).handle_message got 68 + 0 + 0 byte message. envelope type=50 src mgr.4100 off 0
2026-02-12T04:18:03.702+0000 7feae611c640 2 mon.a@0(leader) e1 send_reply 0x55ccffadbd40 0x55ccffb950e0 mon_command_ack([{"prefix": "mds metadata"}]=0 v1)
2026-02-12T04:18:03.702+0000 7feae611c640 1 -- v2:127.0.0.1:7146/0 --> 127.0.0.1:0/3978893233 -- mon_command_ack([{"prefix": "mds metadata"}]=0 v1) -- 0x55ccffb950e0 con 0x55ccffb45800
2026-02-12T04:18:03.702+0000 7feaea124640 5 --2- v2:127.0.0.1:7146/0 >> 127.0.0.1:0/3978893233 conn(0x55ccffb45800 0x55ccfeb11700 crc :-1 s=READ_MESSAGE_COMPLETE pgs=2 cs=0 l=1 rev1=1 crypto rx=0 tx=0 comp rx=0 tx=0).handle_message received message m=0x55ccffb13340 seq=5 from=mgr.4100 type=50 mon_command({"prefix": "mon metadata"} v 0)
2026-02-12T04:18:03.702+0000 7feaea124640 20 -- v2:127.0.0.1:7146/0 queue 0x55ccffb13340 prio 127
2026-02-12T04:18:03.702+0000 7feaea124640 20 --2- v2:127.0.0.1:7146/0 >> 127.0.0.1:0/3978893233 conn(0x55ccffb45800 0x55ccfeb11700 crc :-1 s=READY pgs=2 cs=0 l=1 rev1=1 crypto rx=0 tx=0 comp rx=0 tx=0).read_frame
2026-02-12T04:18:03.702+0000 7feae611c640 5 --2- v2:127.0.0.1:7146/0 >> 127.0.0.1:0/3978893233 conn(0x55ccffb45800 0x55ccfeb11700 crc :-1 s=READY pgs=2 cs=0 l=1 rev1=1 crypto rx=0 tx=0 comp rx=0 tx=0).send_message enqueueing message m=0x55ccffb950e0 type=51 mon_command_ack([{"prefix": "mds metadata"}]=0 v1)
2026-02-12T04:18:03.702+0000 7feaea124640 20 -- v2:127.0.0.1:7146/0 >> 127.0.0.1:0/3978893233 conn(0x55ccffb45800 msgr2=0x55ccfeb11700 crc :-1 s=STATE_CONNECTION_ESTABLISHED l=1).read start len=32
2026-02-12T04:18:03.702+0000 7feae611c640 15 --2- v2:127.0.0.1:7146/0 >> 127.0.0.1:0/3978893233 conn(0x55ccffb45800 0x55ccfeb11700 crc :-1 s=READY pgs=2 cs=0 l=1 rev1=1 crypto rx=0 tx=0 comp rx=0 tx=0).send_message inline write is denied, reschedule m=0x55ccffb950e0
2026-02-12T04:18:03.702+0000 7feaea124640 20 --2- v2:127.0.0.1:7146/0 >> 127.0.0.1:0/3978893233 conn(0x55ccffb45800 0x55ccfeb11700 crc :-1 s=READY pgs=2 cs=0 l=1 rev1=1 crypto rx=0 tx=0 comp rx=0 tx=0).handle_read_frame_preamble_main r=0
2026-02-12T04:18:03.702+0000 7feae611c640 20 Event(0x55ccfe9d02c8 nevent=5000 time_id=4).wakeup
2026-02-12T04:18:03.702+0000 7feaea124640 20 --2- v2:127.0.0.1:7146/0 >> 127.0.0.1:0/3978893233 conn(0x55ccffb45800 0x55ccfeb11700 crc :-1 s=THROTTLE_MESSAGE pgs=2 cs=0 l=1 rev1=1 crypto rx=0 tx=0 comp rx=0 tx=0).throttle_message
2026-02-12T04:18:03.702+0000 7feaea124640 20 --2- v2:127.0.0.1:7146/0 >> 127.0.0.1:0/3978893233 conn(0x55ccffb45800 0x55ccfeb11700 crc :-1 s=THROTTLE_BYTES pgs=2 cs=0 l=1 rev1=1 crypto rx=0 tx=0 comp rx=0 tx=0).throttle_bytes
2026-02-12T04:18:03.702+0000 7feae611c640 10 -- v2:127.0.0.1:7146/0 dispatch_throttle_release 68 to dispatch throttler 204/104857600
2026-02-12T04:18:03.702+0000 7feaea124640 20 --2- v2:127.0.0.1:7146/0 >> 127.0.0.1:0/3978893233 conn(0x55ccffb45800 0x55ccfeb11700 crc :-1 s=THROTTLE_DISPATCH_QUEUE pgs=2 cs=0 l=1 rev1=1 crypto rx=0 tx=0 comp rx=0 tx=0).throttle_dispatch_queue
2026-02-12T04:18:03.702+0000 7feaea124640 20 --2- v2:127.0.0.1:7146/0 >> 127.0.0.1:0/3978893233 conn(0x55ccffb45800 0x55ccfeb11700 crc :-1 s=THROTTLE_DONE pgs=2 cs=0 l=1 rev1=1 crypto rx=0 tx=0 comp rx=0 tx=0).read_frame_segment seg_idx=0
2026-02-12T04:18:03.702+0000 7feaea124640 20 -- v2:127.0.0.1:7146/0 >> 127.0.0.1:0/3978893233 conn(0x55ccffb45800 msgr2=0x55ccfeb11700 crc :-1 s=STATE_CONNECTION_ESTABLISHED l=1).read start len=45
2026-02-12T04:18:03.702+0000 7feae611c640 20 -- v2:127.0.0.1:7146/0 done calling dispatch on 0x55ccfe9d3340
2026-02-12T04:18:03.702+0000 7feaea124640 20 --2- v2:127.0.0.1:7146/0 >> 127.0.0.1:0/3978893233 conn(0x55ccffb45800 0x55ccfeb11700 crc :-1 s=THROTTLE_DONE pgs=2 cs=0 l=1 rev1=1 crypto rx=0 tx=0 comp rx=0 tx=0).handle_read_frame_segment r=0
2026-02-12T04:18:03.702+0000 7feaea124640 20 --2- v2:127.0.0.1:7146/0 >> 127.0.0.1:0/3978893233 conn(0x55ccffb45800 0x55ccfeb11700 crc :-1 s=THROTTLE_DONE pgs=2 cs=0 l=1 rev1=1 crypto rx=0 tx=0 comp rx=0 tx=0).read_frame_segment seg_idx=1
2026-02-12T04:18:03.702+0000 7feaea124640 20 -- v2:127.0.0.1:7146/0 >> 127.0.0.1:0/3978893233 conn(0x55ccffb45800 msgr2=0x55ccfeb11700 crc :-1 s=STATE_CONNECTION_ESTABLISHED l=1).read start len=79
2026-02-12T04:18:03.702+0000 7feae611c640 1 -- v2:127.0.0.1:7146/0 <== mon.0 v2:127.0.0.1:7146/0 0 ==== log(1 entries from seq 30 at
2026-02-12T04:18:03.703432+0000) ==== 0+0+0 (unknown 0 0 0) 0x55ccfff02000 con 0x55ccff8b8000
2026-02-12T04:18:03.702+0000 7feaea124640 20 --2- v2:127.0.0.1:7146/0 >> 127.0.0.1:0/3978893233 conn(0x55ccffb45800 0x55ccfeb11700 crc :-1 s=THROTTLE_DONE pgs=2 cs=0 l=1 rev1=1 crypto rx=0 tx=0 comp rx=0 tx=0).handle_read_frame_segment r=0
2026-02-12T04:18:03.702+0000 7feae611c640 20 mon.a@0(leader) e1 _ms_dispatch existing session 0x55ccffa9a000 for mon.0
2026-02-12T04:18:03.702+0000 7feae611c640 20 mon.a@0(leader) e1 entity_name global_id 0 (none) caps allow *
2026-02-12T04:18:03.702+0000 7feaea124640 20 -- v2:127.0.0.1:7146/0 >> 127.0.0.1:0/3978893233 conn(0x55ccffb45800 msgr2=0x55ccfeb11700 crc :-1 s=STATE_CONNECTION_ESTABLISHED l=1).read start len=13
2026-02-12T04:18:03.702+0000 7feaea124640 20 --2- v2:127.0.0.1:7146/0 >> 127.0.0.1:0/3978893233 conn(0x55ccffb45800 0x55ccfeb11700 crc :-1 s=THROTTLE_DONE pgs=2 cs=0 l=1 rev1=1 crypto rx=0 tx=0 comp rx=0 tx=0).handle_read_frame_epilogue_main r=0
2026-02-12T04:18:03.702+0000 7feae611c640 10 mon.a@0(leader).paxosservice(logm 1..9) dispatch 0x55ccfff02000 log(1 entries from seq 30 at
2026-02-12T04:18:03.703432+0000) from mon.0 v2:127.0.0.1:7146/0 con 0x55ccff8b8000
2026-02-12T04:18:03.702+0000 7feaea124640 10 --2- v2:127.0.0.1:7146/0 >> 127.0.0.1:0/3978893233 conn(0x55ccffb45800 0x55ccfeb11700 crc :-1 s=THROTTLE_DONE pgs=2 cs=0 l=1 rev1=1 crypto rx=0 tx=0 comp rx=0 tx=0).handle_read_frame_dispatch tag=17
2026-02-12T04:18:03.702+0000 7feae611c640 5 mon.a@0(leader).paxos(paxos active c 1..16) is_readable = 1 - now=2026-02-12T04:18:03.703488+0000 lease_expire=1970-01-01T00:00:00.000000+0000 has v0 lc 16
2026-02-12T04:18:03.702+0000 7feaea124640 20 --2- v2:127.0.0.1:7146/0 >> 127.0.0.1:0/3978893233 conn(0x55ccffb45800 0x55ccfeb11700 crc :-1 s=THROTTLE_DONE pgs=2 cs=0 l=1 rev1=1 crypto rx=0 tx=0 comp rx=0 tx=0).handle_message
2026-02-12T04:18:03.702+0000 7feaea124640 5 --2- v2:127.0.0.1:7146/0 >> 127.0.0.1:0/3978893233 conn(0x55ccffb45800 0x55ccfeb11700 crc :-1 s=THROTTLE_DONE pgs=2 cs=0 l=1 rev1=1 crypto rx=0 tx=0 comp rx=0 tx=0).handle_message got 79 + 0 + 0 byte message. envelope type=50 src mgr.4100 off 0
2026-02-12T04:18:03.702+0000 7feae611c640 10 mon.a@0(leader).log v9 preprocess_query log(1 entries from seq 30 at
2026-02-12T04:18:03.703432+0000) from mon.0 v2:127.0.0.1:7146/0
2026-02-12T04:18:03.702+0000 7feae611c640 10 mon.a@0(leader).log v9 preprocess_log log(1 entries from seq 30 at
2026-02-12T04:18:03.703432+0000) from mon.0
2026-02-12T04:18:03.702+0000 7feae611c640 20 MonCap is_capable service=log command= write addr - on cap allow *
2026-02-12T04:18:03.702+0000 7feae611c640 20 MonCap allow so far , doing grant allow *
2026-02-12T04:18:03.702+0000 7feae611c640 20 MonCap allow all
2026-02-12T04:18:03.702+0000 7feae611c640 10 mon.a@0(leader) e1 no_reply to mon.0 v2:127.0.0.1:7146/0 log(1 entries from seq 30 at
2026-02-12T04:18:03.703432+0000)
2026-02-12T04:18:03.702+0000 7feaea124640 5 --2- v2:127.0.0.1:7146/0 >> 127.0.0.1:0/3978893233 conn(0x55ccffb45800 0x55ccfeb11700 crc :-1 s=READ_MESSAGE_COMPLETE pgs=2 cs=0 l=1 rev1=1 crypto rx=0 tx=0 comp rx=0 tx=0).handle_message received message m=0x55ccfe9d3c00 seq=6 from=mgr.4100 type=50 mon_command({"prefix": "mon metadata", "id": "a"} v 0)
2026-02-12T04:18:03.702+0000 7feaea124640 20 -- v2:127.0.0.1:7146/0 queue 0x55ccfe9d3c00 prio 127
2026-02-12T04:18:03.702+0000 7feaea124640 20 --2- v2:127.0.0.1:7146/0 >> 127.0.0.1:0/3978893233 conn(0x55ccffb45800 0x55ccfeb11700 crc :-1 s=READY pgs=2 cs=0 l=1 rev1=1 crypto rx=0 tx=0 comp rx=0 tx=0).read_frame
2026-02-12T04:18:03.702+0000 7feae611c640 10 mon.a@0(leader).log v9 prepare_update log(1 entries from seq 30 at
2026-02-12T04:18:03.703432+0000) from mon.0 v2:127.0.0.1:7146/0
2026-02-12T04:18:03.702+0000 7feaea124640 20 -- v2:127.0.0.1:7146/0 >> 127.0.0.1:0/3978893233 conn(0x55ccffb45800 msgr2=0x55ccfeb11700 crc :-1 s=STATE_CONNECTION_ESTABLISHED l=1).read start len=32
2026-02-12T04:18:03.702+0000 7feae611c640 10 mon.a@0(leader).log v9 prepare_log log(1 entries from seq 30 at
2026-02-12T04:18:03.703432+0000) from mon.0
2026-02-12T04:18:03.702+0000 7feae611c640 10 mon.a@0(leader).log v9 logging
2026-02-12T04:18:03.703432+0000 mon.a (mon.0) 30 : audit [DBG] from='mgr.4100 127.0.0.1:0/3978893233' entity='mgr.x' cmd={"prefix": "mds metadata"} : dispatch
2026-02-12T04:18:03.702+0000 7feaea124640 10 -- v2:127.0.0.1:7146/0 >> 127.0.0.1:0/3978893233 conn(0x55ccffb45800 msgr2=0x55ccfeb11700 crc :-1 s=STATE_CONNECTION_ESTABLISHED l=1).handle_write
2026-02-12T04:18:03.702+0000 7feae611c640 10 mon.a@0(leader).paxosservice(logm 1..9) proposal_timer already set
2026-02-12T04:18:03.702+0000 7feae611c640 20 -- v2:127.0.0.1:7146/0 done calling dispatch on 0x55ccfff02000
2026-02-12T04:18:03.702+0000 7feaea124640 10 --2- v2:127.0.0.1:7146/0 >> 127.0.0.1:0/3978893233 conn(0x55ccffb45800 0x55ccfeb11700 crc :-1 s=READY pgs=2 cs=0 l=1 rev1=1 crypto rx=0 tx=0 comp rx=0 tx=0).write_event
2026-02-12T04:18:03.702+0000 7feae611c640 1 -- v2:127.0.0.1:7146/0 <== mgr.4100 127.0.0.1:0/3978893233 4 ==== mon_command({"prefix": "osd metadata"} v 0) ==== 68+0+0 (crc 0 0 0) 0x55ccffb12fc0 con 0x55ccffb45800
2026-02-12T04:18:03.702+0000 7feaea124640 20 --2- v2:127.0.0.1:7146/0 >> 127.0.0.1:0/3978893233 conn(0x55ccffb45800 0x55ccfeb11700 crc :-1 s=READY pgs=2 cs=0 l=1 rev1=1 crypto rx=0 tx=0 comp rx=0 tx=0).prepare_send_message m=mon_command_ack([{"prefix": "mds metadata"}]=0 v1)
2026-02-12T04:18:03.702+0000 7feae611c640 20 mon.a@0(leader) e1 _ms_dispatch existing session 0x55ccffb9c6c0 for mgr.4100
2026-02-12T04:18:03.702+0000 7feae611c640 20 mon.a@0(leader) e1 entity_name mgr.x global_id 4100 (none) caps allow *
2026-02-12T04:18:03.702+0000 7feaea124640 20 --2- v2:127.0.0.1:7146/0 >> 127.0.0.1:0/3978893233 conn(0x55ccffb45800 0x55ccfeb11700 crc :-1 s=READY pgs=2 cs=0 l=1 rev1=1 crypto rx=0 tx=0 comp rx=0 tx=0).prepare_send_message encoding features 4544132024016699391 0x55ccffb950e0 mon_command_ack([{"prefix": "mds metadata"}]=0 v1)
2026-02-12T04:18:03.702+0000 7feae611c640 0 mon.a@0(leader) e1 handle_command mon_command({"prefix": "osd metadata"} v 0)
2026-02-12T04:18:03.702+0000 7feae611c640 20 MonCap is_capable service=osd command=osd metadata read addr 127.0.0.1:0/3978893233 on cap allow *
2026-02-12T04:18:03.702+0000 7feae611c640 20 MonCap allow so far , doing grant allow *
2026-02-12T04:18:03.702+0000 7feae611c640 20 MonCap allow all
2026-02-12T04:18:03.702+0000 7feae611c640 10 mon.a@0(leader) e1 _allowed_command capable
2026-02-12T04:18:03.702+0000 7feae611c640 0 log_channel(audit) log [DBG] : from='mgr.4100 127.0.0.1:0/3978893233' entity='mgr.x' cmd={"prefix": "osd metadata"} : dispatch
2026-02-12T04:18:03.702+0000 7feaea124640 2 --2- v2:127.0.0.1:7146/0 >> 127.0.0.1:0/3978893233 conn(0x55ccffb45800 0x55ccfeb11700 crc :-1 s=READY pgs=2 cs=0 l=1 rev1=1 crypto rx=0 tx=0 comp rx=0 tx=0).write_message sending message m=0x55ccffb950e0 seq=12 mon_command_ack([{"prefix": "mds metadata"}]=0 v1)
2026-02-12T04:18:03.702+0000 7feaea124640 20 --2- v2:127.0.0.1:7146/0 >> 127.0.0.1:0/3978893233 conn(0x55ccffb45800 0x55ccfeb11700 crc :-1 s=READY pgs=2 cs=0 l=1 rev1=1 crypto rx=0 tx=0 comp rx=0 tx=0).write_message sending m=0x55ccffb950e0 seq=12 src=mon.0 off=0
2026-02-12T04:18:03.702+0000 7feae611c640 1 -- v2:127.0.0.1:7146/0 --> v2:127.0.0.1:7146/0 -- log(1 entries from seq 31 at
2026-02-12T04:18:03.703523+0000) -- 0x55ccfff02200 con 0x55ccff8b8000
2026-02-12T04:18:03.702+0000 7feae611c640 20 -- v2:127.0.0.1:7146/0 >> v2:127.0.0.1:7146/0 conn(0x55ccff8b8000 msgr2=0x55ccfeae5000 unknown :-1 s=STATE_NONE l=0).send_message log(1 entries from seq 31 at
2026-02-12T04:18:03.703523+0000) local
2026-02-12T04:18:03.702+0000 7feae611c640 10 mon.a@0(leader).paxosservice(osdmap 1..3) dispatch 0x55ccffb12fc0 mon_command({"prefix": "osd metadata"} v 0) from mgr.4100 127.0.0.1:0/3978893233 con 0x55ccffb45800
2026-02-12T04:18:03.702+0000 7feae611c640 5 mon.a@0(leader).paxos(paxos active c 1..16) is_readable = 1 - now=2026-02-12T04:18:03.703534+0000 lease_expire=1970-01-01T00:00:00.000000+0000 has v0 lc 16
2026-02-12T04:18:03.702+0000 7feae611c640 10 mon.a@0(leader).osd e3 preprocess_query mon_command({"prefix": "osd metadata"} v 0) from mgr.4100 127.0.0.1:0/3978893233
2026-02-12T04:18:03.702+0000 7feae591b640 20 -- v2:127.0.0.1:7146/0 queue 0x55ccfff02200 prio 196
2026-02-12T04:18:03.702+0000 7feaea124640 10 -- v2:127.0.0.1:7146/0 >> 127.0.0.1:0/3978893233 conn(0x55ccffb45800 msgr2=0x55ccfeb11700 crc :-1 s=STATE_CONNECTION_ESTABLISHED l=1)._try_send sent bytes 153 remaining bytes 0
2026-02-12T04:18:03.702+0000 7feaea124640 10 --2- v2:127.0.0.1:7146/0 >> 127.0.0.1:0/3978893233 conn(0x55ccffb45800 0x55ccfeb11700 crc :-1 s=READY pgs=2 cs=0 l=1 rev1=1 crypto rx=0 tx=0 comp rx=0 tx=0).write_message sending 0x55ccffb950e0 done.
2026-02-12T04:18:03.702+0000 7feae611c640 4 mon.a@0(leader).osd e3 No metadata for osd.0
2026-02-12T04:18:03.702+0000 7feae611c640 2 mon.a@0(leader) e1 send_reply 0x55ccffadafc0 0x55ccffb941e0 mon_command_ack([{"prefix": "osd metadata"}]=0 v3)
2026-02-12T04:18:03.702+0000 7feae611c640 1 -- v2:127.0.0.1:7146/0 --> 127.0.0.1:0/3978893233 -- mon_command_ack([{"prefix": "osd metadata"}]=0 v3) -- 0x55ccffb941e0 con 0x55ccffb45800
2026-02-12T04:18:03.702+0000 7feae611c640 5 --2- v2:127.0.0.1:7146/0 >> 127.0.0.1:0/3978893233 conn(0x55ccffb45800 0x55ccfeb11700 crc :-1 s=READY pgs=2 cs=0 l=1 rev1=1 crypto rx=0 tx=0 comp rx=0 tx=0).send_message enqueueing message m=0x55ccffb941e0 type=51 mon_command_ack([{"prefix": "osd metadata"}]=0 v3)
2026-02-12T04:18:03.702+0000 7feae611c640 15 --2- v2:127.0.0.1:7146/0 >> 127.0.0.1:0/3978893233 conn(0x55ccffb45800 0x55ccfeb11700 crc :-1 s=READY pgs=2 cs=0 l=1 rev1=1 crypto rx=0 tx=0 comp rx=0 tx=0).send_message inline write is denied, reschedule m=0x55ccffb941e0
2026-02-12T04:18:03.702+0000 7feae611c640 20 Event(0x55ccfe9d02c8 nevent=5000 time_id=4).wakeup
2026-02-12T04:18:03.702+0000 7feae611c640 10 -- v2:127.0.0.1:7146/0 dispatch_throttle_release 68 to dispatch throttler 215/104857600
2026-02-12T04:18:03.702+0000 7feae611c640 20 -- v2:127.0.0.1:7146/0 done calling dispatch on 0x55ccffb12fc0
2026-02-12T04:18:03.702+0000 7feae611c640 1 -- v2:127.0.0.1:7146/0 <== mon.0 v2:127.0.0.1:7146/0 0 ==== log(1 entries from seq 31 at
2026-02-12T04:18:03.703523+0000) ==== 0+0+0 (unknown 0 0 0) 0x55ccfff02200 con 0x55ccff8b8000
2026-02-12T04:18:03.702+0000 7feae611c640 20 mon.a@0(leader) e1 _ms_dispatch existing session 0x55ccffa9a000 for mon.0
2026-02-12T04:18:03.702+0000 7feaea124640 10 -- v2:127.0.0.1:7146/0 >> 127.0.0.1:0/3978893233 conn(0x55ccffb45800 msgr2=0x55ccfeb11700 crc :-1 s=STATE_CONNECTION_ESTABLISHED l=1).handle_write
2026-02-12T04:18:03.702+0000 7feae611c640 20 mon.a@0(leader) e1 entity_name global_id 0 (none) caps allow *
2026-02-12T04:18:03.702+0000 7feaea124640 10 --2- v2:127.0.0.1:7146/0 >> 127.0.0.1:0/3978893233 conn(0x55ccffb45800 0x55ccfeb11700 crc :-1 s=READY pgs=2 cs=0 l=1 rev1=1 crypto rx=0 tx=0 comp rx=0 tx=0).write_event
2026-02-12T04:18:03.702+0000 7feae611c640 10 mon.a@0(leader).paxosservice(logm 1..9) dispatch 0x55ccfff02200 log(1 entries from seq 31 at
2026-02-12T04:18:03.703523+0000) from mon.0 v2:127.0.0.1:7146/0 con 0x55ccff8b8000
2026-02-12T04:18:03.702+0000 7feae611c640 5 mon.a@0(leader).paxos(paxos active c 1..16) is_readable = 1 - now=2026-02-12T04:18:03.703566+0000 lease_expire=1970-01-01T00:00:00.000000+0000 has v0 lc 16
2026-02-12T04:18:03.702+0000 7feae611c640 10 mon.a@0(leader).log v9 preprocess_query log(1 entries from seq 31 at
2026-02-12T04:18:03.703523+0000) from mon.0 v2:127.0.0.1:7146/0
2026-02-12T04:18:03.702+0000 7feaea124640 20 --2- v2:127.0.0.1:7146/0 >> 127.0.0.1:0/3978893233 conn(0x55ccffb45800 0x55ccfeb11700 crc :-1 s=READY pgs=2 cs=0 l=1 rev1=1 crypto rx=0 tx=0 comp rx=0 tx=0).prepare_send_message m=mon_command_ack([{"prefix": "osd metadata"}]=0 v3)
2026-02-12T04:18:03.702+0000 7feae611c640 10 mon.a@0(leader).log v9 preprocess_log log(1 entries from seq 31 at
2026-02-12T04:18:03.703523+0000) from mon.0
2026-02-12T04:18:03.702+0000 7feae611c640 20 MonCap is_capable service=log command= write addr - on cap allow *
2026-02-12T04:18:03.702+0000 7feae611c640 20 MonCap allow so far , doing grant allow *
2026-02-12T04:18:03.702+0000 7feae611c640 20 MonCap allow all
2026-02-12T04:18:03.702+0000 7feaea124640 20 --2- v2:127.0.0.1:7146/0 >> 127.0.0.1:0/3978893233 conn(0x55ccffb45800 0x55ccfeb11700 crc :-1 s=READY pgs=2 cs=0 l=1 rev1=1 crypto rx=0 tx=0 comp rx=0 tx=0).prepare_send_message encoding features 4544132024016699391 0x55ccffb941e0 mon_command_ack([{"prefix": "osd metadata"}]=0 v3)
2026-02-12T04:18:03.702+0000 7feae611c640 10 mon.a@0(leader) e1 no_reply to mon.0 v2:127.0.0.1:7146/0 log(1 entries from seq 31 at
2026-02-12T04:18:03.703523+0000)
2026-02-12T04:18:03.702+0000 7feaea124640 2 --2- v2:127.0.0.1:7146/0 >> 127.0.0.1:0/3978893233 conn(0x55ccffb45800 0x55ccfeb11700 crc :-1 s=READY pgs=2 cs=0 l=1 rev1=1 crypto rx=0 tx=0 comp rx=0 tx=0).write_message sending message m=0x55ccffb941e0 seq=13 mon_command_ack([{"prefix": "osd metadata"}]=0 v3)
2026-02-12T04:18:03.702+0000 7feae611c640 10 mon.a@0(leader).log v9 prepare_update log(1 entries from seq 31 at
2026-02-12T04:18:03.703523+0000) from mon.0 v2:127.0.0.1:7146/0
2026-02-12T04:18:03.702+0000 7feae611c640 10 mon.a@0(leader).log v9 prepare_log log(1 entries from seq 31 at
2026-02-12T04:18:03.703523+0000) from mon.0
2026-02-12T04:18:03.702+0000 7feaea124640 20 --2- v2:127.0.0.1:7146/0 >> 127.0.0.1:0/3978893233 conn(0x55ccffb45800 0x55ccfeb11700 crc :-1 s=READY pgs=2 cs=0 l=1 rev1=1 crypto rx=0 tx=0 comp rx=0 tx=0).write_message sending m=0x55ccffb941e0 seq=13 src=mon.0 off=0
2026-02-12T04:18:03.702+0000 7feae611c640 10 mon.a@0(leader).log v9 logging
2026-02-12T04:18:03.703523+0000 mon.a (mon.0) 31 : audit [DBG] from='mgr.4100 127.0.0.1:0/3978893233' entity='mgr.x' cmd={"prefix": "osd metadata"} : dispatch
2026-02-12T04:18:03.702+0000 7feae611c640 10 mon.a@0(leader).paxosservice(logm 1..9) proposal_timer already set
2026-02-12T04:18:03.702+0000 7feae611c640 20 -- v2:127.0.0.1:7146/0 done calling dispatch on 0x55ccfff02200
2026-02-12T04:18:03.702+0000 7feae611c640 1 -- v2:127.0.0.1:7146/0 <== mgr.4100 127.0.0.1:0/3978893233 5 ==== mon_command({"prefix": "mon metadata"} v 0) ==== 68+0+0 (crc 0 0 0) 0x55ccffb13340 con 0x55ccffb45800
2026-02-12T04:18:03.702+0000 7feae611c640 20 mon.a@0(leader) e1 _ms_dispatch existing session 0x55ccffb9c6c0 for mgr.4100
2026-02-12T04:18:03.702+0000 7feae611c640 20 mon.a@0(leader) e1 entity_name mgr.x global_id 4100 (none) caps allow *
2026-02-12T04:18:03.702+0000 7feaea124640 10 -- v2:127.0.0.1:7146/0 >> 127.0.0.1:0/3978893233 conn(0x55ccffb45800 msgr2=0x55ccfeb11700 crc :-1 s=STATE_CONNECTION_ESTABLISHED l=1)._try_send sent bytes 182 remaining bytes 0
2026-02-12T04:18:03.702+0000 7feaea124640 10 --2- v2:127.0.0.1:7146/0 >> 127.0.0.1:0/3978893233 conn(0x55ccffb45800 0x55ccfeb11700 crc :-1 s=READY pgs=2 cs=0 l=1 rev1=1 crypto rx=0 tx=0 comp rx=0 tx=0).write_message sending 0x55ccffb941e0 done.
2026-02-12T04:18:03.702+0000 7feae611c640 0 mon.a@0(leader) e1 handle_command mon_command({"prefix": "mon metadata"} v 0)
2026-02-12T04:18:03.702+0000 7feae611c640 20 MonCap is_capable service=mon command=mon metadata read addr 127.0.0.1:0/3978893233 on cap allow *
2026-02-12T04:18:03.702+0000 7feae611c640 20 MonCap allow so far , doing grant allow *
2026-02-12T04:18:03.702+0000 7feae611c640 20 MonCap allow all
2026-02-12T04:18:03.702+0000 7feae611c640 10 mon.a@0(leader) e1 _allowed_command capable
2026-02-12T04:18:03.702+0000 7feae611c640 0 log_channel(audit) log [DBG] : from='mgr.4100 127.0.0.1:0/3978893233' entity='mgr.x' cmd={"prefix": "mon metadata"} : dispatch
2026-02-12T04:18:03.702+0000 7feae611c640 1 -- v2:127.0.0.1:7146/0 --> v2:127.0.0.1:7146/0 -- log(1 entries from seq 32 at
2026-02-12T04:18:03.703596+0000) -- 0x55ccfff02400 con 0x55ccff8b8000
2026-02-12T04:18:03.702+0000 7feae611c640 20 -- v2:127.0.0.1:7146/0 >> v2:127.0.0.1:7146/0 conn(0x55ccff8b8000 msgr2=0x55ccfeae5000 unknown :-1 s=STATE_NONE l=0).send_message log(1 entries from seq 32 at
2026-02-12T04:18:03.703596+0000) local
2026-02-12T04:18:03.702+0000 7feae591b640 20 -- v2:127.0.0.1:7146/0 queue 0x55ccfff02400 prio 196
2026-02-12T04:18:03.702+0000 7feae611c640 2 mon.a@0(leader) e1 send_reply 0x55ccffadb7a0 0x55ccff953860 mon_command_ack([{"prefix": "mon metadata"}]=0 v0)
2026-02-12T04:18:03.702+0000 7feae611c640 1 -- v2:127.0.0.1:7146/0 --> 127.0.0.1:0/3978893233 -- mon_command_ack([{"prefix": "mon metadata"}]=0 v0) -- 0x55ccff953860 con 0x55ccffb45800
2026-02-12T04:18:03.702+0000 7feae611c640 5 --2- v2:127.0.0.1:7146/0 >> 127.0.0.1:0/3978893233 conn(0x55ccffb45800 0x55ccfeb11700 crc :-1 s=READY pgs=2 cs=0 l=1 rev1=1 crypto rx=0 tx=0 comp rx=0 tx=0).send_message enqueueing message m=0x55ccff953860 type=51 mon_command_ack([{"prefix": "mon metadata"}]=0 v0)
2026-02-12T04:18:03.702+0000 7feae611c640 15 --2- v2:127.0.0.1:7146/0 >> 127.0.0.1:0/3978893233 conn(0x55ccffb45800 0x55ccfeb11700 crc :-1 s=READY pgs=2 cs=0 l=1 rev1=1 crypto rx=0 tx=0 comp rx=0 tx=0).send_message inline write is denied, reschedule m=0x55ccff953860
2026-02-12T04:18:03.702+0000 7feae611c640 20 Event(0x55ccfe9d02c8 nevent=5000 time_id=4).wakeup
2026-02-12T04:18:03.702+0000 7feae611c640 10 -- v2:127.0.0.1:7146/0 dispatch_throttle_release 68 to dispatch throttler 147/104857600
2026-02-12T04:18:03.702+0000 7feae611c640 20 -- v2:127.0.0.1:7146/0 done calling dispatch on 0x55ccffb13340
2026-02-12T04:18:03.703+0000 7feaea124640 10 -- v2:127.0.0.1:7146/0 >> 127.0.0.1:0/3978893233 conn(0x55ccffb45800 msgr2=0x55ccfeb11700 crc :-1 s=STATE_CONNECTION_ESTABLISHED l=1).handle_write
2026-02-12T04:18:03.703+0000 7feaea124640 10 --2- v2:127.0.0.1:7146/0 >> 127.0.0.1:0/3978893233 conn(0x55ccffb45800 0x55ccfeb11700 crc :-1 s=READY pgs=2 cs=0 l=1 rev1=1 crypto rx=0 tx=0 comp rx=0 tx=0).write_event
2026-02-12T04:18:03.703+0000 7feae611c640 1 -- v2:127.0.0.1:7146/0 <== mon.0 v2:127.0.0.1:7146/0 0 ==== log(1 entries from seq 32 at
2026-02-12T04:18:03.703596+0000) ==== 0+0+0 (unknown 0 0 0) 0x55ccfff02400 con 0x55ccff8b8000
2026-02-12T04:18:03.703+0000 7feae611c640 20 mon.a@0(leader) e1 _ms_dispatch existing session 0x55ccffa9a000 for mon.0
2026-02-12T04:18:03.703+0000 7feae611c640 20 mon.a@0(leader) e1 entity_name global_id 0 (none) caps allow *
2026-02-12T04:18:03.703+0000 7feae611c640 10 mon.a@0(leader).paxosservice(logm 1..9) dispatch 0x55ccfff02400 log(1 entries from seq 32 at
2026-02-12T04:18:03.703596+0000) from mon.0 v2:127.0.0.1:7146/0 con 0x55ccff8b8000
2026-02-12T04:18:03.703+0000 7feae611c640 5 mon.a@0(leader).paxos(paxos active c 1..16) is_readable = 1 - now=2026-02-12T04:18:03.703644+0000 lease_expire=1970-01-01T00:00:00.000000+0000 has v0 lc 16
2026-02-12T04:18:03.703+0000 7feae611c640 10 mon.a@0(leader).log v9 preprocess_query log(1 entries from seq 32 at
2026-02-12T04:18:03.703596+0000) from mon.0 v2:127.0.0.1:7146/0
2026-02-12T04:18:03.703+0000 7feae611c640 10 mon.a@0(leader).log v9 preprocess_log log(1 entries from seq 32 at
2026-02-12T04:18:03.703596+0000) from mon.0
2026-02-12T04:18:03.703+0000 7feae611c640 20 MonCap is_capable service=log command= write addr - on cap allow *
2026-02-12T04:18:03.703+0000 7feae611c640 20 MonCap allow so far , doing grant allow *
2026-02-12T04:18:03.703+0000 7feae611c640 20 MonCap allow all
2026-02-12T04:18:03.703+0000 7feae611c640 10 mon.a@0(leader) e1 no_reply to mon.0 v2:127.0.0.1:7146/0 log(1 entries from seq 32 at
2026-02-12T04:18:03.703596+0000)
2026-02-12T04:18:03.703+0000 7feae611c640 10 mon.a@0(leader).log v9 prepare_update log(1 entries from seq 32 at
2026-02-12T04:18:03.703596+0000) from mon.0 v2:127.0.0.1:7146/0
2026-02-12T04:18:03.703+0000 7feaea124640 20 --2- v2:127.0.0.1:7146/0 >> 127.0.0.1:0/3978893233 conn(0x55ccffb45800 0x55ccfeb11700 crc :-1 s=READY pgs=2 cs=0 l=1 rev1=1 crypto rx=0 tx=0 comp rx=0 tx=0).prepare_send_message m=mon_command_ack([{"prefix": "mon metadata"}]=0 v0)
2026-02-12T04:18:03.703+0000 7feae611c640 10 mon.a@0(leader).log v9 prepare_log log(1 entries from seq 32 at
2026-02-12T04:18:03.703596+0000) from mon.0
2026-02-12T04:18:03.703+0000 7feae611c640 10 mon.a@0(leader).log v9 logging
2026-02-12T04:18:03.703596+0000 mon.a (mon.0) 32 : audit [DBG] from='mgr.4100 127.0.0.1:0/3978893233' entity='mgr.x' cmd={"prefix": "mon metadata"} : dispatch
2026-02-12T04:18:03.703+0000 7feae611c640 10 mon.a@0(leader).paxosservice(logm 1..9) proposal_timer already set
2026-02-12T04:18:03.703+0000 7feae611c640 20 -- v2:127.0.0.1:7146/0 done calling dispatch on 0x55ccfff02400
2026-02-12T04:18:03.703+0000 7feaea124640 20 --2- v2:127.0.0.1:7146/0 >> 127.0.0.1:0/3978893233 conn(0x55ccffb45800 0x55ccfeb11700 crc :-1 s=READY pgs=2 cs=0 l=1 rev1=1 crypto rx=0 tx=0 comp rx=0 tx=0).prepare_send_message encoding features 4544132024016699391 0x55ccff953860 mon_command_ack([{"prefix": "mon metadata"}]=0 v0)
2026-02-12T04:18:03.703+0000 7feae611c640 1 -- v2:127.0.0.1:7146/0 <== mgr.4100 127.0.0.1:0/3978893233 6 ==== mon_command({"prefix": "mon metadata", "id": "a"} v 0) ==== 79+0+0 (crc 0 0 0) 0x55ccfe9d3c00 con 0x55ccffb45800
2026-02-12T04:18:03.703+0000 7feae611c640 20 mon.a@0(leader) e1 _ms_dispatch existing session 0x55ccffb9c6c0 for mgr.4100
2026-02-12T04:18:03.703+0000 7feae611c640 20 mon.a@0(leader) e1 entity_name mgr.x global_id 4100 (none) caps allow *
2026-02-12T04:18:03.703+0000 7feaea124640 2 --2- v2:127.0.0.1:7146/0 >> 127.0.0.1:0/3978893233 conn(0x55ccffb45800 0x55ccfeb11700 crc :-1 s=READY pgs=2 cs=0 l=1 rev1=1 crypto rx=0 tx=0 comp rx=0 tx=0).write_message sending message m=0x55ccff953860 seq=14 mon_command_ack([{"prefix": "mon metadata"}]=0 v0)
2026-02-12T04:18:03.703+0000 7feaea124640 20 --2- v2:127.0.0.1:7146/0 >> 127.0.0.1:0/3978893233 conn(0x55ccffb45800 0x55ccfeb11700 crc :-1 s=READY pgs=2 cs=0 l=1 rev1=1 crypto rx=0 tx=0 comp rx=0 tx=0).write_message sending m=0x55ccff953860 seq=14 src=mon.0 off=0
2026-02-12T04:18:03.703+0000 7feae611c640 0 mon.a@0(leader) e1 handle_command mon_command({"prefix": "mon metadata", "id": "a"} v 0)
2026-02-12T04:18:03.703+0000 7feae611c640 20 MonCap is_capable service=mon command=mon metadata read addr 127.0.0.1:0/3978893233 on cap allow *
2026-02-12T04:18:03.703+0000 7feae611c640 20 MonCap allow so far , doing grant allow *
2026-02-12T04:18:03.703+0000 7feae611c640 20 MonCap allow all
2026-02-12T04:18:03.703+0000 7feae611c640 10 mon.a@0(leader) e1 _allowed_command capable
2026-02-12T04:18:03.703+0000 7feae611c640 0 log_channel(audit) log [DBG] : from='mgr.4100 127.0.0.1:0/3978893233' entity='mgr.x' cmd={"prefix": "mon metadata", "id": "a"} : dispatch
2026-02-12T04:18:03.703+0000 7feaea124640 10 -- v2:127.0.0.1:7146/0 >> 127.0.0.1:0/3978893233 conn(0x55ccffb45800 msgr2=0x55ccfeb11700 crc :-1 s=STATE_CONNECTION_ESTABLISHED l=1)._try_send sent bytes 1352 remaining bytes 0
2026-02-12T04:18:03.703+0000 7feaea124640 10 --2- v2:127.0.0.1:7146/0 >> 127.0.0.1:0/3978893233 conn(0x55ccffb45800 0x55ccfeb11700 crc :-1 s=READY pgs=2 cs=0 l=1 rev1=1 crypto rx=0 tx=0 comp rx=0 tx=0).write_message sending 0x55ccff953860 done.
2026-02-12T04:18:03.703+0000 7feae611c640 1 -- v2:127.0.0.1:7146/0 --> v2:127.0.0.1:7146/0 -- log(1 entries from seq 33 at
2026-02-12T04:18:03.703671+0000) -- 0x55ccfff02600 con 0x55ccff8b8000
2026-02-12T04:18:03.703+0000 7feae611c640 20 -- v2:127.0.0.1:7146/0 >> v2:127.0.0.1:7146/0 conn(0x55ccff8b8000 msgr2=0x55ccfeae5000 unknown :-1 s=STATE_NONE l=0).send_message log(1 entries from seq 33 at
2026-02-12T04:18:03.703671+0000) local
2026-02-12T04:18:03.703+0000 7feae591b640 20 -- v2:127.0.0.1:7146/0 queue 0x55ccfff02600 prio 196
2026-02-12T04:18:03.703+0000 7feae611c640 2 mon.a@0(leader) e1 send_reply 0x55ccfeaa0c60 0x55ccff953a40 mon_command_ack([{"prefix": "mon metadata", "id": "a"}]=0 v0)
2026-02-12T04:18:03.703+0000 7feae611c640 1 -- v2:127.0.0.1:7146/0 --> 127.0.0.1:0/3978893233 -- mon_command_ack([{"prefix": "mon metadata", "id": "a"}]=0 v0) -- 0x55ccff953a40 con 0x55ccffb45800
2026-02-12T04:18:03.703+0000 7feae611c640 5 --2- v2:127.0.0.1:7146/0 >> 127.0.0.1:0/3978893233 conn(0x55ccffb45800 0x55ccfeb11700 crc :-1 s=READY pgs=2 cs=0 l=1 rev1=1 crypto rx=0 tx=0 comp rx=0 tx=0).send_message enqueueing message m=0x55ccff953a40 type=51 mon_command_ack([{"prefix": "mon metadata", "id": "a"}]=0 v0)
2026-02-12T04:18:03.703+0000 7feae611c640 15 --2- v2:127.0.0.1:7146/0 >> 127.0.0.1:0/3978893233 conn(0x55ccffb45800 0x55ccfeb11700 crc :-1 s=READY pgs=2 cs=0 l=1 rev1=1 crypto rx=0 tx=0 comp rx=0 tx=0).send_message inline write is denied, reschedule m=0x55ccff953a40
2026-02-12T04:18:03.703+0000 7feae611c640 20 Event(0x55ccfe9d02c8 nevent=5000 time_id=4).wakeup
2026-02-12T04:18:03.703+0000 7feae611c640 10 -- v2:127.0.0.1:7146/0 dispatch_throttle_release 79 to dispatch throttler 79/104857600
2026-02-12T04:18:03.703+0000 7feae611c640 20 -- v2:127.0.0.1:7146/0 done calling dispatch on 0x55ccfe9d3c00
2026-02-12T04:18:03.703+0000 7feae611c640 1 -- v2:127.0.0.1:7146/0 <== mon.0 v2:127.0.0.1:7146/0 0 ==== log(1 entries from seq 33 at
2026-02-12T04:18:03.703671+0000) ==== 0+0+0 (unknown 0 0 0) 0x55ccfff02600 con 0x55ccff8b8000
2026-02-12T04:18:03.703+0000 7feaea124640 10 -- v2:127.0.0.1:7146/0 >> 127.0.0.1:0/3978893233 conn(0x55ccffb45800 msgr2=0x55ccfeb11700 crc :-1 s=STATE_CONNECTION_ESTABLISHED l=1).handle_write
2026-02-12T04:18:03.703+0000 7feaea124640 10 --2- v2:127.0.0.1:7146/0 >> 127.0.0.1:0/3978893233 conn(0x55ccffb45800 0x55ccfeb11700 crc :-1 s=READY pgs=2 cs=0 l=1 rev1=1 crypto rx=0 tx=0 comp rx=0 tx=0).write_event
2026-02-12T04:18:03.703+0000 7feae611c640 20 mon.a@0(leader) e1 _ms_dispatch existing session 0x55ccffa9a000 for mon.0
2026-02-12T04:18:03.703+0000 7feae611c640 20 mon.a@0(leader) e1 entity_name global_id 0 (none) caps allow *
2026-02-12T04:18:03.703+0000 7feae611c640 10 mon.a@0(leader).paxosservice(logm 1..9) dispatch 0x55ccfff02600 log(1 entries from seq 33 at
2026-02-12T04:18:03.703671+0000) from mon.0 v2:127.0.0.1:7146/0 con 0x55ccff8b8000
2026-02-12T04:18:03.703+0000 7feaea124640 20 --2- v2:127.0.0.1:7146/0 >> 127.0.0.1:0/3978893233 conn(0x55ccffb45800 0x55ccfeb11700 crc :-1 s=READY pgs=2 cs=0 l=1 rev1=1 crypto rx=0 tx=0 comp rx=0 tx=0).prepare_send_message m=mon_command_ack([{"prefix": "mon metadata", "id": "a"}]=0 v0)
2026-02-12T04:18:03.703+0000 7feae611c640 5 mon.a@0(leader).paxos(paxos active c 1..16) is_readable = 1 - now=2026-02-12T04:18:03.703707+0000 lease_expire=1970-01-01T00:00:00.000000+0000 has v0 lc 16
2026-02-12T04:18:03.703+0000 7feae611c640 10 mon.a@0(leader).log v9 preprocess_query log(1 entries from seq 33 at
