2026-02-12T04:18:03.717+0000 7feae611c640 15 --2- v2:127.0.0.1:7146/0 >> 127.0.0.1:0/2055945002 conn(0x55ccffb44000 0x55ccfeb10100 crc :-1 s=READY pgs=1 cs=0 l=1 rev1=1 crypto rx=0 tx=0 comp rx=0 tx=0).send_message inline write is denied, reschedule m=0x55ccffffdd40
2026-02-12T04:18:03.717+0000 7feae611c640 20 Event(0x55ccfe9d0508 nevent=5000 time_id=12).wakeup
2026-02-12T04:18:03.717+0000 7feae611c640 20 -- v2:127.0.0.1:7146/0 done calling dispatch on 0x55ccfecb5b00
2026-02-12T04:18:03.717+0000 7feae611c640 1 -- v2:127.0.0.1:7146/0 <== client.? 127.0.0.1:0/2055945002 2 ==== mon_subscribe({config=0+,monmap=0+}) ==== 54+0+0 (crc 0 0 0) 0x55ccffb95860 con 0x55ccffb44000
2026-02-12T04:18:03.717+0000 7feae611c640 20 mon.a@0(leader) e1 _ms_dispatch existing session 0x55ccffb9d8c0 for client.?
2026-02-12T04:18:03.717+0000 7feae611c640 20 mon.a@0(leader) e1 entity_name mgr.x global_id 4117 (none) caps allow *
2026-02-12T04:18:03.717+0000 7feae611c640 10 mon.a@0(leader) e1 handle_subscribe mon_subscribe({config=0+,monmap=0+})
2026-02-12T04:18:03.717+0000 7feae4118640 10 -- v2:127.0.0.1:7146/0 >> 127.0.0.1:0/2055945002 conn(0x55ccffb44000 msgr2=0x55ccfeb10100 crc :-1 s=STATE_CONNECTION_ESTABLISHED l=1).handle_write
2026-02-12T04:18:03.717+0000 7feae611c640 10 mon.a@0(leader).config check_sub next 0 have 2
2026-02-12T04:18:03.717+0000 7feae611c640 10 mon.a@0(leader).config refresh_config crush_location for remote_host trial176 is {}
2026-02-12T04:18:03.717+0000 7feae4118640 10 --2- v2:127.0.0.1:7146/0 >> 127.0.0.1:0/2055945002 conn(0x55ccffb44000 0x55ccfeb10100 crc :-1 s=READY pgs=1 cs=0 l=1 rev1=1 crypto rx=0 tx=0 comp rx=0 tx=0).write_event
2026-02-12T04:18:03.717+0000 7feae611c640 20 mon.a@0(leader).config refresh_config mgr.x crush {} device_class
2026-02-12T04:18:03.717+0000 7feae611c640 10 mon.a@0(leader).config maybe_send_config to client.? (changed)
2026-02-12T04:18:03.717+0000 7feae611c640 10 mon.a@0(leader).config send_config to client.?
2026-02-12T04:18:03.717+0000 7feae4118640 20 --2- v2:127.0.0.1:7146/0 >> 127.0.0.1:0/2055945002 conn(0x55ccffb44000 0x55ccfeb10100 crc :-1 s=READY pgs=1 cs=0 l=1 rev1=1 crypto rx=0 tx=0 comp rx=0 tx=0).prepare_send_message m=mon_map magic: 0
2026-02-12T04:18:03.717+0000 7feae611c640 1 -- v2:127.0.0.1:7146/0 --> 127.0.0.1:0/2055945002 -- config(1 keys) -- 0x55ccfff9a700 con 0x55ccffb44000
2026-02-12T04:18:03.717+0000 7feae4118640 20 --2- v2:127.0.0.1:7146/0 >> 127.0.0.1:0/2055945002 conn(0x55ccffb44000 0x55ccfeb10100 crc :-1 s=READY pgs=1 cs=0 l=1 rev1=1 crypto rx=0 tx=0 comp rx=0 tx=0).prepare_send_message encoding features 4544132024016699391 0x55ccffffdd40 mon_map magic: 0
2026-02-12T04:18:03.717+0000 7feae611c640 5 --2- v2:127.0.0.1:7146/0 >> 127.0.0.1:0/2055945002 conn(0x55ccffb44000 0x55ccfeb10100 crc :-1 s=READY pgs=1 cs=0 l=1 rev1=1 crypto rx=0 tx=0 comp rx=0 tx=0).send_message enqueueing message m=0x55ccfff9a700 type=62 config(1 keys)
2026-02-12T04:18:03.717+0000 7feae4118640 2 --2- v2:127.0.0.1:7146/0 >> 127.0.0.1:0/2055945002 conn(0x55ccffb44000 0x55ccfeb10100 crc :-1 s=READY pgs=1 cs=0 l=1 rev1=1 crypto rx=0 tx=0 comp rx=0 tx=0).write_message sending message m=0x55ccffffdd40 seq=1 mon_map magic: 0
2026-02-12T04:18:03.717+0000 7feae611c640 15 --2- v2:127.0.0.1:7146/0 >> 127.0.0.1:0/2055945002 conn(0x55ccffb44000 0x55ccfeb10100 crc :-1 s=READY pgs=1 cs=0 l=1 rev1=1 crypto rx=0 tx=0 comp rx=0 tx=0).send_message inline write is denied, reschedule m=0x55ccfff9a700
2026-02-12T04:18:03.717+0000 7feae4118640 20 --2- v2:127.0.0.1:7146/0 >> 127.0.0.1:0/2055945002 conn(0x55ccffb44000 0x55ccfeb10100 crc :-1 s=READY pgs=1 cs=0 l=1 rev1=1 crypto rx=0 tx=0 comp rx=0 tx=0).write_message sending m=0x55ccffffdd40 seq=1 src=mon.0 off=0
2026-02-12T04:18:03.717+0000 7feae611c640 10 mon.a@0(leader).monmap v1 check_sub monmap next 0 have 1
2026-02-12T04:18:03.717+0000 7feae611c640 1 -- v2:127.0.0.1:7146/0 --> 127.0.0.1:0/2055945002 -- mon_map magic: 0 -- 0x55ccfffe4820 con 0x55ccffb44000
2026-02-12T04:18:03.717+0000 7feae611c640 5 --2- v2:127.0.0.1:7146/0 >> 127.0.0.1:0/2055945002 conn(0x55ccffb44000 0x55ccfeb10100 crc :-1 s=READY pgs=1 cs=0 l=1 rev1=1 crypto rx=0 tx=0 comp rx=0 tx=0).send_message enqueueing message m=0x55ccfffe4820 type=4 mon_map magic: 0
2026-02-12T04:18:03.717+0000 7feae611c640 15 --2- v2:127.0.0.1:7146/0 >> 127.0.0.1:0/2055945002 conn(0x55ccffb44000 0x55ccfeb10100 crc :-1 s=READY pgs=1 cs=0 l=1 rev1=1 crypto rx=0 tx=0 comp rx=0 tx=0).send_message inline write is denied, reschedule m=0x55ccfffe4820
2026-02-12T04:18:03.717+0000 7feae611c640 10 -- v2:127.0.0.1:7146/0 dispatch_throttle_release 54 to dispatch throttler 54/104857600
2026-02-12T04:18:03.717+0000 7feae611c640 20 -- v2:127.0.0.1:7146/0 done calling dispatch on 0x55ccffb95860
2026-02-12T04:18:03.717+0000 7feae4118640 10 -- v2:127.0.0.1:7146/0 >> 127.0.0.1:0/2055945002 conn(0x55ccffb44000 msgr2=0x55ccfeb10100 crc :-1 s=STATE_CONNECTION_ESTABLISHED l=1)._try_send sent bytes 260 remaining bytes 0
2026-02-12T04:18:03.717+0000 7feae4118640 10 --2- v2:127.0.0.1:7146/0 >> 127.0.0.1:0/2055945002 conn(0x55ccffb44000 0x55ccfeb10100 crc :-1 s=READY pgs=1 cs=0 l=1 rev1=1 crypto rx=0 tx=0 comp rx=0 tx=0).write_message sending 0x55ccffffdd40 done.
2026-02-12T04:18:03.717+0000 7feae4118640 20 --2- v2:127.0.0.1:7146/0 >> 127.0.0.1:0/2055945002 conn(0x55ccffb44000 0x55ccfeb10100 crc :-1 s=READY pgs=1 cs=0 l=1 rev1=1 crypto rx=0 tx=0 comp rx=0 tx=0).prepare_send_message m=config(1 keys)
2026-02-12T04:18:03.717+0000 7feae4118640 20 --2- v2:127.0.0.1:7146/0 >> 127.0.0.1:0/2055945002 conn(0x55ccffb44000 0x55ccfeb10100 crc :-1 s=READY pgs=1 cs=0 l=1 rev1=1 crypto rx=0 tx=0 comp rx=0 tx=0).prepare_send_message encoding features 4544132024016699391 0x55ccfff9a700 config(1 keys)
2026-02-12T04:18:03.717+0000 7feae4118640 2 --2- v2:127.0.0.1:7146/0 >> 127.0.0.1:0/2055945002 conn(0x55ccffb44000 0x55ccfeb10100 crc :-1 s=READY pgs=1 cs=0 l=1 rev1=1 crypto rx=0 tx=0 comp rx=0 tx=0).write_message sending message m=0x55ccfff9a700 seq=2 config(1 keys)
2026-02-12T04:18:03.717+0000 7feae4118640 20 --2- v2:127.0.0.1:7146/0 >> 127.0.0.1:0/2055945002 conn(0x55ccffb44000 0x55ccfeb10100 crc :-1 s=READY pgs=1 cs=0 l=1 rev1=1 crypto rx=0 tx=0 comp rx=0 tx=0).write_message sending m=0x55ccfff9a700 seq=2 src=mon.0 off=0
2026-02-12T04:18:03.717+0000 7feae4118640 10 -- v2:127.0.0.1:7146/0 >> 127.0.0.1:0/2055945002 conn(0x55ccffb44000 msgr2=0x55ccfeb10100 crc :-1 s=STATE_CONNECTION_ESTABLISHED l=1)._try_send sent bytes 115 remaining bytes 0
2026-02-12T04:18:03.717+0000 7feae4118640 10 --2- v2:127.0.0.1:7146/0 >> 127.0.0.1:0/2055945002 conn(0x55ccffb44000 0x55ccfeb10100 crc :-1 s=READY pgs=1 cs=0 l=1 rev1=1 crypto rx=0 tx=0 comp rx=0 tx=0).write_message sending 0x55ccfff9a700 done.
2026-02-12T04:18:03.717+0000 7feae4118640 20 --2- v2:127.0.0.1:7146/0 >> 127.0.0.1:0/2055945002 conn(0x55ccffb44000 0x55ccfeb10100 crc :-1 s=READY pgs=1 cs=0 l=1 rev1=1 crypto rx=0 tx=0 comp rx=0 tx=0).prepare_send_message m=mon_map magic: 0
2026-02-12T04:18:03.717+0000 7feae4118640 20 --2- v2:127.0.0.1:7146/0 >> 127.0.0.1:0/2055945002 conn(0x55ccffb44000 0x55ccfeb10100 crc :-1 s=READY pgs=1 cs=0 l=1 rev1=1 crypto rx=0 tx=0 comp rx=0 tx=0).prepare_send_message encoding features 4544132024016699391 0x55ccfffe4820 mon_map magic: 0
2026-02-12T04:18:03.717+0000 7feae4118640 2 --2- v2:127.0.0.1:7146/0 >> 127.0.0.1:0/2055945002 conn(0x55ccffb44000 0x55ccfeb10100 crc :-1 s=READY pgs=1 cs=0 l=1 rev1=1 crypto rx=0 tx=0 comp rx=0 tx=0).write_message sending message m=0x55ccfffe4820 seq=3 mon_map magic: 0
2026-02-12T04:18:03.717+0000 7feae4118640 20 --2- v2:127.0.0.1:7146/0 >> 127.0.0.1:0/2055945002 conn(0x55ccffb44000 0x55ccfeb10100 crc :-1 s=READY pgs=1 cs=0 l=1 rev1=1 crypto rx=0 tx=0 comp rx=0 tx=0).write_message sending m=0x55ccfffe4820 seq=3 src=mon.0 off=0
2026-02-12T04:18:03.717+0000 7feae4118640 10 -- v2:127.0.0.1:7146/0 >> 127.0.0.1:0/2055945002 conn(0x55ccffb44000 msgr2=0x55ccfeb10100 crc :-1 s=STATE_CONNECTION_ESTABLISHED l=1)._try_send sent bytes 260 remaining bytes 0
2026-02-12T04:18:03.717+0000 7feae4118640 10 --2- v2:127.0.0.1:7146/0 >> 127.0.0.1:0/2055945002 conn(0x55ccffb44000 0x55ccfeb10100 crc :-1 s=READY pgs=1 cs=0 l=1 rev1=1 crypto rx=0 tx=0 comp rx=0 tx=0).write_message sending 0x55ccfffe4820 done.
2026-02-12T04:18:03.717+0000 7feae3917640 20 mon.a@0(leader).paxos(paxos writing c 1..18) commit_finish 19
2026-02-12T04:18:03.717+0000 7feae3917640 10 mon.a@0(leader) e1 refresh_from_paxos
2026-02-12T04:18:03.717+0000 7feae3917640 10 mon.a@0(leader).paxosservice(mdsmap 1..1) refresh
2026-02-12T04:18:03.717+0000 7feae3917640 10 mon.a@0(leader).paxosservice(osdmap 1..3) refresh
2026-02-12T04:18:03.717+0000 7feae3917640 10 mon.a@0(leader).paxosservice(logm 1..9) refresh
2026-02-12T04:18:03.717+0000 7feae3917640 10 mon.a@0(leader).log v9 update_from_paxos
2026-02-12T04:18:03.717+0000 7feae3917640 10 mon.a@0(leader).log v9 update_from_paxos version 9 summary v 9
2026-02-12T04:18:03.717+0000 7feae3917640 10 mon.a@0(leader).paxosservice(monmap 1..1) refresh
2026-02-12T04:18:03.717+0000 7feae3917640 10 mon.a@0(leader).paxosservice(auth 1..3) refresh
2026-02-12T04:18:03.717+0000 7feae3917640 10 mon.a@0(leader).auth v3 update_from_paxos
2026-02-12T04:18:03.717+0000 7feae3917640 10 mon.a@0(leader).paxosservice(mgr 1..2) refresh
2026-02-12T04:18:03.717+0000 7feae4118640 20 -- v2:127.0.0.1:7146/0 >> 127.0.0.1:0/2055945002 conn(0x55ccffb44000 msgr2=0x55ccfeb10100 crc :-1 s=STATE_CONNECTION_ESTABLISHED l=1).process
2026-02-12T04:18:03.717+0000 7feae4118640 20 -- v2:127.0.0.1:7146/0 >> 127.0.0.1:0/2055945002 conn(0x55ccffb44000 msgr2=0x55ccfeb10100 crc :-1 s=STATE_CONNECTION_ESTABLISHED l=1).read continue len=32
2026-02-12T04:18:03.717+0000 7feae4118640 20 --2- v2:127.0.0.1:7146/0 >> 127.0.0.1:0/2055945002 conn(0x55ccffb44000 0x55ccfeb10100 crc :-1 s=READY pgs=1 cs=0 l=1 rev1=1 crypto rx=0 tx=0 comp rx=0 tx=0).handle_read_frame_preamble_main r=0
2026-02-12T04:18:03.717+0000 7feae4118640 20 --2- v2:127.0.0.1:7146/0 >> 127.0.0.1:0/2055945002 conn(0x55ccffb44000 0x55ccfeb10100 crc :-1 s=THROTTLE_MESSAGE pgs=1 cs=0 l=1 rev1=1 crypto rx=0 tx=0 comp rx=0 tx=0).throttle_message
2026-02-12T04:18:03.717+0000 7feae4118640 20 --2- v2:127.0.0.1:7146/0 >> 127.0.0.1:0/2055945002 conn(0x55ccffb44000 0x55ccfeb10100 crc :-1 s=THROTTLE_BYTES pgs=1 cs=0 l=1 rev1=1 crypto rx=0 tx=0 comp rx=0 tx=0).throttle_bytes
2026-02-12T04:18:03.717+0000 7feae4118640 10 --2- v2:127.0.0.1:7146/0 >> 127.0.0.1:0/2055945002 conn(0x55ccffb44000 0x55ccfeb10100 crc :-1 s=THROTTLE_BYTES pgs=1 cs=0 l=1 rev1=1 crypto rx=0 tx=0 comp rx=0 tx=0).throttle_bytes wants 35 bytes from policy throttler 482/104857600
2026-02-12T04:18:03.717+0000 7feae4118640 20 --2- v2:127.0.0.1:7146/0 >> 127.0.0.1:0/2055945002 conn(0x55ccffb44000 0x55ccfeb10100 crc :-1 s=THROTTLE_DISPATCH_QUEUE pgs=1 cs=0 l=1 rev1=1 crypto rx=0 tx=0 comp rx=0 tx=0).throttle_dispatch_queue
2026-02-12T04:18:03.717+0000 7feae4118640 20 --2- v2:127.0.0.1:7146/0 >> 127.0.0.1:0/2055945002 conn(0x55ccffb44000 0x55ccfeb10100 crc :-1 s=THROTTLE_DONE pgs=1 cs=0 l=1 rev1=1 crypto rx=0 tx=0 comp rx=0 tx=0).read_frame_segment seg_idx=0
2026-02-12T04:18:03.717+0000 7feae4118640 20 -- v2:127.0.0.1:7146/0 >> 127.0.0.1:0/2055945002 conn(0x55ccffb44000 msgr2=0x55ccfeb10100 crc :-1 s=STATE_CONNECTION_ESTABLISHED l=1).read start len=45
2026-02-12T04:18:03.717+0000 7feae4118640 20 --2- v2:127.0.0.1:7146/0 >> 127.0.0.1:0/2055945002 conn(0x55ccffb44000 0x55ccfeb10100 crc :-1 s=THROTTLE_DONE pgs=1 cs=0 l=1 rev1=1 crypto rx=0 tx=0 comp rx=0 tx=0).handle_read_frame_segment r=0
2026-02-12T04:18:03.717+0000 7feae4118640 20 --2- v2:127.0.0.1:7146/0 >> 127.0.0.1:0/2055945002 conn(0x55ccffb44000 0x55ccfeb10100 crc :-1 s=THROTTLE_DONE pgs=1 cs=0 l=1 rev1=1 crypto rx=0 tx=0 comp rx=0 tx=0).read_frame_segment seg_idx=1
2026-02-12T04:18:03.717+0000 7feae4118640 20 -- v2:127.0.0.1:7146/0 >> 127.0.0.1:0/2055945002 conn(0x55ccffb44000 msgr2=0x55ccfeb10100 crc :-1 s=STATE_CONNECTION_ESTABLISHED l=1).read start len=35
2026-02-12T04:18:03.717+0000 7feae4118640 20 --2- v2:127.0.0.1:7146/0 >> 127.0.0.1:0/2055945002 conn(0x55ccffb44000 0x55ccfeb10100 crc :-1 s=THROTTLE_DONE pgs=1 cs=0 l=1 rev1=1 crypto rx=0 tx=0 comp rx=0 tx=0).handle_read_frame_segment r=0
2026-02-12T04:18:03.717+0000 7feae4118640 20 -- v2:127.0.0.1:7146/0 >> 127.0.0.1:0/2055945002 conn(0x55ccffb44000 msgr2=0x55ccfeb10100 crc :-1 s=STATE_CONNECTION_ESTABLISHED l=1).read start len=13
2026-02-12T04:18:03.717+0000 7feae4118640 20 --2- v2:127.0.0.1:7146/0 >> 127.0.0.1:0/2055945002 conn(0x55ccffb44000 0x55ccfeb10100 crc :-1 s=THROTTLE_DONE pgs=1 cs=0 l=1 rev1=1 crypto rx=0 tx=0 comp rx=0 tx=0).handle_read_frame_epilogue_main r=0
2026-02-12T04:18:03.717+0000 7feae4118640 10 --2- v2:127.0.0.1:7146/0 >> 127.0.0.1:0/2055945002 conn(0x55ccffb44000 0x55ccfeb10100 crc :-1 s=THROTTLE_DONE pgs=1 cs=0 l=1 rev1=1 crypto rx=0 tx=0 comp rx=0 tx=0).handle_read_frame_dispatch tag=17
2026-02-12T04:18:03.717+0000 7feae4118640 20 --2- v2:127.0.0.1:7146/0 >> 127.0.0.1:0/2055945002 conn(0x55ccffb44000 0x55ccfeb10100 crc :-1 s=THROTTLE_DONE pgs=1 cs=0 l=1 rev1=1 crypto rx=0 tx=0 comp rx=0 tx=0).handle_message
2026-02-12T04:18:03.717+0000 7feae4118640 5 --2- v2:127.0.0.1:7146/0 >> 127.0.0.1:0/2055945002 conn(0x55ccffb44000 0x55ccfeb10100 crc :-1 s=THROTTLE_DONE pgs=1 cs=0 l=1 rev1=1 crypto rx=0 tx=0 comp rx=0 tx=0).handle_message got 35 + 0 + 0 byte message. envelope type=15 src client.? off 0
2026-02-12T04:18:03.717+0000 7feae4118640 5 --2- v2:127.0.0.1:7146/0 >> 127.0.0.1:0/2055945002 conn(0x55ccffb44000 0x55ccfeb10100 crc :-1 s=READ_MESSAGE_COMPLETE pgs=1 cs=0 l=1 rev1=1 crypto rx=0 tx=0 comp rx=0 tx=0).handle_message received message m=0x55ccffb945a0 seq=3 from=client.? type=15 mon_subscribe({mgrmap=0+})
2026-02-12T04:18:03.717+0000 7feae4118640 20 -- v2:127.0.0.1:7146/0 queue 0x55ccffb945a0 prio 127
2026-02-12T04:18:03.717+0000 7feae4118640 20 --2- v2:127.0.0.1:7146/0 >> 127.0.0.1:0/2055945002 conn(0x55ccffb44000 0x55ccfeb10100 crc :-1 s=READY pgs=1 cs=0 l=1 rev1=1 crypto rx=0 tx=0 comp rx=0 tx=0).read_frame
2026-02-12T04:18:03.717+0000 7feae4118640 20 -- v2:127.0.0.1:7146/0 >> 127.0.0.1:0/2055945002 conn(0x55ccffb44000 msgr2=0x55ccfeb10100 crc :-1 s=STATE_CONNECTION_ESTABLISHED l=1).read start len=32
2026-02-12T04:18:03.717+0000 7feae4118640 20 --2- v2:127.0.0.1:7146/0 >> 127.0.0.1:0/2055945002 conn(0x55ccffb44000 0x55ccfeb10100 crc :-1 s=READY pgs=1 cs=0 l=1 rev1=1 crypto rx=0 tx=0 comp rx=0 tx=0).handle_read_frame_preamble_main r=0
2026-02-12T04:18:03.717+0000 7feae4118640 20 --2- v2:127.0.0.1:7146/0 >> 127.0.0.1:0/2055945002 conn(0x55ccffb44000 0x55ccfeb10100 crc :-1 s=THROTTLE_MESSAGE pgs=1 cs=0 l=1 rev1=1 crypto rx=0 tx=0 comp rx=0 tx=0).throttle_message
2026-02-12T04:18:03.717+0000 7feae4118640 20 --2- v2:127.0.0.1:7146/0 >> 127.0.0.1:0/2055945002 conn(0x55ccffb44000 0x55ccfeb10100 crc :-1 s=THROTTLE_BYTES pgs=1 cs=0 l=1 rev1=1 crypto rx=0 tx=0 comp rx=0 tx=0).throttle_bytes
2026-02-12T04:18:03.717+0000 7feae611c640 1 -- v2:127.0.0.1:7146/0 <== client.? 127.0.0.1:0/2055945002 3 ==== mon_subscribe({mgrmap=0+}) ==== 35+0+0 (crc 0 0 0) 0x55ccffb945a0 con 0x55ccffb44000
2026-02-12T04:18:03.717+0000 7feae4118640 10 --2- v2:127.0.0.1:7146/0 >> 127.0.0.1:0/2055945002 conn(0x55ccffb44000 0x55ccfeb10100 crc :-1 s=THROTTLE_BYTES pgs=1 cs=0 l=1 rev1=1 crypto rx=0 tx=0 comp rx=0 tx=0).throttle_bytes wants 35 bytes from policy throttler 517/104857600
2026-02-12T04:18:03.717+0000 7feae4118640 20 --2- v2:127.0.0.1:7146/0 >> 127.0.0.1:0/2055945002 conn(0x55ccffb44000 0x55ccfeb10100 crc :-1 s=THROTTLE_DISPATCH_QUEUE pgs=1 cs=0 l=1 rev1=1 crypto rx=0 tx=0 comp rx=0 tx=0).throttle_dispatch_queue
2026-02-12T04:18:03.717+0000 7feae4118640 20 --2- v2:127.0.0.1:7146/0 >> 127.0.0.1:0/2055945002 conn(0x55ccffb44000 0x55ccfeb10100 crc :-1 s=THROTTLE_DONE pgs=1 cs=0 l=1 rev1=1 crypto rx=0 tx=0 comp rx=0 tx=0).read_frame_segment seg_idx=0
2026-02-12T04:18:03.717+0000 7feae4118640 20 -- v2:127.0.0.1:7146/0 >> 127.0.0.1:0/2055945002 conn(0x55ccffb44000 msgr2=0x55ccfeb10100 crc :-1 s=STATE_CONNECTION_ESTABLISHED l=1).read start len=45
2026-02-12T04:18:03.717+0000 7feae4118640 20 --2- v2:127.0.0.1:7146/0 >> 127.0.0.1:0/2055945002 conn(0x55ccffb44000 0x55ccfeb10100 crc :-1 s=THROTTLE_DONE pgs=1 cs=0 l=1 rev1=1 crypto rx=0 tx=0 comp rx=0 tx=0).handle_read_frame_segment r=0
2026-02-12T04:18:03.717+0000 7feae4118640 20 --2- v2:127.0.0.1:7146/0 >> 127.0.0.1:0/2055945002 conn(0x55ccffb44000 0x55ccfeb10100 crc :-1 s=THROTTLE_DONE pgs=1 cs=0 l=1 rev1=1 crypto rx=0 tx=0 comp rx=0 tx=0).read_frame_segment seg_idx=1
2026-02-12T04:18:03.717+0000 7feae4118640 20 -- v2:127.0.0.1:7146/0 >> 127.0.0.1:0/2055945002 conn(0x55ccffb44000 msgr2=0x55ccfeb10100 crc :-1 s=STATE_CONNECTION_ESTABLISHED l=1).read start len=35
2026-02-12T04:18:03.717+0000 7feae4118640 20 --2- v2:127.0.0.1:7146/0 >> 127.0.0.1:0/2055945002 conn(0x55ccffb44000 0x55ccfeb10100 crc :-1 s=THROTTLE_DONE pgs=1 cs=0 l=1 rev1=1 crypto rx=0 tx=0 comp rx=0 tx=0).handle_read_frame_segment r=0
2026-02-12T04:18:03.717+0000 7feae4118640 20 -- v2:127.0.0.1:7146/0 >> 127.0.0.1:0/2055945002 conn(0x55ccffb44000 msgr2=0x55ccfeb10100 crc :-1 s=STATE_CONNECTION_ESTABLISHED l=1).read start len=13
2026-02-12T04:18:03.717+0000 7feae4118640 20 --2- v2:127.0.0.1:7146/0 >> 127.0.0.1:0/2055945002 conn(0x55ccffb44000 0x55ccfeb10100 crc :-1 s=THROTTLE_DONE pgs=1 cs=0 l=1 rev1=1 crypto rx=0 tx=0 comp rx=0 tx=0).handle_read_frame_epilogue_main r=0
2026-02-12T04:18:03.717+0000 7feae4118640 10 --2- v2:127.0.0.1:7146/0 >> 127.0.0.1:0/2055945002 conn(0x55ccffb44000 0x55ccfeb10100 crc :-1 s=THROTTLE_DONE pgs=1 cs=0 l=1 rev1=1 crypto rx=0 tx=0 comp rx=0 tx=0).handle_read_frame_dispatch tag=17
2026-02-12T04:18:03.717+0000 7feae4118640 20 --2- v2:127.0.0.1:7146/0 >> 127.0.0.1:0/2055945002 conn(0x55ccffb44000 0x55ccfeb10100 crc :-1 s=THROTTLE_DONE pgs=1 cs=0 l=1 rev1=1 crypto rx=0 tx=0 comp rx=0 tx=0).handle_message
2026-02-12T04:18:03.717+0000 7feae4118640 5 --2- v2:127.0.0.1:7146/0 >> 127.0.0.1:0/2055945002 conn(0x55ccffb44000 0x55ccfeb10100 crc :-1 s=THROTTLE_DONE pgs=1 cs=0 l=1 rev1=1 crypto rx=0 tx=0 comp rx=0 tx=0).handle_message got 35 + 0 + 0 byte message. envelope type=15 src client.? off 0
2026-02-12T04:18:03.717+0000 7feae4118640 5 --2- v2:127.0.0.1:7146/0 >> 127.0.0.1:0/2055945002 conn(0x55ccffb44000 0x55ccfeb10100 crc :-1 s=READ_MESSAGE_COMPLETE pgs=1 cs=0 l=1 rev1=1 crypto rx=0 tx=0 comp rx=0 tx=0).handle_message received message m=0x55ccffbdcb40 seq=4 from=client.? type=15 mon_subscribe({osdmap=0})
2026-02-12T04:18:03.717+0000 7feae4118640 20 -- v2:127.0.0.1:7146/0 queue 0x55ccffbdcb40 prio 127
2026-02-12T04:18:03.717+0000 7feae4118640 20 --2- v2:127.0.0.1:7146/0 >> 127.0.0.1:0/2055945002 conn(0x55ccffb44000 0x55ccfeb10100 crc :-1 s=READY pgs=1 cs=0 l=1 rev1=1 crypto rx=0 tx=0 comp rx=0 tx=0).read_frame
2026-02-12T04:18:03.717+0000 7feae4118640 20 -- v2:127.0.0.1:7146/0 >> 127.0.0.1:0/2055945002 conn(0x55ccffb44000 msgr2=0x55ccfeb10100 crc :-1 s=STATE_CONNECTION_ESTABLISHED l=1).read start len=32
2026-02-12T04:18:03.717+0000 7feae3917640 10 mon.a@0(leader).config load_config got 1 keys
2026-02-12T04:18:03.717+0000 7feae3917640 10 mon.a@0(leader).mgr e2 prime_mgr_client
2026-02-12T04:18:03.717+0000 7feae3917640 10 mon.a@0(leader).paxosservice(mgrstat 1..1) refresh
2026-02-12T04:18:03.717+0000 7feae3917640 10 mon.a@0(leader).mgrstat 1
2026-02-12T04:18:03.717+0000 7feae3917640 10 mon.a@0(leader).mgrstat update_from_paxos v1 service_map e1 0 progress events 0 pools availability tracked
2026-02-12T04:18:03.717+0000 7feae3917640 10 mon.a@0(leader).mgrstat check_subs
2026-02-12T04:18:03.717+0000 7feae3917640 10 mon.a@0(leader).mgrstat check_sub next 2 vs service_map.epoch 1
2026-02-12T04:18:03.717+0000 7feae3917640 20 mon.a@0(leader).mgrstat update_logger
2026-02-12T04:18:03.717+0000 7feae3917640 20 mon.a@0(leader).osd e3 notify_new_pg_digest
2026-02-12T04:18:03.717+0000 7feae3917640 20 mon.a@0(leader).mgrstat should_calc_pool_availability
2026-02-12T04:18:03.717+0000 7feae3917640 20 mon.a@0(leader).mgrstat calc_pool_availability
2026-02-12T04:18:03.717+0000 7feae3917640 20 mon.a@0(leader).mgrstat calc_pool_availability tracking availability score is disabled
2026-02-12T04:18:03.717+0000 7feae3917640 10 mon.a@0(leader).paxosservice(health 1..1) refresh
2026-02-12T04:18:03.717+0000 7feae3917640 10 mon.a@0(leader).health update_from_paxos
2026-02-12T04:18:03.717+0000 7feae3917640 20 mon.a@0(leader).health dump:{ "quorum_health": {}, "leader_health": {} }
2026-02-12T04:18:03.717+0000 7feae3917640 10 mon.a@0(leader).paxosservice(config 1..2) refresh
2026-02-12T04:18:03.717+0000 7feae3917640 10 mon.a@0(leader).paxosservice(kv 1..4) refresh
2026-02-12T04:18:03.717+0000 7feae3917640 0 log_channel(audit) log [INF] : from='mgr.4100 127.0.0.1:0/3978893233' entity='mgr.x'
2026-02-12T04:18:03.717+0000 7feae3917640 1 -- v2:127.0.0.1:7146/0 --> v2:127.0.0.1:7146/0 -- log(1 entries from seq 41 at
2026-02-12T04:18:03.718545+0000) -- 0x55ccffbda200 con 0x55ccff8b8000
2026-02-12T04:18:03.717+0000 7feae3917640 20 -- v2:127.0.0.1:7146/0 >> v2:127.0.0.1:7146/0 conn(0x55ccff8b8000 msgr2=0x55ccfeae5000 unknown :-1 s=STATE_NONE l=0).send_message log(1 entries from seq 41 at
2026-02-12T04:18:03.718545+0000) local
2026-02-12T04:18:03.717+0000 7feae3917640 2 mon.a@0(leader) e1 send_reply 0x55ccffba4000 0x55ccffbdc1e0 mon_command_ack([{prefix=config-key set, key=mgr/telemetry/collection}]=0 set mgr/telemetry/collection v5)=0 set mgr/telemetry/collection v5)
2026-02-12T04:18:03.717+0000 7feae591b640 20 -- v2:127.0.0.1:7146/0 queue 0x55ccffbda200 prio 196
2026-02-12T04:18:03.717+0000 7feae3917640 1 -- v2:127.0.0.1:7146/0 --> 127.0.0.1:0/3978893233 -- mon_command_ack([{prefix=config-key set, key=mgr/telemetry/collection}]=0 set mgr/telemetry/collection v5)=0 set mgr/telemetry/collection v5) -- 0x55ccffbdc1e0 con 0x55ccffb45800
2026-02-12T04:18:03.717+0000 7feae3917640 5 --2- v2:127.0.0.1:7146/0 >> 127.0.0.1:0/3978893233 conn(0x55ccffb45800 0x55ccfeb11700 crc :-1 s=READY pgs=2 cs=0 l=1 rev1=1 crypto rx=0 tx=0 comp rx=0 tx=0).send_message enqueueing message m=0x55ccffbdc1e0 type=51 mon_command_ack([{prefix=config-key set, key=mgr/telemetry/collection}]=0 set mgr/telemetry/collection v5)=0 set mgr/telemetry/collection v5)
2026-02-12T04:18:03.717+0000 7feae3917640 15 --2- v2:127.0.0.1:7146/0 >> 127.0.0.1:0/3978893233 conn(0x55ccffb45800 0x55ccfeb11700 crc :-1 s=READY pgs=2 cs=0 l=1 rev1=1 crypto rx=0 tx=0 comp rx=0 tx=0).send_message inline write is denied, reschedule m=0x55ccffbdc1e0
2026-02-12T04:18:03.717+0000 7feae3917640 20 Event(0x55ccfe9d02c8 nevent=5000 time_id=6).wakeup
2026-02-12T04:18:03.717+0000 7feae3917640 10 mon.a@0(leader).kv update_from_paxos 5
2026-02-12T04:18:03.717+0000 7feae3917640 10 mon.a@0(leader).kv check_all_subs
2026-02-12T04:18:03.717+0000 7feae3917640 10 mon.a@0(leader).kv maybe_send_update incremental keys for config/, v 5..5, 0 keys
2026-02-12T04:18:03.717+0000 7feaea124640 10 -- v2:127.0.0.1:7146/0 >> 127.0.0.1:0/3978893233 conn(0x55ccffb45800 msgr2=0x55ccfeb11700 crc :-1 s=STATE_CONNECTION_ESTABLISHED l=1).handle_write
2026-02-12T04:18:03.717+0000 7feae3917640 1 -- v2:127.0.0.1:7146/0 --> 127.0.0.1:0/3978893233 -- kv_data(v5 prefix config/, incremental, 0 keys) -- 0x55ccffbdc3c0 con 0x55ccffb45800
2026-02-12T04:18:03.717+0000 7feaea124640 10 --2- v2:127.0.0.1:7146/0 >> 127.0.0.1:0/3978893233 conn(0x55ccffb45800 0x55ccfeb11700 crc :-1 s=READY pgs=2 cs=0 l=1 rev1=1 crypto rx=0 tx=0 comp rx=0 tx=0).write_event
2026-02-12T04:18:03.717+0000 7feae3917640 5 --2- v2:127.0.0.1:7146/0 >> 127.0.0.1:0/3978893233 conn(0x55ccffb45800 0x55ccfeb11700 crc :-1 s=READY pgs=2 cs=0 l=1 rev1=1 crypto rx=0 tx=0 comp rx=0 tx=0).send_message enqueueing message m=0x55ccffbdc3c0 type=54 kv_data(v5 prefix config/, incremental, 0 keys)
2026-02-12T04:18:03.717+0000 7feae3917640 15 --2- v2:127.0.0.1:7146/0 >> 127.0.0.1:0/3978893233 conn(0x55ccffb45800 0x55ccfeb11700 crc :-1 s=READY pgs=2 cs=0 l=1 rev1=1 crypto rx=0 tx=0 comp rx=0 tx=0).send_message inline write is denied, reschedule m=0x55ccffbdc3c0
2026-02-12T04:18:03.717+0000 7feae3917640 10 mon.a@0(leader).kv maybe_send_update incremental keys for device/, v 5..5, 0 keys
2026-02-12T04:18:03.717+0000 7feae3917640 1 -- v2:127.0.0.1:7146/0 --> 127.0.0.1:0/3978893233 -- kv_data(v5 prefix device/, incremental, 0 keys) -- 0x55ccffbdc5a0 con 0x55ccffb45800
2026-02-12T04:18:03.717+0000 7feae3917640 5 --2- v2:127.0.0.1:7146/0 >> 127.0.0.1:0/3978893233 conn(0x55ccffb45800 0x55ccfeb11700 crc :-1 s=READY pgs=2 cs=0 l=1 rev1=1 crypto rx=0 tx=0 comp rx=0 tx=0).send_message enqueueing message m=0x55ccffbdc5a0 type=54 kv_data(v5 prefix device/, incremental, 0 keys)
2026-02-12T04:18:03.717+0000 7feae3917640 15 --2- v2:127.0.0.1:7146/0 >> 127.0.0.1:0/3978893233 conn(0x55ccffb45800 0x55ccfeb11700 crc :-1 s=READY pgs=2 cs=0 l=1 rev1=1 crypto rx=0 tx=0 comp rx=0 tx=0).send_message inline write is denied, reschedule m=0x55ccffbdc5a0
2026-02-12T04:18:03.717+0000 7feae3917640 10 mon.a@0(leader).kv maybe_send_update incremental keys for mgr/, v 5..5, 1 keys
2026-02-12T04:18:03.717+0000 7feae3917640 1 -- v2:127.0.0.1:7146/0 --> 127.0.0.1:0/3978893233 -- kv_data(v5 prefix mgr/, incremental, 1 keys) -- 0x55ccffbdc780 con 0x55ccffb45800
2026-02-12T04:18:03.717+0000 7feae3917640 5 --2- v2:127.0.0.1:7146/0 >> 127.0.0.1:0/3978893233 conn(0x55ccffb45800 0x55ccfeb11700 crc :-1 s=READY pgs=2 cs=0 l=1 rev1=1 crypto rx=0 tx=0 comp rx=0 tx=0).send_message enqueueing message m=0x55ccffbdc780 type=54 kv_data(v5 prefix mgr/, incremental, 1 keys)
2026-02-12T04:18:03.717+0000 7feae3917640 15 --2- v2:127.0.0.1:7146/0 >> 127.0.0.1:0/3978893233 conn(0x55ccffb45800 0x55ccfeb11700 crc :-1 s=READY pgs=2 cs=0 l=1 rev1=1 crypto rx=0 tx=0 comp rx=0 tx=0).send_message inline write is denied, reschedule m=0x55ccffbdc780
2026-02-12T04:18:03.717+0000 7feaea124640 20 --2- v2:127.0.0.1:7146/0 >> 127.0.0.1:0/3978893233 conn(0x55ccffb45800 0x55ccfeb11700 crc :-1 s=READY pgs=2 cs=0 l=1 rev1=1 crypto rx=0 tx=0 comp rx=0 tx=0).prepare_send_message m=mon_command_ack([{prefix=config-key set, key=mgr/telemetry/collection}]=0 set mgr/telemetry/collection v5)=0 set mgr/telemetry/collection v5)
2026-02-12T04:18:03.717+0000 7feae3917640 10 mon.a@0(leader).kv check_all_subs updated 3 / 3
2026-02-12T04:18:03.717+0000 7feae3917640 10 mon.a@0(leader).paxosservice(nvmeofgw 1..1) refresh
2026-02-12T04:18:03.717+0000 7feae3917640 20 nvmeofgw virtual void NVMeofGwMon::update_from_paxos(bool*) has BEACON_DIFF: 1
2026-02-12T04:18:03.717+0000 7feae3917640 10 mon.a@0(leader).paxosservice(mdsmap 1..1) post_refresh
2026-02-12T04:18:03.717+0000 7feaea124640 20 --2- v2:127.0.0.1:7146/0 >> 127.0.0.1:0/3978893233 conn(0x55ccffb45800 0x55ccfeb11700 crc :-1 s=READY pgs=2 cs=0 l=1 rev1=1 crypto rx=0 tx=0 comp rx=0 tx=0).prepare_send_message encoding features 4544132024016699391 0x55ccffbdc1e0 mon_command_ack([{prefix=config-key set, key=mgr/telemetry/collection}]=0 set mgr/telemetry/collection v5)=0 set mgr/telemetry/collection v5)
2026-02-12T04:18:03.717+0000 7feae3917640 10 mon.a@0(leader).paxosservice(osdmap 1..3) post_refresh
2026-02-12T04:18:03.717+0000 7feae3917640 10 mon.a@0(leader).paxosservice(logm 1..9) post_refresh
2026-02-12T04:18:03.717+0000 7feae3917640 10 mon.a@0(leader).paxosservice(monmap 1..1) post_refresh
2026-02-12T04:18:03.717+0000 7feae3917640 10 mon.a@0(leader).paxosservice(auth 1..3) post_refresh
2026-02-12T04:18:03.717+0000 7feae3917640 10 mon.a@0(leader).paxosservice(mgr 1..2) post_refresh
2026-02-12T04:18:03.717+0000 7feae3917640 10 mon.a@0(leader).paxosservice(mgrstat 1..1) post_refresh
2026-02-12T04:18:03.717+0000 7feae3917640 10 mon.a@0(leader).paxosservice(health 1..1) post_refresh
2026-02-12T04:18:03.717+0000 7feae3917640 10 mon.a@0(leader).paxosservice(config 1..2) post_refresh
2026-02-12T04:18:03.717+0000 7feae3917640 10 mon.a@0(leader).paxosservice(kv 1..5) post_refresh
2026-02-12T04:18:03.717+0000 7feae3917640 10 mon.a@0(leader).paxosservice(nvmeofgw 1..1) post_refresh
2026-02-12T04:18:03.717+0000 7feaea124640 2 --2- v2:127.0.0.1:7146/0 >> 127.0.0.1:0/3978893233 conn(0x55ccffb45800 0x55ccfeb11700 crc :-1 s=READY pgs=2 cs=0 l=1 rev1=1 crypto rx=0 tx=0 comp rx=0 tx=0).write_message sending message m=0x55ccffbdc1e0 seq=29 mon_command_ack([{prefix=config-key set, key=mgr/telemetry/collection}]=0 set mgr/telemetry/collection v5)=0 set mgr/telemetry/collection v5)
2026-02-12T04:18:03.717+0000 7feaea124640 20 --2- v2:127.0.0.1:7146/0 >> 127.0.0.1:0/3978893233 conn(0x55ccffb45800 0x55ccfeb11700 crc :-1 s=READY pgs=2 cs=0 l=1 rev1=1 crypto rx=0 tx=0 comp rx=0 tx=0).write_message sending m=0x55ccffbdc1e0 seq=29 src=mon.0 off=0
2026-02-12T04:18:03.717+0000 7feae3917640 10 mon.a@0(leader).paxos(paxos refresh c 1..19) commit_proposal
2026-02-12T04:18:03.717+0000 7feae3917640 10 mon.a@0(leader).paxosservice(kv 1..5) _active - not active
2026-02-12T04:18:03.717+0000 7feaea124640 10 -- v2:127.0.0.1:7146/0 >> 127.0.0.1:0/3978893233 conn(0x55ccffb45800 msgr2=0x55ccfeb11700 crc :-1 s=STATE_CONNECTION_ESTABLISHED l=1)._try_send sent bytes 223 remaining bytes 0
2026-02-12T04:18:03.717+0000 7feae3917640 10 mon.a@0(leader).paxos(paxos refresh c 1..19) finish_round
2026-02-12T04:18:03.717+0000 7feae3917640 20 mon.a@0(leader).paxos(paxos active c 1..19) finish_round waiting_for_acting
2026-02-12T04:18:03.717+0000 7feaea124640 10 --2- v2:127.0.0.1:7146/0 >> 127.0.0.1:0/3978893233 conn(0x55ccffb45800 0x55ccfeb11700 crc :-1 s=READY pgs=2 cs=0 l=1 rev1=1 crypto rx=0 tx=0 comp rx=0 tx=0).write_message sending 0x55ccffbdc1e0 done.
2026-02-12T04:18:03.717+0000 7feae3917640 10 mon.a@0(leader).paxosservice(kv 1..5) _active
2026-02-12T04:18:03.717+0000 7feae3917640 7 mon.a@0(leader).paxosservice(kv 1..5) _active creating new pending
2026-02-12T04:18:03.717+0000 7feae3917640 10 mon.a@0(leader).kv 5
2026-02-12T04:18:03.717+0000 7feaea124640 20 --2- v2:127.0.0.1:7146/0 >> 127.0.0.1:0/3978893233 conn(0x55ccffb45800 0x55ccfeb11700 crc :-1 s=READY pgs=2 cs=0 l=1 rev1=1 crypto rx=0 tx=0 comp rx=0 tx=0).prepare_send_message m=kv_data(v5 prefix config/, incremental, 0 keys)
2026-02-12T04:18:03.717+0000 7feae3917640 20 mon.a@0(leader).paxos(paxos active c 1..19) finish_round waiting_for_readable
2026-02-12T04:18:03.717+0000 7feae3917640 20 mon.a@0(leader).paxos(paxos active c 1..19) finish_round waiting_for_writeable
2026-02-12T04:18:03.717+0000 7feaea124640 20 --2- v2:127.0.0.1:7146/0 >> 127.0.0.1:0/3978893233 conn(0x55ccffb45800 0x55ccfeb11700 crc :-1 s=READY pgs=2 cs=0 l=1 rev1=1 crypto rx=0 tx=0 comp rx=0 tx=0).prepare_send_message encoding features 4544132024016699391 0x55ccffbdc3c0 kv_data(v5 prefix config/, incremental, 0 keys)
2026-02-12T04:18:03.717+0000 7feae3917640 10 mon.a@0(leader).paxos(paxos active c 1..19) finish_round done w/ waiters, state active
2026-02-12T04:18:03.717+0000 7feaea124640 2 --2- v2:127.0.0.1:7146/0 >> 127.0.0.1:0/3978893233 conn(0x55ccffb45800 0x55ccfeb11700 crc :-1 s=READY pgs=2 cs=0 l=1 rev1=1 crypto rx=0 tx=0 comp rx=0 tx=0).write_message sending message m=0x55ccffbdc3c0 seq=30 kv_data(v5 prefix config/, incremental, 0 keys)
2026-02-12T04:18:03.717+0000 7feaea124640 20 --2- v2:127.0.0.1:7146/0 >> 127.0.0.1:0/3978893233 conn(0x55ccffb45800 0x55ccfeb11700 crc :-1 s=READY pgs=2 cs=0 l=1 rev1=1 crypto rx=0 tx=0 comp rx=0 tx=0).write_message sending m=0x55ccffbdc3c0 seq=30 src=mon.0 off=0
2026-02-12T04:18:03.717+0000 7feaea124640 10 -- v2:127.0.0.1:7146/0 >> 127.0.0.1:0/3978893233 conn(0x55ccffb45800 msgr2=0x55ccfeb11700 crc :-1 s=STATE_CONNECTION_ESTABLISHED l=1)._try_send sent bytes 114 remaining bytes 0
2026-02-12T04:18:03.717+0000 7feae611c640 20 mon.a@0(leader) e1 _ms_dispatch existing session 0x55ccffb9d8c0 for client.?
2026-02-12T04:18:03.717+0000 7feaea124640 10 --2- v2:127.0.0.1:7146/0 >> 127.0.0.1:0/3978893233 conn(0x55ccffb45800 0x55ccfeb11700 crc :-1 s=READY pgs=2 cs=0 l=1 rev1=1 crypto rx=0 tx=0 comp rx=0 tx=0).write_message sending 0x55ccffbdc3c0 done.
2026-02-12T04:18:03.717+0000 7feaea124640 20 --2- v2:127.0.0.1:7146/0 >> 127.0.0.1:0/3978893233 conn(0x55ccffb45800 0x55ccfeb11700 crc :-1 s=READY pgs=2 cs=0 l=1 rev1=1 crypto rx=0 tx=0 comp rx=0 tx=0).prepare_send_message m=kv_data(v5 prefix device/, incremental, 0 keys)
2026-02-12T04:18:03.717+0000 7feae611c640 20 mon.a@0(leader) e1 entity_name mgr.x global_id 4117 (none) caps allow *
2026-02-12T04:18:03.717+0000 7feaea124640 20 --2- v2:127.0.0.1:7146/0 >> 127.0.0.1:0/3978893233 conn(0x55ccffb45800 0x55ccfeb11700 crc :-1 s=READY pgs=2 cs=0 l=1 rev1=1 crypto rx=0 tx=0 comp rx=0 tx=0).prepare_send_message encoding features 4544132024016699391 0x55ccffbdc5a0 kv_data(v5 prefix device/, incremental, 0 keys)
2026-02-12T04:18:03.717+0000 7feae611c640 10 mon.a@0(leader) e1 handle_subscribe mon_subscribe({mgrmap=0+})
2026-02-12T04:18:03.717+0000 7feaea124640 2 --2- v2:127.0.0.1:7146/0 >> 127.0.0.1:0/3978893233 conn(0x55ccffb45800 0x55ccfeb11700 crc :-1 s=READY pgs=2 cs=0 l=1 rev1=1 crypto rx=0 tx=0 comp rx=0 tx=0).write_message sending message m=0x55ccffbdc5a0 seq=31 kv_data(v5 prefix device/, incremental, 0 keys)
2026-02-12T04:18:03.717+0000 7feae611c640 20 MonCap is_capable service=mon command= read addr 127.0.0.1:0/2055945002 on cap allow *
2026-02-12T04:18:03.717+0000 7feae611c640 20 MonCap allow so far , doing grant allow *
2026-02-12T04:18:03.717+0000 7feae611c640 20 MonCap allow all
2026-02-12T04:18:03.717+0000 7feaea124640 20 --2- v2:127.0.0.1:7146/0 >> 127.0.0.1:0/3978893233 conn(0x55ccffb45800 0x55ccfeb11700 crc :-1 s=READY pgs=2 cs=0 l=1 rev1=1 crypto rx=0 tx=0 comp rx=0 tx=0).write_message sending m=0x55ccffbdc5a0 seq=31 src=mon.0 off=0
2026-02-12T04:18:03.717+0000 7feaea124640 10 -- v2:127.0.0.1:7146/0 >> 127.0.0.1:0/3978893233 conn(0x55ccffb45800 msgr2=0x55ccfeb11700 crc :-1 s=STATE_CONNECTION_ESTABLISHED l=1)._try_send sent bytes 114 remaining bytes 0
2026-02-12T04:18:03.717+0000 7feaea124640 10 --2- v2:127.0.0.1:7146/0 >> 127.0.0.1:0/3978893233 conn(0x55ccffb45800 0x55ccfeb11700 crc :-1 s=READY pgs=2 cs=0 l=1 rev1=1 crypto rx=0 tx=0 comp rx=0 tx=0).write_message sending 0x55ccffbdc5a0 done.
2026-02-12T04:18:03.717+0000 7feae611c640 20 mon.a@0(leader).mgr e2 Sending map to subscriber 0x55ccffb44000 127.0.0.1:0/2055945002
2026-02-12T04:18:03.717+0000 7feaea124640 20 --2- v2:127.0.0.1:7146/0 >> 127.0.0.1:0/3978893233 conn(0x55ccffb45800 0x55ccfeb11700 crc :-1 s=READY pgs=2 cs=0 l=1 rev1=1 crypto rx=0 tx=0 comp rx=0 tx=0).prepare_send_message m=kv_data(v5 prefix mgr/, incremental, 1 keys)
2026-02-12T04:18:03.717+0000 7feaea124640 20 --2- v2:127.0.0.1:7146/0 >> 127.0.0.1:0/3978893233 conn(0x55ccffb45800 0x55ccfeb11700 crc :-1 s=READY pgs=2 cs=0 l=1 rev1=1 crypto rx=0 tx=0 comp rx=0 tx=0).prepare_send_message encoding features 4544132024016699391 0x55ccffbdc780 kv_data(v5 prefix mgr/, incremental, 1 keys)
2026-02-12T04:18:03.717+0000 7feaea124640 2 --2- v2:127.0.0.1:7146/0 >> 127.0.0.1:0/3978893233 conn(0x55ccffb45800 0x55ccfeb11700 crc :-1 s=READY pgs=2 cs=0 l=1 rev1=1 crypto rx=0 tx=0 comp rx=0 tx=0).write_message sending message m=0x55ccffbdc780 seq=32 kv_data(v5 prefix mgr/, incremental, 1 keys)
2026-02-12T04:18:03.717+0000 7feaea124640 20 --2- v2:127.0.0.1:7146/0 >> 127.0.0.1:0/3978893233 conn(0x55ccffb45800 0x55ccfeb11700 crc :-1 s=READY pgs=2 cs=0 l=1 rev1=1 crypto rx=0 tx=0 comp rx=0 tx=0).write_message sending m=0x55ccffbdc780 seq=32 src=mon.0 off=0
2026-02-12T04:18:03.717+0000 7feaea124640 10 -- v2:127.0.0.1:7146/0 >> 127.0.0.1:0/3978893233 conn(0x55ccffb45800 msgr2=0x55ccfeb11700 crc :-1 s=STATE_CONNECTION_ESTABLISHED l=1)._try_send sent bytes 146 remaining bytes 0
2026-02-12T04:18:03.717+0000 7feaea124640 10 --2- v2:127.0.0.1:7146/0 >> 127.0.0.1:0/3978893233 conn(0x55ccffb45800 0x55ccfeb11700 crc :-1 s=READY pgs=2 cs=0 l=1 rev1=1 crypto rx=0 tx=0 comp rx=0 tx=0).write_message sending 0x55ccffbdc780 done.
2026-02-12T04:18:03.718+0000 7feae611c640 1 -- v2:127.0.0.1:7146/0 --> 127.0.0.1:0/2055945002 -- mgrmap(e 2) -- 0x55ccffba6a80 con 0x55ccffb44000
2026-02-12T04:18:03.718+0000 7feae611c640 5 --2- v2:127.0.0.1:7146/0 >> 127.0.0.1:0/2055945002 conn(0x55ccffb44000 0x55ccfeb10100 crc :-1 s=READY pgs=1 cs=0 l=1 rev1=1 crypto rx=0 tx=0 comp rx=0 tx=0).send_message enqueueing message m=0x55ccffba6a80 type=1796 mgrmap(e 2)
2026-02-12T04:18:03.718+0000 7feae611c640 15 --2- v2:127.0.0.1:7146/0 >> 127.0.0.1:0/2055945002 conn(0x55ccffb44000 0x55ccfeb10100 crc :-1 s=READY pgs=1 cs=0 l=1 rev1=1 crypto rx=0 tx=0 comp rx=0 tx=0).send_message inline write is denied, reschedule m=0x55ccffba6a80
2026-02-12T04:18:03.718+0000 7feae611c640 20 Event(0x55ccfe9d0508 nevent=5000 time_id=12).wakeup
2026-02-12T04:18:03.718+0000 7feae611c640 10 -- v2:127.0.0.1:7146/0 dispatch_throttle_release 35 to dispatch throttler 70/104857600
2026-02-12T04:18:03.718+0000 7feae611c640 20 -- v2:127.0.0.1:7146/0 done calling dispatch on 0x55ccffb945a0
2026-02-12T04:18:03.718+0000 7feae611c640 1 -- v2:127.0.0.1:7146/0 <== mon.0 v2:127.0.0.1:7146/0 0 ==== log(1 entries from seq 41 at
2026-02-12T04:18:03.718545+0000) ==== 0+0+0 (unknown 0 0 0) 0x55ccffbda200 con 0x55ccff8b8000
2026-02-12T04:18:03.718+0000 7feae4118640 10 -- v2:127.0.0.1:7146/0 >> 127.0.0.1:0/2055945002 conn(0x55ccffb44000 msgr2=0x55ccfeb10100 crc :-1 s=STATE_CONNECTION_ESTABLISHED l=1).handle_write
2026-02-12T04:18:03.718+0000 7feae611c640 20 mon.a@0(leader) e1 _ms_dispatch existing session 0x55ccffa9a000 for mon.0
2026-02-12T04:18:03.718+0000 7feae611c640 20 mon.a@0(leader) e1 entity_name global_id 0 (none) caps allow *
2026-02-12T04:18:03.718+0000 7feae4118640 10 --2- v2:127.0.0.1:7146/0 >> 127.0.0.1:0/2055945002 conn(0x55ccffb44000 0x55ccfeb10100 crc :-1 s=READY pgs=1 cs=0 l=1 rev1=1 crypto rx=0 tx=0 comp rx=0 tx=0).write_event
2026-02-12T04:18:03.718+0000 7feae611c640 10 mon.a@0(leader).paxosservice(logm 1..9) dispatch 0x55ccffbda200 log(1 entries from seq 41 at
2026-02-12T04:18:03.718545+0000) from mon.0 v2:127.0.0.1:7146/0 con 0x55ccff8b8000
2026-02-12T04:18:03.718+0000 7feae4118640 20 --2- v2:127.0.0.1:7146/0 >> 127.0.0.1:0/2055945002 conn(0x55ccffb44000 0x55ccfeb10100 crc :-1 s=READY pgs=1 cs=0 l=1 rev1=1 crypto rx=0 tx=0 comp rx=0 tx=0).prepare_send_message m=mgrmap(e 2)
2026-02-12T04:18:03.718+0000 7feae611c640 5 mon.a@0(leader).paxos(paxos active c 1..19) is_readable = 1 - now=2026-02-12T04:18:03.718737+0000 lease_expire=1970-01-01T00:00:00.000000+0000 has v0 lc 19
2026-02-12T04:18:03.718+0000 7feae4118640 20 --2- v2:127.0.0.1:7146/0 >> 127.0.0.1:0/2055945002 conn(0x55ccffb44000 0x55ccfeb10100 crc :-1 s=READY pgs=1 cs=0 l=1 rev1=1 crypto rx=0 tx=0 comp rx=0 tx=0).prepare_send_message encoding features 4544132024016699391 0x55ccffba6a80 mgrmap(e 2)
2026-02-12T04:18:03.718+0000 7feae611c640 10 mon.a@0(leader).log v9 preprocess_query log(1 entries from seq 41 at
2026-02-12T04:18:03.718545+0000) from mon.0 v2:127.0.0.1:7146/0
2026-02-12T04:18:03.718+0000 7feae611c640 10 mon.a@0(leader).log v9 preprocess_log log(1 entries from seq 41 at
2026-02-12T04:18:03.718545+0000) from mon.0
2026-02-12T04:18:03.718+0000 7feae611c640 20 MonCap is_capable service=log command= write addr - on cap allow *
2026-02-12T04:18:03.718+0000 7feae611c640 20 MonCap allow so far , doing grant allow *
2026-02-12T04:18:03.718+0000 7feae611c640 20 MonCap allow all
2026-02-12T04:18:03.718+0000 7feae611c640 10 mon.a@0(leader) e1 no_reply to mon.0 v2:127.0.0.1:7146/0 log(1 entries from seq 41 at
2026-02-12T04:18:03.718545+0000)
2026-02-12T04:18:03.718+0000 7feae611c640 10 mon.a@0(leader).log v9 prepare_update log(1 entries from seq 41 at
2026-02-12T04:18:03.718545+0000) from mon.0 v2:127.0.0.1:7146/0
2026-02-12T04:18:03.718+0000 7feae611c640 10 mon.a@0(leader).log v9 prepare_log log(1 entries from seq 41 at
2026-02-12T04:18:03.718545+0000) from mon.0
2026-02-12T04:18:03.718+0000 7feae611c640 10 mon.a@0(leader).log v9 logging
2026-02-12T04:18:03.718545+0000 mon.a (mon.0) 41 : audit [INF] from='mgr.4100 127.0.0.1:0/3978893233' entity='mgr.x'
2026-02-12T04:18:03.718+0000 7feae611c640 10 mon.a@0(leader).paxosservice(logm 1..9) proposal_timer already set
2026-02-12T04:18:03.718+0000 7feae611c640 20 -- v2:127.0.0.1:7146/0 done calling dispatch on 0x55ccffbda200
2026-02-12T04:18:03.718+0000 7feae611c640 1 -- v2:127.0.0.1:7146/0 <== client.? 127.0.0.1:0/2055945002 4 ==== mon_subscribe({osdmap=0}) ==== 35+0+0 (crc 0 0 0) 0x55ccffbdcb40 con 0x55ccffb44000
2026-02-12T04:18:03.718+0000 7feae611c640 20 mon.a@0(leader) e1 _ms_dispatch existing session 0x55ccffb9d8c0 for client.?
2026-02-12T04:18:03.718+0000 7feae611c640 20 mon.a@0(leader) e1 entity_name mgr.x global_id 4117 (none) caps allow *
2026-02-12T04:18:03.718+0000 7feae611c640 10 mon.a@0(leader) e1 handle_subscribe mon_subscribe({osdmap=0})
2026-02-12T04:18:03.718+0000 7feae611c640 20 MonCap is_capable service=mon command= read addr 127.0.0.1:0/2055945002 on cap allow *
2026-02-12T04:18:03.718+0000 7feae611c640 20 MonCap allow so far , doing grant allow *
2026-02-12T04:18:03.718+0000 7feae611c640 20 MonCap allow all
2026-02-12T04:18:03.718+0000 7feae611c640 20 MonCap is_capable service=osd command= read addr 127.0.0.1:0/2055945002 on cap allow *
2026-02-12T04:18:03.718+0000 7feae611c640 20 MonCap allow so far , doing grant allow *
2026-02-12T04:18:03.718+0000 7feae611c640 20 MonCap allow all
2026-02-12T04:18:03.718+0000 7feae611c640 10 mon.a@0(leader).osd e3 check_osdmap_sub 0x55ccfff99ec0 next 0 (onetime)
2026-02-12T04:18:03.718+0000 7feae611c640 1 -- v2:127.0.0.1:7146/0 --> 127.0.0.1:0/2055945002 -- osd_map(3..3 src has 1..3) -- 0x55ccfff03c00 con 0x55ccffb44000
2026-02-12T04:18:03.718+0000 7feae611c640 5 --2- v2:127.0.0.1:7146/0 >> 127.0.0.1:0/2055945002 conn(0x55ccffb44000 0x55ccfeb10100 crc :-1 s=READY pgs=1 cs=0 l=1 rev1=1 crypto rx=0 tx=0 comp rx=0 tx=0).send_message enqueueing message m=0x55ccfff03c00 type=41 osd_map(3..3 src has 1..3)
2026-02-12T04:18:03.718+0000 7feae611c640 15 --2- v2:127.0.0.1:7146/0 >> 127.0.0.1:0/2055945002 conn(0x55ccffb44000 0x55ccfeb10100 crc :-1 s=READY pgs=1 cs=0 l=1 rev1=1 crypto rx=0 tx=0 comp rx=0 tx=0).send_message inline write is denied, reschedule m=0x55ccfff03c00
2026-02-12T04:18:03.718+0000 7feae611c640 10 -- v2:127.0.0.1:7146/0 dispatch_throttle_release 35 to dispatch throttler 35/104857600
2026-02-12T04:18:03.718+0000 7feae611c640 20 -- v2:127.0.0.1:7146/0 done calling dispatch on 0x55ccffbdcb40
2026-02-12T04:18:03.718+0000 7feae4118640 2 --2- v2:127.0.0.1:7146/0 >> 127.0.0.1:0/2055945002 conn(0x55ccffb44000 0x55ccfeb10100 crc :-1 s=READY pgs=1 cs=0 l=1 rev1=1 crypto rx=0 tx=0 comp rx=0 tx=0).write_message sending message m=0x55ccffba6a80 seq=4 mgrmap(e 2)
2026-02-12T04:18:03.718+0000 7feae4118640 20 --2- v2:127.0.0.1:7146/0 >> 127.0.0.1:0/2055945002 conn(0x55ccffb44000 0x55ccfeb10100 crc :-1 s=READY pgs=1 cs=0 l=1 rev1=1 crypto rx=0 tx=0 comp rx=0 tx=0).write_message sending m=0x55ccffba6a80 seq=4 src=mon.0 off=0
2026-02-12T04:18:03.718+0000 7feae4118640 10 -- v2:127.0.0.1:7146/0 >> 127.0.0.1:0/2055945002 conn(0x55ccffb44000 msgr2=0x55ccfeb10100 crc :-1 s=STATE_CONNECTION_ESTABLISHED l=1)._try_send sent bytes 52898 remaining bytes 0
2026-02-12T04:18:03.718+0000 7feae4118640 10 --2- v2:127.0.0.1:7146/0 >> 127.0.0.1:0/2055945002 conn(0x55ccffb44000 0x55ccfeb10100 crc :-1 s=READY pgs=1 cs=0 l=1 rev1=1 crypto rx=0 tx=0 comp rx=0 tx=0).write_message sending 0x55ccffba6a80 done.
2026-02-12T04:18:03.718+0000 7feae4118640 20 --2- v2:127.0.0.1:7146/0 >> 127.0.0.1:0/2055945002 conn(0x55ccffb44000 0x55ccfeb10100 crc :-1 s=READY pgs=1 cs=0 l=1 rev1=1 crypto rx=0 tx=0 comp rx=0 tx=0).prepare_send_message m=osd_map(3..3 src has 1..3)
2026-02-12T04:18:03.718+0000 7feae4118640 20 --2- v2:127.0.0.1:7146/0 >> 127.0.0.1:0/2055945002 conn(0x55ccffb44000 0x55ccfeb10100 crc :-1 s=READY pgs=1 cs=0 l=1 rev1=1 crypto rx=0 tx=0 comp rx=0 tx=0).prepare_send_message encoding features 4544132024016699391 0x55ccfff03c00 osd_map(3..3 src has 1..3)
2026-02-12T04:18:03.718+0000 7feae4118640 2 --2- v2:127.0.0.1:7146/0 >> 127.0.0.1:0/2055945002 conn(0x55ccffb44000 0x55ccfeb10100 crc :-1 s=READY pgs=1 cs=0 l=1 rev1=1 crypto rx=0 tx=0 comp rx=0 tx=0).write_message sending message m=0x55ccfff03c00 seq=5 osd_map(3..3 src has 1..3)
2026-02-12T04:18:03.718+0000 7feae4118640 20 --2- v2:127.0.0.1:7146/0 >> 127.0.0.1:0/2055945002 conn(0x55ccffb44000 0x55ccfeb10100 crc :-1 s=READY pgs=1 cs=0 l=1 rev1=1 crypto rx=0 tx=0 comp rx=0 tx=0).write_message sending m=0x55ccfff03c00 seq=5 src=mon.0 off=0
2026-02-12T04:18:03.718+0000 7feae4118640 10 -- v2:127.0.0.1:7146/0 >> 127.0.0.1:0/2055945002 conn(0x55ccffb44000 msgr2=0x55ccfeb10100 crc :-1 s=STATE_CONNECTION_ESTABLISHED l=1)._try_send sent bytes 985 remaining bytes 0
2026-02-12T04:18:03.718+0000 7feae4118640 10 --2- v2:127.0.0.1:7146/0 >> 127.0.0.1:0/2055945002 conn(0x55ccffb44000 0x55ccfeb10100 crc :-1 s=READY pgs=1 cs=0 l=1 rev1=1 crypto rx=0 tx=0 comp rx=0 tx=0).write_message sending 0x55ccfff03c00 done.
2026-02-12T04:18:03.730+0000 7feae8921640 10 mon.a@0(leader).paxosservice(osdmap 1..3) propose_pending
2026-02-12T04:18:03.730+0000 7feae8921640 10 mon.a@0(leader).osd e3 encode_pending e 4
2026-02-12T04:18:03.730+0000 7feae8921640 1 mon.a@0(leader).osd e3 do_prune osdmap full prune enabled
2026-02-12T04:18:03.730+0000 7feae8921640 10 mon.a@0(leader).osd e3 should_prune currently holding only 2 epochs (min osdmap epochs: 500); do not prune.
2026-02-12T04:18:03.730+0000 7feae8921640 1 mon.a@0(leader).osd e3 encode_pending skipping prime_pg_temp; mapping job did not start
2026-02-12T04:18:03.730+0000 7feae8921640 10 mon.a@0(leader).osd e3 update_pending_pgs
2026-02-12T04:18:03.730+0000 7feae8921640 10 mon.a@0(leader).osd e3 update_pending_pgs 0 pools queued
2026-02-12T04:18:03.730+0000 7feae8921640 10 mon.a@0(leader).osd e3 update_pending_pgs 0 pgs removed because they're created
2026-02-12T04:18:03.730+0000 7feae8921640 10 mon.a@0(leader).osd e3 update_pending_pgs queue remaining: 0 pools
2026-02-12T04:18:03.730+0000 7feae8921640 10 mon.a@0(leader).osd e3 update_pending_pgs 0/0 pgs added from queued pools
2026-02-12T04:18:03.730+0000 7feae8921640 10 mon.a@0(leader).osd e3 encode_pending encoding full map with tentacle features 1081999158742690308
2026-02-12T04:18:03.730+0000 7feae8921640 20 mon.a@0(leader).osd e3 encode_pending mon is running version: 20.2.0-626-g1279775f
2026-02-12T04:18:03.730+0000 7feae8921640 20 mon.a@0(leader).osd e3 full_crc 2825973069 inc_crc 537558526
2026-02-12T04:18:03.730+0000 7feae8921640 10 mon.a@0(leader) e1 log_health updated 0 previous 0
2026-02-12T04:18:03.730+0000 7feae8921640 5 mon.a@0(leader).paxos(paxos active c 1..19) queue_pending_finisher 0x55ccfe95f010
2026-02-12T04:18:03.730+0000 7feae8921640 10 mon.a@0(leader).paxos(paxos active c 1..19) trigger_propose active, proposing now
2026-02-12T04:18:03.730+0000 7feae8921640 10 mon.a@0(leader).paxos(paxos active c 1..19) propose_pending 20 2049 bytes
2026-02-12T04:18:03.730+0000 7feae8921640 10 mon.a@0(leader).paxos(paxos updating c 1..19) begin for 20 2049 bytes
2026-02-12T04:18:03.730+0000 7feae8921640 10 mon.a@0(leader).paxos(paxos updating c 1..19) commit_start 20
2026-02-12T04:18:03.730+0000 7feae3917640 20 mon.a@0(leader).paxos(paxos writing c 1..19) commit_finish 20
2026-02-12T04:18:03.730+0000 7feae3917640 10 mon.a@0(leader) e1 refresh_from_paxos
2026-02-12T04:18:03.730+0000 7feae3917640 10 mon.a@0(leader).paxosservice(mdsmap 1..1) refresh
2026-02-12T04:18:03.730+0000 7feae3917640 10 mon.a@0(leader).paxosservice(osdmap 1..3) refresh
2026-02-12T04:18:03.730+0000 7feae3917640 0 log_channel(audit) log [INF] : from='osd.0 [v2:127.0.0.1:6800/3576656772,v1:127.0.0.1:6801/3576656772]' entity='osd.0' cmd='[{"prefix": "osd crush create-or-move", "id": 0, "weight":0.0049, "args": ["host=trial176", "root=default"]}]': finished
2026-02-12T04:18:03.730+0000 7feae3917640 1 -- v2:127.0.0.1:7146/0 --> v2:127.0.0.1:7146/0 -- log(1 entries from seq 42 at
2026-02-12T04:18:03.731309+0000) -- 0x55ccffbda400 con 0x55ccff8b8000
2026-02-12T04:18:03.730+0000 7feae3917640 20 -- v2:127.0.0.1:7146/0 >> v2:127.0.0.1:7146/0 conn(0x55ccff8b8000 msgr2=0x55ccfeae5000 unknown :-1 s=STATE_NONE l=0).send_message log(1 entries from seq 42 at
2026-02-12T04:18:03.731309+0000) local
2026-02-12T04:18:03.730+0000 7feae591b640 20 -- v2:127.0.0.1:7146/0 queue 0x55ccffbda400 prio 196
2026-02-12T04:18:03.730+0000 7feae3917640 2 mon.a@0(leader) e1 send_reply 0x55ccffada7e0 0x55ccffbdc960 mon_command_ack([{"prefix": "osd crush create-or-move", "id": 0, "weight":0.0049, "args": ["host=trial176", "root=default"]}]=0 create-or-move updating item name 'osd.0' weight 0.0049 at location {host=trial176,root=default} to crush map v4)
2026-02-12T04:18:03.730+0000 7feae3917640 1 -- v2:127.0.0.1:7146/0 --> [v2:127.0.0.1:6800/3576656772,v1:127.0.0.1:6801/3576656772] -- mon_command_ack([{"prefix": "osd crush create-or-move", "id": 0, "weight":0.0049, "args": ["host=trial176", "root=default"]}]=0 create-or-move updating item name 'osd.0' weight 0.0049 at location {host=trial176,root=default} to crush map v4) -- 0x55ccffbdc960 con 0x55ccffb45c00
2026-02-12T04:18:03.730+0000 7feae611c640 1 -- v2:127.0.0.1:7146/0 <== mon.0 v2:127.0.0.1:7146/0 0 ==== log(1 entries from seq 42 at
2026-02-12T04:18:03.731309+0000) ==== 0+0+0 (unknown 0 0 0) 0x55ccffbda400 con 0x55ccff8b8000
2026-02-12T04:18:03.730+0000 7feae3917640 5 --2- v2:127.0.0.1:7146/0 >> [v2:127.0.0.1:6800/3576656772,v1:127.0.0.1:6801/3576656772] conn(0x55ccffb45c00 0x55ccfeb11180 crc :-1 s=READY pgs=1 cs=0 l=1 rev1=1 crypto rx=0 tx=0 comp rx=0 tx=0).send_message enqueueing message m=0x55ccffbdc960 type=51 mon_command_ack([{"prefix": "osd crush create-or-move", "id": 0, "weight":0.0049, "args": ["host=trial176", "root=default"]}]=0 create-or-move updating item name 'osd.0' weight 0.0049 at location {host=trial176,root=default} to crush map v4)
