2026-02-12T04:18:03.713+0000 7feaea124640 20 --2- v2:127.0.0.1:7146/0 >> 127.0.0.1:0/3948358190 conn(0x55ccffea2400 0x55ccfff08b00 crc :-1 s=THROTTLE_MESSAGE pgs=1 cs=0 l=1 rev1=1 crypto rx=0 tx=0 comp rx=0 tx=0).throttle_message
2026-02-12T04:18:03.713+0000 7feaea124640 20 --2- v2:127.0.0.1:7146/0 >> 127.0.0.1:0/3948358190 conn(0x55ccffea2400 0x55ccfff08b00 crc :-1 s=THROTTLE_BYTES pgs=1 cs=0 l=1 rev1=1 crypto rx=0 tx=0 comp rx=0 tx=0).throttle_bytes
2026-02-12T04:18:03.713+0000 7feaea124640 10 --2- v2:127.0.0.1:7146/0 >> 127.0.0.1:0/3948358190 conn(0x55ccffea2400 0x55ccfff08b00 crc :-1 s=THROTTLE_BYTES pgs=1 cs=0 l=1 rev1=1 crypto rx=0 tx=0 comp rx=0 tx=0).throttle_bytes wants 54 bytes from policy throttler 232/104857600
2026-02-12T04:18:03.713+0000 7feaea124640 20 --2- v2:127.0.0.1:7146/0 >> 127.0.0.1:0/3948358190 conn(0x55ccffea2400 0x55ccfff08b00 crc :-1 s=THROTTLE_DISPATCH_QUEUE pgs=1 cs=0 l=1 rev1=1 crypto rx=0 tx=0 comp rx=0 tx=0).throttle_dispatch_queue
2026-02-12T04:18:03.713+0000 7feae611c640 1 -- v2:127.0.0.1:7146/0 <== client.? 127.0.0.1:0/3948358190 1 ==== mon_getmap magic: 0 ==== 0+0+0 (crc 0 0 0) 0x55ccffc16a80 con 0x55ccffea2400
2026-02-12T04:18:03.713+0000 7feaea124640 20 --2- v2:127.0.0.1:7146/0 >> 127.0.0.1:0/3948358190 conn(0x55ccffea2400 0x55ccfff08b00 crc :-1 s=THROTTLE_DONE pgs=1 cs=0 l=1 rev1=1 crypto rx=0 tx=0 comp rx=0 tx=0).read_frame_segment seg_idx=0
2026-02-12T04:18:03.713+0000 7feae611c640 20 mon.a@0(leader) e1 _ms_dispatch existing session 0x55ccffdd86c0 for client.?
2026-02-12T04:18:03.713+0000 7feae611c640 20 mon.a@0(leader) e1 entity_name mgr.x global_id 4115 (none) caps allow *
2026-02-12T04:18:03.713+0000 7feae611c640 10 mon.a@0(leader) e1 handle_mon_get_map
2026-02-12T04:18:03.713+0000 7feaea124640 20 -- v2:127.0.0.1:7146/0 >> 127.0.0.1:0/3948358190 conn(0x55ccffea2400 msgr2=0x55ccfff08b00 crc :-1 s=STATE_CONNECTION_ESTABLISHED l=1).read start len=45
2026-02-12T04:18:03.713+0000 7feaea124640 20 --2- v2:127.0.0.1:7146/0 >> 127.0.0.1:0/3948358190 conn(0x55ccffea2400 0x55ccfff08b00 crc :-1 s=THROTTLE_DONE pgs=1 cs=0 l=1 rev1=1 crypto rx=0 tx=0 comp rx=0 tx=0).handle_read_frame_segment r=0
2026-02-12T04:18:03.713+0000 7feae611c640 1 -- v2:127.0.0.1:7146/0 --> 127.0.0.1:0/3948358190 -- mon_map magic: 0 -- 0x55ccfffa41a0 con 0x55ccffea2400
2026-02-12T04:18:03.713+0000 7feaea124640 20 --2- v2:127.0.0.1:7146/0 >> 127.0.0.1:0/3948358190 conn(0x55ccffea2400 0x55ccfff08b00 crc :-1 s=THROTTLE_DONE pgs=1 cs=0 l=1 rev1=1 crypto rx=0 tx=0 comp rx=0 tx=0).read_frame_segment seg_idx=1
2026-02-12T04:18:03.713+0000 7feaea124640 20 -- v2:127.0.0.1:7146/0 >> 127.0.0.1:0/3948358190 conn(0x55ccffea2400 msgr2=0x55ccfff08b00 crc :-1 s=STATE_CONNECTION_ESTABLISHED l=1).read start len=54
2026-02-12T04:18:03.713+0000 7feaea124640 20 --2- v2:127.0.0.1:7146/0 >> 127.0.0.1:0/3948358190 conn(0x55ccffea2400 0x55ccfff08b00 crc :-1 s=THROTTLE_DONE pgs=1 cs=0 l=1 rev1=1 crypto rx=0 tx=0 comp rx=0 tx=0).handle_read_frame_segment r=0
2026-02-12T04:18:03.713+0000 7feaea124640 20 -- v2:127.0.0.1:7146/0 >> 127.0.0.1:0/3948358190 conn(0x55ccffea2400 msgr2=0x55ccfff08b00 crc :-1 s=STATE_CONNECTION_ESTABLISHED l=1).read start len=13
2026-02-12T04:18:03.713+0000 7feaea124640 20 --2- v2:127.0.0.1:7146/0 >> 127.0.0.1:0/3948358190 conn(0x55ccffea2400 0x55ccfff08b00 crc :-1 s=THROTTLE_DONE pgs=1 cs=0 l=1 rev1=1 crypto rx=0 tx=0 comp rx=0 tx=0).handle_read_frame_epilogue_main r=0
2026-02-12T04:18:03.713+0000 7feaea124640 10 --2- v2:127.0.0.1:7146/0 >> 127.0.0.1:0/3948358190 conn(0x55ccffea2400 0x55ccfff08b00 crc :-1 s=THROTTLE_DONE pgs=1 cs=0 l=1 rev1=1 crypto rx=0 tx=0 comp rx=0 tx=0).handle_read_frame_dispatch tag=17
2026-02-12T04:18:03.713+0000 7feae611c640 5 --2- v2:127.0.0.1:7146/0 >> 127.0.0.1:0/3948358190 conn(0x55ccffea2400 0x55ccfff08b00 crc :-1 s=THROTTLE_DONE pgs=1 cs=0 l=1 rev1=1 crypto rx=0 tx=0 comp rx=0 tx=0).send_message enqueueing message m=0x55ccfffa41a0 type=4 mon_map magic: 0
2026-02-12T04:18:03.713+0000 7feae611c640 15 --2- v2:127.0.0.1:7146/0 >> 127.0.0.1:0/3948358190 conn(0x55ccffea2400 0x55ccfff08b00 crc :-1 s=THROTTLE_DONE pgs=1 cs=0 l=1 rev1=1 crypto rx=0 tx=0 comp rx=0 tx=0).send_message inline write is denied, reschedule m=0x55ccfffa41a0
2026-02-12T04:18:03.713+0000 7feaea124640 20 --2- v2:127.0.0.1:7146/0 >> 127.0.0.1:0/3948358190 conn(0x55ccffea2400 0x55ccfff08b00 crc :-1 s=THROTTLE_DONE pgs=1 cs=0 l=1 rev1=1 crypto rx=0 tx=0 comp rx=0 tx=0).handle_message
2026-02-12T04:18:03.713+0000 7feae611c640 20 Event(0x55ccfe9d02c8 nevent=5000 time_id=6).wakeup
2026-02-12T04:18:03.713+0000 7feaea124640 5 --2- v2:127.0.0.1:7146/0 >> 127.0.0.1:0/3948358190 conn(0x55ccffea2400 0x55ccfff08b00 crc :-1 s=THROTTLE_DONE pgs=1 cs=0 l=1 rev1=1 crypto rx=0 tx=0 comp rx=0 tx=0).handle_message got 54 + 0 + 0 byte message. envelope type=15 src client.? off 0
2026-02-12T04:18:03.713+0000 7feae611c640 20 -- v2:127.0.0.1:7146/0 done calling dispatch on 0x55ccffc16a80
2026-02-12T04:18:03.713+0000 7feaea124640 5 --2- v2:127.0.0.1:7146/0 >> 127.0.0.1:0/3948358190 conn(0x55ccffea2400 0x55ccfff08b00 crc :-1 s=READ_MESSAGE_COMPLETE pgs=1 cs=0 l=1 rev1=1 crypto rx=0 tx=0 comp rx=0 tx=0).handle_message received message m=0x55ccfff0cb40 seq=2 from=client.? type=15 mon_subscribe({config=0+,monmap=0+})
2026-02-12T04:18:03.713+0000 7feaea124640 20 -- v2:127.0.0.1:7146/0 queue 0x55ccfff0cb40 prio 127
2026-02-12T04:18:03.713+0000 7feaea124640 20 --2- v2:127.0.0.1:7146/0 >> 127.0.0.1:0/3948358190 conn(0x55ccffea2400 0x55ccfff08b00 crc :-1 s=READY pgs=1 cs=0 l=1 rev1=1 crypto rx=0 tx=0 comp rx=0 tx=0).read_frame
2026-02-12T04:18:03.713+0000 7feaea124640 20 -- v2:127.0.0.1:7146/0 >> 127.0.0.1:0/3948358190 conn(0x55ccffea2400 msgr2=0x55ccfff08b00 crc :-1 s=STATE_CONNECTION_ESTABLISHED l=1).read start len=32
2026-02-12T04:18:03.713+0000 7feaea124640 10 -- v2:127.0.0.1:7146/0 >> 127.0.0.1:0/3948358190 conn(0x55ccffea2400 msgr2=0x55ccfff08b00 crc :-1 s=STATE_CONNECTION_ESTABLISHED l=1).handle_write
2026-02-12T04:18:03.713+0000 7feaea124640 10 --2- v2:127.0.0.1:7146/0 >> 127.0.0.1:0/3948358190 conn(0x55ccffea2400 0x55ccfff08b00 crc :-1 s=READY pgs=1 cs=0 l=1 rev1=1 crypto rx=0 tx=0 comp rx=0 tx=0).write_event
2026-02-12T04:18:03.713+0000 7feae611c640 1 -- v2:127.0.0.1:7146/0 <== client.? 127.0.0.1:0/3948358190 2 ==== mon_subscribe({config=0+,monmap=0+}) ==== 54+0+0 (crc 0 0 0) 0x55ccfff0cb40 con 0x55ccffea2400
2026-02-12T04:18:03.713+0000 7feaea124640 20 --2- v2:127.0.0.1:7146/0 >> 127.0.0.1:0/3948358190 conn(0x55ccffea2400 0x55ccfff08b00 crc :-1 s=READY pgs=1 cs=0 l=1 rev1=1 crypto rx=0 tx=0 comp rx=0 tx=0).prepare_send_message m=mon_map magic: 0
2026-02-12T04:18:03.713+0000 7feae611c640 20 mon.a@0(leader) e1 _ms_dispatch existing session 0x55ccffdd86c0 for client.?
2026-02-12T04:18:03.713+0000 7feae611c640 20 mon.a@0(leader) e1 entity_name mgr.x global_id 4115 (none) caps allow *
2026-02-12T04:18:03.713+0000 7feaea124640 20 --2- v2:127.0.0.1:7146/0 >> 127.0.0.1:0/3948358190 conn(0x55ccffea2400 0x55ccfff08b00 crc :-1 s=READY pgs=1 cs=0 l=1 rev1=1 crypto rx=0 tx=0 comp rx=0 tx=0).prepare_send_message encoding features 4544132024016699391 0x55ccfffa41a0 mon_map magic: 0
2026-02-12T04:18:03.713+0000 7feae611c640 10 mon.a@0(leader) e1 handle_subscribe mon_subscribe({config=0+,monmap=0+})
2026-02-12T04:18:03.713+0000 7feae611c640 10 mon.a@0(leader).config check_sub next 0 have 2
2026-02-12T04:18:03.713+0000 7feae611c640 10 mon.a@0(leader).config refresh_config crush_location for remote_host trial176 is {}
2026-02-12T04:18:03.713+0000 7feaea124640 2 --2- v2:127.0.0.1:7146/0 >> 127.0.0.1:0/3948358190 conn(0x55ccffea2400 0x55ccfff08b00 crc :-1 s=READY pgs=1 cs=0 l=1 rev1=1 crypto rx=0 tx=0 comp rx=0 tx=0).write_message sending message m=0x55ccfffa41a0 seq=1 mon_map magic: 0
2026-02-12T04:18:03.713+0000 7feae611c640 20 mon.a@0(leader).config refresh_config mgr.x crush {} device_class
2026-02-12T04:18:03.713+0000 7feaea124640 20 --2- v2:127.0.0.1:7146/0 >> 127.0.0.1:0/3948358190 conn(0x55ccffea2400 0x55ccfff08b00 crc :-1 s=READY pgs=1 cs=0 l=1 rev1=1 crypto rx=0 tx=0 comp rx=0 tx=0).write_message sending m=0x55ccfffa41a0 seq=1 src=mon.0 off=0
2026-02-12T04:18:03.713+0000 7feae611c640 10 mon.a@0(leader).config maybe_send_config to client.? (changed)
2026-02-12T04:18:03.713+0000 7feae611c640 10 mon.a@0(leader).config send_config to client.?
2026-02-12T04:18:03.713+0000 7feae611c640 1 -- v2:127.0.0.1:7146/0 --> 127.0.0.1:0/3948358190 -- config(1 keys) -- 0x55ccfff9a380 con 0x55ccffea2400
2026-02-12T04:18:03.713+0000 7feae611c640 5 --2- v2:127.0.0.1:7146/0 >> 127.0.0.1:0/3948358190 conn(0x55ccffea2400 0x55ccfff08b00 crc :-1 s=READY pgs=1 cs=0 l=1 rev1=1 crypto rx=0 tx=0 comp rx=0 tx=0).send_message enqueueing message m=0x55ccfff9a380 type=62 config(1 keys)
2026-02-12T04:18:03.713+0000 7feaea124640 10 -- v2:127.0.0.1:7146/0 >> 127.0.0.1:0/3948358190 conn(0x55ccffea2400 msgr2=0x55ccfff08b00 crc :-1 s=STATE_CONNECTION_ESTABLISHED l=1)._try_send sent bytes 260 remaining bytes 0
2026-02-12T04:18:03.713+0000 7feae611c640 15 --2- v2:127.0.0.1:7146/0 >> 127.0.0.1:0/3948358190 conn(0x55ccffea2400 0x55ccfff08b00 crc :-1 s=READY pgs=1 cs=0 l=1 rev1=1 crypto rx=0 tx=0 comp rx=0 tx=0).send_message inline write is denied, reschedule m=0x55ccfff9a380
2026-02-12T04:18:03.713+0000 7feaea124640 10 --2- v2:127.0.0.1:7146/0 >> 127.0.0.1:0/3948358190 conn(0x55ccffea2400 0x55ccfff08b00 crc :-1 s=READY pgs=1 cs=0 l=1 rev1=1 crypto rx=0 tx=0 comp rx=0 tx=0).write_message sending 0x55ccfffa41a0 done.
2026-02-12T04:18:03.713+0000 7feae611c640 10 mon.a@0(leader).monmap v1 check_sub monmap next 0 have 1
2026-02-12T04:18:03.713+0000 7feae611c640 1 -- v2:127.0.0.1:7146/0 --> 127.0.0.1:0/3948358190 -- mon_map magic: 0 -- 0x55ccfffa4340 con 0x55ccffea2400
2026-02-12T04:18:03.713+0000 7feaea124640 20 --2- v2:127.0.0.1:7146/0 >> 127.0.0.1:0/3948358190 conn(0x55ccffea2400 0x55ccfff08b00 crc :-1 s=READY pgs=1 cs=0 l=1 rev1=1 crypto rx=0 tx=0 comp rx=0 tx=0).prepare_send_message m=config(1 keys)
2026-02-12T04:18:03.713+0000 7feaea124640 20 --2- v2:127.0.0.1:7146/0 >> 127.0.0.1:0/3948358190 conn(0x55ccffea2400 0x55ccfff08b00 crc :-1 s=READY pgs=1 cs=0 l=1 rev1=1 crypto rx=0 tx=0 comp rx=0 tx=0).prepare_send_message encoding features 4544132024016699391 0x55ccfff9a380 config(1 keys)
2026-02-12T04:18:03.713+0000 7feae611c640 5 --2- v2:127.0.0.1:7146/0 >> 127.0.0.1:0/3948358190 conn(0x55ccffea2400 0x55ccfff08b00 crc :-1 s=READY pgs=1 cs=0 l=1 rev1=1 crypto rx=0 tx=0 comp rx=0 tx=0).send_message enqueueing message m=0x55ccfffa4340 type=4 mon_map magic: 0
2026-02-12T04:18:03.713+0000 7feaea124640 2 --2- v2:127.0.0.1:7146/0 >> 127.0.0.1:0/3948358190 conn(0x55ccffea2400 0x55ccfff08b00 crc :-1 s=READY pgs=1 cs=0 l=1 rev1=1 crypto rx=0 tx=0 comp rx=0 tx=0).write_message sending message m=0x55ccfff9a380 seq=2 config(1 keys)
2026-02-12T04:18:03.713+0000 7feae611c640 15 --2- v2:127.0.0.1:7146/0 >> 127.0.0.1:0/3948358190 conn(0x55ccffea2400 0x55ccfff08b00 crc :-1 s=READY pgs=1 cs=0 l=1 rev1=1 crypto rx=0 tx=0 comp rx=0 tx=0).send_message inline write is denied, reschedule m=0x55ccfffa4340
2026-02-12T04:18:03.713+0000 7feae611c640 10 -- v2:127.0.0.1:7146/0 dispatch_throttle_release 54 to dispatch throttler 54/104857600
2026-02-12T04:18:03.713+0000 7feaea124640 20 --2- v2:127.0.0.1:7146/0 >> 127.0.0.1:0/3948358190 conn(0x55ccffea2400 0x55ccfff08b00 crc :-1 s=READY pgs=1 cs=0 l=1 rev1=1 crypto rx=0 tx=0 comp rx=0 tx=0).write_message sending m=0x55ccfff9a380 seq=2 src=mon.0 off=0
2026-02-12T04:18:03.713+0000 7feae611c640 20 -- v2:127.0.0.1:7146/0 done calling dispatch on 0x55ccfff0cb40
2026-02-12T04:18:03.713+0000 7feaea124640 10 -- v2:127.0.0.1:7146/0 >> 127.0.0.1:0/3948358190 conn(0x55ccffea2400 msgr2=0x55ccfff08b00 crc :-1 s=STATE_CONNECTION_ESTABLISHED l=1)._try_send sent bytes 115 remaining bytes 0
2026-02-12T04:18:03.713+0000 7feaea124640 10 --2- v2:127.0.0.1:7146/0 >> 127.0.0.1:0/3948358190 conn(0x55ccffea2400 0x55ccfff08b00 crc :-1 s=READY pgs=1 cs=0 l=1 rev1=1 crypto rx=0 tx=0 comp rx=0 tx=0).write_message sending 0x55ccfff9a380 done.
2026-02-12T04:18:03.713+0000 7feaea124640 20 --2- v2:127.0.0.1:7146/0 >> 127.0.0.1:0/3948358190 conn(0x55ccffea2400 0x55ccfff08b00 crc :-1 s=READY pgs=1 cs=0 l=1 rev1=1 crypto rx=0 tx=0 comp rx=0 tx=0).prepare_send_message m=mon_map magic: 0
2026-02-12T04:18:03.713+0000 7feaea124640 20 --2- v2:127.0.0.1:7146/0 >> 127.0.0.1:0/3948358190 conn(0x55ccffea2400 0x55ccfff08b00 crc :-1 s=READY pgs=1 cs=0 l=1 rev1=1 crypto rx=0 tx=0 comp rx=0 tx=0).prepare_send_message encoding features 4544132024016699391 0x55ccfffa4340 mon_map magic: 0
2026-02-12T04:18:03.713+0000 7feaea124640 2 --2- v2:127.0.0.1:7146/0 >> 127.0.0.1:0/3948358190 conn(0x55ccffea2400 0x55ccfff08b00 crc :-1 s=READY pgs=1 cs=0 l=1 rev1=1 crypto rx=0 tx=0 comp rx=0 tx=0).write_message sending message m=0x55ccfffa4340 seq=3 mon_map magic: 0
2026-02-12T04:18:03.713+0000 7feaea124640 20 --2- v2:127.0.0.1:7146/0 >> 127.0.0.1:0/3948358190 conn(0x55ccffea2400 0x55ccfff08b00 crc :-1 s=READY pgs=1 cs=0 l=1 rev1=1 crypto rx=0 tx=0 comp rx=0 tx=0).write_message sending m=0x55ccfffa4340 seq=3 src=mon.0 off=0
2026-02-12T04:18:03.713+0000 7feaea124640 10 -- v2:127.0.0.1:7146/0 >> 127.0.0.1:0/3948358190 conn(0x55ccffea2400 msgr2=0x55ccfff08b00 crc :-1 s=STATE_CONNECTION_ESTABLISHED l=1)._try_send sent bytes 260 remaining bytes 0
2026-02-12T04:18:03.713+0000 7feaea124640 10 --2- v2:127.0.0.1:7146/0 >> 127.0.0.1:0/3948358190 conn(0x55ccffea2400 0x55ccfff08b00 crc :-1 s=READY pgs=1 cs=0 l=1 rev1=1 crypto rx=0 tx=0 comp rx=0 tx=0).write_message sending 0x55ccfffa4340 done.
2026-02-12T04:18:03.713+0000 7feaea124640 20 -- v2:127.0.0.1:7146/0 >> 127.0.0.1:0/3948358190 conn(0x55ccffea2400 msgr2=0x55ccfff08b00 crc :-1 s=STATE_CONNECTION_ESTABLISHED l=1).process
2026-02-12T04:18:03.713+0000 7feaea124640 20 -- v2:127.0.0.1:7146/0 >> 127.0.0.1:0/3948358190 conn(0x55ccffea2400 msgr2=0x55ccfff08b00 crc :-1 s=STATE_CONNECTION_ESTABLISHED l=1).read continue len=32
2026-02-12T04:18:03.713+0000 7feaea124640 20 --2- v2:127.0.0.1:7146/0 >> 127.0.0.1:0/3948358190 conn(0x55ccffea2400 0x55ccfff08b00 crc :-1 s=READY pgs=1 cs=0 l=1 rev1=1 crypto rx=0 tx=0 comp rx=0 tx=0).handle_read_frame_preamble_main r=0
2026-02-12T04:18:03.713+0000 7feaea124640 20 --2- v2:127.0.0.1:7146/0 >> 127.0.0.1:0/3948358190 conn(0x55ccffea2400 0x55ccfff08b00 crc :-1 s=THROTTLE_MESSAGE pgs=1 cs=0 l=1 rev1=1 crypto rx=0 tx=0 comp rx=0 tx=0).throttle_message
2026-02-12T04:18:03.713+0000 7feaea124640 20 --2- v2:127.0.0.1:7146/0 >> 127.0.0.1:0/3948358190 conn(0x55ccffea2400 0x55ccfff08b00 crc :-1 s=THROTTLE_BYTES pgs=1 cs=0 l=1 rev1=1 crypto rx=0 tx=0 comp rx=0 tx=0).throttle_bytes
2026-02-12T04:18:03.713+0000 7feaea124640 10 --2- v2:127.0.0.1:7146/0 >> 127.0.0.1:0/3948358190 conn(0x55ccffea2400 0x55ccfff08b00 crc :-1 s=THROTTLE_BYTES pgs=1 cs=0 l=1 rev1=1 crypto rx=0 tx=0 comp rx=0 tx=0).throttle_bytes wants 35 bytes from policy throttler 286/104857600
2026-02-12T04:18:03.713+0000 7feaea124640 20 --2- v2:127.0.0.1:7146/0 >> 127.0.0.1:0/3948358190 conn(0x55ccffea2400 0x55ccfff08b00 crc :-1 s=THROTTLE_DISPATCH_QUEUE pgs=1 cs=0 l=1 rev1=1 crypto rx=0 tx=0 comp rx=0 tx=0).throttle_dispatch_queue
2026-02-12T04:18:03.713+0000 7feaea124640 20 --2- v2:127.0.0.1:7146/0 >> 127.0.0.1:0/3948358190 conn(0x55ccffea2400 0x55ccfff08b00 crc :-1 s=THROTTLE_DONE pgs=1 cs=0 l=1 rev1=1 crypto rx=0 tx=0 comp rx=0 tx=0).read_frame_segment seg_idx=0
2026-02-12T04:18:03.713+0000 7feaea124640 20 -- v2:127.0.0.1:7146/0 >> 127.0.0.1:0/3948358190 conn(0x55ccffea2400 msgr2=0x55ccfff08b00 crc :-1 s=STATE_CONNECTION_ESTABLISHED l=1).read start len=45
2026-02-12T04:18:03.713+0000 7feaea124640 20 --2- v2:127.0.0.1:7146/0 >> 127.0.0.1:0/3948358190 conn(0x55ccffea2400 0x55ccfff08b00 crc :-1 s=THROTTLE_DONE pgs=1 cs=0 l=1 rev1=1 crypto rx=0 tx=0 comp rx=0 tx=0).handle_read_frame_segment r=0
2026-02-12T04:18:03.713+0000 7feaea124640 20 --2- v2:127.0.0.1:7146/0 >> 127.0.0.1:0/3948358190 conn(0x55ccffea2400 0x55ccfff08b00 crc :-1 s=THROTTLE_DONE pgs=1 cs=0 l=1 rev1=1 crypto rx=0 tx=0 comp rx=0 tx=0).read_frame_segment seg_idx=1
2026-02-12T04:18:03.713+0000 7feaea124640 20 -- v2:127.0.0.1:7146/0 >> 127.0.0.1:0/3948358190 conn(0x55ccffea2400 msgr2=0x55ccfff08b00 crc :-1 s=STATE_CONNECTION_ESTABLISHED l=1).read start len=35
2026-02-12T04:18:03.713+0000 7feaea124640 20 --2- v2:127.0.0.1:7146/0 >> 127.0.0.1:0/3948358190 conn(0x55ccffea2400 0x55ccfff08b00 crc :-1 s=THROTTLE_DONE pgs=1 cs=0 l=1 rev1=1 crypto rx=0 tx=0 comp rx=0 tx=0).handle_read_frame_segment r=0
2026-02-12T04:18:03.713+0000 7feaea124640 20 -- v2:127.0.0.1:7146/0 >> 127.0.0.1:0/3948358190 conn(0x55ccffea2400 msgr2=0x55ccfff08b00 crc :-1 s=STATE_CONNECTION_ESTABLISHED l=1).read start len=13
2026-02-12T04:18:03.713+0000 7feaea124640 20 --2- v2:127.0.0.1:7146/0 >> 127.0.0.1:0/3948358190 conn(0x55ccffea2400 0x55ccfff08b00 crc :-1 s=THROTTLE_DONE pgs=1 cs=0 l=1 rev1=1 crypto rx=0 tx=0 comp rx=0 tx=0).handle_read_frame_epilogue_main r=0
2026-02-12T04:18:03.713+0000 7feaea124640 10 --2- v2:127.0.0.1:7146/0 >> 127.0.0.1:0/3948358190 conn(0x55ccffea2400 0x55ccfff08b00 crc :-1 s=THROTTLE_DONE pgs=1 cs=0 l=1 rev1=1 crypto rx=0 tx=0 comp rx=0 tx=0).handle_read_frame_dispatch tag=17
2026-02-12T04:18:03.713+0000 7feaea124640 20 --2- v2:127.0.0.1:7146/0 >> 127.0.0.1:0/3948358190 conn(0x55ccffea2400 0x55ccfff08b00 crc :-1 s=THROTTLE_DONE pgs=1 cs=0 l=1 rev1=1 crypto rx=0 tx=0 comp rx=0 tx=0).handle_message
2026-02-12T04:18:03.713+0000 7feaea124640 5 --2- v2:127.0.0.1:7146/0 >> 127.0.0.1:0/3948358190 conn(0x55ccffea2400 0x55ccfff08b00 crc :-1 s=THROTTLE_DONE pgs=1 cs=0 l=1 rev1=1 crypto rx=0 tx=0 comp rx=0 tx=0).handle_message got 35 + 0 + 0 byte message. envelope type=15 src client.? off 0
2026-02-12T04:18:03.713+0000 7feaea124640 5 --2- v2:127.0.0.1:7146/0 >> 127.0.0.1:0/3948358190 conn(0x55ccffea2400 0x55ccfff08b00 crc :-1 s=READ_MESSAGE_COMPLETE pgs=1 cs=0 l=1 rev1=1 crypto rx=0 tx=0 comp rx=0 tx=0).handle_message received message m=0x55ccfff0cd20 seq=3 from=client.? type=15 mon_subscribe({mgrmap=0+})
2026-02-12T04:18:03.713+0000 7feaea124640 20 -- v2:127.0.0.1:7146/0 queue 0x55ccfff0cd20 prio 127
2026-02-12T04:18:03.713+0000 7feaea124640 20 --2- v2:127.0.0.1:7146/0 >> 127.0.0.1:0/3948358190 conn(0x55ccffea2400 0x55ccfff08b00 crc :-1 s=READY pgs=1 cs=0 l=1 rev1=1 crypto rx=0 tx=0 comp rx=0 tx=0).read_frame
2026-02-12T04:18:03.713+0000 7feaea124640 20 -- v2:127.0.0.1:7146/0 >> 127.0.0.1:0/3948358190 conn(0x55ccffea2400 msgr2=0x55ccfff08b00 crc :-1 s=STATE_CONNECTION_ESTABLISHED l=1).read start len=32
2026-02-12T04:18:03.713+0000 7feae611c640 1 -- v2:127.0.0.1:7146/0 <== client.? 127.0.0.1:0/3948358190 3 ==== mon_subscribe({mgrmap=0+}) ==== 35+0+0 (crc 0 0 0) 0x55ccfff0cd20 con 0x55ccffea2400
2026-02-12T04:18:03.713+0000 7feaea124640 20 --2- v2:127.0.0.1:7146/0 >> 127.0.0.1:0/3948358190 conn(0x55ccffea2400 0x55ccfff08b00 crc :-1 s=READY pgs=1 cs=0 l=1 rev1=1 crypto rx=0 tx=0 comp rx=0 tx=0).handle_read_frame_preamble_main r=0
2026-02-12T04:18:03.713+0000 7feae611c640 20 mon.a@0(leader) e1 _ms_dispatch existing session 0x55ccffdd86c0 for client.?
2026-02-12T04:18:03.713+0000 7feaea124640 20 --2- v2:127.0.0.1:7146/0 >> 127.0.0.1:0/3948358190 conn(0x55ccffea2400 0x55ccfff08b00 crc :-1 s=THROTTLE_MESSAGE pgs=1 cs=0 l=1 rev1=1 crypto rx=0 tx=0 comp rx=0 tx=0).throttle_message
2026-02-12T04:18:03.713+0000 7feae611c640 20 mon.a@0(leader) e1 entity_name mgr.x global_id 4115 (none) caps allow *
2026-02-12T04:18:03.713+0000 7feaea124640 20 --2- v2:127.0.0.1:7146/0 >> 127.0.0.1:0/3948358190 conn(0x55ccffea2400 0x55ccfff08b00 crc :-1 s=THROTTLE_BYTES pgs=1 cs=0 l=1 rev1=1 crypto rx=0 tx=0 comp rx=0 tx=0).throttle_bytes
2026-02-12T04:18:03.713+0000 7feae611c640 10 mon.a@0(leader) e1 handle_subscribe mon_subscribe({mgrmap=0+})
2026-02-12T04:18:03.713+0000 7feaea124640 10 --2- v2:127.0.0.1:7146/0 >> 127.0.0.1:0/3948358190 conn(0x55ccffea2400 0x55ccfff08b00 crc :-1 s=THROTTLE_BYTES pgs=1 cs=0 l=1 rev1=1 crypto rx=0 tx=0 comp rx=0 tx=0).throttle_bytes wants 35 bytes from policy throttler 321/104857600
2026-02-12T04:18:03.713+0000 7feae611c640 20 MonCap is_capable service=mon command= read addr 127.0.0.1:0/3948358190 on cap allow *
2026-02-12T04:18:03.713+0000 7feaea124640 20 --2- v2:127.0.0.1:7146/0 >> 127.0.0.1:0/3948358190 conn(0x55ccffea2400 0x55ccfff08b00 crc :-1 s=THROTTLE_DISPATCH_QUEUE pgs=1 cs=0 l=1 rev1=1 crypto rx=0 tx=0 comp rx=0 tx=0).throttle_dispatch_queue
2026-02-12T04:18:03.713+0000 7feae611c640 20 MonCap allow so far , doing grant allow *
2026-02-12T04:18:03.713+0000 7feae611c640 20 MonCap allow all
2026-02-12T04:18:03.713+0000 7feaea124640 20 --2- v2:127.0.0.1:7146/0 >> 127.0.0.1:0/3948358190 conn(0x55ccffea2400 0x55ccfff08b00 crc :-1 s=THROTTLE_DONE pgs=1 cs=0 l=1 rev1=1 crypto rx=0 tx=0 comp rx=0 tx=0).read_frame_segment seg_idx=0
2026-02-12T04:18:03.713+0000 7feaea124640 20 -- v2:127.0.0.1:7146/0 >> 127.0.0.1:0/3948358190 conn(0x55ccffea2400 msgr2=0x55ccfff08b00 crc :-1 s=STATE_CONNECTION_ESTABLISHED l=1).read start len=45
2026-02-12T04:18:03.713+0000 7feae611c640 20 mon.a@0(leader).mgr e2 Sending map to subscriber 0x55ccffea2400 127.0.0.1:0/3948358190
2026-02-12T04:18:03.713+0000 7feaea124640 20 --2- v2:127.0.0.1:7146/0 >> 127.0.0.1:0/3948358190 conn(0x55ccffea2400 0x55ccfff08b00 crc :-1 s=THROTTLE_DONE pgs=1 cs=0 l=1 rev1=1 crypto rx=0 tx=0 comp rx=0 tx=0).handle_read_frame_segment r=0
2026-02-12T04:18:03.713+0000 7feaea124640 20 --2- v2:127.0.0.1:7146/0 >> 127.0.0.1:0/3948358190 conn(0x55ccffea2400 0x55ccfff08b00 crc :-1 s=THROTTLE_DONE pgs=1 cs=0 l=1 rev1=1 crypto rx=0 tx=0 comp rx=0 tx=0).read_frame_segment seg_idx=1
2026-02-12T04:18:03.713+0000 7feaea124640 20 -- v2:127.0.0.1:7146/0 >> 127.0.0.1:0/3948358190 conn(0x55ccffea2400 msgr2=0x55ccfff08b00 crc :-1 s=STATE_CONNECTION_ESTABLISHED l=1).read start len=35
2026-02-12T04:18:03.713+0000 7feaea124640 20 --2- v2:127.0.0.1:7146/0 >> 127.0.0.1:0/3948358190 conn(0x55ccffea2400 0x55ccfff08b00 crc :-1 s=THROTTLE_DONE pgs=1 cs=0 l=1 rev1=1 crypto rx=0 tx=0 comp rx=0 tx=0).handle_read_frame_segment r=0
2026-02-12T04:18:03.713+0000 7feaea124640 20 -- v2:127.0.0.1:7146/0 >> 127.0.0.1:0/3948358190 conn(0x55ccffea2400 msgr2=0x55ccfff08b00 crc :-1 s=STATE_CONNECTION_ESTABLISHED l=1).read start len=13
2026-02-12T04:18:03.713+0000 7feaea124640 20 --2- v2:127.0.0.1:7146/0 >> 127.0.0.1:0/3948358190 conn(0x55ccffea2400 0x55ccfff08b00 crc :-1 s=THROTTLE_DONE pgs=1 cs=0 l=1 rev1=1 crypto rx=0 tx=0 comp rx=0 tx=0).handle_read_frame_epilogue_main r=0
2026-02-12T04:18:03.713+0000 7feaea124640 10 --2- v2:127.0.0.1:7146/0 >> 127.0.0.1:0/3948358190 conn(0x55ccffea2400 0x55ccfff08b00 crc :-1 s=THROTTLE_DONE pgs=1 cs=0 l=1 rev1=1 crypto rx=0 tx=0 comp rx=0 tx=0).handle_read_frame_dispatch tag=17
2026-02-12T04:18:03.713+0000 7feaea124640 20 --2- v2:127.0.0.1:7146/0 >> 127.0.0.1:0/3948358190 conn(0x55ccffea2400 0x55ccfff08b00 crc :-1 s=THROTTLE_DONE pgs=1 cs=0 l=1 rev1=1 crypto rx=0 tx=0 comp rx=0 tx=0).handle_message
2026-02-12T04:18:03.713+0000 7feaea124640 5 --2- v2:127.0.0.1:7146/0 >> 127.0.0.1:0/3948358190 conn(0x55ccffea2400 0x55ccfff08b00 crc :-1 s=THROTTLE_DONE pgs=1 cs=0 l=1 rev1=1 crypto rx=0 tx=0 comp rx=0 tx=0).handle_message got 35 + 0 + 0 byte message. envelope type=15 src client.? off 0
2026-02-12T04:18:03.713+0000 7feaea124640 5 --2- v2:127.0.0.1:7146/0 >> 127.0.0.1:0/3948358190 conn(0x55ccffea2400 0x55ccfff08b00 crc :-1 s=READ_MESSAGE_COMPLETE pgs=1 cs=0 l=1 rev1=1 crypto rx=0 tx=0 comp rx=0 tx=0).handle_message received message m=0x55ccfff0cf00 seq=4 from=client.? type=15 mon_subscribe({osdmap=0})
2026-02-12T04:18:03.713+0000 7feaea124640 20 -- v2:127.0.0.1:7146/0 queue 0x55ccfff0cf00 prio 127
2026-02-12T04:18:03.713+0000 7feaea124640 20 --2- v2:127.0.0.1:7146/0 >> 127.0.0.1:0/3948358190 conn(0x55ccffea2400 0x55ccfff08b00 crc :-1 s=READY pgs=1 cs=0 l=1 rev1=1 crypto rx=0 tx=0 comp rx=0 tx=0).read_frame
2026-02-12T04:18:03.713+0000 7feaea124640 20 -- v2:127.0.0.1:7146/0 >> 127.0.0.1:0/3948358190 conn(0x55ccffea2400 msgr2=0x55ccfff08b00 crc :-1 s=STATE_CONNECTION_ESTABLISHED l=1).read start len=32
2026-02-12T04:18:03.713+0000 7feae611c640 1 -- v2:127.0.0.1:7146/0 --> 127.0.0.1:0/3948358190 -- mgrmap(e 2) -- 0x55ccfffa1500 con 0x55ccffea2400
2026-02-12T04:18:03.713+0000 7feae611c640 5 --2- v2:127.0.0.1:7146/0 >> 127.0.0.1:0/3948358190 conn(0x55ccffea2400 0x55ccfff08b00 crc :-1 s=READY pgs=1 cs=0 l=1 rev1=1 crypto rx=0 tx=0 comp rx=0 tx=0).send_message enqueueing message m=0x55ccfffa1500 type=1796 mgrmap(e 2)
2026-02-12T04:18:03.713+0000 7feae611c640 15 --2- v2:127.0.0.1:7146/0 >> 127.0.0.1:0/3948358190 conn(0x55ccffea2400 0x55ccfff08b00 crc :-1 s=READY pgs=1 cs=0 l=1 rev1=1 crypto rx=0 tx=0 comp rx=0 tx=0).send_message inline write is denied, reschedule m=0x55ccfffa1500
2026-02-12T04:18:03.713+0000 7feae611c640 20 Event(0x55ccfe9d02c8 nevent=5000 time_id=6).wakeup
2026-02-12T04:18:03.713+0000 7feae611c640 10 -- v2:127.0.0.1:7146/0 dispatch_throttle_release 35 to dispatch throttler 70/104857600
2026-02-12T04:18:03.713+0000 7feae611c640 20 -- v2:127.0.0.1:7146/0 done calling dispatch on 0x55ccfff0cd20
2026-02-12T04:18:03.713+0000 7feae611c640 1 -- v2:127.0.0.1:7146/0 <== client.? 127.0.0.1:0/3948358190 4 ==== mon_subscribe({osdmap=0}) ==== 35+0+0 (crc 0 0 0) 0x55ccfff0cf00 con 0x55ccffea2400
2026-02-12T04:18:03.713+0000 7feaea124640 10 -- v2:127.0.0.1:7146/0 >> 127.0.0.1:0/3948358190 conn(0x55ccffea2400 msgr2=0x55ccfff08b00 crc :-1 s=STATE_CONNECTION_ESTABLISHED l=1).handle_write
2026-02-12T04:18:03.713+0000 7feae611c640 20 mon.a@0(leader) e1 _ms_dispatch existing session 0x55ccffdd86c0 for client.?
2026-02-12T04:18:03.713+0000 7feaea124640 10 --2- v2:127.0.0.1:7146/0 >> 127.0.0.1:0/3948358190 conn(0x55ccffea2400 0x55ccfff08b00 crc :-1 s=READY pgs=1 cs=0 l=1 rev1=1 crypto rx=0 tx=0 comp rx=0 tx=0).write_event
2026-02-12T04:18:03.713+0000 7feae611c640 20 mon.a@0(leader) e1 entity_name mgr.x global_id 4115 (none) caps allow *
2026-02-12T04:18:03.713+0000 7feae611c640 10 mon.a@0(leader) e1 handle_subscribe mon_subscribe({osdmap=0})
2026-02-12T04:18:03.713+0000 7feae611c640 20 MonCap is_capable service=mon command= read addr 127.0.0.1:0/3948358190 on cap allow *
2026-02-12T04:18:03.713+0000 7feaea124640 20 --2- v2:127.0.0.1:7146/0 >> 127.0.0.1:0/3948358190 conn(0x55ccffea2400 0x55ccfff08b00 crc :-1 s=READY pgs=1 cs=0 l=1 rev1=1 crypto rx=0 tx=0 comp rx=0 tx=0).prepare_send_message m=mgrmap(e 2)
2026-02-12T04:18:03.713+0000 7feae611c640 20 MonCap allow so far , doing grant allow *
2026-02-12T04:18:03.713+0000 7feae611c640 20 MonCap allow all
2026-02-12T04:18:03.713+0000 7feaea124640 20 --2- v2:127.0.0.1:7146/0 >> 127.0.0.1:0/3948358190 conn(0x55ccffea2400 0x55ccfff08b00 crc :-1 s=READY pgs=1 cs=0 l=1 rev1=1 crypto rx=0 tx=0 comp rx=0 tx=0).prepare_send_message encoding features 4544132024016699391 0x55ccfffa1500 mgrmap(e 2)
2026-02-12T04:18:03.713+0000 7feae611c640 20 MonCap is_capable service=osd command= read addr 127.0.0.1:0/3948358190 on cap allow *
2026-02-12T04:18:03.713+0000 7feae611c640 20 MonCap allow so far , doing grant allow *
2026-02-12T04:18:03.713+0000 7feae611c640 20 MonCap allow all
2026-02-12T04:18:03.713+0000 7feae611c640 10 mon.a@0(leader).osd e3 check_osdmap_sub 0x55ccfff99020 next 0 (onetime)
2026-02-12T04:18:03.713+0000 7feae611c640 1 -- v2:127.0.0.1:7146/0 --> 127.0.0.1:0/3948358190 -- osd_map(3..3 src has 1..3) -- 0x55ccfff03600 con 0x55ccffea2400
2026-02-12T04:18:03.713+0000 7feae611c640 5 --2- v2:127.0.0.1:7146/0 >> 127.0.0.1:0/3948358190 conn(0x55ccffea2400 0x55ccfff08b00 crc :-1 s=READY pgs=1 cs=0 l=1 rev1=1 crypto rx=0 tx=0 comp rx=0 tx=0).send_message enqueueing message m=0x55ccfff03600 type=41 osd_map(3..3 src has 1..3)
2026-02-12T04:18:03.713+0000 7feae611c640 15 --2- v2:127.0.0.1:7146/0 >> 127.0.0.1:0/3948358190 conn(0x55ccffea2400 0x55ccfff08b00 crc :-1 s=READY pgs=1 cs=0 l=1 rev1=1 crypto rx=0 tx=0 comp rx=0 tx=0).send_message inline write is denied, reschedule m=0x55ccfff03600
2026-02-12T04:18:03.713+0000 7feae611c640 10 -- v2:127.0.0.1:7146/0 dispatch_throttle_release 35 to dispatch throttler 35/104857600
2026-02-12T04:18:03.713+0000 7feae611c640 20 -- v2:127.0.0.1:7146/0 done calling dispatch on 0x55ccfff0cf00
2026-02-12T04:18:03.713+0000 7feaea124640 2 --2- v2:127.0.0.1:7146/0 >> 127.0.0.1:0/3948358190 conn(0x55ccffea2400 0x55ccfff08b00 crc :-1 s=READY pgs=1 cs=0 l=1 rev1=1 crypto rx=0 tx=0 comp rx=0 tx=0).write_message sending message m=0x55ccfffa1500 seq=4 mgrmap(e 2)
2026-02-12T04:18:03.713+0000 7feaea124640 20 --2- v2:127.0.0.1:7146/0 >> 127.0.0.1:0/3948358190 conn(0x55ccffea2400 0x55ccfff08b00 crc :-1 s=READY pgs=1 cs=0 l=1 rev1=1 crypto rx=0 tx=0 comp rx=0 tx=0).write_message sending m=0x55ccfffa1500 seq=4 src=mon.0 off=0
2026-02-12T04:18:03.713+0000 7feaea124640 10 -- v2:127.0.0.1:7146/0 >> 127.0.0.1:0/3948358190 conn(0x55ccffea2400 msgr2=0x55ccfff08b00 crc :-1 s=STATE_CONNECTION_ESTABLISHED l=1)._try_send sent bytes 52898 remaining bytes 0
2026-02-12T04:18:03.713+0000 7feaea124640 10 --2- v2:127.0.0.1:7146/0 >> 127.0.0.1:0/3948358190 conn(0x55ccffea2400 0x55ccfff08b00 crc :-1 s=READY pgs=1 cs=0 l=1 rev1=1 crypto rx=0 tx=0 comp rx=0 tx=0).write_message sending 0x55ccfffa1500 done.
2026-02-12T04:18:03.713+0000 7feaea124640 20 --2- v2:127.0.0.1:7146/0 >> 127.0.0.1:0/3948358190 conn(0x55ccffea2400 0x55ccfff08b00 crc :-1 s=READY pgs=1 cs=0 l=1 rev1=1 crypto rx=0 tx=0 comp rx=0 tx=0).prepare_send_message m=osd_map(3..3 src has 1..3)
2026-02-12T04:18:03.713+0000 7feaea124640 20 --2- v2:127.0.0.1:7146/0 >> 127.0.0.1:0/3948358190 conn(0x55ccffea2400 0x55ccfff08b00 crc :-1 s=READY pgs=1 cs=0 l=1 rev1=1 crypto rx=0 tx=0 comp rx=0 tx=0).prepare_send_message encoding features 4544132024016699391 0x55ccfff03600 osd_map(3..3 src has 1..3)
2026-02-12T04:18:03.713+0000 7feaea124640 2 --2- v2:127.0.0.1:7146/0 >> 127.0.0.1:0/3948358190 conn(0x55ccffea2400 0x55ccfff08b00 crc :-1 s=READY pgs=1 cs=0 l=1 rev1=1 crypto rx=0 tx=0 comp rx=0 tx=0).write_message sending message m=0x55ccfff03600 seq=5 osd_map(3..3 src has 1..3)
2026-02-12T04:18:03.713+0000 7feaea124640 20 --2- v2:127.0.0.1:7146/0 >> 127.0.0.1:0/3948358190 conn(0x55ccffea2400 0x55ccfff08b00 crc :-1 s=READY pgs=1 cs=0 l=1 rev1=1 crypto rx=0 tx=0 comp rx=0 tx=0).write_message sending m=0x55ccfff03600 seq=5 src=mon.0 off=0
2026-02-12T04:18:03.713+0000 7feaea124640 10 -- v2:127.0.0.1:7146/0 >> 127.0.0.1:0/3948358190 conn(0x55ccffea2400 msgr2=0x55ccfff08b00 crc :-1 s=STATE_CONNECTION_ESTABLISHED l=1)._try_send sent bytes 985 remaining bytes 0
2026-02-12T04:18:03.713+0000 7feaea124640 10 --2- v2:127.0.0.1:7146/0 >> 127.0.0.1:0/3948358190 conn(0x55ccffea2400 0x55ccfff08b00 crc :-1 s=READY pgs=1 cs=0 l=1 rev1=1 crypto rx=0 tx=0 comp rx=0 tx=0).write_message sending 0x55ccfff03600 done.
2026-02-12T04:18:03.713+0000 7feaea124640 20 -- v2:127.0.0.1:7146/0 >> 127.0.0.1:0/3948358190 conn(0x55ccffea2400 msgr2=0x55ccfff08b00 crc :-1 s=STATE_CONNECTION_ESTABLISHED l=1).process
2026-02-12T04:18:03.713+0000 7feaea124640 20 -- v2:127.0.0.1:7146/0 >> 127.0.0.1:0/3948358190 conn(0x55ccffea2400 msgr2=0x55ccfff08b00 crc :-1 s=STATE_CONNECTION_ESTABLISHED l=1).read continue len=32
2026-02-12T04:18:03.713+0000 7feaea124640 20 --2- v2:127.0.0.1:7146/0 >> 127.0.0.1:0/3948358190 conn(0x55ccffea2400 0x55ccfff08b00 crc :-1 s=READY pgs=1 cs=0 l=1 rev1=1 crypto rx=0 tx=0 comp rx=0 tx=0).handle_read_frame_preamble_main r=0
2026-02-12T04:18:03.713+0000 7feaea124640 20 --2- v2:127.0.0.1:7146/0 >> 127.0.0.1:0/3948358190 conn(0x55ccffea2400 0x55ccfff08b00 crc :-1 s=THROTTLE_MESSAGE pgs=1 cs=0 l=1 rev1=1 crypto rx=0 tx=0 comp rx=0 tx=0).throttle_message
2026-02-12T04:18:03.713+0000 7feaea124640 20 --2- v2:127.0.0.1:7146/0 >> 127.0.0.1:0/3948358190 conn(0x55ccffea2400 0x55ccfff08b00 crc :-1 s=THROTTLE_BYTES pgs=1 cs=0 l=1 rev1=1 crypto rx=0 tx=0 comp rx=0 tx=0).throttle_bytes
2026-02-12T04:18:03.713+0000 7feaea124640 10 --2- v2:127.0.0.1:7146/0 >> 127.0.0.1:0/3948358190 conn(0x55ccffea2400 0x55ccfff08b00 crc :-1 s=THROTTLE_BYTES pgs=1 cs=0 l=1 rev1=1 crypto rx=0 tx=0 comp rx=0 tx=0).throttle_bytes wants 18 bytes from policy throttler 356/104857600
2026-02-12T04:18:03.713+0000 7feaea124640 20 --2- v2:127.0.0.1:7146/0 >> 127.0.0.1:0/3948358190 conn(0x55ccffea2400 0x55ccfff08b00 crc :-1 s=THROTTLE_DISPATCH_QUEUE pgs=1 cs=0 l=1 rev1=1 crypto rx=0 tx=0 comp rx=0 tx=0).throttle_dispatch_queue
2026-02-12T04:18:03.713+0000 7feaea124640 20 --2- v2:127.0.0.1:7146/0 >> 127.0.0.1:0/3948358190 conn(0x55ccffea2400 0x55ccfff08b00 crc :-1 s=THROTTLE_DONE pgs=1 cs=0 l=1 rev1=1 crypto rx=0 tx=0 comp rx=0 tx=0).read_frame_segment seg_idx=0
2026-02-12T04:18:03.713+0000 7feaea124640 20 -- v2:127.0.0.1:7146/0 >> 127.0.0.1:0/3948358190 conn(0x55ccffea2400 msgr2=0x55ccfff08b00 crc :-1 s=STATE_CONNECTION_ESTABLISHED l=1).read start len=45
2026-02-12T04:18:03.713+0000 7feaea124640 20 --2- v2:127.0.0.1:7146/0 >> 127.0.0.1:0/3948358190 conn(0x55ccffea2400 0x55ccfff08b00 crc :-1 s=THROTTLE_DONE pgs=1 cs=0 l=1 rev1=1 crypto rx=0 tx=0 comp rx=0 tx=0).handle_read_frame_segment r=0
2026-02-12T04:18:03.713+0000 7feaea124640 20 --2- v2:127.0.0.1:7146/0 >> 127.0.0.1:0/3948358190 conn(0x55ccffea2400 0x55ccfff08b00 crc :-1 s=THROTTLE_DONE pgs=1 cs=0 l=1 rev1=1 crypto rx=0 tx=0 comp rx=0 tx=0).read_frame_segment seg_idx=1
2026-02-12T04:18:03.713+0000 7feaea124640 20 -- v2:127.0.0.1:7146/0 >> 127.0.0.1:0/3948358190 conn(0x55ccffea2400 msgr2=0x55ccfff08b00 crc :-1 s=STATE_CONNECTION_ESTABLISHED l=1).read start len=18
2026-02-12T04:18:03.713+0000 7feaea124640 20 --2- v2:127.0.0.1:7146/0 >> 127.0.0.1:0/3948358190 conn(0x55ccffea2400 0x55ccfff08b00 crc :-1 s=THROTTLE_DONE pgs=1 cs=0 l=1 rev1=1 crypto rx=0 tx=0 comp rx=0 tx=0).handle_read_frame_segment r=0
2026-02-12T04:18:03.713+0000 7feaea124640 20 -- v2:127.0.0.1:7146/0 >> 127.0.0.1:0/3948358190 conn(0x55ccffea2400 msgr2=0x55ccfff08b00 crc :-1 s=STATE_CONNECTION_ESTABLISHED l=1).read start len=13
2026-02-12T04:18:03.713+0000 7feaea124640 20 --2- v2:127.0.0.1:7146/0 >> 127.0.0.1:0/3948358190 conn(0x55ccffea2400 0x55ccfff08b00 crc :-1 s=THROTTLE_DONE pgs=1 cs=0 l=1 rev1=1 crypto rx=0 tx=0 comp rx=0 tx=0).handle_read_frame_epilogue_main r=0
2026-02-12T04:18:03.713+0000 7feaea124640 10 --2- v2:127.0.0.1:7146/0 >> 127.0.0.1:0/3948358190 conn(0x55ccffea2400 0x55ccfff08b00 crc :-1 s=THROTTLE_DONE pgs=1 cs=0 l=1 rev1=1 crypto rx=0 tx=0 comp rx=0 tx=0).handle_read_frame_dispatch tag=17
2026-02-12T04:18:03.713+0000 7feaea124640 20 --2- v2:127.0.0.1:7146/0 >> 127.0.0.1:0/3948358190 conn(0x55ccffea2400 0x55ccfff08b00 crc :-1 s=THROTTLE_DONE pgs=1 cs=0 l=1 rev1=1 crypto rx=0 tx=0 comp rx=0 tx=0).handle_message
2026-02-12T04:18:03.713+0000 7feaea124640 5 --2- v2:127.0.0.1:7146/0 >> 127.0.0.1:0/3948358190 conn(0x55ccffea2400 0x55ccfff08b00 crc :-1 s=THROTTLE_DONE pgs=1 cs=0 l=1 rev1=1 crypto rx=0 tx=0 comp rx=0 tx=0).handle_message got 18 + 0 + 0 byte message. envelope type=19 src client.? off 0
2026-02-12T04:18:03.713+0000 7feaea124640 5 --2- v2:127.0.0.1:7146/0 >> 127.0.0.1:0/3948358190 conn(0x55ccffea2400 0x55ccfff08b00 crc :-1 s=READ_MESSAGE_COMPLETE pgs=1 cs=0 l=1 rev1=1 crypto rx=0 tx=0 comp rx=0 tx=0).handle_message received message m=0x55ccffff0d00 seq=5 from=client.? type=19 mon_get_version(what=osdmap handle=1)
2026-02-12T04:18:03.713+0000 7feaea124640 20 -- v2:127.0.0.1:7146/0 queue 0x55ccffff0d00 prio 127
2026-02-12T04:18:03.713+0000 7feaea124640 20 --2- v2:127.0.0.1:7146/0 >> 127.0.0.1:0/3948358190 conn(0x55ccffea2400 0x55ccfff08b00 crc :-1 s=READY pgs=1 cs=0 l=1 rev1=1 crypto rx=0 tx=0 comp rx=0 tx=0).read_frame
2026-02-12T04:18:03.713+0000 7feaea124640 20 -- v2:127.0.0.1:7146/0 >> 127.0.0.1:0/3948358190 conn(0x55ccffea2400 msgr2=0x55ccfff08b00 crc :-1 s=STATE_CONNECTION_ESTABLISHED l=1).read start len=32
2026-02-12T04:18:03.713+0000 7feae611c640 1 -- v2:127.0.0.1:7146/0 <== client.? 127.0.0.1:0/3948358190 5 ==== mon_get_version(what=osdmap handle=1) ==== 18+0+0 (crc 0 0 0) 0x55ccffff0d00 con 0x55ccffea2400
2026-02-12T04:18:03.713+0000 7feae611c640 20 mon.a@0(leader) e1 _ms_dispatch existing session 0x55ccffdd86c0 for client.?
2026-02-12T04:18:03.713+0000 7feae611c640 20 mon.a@0(leader) e1 entity_name mgr.x global_id 4115 (none) caps allow *
2026-02-12T04:18:03.713+0000 7feae611c640 20 MonCap is_capable service=mon command= read addr 127.0.0.1:0/3948358190 on cap allow *
2026-02-12T04:18:03.713+0000 7feae611c640 20 MonCap allow so far , doing grant allow *
2026-02-12T04:18:03.713+0000 7feae611c640 20 MonCap allow all
2026-02-12T04:18:03.713+0000 7feae611c640 10 mon.a@0(leader) e1 handle_get_version mon_get_version(what=osdmap handle=1)
2026-02-12T04:18:03.713+0000 7feae611c640 5 mon.a@0(leader).paxos(paxos active c 1..16) is_readable = 1 - now=2026-02-12T04:18:03.714263+0000 lease_expire=1970-01-01T00:00:00.000000+0000 has v0 lc 16
2026-02-12T04:18:03.713+0000 7feae611c640 1 -- v2:127.0.0.1:7146/0 --> 127.0.0.1:0/3948358190 -- mon_get_version_reply(handle=1 version=3) -- 0x55ccffffd520 con 0x55ccffea2400
2026-02-12T04:18:03.713+0000 7feae611c640 5 --2- v2:127.0.0.1:7146/0 >> 127.0.0.1:0/3948358190 conn(0x55ccffea2400 0x55ccfff08b00 crc :-1 s=READY pgs=1 cs=0 l=1 rev1=1 crypto rx=0 tx=0 comp rx=0 tx=0).send_message enqueueing message m=0x55ccffffd520 type=20 mon_get_version_reply(handle=1 version=3)
2026-02-12T04:18:03.713+0000 7feae611c640 15 --2- v2:127.0.0.1:7146/0 >> 127.0.0.1:0/3948358190 conn(0x55ccffea2400 0x55ccfff08b00 crc :-1 s=READY pgs=1 cs=0 l=1 rev1=1 crypto rx=0 tx=0 comp rx=0 tx=0).send_message inline write is denied, reschedule m=0x55ccffffd520
2026-02-12T04:18:03.713+0000 7feae611c640 20 Event(0x55ccfe9d02c8 nevent=5000 time_id=6).wakeup
2026-02-12T04:18:03.713+0000 7feae611c640 10 -- v2:127.0.0.1:7146/0 dispatch_throttle_release 18 to dispatch throttler 18/104857600
2026-02-12T04:18:03.713+0000 7feae611c640 20 -- v2:127.0.0.1:7146/0 done calling dispatch on 0x55ccffff0d00
2026-02-12T04:18:03.713+0000 7feaea124640 10 -- v2:127.0.0.1:7146/0 >> 127.0.0.1:0/3948358190 conn(0x55ccffea2400 msgr2=0x55ccfff08b00 crc :-1 s=STATE_CONNECTION_ESTABLISHED l=1).handle_write
2026-02-12T04:18:03.713+0000 7feaea124640 10 --2- v2:127.0.0.1:7146/0 >> 127.0.0.1:0/3948358190 conn(0x55ccffea2400 0x55ccfff08b00 crc :-1 s=READY pgs=1 cs=0 l=1 rev1=1 crypto rx=0 tx=0 comp rx=0 tx=0).write_event
2026-02-12T04:18:03.713+0000 7feaea124640 20 --2- v2:127.0.0.1:7146/0 >> 127.0.0.1:0/3948358190 conn(0x55ccffea2400 0x55ccfff08b00 crc :-1 s=READY pgs=1 cs=0 l=1 rev1=1 crypto rx=0 tx=0 comp rx=0 tx=0).prepare_send_message m=mon_get_version_reply(handle=1 version=3)
2026-02-12T04:18:03.713+0000 7feaea124640 20 --2- v2:127.0.0.1:7146/0 >> 127.0.0.1:0/3948358190 conn(0x55ccffea2400 0x55ccfff08b00 crc :-1 s=READY pgs=1 cs=0 l=1 rev1=1 crypto rx=0 tx=0 comp rx=0 tx=0).prepare_send_message encoding features 4544132024016699391 0x55ccffffd520 mon_get_version_reply(handle=1 version=3)
2026-02-12T04:18:03.713+0000 7feaea124640 2 --2- v2:127.0.0.1:7146/0 >> 127.0.0.1:0/3948358190 conn(0x55ccffea2400 0x55ccfff08b00 crc :-1 s=READY pgs=1 cs=0 l=1 rev1=1 crypto rx=0 tx=0 comp rx=0 tx=0).write_message sending message m=0x55ccffffd520 seq=6 mon_get_version_reply(handle=1 version=3)
2026-02-12T04:18:03.713+0000 7feaea124640 20 --2- v2:127.0.0.1:7146/0 >> 127.0.0.1:0/3948358190 conn(0x55ccffea2400 0x55ccfff08b00 crc :-1 s=READY pgs=1 cs=0 l=1 rev1=1 crypto rx=0 tx=0 comp rx=0 tx=0).write_message sending m=0x55ccffffd520 seq=6 src=mon.0 off=0
2026-02-12T04:18:03.713+0000 7feaea124640 10 -- v2:127.0.0.1:7146/0 >> 127.0.0.1:0/3948358190 conn(0x55ccffea2400 msgr2=0x55ccfff08b00 crc :-1 s=STATE_CONNECTION_ESTABLISHED l=1)._try_send sent bytes 114 remaining bytes 0
2026-02-12T04:18:03.713+0000 7feaea124640 10 --2- v2:127.0.0.1:7146/0 >> 127.0.0.1:0/3948358190 conn(0x55ccffea2400 0x55ccfff08b00 crc :-1 s=READY pgs=1 cs=0 l=1 rev1=1 crypto rx=0 tx=0 comp rx=0 tx=0).write_message sending 0x55ccffffd520 done.
2026-02-12T04:18:03.714+0000 7feaea124640 20 -- v2:127.0.0.1:7146/0 >> 127.0.0.1:0/3978893233 conn(0x55ccffb45800 msgr2=0x55ccfeb11700 crc :-1 s=STATE_CONNECTION_ESTABLISHED l=1).process
2026-02-12T04:18:03.714+0000 7feaea124640 20 -- v2:127.0.0.1:7146/0 >> 127.0.0.1:0/3978893233 conn(0x55ccffb45800 msgr2=0x55ccfeb11700 crc :-1 s=STATE_CONNECTION_ESTABLISHED l=1).read continue len=32
2026-02-12T04:18:03.714+0000 7feaea124640 20 --2- v2:127.0.0.1:7146/0 >> 127.0.0.1:0/3978893233 conn(0x55ccffb45800 0x55ccfeb11700 crc :-1 s=READY pgs=2 cs=0 l=1 rev1=1 crypto rx=0 tx=0 comp rx=0 tx=0).handle_read_frame_preamble_main r=0
2026-02-12T04:18:03.714+0000 7feaea124640 20 --2- v2:127.0.0.1:7146/0 >> 127.0.0.1:0/3978893233 conn(0x55ccffb45800 0x55ccfeb11700 crc :-1 s=THROTTLE_MESSAGE pgs=2 cs=0 l=1 rev1=1 crypto rx=0 tx=0 comp rx=0 tx=0).throttle_message
2026-02-12T04:18:03.714+0000 7feaea124640 20 --2- v2:127.0.0.1:7146/0 >> 127.0.0.1:0/3978893233 conn(0x55ccffb45800 0x55ccfeb11700 crc :-1 s=THROTTLE_BYTES pgs=2 cs=0 l=1 rev1=1 crypto rx=0 tx=0 comp rx=0 tx=0).throttle_bytes
2026-02-12T04:18:03.714+0000 7feaea124640 20 --2- v2:127.0.0.1:7146/0 >> 127.0.0.1:0/3978893233 conn(0x55ccffb45800 0x55ccfeb11700 crc :-1 s=THROTTLE_DISPATCH_QUEUE pgs=2 cs=0 l=1 rev1=1 crypto rx=0 tx=0 comp rx=0 tx=0).throttle_dispatch_queue
2026-02-12T04:18:03.714+0000 7feaea124640 20 --2- v2:127.0.0.1:7146/0 >> 127.0.0.1:0/3978893233 conn(0x55ccffb45800 0x55ccfeb11700 crc :-1 s=THROTTLE_DONE pgs=2 cs=0 l=1 rev1=1 crypto rx=0 tx=0 comp rx=0 tx=0).read_frame_segment seg_idx=0
2026-02-12T04:18:03.714+0000 7feaea124640 20 -- v2:127.0.0.1:7146/0 >> 127.0.0.1:0/3978893233 conn(0x55ccffb45800 msgr2=0x55ccfeb11700 crc :-1 s=STATE_CONNECTION_ESTABLISHED l=1).read start len=45
2026-02-12T04:18:03.714+0000 7feaea124640 20 --2- v2:127.0.0.1:7146/0 >> 127.0.0.1:0/3978893233 conn(0x55ccffb45800 0x55ccfeb11700 crc :-1 s=THROTTLE_DONE pgs=2 cs=0 l=1 rev1=1 crypto rx=0 tx=0 comp rx=0 tx=0).handle_read_frame_segment r=0
2026-02-12T04:18:03.714+0000 7feaea124640 20 --2- v2:127.0.0.1:7146/0 >> 127.0.0.1:0/3978893233 conn(0x55ccffb45800 0x55ccfeb11700 crc :-1 s=THROTTLE_DONE pgs=2 cs=0 l=1 rev1=1 crypto rx=0 tx=0 comp rx=0 tx=0).read_frame_segment seg_idx=1
2026-02-12T04:18:03.714+0000 7feaea124640 20 -- v2:127.0.0.1:7146/0 >> 127.0.0.1:0/3978893233 conn(0x55ccffb45800 msgr2=0x55ccfeb11700 crc :-1 s=STATE_CONNECTION_ESTABLISHED l=1).read start len=128
2026-02-12T04:18:03.714+0000 7feaea124640 20 --2- v2:127.0.0.1:7146/0 >> 127.0.0.1:0/3978893233 conn(0x55ccffb45800 0x55ccfeb11700 crc :-1 s=THROTTLE_DONE pgs=2 cs=0 l=1 rev1=1 crypto rx=0 tx=0 comp rx=0 tx=0).handle_read_frame_segment r=0
2026-02-12T04:18:03.714+0000 7feaea124640 20 -- v2:127.0.0.1:7146/0 >> 127.0.0.1:0/3978893233 conn(0x55ccffb45800 msgr2=0x55ccfeb11700 crc :-1 s=STATE_CONNECTION_ESTABLISHED l=1).read start len=13
2026-02-12T04:18:03.714+0000 7feaea124640 20 --2- v2:127.0.0.1:7146/0 >> 127.0.0.1:0/3978893233 conn(0x55ccffb45800 0x55ccfeb11700 crc :-1 s=THROTTLE_DONE pgs=2 cs=0 l=1 rev1=1 crypto rx=0 tx=0 comp rx=0 tx=0).handle_read_frame_epilogue_main r=0
2026-02-12T04:18:03.714+0000 7feaea124640 10 --2- v2:127.0.0.1:7146/0 >> 127.0.0.1:0/3978893233 conn(0x55ccffb45800 0x55ccfeb11700 crc :-1 s=THROTTLE_DONE pgs=2 cs=0 l=1 rev1=1 crypto rx=0 tx=0 comp rx=0 tx=0).handle_read_frame_dispatch tag=17
2026-02-12T04:18:03.714+0000 7feaea124640 20 --2- v2:127.0.0.1:7146/0 >> 127.0.0.1:0/3978893233 conn(0x55ccffb45800 0x55ccfeb11700 crc :-1 s=THROTTLE_DONE pgs=2 cs=0 l=1 rev1=1 crypto rx=0 tx=0 comp rx=0 tx=0).handle_message
2026-02-12T04:18:03.714+0000 7feaea124640 5 --2- v2:127.0.0.1:7146/0 >> 127.0.0.1:0/3978893233 conn(0x55ccffb45800 0x55ccfeb11700 crc :-1 s=THROTTLE_DONE pgs=2 cs=0 l=1 rev1=1 crypto rx=0 tx=0 comp rx=0 tx=0).handle_message got 128 + 0 + 0 byte message. envelope type=50 src mgr.4100 off 0
2026-02-12T04:18:03.714+0000 7feaea124640 5 --2- v2:127.0.0.1:7146/0 >> 127.0.0.1:0/3978893233 conn(0x55ccffb45800 0x55ccfeb11700 crc :-1 s=READ_MESSAGE_COMPLETE pgs=2 cs=0 l=1 rev1=1 crypto rx=0 tx=0 comp rx=0 tx=0).handle_message received message m=0x55ccffb12540 seq=11 from=mgr.4100 type=50 mon_command({"prefix":"config rm","who":"mgr","name":"mgr/rbd_support/x/mirror_snapshot_schedule"} v 0)
2026-02-12T04:18:03.714+0000 7feaea124640 20 -- v2:127.0.0.1:7146/0 queue 0x55ccffb12540 prio 127
2026-02-12T04:18:03.714+0000 7feaea124640 20 --2- v2:127.0.0.1:7146/0 >> 127.0.0.1:0/3978893233 conn(0x55ccffb45800 0x55ccfeb11700 crc :-1 s=READY pgs=2 cs=0 l=1 rev1=1 crypto rx=0 tx=0 comp rx=0 tx=0).read_frame
2026-02-12T04:18:03.714+0000 7feaea124640 20 -- v2:127.0.0.1:7146/0 >> 127.0.0.1:0/3978893233 conn(0x55ccffb45800 msgr2=0x55ccfeb11700 crc :-1 s=STATE_CONNECTION_ESTABLISHED l=1).read start len=32
2026-02-12T04:18:03.714+0000 7feaea124640 20 --2- v2:127.0.0.1:7146/0 >> 127.0.0.1:0/3978893233 conn(0x55ccffb45800 0x55ccfeb11700 crc :-1 s=READY pgs=2 cs=0 l=1 rev1=1 crypto rx=0 tx=0 comp rx=0 tx=0).handle_read_frame_preamble_main r=0
2026-02-12T04:18:03.714+0000 7feaea124640 20 --2- v2:127.0.0.1:7146/0 >> 127.0.0.1:0/3978893233 conn(0x55ccffb45800 0x55ccfeb11700 crc :-1 s=THROTTLE_MESSAGE pgs=2 cs=0 l=1 rev1=1 crypto rx=0 tx=0 comp rx=0 tx=0).throttle_message
2026-02-12T04:18:03.714+0000 7feaea124640 20 --2- v2:127.0.0.1:7146/0 >> 127.0.0.1:0/3978893233 conn(0x55ccffb45800 0x55ccfeb11700 crc :-1 s=THROTTLE_BYTES pgs=2 cs=0 l=1 rev1=1 crypto rx=0 tx=0 comp rx=0 tx=0).throttle_bytes
2026-02-12T04:18:03.714+0000 7feaea124640 20 --2- v2:127.0.0.1:7146/0 >> 127.0.0.1:0/3978893233 conn(0x55ccffb45800 0x55ccfeb11700 crc :-1 s=THROTTLE_DISPATCH_QUEUE pgs=2 cs=0 l=1 rev1=1 crypto rx=0 tx=0 comp rx=0 tx=0).throttle_dispatch_queue
2026-02-12T04:18:03.714+0000 7feaea124640 20 --2- v2:127.0.0.1:7146/0 >> 127.0.0.1:0/3978893233 conn(0x55ccffb45800 0x55ccfeb11700 crc :-1 s=THROTTLE_DONE pgs=2 cs=0 l=1 rev1=1 crypto rx=0 tx=0 comp rx=0 tx=0).read_frame_segment seg_idx=0
2026-02-12T04:18:03.714+0000 7feaea124640 20 -- v2:127.0.0.1:7146/0 >> 127.0.0.1:0/3978893233 conn(0x55ccffb45800 msgr2=0x55ccfeb11700 crc :-1 s=STATE_CONNECTION_ESTABLISHED l=1).read start len=45
2026-02-12T04:18:03.714+0000 7feaea124640 20 --2- v2:127.0.0.1:7146/0 >> 127.0.0.1:0/3978893233 conn(0x55ccffb45800 0x55ccfeb11700 crc :-1 s=THROTTLE_DONE pgs=2 cs=0 l=1 rev1=1 crypto rx=0 tx=0 comp rx=0 tx=0).handle_read_frame_segment r=0
2026-02-12T04:18:03.714+0000 7feaea124640 20 --2- v2:127.0.0.1:7146/0 >> 127.0.0.1:0/3978893233 conn(0x55ccffb45800 0x55ccfeb11700 crc :-1 s=THROTTLE_DONE pgs=2 cs=0 l=1 rev1=1 crypto rx=0 tx=0 comp rx=0 tx=0).read_frame_segment seg_idx=1
2026-02-12T04:18:03.714+0000 7feaea124640 20 -- v2:127.0.0.1:7146/0 >> 127.0.0.1:0/3978893233 conn(0x55ccffb45800 msgr2=0x55ccfeb11700 crc :-1 s=STATE_CONNECTION_ESTABLISHED l=1).read start len=146
2026-02-12T04:18:03.714+0000 7feaea124640 20 --2- v2:127.0.0.1:7146/0 >> 127.0.0.1:0/3978893233 conn(0x55ccffb45800 0x55ccfeb11700 crc :-1 s=THROTTLE_DONE pgs=2 cs=0 l=1 rev1=1 crypto rx=0 tx=0 comp rx=0 tx=0).handle_read_frame_segment r=0
2026-02-12T04:18:03.714+0000 7feaea124640 20 -- v2:127.0.0.1:7146/0 >> 127.0.0.1:0/3978893233 conn(0x55ccffb45800 msgr2=0x55ccfeb11700 crc :-1 s=STATE_CONNECTION_ESTABLISHED l=1).read start len=13
2026-02-12T04:18:03.714+0000 7feaea124640 20 --2- v2:127.0.0.1:7146/0 >> 127.0.0.1:0/3978893233 conn(0x55ccffb45800 0x55ccfeb11700 crc :-1 s=THROTTLE_DONE pgs=2 cs=0 l=1 rev1=1 crypto rx=0 tx=0 comp rx=0 tx=0).handle_read_frame_epilogue_main r=0
2026-02-12T04:18:03.714+0000 7feaea124640 10 --2- v2:127.0.0.1:7146/0 >> 127.0.0.1:0/3978893233 conn(0x55ccffb45800 0x55ccfeb11700 crc :-1 s=THROTTLE_DONE pgs=2 cs=0 l=1 rev1=1 crypto rx=0 tx=0 comp rx=0 tx=0).handle_read_frame_dispatch tag=17
2026-02-12T04:18:03.714+0000 7feaea124640 20 --2- v2:127.0.0.1:7146/0 >> 127.0.0.1:0/3978893233 conn(0x55ccffb45800 0x55ccfeb11700 crc :-1 s=THROTTLE_DONE pgs=2 cs=0 l=1 rev1=1 crypto rx=0 tx=0 comp rx=0 tx=0).handle_message
2026-02-12T04:18:03.714+0000 7feaea124640 5 --2- v2:127.0.0.1:7146/0 >> 127.0.0.1:0/3978893233 conn(0x55ccffb45800 0x55ccfeb11700 crc :-1 s=THROTTLE_DONE pgs=2 cs=0 l=1 rev1=1 crypto rx=0 tx=0 comp rx=0 tx=0).handle_message got 146 + 0 + 0 byte message. envelope type=50 src mgr.4100 off 0
2026-02-12T04:18:03.714+0000 7feae611c640 1 -- v2:127.0.0.1:7146/0 <== mgr.4100 127.0.0.1:0/3978893233 11 ==== mon_command({"prefix":"config rm","who":"mgr","name":"mgr/rbd_support/x/mirror_snapshot_schedule"} v 0) ==== 128+0+0 (crc 0 0 0) 0x55ccffb12540 con 0x55ccffb45800
2026-02-12T04:18:03.714+0000 7feae611c640 20 mon.a@0(leader) e1 _ms_dispatch existing session 0x55ccffb9c6c0 for mgr.4100
2026-02-12T04:18:03.714+0000 7feae611c640 20 mon.a@0(leader) e1 entity_name mgr.x global_id 4100 (none) caps allow *
2026-02-12T04:18:03.714+0000 7feaea124640 5 --2- v2:127.0.0.1:7146/0 >> 127.0.0.1:0/3978893233 conn(0x55ccffb45800 0x55ccfeb11700 crc :-1 s=READ_MESSAGE_COMPLETE pgs=2 cs=0 l=1 rev1=1 crypto rx=0 tx=0 comp rx=0 tx=0).handle_message received message m=0x55ccfff9a1c0 seq=12 from=mgr.4100 type=50 mon_command([{prefix=config-key set, key=mgr/telemetry/report_id}] v 0)
2026-02-12T04:18:03.714+0000 7feaea124640 20 -- v2:127.0.0.1:7146/0 queue 0x55ccfff9a1c0 prio 127
2026-02-12T04:18:03.714+0000 7feaea124640 20 --2- v2:127.0.0.1:7146/0 >> 127.0.0.1:0/3978893233 conn(0x55ccffb45800 0x55ccfeb11700 crc :-1 s=READY pgs=2 cs=0 l=1 rev1=1 crypto rx=0 tx=0 comp rx=0 tx=0).read_frame
2026-02-12T04:18:03.714+0000 7feaea124640 20 -- v2:127.0.0.1:7146/0 >> 127.0.0.1:0/3978893233 conn(0x55ccffb45800 msgr2=0x55ccfeb11700 crc :-1 s=STATE_CONNECTION_ESTABLISHED l=1).read start len=32
2026-02-12T04:18:03.714+0000 7feae611c640 0 mon.a@0(leader) e1 handle_command mon_command({"prefix":"config rm","who":"mgr","name":"mgr/rbd_support/x/mirror_snapshot_schedule"} v 0)
2026-02-12T04:18:03.714+0000 7feae611c640 20 MonCap is_capable service=config command=config rm read write addr 127.0.0.1:0/3978893233 on cap allow *
