2026-02-12 16:47:10.810 18239 INFO tempest.lib.common.rest_client [tx0000051b5f4f7baf51219-00698e040e-4203-default tx0000051b5f4f7baf51219-00698e040e-4203-default ] Request (ContainerQuotasTest:tearDownClass): 404 HEAD http://trial088.front.sepia.ceph.com:80/v1/KEY_faf3e7b06e054b85a3c05d1ec0b0e768/tempest-TestContainer-1640359966 0.002s
2026-02-12 16:47:10.810 18265 INFO tempest.lib.common.rest_client [tx00000f7fc6237553a9b0c-00698e040e-4203-default tx00000f7fc6237553a9b0c-00698e040e-4203-default ] Request (ObjectFormPostTest:tearDownClass): 404 GET http://trial088.front.sepia.ceph.com:80/v1/KEY_baad7726edb24ce18ccba0e96e1bffb2/tempest-TestContainer-1701042531/tempest-ObjectTemp-2064253155testfile 0.001s
2026-02-12 16:47:10.828 18265 INFO tempest.lib.common.rest_client [tx00000212a55d2c0282ba9-00698e040e-4203-default tx00000212a55d2c0282ba9-00698e040e-4203-default ] Request (ObjectFormPostTest:tearDownClass): 204 DELETE http://trial088.front.sepia.ceph.com:80/v1/KEY_baad7726edb24ce18ccba0e96e1bffb2/tempest-TestContainer-1701042531 0.017s
2026-02-12 16:47:10.829 18265 INFO tempest.lib.common.rest_client [tx000008f308ffebdbb397b-00698e040e-4203-default tx000008f308ffebdbb397b-00698e040e-4203-default ] Request (ObjectFormPostTest:tearDownClass): 404 HEAD http://trial088.front.sepia.ceph.com:80/v1/KEY_baad7726edb24ce18ccba0e96e1bffb2/tempest-TestContainer-1701042531 0.001s
2026-02-12 16:47:16.486 18237 INFO tempest.lib.common.rest_client [req-df5b8cd0-fb93-49f2-8dc8-cf482981cb19 req-df5b8cd0-fb93-49f2-8dc8-cf482981cb19 ] Request (ObjectTest:setUpClass): 201 POST http://trial088.front.sepia.ceph.com:5000/v3/auth/tokens 14.307s
2026-02-12 16:47:16.672 18245 INFO tempest.lib.common.rest_client [req-8b994ec4-d1eb-417e-8970-be6807c072b6 req-8b994ec4-d1eb-417e-8970-be6807c072b6 ] Request (ContainerNegativeTest:setUpClass): 201 POST http://trial088.front.sepia.ceph.com:5000/v3/auth/tokens 13.482s
2026-02-12 16:47:16.700 18253 INFO tempest.lib.common.rest_client [req-4411edb3-77c6-451a-9525-fb306e3d8a69 req-4411edb3-77c6-451a-9525-fb306e3d8a69 ] Request (AccountNegativeTest:setUpClass): 204 PUT http://trial088.front.sepia.ceph.com:5000/v3/projects/3f2ea2dcb1e74cde9ca081478c97c790/users/8a470c64be454b9588ded48966c2e622/roles/4822233e9d9847f3a910463289db016f 6.098s
2026-02-12 16:47:16.737 18251 INFO tempest.lib.common.rest_client [req-8c947c7d-857b-41bb-8d24-b7feed9fe176 req-8c947c7d-857b-41bb-8d24-b7feed9fe176 ] Request (AccountQuotasTest:setUpClass): 204 PUT http://trial088.front.sepia.ceph.com:5000/v3/projects/69b064bc28bd46fa81dd487755a2f4b1/users/566e674aa0c8438a92c66496e499c2d1/roles/37fa3dc0d29d4c51a183120a12daa3da 6.056s
2026-02-12 16:47:16.783 18239 INFO tempest.lib.common.rest_client [req-4ed03d1c-c0c4-409c-a172-7af74f0caca2 req-4ed03d1c-c0c4-409c-a172-7af74f0caca2 ] Request (ContainerQuotasTest:tearDownClass): 204 DELETE http://trial088.front.sepia.ceph.com:5000/v3/users/d652bc2c381c41d6ab94a20dae4a471a 5.973s
2026-02-12 16:47:16.783 18239 INFO tempest.lib.common.dynamic_creds [-] Deleting project and security group for project: faf3e7b06e054b85a3c05d1ec0b0e768
2026-02-12 16:47:16.829 18265 INFO tempest.lib.common.rest_client [req-795a9748-f2ff-45da-8398-f99e393bc493 req-795a9748-f2ff-45da-8398-f99e393bc493 ] Request (ObjectFormPostTest:tearDownClass): 204 DELETE http://trial088.front.sepia.ceph.com:5000/v3/users/4ddeda3e92934cf7932d20148eb4cabd 6.000s
2026-02-12 16:47:16.830 18265 INFO tempest.lib.common.dynamic_creds [-] Deleting project and security group for project: baad7726edb24ce18ccba0e96e1bffb2
2026-02-12 16:47:16.878 18247 INFO tempest.lib.common.rest_client [tx000001e5a2146651512a9-00698e040e-4203-default tx000001e5a2146651512a9-00698e040e-4203-default ] Request (ContainerTest:test_versioned_container): 201 PUT http://trial088.front.sepia.ceph.com:80/v1/KEY_bc04f07f4e204c638f2341b433489ba7/tempest-TestVersionContainer-213175530 6.489s
2026-02-12 16:47:16.881 18247 INFO tempest.lib.common.rest_client [tx0000028c43230ae6600a1-00698e0414-4203-default tx0000028c43230ae6600a1-00698e0414-4203-default ] Request (ContainerTest:test_versioned_container): 204 HEAD http://trial088.front.sepia.ceph.com:80/v1/KEY_bc04f07f4e204c638f2341b433489ba7/tempest-TestVersionContainer-213175530 0.002s
2026-02-12 16:47:16.888 18247 INFO tempest.lib.common.rest_client [tx00000db9f0bbe5eff5254-00698e0414-4203-default tx00000db9f0bbe5eff5254-00698e0414-4203-default ] Request (ContainerTest:test_versioned_container): 201 PUT http://trial088.front.sepia.ceph.com:80/v1/KEY_bc04f07f4e204c638f2341b433489ba7/tempest-TestBaseContainer-364126142 0.007s
2026-02-12 16:47:16.890 18247 INFO tempest.lib.common.rest_client [tx00000fd108cf59eee76d3-00698e0414-4203-default tx00000fd108cf59eee76d3-00698e0414-4203-default ] Request (ContainerTest:test_versioned_container): 204 HEAD http://trial088.front.sepia.ceph.com:80/v1/KEY_bc04f07f4e204c638f2341b433489ba7/tempest-TestBaseContainer-364126142 0.002s
2026-02-12 16:47:16.895 18247 INFO tempest.lib.common.rest_client [tx00000e1f919c14a32eeb6-00698e0414-4203-default tx00000e1f919c14a32eeb6-00698e0414-4203-default ] Request (ContainerTest:test_versioned_container): 201 PUT http://trial088.front.sepia.ceph.com:80/v1/KEY_bc04f07f4e204c638f2341b433489ba7/tempest-TestBaseContainer-364126142/tempest-TestObject-1239429777 0.004s
2026-02-12 16:47:16.902 18247 INFO tempest.lib.common.rest_client [tx00000590fea68e38edf4d-00698e0414-4203-default tx00000590fea68e38edf4d-00698e0414-4203-default ] Request (ContainerTest:test_versioned_container): 201 PUT http://trial088.front.sepia.ceph.com:80/v1/KEY_bc04f07f4e204c638f2341b433489ba7/tempest-TestBaseContainer-364126142/tempest-TestObject-1239429777 0.006s
2026-02-12 16:47:16.904 18247 INFO tempest.lib.common.rest_client [tx00000c496094f9a25b99d-00698e0414-4203-default tx00000c496094f9a25b99d-00698e0414-4203-default ] Request (ContainerTest:test_versioned_container): 200 GET http://trial088.front.sepia.ceph.com:80/v1/KEY_bc04f07f4e204c638f2341b433489ba7/tempest-TestBaseContainer-364126142/tempest-TestObject-1239429777 0.002s
2026-02-12 16:47:16.910 18247 INFO tempest.lib.common.rest_client [tx0000042bb3aa419222a73-00698e0414-4203-default tx0000042bb3aa419222a73-00698e0414-4203-default ] Request (ContainerTest:test_versioned_container): 204 DELETE http://trial088.front.sepia.ceph.com:80/v1/KEY_bc04f07f4e204c638f2341b433489ba7/tempest-TestBaseContainer-364126142/tempest-TestObject-1239429777 0.006s
2026-02-12 16:47:16.913 18247 INFO tempest.lib.common.rest_client [tx00000f98523e841e02cc9-00698e0414-4203-default tx00000f98523e841e02cc9-00698e0414-4203-default ] Request (ContainerTest:test_versioned_container): 204 HEAD http://trial088.front.sepia.ceph.com:80/v1/KEY_bc04f07f4e204c638f2341b433489ba7/tempest-TestBaseContainer-364126142 0.002s
2026-02-12 16:47:16.915 18247 INFO tempest.lib.common.rest_client [tx0000082a6d56c237246c6-00698e0414-4203-default tx0000082a6d56c237246c6-00698e0414-4203-default ] Request (ContainerTest:test_versioned_container): 200 GET http://trial088.front.sepia.ceph.com:80/v1/KEY_bc04f07f4e204c638f2341b433489ba7/tempest-TestBaseContainer-364126142/tempest-TestObject-1239429777 0.002s
2026-02-12 16:47:16.919 18247 INFO tempest.lib.common.rest_client [tx000007939865c7a63f0d3-00698e0414-4203-default tx000007939865c7a63f0d3-00698e0414-4203-default ] Request (ContainerTest:test_versioned_container): 204 DELETE http://trial088.front.sepia.ceph.com:80/v1/KEY_bc04f07f4e204c638f2341b433489ba7/tempest-TestBaseContainer-364126142/tempest-TestObject-1239429777 0.004s
2026-02-12 16:47:16.921 18247 INFO tempest.lib.common.rest_client [tx00000b2b1706873d2bc30-00698e0414-4203-default tx00000b2b1706873d2bc30-00698e0414-4203-default ] Request (ContainerTest:test_versioned_container): 204 HEAD http://trial088.front.sepia.ceph.com:80/v1/KEY_bc04f07f4e204c638f2341b433489ba7/tempest-TestBaseContainer-364126142 0.002s
2026-02-12 16:47:16.923 18247 INFO tempest.lib.common.rest_client [tx0000028850762493bf52f-00698e0414-4203-default tx0000028850762493bf52f-00698e0414-4203-default ] Request (ContainerTest:test_versioned_container): 204 HEAD http://trial088.front.sepia.ceph.com:80/v1/KEY_bc04f07f4e204c638f2341b433489ba7/tempest-TestVersionContainer-213175530 0.002s
2026-02-12 16:47:16.926 18247 INFO tempest.lib.common.rest_client [tx0000008d9909c63e42d77-00698e0414-4203-default tx0000008d9909c63e42d77-00698e0414-4203-default ] Request (ContainerTest:_run_cleanups): 200 GET http://trial088.front.sepia.ceph.com:80/v1/KEY_bc04f07f4e204c638f2341b433489ba7/tempest-TestBaseContainer-364126142?&limit=9999&format=json 0.002s
2026-02-12 16:47:16.944 18247 INFO tempest.lib.common.rest_client [tx00000b709d86af29a18de-00698e0414-4203-default tx00000b709d86af29a18de-00698e0414-4203-default ] Request (ContainerTest:_run_cleanups): 204 DELETE http://trial088.front.sepia.ceph.com:80/v1/KEY_bc04f07f4e204c638f2341b433489ba7/tempest-TestBaseContainer-364126142 0.018s
2026-02-12 16:47:16.946 18247 INFO tempest.lib.common.rest_client [tx0000061974e9822f62c48-00698e0414-4203-default tx0000061974e9822f62c48-00698e0414-4203-default ] Request (ContainerTest:_run_cleanups): 404 HEAD http://trial088.front.sepia.ceph.com:80/v1/KEY_bc04f07f4e204c638f2341b433489ba7/tempest-TestBaseContainer-364126142 0.001s
2026-02-12 16:47:16.948 18247 INFO tempest.lib.common.rest_client [tx0000029c58b61a96ddcd3-00698e0414-4203-default tx0000029c58b61a96ddcd3-00698e0414-4203-default ] Request (ContainerTest:_run_cleanups): 200 GET http://trial088.front.sepia.ceph.com:80/v1/KEY_bc04f07f4e204c638f2341b433489ba7/tempest-TestVersionContainer-213175530?&limit=9999&format=json 0.002s
2026-02-12 16:47:16.966 18247 INFO tempest.lib.common.rest_client [tx00000f8bd89a5643d4b9e-00698e0414-4203-default tx00000f8bd89a5643d4b9e-00698e0414-4203-default ] Request (ContainerTest:_run_cleanups): 204 DELETE http://trial088.front.sepia.ceph.com:80/v1/KEY_bc04f07f4e204c638f2341b433489ba7/tempest-TestVersionContainer-213175530 0.018s
2026-02-12 16:47:16.968 18247 INFO tempest.lib.common.rest_client [tx0000060038d4492528e07-00698e0414-4203-default tx0000060038d4492528e07-00698e0414-4203-default ] Request (ContainerTest:_run_cleanups): 404 HEAD http://trial088.front.sepia.ceph.com:80/v1/KEY_bc04f07f4e204c638f2341b433489ba7/tempest-TestVersionContainer-213175530 0.001s
2026-02-12 16:47:17.061 18237 INFO tempest.lib.common.rest_client [req-aec25b68-da0f-4225-be14-0521aab1fe1e req-aec25b68-da0f-4225-be14-0521aab1fe1e ] Request (ObjectTest:setUpClass): 201 POST http://trial088.front.sepia.ceph.com:5000/v3/auth/tokens 0.574s
2026-02-12 16:47:17.083 18245 INFO tempest.lib.common.rest_client [req-59f1aaca-cc24-4de3-8799-5e22d9dc79d8 req-59f1aaca-cc24-4de3-8799-5e22d9dc79d8 ] Request (ContainerNegativeTest:setUpClass): 200 GET http://trial088.front.sepia.ceph.com:5000/v3/domains?name=Default 0.411s
2026-02-12 16:47:17.108 18253 INFO tempest.lib.common.rest_client [req-464d7b00-6cba-48eb-a017-2c2c74151404 req-464d7b00-6cba-48eb-a017-2c2c74151404 ] Request (AccountNegativeTest:setUpClass): 200 GET http://trial088.front.sepia.ceph.com:5000/v3/roles 0.408s
2026-02-12 16:47:17.132 18251 INFO tempest.lib.common.rest_client [req-a1384b6d-ae34-483f-bbdf-cbd460fb16d0 req-a1384b6d-ae34-483f-bbdf-cbd460fb16d0 ] Request (AccountQuotasTest:setUpClass): 200 GET http://trial088.front.sepia.ceph.com:5000/v3/roles 0.394s
2026-02-12 16:47:17.171 18239 INFO tempest.lib.common.rest_client [req-75e23e13-7aa5-4904-a0c9-28a132c53c7b req-75e23e13-7aa5-4904-a0c9-28a132c53c7b ] Request (ContainerQuotasTest:tearDownClass): 204 DELETE http://trial088.front.sepia.ceph.com:5000/v3/projects/faf3e7b06e054b85a3c05d1ec0b0e768 0.387s
2026-02-12 16:47:17.224 18265 INFO tempest.lib.common.rest_client [req-99eb2176-3dec-42ab-a8f1-ea9b06d223ef req-99eb2176-3dec-42ab-a8f1-ea9b06d223ef ] Request (ObjectFormPostTest:tearDownClass): 204 DELETE http://trial088.front.sepia.ceph.com:5000/v3/projects/baad7726edb24ce18ccba0e96e1bffb2 0.394s
2026-02-12 16:47:17.274 18247 INFO tempest.lib.common.rest_client [req-2f6d96bf-91e9-4732-afff-a68786458e79 req-2f6d96bf-91e9-4732-afff-a68786458e79 ] Request (ContainerTest:tearDownClass): 204 DELETE http://trial088.front.sepia.ceph.com:5000/v3/users/d243937339b74c0ea8cca77d0f5b9ad9 0.304s
2026-02-12 16:47:17.274 18247 INFO tempest.lib.common.dynamic_creds [-] Deleting project and security group for project: bc04f07f4e204c638f2341b433489ba7
2026-02-12 16:47:17.308 18237 INFO tempest.lib.common.rest_client [req-5bd3d076-6379-43d8-8b35-eee958034fc8 req-5bd3d076-6379-43d8-8b35-eee958034fc8 ] Request (ObjectTest:setUpClass): 200 GET http://trial088.front.sepia.ceph.com:5000/v3/domains?name=Default 0.246s
2026-02-12 16:47:17.341 18245 INFO tempest.lib.common.rest_client [req-6fa7e42b-7b9f-4829-bbb1-6ba8aebe01fb req-6fa7e42b-7b9f-4829-bbb1-6ba8aebe01fb ] Request (ContainerNegativeTest:setUpClass): 201 POST http://trial088.front.sepia.ceph.com:5000/v3/projects 0.255s
2026-02-12 16:47:17.377 18253 INFO tempest.lib.common.rest_client [req-4f3a81fa-208a-4d50-a2e4-c78c8bb4618c req-4f3a81fa-208a-4d50-a2e4-c78c8bb4618c ] Request (AccountNegativeTest:setUpClass): 204 PUT http://trial088.front.sepia.ceph.com:5000/v3/projects/3f2ea2dcb1e74cde9ca081478c97c790/users/8a470c64be454b9588ded48966c2e622/roles/37fa3dc0d29d4c51a183120a12daa3da 0.269s
2026-02-12 16:47:17.377 18253 INFO tempest.lib.common.dynamic_creds [-] Dynamic test user 8a470c64be454b9588ded48966c2e622 is created with scope project and roles: ['member', 'admin']
2026-02-12 16:47:17.377 18253 INFO tempest.lib.common.dynamic_creds [-] Acquired dynamic creds: credentials: Credentials: {'domain_id': 'default', 'domain_name': 'Default', 'username': 'tempest-AccountNegativeTest-2113781125-project-member', 'project_domain_id': 'default', 'project_domain_name': 'Default', 'project_id': '3f2ea2dcb1e74cde9ca081478c97c790', 'project_name': 'tempest-AccountNegativeTest-2113781125', 'tenant_id': '3f2ea2dcb1e74cde9ca081478c97c790', 'tenant_name': 'tempest-AccountNegativeTest-2113781125', 'user_domain_id': 'default', 'user_domain_name': 'Default', 'user_id': '8a470c64be454b9588ded48966c2e622', 'system': None}, Network: None, Subnet: None, Router: None
2026-02-12 16:47:17.414 18251 INFO tempest.lib.common.rest_client [req-828a5743-ae1b-4378-b0ac-edafdea1cddb req-828a5743-ae1b-4378-b0ac-edafdea1cddb ] Request (AccountQuotasTest:setUpClass): 204 PUT http://trial088.front.sepia.ceph.com:5000/v3/projects/69b064bc28bd46fa81dd487755a2f4b1/users/566e674aa0c8438a92c66496e499c2d1/roles/37fa3dc0d29d4c51a183120a12daa3da 0.281s
2026-02-12 16:47:17.414 18251 INFO tempest.lib.common.dynamic_creds [-] Dynamic test user 566e674aa0c8438a92c66496e499c2d1 is created with scope project and roles: ['admin', 'admin']
2026-02-12 16:47:17.414 18251 INFO tempest.lib.common.dynamic_creds [-] Acquired dynamic creds: credentials: Credentials: {'domain_id': 'default', 'domain_name': 'Default', 'username': 'tempest-AccountQuotasTest-1161001468-project-admin', 'project_domain_id': 'default', 'project_domain_name': 'Default', 'project_id': '69b064bc28bd46fa81dd487755a2f4b1', 'project_name': 'tempest-AccountQuotasTest-1161001468', 'tenant_id': '69b064bc28bd46fa81dd487755a2f4b1', 'tenant_name': 'tempest-AccountQuotasTest-1161001468', 'user_domain_id': 'default', 'user_domain_name': 'Default', 'user_id': '566e674aa0c8438a92c66496e499c2d1', 'system': None}, Network: None, Subnet: None, Router: None
2026-02-12 16:47:17.459 18247 INFO tempest.lib.common.rest_client [req-8c99e824-c568-417e-923f-97c685b290fe req-8c99e824-c568-417e-923f-97c685b290fe ] Request (ContainerTest:tearDownClass): 204 DELETE http://trial088.front.sepia.ceph.com:5000/v3/projects/bc04f07f4e204c638f2341b433489ba7 0.185s
2026-02-12 16:47:17.501 18237 INFO tempest.lib.common.rest_client [req-3831d9a8-00fb-47b6-a587-8203331d2ecd req-3831d9a8-00fb-47b6-a587-8203331d2ecd ] Request (ObjectTest:setUpClass): 201 POST http://trial088.front.sepia.ceph.com:5000/v3/projects 0.191s
2026-02-12 16:47:17.693 18245 INFO tempest.lib.common.rest_client [req-e8217c01-4066-4719-a176-406081e91746 req-e8217c01-4066-4719-a176-406081e91746 ] Request (ContainerNegativeTest:setUpClass): 201 POST http://trial088.front.sepia.ceph.com:5000/v3/users 0.352s
2026-02-12 16:47:17.876 18253 INFO tempest.lib.common.rest_client [req-ec0b14e9-e089-41b9-8a4b-dde74facc432 req-ec0b14e9-e089-41b9-8a4b-dde74facc432 ] Request (AccountNegativeTest:setUpClass): 201 POST http://trial088.front.sepia.ceph.com:5000/v3/auth/tokens 0.495s
2026-02-12 16:47:18.058 18251 INFO tempest.lib.common.rest_client [req-b8cf6dc1-7065-4130-9864-9aa4bb252861 req-b8cf6dc1-7065-4130-9864-9aa4bb252861 ] Request (AccountQuotasTest:setUpClass): 201 POST http://trial088.front.sepia.ceph.com:5000/v3/auth/tokens 0.640s
2026-02-12 16:47:18.252 18237 INFO tempest.lib.common.rest_client [req-ac2144c6-7968-4853-8f67-e1f7d3073c51 req-ac2144c6-7968-4853-8f67-e1f7d3073c51 ] Request (ObjectTest:setUpClass): 201 POST http://trial088.front.sepia.ceph.com:5000/v3/users 0.750s
2026-02-12 16:47:18.438 18259 INFO tempest.lib.common.rest_client [req-4770abf8-b834-4dd4-b5f8-d4560576c142 req-4770abf8-b834-4dd4-b5f8-d4560576c142 ] Request (StaticWebTest:setUpClass): 201 POST http://trial088.front.sepia.ceph.com:5000/v3/auth/tokens 16.226s
2026-02-12 16:47:18.624 18263 INFO tempest.lib.common.rest_client [req-212770c6-3945-4471-9563-e39888da4d29 req-212770c6-3945-4471-9563-e39888da4d29 ] Request (ObjectFormPostNegativeTest:setUpClass): 201 POST http://trial088.front.sepia.ceph.com:5000/v3/auth/tokens 16.413s
2026-02-12 16:47:18.810 18255 INFO tempest.lib.common.rest_client [req-94f1abe7-6a6c-489f-8d20-6d0a25d34b56 req-94f1abe7-6a6c-489f-8d20-6d0a25d34b56 ] Request (ObjectTempUrlTest:setUpClass): 201 POST http://trial088.front.sepia.ceph.com:5000/v3/auth/tokens 16.611s
2026-02-12 16:47:18.996 18249 INFO tempest.lib.common.rest_client [req-76a94f39-6039-46e5-a220-18599abd10c9 req-76a94f39-6039-46e5-a220-18599abd10c9 ] Request (PublicObjectTest:setUpClass): 201 POST http://trial088.front.sepia.ceph.com:5000/v3/auth/tokens 16.797s
2026-02-12 16:47:19.183 18269 INFO tempest.lib.common.rest_client [req-a5616b69-56d3-4ed6-8600-d01d6b88124f req-a5616b69-56d3-4ed6-8600-d01d6b88124f ] Request (ObjectTempUrlNegativeTest:setUpClass): 201 POST http://trial088.front.sepia.ceph.com:5000/v3/auth/tokens 16.974s
2026-02-12 16:47:19.363 18251 INFO tempest.lib.common.rest_client [req-0504197f-9364-4f6f-82b3-35657e0fc64b req-0504197f-9364-4f6f-82b3-35657e0fc64b ] Request (AccountQuotasTest:setUpClass): 201 POST http://trial088.front.sepia.ceph.com:5000/v3/auth/tokens 1.305s
2026-02-12 16:47:19.365 18251 INFO tempest.lib.common.rest_client [tx0000075d59a3b5dacc8cf-00698e0417-4203-default tx0000075d59a3b5dacc8cf-00698e0417-4203-default ] Request (AccountQuotasTest:setUpClass): 200 GET http://trial088.front.sepia.ceph.com:80/info 0.001s
2026-02-12 16:47:19.398 18237 INFO tempest.lib.common.rest_client [req-9dfb0ce5-5a58-4c73-8a07-659b635a50da req-9dfb0ce5-5a58-4c73-8a07-659b635a50da ] Request (ObjectTest:setUpClass): 200 GET http://trial088.front.sepia.ceph.com:5000/v3/roles 1.146s
2026-02-12 16:47:19.584 18259 INFO tempest.lib.common.rest_client [req-5d281ef4-6eec-40af-acae-1c7dc0ba5b24 req-5d281ef4-6eec-40af-acae-1c7dc0ba5b24 ] Request (StaticWebTest:setUpClass): 201 POST http://trial088.front.sepia.ceph.com:5000/v3/auth/tokens 1.145s
2026-02-12 16:47:19.770 18263 INFO tempest.lib.common.rest_client [req-24fe0ae5-cbae-409a-847e-93500c4e9958 req-24fe0ae5-cbae-409a-847e-93500c4e9958 ] Request (ObjectFormPostNegativeTest:setUpClass): 201 POST http://trial088.front.sepia.ceph.com:5000/v3/auth/tokens 1.145s
2026-02-12 16:47:19.957 18255 INFO tempest.lib.common.rest_client [req-689048c0-518b-483d-b02d-f8fb698eb4aa req-689048c0-518b-483d-b02d-f8fb698eb4aa ] Request (ObjectTempUrlTest:setUpClass): 201 POST http://trial088.front.sepia.ceph.com:5000/v3/auth/tokens 1.145s
2026-02-12 16:47:20.143 18249 INFO tempest.lib.common.rest_client [req-1c4f4a88-2bc2-4961-9ebd-b92657e5e63f req-1c4f4a88-2bc2-4961-9ebd-b92657e5e63f ] Request (PublicObjectTest:setUpClass): 201 POST http://trial088.front.sepia.ceph.com:5000/v3/auth/tokens 1.145s
2026-02-12 16:47:20.329 18269 INFO tempest.lib.common.rest_client [req-94c5cfad-0ba6-4485-a673-5537b2ba31ed req-94c5cfad-0ba6-4485-a673-5537b2ba31ed ] Request (ObjectTempUrlNegativeTest:setUpClass): 201 POST http://trial088.front.sepia.ceph.com:5000/v3/auth/tokens 1.145s
2026-02-12 16:47:20.376 18251 INFO tempest.lib.common.rest_client [tx00000e62680c03b0735b5-00698e0417-4203-default tx00000e62680c03b0735b5-00698e0417-4203-default ] Request (AccountQuotasTest:setUpClass): 201 PUT http://trial088.front.sepia.ceph.com:80/v1/KEY_e01e44ab916b4fe7b2c905ffd76c1ca5/tempest-TestContainer-401387205 1.011s
2026-02-12 16:47:20.410 18237 INFO tempest.lib.common.rest_client [req-77a8a1d9-fe49-499a-84c6-5e3f8c028740 req-77a8a1d9-fe49-499a-84c6-5e3f8c028740 ] Request (ObjectTest:setUpClass): 204 PUT http://trial088.front.sepia.ceph.com:5000/v3/projects/f441899c088c4cb3876c26ab9f6534bd/users/31c051b82f2144f7a1747a39ccba1777/roles/4822233e9d9847f3a910463289db016f 1.011s
2026-02-12 16:47:20.442 18259 INFO tempest.lib.common.rest_client [req-71538ac9-5e60-4dab-b78e-648800268f09 req-71538ac9-5e60-4dab-b78e-648800268f09 ] Request (StaticWebTest:setUpClass): 200 GET http://trial088.front.sepia.ceph.com:5000/v3/domains?name=Default 0.857s
2026-02-12 16:47:20.467 18263 INFO tempest.lib.common.rest_client [req-c687dcb1-2e63-4821-a5aa-fed8ece6fe21 req-c687dcb1-2e63-4821-a5aa-fed8ece6fe21 ] Request (ObjectFormPostNegativeTest:setUpClass): 200 GET http://trial088.front.sepia.ceph.com:5000/v3/domains?name=Default 0.696s
2026-02-12 16:47:20.492 18255 INFO tempest.lib.common.rest_client [req-121b7c99-fef7-4281-9b40-c3fba9cf6713 req-121b7c99-fef7-4281-9b40-c3fba9cf6713 ] Request (ObjectTempUrlTest:setUpClass): 200 GET http://trial088.front.sepia.ceph.com:5000/v3/domains?name=Default 0.534s
2026-02-12 16:47:20.517 18249 INFO tempest.lib.common.rest_client [req-e8b662f5-bdfb-4c8e-ae4c-02885e3abbc8 req-e8b662f5-bdfb-4c8e-ae4c-02885e3abbc8 ] Request (PublicObjectTest:setUpClass): 200 GET http://trial088.front.sepia.ceph.com:5000/v3/domains?name=Default 0.373s
2026-02-12 16:47:20.542 18269 INFO tempest.lib.common.rest_client [req-e878aec8-4a06-4ad5-b829-0080de18262c req-e878aec8-4a06-4ad5-b829-0080de18262c ] Request (ObjectTempUrlNegativeTest:setUpClass): 200 GET http://trial088.front.sepia.ceph.com:5000/v3/domains?name=Default 0.213s
2026-02-12 16:47:20.587 18251 INFO tempest.lib.common.rest_client [tx00000942642f06752ce86-00698e0418-4203-default tx00000942642f06752ce86-00698e0418-4203-default ] Request (AccountQuotasTest:setUp): 204 POST http://trial088.front.sepia.ceph.com:80/v1/KEY_e01e44ab916b4fe7b2c905ffd76c1ca5 0.210s
2026-02-12 16:47:20.590 18251 INFO tempest.lib.common.rest_client [tx0000070a238ce11f79152-00698e0418-4203-default tx0000070a238ce11f79152-00698e0418-4203-default ] Request (AccountQuotasTest:test_admin_modify_quota): 204 POST http://trial088.front.sepia.ceph.com:80/v1/KEY_e01e44ab916b4fe7b2c905ffd76c1ca5 0.003s
2026-02-12 16:47:20.593 18251 INFO tempest.lib.common.rest_client [tx0000094c3ead8c1d151dd-00698e0418-4203-default tx0000094c3ead8c1d151dd-00698e0418-4203-default ] Request (AccountQuotasTest:test_admin_modify_quota): 204 POST http://trial088.front.sepia.ceph.com:80/v1/KEY_e01e44ab916b4fe7b2c905ffd76c1ca5 0.003s
2026-02-12 16:47:20.597 18251 INFO tempest.lib.common.rest_client [tx000009776859feea5e727-00698e0418-4203-default tx000009776859feea5e727-00698e0418-4203-default ] Request (AccountQuotasTest:test_admin_modify_quota): 204 POST http://trial088.front.sepia.ceph.com:80/v1/KEY_e01e44ab916b4fe7b2c905ffd76c1ca5 0.003s
2026-02-12 16:47:20.599 18251 INFO tempest.lib.common.rest_client [tx00000d278fc06bff3d767-00698e0418-4203-default tx00000d278fc06bff3d767-00698e0418-4203-default ] Request (AccountQuotasTest:tearDown): 204 POST http://trial088.front.sepia.ceph.com:80/v1/KEY_e01e44ab916b4fe7b2c905ffd76c1ca5 0.003s
2026-02-12 16:47:20.603 18251 INFO tempest.lib.common.rest_client [tx00000fdb9bceae360b352-00698e0418-4203-default tx00000fdb9bceae360b352-00698e0418-4203-default ] Request (AccountQuotasTest:setUp): 204 POST http://trial088.front.sepia.ceph.com:80/v1/KEY_e01e44ab916b4fe7b2c905ffd76c1ca5 0.003s
2026-02-12 16:47:20.607 18251 INFO tempest.lib.common.rest_client [tx00000e9b59ce5fdccce58-00698e0418-4203-default tx00000e9b59ce5fdccce58-00698e0418-4203-default ] Request (AccountQuotasTest:test_upload_valid_object): 201 PUT http://trial088.front.sepia.ceph.com:80/v1/KEY_e01e44ab916b4fe7b2c905ffd76c1ca5/tempest-TestContainer-401387205/tempest-TestObject-611770743 0.004s
2026-02-12 16:47:20.610 18251 INFO tempest.lib.common.rest_client [tx0000003d47f7b58a91021-00698e0418-4203-default tx0000003d47f7b58a91021-00698e0418-4203-default ] Request (AccountQuotasTest:tearDown): 204 POST http://trial088.front.sepia.ceph.com:80/v1/KEY_e01e44ab916b4fe7b2c905ffd76c1ca5 0.003s
2026-02-12 16:47:20.614 18251 INFO tempest.lib.common.rest_client [tx000008d0d981d3ac72b9b-00698e0418-4203-default tx000008d0d981d3ac72b9b-00698e0418-4203-default ] Request (AccountQuotasTest:tearDownClass): 200 GET http://trial088.front.sepia.ceph.com:80/v1/KEY_e01e44ab916b4fe7b2c905ffd76c1ca5/tempest-TestContainer-401387205?&limit=9999&format=json 0.002s
2026-02-12 16:47:20.618 18251 INFO tempest.lib.common.rest_client [tx000001c3d0065e0d6ae19-00698e0418-4203-default tx000001c3d0065e0d6ae19-00698e0418-4203-default ] Request (AccountQuotasTest:tearDownClass): 204 DELETE http://trial088.front.sepia.ceph.com:80/v1/KEY_e01e44ab916b4fe7b2c905ffd76c1ca5/tempest-TestContainer-401387205/tempest-TestObject-611770743 0.003s
2026-02-12 16:47:20.620 18251 INFO tempest.lib.common.rest_client [tx00000d051b8ff894d9e86-00698e0418-4203-default tx00000d051b8ff894d9e86-00698e0418-4203-default ] Request (AccountQuotasTest:tearDownClass): 404 GET http://trial088.front.sepia.ceph.com:80/v1/KEY_e01e44ab916b4fe7b2c905ffd76c1ca5/tempest-TestContainer-401387205/tempest-TestObject-611770743 0.002s
2026-02-12 16:47:20.621 18237 INFO tempest.lib.common.rest_client [req-5c0a2fa2-3a3b-44fc-8da2-0f628694b721 req-5c0a2fa2-3a3b-44fc-8da2-0f628694b721 ] Request (ObjectTest:setUpClass): 200 GET http://trial088.front.sepia.ceph.com:5000/v3/roles 0.211s
2026-02-12 16:47:20.639 18251 INFO tempest.lib.common.rest_client [tx000001bf8a749d37b97bb-00698e0418-4203-default tx000001bf8a749d37b97bb-00698e0418-4203-default ] Request (AccountQuotasTest:tearDownClass): 204 DELETE http://trial088.front.sepia.ceph.com:80/v1/KEY_e01e44ab916b4fe7b2c905ffd76c1ca5/tempest-TestContainer-401387205 0.019s
2026-02-12 16:47:20.641 18251 INFO tempest.lib.common.rest_client [tx00000b34e974d8c272a03-00698e0418-4203-default tx00000b34e974d8c272a03-00698e0418-4203-default ] Request (AccountQuotasTest:tearDownClass): 404 HEAD http://trial088.front.sepia.ceph.com:80/v1/KEY_e01e44ab916b4fe7b2c905ffd76c1ca5/tempest-TestContainer-401387205 0.002s
2026-02-12 16:47:20.657 18259 INFO tempest.lib.common.rest_client [req-df49ef1a-2a75-457d-92a1-8111e284d984 req-df49ef1a-2a75-457d-92a1-8111e284d984 ] Request (StaticWebTest:setUpClass): 201 POST http://trial088.front.sepia.ceph.com:5000/v3/projects 0.213s
2026-02-12 16:47:20.695 18263 INFO tempest.lib.common.rest_client [req-3c5a50b3-2a50-493b-975b-e3766919e8b4 req-3c5a50b3-2a50-493b-975b-e3766919e8b4 ] Request (ObjectFormPostNegativeTest:setUpClass): 201 POST http://trial088.front.sepia.ceph.com:5000/v3/projects 0.226s
2026-02-12 16:47:20.732 18255 INFO tempest.lib.common.rest_client [req-da21ec6b-60f4-4e16-a3f7-2df771648fb1 req-da21ec6b-60f4-4e16-a3f7-2df771648fb1 ] Request (ObjectTempUrlTest:setUpClass): 201 POST http://trial088.front.sepia.ceph.com:5000/v3/projects 0.238s
2026-02-12 16:47:20.769 18249 INFO tempest.lib.common.rest_client [req-6f546bdc-be24-4f3a-822d-701679d49cad req-6f546bdc-be24-4f3a-822d-701679d49cad ] Request (PublicObjectTest:setUpClass): 201 POST http://trial088.front.sepia.ceph.com:5000/v3/projects 0.250s
2026-02-12 16:47:20.805 18269 INFO tempest.lib.common.rest_client [req-95ac944e-7aaf-485f-b2b0-13b9d2d8d472 req-95ac944e-7aaf-485f-b2b0-13b9d2d8d472 ] Request (ObjectTempUrlNegativeTest:setUpClass): 201 POST http://trial088.front.sepia.ceph.com:5000/v3/projects 0.261s
2026-02-12 16:47:21.083 18233 INFO tempest.lib.common.rest_client [req-0a02e447-a3ce-4daf-9efd-96fa81f1daef req-0a02e447-a3ce-4daf-9efd-96fa81f1daef ] Request (ContainerTest:setUpClass): 201 POST http://trial088.front.sepia.ceph.com:5000/v3/auth/tokens 18.894s
2026-02-12 16:47:21.267 18267 INFO tempest.lib.common.rest_client [req-3a9b5f73-2b4f-44f4-8d2b-5eab92bd72cc req-3a9b5f73-2b4f-44f4-8d2b-5eab92bd72cc ] Request (HealthcheckTest:setUpClass): 201 POST http://trial088.front.sepia.ceph.com:5000/v3/auth/tokens 19.057s
2026-02-12 16:47:21.446 18259 INFO tempest.lib.common.rest_client [req-c4ae8e2e-2bf9-4984-8964-ea305a8c2408 req-c4ae8e2e-2bf9-4984-8964-ea305a8c2408 ] Request (StaticWebTest:setUpClass): 201 POST http://trial088.front.sepia.ceph.com:5000/v3/users 0.788s
2026-02-12 16:47:21.624 18263 INFO tempest.lib.common.rest_client [req-bbee6b8f-7ab6-4168-869d-7ae3733d052e req-bbee6b8f-7ab6-4168-869d-7ae3733d052e ] Request (ObjectFormPostNegativeTest:setUpClass): 201 POST http://trial088.front.sepia.ceph.com:5000/v3/users 0.929s
2026-02-12 16:47:21.803 18255 INFO tempest.lib.common.rest_client [req-fcd50197-d235-47ac-901b-16cf56205bdd req-fcd50197-d235-47ac-901b-16cf56205bdd ] Request (ObjectTempUrlTest:setUpClass): 201 POST http://trial088.front.sepia.ceph.com:5000/v3/users 1.070s
2026-02-12 16:47:21.981 18249 INFO tempest.lib.common.rest_client [req-9e00beeb-9a88-4e3d-a0ae-357b31e78dcd req-9e00beeb-9a88-4e3d-a0ae-357b31e78dcd ] Request (PublicObjectTest:setUpClass): 201 POST http://trial088.front.sepia.ceph.com:5000/v3/users 1.212s
2026-02-12 16:47:22.159 18269 INFO tempest.lib.common.rest_client [req-e3f547b9-658e-4ca0-8ae0-86619e7bef3f req-e3f547b9-658e-4ca0-8ae0-86619e7bef3f ] Request (ObjectTempUrlNegativeTest:setUpClass): 201 POST http://trial088.front.sepia.ceph.com:5000/v3/users 1.354s
2026-02-12 16:47:22.343 18233 INFO tempest.lib.common.rest_client [req-e9d33593-075d-401c-9a67-b0ea2d377e34 req-e9d33593-075d-401c-9a67-b0ea2d377e34 ] Request (ContainerTest:setUpClass): 201 POST http://trial088.front.sepia.ceph.com:5000/v3/auth/tokens 1.258s
2026-02-12 16:47:22.528 18267 INFO tempest.lib.common.rest_client [req-18f0d49b-4302-4563-a923-a0205b4d9225 req-18f0d49b-4302-4563-a923-a0205b4d9225 ] Request (HealthcheckTest:setUpClass): 201 POST http://trial088.front.sepia.ceph.com:5000/v3/auth/tokens 1.259s
2026-02-12 16:47:22.549 18259 INFO tempest.lib.common.rest_client [req-5ed0dca6-3ae7-4825-8bac-49fd3c57b482 req-5ed0dca6-3ae7-4825-8bac-49fd3c57b482 ] Request (StaticWebTest:setUpClass): 200 GET http://trial088.front.sepia.ceph.com:5000/v3/roles 1.103s
2026-02-12 16:47:22.574 18263 INFO tempest.lib.common.rest_client [req-948e5291-d16a-4aa6-8277-e32ba945ba75 req-948e5291-d16a-4aa6-8277-e32ba945ba75 ] Request (ObjectFormPostNegativeTest:setUpClass): 200 GET http://trial088.front.sepia.ceph.com:5000/v3/roles 0.949s
2026-02-12 16:47:22.598 18255 INFO tempest.lib.common.rest_client [req-d0ae4c58-a929-48ef-955e-1c31c6daf8ad req-d0ae4c58-a929-48ef-955e-1c31c6daf8ad ] Request (ObjectTempUrlTest:setUpClass): 200 GET http://trial088.front.sepia.ceph.com:5000/v3/roles 0.795s
2026-02-12 16:47:22.623 18249 INFO tempest.lib.common.rest_client [req-faaeea52-d783-4787-92d8-208317a9a4dc req-faaeea52-d783-4787-92d8-208317a9a4dc ] Request (PublicObjectTest:setUpClass): 200 GET http://trial088.front.sepia.ceph.com:5000/v3/roles 0.642s
2026-02-12 16:47:22.647 18269 INFO tempest.lib.common.rest_client [req-09fb1236-3bdd-4b15-8720-d669abec59ca req-09fb1236-3bdd-4b15-8720-d669abec59ca ] Request (ObjectTempUrlNegativeTest:setUpClass): 200 GET http://trial088.front.sepia.ceph.com:5000/v3/roles 0.488s
2026-02-12 16:47:22.672 18233 INFO tempest.lib.common.rest_client [req-cb91e7a5-5873-432d-bb2c-d2bbb553f41e req-cb91e7a5-5873-432d-bb2c-d2bbb553f41e ] Request (ContainerTest:setUpClass): 200 GET http://trial088.front.sepia.ceph.com:5000/v3/domains?name=Default 0.329s
2026-02-12 16:47:22.697 18267 INFO tempest.lib.common.rest_client [req-6b678108-47a3-45c9-9ab2-873091e58c91 req-6b678108-47a3-45c9-9ab2-873091e58c91 ] Request (HealthcheckTest:setUpClass): 200 GET http://trial088.front.sepia.ceph.com:5000/v3/domains?name=Default 0.169s
2026-02-12 16:47:22.728 18259 INFO tempest.lib.common.rest_client [req-d949b9fb-47ec-4dc2-8137-65f5f6b6bef9 req-d949b9fb-47ec-4dc2-8137-65f5f6b6bef9 ] Request (StaticWebTest:setUpClass): 204 PUT http://trial088.front.sepia.ceph.com:5000/v3/projects/2d1e59c82fd84e8ea56b153a3c8282f1/users/ee0dfff693b04ccca1abe5f4c39c7c15/roles/4822233e9d9847f3a910463289db016f 0.179s
2026-02-12 16:47:22.766 18263 INFO tempest.lib.common.rest_client [req-26d78b81-bcd8-4266-aa27-b797d068ceca req-26d78b81-bcd8-4266-aa27-b797d068ceca ] Request (ObjectFormPostNegativeTest:setUpClass): 204 PUT http://trial088.front.sepia.ceph.com:5000/v3/projects/782838b84a85408e86b2337883e29737/users/ddf5c62bd4434e8f955141ef6eaf0872/roles/4822233e9d9847f3a910463289db016f 0.192s
2026-02-12 16:47:22.803 18255 INFO tempest.lib.common.rest_client [req-2aadf517-2d1c-465d-a91e-9d0bd00b17c2 req-2aadf517-2d1c-465d-a91e-9d0bd00b17c2 ] Request (ObjectTempUrlTest:setUpClass): 204 PUT http://trial088.front.sepia.ceph.com:5000/v3/projects/086acbfa15584e8b8ed3ae323c0672c4/users/4a1e596d654342168bc1e3cc90b3c32a/roles/4822233e9d9847f3a910463289db016f 0.204s
2026-02-12 16:47:22.841 18249 INFO tempest.lib.common.rest_client [req-d2220413-f2a4-4d7d-ae8d-045ebce6ee62 req-d2220413-f2a4-4d7d-ae8d-045ebce6ee62 ] Request (PublicObjectTest:setUpClass): 204 PUT http://trial088.front.sepia.ceph.com:5000/v3/projects/978a118c30ae499a8f7a7f823442d1ff/users/eb5b30a7dcf64490b278a0caeb0b2a98/roles/4822233e9d9847f3a910463289db016f 0.217s
2026-02-12 16:47:22.878 18269 INFO tempest.lib.common.rest_client [req-e3781379-3895-4843-bbbc-ada028d720e4 req-e3781379-3895-4843-bbbc-ada028d720e4 ] Request (ObjectTempUrlNegativeTest:setUpClass): 204 PUT http://trial088.front.sepia.ceph.com:5000/v3/projects/d5539ba79fed495994006056bc90008f/users/d66d3a74c4134216b75a65ed6b2a4b33/roles/4822233e9d9847f3a910463289db016f 0.230s
2026-02-12 16:47:22.918 18233 INFO tempest.lib.common.rest_client [req-b9652934-251d-4ae4-bf11-8109a264fa35 req-b9652934-251d-4ae4-bf11-8109a264fa35 ] Request (ContainerTest:setUpClass): 201 POST http://trial088.front.sepia.ceph.com:5000/v3/projects 0.244s
2026-02-12 16:47:22.955 18267 INFO tempest.lib.common.rest_client [req-b50fda06-30b4-450c-ae79-5640b0d83888 req-b50fda06-30b4-450c-ae79-5640b0d83888 ] Request (HealthcheckTest:setUpClass): 201 POST http://trial088.front.sepia.ceph.com:5000/v3/projects 0.256s
2026-02-12 16:47:22.985 18259 INFO tempest.lib.common.rest_client [req-b46db06e-b9b4-446c-8055-6f26b23d8624 req-b46db06e-b9b4-446c-8055-6f26b23d8624 ] Request (StaticWebTest:setUpClass): 200 GET http://trial088.front.sepia.ceph.com:5000/v3/roles 0.257s
2026-02-12 16:47:23.010 18263 INFO tempest.lib.common.rest_client [req-dec64d25-9213-44f1-80b8-1c37066e4343 req-dec64d25-9213-44f1-80b8-1c37066e4343 ] Request (ObjectFormPostNegativeTest:setUpClass): 200 GET http://trial088.front.sepia.ceph.com:5000/v3/roles 0.244s
2026-02-12 16:47:23.034 18255 INFO tempest.lib.common.rest_client [req-6cfd4432-c293-4fe0-9ca6-910754e40b0e req-6cfd4432-c293-4fe0-9ca6-910754e40b0e ] Request (ObjectTempUrlTest:setUpClass): 200 GET http://trial088.front.sepia.ceph.com:5000/v3/roles 0.231s
2026-02-12 16:47:23.059 18249 INFO tempest.lib.common.rest_client [req-89bd728c-4a97-4bd7-9116-d1be4e85ed48 req-89bd728c-4a97-4bd7-9116-d1be4e85ed48 ] Request (PublicObjectTest:setUpClass): 200 GET http://trial088.front.sepia.ceph.com:5000/v3/roles 0.218s
2026-02-12 16:47:23.083 18269 INFO tempest.lib.common.rest_client [req-3166a897-6577-4858-8fc1-fb89ce38c0bf req-3166a897-6577-4858-8fc1-fb89ce38c0bf ] Request (ObjectTempUrlNegativeTest:setUpClass): 200 GET http://trial088.front.sepia.ceph.com:5000/v3/roles 0.205s
2026-02-12 16:47:23.266 18233 INFO tempest.lib.common.rest_client [req-0288feee-383a-4d56-af01-38902b6d2f7d req-0288feee-383a-4d56-af01-38902b6d2f7d ] Request (ContainerTest:setUpClass): 201 POST http://trial088.front.sepia.ceph.com:5000/v3/users 0.348s
2026-02-12 16:47:23.444 18267 INFO tempest.lib.common.rest_client [req-ea980909-a756-459d-84e2-7e5b97ba45ce req-ea980909-a756-459d-84e2-7e5b97ba45ce ] Request (HealthcheckTest:setUpClass): 201 POST http://trial088.front.sepia.ceph.com:5000/v3/users 0.488s
2026-02-12 16:47:23.471 18259 INFO tempest.lib.common.rest_client [req-85d865b5-9888-4363-a686-333f111aa82c req-85d865b5-9888-4363-a686-333f111aa82c ] Request (StaticWebTest:setUpClass): 204 PUT http://trial088.front.sepia.ceph.com:5000/v3/projects/2d1e59c82fd84e8ea56b153a3c8282f1/users/ee0dfff693b04ccca1abe5f4c39c7c15/roles/37fa3dc0d29d4c51a183120a12daa3da 0.485s
2026-02-12 16:47:23.471 18259 INFO tempest.lib.common.dynamic_creds [-] Dynamic test user ee0dfff693b04ccca1abe5f4c39c7c15 is created with scope project and roles: ['member', 'admin']
2026-02-12 16:47:23.471 18259 INFO tempest.lib.common.dynamic_creds [-] Acquired dynamic creds: credentials: Credentials: {'domain_id': 'default', 'domain_name': 'Default', 'username': 'tempest-StaticWebTest-1754116912-project-member', 'project_domain_id': 'default', 'project_domain_name': 'Default', 'project_id': '2d1e59c82fd84e8ea56b153a3c8282f1', 'project_name': 'tempest-StaticWebTest-1754116912', 'tenant_id': '2d1e59c82fd84e8ea56b153a3c8282f1', 'tenant_name': 'tempest-StaticWebTest-1754116912', 'user_domain_id': 'default', 'user_domain_name': 'Default', 'user_id': 'ee0dfff693b04ccca1abe5f4c39c7c15', 'system': None}, Network: None, Subnet: None, Router: None
2026-02-12 16:47:23.509 18263 INFO tempest.lib.common.rest_client [req-8791c12a-27c9-4108-ab4a-1c9a5f6c007d req-8791c12a-27c9-4108-ab4a-1c9a5f6c007d ] Request (ObjectFormPostNegativeTest:setUpClass): 204 PUT http://trial088.front.sepia.ceph.com:5000/v3/projects/782838b84a85408e86b2337883e29737/users/ddf5c62bd4434e8f955141ef6eaf0872/roles/37fa3dc0d29d4c51a183120a12daa3da 0.499s
2026-02-12 16:47:23.509 18263 INFO tempest.lib.common.dynamic_creds [-] Dynamic test user ddf5c62bd4434e8f955141ef6eaf0872 is created with scope project and roles: ['member', 'admin']
2026-02-12 16:47:23.509 18263 INFO tempest.lib.common.dynamic_creds [-] Acquired dynamic creds: credentials: Credentials: {'domain_id': 'default', 'domain_name': 'Default', 'username': 'tempest-ObjectFormPostNegativeTest-397435985-project-member', 'project_domain_id': 'default', 'project_domain_name': 'Default', 'project_id': '782838b84a85408e86b2337883e29737', 'project_name': 'tempest-ObjectFormPostNegativeTest-397435985', 'tenant_id': '782838b84a85408e86b2337883e29737', 'tenant_name': 'tempest-ObjectFormPostNegativeTest-397435985', 'user_domain_id': 'default', 'user_domain_name': 'Default', 'user_id': 'ddf5c62bd4434e8f955141ef6eaf0872', 'system': None}, Network: None, Subnet: None, Router: None
2026-02-12 16:47:23.546 18255 INFO tempest.lib.common.rest_client [req-e6bc32ae-0254-49cc-9167-da1d0e47d91e req-e6bc32ae-0254-49cc-9167-da1d0e47d91e ] Request (ObjectTempUrlTest:setUpClass): 204 PUT http://trial088.front.sepia.ceph.com:5000/v3/projects/086acbfa15584e8b8ed3ae323c0672c4/users/4a1e596d654342168bc1e3cc90b3c32a/roles/37fa3dc0d29d4c51a183120a12daa3da 0.512s
2026-02-12 16:47:23.546 18255 INFO tempest.lib.common.dynamic_creds [-] Dynamic test user 4a1e596d654342168bc1e3cc90b3c32a is created with scope project and roles: ['member', 'admin']
2026-02-12 16:47:23.547 18255 INFO tempest.lib.common.dynamic_creds [-] Acquired dynamic creds: credentials: Credentials: {'domain_id': 'default', 'domain_name': 'Default', 'username': 'tempest-ObjectTempUrlTest-1151248286-project-member', 'project_domain_id': 'default', 'project_domain_name': 'Default', 'project_id': '086acbfa15584e8b8ed3ae323c0672c4', 'project_name': 'tempest-ObjectTempUrlTest-1151248286', 'tenant_id': '086acbfa15584e8b8ed3ae323c0672c4', 'tenant_name': 'tempest-ObjectTempUrlTest-1151248286', 'user_domain_id': 'default', 'user_domain_name': 'Default', 'user_id': '4a1e596d654342168bc1e3cc90b3c32a', 'system': None}, Network: None, Subnet: None, Router: None
2026-02-12 16:47:23.584 18249 INFO tempest.lib.common.rest_client [req-2dd68a26-981e-44bb-8333-bb9581ddb155 req-2dd68a26-981e-44bb-8333-bb9581ddb155 ] Request (PublicObjectTest:setUpClass): 204 PUT http://trial088.front.sepia.ceph.com:5000/v3/projects/978a118c30ae499a8f7a7f823442d1ff/users/eb5b30a7dcf64490b278a0caeb0b2a98/roles/37fa3dc0d29d4c51a183120a12daa3da 0.525s
2026-02-12 16:47:23.584 18249 INFO tempest.lib.common.dynamic_creds [-] Dynamic test user eb5b30a7dcf64490b278a0caeb0b2a98 is created with scope project and roles: ['member', 'admin']
2026-02-12 16:47:23.585 18249 INFO tempest.lib.common.dynamic_creds [-] Acquired dynamic creds: credentials: Credentials: {'domain_id': 'default', 'domain_name': 'Default', 'username': 'tempest-PublicObjectTest-237473210-project-member', 'project_domain_id': 'default', 'project_domain_name': 'Default', 'project_id': '978a118c30ae499a8f7a7f823442d1ff', 'project_name': 'tempest-PublicObjectTest-237473210', 'tenant_id': '978a118c30ae499a8f7a7f823442d1ff', 'tenant_name': 'tempest-PublicObjectTest-237473210', 'user_domain_id': 'default', 'user_domain_name': 'Default', 'user_id': 'eb5b30a7dcf64490b278a0caeb0b2a98', 'system': None}, Network: None, Subnet: None, Router: None
2026-02-12 16:47:23.621 18269 INFO tempest.lib.common.rest_client [req-e2961302-f315-4e3b-b320-dd7eaf31bb4b req-e2961302-f315-4e3b-b320-dd7eaf31bb4b ] Request (ObjectTempUrlNegativeTest:setUpClass): 204 PUT http://trial088.front.sepia.ceph.com:5000/v3/projects/d5539ba79fed495994006056bc90008f/users/d66d3a74c4134216b75a65ed6b2a4b33/roles/37fa3dc0d29d4c51a183120a12daa3da 0.538s
2026-02-12 16:47:23.621 18269 INFO tempest.lib.common.dynamic_creds [-] Dynamic test user d66d3a74c4134216b75a65ed6b2a4b33 is created with scope project and roles: ['member', 'admin']
2026-02-12 16:47:23.622 18269 INFO tempest.lib.common.dynamic_creds [-] Acquired dynamic creds: credentials: Credentials: {'domain_id': 'default', 'domain_name': 'Default', 'username': 'tempest-ObjectTempUrlNegativeTest-193302814-project-member', 'project_domain_id': 'default', 'project_domain_name': 'Default', 'project_id': 'd5539ba79fed495994006056bc90008f', 'project_name': 'tempest-ObjectTempUrlNegativeTest-193302814', 'tenant_id': 'd5539ba79fed495994006056bc90008f', 'tenant_name': 'tempest-ObjectTempUrlNegativeTest-193302814', 'user_domain_id': 'default', 'user_domain_name': 'Default', 'user_id': 'd66d3a74c4134216b75a65ed6b2a4b33', 'system': None}, Network: None, Subnet: None, Router: None
2026-02-12 16:47:23.652 18233 INFO tempest.lib.common.rest_client [req-f9e763e8-e1a4-4b9e-934b-3d37fb3b0508 req-f9e763e8-e1a4-4b9e-934b-3d37fb3b0508 ] Request (ContainerTest:setUpClass): 200 GET http://trial088.front.sepia.ceph.com:5000/v3/roles 0.386s
2026-02-12 16:47:23.676 18267 INFO tempest.lib.common.rest_client [req-e1e45859-d58b-41ac-bfb8-74d8b8009627 req-e1e45859-d58b-41ac-bfb8-74d8b8009627 ] Request (HealthcheckTest:setUpClass): 200 GET http://trial088.front.sepia.ceph.com:5000/v3/roles 0.231s
2026-02-12 16:47:23.858 18259 INFO tempest.lib.common.rest_client [req-7c5fe656-acf0-469f-859b-0383e81ac7af req-7c5fe656-acf0-469f-859b-0383e81ac7af ] Request (StaticWebTest:setUpClass): 201 POST http://trial088.front.sepia.ceph.com:5000/v3/auth/tokens 0.384s
2026-02-12 16:47:24.040 18263 INFO tempest.lib.common.rest_client [req-bde0bb42-af60-4ff1-861f-31b11babda06 req-bde0bb42-af60-4ff1-861f-31b11babda06 ] Request (ObjectFormPostNegativeTest:setUpClass): 201 POST http://trial088.front.sepia.ceph.com:5000/v3/auth/tokens 0.528s
2026-02-12 16:47:24.221 18255 INFO tempest.lib.common.rest_client [req-7f691197-27e0-47f1-a1e8-15d8c583cdf0 req-7f691197-27e0-47f1-a1e8-15d8c583cdf0 ] Request (ObjectTempUrlTest:setUpClass): 201 POST http://trial088.front.sepia.ceph.com:5000/v3/auth/tokens 0.672s
2026-02-12 16:47:24.403 18249 INFO tempest.lib.common.rest_client [req-05939fea-e5eb-4404-b93e-b7032f0589f3 req-05939fea-e5eb-4404-b93e-b7032f0589f3 ] Request (PublicObjectTest:setUpClass): 201 POST http://trial088.front.sepia.ceph.com:5000/v3/auth/tokens 0.816s
2026-02-12 16:47:24.585 18269 INFO tempest.lib.common.rest_client [req-5df36e23-18a3-4a7b-93f7-109e1537c82c req-5df36e23-18a3-4a7b-93f7-109e1537c82c ] Request (ObjectTempUrlNegativeTest:setUpClass): 201 POST http://trial088.front.sepia.ceph.com:5000/v3/auth/tokens 0.961s
2026-02-12 16:47:24.682 18233 INFO tempest.lib.common.rest_client [req-13e7698b-1c35-4913-9e98-3ef13d49338c req-13e7698b-1c35-4913-9e98-3ef13d49338c ] Request (ContainerTest:setUpClass): 204 PUT http://trial088.front.sepia.ceph.com:5000/v3/projects/8c69d13b45894a34b8d2084a405836c1/users/ea7b0c4fad9447e4b543de68d9e893ad/roles/4822233e9d9847f3a910463289db016f 1.030s
2026-02-12 16:47:24.719 18267 INFO tempest.lib.common.rest_client [req-cfc3ce8b-41c0-45df-bdb4-b51e02bcb72c req-cfc3ce8b-41c0-45df-bdb4-b51e02bcb72c ] Request (HealthcheckTest:setUpClass): 204 PUT http://trial088.front.sepia.ceph.com:5000/v3/projects/ffc4329e6b464434b0430c7cafcd3058/users/0cc6bb0b664d4c6689a68288057197ec/roles/4822233e9d9847f3a910463289db016f 1.043s
2026-02-12 16:47:24.901 18259 INFO tempest.lib.common.rest_client [req-103564bd-3b4a-4889-bd57-b3eb685caf6c req-103564bd-3b4a-4889-bd57-b3eb685caf6c ] Request (StaticWebTest:setUpClass): 201 POST http://trial088.front.sepia.ceph.com:5000/v3/auth/tokens 1.042s
2026-02-12 16:47:24.903 18259 INFO tempest.lib.common.rest_client [tx0000067927da7e6a6fd0b-00698e041c-4203-default tx0000067927da7e6a6fd0b-00698e041c-4203-default ] Request (StaticWebTest:setUpClass): 200 GET http://trial088.front.sepia.ceph.com:80/info 0.001s
2026-02-12 16:47:25.082 18263 INFO tempest.lib.common.rest_client [req-e1879e2f-ef8a-4c66-bca2-5cbb1ea79f6c req-e1879e2f-ef8a-4c66-bca2-5cbb1ea79f6c ] Request (ObjectFormPostNegativeTest:setUpClass): 201 POST http://trial088.front.sepia.ceph.com:5000/v3/auth/tokens 1.042s
2026-02-12 16:47:25.084 18263 INFO tempest.lib.common.rest_client [tx00000d189947878c1fbc0-00698e041d-4203-default tx00000d189947878c1fbc0-00698e041d-4203-default ] Request (ObjectFormPostNegativeTest:setUpClass): 200 GET http://trial088.front.sepia.ceph.com:80/info 0.001s
2026-02-12 16:47:25.263 18255 INFO tempest.lib.common.rest_client [req-0f9b61f5-b958-4d28-8b1a-dc749b323bd5 req-0f9b61f5-b958-4d28-8b1a-dc749b323bd5 ] Request (ObjectTempUrlTest:setUpClass): 201 POST http://trial088.front.sepia.ceph.com:5000/v3/auth/tokens 1.041s
2026-02-12 16:47:25.265 18255 INFO tempest.lib.common.rest_client [tx0000055a33d41c989d984-00698e041d-4203-default tx0000055a33d41c989d984-00698e041d-4203-default ] Request (ObjectTempUrlTest:setUpClass): 200 GET http://trial088.front.sepia.ceph.com:80/info 0.001s
2026-02-12 16:47:25.305 18249 INFO tempest.lib.common.rest_client [req-abd64abd-a1a8-4323-a243-bf618ecd966a req-abd64abd-a1a8-4323-a243-bf618ecd966a ] Request (PublicObjectTest:setUpClass): 201 POST http://trial088.front.sepia.ceph.com:5000/v3/projects 0.902s
2026-02-12 16:47:25.486 18269 INFO tempest.lib.common.rest_client [req-cbca50ca-f1f1-46fa-8253-0ccda1a18f84 req-cbca50ca-f1f1-46fa-8253-0ccda1a18f84 ] Request (ObjectTempUrlNegativeTest:setUpClass): 201 POST http://trial088.front.sepia.ceph.com:5000/v3/auth/tokens 0.901s
2026-02-12 16:47:25.488 18269 INFO tempest.lib.common.rest_client [tx00000ee76d194bb9b5929-00698e041d-4203-default tx00000ee76d194bb9b5929-00698e041d-4203-default ] Request (ObjectTempUrlNegativeTest:setUpClass): 200 GET http://trial088.front.sepia.ceph.com:80/info 0.001s
2026-02-12 16:47:25.520 18233 INFO tempest.lib.common.rest_client [req-07240de5-37fc-467b-a0b3-736f1f5fffd1 req-07240de5-37fc-467b-a0b3-736f1f5fffd1 ] Request (ContainerTest:setUpClass): 200 GET http://trial088.front.sepia.ceph.com:5000/v3/roles 0.838s
2026-02-12 16:47:25.545 18267 INFO tempest.lib.common.rest_client [req-e0cd65e5-f414-4766-ace0-8df0f18b5feb req-e0cd65e5-f414-4766-ace0-8df0f18b5feb ] Request (HealthcheckTest:setUpClass): 200 GET http://trial088.front.sepia.ceph.com:5000/v3/roles 0.825s
2026-02-12 16:47:25.593 18259 INFO tempest.lib.common.rest_client [tx0000050ab4e24fa82df09-00698e041c-4203-default tx0000050ab4e24fa82df09-00698e041c-4203-default ] Request (StaticWebTest:setUpClass): 201 PUT http://trial088.front.sepia.ceph.com:80/v1/KEY_2d1e59c82fd84e8ea56b153a3c8282f1/tempest-TestContainer-2041986152 0.690s
2026-02-12 16:47:25.598 18259 INFO tempest.lib.common.rest_client [tx000003c4db5efb2912887-00698e041d-4203-default tx000003c4db5efb2912887-00698e041d-4203-default ] Request (StaticWebTest:setUpClass): 201 PUT http://trial088.front.sepia.ceph.com:80/v1/KEY_2d1e59c82fd84e8ea56b153a3c8282f1/tempest-TestContainer-2041986152/tempest-TestObject-324730618 0.004s
2026-02-12 16:47:25.601 18259 INFO tempest.lib.common.rest_client [tx000002082cc06d436f205-00698e041d-4203-default tx000002082cc06d436f205-00698e041d-4203-default ] Request (StaticWebTest:setUpClass): 200 GET http://trial088.front.sepia.ceph.com:80/v1/KEY_2d1e59c82fd84e8ea56b153a3c8282f1/tempest-TestContainer-2041986152/tempest-TestObject-324730618 0.002s
2026-02-12 16:47:25.604 18259 INFO tempest.lib.common.rest_client [tx0000029e5606dfca6d811-00698e041d-4203-default tx0000029e5606dfca6d811-00698e041d-4203-default ] Request (StaticWebTest:setUpClass): 204 POST http://trial088.front.sepia.ceph.com:80/v1/KEY_2d1e59c82fd84e8ea56b153a3c8282f1/tempest-TestContainer-2041986152 0.003s
