2026-02-12T19:16:05.862+0000 7fe1d645a640 20 osd.0 pg_epoch: 8 pg[1.0( empty local-lis/les=6/7 n=0 ec=6/6 lis/c=6/6 les/c/f=7/7/0 sis=6) [0] r=0 lpr=6 crt=0'0 mlcod 0'0 active+clean] PeeringState::prepare_stats_for_publish reporting purged_snaps []
2026-02-12T19:16:05.862+0000 7fe1d5458640 20 osd.0 pg_epoch: 8 pg[1.2( empty local-lis/les=6/7 n=0 ec=6/6 lis/c=6/6 les/c/f=7/7/0 sis=6) [0] r=0 lpr=6 crt=0'0 mlcod 0'0 active+clean] PeeringState::prepare_stats_for_publish reporting purged_snaps []
2026-02-12T19:16:05.862+0000 7fe1d645a640 15 osd.0 pg_epoch: 8 pg[1.0( empty local-lis/les=6/7 n=0 ec=6/6 lis/c=6/6 les/c/f=7/7/0 sis=6) [0] r=0 lpr=6 crt=0'0 mlcod 0'0 active+clean] PeeringState::prepare_stats_for_publish publish_stats_to_osd 7:9
2026-02-12T19:16:05.862+0000 7fe1d4c57640 10 osd.0 pg_epoch: 7 pg[1.3( empty local-lis/les=6/7 n=0 ec=6/6 lis/c=6/6 les/c/f=7/7/0 sis=6) [0] r=0 lpr=6 crt=0'0 mlcod 0'0 active+clean] PeeringState::advance_map handle_advance_map [0]/[0] -- 0/0
2026-02-12T19:16:05.862+0000 7fe1d5458640 15 osd.0 pg_epoch: 8 pg[1.2( empty local-lis/les=6/7 n=0 ec=6/6 lis/c=6/6 les/c/f=7/7/0 sis=6) [0] r=0 lpr=6 crt=0'0 mlcod 0'0 active+clean] PeeringState::prepare_stats_for_publish publish_stats_to_osd 7:9
2026-02-12T19:16:05.862+0000 7fe1d8c5f640 20 osd.0 op_wq(3) _process empty q, waiting
2026-02-12T19:16:05.862+0000 7fe1d4c57640 10 osd.0 pg_epoch: 8 pg[1.3( empty local-lis/les=6/7 n=0 ec=6/6 lis/c=6/6 les/c/f=7/7/0 sis=6) [0] r=0 lpr=6 crt=0'0 mlcod 0'0 active+clean] state: Active advmap
2026-02-12T19:16:05.862+0000 7fe1d645a640 10 osd.0 pg_epoch: 8 pg[1.0( empty local-lis/les=6/7 n=0 ec=6/6 lis/c=6/6 les/c/f=7/7/0 sis=6) [0] r=0 lpr=6 crt=0'0 mlcod 0'0 active+clean] state: Started advmap
2026-02-12T19:16:05.862+0000 7fe1d4c57640 20 osd.0 pg_epoch: 8 pg[1.3( empty local-lis/les=6/7 n=0 ec=6/6 lis/c=6/6 les/c/f=7/7/0 sis=6) [0] r=0 lpr=6 crt=0'0 mlcod 0'0 active+clean] PeeringState::prepare_stats_for_publish reporting purged_snaps []
2026-02-12T19:16:05.862+0000 7fe1d4c57640 15 osd.0 pg_epoch: 8 pg[1.3( empty local-lis/les=6/7 n=0 ec=6/6 lis/c=6/6 les/c/f=7/7/0 sis=6) [0] r=0 lpr=6 crt=0'0 mlcod 0'0 active+clean] PeeringState::prepare_stats_for_publish publish_stats_to_osd 7:9
2026-02-12T19:16:05.862+0000 7fe1d645a640 10 osd.0 pg_epoch: 8 pg[1.0( empty local-lis/les=6/7 n=0 ec=6/6 lis/c=6/6 les/c/f=7/7/0 sis=6) [0] r=0 lpr=6 crt=0'0 mlcod 0'0 active+clean] check_recovery_sources no source osds () went down
2026-02-12T19:16:05.862+0000 7fe1d4c57640 10 osd.0 pg_epoch: 8 pg[1.3( empty local-lis/les=6/7 n=0 ec=6/6 lis/c=6/6 les/c/f=7/7/0 sis=6) [0] r=0 lpr=6 crt=0'0 mlcod 0'0 active+clean] state: Started advmap
2026-02-12T19:16:05.862+0000 7fe1d5458640 10 osd.0 pg_epoch: 8 pg[1.2( empty local-lis/les=6/7 n=0 ec=6/6 lis/c=6/6 les/c/f=7/7/0 sis=6) [0] r=0 lpr=6 crt=0'0 mlcod 0'0 active+clean] state: Started advmap
2026-02-12T19:16:05.862+0000 7fe1d4c57640 10 osd.0 pg_epoch: 8 pg[1.3( empty local-lis/les=6/7 n=0 ec=6/6 lis/c=6/6 les/c/f=7/7/0 sis=6) [0] r=0 lpr=6 crt=0'0 mlcod 0'0 active+clean] check_recovery_sources no source osds () went down
2026-02-12T19:16:05.862+0000 7fe1d645a640 10 osd.0 pg_epoch: 8 pg[1.0( empty local-lis/les=6/7 n=0 ec=6/6 lis/c=6/6 les/c/f=7/7/0 sis=6) [0] r=0 lpr=6 crt=0'0 mlcod 0'0 active+clean] plpg_on_pool_change
2026-02-12T19:16:05.862+0000 7fe1d4c57640 10 osd.0 pg_epoch: 8 pg[1.3( empty local-lis/les=6/7 n=0 ec=6/6 lis/c=6/6 les/c/f=7/7/0 sis=6) [0] r=0 lpr=6 crt=0'0 mlcod 0'0 active+clean] plpg_on_pool_change
2026-02-12T19:16:05.862+0000 7fe1d645a640 20 osd.0 pg_epoch: 8 pg[1.0( empty local-lis/les=6/7 n=0 ec=6/6 lis/c=6/6 les/c/f=7/7/0 sis=6) [0] r=0 lpr=6 crt=0'0 mlcod 0'0 active+clean] hit_set_clear
2026-02-12T19:16:05.862+0000 7fe1d5458640 10 osd.0 pg_epoch: 8 pg[1.2( empty local-lis/les=6/7 n=0 ec=6/6 lis/c=6/6 les/c/f=7/7/0 sis=6) [0] r=0 lpr=6 crt=0'0 mlcod 0'0 active+clean] check_recovery_sources no source osds () went down
2026-02-12T19:16:05.862+0000 7fe1d4c57640 20 osd.0 pg_epoch: 8 pg[1.3( empty local-lis/les=6/7 n=0 ec=6/6 lis/c=6/6 les/c/f=7/7/0 sis=6) [0] r=0 lpr=6 crt=0'0 mlcod 0'0 active+clean] hit_set_clear
2026-02-12T19:16:05.862+0000 7fe1d645a640 20 osd.0 pg_epoch: 8 pg[1.0( empty local-lis/les=6/7 n=0 ec=6/6 lis/c=6/6 les/c/f=7/7/0 sis=6) [0] r=0 lpr=6 crt=0'0 mlcod 0'0 active+clean] agent_stop
2026-02-12T19:16:05.862+0000 7fe1d5458640 10 osd.0 pg_epoch: 8 pg[1.2( empty local-lis/les=6/7 n=0 ec=6/6 lis/c=6/6 les/c/f=7/7/0 sis=6) [0] r=0 lpr=6 crt=0'0 mlcod 0'0 active+clean] plpg_on_pool_change
2026-02-12T19:16:05.862+0000 7fe1d4c57640 20 osd.0 pg_epoch: 8 pg[1.3( empty local-lis/les=6/7 n=0 ec=6/6 lis/c=6/6 les/c/f=7/7/0 sis=6) [0] r=0 lpr=6 crt=0'0 mlcod 0'0 active+clean] agent_stop
2026-02-12T19:16:05.862+0000 7fe1d5458640 20 osd.0 pg_epoch: 8 pg[1.2( empty local-lis/les=6/7 n=0 ec=6/6 lis/c=6/6 les/c/f=7/7/0 sis=6) [0] r=0 lpr=6 crt=0'0 mlcod 0'0 active+clean] hit_set_clear
2026-02-12T19:16:05.862+0000 7fe1d5458640 20 osd.0 pg_epoch: 8 pg[1.2( empty local-lis/les=6/7 n=0 ec=6/6 lis/c=6/6 les/c/f=7/7/0 sis=6) [0] r=0 lpr=6 crt=0'0 mlcod 0'0 active+clean] agent_stop
2026-02-12T19:16:05.862+0000 7fe1d5c59640 20 osd.0:1.update_pg_epoch 1.1 7 -> 8
2026-02-12T19:16:05.862+0000 7fe1d4c57640 20 osd.0 8 advance_pg new pool opts old pool opts
2026-02-12T19:16:05.862+0000 7fe1d5458640 20 osd.0 8 advance_pg new pool opts old pool opts
2026-02-12T19:16:05.862+0000 7fe1d645a640 20 osd.0 8 advance_pg new pool opts old pool opts
2026-02-12T19:16:05.862+0000 7fe1d4c57640 10 osd.0 pg_epoch: 8 pg[1.3( empty local-lis/les=6/7 n=0 ec=6/6 lis/c=6/6 les/c/f=7/7/0 sis=6) [0] r=0 lpr=6 crt=0'0 mlcod 0'0 active+clean] handle_activate_map: epoch range: 8..8
2026-02-12T19:16:05.862+0000 7fe1d5c59640 10 osd.0 pg_epoch: 7 pg[1.1( empty local-lis/les=6/7 n=0 ec=6/6 lis/c=6/6 les/c/f=7/7/0 sis=6) [0] r=0 lpr=6 crt=0'0 mlcod 0'0 active+clean] PeeringState::advance_map handle_advance_map [0]/[0] -- 0/0
2026-02-12T19:16:05.862+0000 7fe1d5458640 10 osd.0 pg_epoch: 8 pg[1.2( empty local-lis/les=6/7 n=0 ec=6/6 lis/c=6/6 les/c/f=7/7/0 sis=6) [0] r=0 lpr=6 crt=0'0 mlcod 0'0 active+clean] handle_activate_map: epoch range: 8..8
2026-02-12T19:16:05.862+0000 7fe1d4c57640 10 osd.0 pg_epoch: 8 pg[1.3( empty local-lis/les=6/7 n=0 ec=6/6 lis/c=6/6 les/c/f=7/7/0 sis=6) [0] r=0 lpr=6 crt=0'0 mlcod 0'0 active+clean] PeeringState::activate_map
2026-02-12T19:16:05.862+0000 7fe1d5458640 10 osd.0 pg_epoch: 8 pg[1.2( empty local-lis/les=6/7 n=0 ec=6/6 lis/c=6/6 les/c/f=7/7/0 sis=6) [0] r=0 lpr=6 crt=0'0 mlcod 0'0 active+clean] PeeringState::activate_map
2026-02-12T19:16:05.862+0000 7fe1d5458640 10 osd.0 pg_epoch: 8 pg[1.2( empty local-lis/les=6/7 n=0 ec=6/6 lis/c=6/6 les/c/f=7/7/0 sis=6) [0] r=0 lpr=6 crt=0'0 mlcod 0'0 active+clean] state: Active: handling ActMap
2026-02-12T19:16:05.862+0000 7fe1d5c59640 10 osd.0 pg_epoch: 8 pg[1.1( empty local-lis/les=6/7 n=0 ec=6/6 lis/c=6/6 les/c/f=7/7/0 sis=6) [0] r=0 lpr=6 crt=0'0 mlcod 0'0 active+clean] state: Active advmap
2026-02-12T19:16:05.862+0000 7fe1d645a640 10 osd.0 pg_epoch: 8 pg[1.0( empty local-lis/les=6/7 n=0 ec=6/6 lis/c=6/6 les/c/f=7/7/0 sis=6) [0] r=0 lpr=6 crt=0'0 mlcod 0'0 active+clean] handle_activate_map: epoch range: 8..8
2026-02-12T19:16:05.862+0000 7fe1d5458640 10 osd.0 pg_epoch: 8 pg[1.2( empty local-lis/les=6/7 n=0 ec=6/6 lis/c=6/6 les/c/f=7/7/0 sis=6) [0] r=0 lpr=6 crt=0'0 mlcod 0'0 active+clean] Active: kicking snap trim
2026-02-12T19:16:05.862+0000 7fe1d5c59640 20 osd.0 pg_epoch: 8 pg[1.1( empty local-lis/les=6/7 n=0 ec=6/6 lis/c=6/6 les/c/f=7/7/0 sis=6) [0] r=0 lpr=6 crt=0'0 mlcod 0'0 active+clean] PeeringState::prepare_stats_for_publish reporting purged_snaps []
2026-02-12T19:16:05.862+0000 7fe1d5458640 7 osd.0 pg_epoch: 8 pg[1.2( empty local-lis/les=6/7 n=0 ec=6/6 lis/c=6/6 les/c/f=7/7/0 sis=6) [0] r=0 lpr=6 crt=0'0 mlcod 0'0 active+clean] state: handle ActMap primary
2026-02-12T19:16:05.862+0000 7fe1d5c59640 15 osd.0 pg_epoch: 8 pg[1.1( empty local-lis/les=6/7 n=0 ec=6/6 lis/c=6/6 les/c/f=7/7/0 sis=6) [0] r=0 lpr=6 crt=0'0 mlcod 0'0 active+clean] PeeringState::prepare_stats_for_publish publish_stats_to_osd 7:9
2026-02-12T19:16:05.862+0000 7fe1d645a640 10 osd.0 pg_epoch: 8 pg[1.0( empty local-lis/les=6/7 n=0 ec=6/6 lis/c=6/6 les/c/f=7/7/0 sis=6) [0] r=0 lpr=6 crt=0'0 mlcod 0'0 active+clean] PeeringState::activate_map
2026-02-12T19:16:05.862+0000 7fe1d4c57640 10 osd.0 pg_epoch: 8 pg[1.3( empty local-lis/les=6/7 n=0 ec=6/6 lis/c=6/6 les/c/f=7/7/0 sis=6) [0] r=0 lpr=6 crt=0'0 mlcod 0'0 active+clean] state: Active: handling ActMap
2026-02-12T19:16:05.862+0000 7fe1d5c59640 10 osd.0 pg_epoch: 8 pg[1.1( empty local-lis/les=6/7 n=0 ec=6/6 lis/c=6/6 les/c/f=7/7/0 sis=6) [0] r=0 lpr=6 crt=0'0 mlcod 0'0 active+clean] state: Started advmap
2026-02-12T19:16:05.862+0000 7fe1d4c57640 10 osd.0 pg_epoch: 8 pg[1.3( empty local-lis/les=6/7 n=0 ec=6/6 lis/c=6/6 les/c/f=7/7/0 sis=6) [0] r=0 lpr=6 crt=0'0 mlcod 0'0 active+clean] Active: kicking snap trim
2026-02-12T19:16:05.862+0000 7fe1d5c59640 10 osd.0 pg_epoch: 8 pg[1.1( empty local-lis/les=6/7 n=0 ec=6/6 lis/c=6/6 les/c/f=7/7/0 sis=6) [0] r=0 lpr=6 crt=0'0 mlcod 0'0 active+clean] check_recovery_sources no source osds () went down
2026-02-12T19:16:05.862+0000 7fe1d645a640 10 osd.0 pg_epoch: 8 pg[1.0( empty local-lis/les=6/7 n=0 ec=6/6 lis/c=6/6 les/c/f=7/7/0 sis=6) [0] r=0 lpr=6 crt=0'0 mlcod 0'0 active+clean] state: Active: handling ActMap
2026-02-12T19:16:05.862+0000 7fe1d5c59640 10 osd.0 pg_epoch: 8 pg[1.1( empty local-lis/les=6/7 n=0 ec=6/6 lis/c=6/6 les/c/f=7/7/0 sis=6) [0] r=0 lpr=6 crt=0'0 mlcod 0'0 active+clean] plpg_on_pool_change
2026-02-12T19:16:05.862+0000 7fe1d4c57640 7 osd.0 pg_epoch: 8 pg[1.3( empty local-lis/les=6/7 n=0 ec=6/6 lis/c=6/6 les/c/f=7/7/0 sis=6) [0] r=0 lpr=6 crt=0'0 mlcod 0'0 active+clean] state: handle ActMap primary
2026-02-12T19:16:05.862+0000 7fe1d5458640 20 osd.0 pg_epoch: 8 pg[1.2( empty local-lis/les=6/7 n=0 ec=6/6 lis/c=6/6 les/c/f=7/7/0 sis=6) [0] r=0 lpr=6 crt=0'0 mlcod 0'0 active+clean] PeeringState::prepare_stats_for_publish reporting purged_snaps []
2026-02-12T19:16:05.862+0000 7fe1d5c59640 20 osd.0 pg_epoch: 8 pg[1.1( empty local-lis/les=6/7 n=0 ec=6/6 lis/c=6/6 les/c/f=7/7/0 sis=6) [0] r=0 lpr=6 crt=0'0 mlcod 0'0 active+clean] hit_set_clear
2026-02-12T19:16:05.862+0000 7fe1d645a640 10 osd.0 pg_epoch: 8 pg[1.0( empty local-lis/les=6/7 n=0 ec=6/6 lis/c=6/6 les/c/f=7/7/0 sis=6) [0] r=0 lpr=6 crt=0'0 mlcod 0'0 active+clean] Active: kicking snap trim
2026-02-12T19:16:05.862+0000 7fe1d4c57640 20 osd.0 pg_epoch: 8 pg[1.3( empty local-lis/les=6/7 n=0 ec=6/6 lis/c=6/6 les/c/f=7/7/0 sis=6) [0] r=0 lpr=6 crt=0'0 mlcod 0'0 active+clean] PeeringState::prepare_stats_for_publish reporting purged_snaps []
2026-02-12T19:16:05.862+0000 7fe1d5458640 15 osd.0 pg_epoch: 8 pg[1.2( empty local-lis/les=6/7 n=0 ec=6/6 lis/c=6/6 les/c/f=7/7/0 sis=6) [0] r=0 lpr=6 crt=0'0 mlcod 0'0 active+clean] PeeringState::prepare_stats_for_publish publish_stats_to_osd 8:10
2026-02-12T19:16:05.862+0000 7fe1d645a640 7 osd.0 pg_epoch: 8 pg[1.0( empty local-lis/les=6/7 n=0 ec=6/6 lis/c=6/6 les/c/f=7/7/0 sis=6) [0] r=0 lpr=6 crt=0'0 mlcod 0'0 active+clean] state: handle ActMap primary
2026-02-12T19:16:05.862+0000 7fe1d4c57640 15 osd.0 pg_epoch: 8 pg[1.3( empty local-lis/les=6/7 n=0 ec=6/6 lis/c=6/6 les/c/f=7/7/0 sis=6) [0] r=0 lpr=6 crt=0'0 mlcod 0'0 active+clean] PeeringState::prepare_stats_for_publish publish_stats_to_osd 8:10
2026-02-12T19:16:05.862+0000 7fe1d5458640 20 osd.0 pg_epoch: 8 pg[1.2( empty local-lis/les=6/7 n=0 ec=6/6 lis/c=6/6 les/c/f=7/7/0 sis=6) [0] r=0 lpr=6 crt=0'0 mlcod 0'0 active+clean] PeeringState::activate_map : Not dirtying info: last_persisted is 7 while current is 8
2026-02-12T19:16:05.862+0000 7fe1d5c59640 20 osd.0 pg_epoch: 8 pg[1.1( empty local-lis/les=6/7 n=0 ec=6/6 lis/c=6/6 les/c/f=7/7/0 sis=6) [0] r=0 lpr=6 crt=0'0 mlcod 0'0 active+clean] agent_stop
2026-02-12T19:16:05.862+0000 7fe1d5458640 10 log is not dirty
2026-02-12T19:16:05.862+0000 7fe1d645a640 20 osd.0 pg_epoch: 8 pg[1.0( empty local-lis/les=6/7 n=0 ec=6/6 lis/c=6/6 les/c/f=7/7/0 sis=6) [0] r=0 lpr=6 crt=0'0 mlcod 0'0 active+clean] PeeringState::prepare_stats_for_publish reporting purged_snaps []
2026-02-12T19:16:05.862+0000 7fe1d4c57640 20 osd.0 pg_epoch: 8 pg[1.3( empty local-lis/les=6/7 n=0 ec=6/6 lis/c=6/6 les/c/f=7/7/0 sis=6) [0] r=0 lpr=6 crt=0'0 mlcod 0'0 active+clean] PeeringState::activate_map : Not dirtying info: last_persisted is 7 while current is 8
2026-02-12T19:16:05.862+0000 7fe1d5458640 10 osd.0 pg_epoch: 8 pg[1.2( empty local-lis/les=6/7 n=0 ec=6/6 lis/c=6/6 les/c/f=7/7/0 sis=6) [0] r=0 lpr=6 crt=0'0 mlcod 0'0 active+clean] on_scrub_schedule_input_change: active/primary
2026-02-12T19:16:05.862+0000 7fe1d645a640 15 osd.0 pg_epoch: 8 pg[1.0( empty local-lis/les=6/7 n=0 ec=6/6 lis/c=6/6 les/c/f=7/7/0 sis=6) [0] r=0 lpr=6 crt=0'0 mlcod 0'0 active+clean] PeeringState::prepare_stats_for_publish publish_stats_to_osd 8:10
2026-02-12T19:16:05.862+0000 7fe1d4c57640 10 log is not dirty
2026-02-12T19:16:05.862+0000 7fe1d5c59640 20 osd.0 8 advance_pg new pool opts old pool opts
2026-02-12T19:16:05.862+0000 7fe1d645a640 20 osd.0 pg_epoch: 8 pg[1.0( empty local-lis/les=6/7 n=0 ec=6/6 lis/c=6/6 les/c/f=7/7/0 sis=6) [0] r=0 lpr=6 crt=0'0 mlcod 0'0 active+clean] PeeringState::activate_map : Not dirtying info: last_persisted is 7 while current is 8
2026-02-12T19:16:05.862+0000 7fe1d5c59640 10 osd.0 pg_epoch: 8 pg[1.1( empty local-lis/les=6/7 n=0 ec=6/6 lis/c=6/6 les/c/f=7/7/0 sis=6) [0] r=0 lpr=6 crt=0'0 mlcod 0'0 active+clean] handle_activate_map: epoch range: 8..8
2026-02-12T19:16:05.862+0000 7fe1d5458640 15 osd.0 pg_epoch: 8 pg[1.2( empty local-lis/les=6/7 n=0 ec=6/6 lis/c=6/6 les/c/f=7/7/0 sis=6) [0] r=0 lpr=6 crt=0'0 mlcod 0'0 active+clean] scrubber: update_scrub_job: job on entry:pg[1.2]:sh:1.2/sh,nb:2026-02-14T00:44:13.237,(periodic-regular,tr:2026-02-14T00:44:13.237),q:+,issue:ok/dp:1.2/dp,nb:2026-02-22T04:08:56.272,(periodic-regular,tr:2026-02-22T04:08:56.272),q:+,issue:ok
2026-02-12T19:16:05.862+0000 7fe1d5c59640 10 osd.0 pg_epoch: 8 pg[1.1( empty local-lis/les=6/7 n=0 ec=6/6 lis/c=6/6 les/c/f=7/7/0 sis=6) [0] r=0 lpr=6 crt=0'0 mlcod 0'0 active+clean] PeeringState::activate_map
2026-02-12T19:16:05.862+0000 7fe1d645a640 10 log is not dirty
2026-02-12T19:16:05.862+0000 7fe1d5458640 10 osd.0 scrub-queue:remove_from_osd_queue: removing pg[1.2] from OSD scrub queue
2026-02-12T19:16:05.862+0000 7fe1d5c59640 10 osd.0 pg_epoch: 8 pg[1.1( empty local-lis/les=6/7 n=0 ec=6/6 lis/c=6/6 les/c/f=7/7/0 sis=6) [0] r=0 lpr=6 crt=0'0 mlcod 0'0 active+clean] state: Active: handling ActMap
2026-02-12T19:16:05.862+0000 7fe1d4c57640 10 osd.0 pg_epoch: 8 pg[1.3( empty local-lis/les=6/7 n=0 ec=6/6 lis/c=6/6 les/c/f=7/7/0 sis=6) [0] r=0 lpr=6 crt=0'0 mlcod 0'0 active+clean] on_scrub_schedule_input_change: active/primary
2026-02-12T19:16:05.862+0000 7fe1d5c59640 10 osd.0 pg_epoch: 8 pg[1.1( empty local-lis/les=6/7 n=0 ec=6/6 lis/c=6/6 les/c/f=7/7/0 sis=6) [0] r=0 lpr=6 crt=0'0 mlcod 0'0 active+clean] Active: kicking snap trim
2026-02-12T19:16:05.862+0000 7fe1d645a640 10 osd.0 pg_epoch: 8 pg[1.0( empty local-lis/les=6/7 n=0 ec=6/6 lis/c=6/6 les/c/f=7/7/0 sis=6) [0] r=0 lpr=6 crt=0'0 mlcod 0'0 active+clean] on_scrub_schedule_input_change: active/primary
2026-02-12T19:16:05.862+0000 7fe1d5458640 20 osd.0 pg_epoch: 8 pg[1.2( empty local-lis/les=6/7 n=0 ec=6/6 lis/c=6/6 les/c/f=7/7/0 sis=6) [0] r=0 lpr=6 crt=0'0 mlcod 0'0 active+clean] scrubber: update_scrub_job: PG[1.2] dequeuing for an update
2026-02-12T19:16:05.862+0000 7fe1d4c57640 15 osd.0 pg_epoch: 8 pg[1.3( empty local-lis/les=6/7 n=0 ec=6/6 lis/c=6/6 les/c/f=7/7/0 sis=6) [0] r=0 lpr=6 crt=0'0 mlcod 0'0 active+clean] scrubber: update_scrub_job: job on entry:pg[1.3]:sh:1.3/sh,nb:2026-02-13T23:58:39.815,(periodic-regular,tr:2026-02-13T23:58:39.815),q:+,issue:ok/dp:1.3/dp,nb:2026-02-19T08:52:51.886,(periodic-regular,tr:2026-02-19T08:52:51.886),q:+,issue:ok
2026-02-12T19:16:05.862+0000 7fe1d5c59640 7 osd.0 pg_epoch: 8 pg[1.1( empty local-lis/les=6/7 n=0 ec=6/6 lis/c=6/6 les/c/f=7/7/0 sis=6) [0] r=0 lpr=6 crt=0'0 mlcod 0'0 active+clean] state: handle ActMap primary
2026-02-12T19:16:05.862+0000 7fe1d4c57640 10 osd.0 scrub-queue:remove_from_osd_queue: removing pg[1.3] from OSD scrub queue
2026-02-12T19:16:05.862+0000 7fe1d5c59640 20 osd.0 pg_epoch: 8 pg[1.1( empty local-lis/les=6/7 n=0 ec=6/6 lis/c=6/6 les/c/f=7/7/0 sis=6) [0] r=0 lpr=6 crt=0'0 mlcod 0'0 active+clean] PeeringState::prepare_stats_for_publish reporting purged_snaps []
2026-02-12T19:16:05.862+0000 7fe1d4c57640 20 osd.0 pg_epoch: 8 pg[1.3( empty local-lis/les=6/7 n=0 ec=6/6 lis/c=6/6 les/c/f=7/7/0 sis=6) [0] r=0 lpr=6 crt=0'0 mlcod 0'0 active+clean] scrubber: update_scrub_job: PG[1.3] dequeuing for an update
2026-02-12T19:16:05.862+0000 7fe1d5458640 15 osd.0 pg_epoch: 8 pg[1.2( empty local-lis/les=6/7 n=0 ec=6/6 lis/c=6/6 les/c/f=7/7/0 sis=6) [0] r=0 lpr=6 crt=0'0 mlcod 0'0 active+clean] scrubber: populate_config_params: inputs: intervals: sh:86400(pl:0),dp:604800(pl:0)
2026-02-12T19:16:05.862+0000 7fe1d645a640 15 osd.0 pg_epoch: 8 pg[1.0( empty local-lis/les=6/7 n=0 ec=6/6 lis/c=6/6 les/c/f=7/7/0 sis=6) [0] r=0 lpr=6 crt=0'0 mlcod 0'0 active+clean] scrubber: update_scrub_job: job on entry:pg[1.0]:sh:1.0/sh,nb:2026-02-13T21:08:00.016,(periodic-regular,tr:2026-02-13T21:08:00.016),q:+,issue:ok/dp:1.0/dp,nb:2026-02-20T08:18:06.599,(periodic-regular,tr:2026-02-20T08:18:06.599),q:+,issue:ok
2026-02-12T19:16:05.862+0000 7fe1d5c59640 15 osd.0 pg_epoch: 8 pg[1.1( empty local-lis/les=6/7 n=0 ec=6/6 lis/c=6/6 les/c/f=7/7/0 sis=6) [0] r=0 lpr=6 crt=0'0 mlcod 0'0 active+clean] PeeringState::prepare_stats_for_publish publish_stats_to_osd 8:10
2026-02-12T19:16:05.862+0000 7fe1d5458640 10 osd.0 pg_epoch: 8 pg[1.2( empty local-lis/les=6/7 n=0 ec=6/6 lis/c=6/6 les/c/f=7/7/0 sis=6) [0] r=0 lpr=6 crt=0'0 mlcod 0'0 active+clean] scrubber: populate_config_params: updated config:periods:s:86400,d:604800,iv-ratio:0.5,deep-rand:0.2,on-inv:true
2026-02-12T19:16:05.862+0000 7fe1d4c57640 15 osd.0 pg_epoch: 8 pg[1.3( empty local-lis/les=6/7 n=0 ec=6/6 lis/c=6/6 les/c/f=7/7/0 sis=6) [0] r=0 lpr=6 crt=0'0 mlcod 0'0 active+clean] scrubber: populate_config_params: inputs: intervals: sh:86400(pl:0),dp:604800(pl:0)
2026-02-12T19:16:05.862+0000 7fe1d5c59640 20 osd.0 pg_epoch: 8 pg[1.1( empty local-lis/les=6/7 n=0 ec=6/6 lis/c=6/6 les/c/f=7/7/0 sis=6) [0] r=0 lpr=6 crt=0'0 mlcod 0'0 active+clean] PeeringState::activate_map : Not dirtying info: last_persisted is 7 while current is 8
2026-02-12T19:16:05.862+0000 7fe1d645a640 10 osd.0 scrub-queue:remove_from_osd_queue: removing pg[1.0] from OSD scrub queue
2026-02-12T19:16:05.862+0000 7fe1d5c59640 10 log is not dirty
2026-02-12T19:16:05.862+0000 7fe1d4c57640 10 osd.0 pg_epoch: 8 pg[1.3( empty local-lis/les=6/7 n=0 ec=6/6 lis/c=6/6 les/c/f=7/7/0 sis=6) [0] r=0 lpr=6 crt=0'0 mlcod 0'0 active+clean] scrubber: populate_config_params: updated config:periods:s:86400,d:604800,iv-ratio:0.5,deep-rand:0.2,on-inv:true
2026-02-12T19:16:05.862+0000 7fe1d5458640 10 osd.0 pg_epoch: 8 pg[1.2( empty local-lis/les=6/7 n=0 ec=6/6 lis/c=6/6 les/c/f=7/7/0 sis=6) [0] r=0 lpr=6 crt=0'0 mlcod 0'0 active+clean] scrubber: update_targets: config:periods:s:86400,d:604800,iv-ratio:0.5,deep-rand:0.2,on-inv:true job on entry:pg[1.2]:sh:1.2/sh,nb:2026-02-14T00:44:13.237,(periodic-regular,tr:2026-02-14T00:44:13.237),q:-,issue:ok/dp:1.2/dp,nb:2026-02-22T04:08:56.272,(periodic-regular,tr:2026-02-22T04:08:56.272),q:-,issue:ok
2026-02-12T19:16:05.862+0000 7fe1d5c59640 10 osd.0 pg_epoch: 8 pg[1.1( empty local-lis/les=6/7 n=0 ec=6/6 lis/c=6/6 les/c/f=7/7/0 sis=6) [0] r=0 lpr=6 crt=0'0 mlcod 0'0 active+clean] on_scrub_schedule_input_change: active/primary
2026-02-12T19:16:05.862+0000 7fe1d645a640 20 osd.0 pg_epoch: 8 pg[1.0( empty local-lis/les=6/7 n=0 ec=6/6 lis/c=6/6 les/c/f=7/7/0 sis=6) [0] r=0 lpr=6 crt=0'0 mlcod 0'0 active+clean] scrubber: update_scrub_job: PG[1.0] dequeuing for an update
2026-02-12T19:16:05.862+0000 7fe1d5458640 10 osd.0 scrub-job:pg[1.2]:adjust_shallow_schedule: at entry: shallow target:1.2/sh,nb:2026-02-14T00:44:13.237,(periodic-regular,tr:2026-02-14T00:44:13.237),q:-,issue:ok, conf:periods:s:86400,d:604800,iv-ratio:0.5,deep-rand:0.2,on-inv:true, last-stamp:2026-02-12T19:16:05.661
2026-02-12T19:16:05.862+0000 7fe1d4c57640 10 osd.0 pg_epoch: 8 pg[1.3( empty local-lis/les=6/7 n=0 ec=6/6 lis/c=6/6 les/c/f=7/7/0 sis=6) [0] r=0 lpr=6 crt=0'0 mlcod 0'0 active+clean] scrubber: update_targets: config:periods:s:86400,d:604800,iv-ratio:0.5,deep-rand:0.2,on-inv:true job on entry:pg[1.3]:sh:1.3/sh,nb:2026-02-13T23:58:39.815,(periodic-regular,tr:2026-02-13T23:58:39.815),q:-,issue:ok/dp:1.3/dp,nb:2026-02-19T08:52:51.886,(periodic-regular,tr:2026-02-19T08:52:51.886),q:-,issue:ok
2026-02-12T19:16:05.862+0000 7fe1d5458640 10 osd.0 scrub-job:pg[1.2]:adjust_shallow_schedule: adjusted: nb:2026-02-13T20:50:33.475 target:2026-02-13T20:50:33.475 (registered)
2026-02-12T19:16:05.862+0000 7fe1d5c59640 15 osd.0 pg_epoch: 8 pg[1.1( empty local-lis/les=6/7 n=0 ec=6/6 lis/c=6/6 les/c/f=7/7/0 sis=6) [0] r=0 lpr=6 crt=0'0 mlcod 0'0 active+clean] scrubber: update_scrub_job: job on entry:pg[1.1]:sh:1.1/sh,nb:2026-02-13T20:36:16.610,(periodic-regular,tr:2026-02-13T20:36:16.610),q:+,issue:ok/dp:1.1/dp,nb:2026-02-21T04:44:13.522,(periodic-regular,tr:2026-02-21T04:44:13.522),q:+,issue:ok
2026-02-12T19:16:05.862+0000 7fe1d5458640 10 osd.0 scrub-job:pg[1.2]:adjust_deep_schedule: at entry: deep target:1.2/dp,nb:2026-02-22T04:08:56.272,(periodic-regular,tr:2026-02-22T04:08:56.272),q:-,issue:ok, conf:periods:s:86400,d:604800,iv-ratio:0.5,deep-rand:0.2,on-inv:true, last-stamp:2026-02-12T19:16:05.661
2026-02-12T19:16:05.862+0000 7fe1d645a640 15 osd.0 pg_epoch: 8 pg[1.0( empty local-lis/les=6/7 n=0 ec=6/6 lis/c=6/6 les/c/f=7/7/0 sis=6) [0] r=0 lpr=6 crt=0'0 mlcod 0'0 active+clean] scrubber: populate_config_params: inputs: intervals: sh:86400(pl:0),dp:604800(pl:0)
2026-02-12T19:16:05.862+0000 7fe1d5c59640 10 osd.0 scrub-queue:remove_from_osd_queue: removing pg[1.1] from OSD scrub queue
2026-02-12T19:16:05.862+0000 7fe1d5458640 20 osd.0 scrub-job:pg[1.2]:adjust_deep_schedule: deep scrubbing: next_delay=553980 (interval=604800, ratio=0.200), adjusted:2026-02-19T05:09:06.094
2026-02-12T19:16:05.862+0000 7fe1d5458640 10 osd.0 scrub-job:pg[1.2]:adjust_deep_schedule: adjusted: nb:2026-02-19T05:09:06.094 target:2026-02-19T05:09:06.094 (registered)
2026-02-12T19:16:05.862+0000 7fe1d5c59640 20 osd.0 pg_epoch: 8 pg[1.1( empty local-lis/les=6/7 n=0 ec=6/6 lis/c=6/6 les/c/f=7/7/0 sis=6) [0] r=0 lpr=6 crt=0'0 mlcod 0'0 active+clean] scrubber: update_scrub_job: PG[1.1] dequeuing for an update
2026-02-12T19:16:05.862+0000 7fe1d645a640 10 osd.0 pg_epoch: 8 pg[1.0( empty local-lis/les=6/7 n=0 ec=6/6 lis/c=6/6 les/c/f=7/7/0 sis=6) [0] r=0 lpr=6 crt=0'0 mlcod 0'0 active+clean] scrubber: populate_config_params: updated config:periods:s:86400,d:604800,iv-ratio:0.5,deep-rand:0.2,on-inv:true
2026-02-12T19:16:05.862+0000 7fe1d4c57640 10 osd.0 scrub-job:pg[1.3]:adjust_shallow_schedule: at entry: shallow target:1.3/sh,nb:2026-02-13T23:58:39.815,(periodic-regular,tr:2026-02-13T23:58:39.815),q:-,issue:ok, conf:periods:s:86400,d:604800,iv-ratio:0.5,deep-rand:0.2,on-inv:true, last-stamp:2026-02-12T19:16:05.661
2026-02-12T19:16:05.862+0000 7fe1d5c59640 15 osd.0 pg_epoch: 8 pg[1.1( empty local-lis/les=6/7 n=0 ec=6/6 lis/c=6/6 les/c/f=7/7/0 sis=6) [0] r=0 lpr=6 crt=0'0 mlcod 0'0 active+clean] scrubber: populate_config_params: inputs: intervals: sh:86400(pl:0),dp:604800(pl:0)
2026-02-12T19:16:05.862+0000 7fe1d5458640 10 osd.0 pg_epoch: 8 pg[1.2( empty local-lis/les=6/7 n=0 ec=6/6 lis/c=6/6 les/c/f=7/7/0 sis=6) [0] r=0 lpr=6 crt=0'0 mlcod 0'0 active+clean] scrubber: update_targets: adjusted:pg[1.2]:sh:1.2/sh,nb:2026-02-13T20:50:33.475,(periodic-regular,tr:2026-02-13T20:50:33.475),q:-,issue:ok/dp:1.2/dp,nb:2026-02-19T05:09:06.094,(periodic-regular,tr:2026-02-19T05:09:06.094),q:-,issue:ok
2026-02-12T19:16:05.862+0000 7fe1d4c57640 10 osd.0 scrub-job:pg[1.3]:adjust_shallow_schedule: adjusted: nb:2026-02-13T22:23:35.345 target:2026-02-13T22:23:35.345 (registered)
2026-02-12T19:16:05.862+0000 7fe1d5c59640 10 osd.0 pg_epoch: 8 pg[1.1( empty local-lis/les=6/7 n=0 ec=6/6 lis/c=6/6 les/c/f=7/7/0 sis=6) [0] r=0 lpr=6 crt=0'0 mlcod 0'0 active+clean] scrubber: populate_config_params: updated config:periods:s:86400,d:604800,iv-ratio:0.5,deep-rand:0.2,on-inv:true
2026-02-12T19:16:05.862+0000 7fe1d5458640 20 osd.0 pg_epoch: 8 pg[1.2( empty local-lis/les=6/7 n=0 ec=6/6 lis/c=6/6 les/c/f=7/7/0 sis=6) [0] r=0 lpr=6 crt=0'0 mlcod 0'0 active+clean] PeeringState::prepare_stats_for_publish reporting purged_snaps []
2026-02-12T19:16:05.862+0000 7fe1d5458640 15 osd.0 pg_epoch: 8 pg[1.2( empty local-lis/les=6/7 n=0 ec=6/6 lis/c=6/6 les/c/f=7/7/0 sis=6) [0] r=0 lpr=6 crt=0'0 mlcod 0'0 active+clean] PeeringState::prepare_stats_for_publish publish_stats_to_osd 8:11
2026-02-12T19:16:05.862+0000 7fe1d645a640 10 osd.0 pg_epoch: 8 pg[1.0( empty local-lis/les=6/7 n=0 ec=6/6 lis/c=6/6 les/c/f=7/7/0 sis=6) [0] r=0 lpr=6 crt=0'0 mlcod 0'0 active+clean] scrubber: update_targets: config:periods:s:86400,d:604800,iv-ratio:0.5,deep-rand:0.2,on-inv:true job on entry:pg[1.0]:sh:1.0/sh,nb:2026-02-13T21:08:00.016,(periodic-regular,tr:2026-02-13T21:08:00.016),q:-,issue:ok/dp:1.0/dp,nb:2026-02-20T08:18:06.599,(periodic-regular,tr:2026-02-20T08:18:06.599),q:-,issue:ok
2026-02-12T19:16:05.862+0000 7fe1d5c59640 10 osd.0 pg_epoch: 8 pg[1.1( empty local-lis/les=6/7 n=0 ec=6/6 lis/c=6/6 les/c/f=7/7/0 sis=6) [0] r=0 lpr=6 crt=0'0 mlcod 0'0 active+clean] scrubber: update_targets: config:periods:s:86400,d:604800,iv-ratio:0.5,deep-rand:0.2,on-inv:true job on entry:pg[1.1]:sh:1.1/sh,nb:2026-02-13T20:36:16.610,(periodic-regular,tr:2026-02-13T20:36:16.610),q:-,issue:ok/dp:1.1/dp,nb:2026-02-21T04:44:13.522,(periodic-regular,tr:2026-02-21T04:44:13.522),q:-,issue:ok
2026-02-12T19:16:05.862+0000 7fe1d4c57640 10 osd.0 scrub-job:pg[1.3]:adjust_deep_schedule: at entry: deep target:1.3/dp,nb:2026-02-19T08:52:51.886,(periodic-regular,tr:2026-02-19T08:52:51.886),q:-,issue:ok, conf:periods:s:86400,d:604800,iv-ratio:0.5,deep-rand:0.2,on-inv:true, last-stamp:2026-02-12T19:16:05.661
2026-02-12T19:16:05.862+0000 7fe1d645a640 10 osd.0 scrub-job:pg[1.0]:adjust_shallow_schedule: at entry: shallow target:1.0/sh,nb:2026-02-13T21:08:00.016,(periodic-regular,tr:2026-02-13T21:08:00.016),q:-,issue:ok, conf:periods:s:86400,d:604800,iv-ratio:0.5,deep-rand:0.2,on-inv:true, last-stamp:2026-02-12T19:16:05.661
2026-02-12T19:16:05.862+0000 7fe1d4c57640 20 osd.0 scrub-job:pg[1.3]:adjust_deep_schedule: deep scrubbing: next_delay=561587 (interval=604800, ratio=0.200), adjusted:2026-02-19T07:15:52.680
2026-02-12T19:16:05.862+0000 7fe1d5c59640 10 osd.0 scrub-job:pg[1.1]:adjust_shallow_schedule: at entry: shallow target:1.1/sh,nb:2026-02-13T20:36:16.610,(periodic-regular,tr:2026-02-13T20:36:16.610),q:-,issue:ok, conf:periods:s:86400,d:604800,iv-ratio:0.5,deep-rand:0.2,on-inv:true, last-stamp:2026-02-12T19:16:05.661
2026-02-12T19:16:05.862+0000 7fe1d5458640 10 osd.0 pg_epoch: 8 pg[1.2( empty local-lis/les=6/7 n=0 ec=6/6 lis/c=6/6 les/c/f=7/7/0 sis=6) [0] r=0 lpr=6 crt=0'0 mlcod 0'0 active+clean] scrubber: update_scrub_job: job on exit:pg[1.2]:sh:1.2/sh,nb:2026-02-13T20:50:33.475,(periodic-regular,tr:2026-02-13T20:50:33.475),q:+,issue:ok/dp:1.2/dp,nb:2026-02-19T05:09:06.094,(periodic-regular,tr:2026-02-19T05:09:06.094),q:+,issue:ok
2026-02-12T19:16:05.862+0000 7fe1d645a640 10 osd.0 scrub-job:pg[1.0]:adjust_shallow_schedule: adjusted: nb:2026-02-14T05:37:46.348 target:2026-02-14T05:37:46.348 (registered)
2026-02-12T19:16:05.862+0000 7fe1d4c57640 10 osd.0 scrub-job:pg[1.3]:adjust_deep_schedule: adjusted: nb:2026-02-19T07:15:52.680 target:2026-02-19T07:15:52.680 (registered)
2026-02-12T19:16:05.862+0000 7fe1d5458640 10 osd.0 pg_epoch: 8 pg[1.2( empty local-lis/les=6/7 n=0 ec=6/6 lis/c=6/6 les/c/f=7/7/0 sis=6) [0] r=0 lpr=6 crt=0'0 mlcod 0'0 active+clean] do_peering_event: epoch_sent: 8 epoch_requested: 8 NullEvt
2026-02-12T19:16:05.862+0000 7fe1d5c59640 10 osd.0 scrub-job:pg[1.1]:adjust_shallow_schedule: adjusted: nb:2026-02-13T21:41:47.804 target:2026-02-13T21:41:47.804 (registered)
2026-02-12T19:16:05.862+0000 7fe1d5458640 10 log is not dirty
2026-02-12T19:16:05.862+0000 7fe1d5458640 20 osd.0 op_wq(2) _process empty q, waiting
2026-02-12T19:16:05.862+0000 7fe1d4c57640 10 osd.0 pg_epoch: 8 pg[1.3( empty local-lis/les=6/7 n=0 ec=6/6 lis/c=6/6 les/c/f=7/7/0 sis=6) [0] r=0 lpr=6 crt=0'0 mlcod 0'0 active+clean] scrubber: update_targets: adjusted:pg[1.3]:sh:1.3/sh,nb:2026-02-13T22:23:35.345,(periodic-regular,tr:2026-02-13T22:23:35.345),q:-,issue:ok/dp:1.3/dp,nb:2026-02-19T07:15:52.680,(periodic-regular,tr:2026-02-19T07:15:52.680),q:-,issue:ok
2026-02-12T19:16:05.862+0000 7fe1d645a640 10 osd.0 scrub-job:pg[1.0]:adjust_deep_schedule: at entry: deep target:1.0/dp,nb:2026-02-20T08:18:06.599,(periodic-regular,tr:2026-02-20T08:18:06.599),q:-,issue:ok, conf:periods:s:86400,d:604800,iv-ratio:0.5,deep-rand:0.2,on-inv:true, last-stamp:2026-02-12T19:16:05.661
2026-02-12T19:16:05.862+0000 7fe1d4c57640 20 osd.0 pg_epoch: 8 pg[1.3( empty local-lis/les=6/7 n=0 ec=6/6 lis/c=6/6 les/c/f=7/7/0 sis=6) [0] r=0 lpr=6 crt=0'0 mlcod 0'0 active+clean] PeeringState::prepare_stats_for_publish reporting purged_snaps []
2026-02-12T19:16:05.862+0000 7fe1d645a640 20 osd.0 scrub-job:pg[1.0]:adjust_deep_schedule: deep scrubbing: next_delay=693091 (interval=604800, ratio=0.200), adjusted:2026-02-20T19:47:36.769
2026-02-12T19:16:05.862+0000 7fe1d4c57640 15 osd.0 pg_epoch: 8 pg[1.3( empty local-lis/les=6/7 n=0 ec=6/6 lis/c=6/6 les/c/f=7/7/0 sis=6) [0] r=0 lpr=6 crt=0'0 mlcod 0'0 active+clean] PeeringState::prepare_stats_for_publish publish_stats_to_osd 8:11
2026-02-12T19:16:05.862+0000 7fe1d5c59640 10 osd.0 scrub-job:pg[1.1]:adjust_deep_schedule: at entry: deep target:1.1/dp,nb:2026-02-21T04:44:13.522,(periodic-regular,tr:2026-02-21T04:44:13.522),q:-,issue:ok, conf:periods:s:86400,d:604800,iv-ratio:0.5,deep-rand:0.2,on-inv:true, last-stamp:2026-02-12T19:16:05.661
2026-02-12T19:16:05.862+0000 7fe1d645a640 10 osd.0 scrub-job:pg[1.0]:adjust_deep_schedule: adjusted: nb:2026-02-20T19:47:36.769 target:2026-02-20T19:47:36.769 (registered)
2026-02-12T19:16:05.862+0000 7fe1d5c59640 20 osd.0 scrub-job:pg[1.1]:adjust_deep_schedule: deep scrubbing: next_delay=569560 (interval=604800, ratio=0.200), adjusted:2026-02-19T09:28:45.169
2026-02-12T19:16:05.862+0000 7fe1d4c57640 10 osd.0 pg_epoch: 8 pg[1.3( empty local-lis/les=6/7 n=0 ec=6/6 lis/c=6/6 les/c/f=7/7/0 sis=6) [0] r=0 lpr=6 crt=0'0 mlcod 0'0 active+clean] scrubber: update_scrub_job: job on exit:pg[1.3]:sh:1.3/sh,nb:2026-02-13T22:23:35.345,(periodic-regular,tr:2026-02-13T22:23:35.345),q:+,issue:ok/dp:1.3/dp,nb:2026-02-19T07:15:52.680,(periodic-regular,tr:2026-02-19T07:15:52.680),q:+,issue:ok
2026-02-12T19:16:05.862+0000 7fe1d5c59640 10 osd.0 scrub-job:pg[1.1]:adjust_deep_schedule: adjusted: nb:2026-02-19T09:28:45.169 target:2026-02-19T09:28:45.169 (registered)
2026-02-12T19:16:05.862+0000 7fe1d4c57640 10 osd.0 pg_epoch: 8 pg[1.3( empty local-lis/les=6/7 n=0 ec=6/6 lis/c=6/6 les/c/f=7/7/0 sis=6) [0] r=0 lpr=6 crt=0'0 mlcod 0'0 active+clean] do_peering_event: epoch_sent: 8 epoch_requested: 8 NullEvt
2026-02-12T19:16:05.862+0000 7fe1d4c57640 10 log is not dirty
2026-02-12T19:16:05.862+0000 7fe1d4c57640 20 osd.0 op_wq(3) _process empty q, waiting
2026-02-12T19:16:05.862+0000 7fe1d5c59640 10 osd.0 pg_epoch: 8 pg[1.1( empty local-lis/les=6/7 n=0 ec=6/6 lis/c=6/6 les/c/f=7/7/0 sis=6) [0] r=0 lpr=6 crt=0'0 mlcod 0'0 active+clean] scrubber: update_targets: adjusted:pg[1.1]:sh:1.1/sh,nb:2026-02-13T21:41:47.804,(periodic-regular,tr:2026-02-13T21:41:47.804),q:-,issue:ok/dp:1.1/dp,nb:2026-02-19T09:28:45.169,(periodic-regular,tr:2026-02-19T09:28:45.169),q:-,issue:ok
2026-02-12T19:16:05.862+0000 7fe1d645a640 10 osd.0 pg_epoch: 8 pg[1.0( empty local-lis/les=6/7 n=0 ec=6/6 lis/c=6/6 les/c/f=7/7/0 sis=6) [0] r=0 lpr=6 crt=0'0 mlcod 0'0 active+clean] scrubber: update_targets: adjusted:pg[1.0]:sh:1.0/sh,nb:2026-02-14T05:37:46.348,(periodic-regular,tr:2026-02-14T05:37:46.348),q:-,issue:ok/dp:1.0/dp,nb:2026-02-20T19:47:36.769,(periodic-regular,tr:2026-02-20T19:47:36.769),q:-,issue:ok
2026-02-12T19:16:05.862+0000 7fe1d5c59640 20 osd.0 pg_epoch: 8 pg[1.1( empty local-lis/les=6/7 n=0 ec=6/6 lis/c=6/6 les/c/f=7/7/0 sis=6) [0] r=0 lpr=6 crt=0'0 mlcod 0'0 active+clean] PeeringState::prepare_stats_for_publish reporting purged_snaps []
2026-02-12T19:16:05.862+0000 7fe1d5c59640 15 osd.0 pg_epoch: 8 pg[1.1( empty local-lis/les=6/7 n=0 ec=6/6 lis/c=6/6 les/c/f=7/7/0 sis=6) [0] r=0 lpr=6 crt=0'0 mlcod 0'0 active+clean] PeeringState::prepare_stats_for_publish publish_stats_to_osd 8:11
2026-02-12T19:16:05.862+0000 7fe1d645a640 20 osd.0 pg_epoch: 8 pg[1.0( empty local-lis/les=6/7 n=0 ec=6/6 lis/c=6/6 les/c/f=7/7/0 sis=6) [0] r=0 lpr=6 crt=0'0 mlcod 0'0 active+clean] PeeringState::prepare_stats_for_publish reporting purged_snaps []
2026-02-12T19:16:05.862+0000 7fe1d645a640 15 osd.0 pg_epoch: 8 pg[1.0( empty local-lis/les=6/7 n=0 ec=6/6 lis/c=6/6 les/c/f=7/7/0 sis=6) [0] r=0 lpr=6 crt=0'0 mlcod 0'0 active+clean] PeeringState::prepare_stats_for_publish publish_stats_to_osd 8:11
2026-02-12T19:16:05.862+0000 7fe1d5c59640 10 osd.0 pg_epoch: 8 pg[1.1( empty local-lis/les=6/7 n=0 ec=6/6 lis/c=6/6 les/c/f=7/7/0 sis=6) [0] r=0 lpr=6 crt=0'0 mlcod 0'0 active+clean] scrubber: update_scrub_job: job on exit:pg[1.1]:sh:1.1/sh,nb:2026-02-13T21:41:47.804,(periodic-regular,tr:2026-02-13T21:41:47.804),q:+,issue:ok/dp:1.1/dp,nb:2026-02-19T09:28:45.169,(periodic-regular,tr:2026-02-19T09:28:45.169),q:+,issue:ok
2026-02-12T19:16:05.862+0000 7fe1d5c59640 10 osd.0 pg_epoch: 8 pg[1.1( empty local-lis/les=6/7 n=0 ec=6/6 lis/c=6/6 les/c/f=7/7/0 sis=6) [0] r=0 lpr=6 crt=0'0 mlcod 0'0 active+clean] do_peering_event: epoch_sent: 8 epoch_requested: 8 NullEvt
2026-02-12T19:16:05.862+0000 7fe1d5c59640 10 log is not dirty
2026-02-12T19:16:05.862+0000 7fe1d5c59640 20 osd.0 op_wq(1) _process empty q, waiting
2026-02-12T19:16:05.862+0000 7fe1d645a640 10 osd.0 pg_epoch: 8 pg[1.0( empty local-lis/les=6/7 n=0 ec=6/6 lis/c=6/6 les/c/f=7/7/0 sis=6) [0] r=0 lpr=6 crt=0'0 mlcod 0'0 active+clean] scrubber: update_scrub_job: job on exit:pg[1.0]:sh:1.0/sh,nb:2026-02-14T05:37:46.348,(periodic-regular,tr:2026-02-14T05:37:46.348),q:+,issue:ok/dp:1.0/dp,nb:2026-02-20T19:47:36.769,(periodic-regular,tr:2026-02-20T19:47:36.769),q:+,issue:ok
2026-02-12T19:16:05.862+0000 7fe1d645a640 10 osd.0 pg_epoch: 8 pg[1.0( empty local-lis/les=6/7 n=0 ec=6/6 lis/c=6/6 les/c/f=7/7/0 sis=6) [0] r=0 lpr=6 crt=0'0 mlcod 0'0 active+clean] do_peering_event: epoch_sent: 8 epoch_requested: 8 NullEvt
2026-02-12T19:16:05.862+0000 7fe1d645a640 10 log is not dirty
2026-02-12T19:16:05.862+0000 7fe1d645a640 20 osd.0 op_wq(0) _process empty q, waiting
2026-02-12T19:16:05.966+0000 7fe1e747c640 1 -- [v2:127.0.0.1:6800/65075307,v1:127.0.0.1:6801/65075307] <== mon.0 v2:127.0.0.1:7109/0 20 ==== mgrmap(e 4) ==== 53890+0+0 (crc 0 0 0) 0x55a21e13f880 con 0x55a21e21c800
2026-02-12T19:16:06.050+0000 7fe1ecc87640 10 osd.0 8 tick_without_osd_lock
2026-02-12T19:16:06.050+0000 7fe1ecc87640 20 osd.0 osd-scrub:scrub_random_backoff: lost coin flip, randomly backing off (ratio: 0.660)
2026-02-12T19:16:06.050+0000 7fe1ecc87640 15 osd.0 osd-scrub:restrictions_on_scrubbing: Lost on the dice. Regular scheduled scrubs are not permitted.
2026-02-12T19:16:06.050+0000 7fe1ecc87640 20 osd.0 osd-scrub:scrub_time_permit: should run between 0 - 0 now 19 = yes
2026-02-12T19:16:06.050+0000 7fe1ecc87640 20 osd.0 osd-scrub:scrub_load_below_threshold: loadavg per cpu 0.169 < max 2000.000 (#CPUs:24) = yes
2026-02-12T19:16:06.050+0000 7fe1ecc87640 10 osd.0 osd-scrub:initiate_scrub: scrub scheduling (@tick) starts. time now:2026-02-12T19:16:06.053, recovery is active?:false restrictions:<.backoff...>
2026-02-12T19:16:06.050+0000 7fe1ecc87640 20 osd.0 osd-scrub:initiate_scrub: no PGs are ready for scrubbing
2026-02-12T19:16:06.050+0000 7fe1ecc87640 10 osd.0 8 promote_throttle_recalibrate 0 attempts, promoted 0 objects and 0 B; target 25 obj/sec or 5 MiB/sec
2026-02-12T19:16:06.050+0000 7fe1ecc87640 20 osd.0 8 promote_throttle_recalibrate new_prob 1000
2026-02-12T19:16:06.050+0000 7fe1ecc87640 10 osd.0 8 promote_throttle_recalibrate actual 0, actual/prob ratio 1, adjusted new_prob 1000, prob 1000 -> 1000
2026-02-12T19:16:06.050+0000 7fe1ecc87640 20 osd.0 8 maybe_send_beacon beacon would be too frequent; skipping
2026-02-12T19:16:06.102+0000 7fe1ed488640 10 osd.0 8 tick
2026-02-12T19:16:06.102+0000 7fe1ed488640 20 osd.0 8 tick last_purged_snaps_scrub
2026-02-12T19:16:05.059706+0000 next
2026-02-14T03:10:41.622206+0000
2026-02-12T19:16:06.754+0000 7fe1e747c640 1 -- [v2:127.0.0.1:6800/65075307,v1:127.0.0.1:6801/65075307] <== mon.0 v2:127.0.0.1:7109/0 21 ==== osd_map(8..9 src has 1..9) ==== 1211+0+0 (crc 0 0 0) 0x55a21ee6b200 con 0x55a21e21c800
2026-02-12T19:16:06.754+0000 7fe1e747c640 20 osd.0 8 OSD::ms_dispatch: osd_map(8..9 src has 1..9)
2026-02-12T19:16:06.754+0000 7fe1e747c640 20 osd.0 8 _dispatch 0x55a21ee6b200 osd_map(8..9 src has 1..9)
2026-02-12T19:16:06.754+0000 7fe1e747c640 3 osd.0 8 handle_osd_map epochs [8,9], i have 8, src has [1,9]
2026-02-12T19:16:06.754+0000 7fe1e747c640 10 osd.0 8 handle_osd_map: received 0 full maps and 2 incremental maps
2026-02-12T19:16:06.754+0000 7fe1e747c640 10 osd.0 8 handle_osd_map got inc map for epoch 9
2026-02-12T19:16:06.754+0000 7fe1e747c640 20 osd.0 8 got_full_map 9, nothing requested
2026-02-12T19:16:06.754+0000 7fe1e747c640 20 osd.0 8 trim_maps: min=0 oldest_map=1
2026-02-12T19:16:06.754+0000 7fe1e747c640 20 osd.0 8 handle_osd_map pg_num_history pg_num_history(e9 pg_nums {1={6=4}} deleted_pools )
2026-02-12T19:16:06.754+0000 7fe1e747c640 10 snap_mapper record_purged_snaps purged_snaps {9={}}
2026-02-12T19:16:06.754+0000 7fe1e747c640 10 snap_mapper record_purged_snaps rm 0 keys, set 0 keys
2026-02-12T19:16:06.754+0000 7fe1e747c640 10 write_superblock sb(87fd2eab-282e-43bf-b5a2-5c7fac36961f osd.0 10608a2a-f006-430f-928e-a3d593dfdea9 e9 maps [1~9] lci=[5,9] tlb=1)
2026-02-12T19:16:06.754+0000 7fe1e3474640 10 osd.0 8 _committed_osd_maps 9..9
2026-02-12T19:16:06.754+0000 7fe1e3474640 10 osd.0 8 advance to epoch 9 (<= last 9 <= newest_map 9)
2026-02-12T19:16:06.754+0000 7fe1e3474640 20 osd.0 9 consume_map version 9
2026-02-12T19:16:06.754+0000 7fe1e3474640 20 osd.0 8 await_reserved_maps epoch:9
2026-02-12T19:16:06.754+0000 7fe1e3474640 20 osd.0 8 await_reserved_maps done 0
2026-02-12T19:16:06.754+0000 7fe1e3474640 20 osd.0 9 consume_map 9 -- publish done
2026-02-12T19:16:06.754+0000 7fe1e3474640 20 osd.0:0.identify_splits_and_merges identify_splits_and_merges 1 slots
2026-02-12T19:16:06.754+0000 7fe1e3474640 20 osd.0:0.identify_splits_and_merges identify_splits_and_merges slot pgid:1.0slot:0x55a21ce16420
2026-02-12T19:16:06.754+0000 7fe1e3474640 20 osd.0 9 identify_splits_and_merges 1.0 e8 to e9
2026-02-12T19:16:06.754+0000 7fe1e3474640 20 osd.0 9 identify_splits_and_merges 1.0 e8 to e9 pg_nums {6=4}
2026-02-12T19:16:06.754+0000 7fe1e3474640 20 osd.0:0.identify_splits_and_merges identify_splits_and_merges 0 splits, 0 merges
2026-02-12T19:16:06.754+0000 7fe1e3474640 20 osd.0:1.identify_splits_and_merges identify_splits_and_merges 1 slots
2026-02-12T19:16:06.754+0000 7fe1e3474640 20 osd.0:1.identify_splits_and_merges identify_splits_and_merges slot pgid:1.1slot:0x55a21ce16000
2026-02-12T19:16:06.754+0000 7fe1e3474640 20 osd.0 9 identify_splits_and_merges 1.1 e8 to e9
2026-02-12T19:16:06.754+0000 7fe1e3474640 20 osd.0 9 identify_splits_and_merges 1.1 e8 to e9 pg_nums {6=4}
2026-02-12T19:16:06.754+0000 7fe1e3474640 20 osd.0:1.identify_splits_and_merges identify_splits_and_merges 0 splits, 0 merges
2026-02-12T19:16:06.754+0000 7fe1e3474640 20 osd.0:2.identify_splits_and_merges identify_splits_and_merges 1 slots
2026-02-12T19:16:06.754+0000 7fe1e3474640 20 osd.0:2.identify_splits_and_merges identify_splits_and_merges slot pgid:1.2slot:0x55a21ce17600
2026-02-12T19:16:06.754+0000 7fe1e3474640 20 osd.0 9 identify_splits_and_merges 1.2 e8 to e9
2026-02-12T19:16:06.754+0000 7fe1e3474640 20 osd.0 9 identify_splits_and_merges 1.2 e8 to e9 pg_nums {6=4}
2026-02-12T19:16:06.754+0000 7fe1e3474640 20 osd.0:2.identify_splits_and_merges identify_splits_and_merges 0 splits, 0 merges
2026-02-12T19:16:06.754+0000 7fe1e3474640 20 osd.0:3.identify_splits_and_merges identify_splits_and_merges 1 slots
2026-02-12T19:16:06.754+0000 7fe1e3474640 20 osd.0:3.identify_splits_and_merges identify_splits_and_merges slot pgid:1.3slot:0x55a21ce17340
2026-02-12T19:16:06.754+0000 7fe1e3474640 20 osd.0 9 identify_splits_and_merges 1.3 e8 to e9
2026-02-12T19:16:06.754+0000 7fe1e3474640 20 osd.0 9 identify_splits_and_merges 1.3 e8 to e9 pg_nums {6=4}
2026-02-12T19:16:06.754+0000 7fe1e3474640 20 osd.0:3.identify_splits_and_merges identify_splits_and_merges 0 splits, 0 merges
2026-02-12T19:16:06.754+0000 7fe1e3474640 20 osd.0:4.identify_splits_and_merges identify_splits_and_merges 0 slots
2026-02-12T19:16:06.754+0000 7fe1e3474640 20 osd.0:4.identify_splits_and_merges identify_splits_and_merges 0 splits, 0 merges
2026-02-12T19:16:06.754+0000 7fe1e3474640 20 osd.0:5.identify_splits_and_merges identify_splits_and_merges 0 slots
2026-02-12T19:16:06.754+0000 7fe1e3474640 20 osd.0:5.identify_splits_and_merges identify_splits_and_merges 0 splits, 0 merges
2026-02-12T19:16:06.754+0000 7fe1e3474640 20 osd.0:6.identify_splits_and_merges identify_splits_and_merges 0 slots
2026-02-12T19:16:06.754+0000 7fe1e3474640 20 osd.0:6.identify_splits_and_merges identify_splits_and_merges 0 splits, 0 merges
2026-02-12T19:16:06.754+0000 7fe1e3474640 20 osd.0:7.identify_splits_and_merges identify_splits_and_merges 0 slots
2026-02-12T19:16:06.754+0000 7fe1e3474640 20 osd.0:7.identify_splits_and_merges identify_splits_and_merges 0 splits, 0 merges
2026-02-12T19:16:06.754+0000 7fe1e3474640 20 osd.0 9 prune_pg_created
2026-02-12T19:16:06.754+0000 7fe1e3474640 10 osd.0:0.consume_map 9 (was 8)
2026-02-12T19:16:06.754+0000 7fe1e3474640 20 osd.0:0.consume_map consume_map 1.0
2026-02-12T19:16:06.754+0000 7fe1e3474640 10 osd.0:1.consume_map 9 (was 8)
2026-02-12T19:16:06.754+0000 7fe1e3474640 20 osd.0:1.consume_map consume_map 1.1
2026-02-12T19:16:06.754+0000 7fe1e3474640 10 osd.0:2.consume_map 9 (was 8)
2026-02-12T19:16:06.754+0000 7fe1e3474640 20 osd.0:2.consume_map consume_map 1.2
2026-02-12T19:16:06.754+0000 7fe1e3474640 10 osd.0:3.consume_map 9 (was 8)
2026-02-12T19:16:06.754+0000 7fe1e3474640 20 osd.0:3.consume_map consume_map 1.3
2026-02-12T19:16:06.754+0000 7fe1e3474640 10 osd.0:4.consume_map 9 (was 8)
2026-02-12T19:16:06.754+0000 7fe1e3474640 10 osd.0:5.consume_map 9 (was 8)
2026-02-12T19:16:06.754+0000 7fe1e3474640 10 osd.0:6.consume_map 9 (was 8)
2026-02-12T19:16:06.754+0000 7fe1e3474640 10 osd.0:7.consume_map 9 (was 8)
2026-02-12T19:16:06.754+0000 7fe1e3474640 10 osd.0 9 release_reserved_pushes(0), recovery_ops_reserved 0 -> 0
2026-02-12T19:16:06.754+0000 7fe1e3474640 15 osd.0 9 enqueue_peering_evt 1.0 epoch_sent: 9 epoch_requested: 9 NullEvt
2026-02-12T19:16:06.754+0000 7fe1e3474640 20 osd.0 op_wq(0) _enqueue OpSchedulerItem(1.0 PGPeeringEvent(epoch_sent: 9 epoch_requested: 9 NullEvt) class_id 2 prio 255 cost 10 e9)
2026-02-12T19:16:06.754+0000 7fe1e3474640 15 osd.0 9 enqueue_peering_evt 1.1 epoch_sent: 9 epoch_requested: 9 NullEvt
2026-02-12T19:16:06.754+0000 7fe1e3474640 20 osd.0 op_wq(1) _enqueue OpSchedulerItem(1.1 PGPeeringEvent(epoch_sent: 9 epoch_requested: 9 NullEvt) class_id 2 prio 255 cost 10 e9)
2026-02-12T19:16:06.754+0000 7fe1e3474640 15 osd.0 9 enqueue_peering_evt 1.2 epoch_sent: 9 epoch_requested: 9 NullEvt
2026-02-12T19:16:06.754+0000 7fe1e3474640 20 osd.0 op_wq(2) _enqueue OpSchedulerItem(1.2 PGPeeringEvent(epoch_sent: 9 epoch_requested: 9 NullEvt) class_id 2 prio 255 cost 10 e9)
2026-02-12T19:16:06.754+0000 7fe1e3474640 15 osd.0 9 enqueue_peering_evt 1.3 epoch_sent: 9 epoch_requested: 9 NullEvt
2026-02-12T19:16:06.754+0000 7fe1e3474640 20 osd.0 op_wq(3) _enqueue OpSchedulerItem(1.3 PGPeeringEvent(epoch_sent: 9 epoch_requested: 9 NullEvt) class_id 2 prio 255 cost 10 e9)
2026-02-12T19:16:06.754+0000 7fe1d645a640 20 osd.0 op_wq(0) _process 1.0 to_process <> waiting <> waiting_peering {}
2026-02-12T19:16:06.754+0000 7fe1d645a640 20 osd.0 op_wq(0) _process OpSchedulerItem(1.0 PGPeeringEvent(epoch_sent: 9 epoch_requested: 9 NullEvt) class_id 2immediate prio 255 cost 10 e9) queued
2026-02-12T19:16:06.754+0000 7fe1e3474640 7 osd.0 9 activate_map version 9
2026-02-12T19:16:06.754+0000 7fe1d645a640 20 osd.0 op_wq(0) _process 1.0 to_process waiting <> waiting_peering {}
2026-02-12T19:16:06.754+0000 7fe1d645a640 20 osd.0 op_wq(0) _process OpSchedulerItem(1.0 PGPeeringEvent(epoch_sent: 9 epoch_requested: 9 NullEvt) class_id 2immediate prio 255 cost 10 e9) pg 0x55a21ee71000
2026-02-12T19:16:06.754+0000 7fe1d5458640 20 osd.0 op_wq(2) _process 1.2 to_process <> waiting <> waiting_peering {}
2026-02-12T19:16:06.754+0000 7fe1d8c5f640 20 osd.0 op_wq(3) _process 1.3 to_process <> waiting <> waiting_peering {}
2026-02-12T19:16:06.754+0000 7fe1d5c59640 20 osd.0 op_wq(1) _process 1.1 to_process <> waiting <> waiting_peering {}
2026-02-12T19:16:06.754+0000 7fe1d5458640 20 osd.0 op_wq(2) _process OpSchedulerItem(1.2 PGPeeringEvent(epoch_sent: 9 epoch_requested: 9 NullEvt) class_id 2immediate prio 255 cost 10 e9) queued
2026-02-12T19:16:06.754+0000 7fe1d8c5f640 20 osd.0 op_wq(3) _process OpSchedulerItem(1.3 PGPeeringEvent(epoch_sent: 9 epoch_requested: 9 NullEvt) class_id 2immediate prio 255 cost 10 e9) queued
2026-02-12T19:16:06.754+0000 7fe1d5c59640 20 osd.0 op_wq(1) _process OpSchedulerItem(1.1 PGPeeringEvent(epoch_sent: 9 epoch_requested: 9 NullEvt) class_id 2immediate prio 255 cost 10 e9) queued
2026-02-12T19:16:06.754+0000 7fe1d8c5f640 20 osd.0 op_wq(3) _process 1.3 to_process waiting <> waiting_peering {}
2026-02-12T19:16:06.754+0000 7fe1d8c5f640 20 osd.0 op_wq(3) _process OpSchedulerItem(1.3 PGPeeringEvent(epoch_sent: 9 epoch_requested: 9 NullEvt) class_id 2immediate prio 255 cost 10 e9) pg 0x55a21e15a000
2026-02-12T19:16:06.754+0000 7fe1d5458640 20 osd.0 op_wq(2) _process 1.2 to_process waiting <> waiting_peering {}
2026-02-12T19:16:06.754+0000 7fe1da462640 20 osd.0 op_wq(0) _process empty q, waiting
2026-02-12T19:16:06.754+0000 7fe1dac63640 20 osd.0 9 agent_entry empty queue
2026-02-12T19:16:06.754+0000 7fe1d5458640 20 osd.0 op_wq(2) _process OpSchedulerItem(1.2 PGPeeringEvent(epoch_sent: 9 epoch_requested: 9 NullEvt) class_id 2immediate prio 255 cost 10 e9) pg 0x55a21de30000
2026-02-12T19:16:06.754+0000 7fe1d645a640 10 osd.0 pg_epoch: 8 pg[1.0( empty local-lis/les=6/7 n=0 ec=6/6 lis/c=6/6 les/c/f=7/7/0 sis=6) [0] r=0 lpr=6 crt=0'0 mlcod 0'0 active+clean] handle_advance_map: 9
2026-02-12T19:16:06.754+0000 7fe1d4c57640 20 osd.0 op_wq(3) _process empty q, waiting
2026-02-12T19:16:06.754+0000 7fe1d5c59640 20 osd.0 op_wq(1) _process 1.1 to_process waiting <> waiting_peering {}
2026-02-12T19:16:06.754+0000 7fe1d645a640 20 osd.0:0.update_pg_epoch 1.0 8 -> 9
2026-02-12T19:16:06.754+0000 7fe1d5c59640 20 osd.0 op_wq(1) _process OpSchedulerItem(1.1 PGPeeringEvent(epoch_sent: 9 epoch_requested: 9 NullEvt) class_id 2immediate prio 255 cost 10 e9) pg 0x55a21ee6e000
2026-02-12T19:16:06.754+0000 7fe1d9460640 20 osd.0 op_wq(2) _process empty q, waiting
2026-02-12T19:16:06.754+0000 7fe1d5458640 10 osd.0 pg_epoch: 8 pg[1.2( empty local-lis/les=6/7 n=0 ec=6/6 lis/c=6/6 les/c/f=7/7/0 sis=6) [0] r=0 lpr=6 crt=0'0 mlcod 0'0 active+clean] handle_advance_map: 9
2026-02-12T19:16:06.754+0000 7fe1d5458640 20 osd.0:2.update_pg_epoch 1.2 8 -> 9
2026-02-12T19:16:06.754+0000 7fe1d8c5f640 10 osd.0 pg_epoch: 8 pg[1.3( empty local-lis/les=6/7 n=0 ec=6/6 lis/c=6/6 les/c/f=7/7/0 sis=6) [0] r=0 lpr=6 crt=0'0 mlcod 0'0 active+clean] handle_advance_map: 9
2026-02-12T19:16:06.754+0000 7fe1d5458640 10 osd.0 pg_epoch: 8 pg[1.2( empty local-lis/les=6/7 n=0 ec=6/6 lis/c=6/6 les/c/f=7/7/0 sis=6) [0] r=0 lpr=6 crt=0'0 mlcod 0'0 active+clean] PeeringState::advance_map handle_advance_map [0]/[0] -- 0/0
2026-02-12T19:16:06.754+0000 7fe1d8c5f640 20 osd.0:3.update_pg_epoch 1.3 8 -> 9
2026-02-12T19:16:06.754+0000 7fe1d8c5f640 10 osd.0 pg_epoch: 8 pg[1.3( empty local-lis/les=6/7 n=0 ec=6/6 lis/c=6/6 les/c/f=7/7/0 sis=6) [0] r=0 lpr=6 crt=0'0 mlcod 0'0 active+clean] PeeringState::advance_map handle_advance_map [0]/[0] -- 0/0
2026-02-12T19:16:06.754+0000 7fe1d645a640 10 osd.0 pg_epoch: 8 pg[1.0( empty local-lis/les=6/7 n=0 ec=6/6 lis/c=6/6 les/c/f=7/7/0 sis=6) [0] r=0 lpr=6 crt=0'0 mlcod 0'0 active+clean] PeeringState::advance_map handle_advance_map [0]/[0] -- 0/0
2026-02-12T19:16:06.754+0000 7fe1d5458640 10 osd.0 pg_epoch: 9 pg[1.2( empty local-lis/les=6/7 n=0 ec=6/6 lis/c=6/6 les/c/f=7/7/0 sis=6) [0] r=0 lpr=6 crt=0'0 mlcod 0'0 active+clean] state: Active advmap
2026-02-12T19:16:06.754+0000 7fe1d8c5f640 10 osd.0 pg_epoch: 9 pg[1.3( empty local-lis/les=6/7 n=0 ec=6/6 lis/c=6/6 les/c/f=7/7/0 sis=6) [0] r=0 lpr=6 crt=0'0 mlcod 0'0 active+clean] state: Active advmap
2026-02-12T19:16:06.754+0000 7fe1d5c59640 10 osd.0 pg_epoch: 8 pg[1.1( empty local-lis/les=6/7 n=0 ec=6/6 lis/c=6/6 les/c/f=7/7/0 sis=6) [0] r=0 lpr=6 crt=0'0 mlcod 0'0 active+clean] handle_advance_map: 9
2026-02-12T19:16:06.754+0000 7fe1d9c61640 20 osd.0 op_wq(1) _process empty q, waiting
2026-02-12T19:16:06.754+0000 7fe1d645a640 10 osd.0 pg_epoch: 9 pg[1.0( empty local-lis/les=6/7 n=0 ec=6/6 lis/c=6/6 les/c/f=7/7/0 sis=6) [0] r=0 lpr=6 crt=0'0 mlcod 0'0 active+clean] state: Active advmap
