2026-02-12T19:16:06.858+0000 7fe1da462640 15 osd.0 pg_epoch: 10 pg[1.0( empty local-lis/les=6/7 n=0 ec=6/6 lis/c=6/6 les/c/f=7/7/0 sis=6) [0] r=0 lpr=6 crt=0'0 mlcod 0'0 active+clean] scrubber: update_scrub_job: job on entry:pg[1.0]:sh:1.0/sh,nb:2026-02-14T01:07:41.740,(periodic-regular,tr:2026-02-14T01:07:41.740),q:+,issue:ok/dp:1.0/dp,nb:2026-02-18T14:36:00.352,(periodic-regular,tr:2026-02-18T14:36:00.352),q:+,issue:ok
2026-02-12T19:16:06.858+0000 7fe1da462640 10 osd.0 scrub-queue:remove_from_osd_queue: removing pg[1.0] from OSD scrub queue
2026-02-12T19:16:06.858+0000 7fe1d5c59640 15 osd.0 pg_epoch: 10 pg[1.1( empty local-lis/les=6/7 n=0 ec=6/6 lis/c=6/6 les/c/f=7/7/0 sis=6) [0] r=0 lpr=6 crt=0'0 mlcod 0'0 active+clean] scrubber: update_scrub_job: job on entry:pg[1.1]:sh:1.1/sh,nb:2026-02-13T20:05:18.546,(periodic-regular,tr:2026-02-13T20:05:18.546),q:+,issue:ok/dp:1.1/dp,nb:2026-02-21T13:27:37.503,(periodic-regular,tr:2026-02-21T13:27:37.503),q:+,issue:ok
2026-02-12T19:16:06.858+0000 7fe1d5458640 10 osd.0 scrub-job:pg[1.2]:adjust_deep_schedule: at entry: deep target:1.2/dp,nb:2026-02-19T12:13:15.248,(periodic-regular,tr:2026-02-19T12:13:15.248),q:-,issue:ok, conf:periods:s:86400,d:604800,iv-ratio:0.5,deep-rand:0.2,on-inv:true, last-stamp:2026-02-12T19:16:05.661
2026-02-12T19:16:06.858+0000 7fe1d5c59640 10 osd.0 scrub-queue:remove_from_osd_queue: removing pg[1.1] from OSD scrub queue
2026-02-12T19:16:06.858+0000 7fe1d5458640 20 osd.0 scrub-job:pg[1.2]:adjust_deep_schedule: deep scrubbing: next_delay=573410 (interval=604800, ratio=0.200), adjusted:2026-02-19T10:32:55.440
2026-02-12T19:16:06.858+0000 7fe1da462640 20 osd.0 pg_epoch: 10 pg[1.0( empty local-lis/les=6/7 n=0 ec=6/6 lis/c=6/6 les/c/f=7/7/0 sis=6) [0] r=0 lpr=6 crt=0'0 mlcod 0'0 active+clean] scrubber: update_scrub_job: PG[1.0] dequeuing for an update
2026-02-12T19:16:06.858+0000 7fe1d5458640 10 osd.0 scrub-job:pg[1.2]:adjust_deep_schedule: adjusted: nb:2026-02-19T10:32:55.440 target:2026-02-19T10:32:55.440 (registered)
2026-02-12T19:16:06.858+0000 7fe1d5c59640 20 osd.0 pg_epoch: 10 pg[1.1( empty local-lis/les=6/7 n=0 ec=6/6 lis/c=6/6 les/c/f=7/7/0 sis=6) [0] r=0 lpr=6 crt=0'0 mlcod 0'0 active+clean] scrubber: update_scrub_job: PG[1.1] dequeuing for an update
2026-02-12T19:16:06.858+0000 7fe1d5458640 10 osd.0 pg_epoch: 10 pg[1.2( empty local-lis/les=6/7 n=0 ec=6/6 lis/c=6/6 les/c/f=7/7/0 sis=6) [0] r=0 lpr=6 crt=0'0 mlcod 0'0 active+clean] scrubber: update_targets: adjusted:pg[1.2]:sh:1.2/sh,nb:2026-02-13T22:40:48.337,(periodic-regular,tr:2026-02-13T22:40:48.337),q:-,issue:ok/dp:1.2/dp,nb:2026-02-19T10:32:55.440,(periodic-regular,tr:2026-02-19T10:32:55.440),q:-,issue:ok
2026-02-12T19:16:06.858+0000 7fe1da462640 15 osd.0 pg_epoch: 10 pg[1.0( empty local-lis/les=6/7 n=0 ec=6/6 lis/c=6/6 les/c/f=7/7/0 sis=6) [0] r=0 lpr=6 crt=0'0 mlcod 0'0 active+clean] scrubber: populate_config_params: inputs: intervals: sh:86400(pl:0),dp:604800(pl:0)
2026-02-12T19:16:06.858+0000 7fe1d5c59640 15 osd.0 pg_epoch: 10 pg[1.1( empty local-lis/les=6/7 n=0 ec=6/6 lis/c=6/6 les/c/f=7/7/0 sis=6) [0] r=0 lpr=6 crt=0'0 mlcod 0'0 active+clean] scrubber: populate_config_params: inputs: intervals: sh:86400(pl:0),dp:604800(pl:0)
2026-02-12T19:16:06.858+0000 7fe1d5458640 20 osd.0 pg_epoch: 10 pg[1.2( empty local-lis/les=6/7 n=0 ec=6/6 lis/c=6/6 les/c/f=7/7/0 sis=6) [0] r=0 lpr=6 crt=0'0 mlcod 0'0 active+clean] PeeringState::prepare_stats_for_publish reporting purged_snaps []
2026-02-12T19:16:06.858+0000 7fe1da462640 10 osd.0 pg_epoch: 10 pg[1.0( empty local-lis/les=6/7 n=0 ec=6/6 lis/c=6/6 les/c/f=7/7/0 sis=6) [0] r=0 lpr=6 crt=0'0 mlcod 0'0 active+clean] scrubber: populate_config_params: updated config:periods:s:86400,d:604800,iv-ratio:0.5,deep-rand:0.2,on-inv:true
2026-02-12T19:16:06.858+0000 7fe1d5458640 15 osd.0 pg_epoch: 10 pg[1.2( empty local-lis/les=6/7 n=0 ec=6/6 lis/c=6/6 les/c/f=7/7/0 sis=6) [0] r=0 lpr=6 crt=0'0 mlcod 0'0 active+clean] PeeringState::prepare_stats_for_publish publish_stats_to_osd 10:17
2026-02-12T19:16:06.858+0000 7fe1d5c59640 10 osd.0 pg_epoch: 10 pg[1.1( empty local-lis/les=6/7 n=0 ec=6/6 lis/c=6/6 les/c/f=7/7/0 sis=6) [0] r=0 lpr=6 crt=0'0 mlcod 0'0 active+clean] scrubber: populate_config_params: updated config:periods:s:86400,d:604800,iv-ratio:0.5,deep-rand:0.2,on-inv:true
2026-02-12T19:16:06.858+0000 7fe1d5458640 10 osd.0 pg_epoch: 10 pg[1.2( empty local-lis/les=6/7 n=0 ec=6/6 lis/c=6/6 les/c/f=7/7/0 sis=6) [0] r=0 lpr=6 crt=0'0 mlcod 0'0 active+clean] scrubber: update_scrub_job: job on exit:pg[1.2]:sh:1.2/sh,nb:2026-02-13T22:40:48.337,(periodic-regular,tr:2026-02-13T22:40:48.337),q:+,issue:ok/dp:1.2/dp,nb:2026-02-19T10:32:55.440,(periodic-regular,tr:2026-02-19T10:32:55.440),q:+,issue:ok
2026-02-12T19:16:06.858+0000 7fe1d5458640 10 osd.0 pg_epoch: 10 pg[1.2( empty local-lis/les=6/7 n=0 ec=6/6 lis/c=6/6 les/c/f=7/7/0 sis=6) [0] r=0 lpr=6 crt=0'0 mlcod 0'0 active+clean] do_peering_event: epoch_sent: 10 epoch_requested: 10 NullEvt
2026-02-12T19:16:06.858+0000 7fe1d5458640 10 log is not dirty
2026-02-12T19:16:06.858+0000 7fe1d5c59640 10 osd.0 pg_epoch: 10 pg[1.1( empty local-lis/les=6/7 n=0 ec=6/6 lis/c=6/6 les/c/f=7/7/0 sis=6) [0] r=0 lpr=6 crt=0'0 mlcod 0'0 active+clean] scrubber: update_targets: config:periods:s:86400,d:604800,iv-ratio:0.5,deep-rand:0.2,on-inv:true job on entry:pg[1.1]:sh:1.1/sh,nb:2026-02-13T20:05:18.546,(periodic-regular,tr:2026-02-13T20:05:18.546),q:-,issue:ok/dp:1.1/dp,nb:2026-02-21T13:27:37.503,(periodic-regular,tr:2026-02-21T13:27:37.503),q:-,issue:ok
2026-02-12T19:16:06.858+0000 7fe1d5458640 20 osd.0 op_wq(2) _process empty q, waiting
2026-02-12T19:16:06.858+0000 7fe1da462640 10 osd.0 pg_epoch: 10 pg[1.0( empty local-lis/les=6/7 n=0 ec=6/6 lis/c=6/6 les/c/f=7/7/0 sis=6) [0] r=0 lpr=6 crt=0'0 mlcod 0'0 active+clean] scrubber: update_targets: config:periods:s:86400,d:604800,iv-ratio:0.5,deep-rand:0.2,on-inv:true job on entry:pg[1.0]:sh:1.0/sh,nb:2026-02-14T01:07:41.740,(periodic-regular,tr:2026-02-14T01:07:41.740),q:-,issue:ok/dp:1.0/dp,nb:2026-02-18T14:36:00.352,(periodic-regular,tr:2026-02-18T14:36:00.352),q:-,issue:ok
2026-02-12T19:16:06.858+0000 7fe1d5c59640 10 osd.0 scrub-job:pg[1.1]:adjust_shallow_schedule: at entry: shallow target:1.1/sh,nb:2026-02-13T20:05:18.546,(periodic-regular,tr:2026-02-13T20:05:18.546),q:-,issue:ok, conf:periods:s:86400,d:604800,iv-ratio:0.5,deep-rand:0.2,on-inv:true, last-stamp:2026-02-12T19:16:05.661
2026-02-12T19:16:06.858+0000 7fe1d5c59640 10 osd.0 scrub-job:pg[1.1]:adjust_shallow_schedule: adjusted: nb:2026-02-14T03:58:14.855 target:2026-02-14T03:58:14.855 (registered)
2026-02-12T19:16:06.858+0000 7fe1da462640 10 osd.0 scrub-job:pg[1.0]:adjust_shallow_schedule: at entry: shallow target:1.0/sh,nb:2026-02-14T01:07:41.740,(periodic-regular,tr:2026-02-14T01:07:41.740),q:-,issue:ok, conf:periods:s:86400,d:604800,iv-ratio:0.5,deep-rand:0.2,on-inv:true, last-stamp:2026-02-12T19:16:05.661
2026-02-12T19:16:06.858+0000 7fe1d5c59640 10 osd.0 scrub-job:pg[1.1]:adjust_deep_schedule: at entry: deep target:1.1/dp,nb:2026-02-21T13:27:37.503,(periodic-regular,tr:2026-02-21T13:27:37.503),q:-,issue:ok, conf:periods:s:86400,d:604800,iv-ratio:0.5,deep-rand:0.2,on-inv:true, last-stamp:2026-02-12T19:16:05.661
2026-02-12T19:16:06.858+0000 7fe1da462640 10 osd.0 scrub-job:pg[1.0]:adjust_shallow_schedule: adjusted: nb:2026-02-14T00:53:13.088 target:2026-02-14T00:53:13.088 (registered)
2026-02-12T19:16:06.858+0000 7fe1d5c59640 20 osd.0 scrub-job:pg[1.1]:adjust_deep_schedule: deep scrubbing: next_delay=533921 (interval=604800, ratio=0.200), adjusted:2026-02-18T23:34:46.959
2026-02-12T19:16:06.858+0000 7fe1da462640 10 osd.0 scrub-job:pg[1.0]:adjust_deep_schedule: at entry: deep target:1.0/dp,nb:2026-02-18T14:36:00.352,(periodic-regular,tr:2026-02-18T14:36:00.352),q:-,issue:ok, conf:periods:s:86400,d:604800,iv-ratio:0.5,deep-rand:0.2,on-inv:true, last-stamp:2026-02-12T19:16:05.661
2026-02-12T19:16:06.858+0000 7fe1d5c59640 10 osd.0 scrub-job:pg[1.1]:adjust_deep_schedule: adjusted: nb:2026-02-18T23:34:46.959 target:2026-02-18T23:34:46.959 (registered)
2026-02-12T19:16:06.858+0000 7fe1da462640 20 osd.0 scrub-job:pg[1.0]:adjust_deep_schedule: deep scrubbing: next_delay=569405 (interval=604800, ratio=0.200), adjusted:2026-02-19T09:26:10.417
2026-02-12T19:16:06.858+0000 7fe1da462640 10 osd.0 scrub-job:pg[1.0]:adjust_deep_schedule: adjusted: nb:2026-02-19T09:26:10.417 target:2026-02-19T09:26:10.417 (registered)
2026-02-12T19:16:06.858+0000 7fe1d5c59640 10 osd.0 pg_epoch: 10 pg[1.1( empty local-lis/les=6/7 n=0 ec=6/6 lis/c=6/6 les/c/f=7/7/0 sis=6) [0] r=0 lpr=6 crt=0'0 mlcod 0'0 active+clean] scrubber: update_targets: adjusted:pg[1.1]:sh:1.1/sh,nb:2026-02-14T03:58:14.855,(periodic-regular,tr:2026-02-14T03:58:14.855),q:-,issue:ok/dp:1.1/dp,nb:2026-02-18T23:34:46.959,(periodic-regular,tr:2026-02-18T23:34:46.959),q:-,issue:ok
2026-02-12T19:16:06.858+0000 7fe1da462640 10 osd.0 pg_epoch: 10 pg[1.0( empty local-lis/les=6/7 n=0 ec=6/6 lis/c=6/6 les/c/f=7/7/0 sis=6) [0] r=0 lpr=6 crt=0'0 mlcod 0'0 active+clean] scrubber: update_targets: adjusted:pg[1.0]:sh:1.0/sh,nb:2026-02-14T00:53:13.088,(periodic-regular,tr:2026-02-14T00:53:13.088),q:-,issue:ok/dp:1.0/dp,nb:2026-02-19T09:26:10.417,(periodic-regular,tr:2026-02-19T09:26:10.417),q:-,issue:ok
2026-02-12T19:16:06.858+0000 7fe1d5c59640 20 osd.0 pg_epoch: 10 pg[1.1( empty local-lis/les=6/7 n=0 ec=6/6 lis/c=6/6 les/c/f=7/7/0 sis=6) [0] r=0 lpr=6 crt=0'0 mlcod 0'0 active+clean] PeeringState::prepare_stats_for_publish reporting purged_snaps []
2026-02-12T19:16:06.858+0000 7fe1d5c59640 15 osd.0 pg_epoch: 10 pg[1.1( empty local-lis/les=6/7 n=0 ec=6/6 lis/c=6/6 les/c/f=7/7/0 sis=6) [0] r=0 lpr=6 crt=0'0 mlcod 0'0 active+clean] PeeringState::prepare_stats_for_publish publish_stats_to_osd 10:17
2026-02-12T19:16:06.858+0000 7fe1da462640 20 osd.0 pg_epoch: 10 pg[1.0( empty local-lis/les=6/7 n=0 ec=6/6 lis/c=6/6 les/c/f=7/7/0 sis=6) [0] r=0 lpr=6 crt=0'0 mlcod 0'0 active+clean] PeeringState::prepare_stats_for_publish reporting purged_snaps []
2026-02-12T19:16:06.858+0000 7fe1da462640 15 osd.0 pg_epoch: 10 pg[1.0( empty local-lis/les=6/7 n=0 ec=6/6 lis/c=6/6 les/c/f=7/7/0 sis=6) [0] r=0 lpr=6 crt=0'0 mlcod 0'0 active+clean] PeeringState::prepare_stats_for_publish publish_stats_to_osd 10:17
2026-02-12T19:16:06.858+0000 7fe1d5c59640 10 osd.0 pg_epoch: 10 pg[1.1( empty local-lis/les=6/7 n=0 ec=6/6 lis/c=6/6 les/c/f=7/7/0 sis=6) [0] r=0 lpr=6 crt=0'0 mlcod 0'0 active+clean] scrubber: update_scrub_job: job on exit:pg[1.1]:sh:1.1/sh,nb:2026-02-14T03:58:14.855,(periodic-regular,tr:2026-02-14T03:58:14.855),q:+,issue:ok/dp:1.1/dp,nb:2026-02-18T23:34:46.959,(periodic-regular,tr:2026-02-18T23:34:46.959),q:+,issue:ok
2026-02-12T19:16:06.858+0000 7fe1d5c59640 10 osd.0 pg_epoch: 10 pg[1.1( empty local-lis/les=6/7 n=0 ec=6/6 lis/c=6/6 les/c/f=7/7/0 sis=6) [0] r=0 lpr=6 crt=0'0 mlcod 0'0 active+clean] do_peering_event: epoch_sent: 10 epoch_requested: 10 NullEvt
2026-02-12T19:16:06.858+0000 7fe1da462640 10 osd.0 pg_epoch: 10 pg[1.0( empty local-lis/les=6/7 n=0 ec=6/6 lis/c=6/6 les/c/f=7/7/0 sis=6) [0] r=0 lpr=6 crt=0'0 mlcod 0'0 active+clean] scrubber: update_scrub_job: job on exit:pg[1.0]:sh:1.0/sh,nb:2026-02-14T00:53:13.088,(periodic-regular,tr:2026-02-14T00:53:13.088),q:+,issue:ok/dp:1.0/dp,nb:2026-02-19T09:26:10.417,(periodic-regular,tr:2026-02-19T09:26:10.417),q:+,issue:ok
2026-02-12T19:16:06.858+0000 7fe1d5c59640 10 log is not dirty
2026-02-12T19:16:06.858+0000 7fe1d5c59640 20 osd.0 op_wq(1) _process empty q, waiting
2026-02-12T19:16:06.858+0000 7fe1da462640 10 osd.0 pg_epoch: 10 pg[1.0( empty local-lis/les=6/7 n=0 ec=6/6 lis/c=6/6 les/c/f=7/7/0 sis=6) [0] r=0 lpr=6 crt=0'0 mlcod 0'0 active+clean] do_peering_event: epoch_sent: 10 epoch_requested: 10 NullEvt
2026-02-12T19:16:06.858+0000 7fe1da462640 10 log is not dirty
2026-02-12T19:16:06.858+0000 7fe1da462640 20 osd.0 op_wq(0) _process empty q, waiting
2026-02-12T19:16:06.858+0000 7fe1f749c640 1 -- [v2:127.0.0.1:6800/65075307,v1:127.0.0.1:6801/65075307] <== client.4127 127.0.0.1:0/2901883969 4 ==== osd_op(client.4127.0:5 1.2 1.ac0e573a (undecoded) ondisk+write+known_if_redirected+supports_pool_eio e10) ==== 262+0+8 (crc 0 0 0) 0x55a21e2302c0 con 0x55a21e4c8800
2026-02-12T19:16:06.858+0000 7fe1f749c640 15 osd.0 10 enqueue_op osd_op(client.4127.0:5 1.2 1.ac0e573a (undecoded) ondisk+write+known_if_redirected+supports_pool_eio e10) v9 prio 63 type 42 cost 8 latency 0.000014 epoch 10
2026-02-12T19:16:06.858+0000 7fe1f749c640 20 osd.0 op_wq(2) _enqueue OpSchedulerItem(1.2 PGOpItem(op=osd_op(client.4127.0:5 1.2 1.ac0e573a (undecoded) ondisk+write+known_if_redirected+supports_pool_eio e10) v9) class_id 3 prio 63 cost 8 e10)
2026-02-12T19:16:06.858+0000 7fe1d9460640 20 osd.0 op_wq(2) _process 1.2 to_process <> waiting <> waiting_peering {}
2026-02-12T19:16:06.858+0000 7fe1d9460640 20 osd.0 op_wq(2) _process OpSchedulerItem(1.2 PGOpItem(op=osd_op(client.4127.0:5 1.2 1.ac0e573a (undecoded) ondisk+write+known_if_redirected+supports_pool_eio e10) v9) class_id 3client prio 63 qos_cost 26747 cost 8 e10) queued
2026-02-12T19:16:06.858+0000 7fe1d9460640 20 osd.0 op_wq(2) _process 1.2 to_process waiting <> waiting_peering {}
2026-02-12T19:16:06.858+0000 7fe1d9460640 20 osd.0 op_wq(2) _process OpSchedulerItem(1.2 PGOpItem(op=osd_op(client.4127.0:5 1.2 1.ac0e573a (undecoded) ondisk+write+known_if_redirected+supports_pool_eio e10) v9) class_id 3client prio 63 qos_cost 26747 cost 8 e10) pg 0x55a21de30000
2026-02-12T19:16:06.858+0000 7fe1d5458640 20 osd.0 op_wq(2) _process empty q, waiting
2026-02-12T19:16:06.858+0000 7fe1d9460640 10 osd.0 10 dequeue_op osd_op(client.4127.0:5 1.2 1.ac0e573a (undecoded) ondisk+write+known_if_redirected+supports_pool_eio e10) v9 prio 63 cost 8 latency 0.000044 osd_op(client.4127.0:5 1.2 1.ac0e573a (undecoded) ondisk+write+known_if_redirected+supports_pool_eio e10) v9 pg pg[1.2( empty local-lis/les=6/7 n=0 ec=6/6 lis/c=6/6 les/c/f=7/7/0 sis=6) [0] r=0 lpr=6 crt=0'0 mlcod 0'0 active+clean]
2026-02-12T19:16:06.858+0000 7fe1d9460640 10 osd.0 10 maybe_share_map: con 127.0.0.1:0/2901883969 updating session's projected_epoch from 9 to ping map epoch of 10
2026-02-12T19:16:06.858+0000 7fe1d9460640 10 osd.0 10 maybe_share_map: con 127.0.0.1:0/2901883969 our osdmap epoch of 10 is not newer than session's projected_epoch of 10
2026-02-12T19:16:06.858+0000 7fe1d9460640 10 osd.0 pg_epoch: 10 pg[1.2( empty local-lis/les=6/7 n=0 ec=6/6 lis/c=6/6 les/c/f=7/7/0 sis=6) [0] r=0 lpr=6 crt=0'0 mlcod 0'0 active+clean] _handle_message: osd_op(client.4127.0:5 1.2 1.ac0e573a (undecoded) ondisk+write+known_if_redirected+supports_pool_eio e10) v9
2026-02-12T19:16:06.858+0000 7fe1d9460640 20 osd.0 pg_epoch: 10 pg[1.2( empty local-lis/les=6/7 n=0 ec=6/6 lis/c=6/6 les/c/f=7/7/0 sis=6) [0] r=0 lpr=6 crt=0'0 mlcod 0'0 active+clean] do_op: op osd_op(client.4127.0:5 1.2 1:5cea7035:::rbd_info:head [create,write 0~8 in=8b] snapc 0=[] ondisk+write+known_if_redirected+supports_pool_eio e10)
2026-02-12T19:16:06.858+0000 7fe1d9460640 20 osd.0 pg_epoch: 10 pg[1.2( empty local-lis/les=6/7 n=0 ec=6/6 lis/c=6/6 les/c/f=7/7/0 sis=6) [0] r=0 lpr=6 crt=0'0 mlcod 0'0 active+clean] op_has_sufficient_caps session=0x55a21eee6a80 pool=1 (rbd ) pool_app_metadata={rbd={}} need_read_cap=0 need_write_cap=1 classes=[] -> yes
2026-02-12T19:16:06.858+0000 7fe1d9460640 10 osd.0 pg_epoch: 10 pg[1.2( empty local-lis/les=6/7 n=0 ec=6/6 lis/c=6/6 les/c/f=7/7/0 sis=6) [0] r=0 lpr=6 crt=0'0 mlcod 0'0 active+clean] do_op osd_op(client.4127.0:5 1.2 1:5cea7035:::rbd_info:head [create,write 0~8 in=8b] snapc 0=[] ondisk+write+known_if_redirected+supports_pool_eio e10) may_write -> write-ordered flags ondisk+write+known_if_redirected+supports_pool_eio
2026-02-12T19:16:06.858+0000 7fe1d9460640 10 osd.0 pg_epoch: 10 pg[1.2( empty local-lis/les=6/7 n=0 ec=6/6 lis/c=6/6 les/c/f=7/7/0 sis=6) [0] r=0 lpr=6 crt=0'0 mlcod 0'0 active+clean] get_object_context: obc NOT found in cache: 1:5cea7035:::rbd_info:head
2026-02-12T19:16:06.858+0000 7fe1d9460640 10 osd.0 pg_epoch: 10 pg[1.2( empty local-lis/les=6/7 n=0 ec=6/6 lis/c=6/6 les/c/f=7/7/0 sis=6) [0] r=0 lpr=6 crt=0'0 mlcod 0'0 active+clean] get_object_context: no obc for soid 1:5cea7035:::rbd_info:head but can_create
2026-02-12T19:16:06.858+0000 7fe1d9460640 10 osd.0 pg_epoch: 10 pg[1.2( empty local-lis/les=6/7 n=0 ec=6/6 lis/c=6/6 les/c/f=7/7/0 sis=6) [0] r=0 lpr=6 crt=0'0 mlcod 0'0 active+clean] create_object_context 0x55a21eebac00 1:5cea7035:::rbd_info:head
2026-02-12T19:16:06.858+0000 7fe1d9460640 10 osd.0 pg_epoch: 10 pg[1.2( empty local-lis/les=6/7 n=0 ec=6/6 lis/c=6/6 les/c/f=7/7/0 sis=6) [0] r=0 lpr=6 crt=0'0 mlcod 0'0 active+clean] populate_obc_watchers 1:5cea7035:::rbd_info:head
2026-02-12T19:16:06.858+0000 7fe1d9460640 20 osd.0 pg_epoch: 10 pg[1.2( empty local-lis/les=6/7 n=0 ec=6/6 lis/c=6/6 les/c/f=7/7/0 sis=6) [0] r=0 lpr=6 crt=0'0 mlcod 0'0 active+clean] PrimaryLogPG::check_blocklisted_obc_watchers for obc 1:5cea7035:::rbd_info:head
2026-02-12T19:16:06.858+0000 7fe1d9460640 10 osd.0 pg_epoch: 10 pg[1.2( empty local-lis/les=6/7 n=0 ec=6/6 lis/c=6/6 les/c/f=7/7/0 sis=6) [0] r=0 lpr=6 crt=0'0 mlcod 0'0 active+clean] get_object_context: obc(1:5cea7035:::rbd_info:head(dne) rwstate(none n=0 w=0)) oi: 1:5cea7035:::rbd_info:head(0'0 unknown.0.0:0 s 0 uv 0 alloc_hint [0 0 0]) ssc(1:5cea7035:::rbd_info:snapdir snapset: 0={} ref: 1 registered: 1 exists: 0)
2026-02-12T19:16:06.858+0000 7fe1d9460640 10 osd.0 pg_epoch: 10 pg[1.2( empty local-lis/les=6/7 n=0 ec=6/6 lis/c=6/6 les/c/f=7/7/0 sis=6) [0] r=0 lpr=6 crt=0'0 mlcod 0'0 active+clean] find_object_context 1:5cea7035:::rbd_info:head @head oi=1:5cea7035:::rbd_info:head(0'0 unknown.0.0:0 s 0 uv 0 alloc_hint [0 0 0])
2026-02-12T19:16:06.858+0000 7fe1d9460640 20 osd.0 pg_epoch: 10 pg[1.2( empty local-lis/les=6/7 n=0 ec=6/6 lis/c=6/6 les/c/f=7/7/0 sis=6) [0] r=0 lpr=6 crt=0'0 mlcod 0'0 active+clean] do_op obc obc(1:5cea7035:::rbd_info:head(dne) rwstate(write n=1 w=0))
2026-02-12T19:16:06.858+0000 7fe1d9460640 10 osd.0 pg_epoch: 10 pg[1.2( empty local-lis/les=6/7 n=0 ec=6/6 lis/c=6/6 les/c/f=7/7/0 sis=6) [0] r=0 lpr=6 crt=0'0 mlcod 0'0 active+clean] execute_ctx 0x55a21cded600
2026-02-12T19:16:06.858+0000 7fe1d9460640 10 osd.0 pg_epoch: 10 pg[1.2( empty local-lis/les=6/7 n=0 ec=6/6 lis/c=6/6 les/c/f=7/7/0 sis=6) [0] r=0 lpr=6 crt=0'0 mlcod 0'0 active+clean] execute_ctx 1:5cea7035:::rbd_info:head [create,write 0~8 in=8b] ov 0'0 av 10'1 snapc 0=[] snapset 0={}
2026-02-12T19:16:06.858+0000 7fe1d9460640 10 osd.0 pg_epoch: 10 pg[1.2( empty local-lis/les=6/7 n=0 ec=6/6 lis/c=6/6 les/c/f=7/7/0 sis=6) [0] r=0 lpr=6 crt=0'0 mlcod 0'0 active+clean] do_osd_op 1:5cea7035:::rbd_info:head [create,write 0~8 in=8b]
2026-02-12T19:16:06.858+0000 7fe1d9460640 10 osd.0 pg_epoch: 10 pg[1.2( empty local-lis/les=6/7 n=0 ec=6/6 lis/c=6/6 les/c/f=7/7/0 sis=6) [0] r=0 lpr=6 crt=0'0 mlcod 0'0 active+clean] do_osd_op create
2026-02-12T19:16:06.858+0000 7fe1d9460640 10 osd.0 pg_epoch: 10 pg[1.2( empty local-lis/les=6/7 n=0 ec=6/6 lis/c=6/6 les/c/f=7/7/0 sis=6) [0] r=0 lpr=6 crt=0'0 mlcod 0'0 active+clean] do_osd_op write 0~8 in=8b
2026-02-12T19:16:06.858+0000 7fe1d9460640 10 osd.0 pg_epoch: 10 pg[1.2( empty local-lis/les=6/7 n=0 ec=6/6 lis/c=6/6 les/c/f=7/7/0 sis=6) [0] r=0 lpr=6 crt=0'0 mlcod 0'0 active+clean] clean_regions modifiedclean_offsets: [8~18446744073709551607], clean_omap: true, new_object: false
2026-02-12T19:16:06.858+0000 7fe1d9460640 20 osd.0 pg_epoch: 10 pg[1.2( empty local-lis/les=6/7 n=0 ec=6/6 lis/c=6/6 les/c/f=7/7/0 sis=6) [0] r=0 lpr=6 crt=0'0 mlcod 0'0 active+clean] make_writeable 1:5cea7035:::rbd_info:head snapset=0={} snapc=0=[]
2026-02-12T19:16:06.858+0000 7fe1d9460640 20 osd.0 pg_epoch: 10 pg[1.2( empty local-lis/les=6/7 n=0 ec=6/6 lis/c=6/6 les/c/f=7/7/0 sis=6) [0] r=0 lpr=6 crt=0'0 mlcod 0'0 active+clean] setting DIRTY flag
2026-02-12T19:16:06.858+0000 7fe1d9460640 20 osd.0 pg_epoch: 10 pg[1.2( empty local-lis/les=6/7 n=0 ec=6/6 lis/c=6/6 les/c/f=7/7/0 sis=6) [0] r=0 lpr=6 crt=0'0 mlcod 0'0 active+clean] make_writeable 1:5cea7035:::rbd_info:head done, snapset=0={}
2026-02-12T19:16:06.858+0000 7fe1d9460640 20 osd.0 pg_epoch: 10 pg[1.2( empty local-lis/les=6/7 n=0 ec=6/6 lis/c=6/6 les/c/f=7/7/0 sis=6) [0] r=0 lpr=6 crt=0'0 mlcod 0'0 active+clean] finish_ctx 1:5cea7035:::rbd_info:head 0x55a21cded600 op modify
2026-02-12T19:16:06.858+0000 7fe1d9460640 10 osd.0 pg_epoch: 10 pg[1.2( empty local-lis/les=6/7 n=0 ec=6/6 lis/c=6/6 les/c/f=7/7/0 sis=6) [0] r=0 lpr=6 crt=0'0 mlcod 0'0 active+clean] set mtime to
2026-02-12T19:16:06.862348+0000
2026-02-12T19:16:06.858+0000 7fe1d9460640 10 osd.0 pg_epoch: 10 pg[1.2( empty local-lis/les=6/7 n=0 ec=6/6 lis/c=6/6 les/c/f=7/7/0 sis=6) [0] r=0 lpr=6 crt=0'0 mlcod 0'0 active+clean] final snapset 0={} in 1:5cea7035:::rbd_info:head
2026-02-12T19:16:06.858+0000 7fe1d9460640 20 osd.0 pg_epoch: 10 pg[1.2( empty local-lis/les=6/7 n=0 ec=6/6 lis/c=6/6 les/c/f=7/7/0 sis=6) [0] r=0 lpr=6 crt=0'0 mlcod 0'0 active+clean] finish_ctx object 1:5cea7035:::rbd_info:head marks clean_regions clean_offsets: [8~18446744073709551607], clean_omap: true, new_object: false
2026-02-12T19:16:06.858+0000 7fe1d9460640 20 osd.0 pg_epoch: 10 pg[1.2( empty local-lis/les=6/7 n=0 ec=6/6 lis/c=6/6 les/c/f=7/7/0 sis=6) [0] r=0 lpr=6 crt=0'0 mlcod 0'0 active+clean] execute_ctx alloc reply 0x55a21e1f4f00 result 0
2026-02-12T19:16:06.858+0000 7fe1d9460640 10 osd.0 pg_epoch: 10 pg[1.2( empty local-lis/les=6/7 n=0 ec=6/6 lis/c=6/6 les/c/f=7/7/0 sis=6) [0] r=0 lpr=6 crt=0'0 mlcod 0'0 active+clean] PeeringState::calc_trim_to_aggressive limit = 0'0
2026-02-12T19:16:06.858+0000 7fe1d9460640 10 osd.0 pg_epoch: 10 pg[1.2( empty local-lis/les=6/7 n=0 ec=6/6 lis/c=6/6 les/c/f=7/7/0 sis=6) [0] r=0 lpr=6 crt=0'0 mlcod 0'0 active+clean] new_repop rep_tid 1 on osd_op(client.4127.0:5 1.2 1:5cea7035:::rbd_info:head [create,write 0~8 in=8b] snapc 0=[] ondisk+write+known_if_redirected+supports_pool_eio e10) v9
2026-02-12T19:16:06.858+0000 7fe1d9460640 10 osd.0 pg_epoch: 10 pg[1.2( empty local-lis/les=6/7 n=0 ec=6/6 lis/c=6/6 les/c/f=7/7/0 sis=6) [0] r=0 lpr=6 crt=0'0 mlcod 0'0 active+clean] new_repop: repgather(0x55a21e181200 0'0 rep_tid=1 committed?=0 r=0)
2026-02-12T19:16:06.858+0000 7fe1d9460640 7 osd.0 pg_epoch: 10 pg[1.2( empty local-lis/les=6/7 n=0 ec=6/6 lis/c=6/6 les/c/f=7/7/0 sis=6) [0] r=0 lpr=6 crt=0'0 mlcod 0'0 active+clean] issue_repop rep_tid 1 o 1:5cea7035:::rbd_info:head
2026-02-12T19:16:06.858+0000 7fe1d9460640 10 IndexedLog::trim s=10'1
2026-02-12T19:16:06.858+0000 7fe1d9460640 20 earliest_dup_version = 0
2026-02-12T19:16:06.858+0000 7fe1d9460640 20 trim 10'1 (0'0) modify 1:5cea7035:::rbd_info:head by client.4127.0:5
2026-02-12T19:16:06.862348+0000 0 ObjectCleanRegions clean_offsets: [8~18446744073709551607], clean_omap: true, new_object: false
2026-02-12T19:16:06.858+0000 7fe1d9460640 20 IndexedLog::trim after trim dups.size()=1 tail=10'1 s=10'1
2026-02-12T19:16:06.858+0000 7fe1d9460640 10 osd.0 pg_epoch: 10 pg[1.2( empty local-lis/les=6/7 n=1 ec=6/6 lis/c=6/6 les/c/f=7/7/0 sis=6) [0] r=0 lpr=6 crt=0'0 mlcod 0'0 active+clean] PeeringState::append_log append_log log((0'0,0'0], crt=0'0) [10'1 (0'0) modify 1:5cea7035:::rbd_info:head by client.4127.0:5
2026-02-12T19:16:06.862348+0000 0 ObjectCleanRegions clean_offsets: [8~18446744073709551607], clean_omap: true, new_object: false]
2026-02-12T19:16:06.858+0000 7fe1d9460640 20 osd.0 pg_epoch: 10 pg[1.2( v 10'1 (0'0,10'1] local-lis/les=6/7 n=1 ec=6/6 lis/c=6/6 les/c/f=7/7/0 sis=6) [0] r=0 lpr=6 pct=0'0 lua=0'0 crt=10'1 lcod 0'0 mlcod 0'0 active+clean] rollforward: entry=10'1 (0'0) modify 1:5cea7035:::rbd_info:head by client.4127.0:5
2026-02-12T19:16:06.862348+0000 0 ObjectCleanRegions clean_offsets: [8~18446744073709551607], clean_omap: true, new_object: false
2026-02-12T19:16:06.858+0000 7fe1d9460640 10 osd.0 pg_epoch: 10 pg[1.2( v 10'1 (0'0,10'1] local-lis/les=6/7 n=1 ec=6/6 lis/c=6/6 les/c/f=7/7/0 sis=6) [0] r=0 lpr=6 pct=0'0 lua=0'0 crt=10'1 lcod 0'0 mlcod 0'0 active+clean] PeeringState::append_log approx pg log length = 1
2026-02-12T19:16:06.858+0000 7fe1d9460640 10 osd.0 pg_epoch: 10 pg[1.2( v 10'1 (0'0,10'1] local-lis/les=6/7 n=1 ec=6/6 lis/c=6/6 les/c/f=7/7/0 sis=6) [0] r=0 lpr=6 pct=0'0 lua=0'0 crt=10'1 lcod 0'0 mlcod 0'0 active+clean] PeeringState::append_log dups pg log length = 0
2026-02-12T19:16:06.858+0000 7fe1d9460640 10 osd.0 pg_epoch: 10 pg[1.2( v 10'1 (0'0,10'1] local-lis/les=6/7 n=1 ec=6/6 lis/c=6/6 les/c/f=7/7/0 sis=6) [0] r=0 lpr=6 pct=0'0 lua=0'0 crt=10'1 lcod 0'0 mlcod 0'0 active+clean] PeeringState::append_log transaction_applied = 1
2026-02-12T19:16:06.858+0000 7fe1d9460640 10 trim proposed trim_to = 0'0
2026-02-12T19:16:06.858+0000 7fe1d9460640 6 write_log_and_missing with: dirty_to: 0'0, dirty_from: 4294967295'18446744073709551615, writeout_from: 10'1, trimmed: , trimmed_dups: , clear_divergent_priors: 0
2026-02-12T19:16:06.858+0000 7fe1d9460640 10 _write_log_and_missing clearing up to 0'0 dirty_to_dups=0'0 dirty_from_dups=4294967295'18446744073709551615 write_from_dups=4294967295'18446744073709551615 trimmed_dups.size()=0
2026-02-12T19:16:06.858+0000 7fe1d9460640 10 _write_log_and_missing going to encode log.dups.size()=0
2026-02-12T19:16:06.858+0000 7fe1d9460640 10 _write_log_and_missing 1st round encoded log.dups.size()=0
2026-02-12T19:16:06.858+0000 7fe1d9460640 10 _write_log_and_missing 2st round encoded log.dups.size()=0
2026-02-12T19:16:06.858+0000 7fe1d9460640 10 end of _write_log_and_missing
2026-02-12T19:16:06.858+0000 7fe1d9460640 10 osd.0 pg_epoch: 10 pg[1.2( v 10'1 (0'0,10'1] local-lis/les=6/7 n=1 ec=6/6 lis/c=6/6 les/c/f=7/7/0 sis=6) [0] r=0 lpr=6 pct=0'0 lua=0'0 crt=10'1 lcod 0'0 mlcod 0'0 active+clean] op_applied version 10'1
2026-02-12T19:16:06.858+0000 7fe1d9460640 10 osd.0 pg_epoch: 10 pg[1.2( v 10'1 (0'0,10'1] local-lis/les=6/7 n=1 ec=6/6 lis/c=6/6 les/c/f=7/7/0 sis=6) [0] r=0 lpr=6 pct=0'0 crt=10'1 lcod 0'0 mlcod 0'0 active+clean] eval_repop repgather(0x55a21e181200 10'1 rep_tid=1 committed?=0 r=0)
2026-02-12T19:16:06.858+0000 7fe1d9460640 10 osd.0 10 dequeue_op osd_op(client.4127.0:5 1.2 1:5cea7035:::rbd_info:head [create,write 0~8 in=8b] snapc 0=[] ondisk+write+known_if_redirected+supports_pool_eio e10) v9 finish latency 0.000252
2026-02-12T19:16:06.858+0000 7fe1d9460640 20 osd.0 op_wq(2) _process empty q, waiting
2026-02-12T19:16:06.858+0000 7fe1d5458640 20 osd.0 op_wq(2) _process empty q, waiting
2026-02-12T19:16:06.858+0000 7fe1d9460640 10 osd.0 pg_epoch: 10 pg[1.2( v 10'1 (0'0,10'1] local-lis/les=6/7 n=1 ec=6/6 lis/c=6/6 les/c/f=7/7/0 sis=6) [0] r=0 lpr=6 pct=0'0 crt=10'1 lcod 0'0 mlcod 0'0 active+clean] op_commit: 1
2026-02-12T19:16:06.858+0000 7fe1d9460640 10 osd.0 pg_epoch: 10 pg[1.2( v 10'1 (0'0,10'1] local-lis/les=6/7 n=1 ec=6/6 lis/c=6/6 les/c/f=7/7/0 sis=6) [0] r=0 lpr=6 pct=0'0 crt=10'1 lcod 0'0 mlcod 0'0 active+clean] repop_all_committed: repop tid 1 all committed
2026-02-12T19:16:06.858+0000 7fe1d9460640 10 osd.0 pg_epoch: 10 pg[1.2( v 10'1 (0'0,10'1] local-lis/les=6/7 n=1 ec=6/6 lis/c=6/6 les/c/f=7/7/0 sis=6) [0] r=0 lpr=6 crt=10'1 lcod 0'0 mlcod 0'0 active+clean] eval_repop repgather(0x55a21e181200 10'1 rep_tid=1 committed?=1 r=0)
2026-02-12T19:16:06.858+0000 7fe1d9460640 10 osd.0 pg_epoch: 10 pg[1.2( v 10'1 (0'0,10'1] local-lis/les=6/7 n=1 ec=6/6 lis/c=6/6 les/c/f=7/7/0 sis=6) [0] r=0 lpr=6 crt=10'1 lcod 0'0 mlcod 0'0 active+clean] commit: repgather(0x55a21e181200 10'1 rep_tid=1 committed?=1 r=0)
2026-02-12T19:16:06.858+0000 7fe1d9460640 15 osd.0 pg_epoch: 10 pg[1.2( v 10'1 (0'0,10'1] local-lis/les=6/7 n=1 ec=6/6 lis/c=6/6 les/c/f=7/7/0 sis=6) [0] r=0 lpr=6 crt=10'1 lcod 0'0 mlcod 0'0 active+clean] log_op_stats osd_op(client.4127.0:5 1.2 1:5cea7035:::rbd_info:head [create,write 0~8 in=8b] snapc 0=[] ondisk+write+known_if_redirected+supports_pool_eio e10) inb 8 outb 0 lat 0.000573
2026-02-12T19:16:06.858+0000 7fe1d9460640 10 osd.0 pg_epoch: 10 pg[1.2( v 10'1 (0'0,10'1] local-lis/les=6/7 n=1 ec=6/6 lis/c=6/6 les/c/f=7/7/0 sis=6) [0] r=0 lpr=6 crt=10'1 lcod 0'0 mlcod 0'0 active+clean] sending reply on osd_op(client.4127.0:5 1.2 1:5cea7035:::rbd_info:head [create,write 0~8 in=8b] snapc 0=[] ondisk+write+known_if_redirected+supports_pool_eio e10) 0x55a21e1f4f00
2026-02-12T19:16:06.858+0000 7fe1d9460640 1 -- [v2:127.0.0.1:6800/65075307,v1:127.0.0.1:6801/65075307] --> 127.0.0.1:0/2901883969 -- osd_op_reply(5 rbd_info [create,write 0~8] v10'1 uv1 ondisk = 0) -- 0x55a21e1f4f00 con 0x55a21e4c8800
2026-02-12T19:16:06.858+0000 7fe1d9460640 20 osd.0 pg_epoch: 10 pg[1.2( v 10'1 (0'0,10'1] local-lis/les=6/7 n=1 ec=6/6 lis/c=6/6 les/c/f=7/7/0 sis=6) [0] r=0 lpr=6 crt=10'1 lcod 0'0 mlcod 0'0 active+clean] PeeringState::prepare_stats_for_publish reporting purged_snaps []
2026-02-12T19:16:06.858+0000 7fe1d9460640 15 osd.0 pg_epoch: 10 pg[1.2( v 10'1 (0'0,10'1] local-lis/les=6/7 n=1 ec=6/6 lis/c=6/6 les/c/f=7/7/0 sis=6) [0] r=0 lpr=6 crt=10'1 lcod 0'0 mlcod 0'0 active+clean] PeeringState::prepare_stats_for_publish publish_stats_to_osd 10:18
2026-02-12T19:16:06.858+0000 7fe1d9460640 10 osd.0 pg_epoch: 10 pg[1.2( v 10'1 (0'0,10'1] local-lis/les=6/7 n=1 ec=6/6 lis/c=6/6 les/c/f=7/7/0 sis=6) [0] r=0 lpr=6 crt=10'1 lcod 0'0 mlcod 0'0 active+clean] removing repgather(0x55a21e181200 10'1 rep_tid=1 committed?=1 r=0)
2026-02-12T19:16:06.858+0000 7fe1d9460640 20 osd.0 pg_epoch: 10 pg[1.2( v 10'1 (0'0,10'1] local-lis/les=6/7 n=1 ec=6/6 lis/c=6/6 les/c/f=7/7/0 sis=6) [0] r=0 lpr=6 crt=10'1 lcod 0'0 mlcod 0'0 active+clean] q front is repgather(0x55a21e181200 10'1 rep_tid=1 committed?=1 r=0)
2026-02-12T19:16:06.858+0000 7fe1d9460640 15 osd.0 pg_epoch: 10 pg[1.2( v 10'1 (0'0,10'1] local-lis/les=6/7 n=1 ec=6/6 lis/c=6/6 les/c/f=7/7/0 sis=6) [0] r=0 lpr=6 crt=10'1 lcod 0'0 mlcod 0'0 active+clean] do_osd_op_effects client.4127 con 0x55a21e4c8800
2026-02-12T19:16:06.858+0000 7fe1d9460640 20 osd.0 pg_epoch: 10 pg[1.2( v 10'1 (0'0,10'1] local-lis/les=6/7 n=1 ec=6/6 lis/c=6/6 les/c/f=7/7/0 sis=6) [0] r=0 lpr=6 crt=10'1 lcod 0'0 mlcod 0'0 active+clean] remove_repop repgather(0x55a21e181200 10'1 rep_tid=1 committed?=1 r=0)
2026-02-12T19:16:06.858+0000 7fe1d9460640 20 osd.0 pg_epoch: 10 pg[1.2( v 10'1 (0'0,10'1] local-lis/les=6/7 n=1 ec=6/6 lis/c=6/6 les/c/f=7/7/0 sis=6) [0] r=0 lpr=6 crt=10'1 lcod 0'0 mlcod 0'0 active+clean] maybe_kick_pct_update: not scheduling pct update, PCT_UPDATE_DELAY not set
2026-02-12T19:16:06.858+0000 7fe1d9460640 20 osd.0 op_wq(2) _process empty q, waiting
2026-02-12T19:16:06.958+0000 7fe1e747c640 1 -- [v2:127.0.0.1:6800/65075307,v1:127.0.0.1:6801/65075307] <== mon.0 v2:127.0.0.1:7109/0 23 ==== osd_map(10..11 src has 1..11) ==== 1250+0+0 (crc 0 0 0) 0x55a21ee6ac00 con 0x55a21e21c800
2026-02-12T19:16:06.958+0000 7fe1e747c640 20 osd.0 10 OSD::ms_dispatch: osd_map(10..11 src has 1..11)
2026-02-12T19:16:06.958+0000 7fe1e747c640 20 osd.0 10 _dispatch 0x55a21ee6ac00 osd_map(10..11 src has 1..11)
2026-02-12T19:16:06.958+0000 7fe1e747c640 3 osd.0 10 handle_osd_map epochs [10,11], i have 10, src has [1,11]
2026-02-12T19:16:06.958+0000 7fe1e747c640 10 osd.0 10 handle_osd_map: received 0 full maps and 2 incremental maps
2026-02-12T19:16:06.958+0000 7fe1e747c640 10 osd.0 10 handle_osd_map got inc map for epoch 11
2026-02-12T19:16:06.958+0000 7fe1e747c640 20 osd.0 10 got_full_map 11, nothing requested
2026-02-12T19:16:06.958+0000 7fe1e747c640 20 osd.0 10 trim_maps: min=0 oldest_map=1
2026-02-12T19:16:06.958+0000 7fe1e747c640 20 osd.0 10 handle_osd_map pg_num_history pg_num_history(e11 pg_nums {1={6=4}} deleted_pools )
2026-02-12T19:16:06.958+0000 7fe1e747c640 10 snap_mapper record_purged_snaps purged_snaps {11={}}
2026-02-12T19:16:06.958+0000 7fe1e747c640 10 snap_mapper record_purged_snaps rm 0 keys, set 0 keys
2026-02-12T19:16:06.958+0000 7fe1e747c640 10 write_superblock sb(87fd2eab-282e-43bf-b5a2-5c7fac36961f osd.0 10608a2a-f006-430f-928e-a3d593dfdea9 e11 maps [1~11] lci=[5,11] tlb=1)
2026-02-12T19:16:06.958+0000 7fe1e3474640 10 osd.0 10 _committed_osd_maps 11..11
2026-02-12T19:16:06.958+0000 7fe1e3474640 10 osd.0 10 advance to epoch 11 (<= last 11 <= newest_map 11)
2026-02-12T19:16:06.958+0000 7fe1e3474640 20 osd.0 11 consume_map version 11
2026-02-12T19:16:06.958+0000 7fe1e3474640 20 osd.0 10 await_reserved_maps epoch:11
2026-02-12T19:16:06.958+0000 7fe1e3474640 20 osd.0 10 await_reserved_maps done 0
2026-02-12T19:16:06.958+0000 7fe1e3474640 20 osd.0 11 consume_map 11 -- publish done
2026-02-12T19:16:06.958+0000 7fe1e3474640 20 osd.0:0.identify_splits_and_merges identify_splits_and_merges 1 slots
2026-02-12T19:16:06.958+0000 7fe1e3474640 20 osd.0:0.identify_splits_and_merges identify_splits_and_merges slot pgid:1.0slot:0x55a21ce16420
2026-02-12T19:16:06.958+0000 7fe1e3474640 20 osd.0 11 identify_splits_and_merges 1.0 e10 to e11
2026-02-12T19:16:06.958+0000 7fe1e3474640 20 osd.0 11 identify_splits_and_merges 1.0 e10 to e11 pg_nums {6=4}
2026-02-12T19:16:06.958+0000 7fe1e3474640 20 osd.0:0.identify_splits_and_merges identify_splits_and_merges 0 splits, 0 merges
2026-02-12T19:16:06.958+0000 7fe1e3474640 20 osd.0:1.identify_splits_and_merges identify_splits_and_merges 1 slots
2026-02-12T19:16:06.958+0000 7fe1e3474640 20 osd.0:1.identify_splits_and_merges identify_splits_and_merges slot pgid:1.1slot:0x55a21ce16000
2026-02-12T19:16:06.958+0000 7fe1e3474640 20 osd.0 11 identify_splits_and_merges 1.1 e10 to e11
2026-02-12T19:16:06.958+0000 7fe1e3474640 20 osd.0 11 identify_splits_and_merges 1.1 e10 to e11 pg_nums {6=4}
2026-02-12T19:16:06.958+0000 7fe1e3474640 20 osd.0:1.identify_splits_and_merges identify_splits_and_merges 0 splits, 0 merges
2026-02-12T19:16:06.958+0000 7fe1e3474640 20 osd.0:2.identify_splits_and_merges identify_splits_and_merges 1 slots
2026-02-12T19:16:06.958+0000 7fe1e3474640 20 osd.0:2.identify_splits_and_merges identify_splits_and_merges slot pgid:1.2slot:0x55a21ce17600
2026-02-12T19:16:06.958+0000 7fe1e3474640 20 osd.0 11 identify_splits_and_merges 1.2 e10 to e11
2026-02-12T19:16:06.958+0000 7fe1e3474640 20 osd.0 11 identify_splits_and_merges 1.2 e10 to e11 pg_nums {6=4}
2026-02-12T19:16:06.958+0000 7fe1e3474640 20 osd.0:2.identify_splits_and_merges identify_splits_and_merges 0 splits, 0 merges
2026-02-12T19:16:06.958+0000 7fe1e3474640 20 osd.0:3.identify_splits_and_merges identify_splits_and_merges 1 slots
2026-02-12T19:16:06.958+0000 7fe1e3474640 20 osd.0:3.identify_splits_and_merges identify_splits_and_merges slot pgid:1.3slot:0x55a21ce17340
2026-02-12T19:16:06.958+0000 7fe1e3474640 20 osd.0 11 identify_splits_and_merges 1.3 e10 to e11
2026-02-12T19:16:06.958+0000 7fe1e3474640 20 osd.0 11 identify_splits_and_merges 1.3 e10 to e11 pg_nums {6=4}
2026-02-12T19:16:06.958+0000 7fe1e3474640 20 osd.0:3.identify_splits_and_merges identify_splits_and_merges 0 splits, 0 merges
2026-02-12T19:16:06.958+0000 7fe1e3474640 20 osd.0:4.identify_splits_and_merges identify_splits_and_merges 0 slots
2026-02-12T19:16:06.958+0000 7fe1e3474640 20 osd.0:4.identify_splits_and_merges identify_splits_and_merges 0 splits, 0 merges
2026-02-12T19:16:06.958+0000 7fe1e3474640 20 osd.0:5.identify_splits_and_merges identify_splits_and_merges 0 slots
2026-02-12T19:16:06.958+0000 7fe1e3474640 20 osd.0:5.identify_splits_and_merges identify_splits_and_merges 0 splits, 0 merges
2026-02-12T19:16:06.958+0000 7fe1e3474640 20 osd.0:6.identify_splits_and_merges identify_splits_and_merges 0 slots
2026-02-12T19:16:06.958+0000 7fe1e3474640 20 osd.0:6.identify_splits_and_merges identify_splits_and_merges 0 splits, 0 merges
2026-02-12T19:16:06.958+0000 7fe1e3474640 20 osd.0:7.identify_splits_and_merges identify_splits_and_merges 0 slots
2026-02-12T19:16:06.958+0000 7fe1e3474640 20 osd.0:7.identify_splits_and_merges identify_splits_and_merges 0 splits, 0 merges
2026-02-12T19:16:06.958+0000 7fe1e3474640 20 osd.0 11 prune_pg_created
2026-02-12T19:16:06.958+0000 7fe1e3474640 10 osd.0:0.consume_map 11 (was 10)
2026-02-12T19:16:06.958+0000 7fe1e3474640 20 osd.0:0.consume_map consume_map 1.0
2026-02-12T19:16:06.958+0000 7fe1e3474640 10 osd.0:1.consume_map 11 (was 10)
2026-02-12T19:16:06.958+0000 7fe1e3474640 20 osd.0:1.consume_map consume_map 1.1
2026-02-12T19:16:06.958+0000 7fe1e3474640 10 osd.0:2.consume_map 11 (was 10)
2026-02-12T19:16:06.958+0000 7fe1e3474640 20 osd.0:2.consume_map consume_map 1.2
2026-02-12T19:16:06.958+0000 7fe1e3474640 10 osd.0:3.consume_map 11 (was 10)
2026-02-12T19:16:06.958+0000 7fe1e3474640 20 osd.0:3.consume_map consume_map 1.3
2026-02-12T19:16:06.958+0000 7fe1e3474640 10 osd.0:4.consume_map 11 (was 10)
2026-02-12T19:16:06.958+0000 7fe1e3474640 10 osd.0:5.consume_map 11 (was 10)
2026-02-12T19:16:06.958+0000 7fe1e3474640 10 osd.0:6.consume_map 11 (was 10)
2026-02-12T19:16:06.958+0000 7fe1e3474640 10 osd.0:7.consume_map 11 (was 10)
2026-02-12T19:16:06.958+0000 7fe1e3474640 10 osd.0 11 release_reserved_pushes(0), recovery_ops_reserved 0 -> 0
2026-02-12T19:16:06.958+0000 7fe1e3474640 15 osd.0 11 enqueue_peering_evt 1.0 epoch_sent: 11 epoch_requested: 11 NullEvt
2026-02-12T19:16:06.958+0000 7fe1e3474640 20 osd.0 op_wq(0) _enqueue OpSchedulerItem(1.0 PGPeeringEvent(epoch_sent: 11 epoch_requested: 11 NullEvt) class_id 2 prio 255 cost 10 e11)
2026-02-12T19:16:06.958+0000 7fe1e3474640 15 osd.0 11 enqueue_peering_evt 1.1 epoch_sent: 11 epoch_requested: 11 NullEvt
2026-02-12T19:16:06.958+0000 7fe1e3474640 20 osd.0 op_wq(1) _enqueue OpSchedulerItem(1.1 PGPeeringEvent(epoch_sent: 11 epoch_requested: 11 NullEvt) class_id 2 prio 255 cost 10 e11)
2026-02-12T19:16:06.958+0000 7fe1e3474640 15 osd.0 11 enqueue_peering_evt 1.2 epoch_sent: 11 epoch_requested: 11 NullEvt
2026-02-12T19:16:06.958+0000 7fe1e3474640 20 osd.0 op_wq(2) _enqueue OpSchedulerItem(1.2 PGPeeringEvent(epoch_sent: 11 epoch_requested: 11 NullEvt) class_id 2 prio 255 cost 10 e11)
2026-02-12T19:16:06.958+0000 7fe1e3474640 15 osd.0 11 enqueue_peering_evt 1.3 epoch_sent: 11 epoch_requested: 11 NullEvt
2026-02-12T19:16:06.958+0000 7fe1e3474640 20 osd.0 op_wq(3) _enqueue OpSchedulerItem(1.3 PGPeeringEvent(epoch_sent: 11 epoch_requested: 11 NullEvt) class_id 2 prio 255 cost 10 e11)
2026-02-12T19:16:06.958+0000 7fe1d5c59640 20 osd.0 op_wq(1) _process 1.1 to_process <> waiting <> waiting_peering {}
2026-02-12T19:16:06.958+0000 7fe1e3474640 7 osd.0 11 activate_map version 11
2026-02-12T19:16:06.958+0000 7fe1d645a640 20 osd.0 op_wq(0) _process 1.0 to_process <> waiting <> waiting_peering {}
2026-02-12T19:16:06.958+0000 7fe1d5c59640 20 osd.0 op_wq(1) _process OpSchedulerItem(1.1 PGPeeringEvent(epoch_sent: 11 epoch_requested: 11 NullEvt) class_id 2immediate prio 255 cost 10 e11) queued
2026-02-12T19:16:06.958+0000 7fe1d645a640 20 osd.0 op_wq(0) _process OpSchedulerItem(1.0 PGPeeringEvent(epoch_sent: 11 epoch_requested: 11 NullEvt) class_id 2immediate prio 255 cost 10 e11) queued
2026-02-12T19:16:06.958+0000 7fe1d5458640 20 osd.0 op_wq(2) _process 1.2 to_process <> waiting <> waiting_peering {}
2026-02-12T19:16:06.958+0000 7fe1d5c59640 20 osd.0 op_wq(1) _process 1.1 to_process waiting <> waiting_peering {}
2026-02-12T19:16:06.958+0000 7fe1d8c5f640 20 osd.0 op_wq(3) _process 1.3 to_process <> waiting <> waiting_peering {}
2026-02-12T19:16:06.958+0000 7fe1d8c5f640 20 osd.0 op_wq(3) _process OpSchedulerItem(1.3 PGPeeringEvent(epoch_sent: 11 epoch_requested: 11 NullEvt) class_id 2immediate prio 255 cost 10 e11) queued
2026-02-12T19:16:06.958+0000 7fe1d5458640 20 osd.0 op_wq(2) _process OpSchedulerItem(1.2 PGPeeringEvent(epoch_sent: 11 epoch_requested: 11 NullEvt) class_id 2immediate prio 255 cost 10 e11) queued
2026-02-12T19:16:06.958+0000 7fe1dac63640 20 osd.0 11 agent_entry empty queue
2026-02-12T19:16:06.958+0000 7fe1d8c5f640 20 osd.0 op_wq(3) _process 1.3 to_process waiting <> waiting_peering {}
2026-02-12T19:16:06.958+0000 7fe1d5458640 20 osd.0 op_wq(2) _process 1.2 to_process waiting <> waiting_peering {}
2026-02-12T19:16:06.958+0000 7fe1d5c59640 20 osd.0 op_wq(1) _process OpSchedulerItem(1.1 PGPeeringEvent(epoch_sent: 11 epoch_requested: 11 NullEvt) class_id 2immediate prio 255 cost 10 e11) pg 0x55a21ee6e000
2026-02-12T19:16:06.958+0000 7fe1d645a640 20 osd.0 op_wq(0) _process 1.0 to_process waiting <> waiting_peering {}
2026-02-12T19:16:06.958+0000 7fe1d8c5f640 20 osd.0 op_wq(3) _process OpSchedulerItem(1.3 PGPeeringEvent(epoch_sent: 11 epoch_requested: 11 NullEvt) class_id 2immediate prio 255 cost 10 e11) pg 0x55a21e15a000
2026-02-12T19:16:06.958+0000 7fe1d5458640 20 osd.0 op_wq(2) _process OpSchedulerItem(1.2 PGPeeringEvent(epoch_sent: 11 epoch_requested: 11 NullEvt) class_id 2immediate prio 255 cost 10 e11) pg 0x55a21de30000
2026-02-12T19:16:06.958+0000 7fe1d645a640 20 osd.0 op_wq(0) _process OpSchedulerItem(1.0 PGPeeringEvent(epoch_sent: 11 epoch_requested: 11 NullEvt) class_id 2immediate prio 255 cost 10 e11) pg 0x55a21ee71000
2026-02-12T19:16:06.958+0000 7fe1d8c5f640 10 osd.0 pg_epoch: 10 pg[1.3( v 9'1 (0'0,9'1] local-lis/les=6/7 n=1 ec=6/6 lis/c=6/6 les/c/f=7/7/0 sis=6) [0] r=0 lpr=6 crt=9'1 lcod 0'0 mlcod 0'0 active+clean] handle_advance_map: 11
2026-02-12T19:16:06.958+0000 7fe1d5c59640 10 osd.0 pg_epoch: 10 pg[1.1( empty local-lis/les=6/7 n=0 ec=6/6 lis/c=6/6 les/c/f=7/7/0 sis=6) [0] r=0 lpr=6 crt=0'0 mlcod 0'0 active+clean] handle_advance_map: 11
2026-02-12T19:16:06.958+0000 7fe1d5c59640 20 osd.0:1.update_pg_epoch 1.1 10 -> 11
2026-02-12T19:16:06.958+0000 7fe1d4c57640 20 osd.0 op_wq(3) _process empty q, waiting
2026-02-12T19:16:06.958+0000 7fe1d9c61640 20 osd.0 op_wq(1) _process empty q, waiting
2026-02-12T19:16:06.958+0000 7fe1d5458640 10 osd.0 pg_epoch: 10 pg[1.2( v 10'1 (0'0,10'1] local-lis/les=6/7 n=1 ec=6/6 lis/c=6/6 les/c/f=7/7/0 sis=6) [0] r=0 lpr=6 crt=10'1 lcod 0'0 mlcod 0'0 active+clean] handle_advance_map: 11
2026-02-12T19:16:06.958+0000 7fe1da462640 20 osd.0 op_wq(0) _process empty q, waiting
2026-02-12T19:16:06.958+0000 7fe1d9460640 20 osd.0 op_wq(2) _process empty q, waiting
2026-02-12T19:16:06.958+0000 7fe1d645a640 10 osd.0 pg_epoch: 10 pg[1.0( empty local-lis/les=6/7 n=0 ec=6/6 lis/c=6/6 les/c/f=7/7/0 sis=6) [0] r=0 lpr=6 crt=0'0 mlcod 0'0 active+clean] handle_advance_map: 11
2026-02-12T19:16:06.958+0000 7fe1d5c59640 10 osd.0 pg_epoch: 10 pg[1.1( empty local-lis/les=6/7 n=0 ec=6/6 lis/c=6/6 les/c/f=7/7/0 sis=6) [0] r=0 lpr=6 crt=0'0 mlcod 0'0 active+clean] PeeringState::advance_map handle_advance_map [0]/[0] -- 0/0
2026-02-12T19:16:06.958+0000 7fe1d8c5f640 20 osd.0:3.update_pg_epoch 1.3 10 -> 11
2026-02-12T19:16:06.958+0000 7fe1d645a640 20 osd.0:0.update_pg_epoch 1.0 10 -> 11
2026-02-12T19:16:06.958+0000 7fe1d8c5f640 10 osd.0 pg_epoch: 10 pg[1.3( v 9'1 (0'0,9'1] local-lis/les=6/7 n=1 ec=6/6 lis/c=6/6 les/c/f=7/7/0 sis=6) [0] r=0 lpr=6 crt=9'1 lcod 0'0 mlcod 0'0 active+clean] PeeringState::advance_map handle_advance_map [0]/[0] -- 0/0
2026-02-12T19:16:06.958+0000 7fe1d5c59640 10 osd.0 pg_epoch: 11 pg[1.1( empty local-lis/les=6/7 n=0 ec=6/6 lis/c=6/6 les/c/f=7/7/0 sis=6) [0] r=0 lpr=6 crt=0'0 mlcod 0'0 active+clean] state: Active advmap
2026-02-12T19:16:06.958+0000 7fe1d8c5f640 10 osd.0 pg_epoch: 11 pg[1.3( v 9'1 (0'0,9'1] local-lis/les=6/7 n=1 ec=6/6 lis/c=6/6 les/c/f=7/7/0 sis=6) [0] r=0 lpr=6 crt=9'1 lcod 0'0 mlcod 0'0 active+clean] state: Active advmap
2026-02-12T19:16:06.958+0000 7fe1d645a640 10 osd.0 pg_epoch: 10 pg[1.0( empty local-lis/les=6/7 n=0 ec=6/6 lis/c=6/6 les/c/f=7/7/0 sis=6) [0] r=0 lpr=6 crt=0'0 mlcod 0'0 active+clean] PeeringState::advance_map handle_advance_map [0]/[0] -- 0/0
2026-02-12T19:16:06.958+0000 7fe1d5458640 20 osd.0:2.update_pg_epoch 1.2 10 -> 11
2026-02-12T19:16:06.958+0000 7fe1d8c5f640 10 osd.0 pg_epoch: 11 pg[1.3( v 9'1 (0'0,9'1] local-lis/les=6/7 n=1 ec=6/6 lis/c=6/6 les/c/f=7/7/0 sis=6) [0] r=0 lpr=6 crt=9'1 lcod 0'0 mlcod 0'0 active+clean trimq=[2~1]] on_active_advmap new removed_snaps [2~1], snap_trimq now [2~1]
2026-02-12T19:16:06.958+0000 7fe1d5c59640 10 osd.0 pg_epoch: 11 pg[1.1( empty local-lis/les=6/7 n=0 ec=6/6 lis/c=6/6 les/c/f=7/7/0 sis=6) [0] r=0 lpr=6 crt=0'0 mlcod 0'0 active+clean trimq=[2~1]] on_active_advmap new removed_snaps [2~1], snap_trimq now [2~1]
2026-02-12T19:16:06.958+0000 7fe1d8c5f640 20 osd.0 pg_epoch: 11 pg[1.3( v 9'1 (0'0,9'1] local-lis/les=6/7 n=1 ec=6/6 lis/c=6/6 les/c/f=7/7/0 sis=6) [0] r=0 lpr=6 crt=9'1 lcod 0'0 mlcod 0'0 active+clean trimq=[2~1]] PeeringState::prepare_stats_for_publish reporting purged_snaps []
2026-02-12T19:16:06.958+0000 7fe1d5458640 10 osd.0 pg_epoch: 10 pg[1.2( v 10'1 (0'0,10'1] local-lis/les=6/7 n=1 ec=6/6 lis/c=6/6 les/c/f=7/7/0 sis=6) [0] r=0 lpr=6 crt=10'1 lcod 0'0 mlcod 0'0 active+clean] PeeringState::advance_map handle_advance_map [0]/[0] -- 0/0
2026-02-12T19:16:06.958+0000 7fe1d8c5f640 15 osd.0 pg_epoch: 11 pg[1.3( v 9'1 (0'0,9'1] local-lis/les=6/7 n=1 ec=6/6 lis/c=6/6 les/c/f=7/7/0 sis=6) [0] r=0 lpr=6 crt=9'1 lcod 0'0 mlcod 0'0 active+clean trimq=[2~1]] PeeringState::prepare_stats_for_publish publish_stats_to_osd 10:19
2026-02-12T19:16:06.958+0000 7fe1d5c59640 20 osd.0 pg_epoch: 11 pg[1.1( empty local-lis/les=6/7 n=0 ec=6/6 lis/c=6/6 les/c/f=7/7/0 sis=6) [0] r=0 lpr=6 crt=0'0 mlcod 0'0 active+clean trimq=[2~1]] PeeringState::prepare_stats_for_publish reporting purged_snaps []
2026-02-12T19:16:06.958+0000 7fe1d645a640 10 osd.0 pg_epoch: 11 pg[1.0( empty local-lis/les=6/7 n=0 ec=6/6 lis/c=6/6 les/c/f=7/7/0 sis=6) [0] r=0 lpr=6 crt=0'0 mlcod 0'0 active+clean] state: Active advmap
2026-02-12T19:16:06.958+0000 7fe1d8c5f640 10 osd.0 pg_epoch: 11 pg[1.3( v 9'1 (0'0,9'1] local-lis/les=6/7 n=1 ec=6/6 lis/c=6/6 les/c/f=7/7/0 sis=6) [0] r=0 lpr=6 crt=9'1 lcod 0'0 mlcod 0'0 active+clean trimq=[2~1]] state: Started advmap
2026-02-12T19:16:06.958+0000 7fe1d5c59640 15 osd.0 pg_epoch: 11 pg[1.1( empty local-lis/les=6/7 n=0 ec=6/6 lis/c=6/6 les/c/f=7/7/0 sis=6) [0] r=0 lpr=6 crt=0'0 mlcod 0'0 active+clean trimq=[2~1]] PeeringState::prepare_stats_for_publish publish_stats_to_osd 10:18
2026-02-12T19:16:06.958+0000 7fe1d5458640 10 osd.0 pg_epoch: 11 pg[1.2( v 10'1 (0'0,10'1] local-lis/les=6/7 n=1 ec=6/6 lis/c=6/6 les/c/f=7/7/0 sis=6) [0] r=0 lpr=6 crt=10'1 lcod 0'0 mlcod 0'0 active+clean] state: Active advmap
2026-02-12T19:16:06.958+0000 7fe1d8c5f640 10 osd.0 pg_epoch: 11 pg[1.3( v 9'1 (0'0,9'1] local-lis/les=6/7 n=1 ec=6/6 lis/c=6/6 les/c/f=7/7/0 sis=6) [0] r=0 lpr=6 crt=9'1 lcod 0'0 mlcod 0'0 active+clean trimq=[2~1]] check_recovery_sources no source osds () went down
2026-02-12T19:16:06.958+0000 7fe1d645a640 10 osd.0 pg_epoch: 11 pg[1.0( empty local-lis/les=6/7 n=0 ec=6/6 lis/c=6/6 les/c/f=7/7/0 sis=6) [0] r=0 lpr=6 crt=0'0 mlcod 0'0 active+clean trimq=[2~1]] on_active_advmap new removed_snaps [2~1], snap_trimq now [2~1]
2026-02-12T19:16:06.958+0000 7fe1d5c59640 10 osd.0 pg_epoch: 11 pg[1.1( empty local-lis/les=6/7 n=0 ec=6/6 lis/c=6/6 les/c/f=7/7/0 sis=6) [0] r=0 lpr=6 crt=0'0 mlcod 0'0 active+clean trimq=[2~1]] state: Started advmap
2026-02-12T19:16:06.958+0000 7fe1d8c5f640 10 osd.0 pg_epoch: 11 pg[1.3( v 9'1 (0'0,9'1] local-lis/les=6/7 n=1 ec=6/6 lis/c=6/6 les/c/f=7/7/0 sis=6) [0] r=0 lpr=6 crt=9'1 lcod 0'0 mlcod 0'0 active+clean trimq=[2~1]] plpg_on_pool_change
2026-02-12T19:16:06.958+0000 7fe1d8c5f640 20 osd.0 pg_epoch: 11 pg[1.3( v 9'1 (0'0,9'1] local-lis/les=6/7 n=1 ec=6/6 lis/c=6/6 les/c/f=7/7/0 sis=6) [0] r=0 lpr=6 crt=9'1 lcod 0'0 mlcod 0'0 active+clean trimq=[2~1]] hit_set_clear
2026-02-12T19:16:06.958+0000 7fe1d5458640 10 osd.0 pg_epoch: 11 pg[1.2( v 10'1 (0'0,10'1] local-lis/les=6/7 n=1 ec=6/6 lis/c=6/6 les/c/f=7/7/0 sis=6) [0] r=0 lpr=6 crt=10'1 lcod 0'0 mlcod 0'0 active+clean trimq=[2~1]] on_active_advmap new removed_snaps [2~1], snap_trimq now [2~1]
2026-02-12T19:16:06.958+0000 7fe1d5c59640 10 osd.0 pg_epoch: 11 pg[1.1( empty local-lis/les=6/7 n=0 ec=6/6 lis/c=6/6 les/c/f=7/7/0 sis=6) [0] r=0 lpr=6 crt=0'0 mlcod 0'0 active+clean trimq=[2~1]] check_recovery_sources no source osds () went down
2026-02-12T19:16:06.958+0000 7fe1d8c5f640 20 osd.0 pg_epoch: 11 pg[1.3( v 9'1 (0'0,9'1] local-lis/les=6/7 n=1 ec=6/6 lis/c=6/6 les/c/f=7/7/0 sis=6) [0] r=0 lpr=6 crt=9'1 lcod 0'0 mlcod 0'0 active+clean trimq=[2~1]] agent_stop
2026-02-12T19:16:06.958+0000 7fe1d8c5f640 20 osd.0 11 advance_pg new pool opts old pool opts
2026-02-12T19:16:06.958+0000 7fe1d645a640 20 osd.0 pg_epoch: 11 pg[1.0( empty local-lis/les=6/7 n=0 ec=6/6 lis/c=6/6 les/c/f=7/7/0 sis=6) [0] r=0 lpr=6 crt=0'0 mlcod 0'0 active+clean trimq=[2~1]] PeeringState::prepare_stats_for_publish reporting purged_snaps []
2026-02-12T19:16:06.958+0000 7fe1d5c59640 10 osd.0 pg_epoch: 11 pg[1.1( empty local-lis/les=6/7 n=0 ec=6/6 lis/c=6/6 les/c/f=7/7/0 sis=6) [0] r=0 lpr=6 crt=0'0 mlcod 0'0 active+clean trimq=[2~1]] plpg_on_pool_change
2026-02-12T19:16:06.958+0000 7fe1d8c5f640 10 osd.0 pg_epoch: 11 pg[1.3( v 9'1 (0'0,9'1] local-lis/les=6/7 n=1 ec=6/6 lis/c=6/6 les/c/f=7/7/0 sis=6) [0] r=0 lpr=6 crt=9'1 lcod 0'0 mlcod 0'0 active+clean trimq=[2~1]] handle_activate_map: epoch range: 11..11
2026-02-12T19:16:06.958+0000 7fe1d5c59640 20 osd.0 pg_epoch: 11 pg[1.1( empty local-lis/les=6/7 n=0 ec=6/6 lis/c=6/6 les/c/f=7/7/0 sis=6) [0] r=0 lpr=6 crt=0'0 mlcod 0'0 active+clean trimq=[2~1]] hit_set_clear
2026-02-12T19:16:06.958+0000 7fe1d5458640 20 osd.0 pg_epoch: 11 pg[1.2( v 10'1 (0'0,10'1] local-lis/les=6/7 n=1 ec=6/6 lis/c=6/6 les/c/f=7/7/0 sis=6) [0] r=0 lpr=6 crt=10'1 lcod 0'0 mlcod 0'0 active+clean trimq=[2~1]] PeeringState::prepare_stats_for_publish reporting purged_snaps []
2026-02-12T19:16:06.958+0000 7fe1d645a640 15 osd.0 pg_epoch: 11 pg[1.0( empty local-lis/les=6/7 n=0 ec=6/6 lis/c=6/6 les/c/f=7/7/0 sis=6) [0] r=0 lpr=6 crt=0'0 mlcod 0'0 active+clean trimq=[2~1]] PeeringState::prepare_stats_for_publish publish_stats_to_osd 10:18
2026-02-12T19:16:06.958+0000 7fe1d5c59640 20 osd.0 pg_epoch: 11 pg[1.1( empty local-lis/les=6/7 n=0 ec=6/6 lis/c=6/6 les/c/f=7/7/0 sis=6) [0] r=0 lpr=6 crt=0'0 mlcod 0'0 active+clean trimq=[2~1]] agent_stop
