2026-02-12T19:16:04.506+0000 7fe1e3474640 10 osd.0 4 release_reserved_pushes(0), recovery_ops_reserved 0 -> 0
2026-02-12T19:16:04.506+0000 7fe1e3474640 10 osd.0 4 _preboot _preboot mon has osdmaps 1..4
2026-02-12T19:16:04.506+0000 7fe1e3474640 5 osd.0 4 heartbeat osd_stat(store_statfs(0x18fe5aa000/0x0/0x1900000000, data 0x256/0x1000, compress 0x0/0x0/0x0, omap 0x63a, meta 0x1a4f9c6), peers [] op hist [])
2026-02-12T19:16:04.506+0000 7fe1e3474640 20 osd.0 4 check_full_status cur ratio 0.000257187, physical ratio 0.000257187, new state none
2026-02-12T19:16:04.506+0000 7fe1eb484640 10 osd.0 4 operator() waiting for peering work to drain
2026-02-12T19:16:04.506+0000 7fe1eb484640 10 osd.0 4 _send_boot
2026-02-12T19:16:04.506+0000 7fe1eb484640 20 osd.0 4 initial client_addrs [v2:127.0.0.1:6800/65075307,v1:127.0.0.1:6801/65075307], cluster_addrs [v2:0.0.0.0:6802/65075307,v1:0.0.0.0:6803/65075307], hb_back_addrs [v2:0.0.0.0:6806/65075307,v1:0.0.0.0:6807/65075307], hb_front_addrs [v2:0.0.0.0:6804/65075307,v1:0.0.0.0:6805/65075307]
2026-02-12T19:16:04.506+0000 7fe1eb484640 1 -- [v2:0.0.0.0:6802/65075307,v1:0.0.0.0:6803/65075307] set_addr_unknowns [v2:127.0.0.1:6800/65075307,v1:127.0.0.1:6801/65075307]
2026-02-12T19:16:04.506+0000 7fe1eb484640 1 -- [v2:0.0.0.0:6802/65075307,v1:0.0.0.0:6803/65075307] set_addr_unknowns assuming my addr v2:0.0.0.0:6802/65075307 matches provided addr v2:127.0.0.1:6800/65075307
2026-02-12T19:16:04.506+0000 7fe1eb484640 1 -- [v2:0.0.0.0:6802/65075307,v1:0.0.0.0:6803/65075307] set_addr_unknowns assuming my addr v1:0.0.0.0:6803/65075307 matches provided addr v2:127.0.0.1:6800/65075307
2026-02-12T19:16:04.506+0000 7fe1eb484640 10 osd.0 4 new session (outgoing) 0x55a21ce15500 con=0x55a21cf50c00 addr=v2:127.0.0.1:6802/65075307
2026-02-12T19:16:04.506+0000 7fe1eb484640 1 -- [v2:127.0.0.1:6802/65075307,v1:127.0.0.1:6803/65075307] set_addr_unknowns now [v2:127.0.0.1:6802/65075307,v1:127.0.0.1:6803/65075307]
2026-02-12T19:16:04.506+0000 7fe1eb484640 10 osd.0 4 assuming cluster_addrs match client_addrs [v2:127.0.0.1:6800/65075307,v1:127.0.0.1:6801/65075307]
2026-02-12T19:16:04.506+0000 7fe1eb484640 1 -- [v2:0.0.0.0:6806/65075307,v1:0.0.0.0:6807/65075307] set_addr_unknowns [v2:127.0.0.1:6802/65075307,v1:127.0.0.1:6803/65075307]
2026-02-12T19:16:04.506+0000 7fe1eb484640 1 -- [v2:0.0.0.0:6806/65075307,v1:0.0.0.0:6807/65075307] set_addr_unknowns assuming my addr v2:0.0.0.0:6806/65075307 matches provided addr v2:127.0.0.1:6802/65075307
2026-02-12T19:16:04.506+0000 7fe1eb484640 1 -- [v2:0.0.0.0:6806/65075307,v1:0.0.0.0:6807/65075307] set_addr_unknowns assuming my addr v1:0.0.0.0:6807/65075307 matches provided addr v2:127.0.0.1:6802/65075307
2026-02-12T19:16:04.506+0000 7fe1eb484640 1 -- [v2:127.0.0.1:6806/65075307,v1:127.0.0.1:6807/65075307] set_addr_unknowns now [v2:127.0.0.1:6806/65075307,v1:127.0.0.1:6807/65075307]
2026-02-12T19:16:04.506+0000 7fe1eb484640 10 osd.0 4 assuming hb_back_addrs match cluster_addrs [v2:127.0.0.1:6802/65075307,v1:127.0.0.1:6803/65075307]
2026-02-12T19:16:04.506+0000 7fe1eb484640 1 -- [v2:0.0.0.0:6804/65075307,v1:0.0.0.0:6805/65075307] set_addr_unknowns [v2:127.0.0.1:6800/65075307,v1:127.0.0.1:6801/65075307]
2026-02-12T19:16:04.506+0000 7fe1eb484640 1 -- [v2:0.0.0.0:6804/65075307,v1:0.0.0.0:6805/65075307] set_addr_unknowns assuming my addr v2:0.0.0.0:6804/65075307 matches provided addr v2:127.0.0.1:6800/65075307
2026-02-12T19:16:04.506+0000 7fe1eb484640 1 -- [v2:0.0.0.0:6804/65075307,v1:0.0.0.0:6805/65075307] set_addr_unknowns assuming my addr v1:0.0.0.0:6805/65075307 matches provided addr v2:127.0.0.1:6800/65075307
2026-02-12T19:16:04.506+0000 7fe1eb484640 1 -- [v2:127.0.0.1:6804/65075307,v1:127.0.0.1:6805/65075307] set_addr_unknowns now [v2:127.0.0.1:6804/65075307,v1:127.0.0.1:6805/65075307]
2026-02-12T19:16:04.506+0000 7fe1eb484640 10 osd.0 4 assuming hb_front_addrs match client_addrs [v2:127.0.0.1:6800/65075307,v1:127.0.0.1:6801/65075307]
2026-02-12T19:16:04.506+0000 7fe1e747c640 1 -- [v2:127.0.0.1:6800/65075307,v1:127.0.0.1:6801/65075307] <== mon.0 v2:127.0.0.1:7109/0 9 ==== mon_command_ack([{prefix=config set, name=osd_mclock_max_capacity_iops_ssd}]=0 v3)=0 v3) ==== 143+0+0 (crc 0 0 0) 0x55a21e201680 con 0x55a21e21c800
2026-02-12T19:16:04.506+0000 7fe1e747c640 10 monclient: handle_mon_command_ack 3 [{"prefix": "config set", "who": "osd.0", "name": "osd_mclock_max_capacity_iops_ssd", "value": "47042.524309"}]
2026-02-12T19:16:04.506+0000 7fe1e747c640 10 monclient: _finish_command 3 = system:0
2026-02-12T19:16:04.506+0000 7fe1eb484640 1 osd.0 4 set_numa_affinity storage numa node 0
2026-02-12T19:16:04.506+0000 7fe1eb484640 -1 osd.0 4 set_numa_affinity unable to identify public interface '' numa node: (2) No such file or directory
2026-02-12T19:16:04.506+0000 7fe1eb484640 1 osd.0 4 set_numa_affinity not setting numa affinity
2026-02-12T19:16:04.506+0000 7fe1eb484640 10 osd.0 4 final client_addrs [v2:127.0.0.1:6800/65075307,v1:127.0.0.1:6801/65075307], cluster_addrs [v2:127.0.0.1:6802/65075307,v1:127.0.0.1:6803/65075307], hb_back_addrs [v2:127.0.0.1:6806/65075307,v1:127.0.0.1:6807/65075307], hb_front_addrs [v2:127.0.0.1:6804/65075307,v1:127.0.0.1:6805/65075307]
2026-02-12T19:16:04.506+0000 7fe1eb484640 1 bluestore(td/ceph-helpers/0) collect_metadata devices span numa nodes 0
2026-02-12T19:16:04.506+0000 7fe1e747c640 1 -- [v2:127.0.0.1:6800/65075307,v1:127.0.0.1:6801/65075307] <== mon.0 v2:127.0.0.1:7109/0 10 ==== config(1 keys) ==== 56+0+0 (crc 0 0 0) 0x55a21e434540 con 0x55a21e21c800
2026-02-12T19:16:04.506+0000 7fe1e747c640 10 monclient: handle_config config(1 keys)
2026-02-12T19:16:04.506+0000 7fe1f3c95640 4 set_mon_vals no callback set
2026-02-12T19:16:04.506+0000 7fe1f3c95640 10 set_mon_vals osd_mclock_max_capacity_iops_ssd = 47042.524309
2026-02-12T19:16:04.506+0000 7fe1eb484640 1 bluestore(td/ceph-helpers/0) collect_metadata devices span numa nodes 0
2026-02-12T19:16:04.506+0000 7fe1f3c95640 1 mclock_common: set_from_config: osd_bandwidth_cost_per_io: 26747.95 bytes/io, osd_bandwidth_capacity_per_shard 157286400.00 bytes/second
2026-02-12T19:16:04.506+0000 7fe1f3c95640 1 mclock_common: set_from_config: osd_bandwidth_cost_per_io: 26747.95 bytes/io, osd_bandwidth_capacity_per_shard 157286400.00 bytes/second
2026-02-12T19:16:04.506+0000 7fe1f3c95640 1 mclock_common: set_from_config: osd_bandwidth_cost_per_io: 26747.95 bytes/io, osd_bandwidth_capacity_per_shard 157286400.00 bytes/second
2026-02-12T19:16:04.506+0000 7fe1f3c95640 1 mclock_common: set_from_config: osd_bandwidth_cost_per_io: 26747.95 bytes/io, osd_bandwidth_capacity_per_shard 157286400.00 bytes/second
2026-02-12T19:16:04.506+0000 7fe1f3c95640 1 mclock_common: set_from_config: osd_bandwidth_cost_per_io: 26747.95 bytes/io, osd_bandwidth_capacity_per_shard 157286400.00 bytes/second
2026-02-12T19:16:04.506+0000 7fe1f3c95640 1 mclock_common: set_from_config: osd_bandwidth_cost_per_io: 26747.95 bytes/io, osd_bandwidth_capacity_per_shard 157286400.00 bytes/second
2026-02-12T19:16:04.506+0000 7fe1f3c95640 1 mclock_common: set_from_config: osd_bandwidth_cost_per_io: 26747.95 bytes/io, osd_bandwidth_capacity_per_shard 157286400.00 bytes/second
2026-02-12T19:16:04.506+0000 7fe1f3c95640 1 mclock_common: set_from_config: osd_bandwidth_cost_per_io: 26747.95 bytes/io, osd_bandwidth_capacity_per_shard 157286400.00 bytes/second
2026-02-12T19:16:04.530+0000 7fe1eb484640 10 osd.0 4 _collect_metadata {arch=x86_64,back_addr=[v2:127.0.0.1:6802/65075307,v1:127.0.0.1:6803/65075307],back_iface=,bluefs=1,bluefs_dedicated_db=0,bluefs_dedicated_wal=0,bluefs_single_shared_device=1,bluestore_allocation_from_file=1,bluestore_allocator=hybrid,bluestore_bdev_access_mode=file,bluestore_bdev_block_size=4096,bluestore_bdev_devices=nvme0n1,bluestore_bdev_driver=KernelDevice,bluestore_bdev_optimal_io_size=4096,bluestore_bdev_path=td/ceph-helpers/0/block,bluestore_bdev_rotational=0,bluestore_bdev_size=107374182400,bluestore_bdev_support_discard=1,bluestore_bdev_type=ssd,bluestore_min_alloc_size=4096,bluestore_onode_segmentation=inactive,bluestore_write_mode=classic,ceph_release=tentacle,ceph_version=ceph version 20.3.0-5230-gafefaa40 (afefaa40503a4bf024e96f97dd7f852b75f00ad6) tentacle (dev - None),ceph_version_short=20.3.0-5230-gafefaa40,ceph_version_when_created=ceph version 20.3.0-5230-gafefaa40 (afefaa40503a4bf024e96f97dd7f852b75f00ad6) tentacle (dev - None),cpu=AMD EPYC 4464P 12-Core Processor,created_at=2026-02-12T19:16:02.341164Z,default_device_class=ssd,device_ids=nvme0n1=Micron_7450_MTFDKBA960TFR_25174FCD695A,device_paths=nvme0n1=/dev/disk/by-path/pci-0000:02:00.0-nvme-1,devices=nvme0n1,distro=ubuntu,distro_description=Ubuntu 22.04.5 LTS,distro_version=22.04,front_addr=[v2:127.0.0.1:6800/65075307,v1:127.0.0.1:6801/65075307],front_iface=,hb_back_addr=[v2:127.0.0.1:6806/65075307,v1:127.0.0.1:6807/65075307],hb_front_addr=[v2:127.0.0.1:6804/65075307,v1:127.0.0.1:6805/65075307],hostname=trial010,journal_rotational=0,kernel_description=#180-Ubuntu SMP Fri Jan 9 16:10:31 UTC 2026,kernel_version=5.15.0-170-generic,mem_swap_kb=8388604,mem_total_kb=130961700,network_numa_unknown_ifaces=back_iface,front_iface,objectstore_numa_node=0,objectstore_numa_nodes=0,os=Linux,osd_data=td/ceph-helpers/0,osd_objectstore=bluestore,osdspec_affinity=,rotational=0}
2026-02-12T19:16:04.530+0000 7fe1eb484640 10 monclient: _send_mon_message to mon.a at v2:127.0.0.1:7109/0
2026-02-12T19:16:04.530+0000 7fe1eb484640 1 -- [v2:127.0.0.1:6800/65075307,v1:127.0.0.1:6801/65075307] --> v2:127.0.0.1:7109/0 -- osd_boot(osd.0 booted 0 features 4544132024016699391 v4) -- 0x55a21e13f880 con 0x55a21e21c800
2026-02-12T19:16:04.606+0000 7fe1e747c640 1 -- [v2:127.0.0.1:6800/65075307,v1:127.0.0.1:6801/65075307] <== mon.0 v2:127.0.0.1:7109/0 11 ==== osd_map(4..5 src has 1..5) ==== 1489+0+0 (crc 0 0 0) 0x55a21e08b200 con 0x55a21e21c800
2026-02-12T19:16:04.606+0000 7fe1e747c640 20 osd.0 4 OSD::ms_dispatch: osd_map(4..5 src has 1..5)
2026-02-12T19:16:04.606+0000 7fe1e747c640 20 osd.0 4 _dispatch 0x55a21e08b200 osd_map(4..5 src has 1..5)
2026-02-12T19:16:04.606+0000 7fe1e747c640 10 monclient: _renew_subs
2026-02-12T19:16:04.606+0000 7fe1e747c640 10 monclient: _send_mon_message to mon.a at v2:127.0.0.1:7109/0
2026-02-12T19:16:04.606+0000 7fe1e747c640 1 -- [v2:127.0.0.1:6800/65075307,v1:127.0.0.1:6801/65075307] --> v2:127.0.0.1:7109/0 -- mon_subscribe({osdmap=0}) -- 0x55a21e201680 con 0x55a21e21c800
2026-02-12T19:16:04.606+0000 7fe1e747c640 3 osd.0 4 handle_osd_map epochs [4,5], i have 4, src has [1,5]
2026-02-12T19:16:04.606+0000 7fe1e747c640 10 osd.0 4 handle_osd_map: received 0 full maps and 2 incremental maps
2026-02-12T19:16:04.606+0000 7fe1e747c640 10 osd.0 4 handle_osd_map got inc map for epoch 5
2026-02-12T19:16:04.606+0000 7fe1e747c640 20 osd.0 4 got_full_map 5, nothing requested
2026-02-12T19:16:04.606+0000 7fe1e747c640 20 osd.0 4 trim_maps: min=0 oldest_map=1
2026-02-12T19:16:04.606+0000 7fe1e747c640 20 osd.0 4 handle_osd_map pg_num_history pg_num_history(e5 pg_nums {} deleted_pools )
2026-02-12T19:16:04.606+0000 7fe1e747c640 10 snap_mapper record_purged_snaps purged_snaps {5={}}
2026-02-12T19:16:04.606+0000 7fe1e747c640 10 snap_mapper record_purged_snaps rm 0 keys, set 0 keys
2026-02-12T19:16:04.606+0000 7fe1e747c640 10 write_superblock sb(87fd2eab-282e-43bf-b5a2-5c7fac36961f osd.0 10608a2a-f006-430f-928e-a3d593dfdea9 e5 maps [1~5] lci=[0,0] tlb=1)
2026-02-12T19:16:04.606+0000 7fe1e3474640 10 osd.0 4 _committed_osd_maps 5..5
2026-02-12T19:16:04.606+0000 7fe1e3474640 10 osd.0 4 advance to epoch 5 (<= last 5 <= newest_map 5)
2026-02-12T19:16:04.606+0000 7fe1e3474640 10 osd.0 5 up_epoch is 5
2026-02-12T19:16:04.606+0000 7fe1e3474640 10 osd.0 5 boot_epoch is 5
2026-02-12T19:16:04.606+0000 7fe1e3474640 1 osd.0 5 state: booting -> active
2026-02-12T19:16:04.606+0000 7fe1e3474640 20 osd.0 5 consume_map version 5
2026-02-12T19:16:04.606+0000 7fe1e3474640 20 osd.0 4 await_reserved_maps epoch:5
2026-02-12T19:16:04.606+0000 7fe1e3474640 20 osd.0 4 await_reserved_maps done 0
2026-02-12T19:16:04.606+0000 7fe1e3474640 20 osd.0 5 consume_map 5 -- publish done
2026-02-12T19:16:04.606+0000 7fe1e3474640 20 osd.0:0.identify_splits_and_merges identify_splits_and_merges 0 slots
2026-02-12T19:16:04.606+0000 7fe1e3474640 20 osd.0:0.identify_splits_and_merges identify_splits_and_merges 0 splits, 0 merges
2026-02-12T19:16:04.606+0000 7fe1e3474640 20 osd.0:1.identify_splits_and_merges identify_splits_and_merges 0 slots
2026-02-12T19:16:04.606+0000 7fe1e3474640 20 osd.0:1.identify_splits_and_merges identify_splits_and_merges 0 splits, 0 merges
2026-02-12T19:16:04.606+0000 7fe1e3474640 20 osd.0:2.identify_splits_and_merges identify_splits_and_merges 0 slots
2026-02-12T19:16:04.606+0000 7fe1e3474640 20 osd.0:2.identify_splits_and_merges identify_splits_and_merges 0 splits, 0 merges
2026-02-12T19:16:04.606+0000 7fe1e3474640 20 osd.0:3.identify_splits_and_merges identify_splits_and_merges 0 slots
2026-02-12T19:16:04.606+0000 7fe1e3474640 20 osd.0:3.identify_splits_and_merges identify_splits_and_merges 0 splits, 0 merges
2026-02-12T19:16:04.606+0000 7fe1e3474640 20 osd.0:4.identify_splits_and_merges identify_splits_and_merges 0 slots
2026-02-12T19:16:04.606+0000 7fe1e3474640 20 osd.0:4.identify_splits_and_merges identify_splits_and_merges 0 splits, 0 merges
2026-02-12T19:16:04.606+0000 7fe1e3474640 20 osd.0:5.identify_splits_and_merges identify_splits_and_merges 0 slots
2026-02-12T19:16:04.606+0000 7fe1e3474640 20 osd.0:5.identify_splits_and_merges identify_splits_and_merges 0 splits, 0 merges
2026-02-12T19:16:04.606+0000 7fe1e3474640 20 osd.0:6.identify_splits_and_merges identify_splits_and_merges 0 slots
2026-02-12T19:16:04.606+0000 7fe1e3474640 20 osd.0:6.identify_splits_and_merges identify_splits_and_merges 0 splits, 0 merges
2026-02-12T19:16:04.606+0000 7fe1e3474640 20 osd.0:7.identify_splits_and_merges identify_splits_and_merges 0 slots
2026-02-12T19:16:04.606+0000 7fe1e3474640 20 osd.0:7.identify_splits_and_merges identify_splits_and_merges 0 splits, 0 merges
2026-02-12T19:16:04.606+0000 7fe1e3474640 20 osd.0 5 prune_pg_created
2026-02-12T19:16:04.606+0000 7fe1e3474640 10 osd.0:0.consume_map 5 (was 4)
2026-02-12T19:16:04.606+0000 7fe1e3474640 10 osd.0:1.consume_map 5 (was 4)
2026-02-12T19:16:04.606+0000 7fe1e3474640 10 osd.0:2.consume_map 5 (was 4)
2026-02-12T19:16:04.606+0000 7fe1e3474640 10 osd.0:3.consume_map 5 (was 4)
2026-02-12T19:16:04.606+0000 7fe1e3474640 10 osd.0:4.consume_map 5 (was 4)
2026-02-12T19:16:04.606+0000 7fe1e3474640 10 osd.0:5.consume_map 5 (was 4)
2026-02-12T19:16:04.606+0000 7fe1e3474640 10 osd.0:6.consume_map 5 (was 4)
2026-02-12T19:16:04.606+0000 7fe1e3474640 10 osd.0:7.consume_map 5 (was 4)
2026-02-12T19:16:04.606+0000 7fe1e3474640 10 osd.0 5 release_reserved_pushes(0), recovery_ops_reserved 0 -> 0
2026-02-12T19:16:04.606+0000 7fe1e3474640 10 osd.0 5 maybe_update_heartbeat_peers updating
2026-02-12T19:16:04.606+0000 7fe1e3474640 10 osd.0 5 maybe_update_heartbeat_peers 0 peers, extras
2026-02-12T19:16:04.606+0000 7fe1e3474640 7 osd.0 5 activate_map version 5
2026-02-12T19:16:04.606+0000 7fe1dac63640 20 osd.0 5 agent_entry empty queue
2026-02-12T19:16:04.606+0000 7fe1e747c640 1 -- [v2:127.0.0.1:6800/65075307,v1:127.0.0.1:6801/65075307] <== mon.0 v2:127.0.0.1:7109/0 12 ==== osd_map(5..5 src has 1..5) ==== 662+0+0 (crc 0 0 0) 0x55a21e164200 con 0x55a21e21c800
2026-02-12T19:16:04.606+0000 7fe1e747c640 20 osd.0 5 OSD::ms_dispatch: osd_map(5..5 src has 1..5)
2026-02-12T19:16:04.606+0000 7fe1e747c640 20 osd.0 5 _dispatch 0x55a21e164200 osd_map(5..5 src has 1..5)
2026-02-12T19:16:04.606+0000 7fe1e747c640 10 monclient: _renew_subs
2026-02-12T19:16:04.606+0000 7fe1e747c640 10 monclient: _send_mon_message to mon.a at v2:127.0.0.1:7109/0
2026-02-12T19:16:04.606+0000 7fe1e747c640 1 -- [v2:127.0.0.1:6800/65075307,v1:127.0.0.1:6801/65075307] --> v2:127.0.0.1:7109/0 -- mon_subscribe({osdmap=0}) -- 0x55a21e2012c0 con 0x55a21e21c800
2026-02-12T19:16:04.606+0000 7fe1e747c640 3 osd.0 5 handle_osd_map epochs [5,5], i have 5, src has [1,5]
2026-02-12T19:16:04.606+0000 7fe1e747c640 10 osd.0 5 handle_osd_map: received 0 full maps and 1 incremental maps
2026-02-12T19:16:04.606+0000 7fe1e747c640 10 osd.0 5 no new maps here, dropping
2026-02-12T19:16:04.606+0000 7fe1e747c640 1 -- [v2:127.0.0.1:6800/65075307,v1:127.0.0.1:6801/65075307] <== mon.0 v2:127.0.0.1:7109/0 13 ==== osd_map(5..5 src has 1..5) ==== 1299+0+0 (crc 0 0 0) 0x55a21e164400 con 0x55a21e21c800
2026-02-12T19:16:04.606+0000 7fe1e747c640 20 osd.0 5 OSD::ms_dispatch: osd_map(5..5 src has 1..5)
2026-02-12T19:16:04.606+0000 7fe1e747c640 20 osd.0 5 _dispatch 0x55a21e164400 osd_map(5..5 src has 1..5)
2026-02-12T19:16:04.606+0000 7fe1e747c640 3 osd.0 5 handle_osd_map epochs [5,5], i have 5, src has [1,5]
2026-02-12T19:16:04.606+0000 7fe1e747c640 10 osd.0 5 handle_osd_map: received 1 full maps and 0 incremental maps
2026-02-12T19:16:04.606+0000 7fe1e747c640 10 osd.0 5 no new maps here, dropping
2026-02-12T19:16:04.610+0000 7fe1e747c640 1 -- [v2:127.0.0.1:6800/65075307,v1:127.0.0.1:6801/65075307] <== mon.0 v2:127.0.0.1:7109/0 14 ==== osd_map(5..5 src has 1..5) ==== 1299+0+0 (crc 0 0 0) 0x55a21e164800 con 0x55a21e21c800
2026-02-12T19:16:04.610+0000 7fe1e747c640 20 osd.0 5 OSD::ms_dispatch: osd_map(5..5 src has 1..5)
2026-02-12T19:16:04.610+0000 7fe1e747c640 20 osd.0 5 _dispatch 0x55a21e164800 osd_map(5..5 src has 1..5)
2026-02-12T19:16:04.610+0000 7fe1e747c640 3 osd.0 5 handle_osd_map epochs [5,5], i have 5, src has [1,5]
2026-02-12T19:16:04.610+0000 7fe1e747c640 10 osd.0 5 handle_osd_map: received 1 full maps and 0 incremental maps
2026-02-12T19:16:04.610+0000 7fe1e747c640 10 osd.0 5 no new maps here, dropping
2026-02-12T19:16:05.042+0000 7fe1ecc87640 10 osd.0 5 tick_without_osd_lock
2026-02-12T19:16:05.042+0000 7fe1ecc87640 20 osd.0 osd-scrub:scrub_random_backoff: lost coin flip, randomly backing off (ratio: 0.660)
2026-02-12T19:16:05.042+0000 7fe1ecc87640 15 osd.0 osd-scrub:restrictions_on_scrubbing: Lost on the dice. Regular scheduled scrubs are not permitted.
2026-02-12T19:16:05.042+0000 7fe1ecc87640 20 osd.0 osd-scrub:scrub_time_permit: should run between 0 - 0 now 19 = yes
2026-02-12T19:16:05.042+0000 7fe1ecc87640 20 osd.0 osd-scrub:scrub_load_below_threshold: loadavg per cpu 0.169 < max 2000.000 (#CPUs:24) = yes
2026-02-12T19:16:05.042+0000 7fe1ecc87640 10 osd.0 osd-scrub:initiate_scrub: scrub scheduling (@tick) starts. time now:2026-02-12T19:16:05.045, recovery is active?:false restrictions:<.backoff...>
2026-02-12T19:16:05.042+0000 7fe1ecc87640 20 osd.0 osd-scrub:initiate_scrub: no PGs are ready for scrubbing
2026-02-12T19:16:05.042+0000 7fe1ecc87640 10 osd.0 5 promote_throttle_recalibrate 0 attempts, promoted 0 objects and 0 B; target 25 obj/sec or 5 MiB/sec
2026-02-12T19:16:05.042+0000 7fe1ecc87640 20 osd.0 5 promote_throttle_recalibrate new_prob 1000
2026-02-12T19:16:05.042+0000 7fe1ecc87640 10 osd.0 5 promote_throttle_recalibrate actual 0, actual/prob ratio 1, adjusted new_prob 1000, prob 1000 -> 1000
2026-02-12T19:16:05.042+0000 7fe1ecc87640 20 osd.0 5 send_beacon sending
2026-02-12T19:16:05.042+0000 7fe1ecc87640 10 monclient: _send_mon_message to mon.a at v2:127.0.0.1:7109/0
2026-02-12T19:16:05.042+0000 7fe1ecc87640 1 -- [v2:127.0.0.1:6800/65075307,v1:127.0.0.1:6801/65075307] --> v2:127.0.0.1:7109/0 -- osd_beacon(pgs [] lec 0 last_purged_snaps_scrub 0.000000 osd_beacon_report_interval 300 v5) -- 0x55a21eee61c0 con 0x55a21e21c800
2026-02-12T19:16:05.054+0000 7fe1ed488640 10 osd.0 5 tick
2026-02-12T19:16:05.054+0000 7fe1ed488640 20 osd.0 5 tick last_purged_snaps_scrub 0.000000 next 115256.250000 ... now
2026-02-12T19:16:05.054+0000 7fe1ed488640 10 osd.0 5 scrub_purged_snaps
2026-02-12T19:16:05.054+0000 7fe1ed488640 0 log_channel(cluster) log [DBG] : purged_snaps scrub starts
2026-02-12T19:16:05.054+0000 7fe1ed488640 10 snap_mapper run
2026-02-12T19:16:05.054+0000 7fe1ed488640 10 snap_mapper run end, found 0 stray
2026-02-12T19:16:05.054+0000 7fe1ed488640 0 log_channel(cluster) log [DBG] : purged_snaps scrub ok
2026-02-12T19:16:05.054+0000 7fe1ed488640 10 osd.0 5 scrub_purged_snaps done queueing pgs, updating superblock
2026-02-12T19:16:05.054+0000 7fe1ed488640 10 write_superblock sb(87fd2eab-282e-43bf-b5a2-5c7fac36961f osd.0 10608a2a-f006-430f-928e-a3d593dfdea9 e5 maps [1~5] lci=[0,0] tlb=1)
2026-02-12T19:16:05.054+0000 7fe1ed488640 20 osd.0 5 maybe_send_beacon beacon would be too frequent; skipping
2026-02-12T19:16:05.054+0000 7fe1ed488640 10 osd.0 5 scrub_purged_snaps done
2026-02-12T19:16:05.158+0000 7fe1e5c79640 1 --2- [v2:127.0.0.1:6800/65075307,v1:127.0.0.1:6801/65075307] >> [v2:127.0.0.1:6808/461729242,v1:127.0.0.1:6809/461729242] conn(0x55a21e4c8000 0x55a21e17f700 unknown :-1 s=NONE pgs=0 gs=0 cs=0 l=1 c_cookie=0 s_cookie=0 reconnecting=0 rev1=0 crypto rx=0 tx=0 comp rx=0 tx=0).connect
2026-02-12T19:16:05.158+0000 7fe1e5c79640 1 -- [v2:127.0.0.1:6800/65075307,v1:127.0.0.1:6801/65075307] --> [v2:127.0.0.1:6808/461729242,v1:127.0.0.1:6809/461729242] -- mgropen(unknown.0) -- 0x55a21e1f4780 con 0x55a21e4c8000
2026-02-12T19:16:05.158+0000 7fe1f5498640 1 --2- [v2:127.0.0.1:6800/65075307,v1:127.0.0.1:6801/65075307] >> [v2:127.0.0.1:6808/461729242,v1:127.0.0.1:6809/461729242] conn(0x55a21e4c8000 0x55a21e17f700 unknown :-1 s=BANNER_CONNECTING pgs=0 gs=3 cs=0 l=1 c_cookie=0 s_cookie=0 reconnecting=0 rev1=0 crypto rx=0 tx=0 comp rx=0 tx=0)._handle_peer_banner_payload supported=3 required=0
2026-02-12T19:16:05.158+0000 7fe1f5498640 10 monclient: get_auth_request con 0x55a21e4c8000 auth_method 0
2026-02-12T19:16:05.158+0000 7fe1f5498640 1 --2- [v2:127.0.0.1:6800/65075307,v1:127.0.0.1:6801/65075307] >> [v2:127.0.0.1:6808/461729242,v1:127.0.0.1:6809/461729242] conn(0x55a21e4c8000 0x55a21e17f700 crc :-1 s=READY pgs=9 gs=3 cs=0 l=1 c_cookie=0 s_cookie=0 reconnecting=0 rev1=1 crypto rx=0 tx=0 comp rx=0 tx=0).ready entity=mgr.4100 client_cookie=0 server_cookie=0 in_seq=0 out_seq=0
2026-02-12T19:16:05.158+0000 7fe1e747c640 10 osd.0 5 ms_handle_connect con 0x55a21e4c8000
2026-02-12T19:16:05.158+0000 7fe1e747c640 1 -- [v2:127.0.0.1:6800/65075307,v1:127.0.0.1:6801/65075307] <== mgr.4100 v2:127.0.0.1:6808/461729242 1 ==== mgrconfigure(period=5, threshold=5) ==== 13+0+0 (crc 0 0 0) 0x55a21cd8ae00 con 0x55a21e4c8000
2026-02-12T19:16:05.158+0000 7fe1e747c640 20 osd.0 5 reports for 0 queries
2026-02-12T19:16:05.158+0000 7fe1e747c640 1 -- [v2:127.0.0.1:6800/65075307,v1:127.0.0.1:6801/65075307] --> [v2:127.0.0.1:6808/461729242,v1:127.0.0.1:6809/461729242] -- mgrreport(unknown.0 +277-0 packed 3294 daemon_metrics=2 task_status=0) -- 0x55a21e438000 con 0x55a21e4c8000
2026-02-12T19:16:05.158+0000 7fe1e747c640 15 osd.0 5 collect_pg_stats
2026-02-12T19:16:05.158+0000 7fe1e747c640 1 -- [v2:127.0.0.1:6800/65075307,v1:127.0.0.1:6801/65075307] --> [v2:127.0.0.1:6808/461729242,v1:127.0.0.1:6809/461729242] -- pg_stats(0 pgs seq 21474836481 v 0) -- 0x55a21e13fc00 con 0x55a21e4c8000
2026-02-12T19:16:05.658+0000 7fe1e747c640 1 -- [v2:127.0.0.1:6800/65075307,v1:127.0.0.1:6801/65075307] <== mon.0 v2:127.0.0.1:7109/0 15 ==== osd_map(5..6 src has 1..6) ==== 1259+0+0 (crc 0 0 0) 0x55a21e164600 con 0x55a21e21c800
2026-02-12T19:16:05.658+0000 7fe1e747c640 20 osd.0 5 OSD::ms_dispatch: osd_map(5..6 src has 1..6)
2026-02-12T19:16:05.658+0000 7fe1e747c640 20 osd.0 5 _dispatch 0x55a21e164600 osd_map(5..6 src has 1..6)
2026-02-12T19:16:05.658+0000 7fe1e747c640 3 osd.0 5 handle_osd_map epochs [5,6], i have 5, src has [1,6]
2026-02-12T19:16:05.658+0000 7fe1e747c640 10 osd.0 5 handle_osd_map: received 0 full maps and 2 incremental maps
2026-02-12T19:16:05.658+0000 7fe1e747c640 10 osd.0 5 handle_osd_map got inc map for epoch 6
2026-02-12T19:16:05.658+0000 7fe1e747c640 20 osd.0 5 got_full_map 6, nothing requested
2026-02-12T19:16:05.658+0000 7fe1e747c640 10 osd.0 5 _track_pools_and_pg_num_changes recording new pool 1 pg_num 4
2026-02-12T19:16:05.658+0000 7fe1e747c640 20 osd.0 5 trim_maps: min=0 oldest_map=1
2026-02-12T19:16:05.658+0000 7fe1e747c640 20 osd.0 5 handle_osd_map pg_num_history pg_num_history(e6 pg_nums {1={6=4}} deleted_pools )
2026-02-12T19:16:05.658+0000 7fe1e747c640 10 snap_mapper record_purged_snaps purged_snaps {6={}}
2026-02-12T19:16:05.658+0000 7fe1e747c640 10 snap_mapper record_purged_snaps rm 0 keys, set 0 keys
2026-02-12T19:16:05.658+0000 7fe1e747c640 10 write_superblock sb(87fd2eab-282e-43bf-b5a2-5c7fac36961f osd.0 10608a2a-f006-430f-928e-a3d593dfdea9 e6 maps [1~6] lci=[5,6] tlb=1)
2026-02-12T19:16:05.658+0000 7fe1e3474640 10 osd.0 5 _committed_osd_maps 6..6
2026-02-12T19:16:05.658+0000 7fe1e3474640 10 osd.0 5 advance to epoch 6 (<= last 6 <= newest_map 6)
2026-02-12T19:16:05.658+0000 7fe1e3474640 0 osd.0 6 crush map has features 288514051259236352, adjusting msgr requires for clients
2026-02-12T19:16:05.658+0000 7fe1e3474640 0 osd.0 6 crush map has features 288514051259236352 was 288514050185503233, adjusting msgr requires for mons
2026-02-12T19:16:05.658+0000 7fe1e3474640 0 osd.0 6 crush map has features 3314933000852226048, adjusting msgr requires for osds
2026-02-12T19:16:05.658+0000 7fe1e3474640 20 osd.0 6 consume_map version 6
2026-02-12T19:16:05.658+0000 7fe1e3474640 20 osd.0 5 await_reserved_maps epoch:6
2026-02-12T19:16:05.658+0000 7fe1e3474640 20 osd.0 5 await_reserved_maps done 0
2026-02-12T19:16:05.658+0000 7fe1e3474640 20 osd.0 6 consume_map 6 -- publish done
2026-02-12T19:16:05.658+0000 7fe1e3474640 20 osd.0:0.identify_splits_and_merges identify_splits_and_merges 0 slots
2026-02-12T19:16:05.658+0000 7fe1e3474640 20 osd.0:0.identify_splits_and_merges identify_splits_and_merges 0 splits, 0 merges
2026-02-12T19:16:05.658+0000 7fe1e3474640 20 osd.0:1.identify_splits_and_merges identify_splits_and_merges 0 slots
2026-02-12T19:16:05.658+0000 7fe1e3474640 20 osd.0:1.identify_splits_and_merges identify_splits_and_merges 0 splits, 0 merges
2026-02-12T19:16:05.658+0000 7fe1e3474640 20 osd.0:2.identify_splits_and_merges identify_splits_and_merges 0 slots
2026-02-12T19:16:05.658+0000 7fe1e3474640 20 osd.0:2.identify_splits_and_merges identify_splits_and_merges 0 splits, 0 merges
2026-02-12T19:16:05.658+0000 7fe1e3474640 20 osd.0:3.identify_splits_and_merges identify_splits_and_merges 0 slots
2026-02-12T19:16:05.658+0000 7fe1e3474640 20 osd.0:3.identify_splits_and_merges identify_splits_and_merges 0 splits, 0 merges
2026-02-12T19:16:05.658+0000 7fe1e3474640 20 osd.0:4.identify_splits_and_merges identify_splits_and_merges 0 slots
2026-02-12T19:16:05.658+0000 7fe1e3474640 20 osd.0:4.identify_splits_and_merges identify_splits_and_merges 0 splits, 0 merges
2026-02-12T19:16:05.658+0000 7fe1e3474640 20 osd.0:5.identify_splits_and_merges identify_splits_and_merges 0 slots
2026-02-12T19:16:05.658+0000 7fe1e3474640 20 osd.0:5.identify_splits_and_merges identify_splits_and_merges 0 splits, 0 merges
2026-02-12T19:16:05.658+0000 7fe1e3474640 20 osd.0:6.identify_splits_and_merges identify_splits_and_merges 0 slots
2026-02-12T19:16:05.658+0000 7fe1e3474640 20 osd.0:6.identify_splits_and_merges identify_splits_and_merges 0 splits, 0 merges
2026-02-12T19:16:05.658+0000 7fe1e3474640 20 osd.0:7.identify_splits_and_merges identify_splits_and_merges 0 slots
2026-02-12T19:16:05.658+0000 7fe1e3474640 20 osd.0:7.identify_splits_and_merges identify_splits_and_merges 0 splits, 0 merges
2026-02-12T19:16:05.658+0000 7fe1e3474640 20 osd.0 6 prune_pg_created
2026-02-12T19:16:05.658+0000 7fe1e3474640 10 osd.0:0.consume_map 6 (was 5)
2026-02-12T19:16:05.658+0000 7fe1e3474640 10 osd.0:1.consume_map 6 (was 5)
2026-02-12T19:16:05.658+0000 7fe1e3474640 10 osd.0:2.consume_map 6 (was 5)
2026-02-12T19:16:05.658+0000 7fe1e3474640 10 osd.0:3.consume_map 6 (was 5)
2026-02-12T19:16:05.658+0000 7fe1e3474640 10 osd.0:4.consume_map 6 (was 5)
2026-02-12T19:16:05.658+0000 7fe1e3474640 10 osd.0:5.consume_map 6 (was 5)
2026-02-12T19:16:05.658+0000 7fe1e3474640 10 osd.0:6.consume_map 6 (was 5)
2026-02-12T19:16:05.658+0000 7fe1e3474640 10 osd.0:7.consume_map 6 (was 5)
2026-02-12T19:16:05.658+0000 7fe1e3474640 10 osd.0 6 release_reserved_pushes(0), recovery_ops_reserved 0 -> 0
2026-02-12T19:16:05.658+0000 7fe1e3474640 7 osd.0 6 activate_map version 6
2026-02-12T19:16:05.658+0000 7fe1dac63640 20 osd.0 6 agent_entry empty queue
2026-02-12T19:16:05.658+0000 7fe1f5c99640 1 -- [v2:127.0.0.1:6800/65075307,v1:127.0.0.1:6801/65075307] <== mon.0 v2:127.0.0.1:7109/0 16 ==== pg_create2(e6 {1.0=6,2026-02-12T19:16:05.661307+0000,1.1=6,2026-02-12T19:16:05.661307+0000,1.2=6,2026-02-12T19:16:05.661307+0000,1.3=6,2026-02-12T19:16:05.661307+0000}) ==== 792+0+0 (crc 0 0 0) 0x55a21e200000 con 0x55a21e21c800
2026-02-12T19:16:05.658+0000 7fe1f5c99640 7 osd.0 6 handle_fast_pg_create pg_create2(e6 {1.0=6,2026-02-12T19:16:05.661307+0000,1.1=6,2026-02-12T19:16:05.661307+0000,1.2=6,2026-02-12T19:16:05.661307+0000,1.3=6,2026-02-12T19:16:05.661307+0000}) from mon.0
2026-02-12T19:16:05.658+0000 7fe1f5c99640 20 osd.0 6 handle_fast_pg_create 1.0 e6@2026-02-12T19:16:05.661307+0000 history ec=6/6 lis/c=0/0 les/c/f=0/0/0 sis=6 pi ([0,0] all_participants={} intervals=[])
2026-02-12T19:16:05.658+0000 7fe1f5c99640 15 osd.0 6 enqueue_peering_evt 1.0 epoch_sent: 6 epoch_requested: 6 PgCreateEvt +create_info
2026-02-12T19:16:05.658+0000 7fe1f5c99640 20 osd.0 op_wq(0) _enqueue OpSchedulerItem(1.0 PGPeeringEvent(epoch_sent: 6 epoch_requested: 6 PgCreateEvt +create_info) class_id 2 prio 255 cost 10 e6)
2026-02-12T19:16:05.658+0000 7fe1f5c99640 20 osd.0 6 handle_fast_pg_create 1.1 e6@2026-02-12T19:16:05.661307+0000 history ec=6/6 lis/c=0/0 les/c/f=0/0/0 sis=6 pi ([0,0] all_participants={} intervals=[])
2026-02-12T19:16:05.658+0000 7fe1f5c99640 15 osd.0 6 enqueue_peering_evt 1.1 epoch_sent: 6 epoch_requested: 6 PgCreateEvt +create_info
2026-02-12T19:16:05.658+0000 7fe1f5c99640 20 osd.0 op_wq(1) _enqueue OpSchedulerItem(1.1 PGPeeringEvent(epoch_sent: 6 epoch_requested: 6 PgCreateEvt +create_info) class_id 2 prio 255 cost 10 e6)
2026-02-12T19:16:05.658+0000 7fe1f5c99640 20 osd.0 6 handle_fast_pg_create 1.2 e6@2026-02-12T19:16:05.661307+0000 history ec=6/6 lis/c=0/0 les/c/f=0/0/0 sis=6 pi ([0,0] all_participants={} intervals=[])
2026-02-12T19:16:05.658+0000 7fe1f5c99640 15 osd.0 6 enqueue_peering_evt 1.2 epoch_sent: 6 epoch_requested: 6 PgCreateEvt +create_info
2026-02-12T19:16:05.658+0000 7fe1da462640 20 osd.0 op_wq(0) _process 1.0 (new) to_process <> waiting <> waiting_peering {}
2026-02-12T19:16:05.658+0000 7fe1f5c99640 20 osd.0 op_wq(2) _enqueue OpSchedulerItem(1.2 PGPeeringEvent(epoch_sent: 6 epoch_requested: 6 PgCreateEvt +create_info) class_id 2 prio 255 cost 10 e6)
2026-02-12T19:16:05.658+0000 7fe1da462640 20 osd.0 op_wq(0) _process OpSchedulerItem(1.0 PGPeeringEvent(epoch_sent: 6 epoch_requested: 6 PgCreateEvt +create_info) class_id 2immediate prio 255 cost 10 e6) queued
2026-02-12T19:16:05.658+0000 7fe1da462640 20 osd.0 op_wq(0) _process 1.0 to_process waiting <> waiting_peering {}
2026-02-12T19:16:05.658+0000 7fe1da462640 20 osd.0 op_wq(0) _process OpSchedulerItem(1.0 PGPeeringEvent(epoch_sent: 6 epoch_requested: 6 PgCreateEvt +create_info) class_id 2immediate prio 255 cost 10 e6) pg 0
2026-02-12T19:16:05.658+0000 7fe1d9c61640 20 osd.0 op_wq(1) _process 1.1 (new) to_process <> waiting <> waiting_peering {}
2026-02-12T19:16:05.658+0000 7fe1f5c99640 20 osd.0 6 handle_fast_pg_create 1.3 e6@2026-02-12T19:16:05.661307+0000 history ec=6/6 lis/c=0/0 les/c/f=0/0/0 sis=6 pi ([0,0] all_participants={} intervals=[])
2026-02-12T19:16:05.658+0000 7fe1d9c61640 20 osd.0 op_wq(1) _process OpSchedulerItem(1.1 PGPeeringEvent(epoch_sent: 6 epoch_requested: 6 PgCreateEvt +create_info) class_id 2immediate prio 255 cost 10 e6) queued
2026-02-12T19:16:05.658+0000 7fe1d9c61640 20 osd.0 op_wq(1) _process 1.1 to_process waiting <> waiting_peering {}
2026-02-12T19:16:05.658+0000 7fe1f5c99640 15 osd.0 6 enqueue_peering_evt 1.3 epoch_sent: 6 epoch_requested: 6 PgCreateEvt +create_info
2026-02-12T19:16:05.658+0000 7fe1d9c61640 20 osd.0 op_wq(1) _process OpSchedulerItem(1.1 PGPeeringEvent(epoch_sent: 6 epoch_requested: 6 PgCreateEvt +create_info) class_id 2immediate prio 255 cost 10 e6) pg 0
2026-02-12T19:16:05.658+0000 7fe1f5c99640 20 osd.0 op_wq(3) _enqueue OpSchedulerItem(1.3 PGPeeringEvent(epoch_sent: 6 epoch_requested: 6 PgCreateEvt +create_info) class_id 2 prio 255 cost 10 e6)
2026-02-12T19:16:05.658+0000 7fe1d9460640 20 osd.0 op_wq(2) _process 1.2 (new) to_process <> waiting <> waiting_peering {}
2026-02-12T19:16:05.658+0000 7fe1d9460640 20 osd.0 op_wq(2) _process OpSchedulerItem(1.2 PGPeeringEvent(epoch_sent: 6 epoch_requested: 6 PgCreateEvt +create_info) class_id 2immediate prio 255 cost 10 e6) queued
2026-02-12T19:16:05.658+0000 7fe1d9460640 20 osd.0 op_wq(2) _process 1.2 to_process waiting <> waiting_peering {}
2026-02-12T19:16:05.658+0000 7fe1d9460640 20 osd.0 op_wq(2) _process OpSchedulerItem(1.2 PGPeeringEvent(epoch_sent: 6 epoch_requested: 6 PgCreateEvt +create_info) class_id 2immediate prio 255 cost 10 e6) pg 0
2026-02-12T19:16:05.658+0000 7fe1d9c61640 20 osd.0 op_wq(1) _process 1.1 no pg, should create on OpSchedulerItem(1.1 PGPeeringEvent(epoch_sent: 6 epoch_requested: 6 PgCreateEvt +create_info) class_id 2immediate prio 255 cost 10 e6)
2026-02-12T19:16:05.658+0000 7fe1da462640 20 osd.0 op_wq(0) _process 1.0 no pg, should create on OpSchedulerItem(1.0 PGPeeringEvent(epoch_sent: 6 epoch_requested: 6 PgCreateEvt +create_info) class_id 2immediate prio 255 cost 10 e6)
2026-02-12T19:16:05.658+0000 7fe1d9460640 20 osd.0 op_wq(2) _process 1.2 no pg, should create on OpSchedulerItem(1.2 PGPeeringEvent(epoch_sent: 6 epoch_requested: 6 PgCreateEvt +create_info) class_id 2immediate prio 255 cost 10 e6)
2026-02-12T19:16:05.658+0000 7fe1d8c5f640 20 osd.0 op_wq(3) _process 1.3 (new) to_process <> waiting <> waiting_peering {}
2026-02-12T19:16:05.658+0000 7fe1d8c5f640 20 osd.0 op_wq(3) _process OpSchedulerItem(1.3 PGPeeringEvent(epoch_sent: 6 epoch_requested: 6 PgCreateEvt +create_info) class_id 2immediate prio 255 cost 10 e6) queued
2026-02-12T19:16:05.658+0000 7fe1d8c5f640 20 osd.0 op_wq(3) _process 1.3 to_process waiting <> waiting_peering {}
2026-02-12T19:16:05.658+0000 7fe1d8c5f640 20 osd.0 op_wq(3) _process OpSchedulerItem(1.3 PGPeeringEvent(epoch_sent: 6 epoch_requested: 6 PgCreateEvt +create_info) class_id 2immediate prio 255 cost 10 e6) pg 0
2026-02-12T19:16:05.658+0000 7fe1d8c5f640 20 osd.0 op_wq(3) _process 1.3 no pg, should create on OpSchedulerItem(1.3 PGPeeringEvent(epoch_sent: 6 epoch_requested: 6 PgCreateEvt +create_info) class_id 2immediate prio 255 cost 10 e6)
2026-02-12T19:16:05.658+0000 7fe1d9c61640 10 osd.0 6 _make_pg 1.1
2026-02-12T19:16:05.658+0000 7fe1d9c61640 10 snap_mapper [pg_id:1, match:1, mask_bits:2, last_key_checked:, pool:1, shard:-1, shard_prefix: , prefixes: {}] SnapMapper
2026-02-12T19:16:05.658+0000 7fe1d9c61640 20 snap_mapper [pg_id:1, match:1, mask_bits:2, last_key_checked:, pool:1, shard:-1, shard_prefix: , prefixes: {}] update_bits new_bits: 2
2026-02-12T19:16:05.658+0000 7fe1da462640 10 osd.0 6 _make_pg 1.0
2026-02-12T19:16:05.658+0000 7fe1d8c5f640 10 osd.0 6 _make_pg 1.3
2026-02-12T19:16:05.658+0000 7fe1da462640 10 snap_mapper [pg_id:0, match:0, mask_bits:2, last_key_checked:, pool:1, shard:-1, shard_prefix: , prefixes: {}] SnapMapper
2026-02-12T19:16:05.658+0000 7fe1d9460640 10 osd.0 6 _make_pg 1.2
2026-02-12T19:16:05.658+0000 7fe1d9c61640 20 snap_mapper [pg_id:1, match:1, mask_bits:2, last_key_checked:, pool:1, shard:-1, shard_prefix: , prefixes: {"0000000000000001.1", "0000000000000001.5", "0000000000000001.9", "0000000000000001.D"}] update_bits prefix updated
2026-02-12T19:16:05.658+0000 7fe1da462640 20 snap_mapper [pg_id:0, match:0, mask_bits:2, last_key_checked:, pool:1, shard:-1, shard_prefix: , prefixes: {}] update_bits new_bits: 2
2026-02-12T19:16:05.658+0000 7fe1d9c61640 10 snap_mapper [pg_id:1, match:1, mask_bits:2, last_key_checked:, pool:1, shard:-1, shard_prefix: , prefixes: {"0000000000000001.1", "0000000000000001.5", "0000000000000001.9", "0000000000000001.D"}] reset_prefix_itr::from <0> to ::update_bits
2026-02-12T19:16:05.658+0000 7fe1d8c5f640 10 snap_mapper [pg_id:3, match:3, mask_bits:2, last_key_checked:, pool:1, shard:-1, shard_prefix: , prefixes: {}] SnapMapper
2026-02-12T19:16:05.658+0000 7fe1d9460640 10 snap_mapper [pg_id:2, match:2, mask_bits:2, last_key_checked:, pool:1, shard:-1, shard_prefix: , prefixes: {}] SnapMapper
2026-02-12T19:16:05.658+0000 7fe1d8c5f640 20 snap_mapper [pg_id:3, match:3, mask_bits:2, last_key_checked:, pool:1, shard:-1, shard_prefix: , prefixes: {}] update_bits new_bits: 2
2026-02-12T19:16:05.658+0000 7fe1d9460640 20 snap_mapper [pg_id:2, match:2, mask_bits:2, last_key_checked:, pool:1, shard:-1, shard_prefix: , prefixes: {}] update_bits new_bits: 2
2026-02-12T19:16:05.658+0000 7fe1da462640 20 snap_mapper [pg_id:0, match:0, mask_bits:2, last_key_checked:, pool:1, shard:-1, shard_prefix: , prefixes: {"0000000000000001.0", "0000000000000001.4", "0000000000000001.8", "0000000000000001.C"}] update_bits prefix updated
2026-02-12T19:16:05.658+0000 7fe1da462640 10 snap_mapper [pg_id:0, match:0, mask_bits:2, last_key_checked:, pool:1, shard:-1, shard_prefix: , prefixes: {"0000000000000001.0", "0000000000000001.4", "0000000000000001.8", "0000000000000001.C"}] reset_prefix_itr::from <0> to ::update_bits
2026-02-12T19:16:05.658+0000 7fe1d8c5f640 20 snap_mapper [pg_id:3, match:3, mask_bits:2, last_key_checked:, pool:1, shard:-1, shard_prefix: , prefixes: {"0000000000000001.3", "0000000000000001.7", "0000000000000001.B", "0000000000000001.F"}] update_bits prefix updated
2026-02-12T19:16:05.658+0000 7fe1d9c61640 5 osd.0 pg_epoch: 6 pg[1.1(unlocked)] enter Initial
2026-02-12T19:16:05.658+0000 7fe1da462640 5 osd.0 pg_epoch: 6 pg[1.0(unlocked)] enter Initial
2026-02-12T19:16:05.658+0000 7fe1d9460640 20 snap_mapper [pg_id:2, match:2, mask_bits:2, last_key_checked:, pool:1, shard:-1, shard_prefix: , prefixes: {"0000000000000001.2", "0000000000000001.6", "0000000000000001.A", "0000000000000001.E"}] update_bits prefix updated
2026-02-12T19:16:05.658+0000 7fe1d8c5f640 10 snap_mapper [pg_id:3, match:3, mask_bits:2, last_key_checked:, pool:1, shard:-1, shard_prefix: , prefixes: {"0000000000000001.3", "0000000000000001.7", "0000000000000001.B", "0000000000000001.F"}] reset_prefix_itr::from <0> to ::update_bits
2026-02-12T19:16:05.658+0000 7fe1d9460640 10 snap_mapper [pg_id:2, match:2, mask_bits:2, last_key_checked:, pool:1, shard:-1, shard_prefix: , prefixes: {"0000000000000001.2", "0000000000000001.6", "0000000000000001.A", "0000000000000001.E"}] reset_prefix_itr::from <0> to ::update_bits
2026-02-12T19:16:05.658+0000 7fe1d9c61640 20 osd.0 pg_epoch: 6 pg[1.1(unlocked)] enter NotTrimming
2026-02-12T19:16:05.658+0000 7fe1da462640 20 osd.0 pg_epoch: 6 pg[1.0(unlocked)] enter NotTrimming
2026-02-12T19:16:05.658+0000 7fe1d8c5f640 5 osd.0 pg_epoch: 6 pg[1.3(unlocked)] enter Initial
2026-02-12T19:16:05.658+0000 7fe1d8c5f640 20 osd.0 pg_epoch: 6 pg[1.3(unlocked)] enter NotTrimming
2026-02-12T19:16:05.658+0000 7fe1d9460640 5 osd.0 pg_epoch: 6 pg[1.2(unlocked)] enter Initial
2026-02-12T19:16:05.658+0000 7fe1d9460640 20 osd.0 pg_epoch: 6 pg[1.2(unlocked)] enter NotTrimming
2026-02-12T19:16:05.658+0000 7fe1d9c61640 10 osd.0 pg_epoch: 6 pg[1.1(unlocked)] scrubber: FSM: -- state -->> NotActive
2026-02-12T19:16:05.658+0000 7fe1d9460640 10 osd.0 pg_epoch: 6 pg[1.2(unlocked)] scrubber: FSM: -- state -->> NotActive
2026-02-12T19:16:05.658+0000 7fe1da462640 10 osd.0 pg_epoch: 6 pg[1.0(unlocked)] scrubber: FSM: -- state -->> NotActive
2026-02-12T19:16:05.658+0000 7fe1d8c5f640 10 osd.0 pg_epoch: 6 pg[1.3(unlocked)] scrubber: FSM: -- state -->> NotActive
2026-02-12T19:16:05.658+0000 7fe1d9460640 10 osd.0 pg_epoch: 6 pg[1.2( DNE empty local-lis/les=0/0 n=0 ec=0/0 lis/c=0/0 les/c/f=0/0/0 sis=0) [] r=-1 lpr=0 crt=0'0 unknown mbc={}] PeeringState::init init role 0 up [0] acting [0] history ec=6/6 lis/c=0/0 les/c/f=0/0/0 sis=6 past_intervals ([0,0] all_participants={} intervals=[])
2026-02-12T19:16:05.658+0000 7fe1d9c61640 10 osd.0 pg_epoch: 6 pg[1.1( DNE empty local-lis/les=0/0 n=0 ec=0/0 lis/c=0/0 les/c/f=0/0/0 sis=0) [] r=-1 lpr=0 crt=0'0 unknown mbc={}] PeeringState::init init role 0 up [0] acting [0] history ec=6/6 lis/c=0/0 les/c/f=0/0/0 sis=6 past_intervals ([0,0] all_participants={} intervals=[])
2026-02-12T19:16:05.658+0000 7fe1da462640 10 osd.0 pg_epoch: 6 pg[1.0( DNE empty local-lis/les=0/0 n=0 ec=0/0 lis/c=0/0 les/c/f=0/0/0 sis=0) [] r=-1 lpr=0 crt=0'0 unknown mbc={}] PeeringState::init init role 0 up [0] acting [0] history ec=6/6 lis/c=0/0 les/c/f=0/0/0 sis=6 past_intervals ([0,0] all_participants={} intervals=[])
2026-02-12T19:16:05.658+0000 7fe1d9460640 20 osd.0 pg_epoch: 6 pg[1.2( empty local-lis/les=0/0 n=0 ec=6/6 lis/c=0/0 les/c/f=0/0/0 sis=6) [0] r=0 lpr=0 crt=0'0 mlcod 0'0 unknown mbc={}] PeeringState::on_new_interval
2026-02-12T19:16:05.658+0000 7fe1da462640 20 osd.0 pg_epoch: 6 pg[1.0( empty local-lis/les=0/0 n=0 ec=6/6 lis/c=0/0 les/c/f=0/0/0 sis=6) [0] r=0 lpr=0 crt=0'0 mlcod 0'0 unknown mbc={}] PeeringState::on_new_interval
2026-02-12T19:16:05.658+0000 7fe1da462640 20 osd.0 pg_epoch: 6 pg[1.0( empty local-lis/les=0/0 n=0 ec=6/6 lis/c=0/0 les/c/f=0/0/0 sis=6) [0] r=0 lpr=0 crt=0'0 mlcod 0'0 unknown mbc={}] PeeringState::on_new_interval upacting_features 0x3f0ffffffffdffff from [0]+[0]
2026-02-12T19:16:05.658+0000 7fe1d9c61640 20 osd.0 pg_epoch: 6 pg[1.1( empty local-lis/les=0/0 n=0 ec=6/6 lis/c=0/0 les/c/f=0/0/0 sis=6) [0] r=0 lpr=0 crt=0'0 mlcod 0'0 unknown mbc={}] PeeringState::on_new_interval
2026-02-12T19:16:05.658+0000 7fe1d9460640 20 osd.0 pg_epoch: 6 pg[1.2( empty local-lis/les=0/0 n=0 ec=6/6 lis/c=0/0 les/c/f=0/0/0 sis=6) [0] r=0 lpr=0 crt=0'0 mlcod 0'0 unknown mbc={}] PeeringState::on_new_interval upacting_features 0x3f0ffffffffdffff from [0]+[0]
2026-02-12T19:16:05.658+0000 7fe1d8c5f640 10 osd.0 pg_epoch: 6 pg[1.3( DNE empty local-lis/les=0/0 n=0 ec=0/0 lis/c=0/0 les/c/f=0/0/0 sis=0) [] r=-1 lpr=0 crt=0'0 unknown mbc={}] PeeringState::init init role 0 up [0] acting [0] history ec=6/6 lis/c=0/0 les/c/f=0/0/0 sis=6 past_intervals ([0,0] all_participants={} intervals=[])
2026-02-12T19:16:05.658+0000 7fe1d9460640 20 osd.0 pg_epoch: 6 pg[1.2( empty local-lis/les=0/0 n=0 ec=6/6 lis/c=0/0 les/c/f=0/0/0 sis=6) [0] r=0 lpr=0 crt=0'0 mlcod 0'0 unknown mbc={}] PeeringState::on_new_interval checking missing set deletes flag. missing = missing(0 may_include_deletes = 1)
2026-02-12T19:16:05.658+0000 7fe1d9c61640 20 osd.0 pg_epoch: 6 pg[1.1( empty local-lis/les=0/0 n=0 ec=6/6 lis/c=0/0 les/c/f=0/0/0 sis=6) [0] r=0 lpr=0 crt=0'0 mlcod 0'0 unknown mbc={}] PeeringState::on_new_interval upacting_features 0x3f0ffffffffdffff from [0]+[0]
2026-02-12T19:16:05.658+0000 7fe1da462640 20 osd.0 pg_epoch: 6 pg[1.0( empty local-lis/les=0/0 n=0 ec=6/6 lis/c=0/0 les/c/f=0/0/0 sis=6) [0] r=0 lpr=0 crt=0'0 mlcod 0'0 unknown mbc={}] PeeringState::on_new_interval checking missing set deletes flag. missing = missing(0 may_include_deletes = 1)
2026-02-12T19:16:05.658+0000 7fe1d9460640 10 osd.0 pg_epoch: 6 pg[1.2( empty local-lis/les=0/0 n=0 ec=6/6 lis/c=0/0 les/c/f=0/0/0 sis=6) [0] r=0 lpr=0 crt=0'0 mlcod 0'0 unknown mbc={}] PeeringState::init_hb_stamps now []
2026-02-12T19:16:05.658+0000 7fe1d9c61640 20 osd.0 pg_epoch: 6 pg[1.1( empty local-lis/les=0/0 n=0 ec=6/6 lis/c=0/0 les/c/f=0/0/0 sis=6) [0] r=0 lpr=0 crt=0'0 mlcod 0'0 unknown mbc={}] PeeringState::on_new_interval checking missing set deletes flag. missing = missing(0 may_include_deletes = 1)
2026-02-12T19:16:05.658+0000 7fe1da462640 10 osd.0 pg_epoch: 6 pg[1.0( empty local-lis/les=0/0 n=0 ec=6/6 lis/c=0/0 les/c/f=0/0/0 sis=6) [0] r=0 lpr=0 crt=0'0 mlcod 0'0 unknown mbc={}] PeeringState::init_hb_stamps now []
2026-02-12T19:16:05.658+0000 7fe1d9c61640 10 osd.0 pg_epoch: 6 pg[1.1( empty local-lis/les=0/0 n=0 ec=6/6 lis/c=0/0 les/c/f=0/0/0 sis=6) [0] r=0 lpr=0 crt=0'0 mlcod 0'0 unknown mbc={}] PeeringState::init_hb_stamps now []
2026-02-12T19:16:05.658+0000 7fe1d9460640 10 osd.0 pg_epoch: 6 pg[1.2( empty local-lis/les=0/0 n=0 ec=6/6 lis/c=0/0 les/c/f=0/0/0 sis=6) [0] r=0 lpr=0 crt=0'0 mlcod 0'0 unknown mbc={}] PeeringState::on_new_interval prior_readable_until_ub 0.000000000s (mnow 1.618468404s + 0.000000000s)
2026-02-12T19:16:05.658+0000 7fe1d9c61640 10 osd.0 pg_epoch: 6 pg[1.1( empty local-lis/les=0/0 n=0 ec=6/6 lis/c=0/0 les/c/f=0/0/0 sis=6) [0] r=0 lpr=0 crt=0'0 mlcod 0'0 unknown mbc={}] PeeringState::on_new_interval prior_readable_until_ub 0.000000000s (mnow 1.618472338s + 0.000000000s)
2026-02-12T19:16:05.658+0000 7fe1da462640 10 osd.0 pg_epoch: 6 pg[1.0( empty local-lis/les=0/0 n=0 ec=6/6 lis/c=0/0 les/c/f=0/0/0 sis=6) [0] r=0 lpr=0 crt=0'0 mlcod 0'0 unknown mbc={}] PeeringState::on_new_interval prior_readable_until_ub 0.000000000s (mnow 1.618469834s + 0.000000000s)
2026-02-12T19:16:05.658+0000 7fe1d8c5f640 20 osd.0 pg_epoch: 6 pg[1.3( empty local-lis/les=0/0 n=0 ec=6/6 lis/c=0/0 les/c/f=0/0/0 sis=6) [0] r=0 lpr=0 crt=0'0 mlcod 0'0 unknown mbc={}] PeeringState::on_new_interval
2026-02-12T19:16:05.658+0000 7fe1d9460640 10 osd.0 pg_epoch: 6 pg[1.2( empty local-lis/les=0/0 n=0 ec=6/6 lis/c=0/0 les/c/f=0/0/0 sis=6) [0] r=0 lpr=0 crt=0'0 mlcod 0'0 unknown mbc={}] cancel_recovery
2026-02-12T19:16:05.658+0000 7fe1d9c61640 10 osd.0 pg_epoch: 6 pg[1.1( empty local-lis/les=0/0 n=0 ec=6/6 lis/c=0/0 les/c/f=0/0/0 sis=6) [0] r=0 lpr=0 crt=0'0 mlcod 0'0 unknown mbc={}] cancel_recovery
2026-02-12T19:16:05.658+0000 7fe1da462640 10 osd.0 pg_epoch: 6 pg[1.0( empty local-lis/les=0/0 n=0 ec=6/6 lis/c=0/0 les/c/f=0/0/0 sis=6) [0] r=0 lpr=0 crt=0'0 mlcod 0'0 unknown mbc={}] cancel_recovery
2026-02-12T19:16:05.658+0000 7fe1d9460640 10 osd.0 pg_epoch: 6 pg[1.2( empty local-lis/les=0/0 n=0 ec=6/6 lis/c=0/0 les/c/f=0/0/0 sis=6) [0] r=0 lpr=0 crt=0'0 mlcod 0'0 unknown mbc={}] clear_recovery_state
2026-02-12T19:16:05.658+0000 7fe1da462640 10 osd.0 pg_epoch: 6 pg[1.0( empty local-lis/les=0/0 n=0 ec=6/6 lis/c=0/0 les/c/f=0/0/0 sis=6) [0] r=0 lpr=0 crt=0'0 mlcod 0'0 unknown mbc={}] clear_recovery_state
2026-02-12T19:16:05.658+0000 7fe1d8c5f640 20 osd.0 pg_epoch: 6 pg[1.3( empty local-lis/les=0/0 n=0 ec=6/6 lis/c=0/0 les/c/f=0/0/0 sis=6) [0] r=0 lpr=0 crt=0'0 mlcod 0'0 unknown mbc={}] PeeringState::on_new_interval upacting_features 0x3f0ffffffffdffff from [0]+[0]
2026-02-12T19:16:05.658+0000 7fe1d9c61640 10 osd.0 pg_epoch: 6 pg[1.1( empty local-lis/les=0/0 n=0 ec=6/6 lis/c=0/0 les/c/f=0/0/0 sis=6) [0] r=0 lpr=0 crt=0'0 mlcod 0'0 unknown mbc={}] clear_recovery_state
2026-02-12T19:16:05.658+0000 7fe1d8c5f640 20 osd.0 pg_epoch: 6 pg[1.3( empty local-lis/les=0/0 n=0 ec=6/6 lis/c=0/0 les/c/f=0/0/0 sis=6) [0] r=0 lpr=0 crt=0'0 mlcod 0'0 unknown mbc={}] PeeringState::on_new_interval checking missing set deletes flag. missing = missing(0 may_include_deletes = 1)
2026-02-12T19:16:05.658+0000 7fe1da462640 15 osd.0 pg_epoch: 6 pg[1.0( empty local-lis/les=0/0 n=0 ec=6/6 lis/c=0/0 les/c/f=0/0/0 sis=6) [0] r=0 lpr=0 crt=0'0 mlcod 0'0 unknown mbc={}] _clear_recovery_state
2026-02-12T19:16:05.658+0000 7fe1d8c5f640 10 osd.0 pg_epoch: 6 pg[1.3( empty local-lis/les=0/0 n=0 ec=6/6 lis/c=0/0 les/c/f=0/0/0 sis=6) [0] r=0 lpr=0 crt=0'0 mlcod 0'0 unknown mbc={}] PeeringState::init_hb_stamps now []
2026-02-12T19:16:05.658+0000 7fe1d9c61640 15 osd.0 pg_epoch: 6 pg[1.1( empty local-lis/les=0/0 n=0 ec=6/6 lis/c=0/0 les/c/f=0/0/0 sis=6) [0] r=0 lpr=0 crt=0'0 mlcod 0'0 unknown mbc={}] _clear_recovery_state
2026-02-12T19:16:05.658+0000 7fe1d9460640 15 osd.0 pg_epoch: 6 pg[1.2( empty local-lis/les=0/0 n=0 ec=6/6 lis/c=0/0 les/c/f=0/0/0 sis=6) [0] r=0 lpr=0 crt=0'0 mlcod 0'0 unknown mbc={}] _clear_recovery_state
2026-02-12T19:16:05.658+0000 7fe1da462640 10 osd.0 pg_epoch: 6 pg[1.0( empty local-lis/les=0/0 n=0 ec=6/6 lis/c=0/0 les/c/f=0/0/0 sis=6) [0] r=0 lpr=0 crt=0'0 mlcod 0'0 unknown mbc={}] scrubber: on_new_interval: current role:Primary active?false q/a:false
2026-02-12T19:16:05.658+0000 7fe1da462640 20 scrubberFSM event: --vvvv---- IntervalChanged
2026-02-12T19:16:05.658+0000 7fe1d9c61640 10 osd.0 pg_epoch: 6 pg[1.1( empty local-lis/les=0/0 n=0 ec=6/6 lis/c=0/0 les/c/f=0/0/0 sis=6) [0] r=0 lpr=0 crt=0'0 mlcod 0'0 unknown mbc={}] scrubber: on_new_interval: current role:Primary active?false q/a:false
2026-02-12T19:16:05.658+0000 7fe1d8c5f640 10 osd.0 pg_epoch: 6 pg[1.3( empty local-lis/les=0/0 n=0 ec=6/6 lis/c=0/0 les/c/f=0/0/0 sis=6) [0] r=0 lpr=0 crt=0'0 mlcod 0'0 unknown mbc={}] PeeringState::on_new_interval prior_readable_until_ub 0.000000000s (mnow 1.618487597s + 0.000000000s)
2026-02-12T19:16:05.658+0000 7fe1d9460640 10 osd.0 pg_epoch: 6 pg[1.2( empty local-lis/les=0/0 n=0 ec=6/6 lis/c=0/0 les/c/f=0/0/0 sis=6) [0] r=0 lpr=0 crt=0'0 mlcod 0'0 unknown mbc={}] scrubber: on_new_interval: current role:Primary active?false q/a:false
2026-02-12T19:16:05.658+0000 7fe1d8c5f640 10 osd.0 pg_epoch: 6 pg[1.3( empty local-lis/les=0/0 n=0 ec=6/6 lis/c=0/0 les/c/f=0/0/0 sis=6) [0] r=0 lpr=0 crt=0'0 mlcod 0'0 unknown mbc={}] cancel_recovery
2026-02-12T19:16:05.658+0000 7fe1d8c5f640 10 osd.0 pg_epoch: 6 pg[1.3( empty local-lis/les=0/0 n=0 ec=6/6 lis/c=0/0 les/c/f=0/0/0 sis=6) [0] r=0 lpr=0 crt=0'0 mlcod 0'0 unknown mbc={}] clear_recovery_state
2026-02-12T19:16:05.658+0000 7fe1d8c5f640 15 osd.0 pg_epoch: 6 pg[1.3( empty local-lis/les=0/0 n=0 ec=6/6 lis/c=0/0 les/c/f=0/0/0 sis=6) [0] r=0 lpr=0 crt=0'0 mlcod 0'0 unknown mbc={}] _clear_recovery_state
2026-02-12T19:16:05.658+0000 7fe1d8c5f640 10 osd.0 pg_epoch: 6 pg[1.3( empty local-lis/les=0/0 n=0 ec=6/6 lis/c=0/0 les/c/f=0/0/0 sis=6) [0] r=0 lpr=0 crt=0'0 mlcod 0'0 unknown mbc={}] scrubber: on_new_interval: current role:Primary active?false q/a:false
2026-02-12T19:16:05.658+0000 7fe1d9c61640 6 write_log_and_missing with: dirty_to: 0'0, dirty_from: 4294967295'18446744073709551615, writeout_from: 4294967295'18446744073709551615, trimmed: , trimmed_dups: , clear_divergent_priors: 0
