2026-02-12T19:16:05.762+0000 7fe1e3474640 10 osd.0 6 _committed_osd_maps 7..7
2026-02-12T19:16:05.762+0000 7fe1e3474640 10 osd.0 6 advance to epoch 7 (<= last 7 <= newest_map 7)
2026-02-12T19:16:05.762+0000 7fe1e3474640 20 osd.0 7 consume_map version 7
2026-02-12T19:16:05.762+0000 7fe1e3474640 20 osd.0 6 await_reserved_maps epoch:7
2026-02-12T19:16:05.762+0000 7fe1e3474640 20 osd.0 6 await_reserved_maps done 0
2026-02-12T19:16:05.762+0000 7fe1e3474640 20 osd.0 7 consume_map 7 -- publish done
2026-02-12T19:16:05.762+0000 7fe1e3474640 20 osd.0:0.identify_splits_and_merges identify_splits_and_merges 1 slots
2026-02-12T19:16:05.762+0000 7fe1e3474640 20 osd.0:0.identify_splits_and_merges identify_splits_and_merges slot pgid:1.0slot:0x55a21ce16420
2026-02-12T19:16:05.762+0000 7fe1e3474640 20 osd.0 7 identify_splits_and_merges 1.0 e6 to e7
2026-02-12T19:16:05.762+0000 7fe1e3474640 20 osd.0 7 identify_splits_and_merges 1.0 e6 to e7 pg_nums {6=4}
2026-02-12T19:16:05.762+0000 7fe1e3474640 20 osd.0:0.identify_splits_and_merges identify_splits_and_merges 0 splits, 0 merges
2026-02-12T19:16:05.762+0000 7fe1e3474640 20 osd.0:1.identify_splits_and_merges identify_splits_and_merges 1 slots
2026-02-12T19:16:05.762+0000 7fe1e3474640 20 osd.0:1.identify_splits_and_merges identify_splits_and_merges slot pgid:1.1slot:0x55a21ce16000
2026-02-12T19:16:05.762+0000 7fe1e3474640 20 osd.0 7 identify_splits_and_merges 1.1 e6 to e7
2026-02-12T19:16:05.762+0000 7fe1e3474640 20 osd.0 7 identify_splits_and_merges 1.1 e6 to e7 pg_nums {6=4}
2026-02-12T19:16:05.762+0000 7fe1e3474640 20 osd.0:1.identify_splits_and_merges identify_splits_and_merges 0 splits, 0 merges
2026-02-12T19:16:05.762+0000 7fe1e3474640 20 osd.0:2.identify_splits_and_merges identify_splits_and_merges 1 slots
2026-02-12T19:16:05.762+0000 7fe1e3474640 20 osd.0:2.identify_splits_and_merges identify_splits_and_merges slot pgid:1.2slot:0x55a21ce17600
2026-02-12T19:16:05.762+0000 7fe1e3474640 20 osd.0 7 identify_splits_and_merges 1.2 e6 to e7
2026-02-12T19:16:05.762+0000 7fe1e3474640 20 osd.0 7 identify_splits_and_merges 1.2 e6 to e7 pg_nums {6=4}
2026-02-12T19:16:05.762+0000 7fe1e3474640 20 osd.0:2.identify_splits_and_merges identify_splits_and_merges 0 splits, 0 merges
2026-02-12T19:16:05.762+0000 7fe1e3474640 20 osd.0:3.identify_splits_and_merges identify_splits_and_merges 1 slots
2026-02-12T19:16:05.762+0000 7fe1e3474640 20 osd.0:3.identify_splits_and_merges identify_splits_and_merges slot pgid:1.3slot:0x55a21ce17340
2026-02-12T19:16:05.762+0000 7fe1e3474640 20 osd.0 7 identify_splits_and_merges 1.3 e6 to e7
2026-02-12T19:16:05.762+0000 7fe1e3474640 20 osd.0 7 identify_splits_and_merges 1.3 e6 to e7 pg_nums {6=4}
2026-02-12T19:16:05.762+0000 7fe1e3474640 20 osd.0:3.identify_splits_and_merges identify_splits_and_merges 0 splits, 0 merges
2026-02-12T19:16:05.762+0000 7fe1e3474640 20 osd.0:4.identify_splits_and_merges identify_splits_and_merges 0 slots
2026-02-12T19:16:05.762+0000 7fe1e3474640 20 osd.0:4.identify_splits_and_merges identify_splits_and_merges 0 splits, 0 merges
2026-02-12T19:16:05.762+0000 7fe1e3474640 20 osd.0:5.identify_splits_and_merges identify_splits_and_merges 0 slots
2026-02-12T19:16:05.762+0000 7fe1e3474640 20 osd.0:5.identify_splits_and_merges identify_splits_and_merges 0 splits, 0 merges
2026-02-12T19:16:05.762+0000 7fe1e3474640 20 osd.0:6.identify_splits_and_merges identify_splits_and_merges 0 slots
2026-02-12T19:16:05.762+0000 7fe1e3474640 20 osd.0:6.identify_splits_and_merges identify_splits_and_merges 0 splits, 0 merges
2026-02-12T19:16:05.762+0000 7fe1e3474640 20 osd.0:7.identify_splits_and_merges identify_splits_and_merges 0 slots
2026-02-12T19:16:05.762+0000 7fe1e3474640 20 osd.0:7.identify_splits_and_merges identify_splits_and_merges 0 splits, 0 merges
2026-02-12T19:16:05.762+0000 7fe1e3474640 20 osd.0 7 prune_pg_created
2026-02-12T19:16:05.762+0000 7fe1e3474640 10 osd.0:0.consume_map 7 (was 6)
2026-02-12T19:16:05.762+0000 7fe1e3474640 20 osd.0:0.consume_map consume_map 1.0
2026-02-12T19:16:05.762+0000 7fe1e3474640 10 osd.0:1.consume_map 7 (was 6)
2026-02-12T19:16:05.762+0000 7fe1e3474640 20 osd.0:1.consume_map consume_map 1.1
2026-02-12T19:16:05.762+0000 7fe1e3474640 10 osd.0:2.consume_map 7 (was 6)
2026-02-12T19:16:05.762+0000 7fe1e3474640 20 osd.0:2.consume_map consume_map 1.2
2026-02-12T19:16:05.762+0000 7fe1e3474640 10 osd.0:3.consume_map 7 (was 6)
2026-02-12T19:16:05.762+0000 7fe1e3474640 20 osd.0:3.consume_map consume_map 1.3
2026-02-12T19:16:05.762+0000 7fe1e3474640 10 osd.0:4.consume_map 7 (was 6)
2026-02-12T19:16:05.762+0000 7fe1e3474640 10 osd.0:5.consume_map 7 (was 6)
2026-02-12T19:16:05.762+0000 7fe1e3474640 10 osd.0:6.consume_map 7 (was 6)
2026-02-12T19:16:05.762+0000 7fe1e3474640 10 osd.0:7.consume_map 7 (was 6)
2026-02-12T19:16:05.762+0000 7fe1e3474640 10 osd.0 7 release_reserved_pushes(0), recovery_ops_reserved 0 -> 0
2026-02-12T19:16:05.762+0000 7fe1e3474640 15 osd.0 7 enqueue_peering_evt 1.0 epoch_sent: 7 epoch_requested: 7 NullEvt
2026-02-12T19:16:05.762+0000 7fe1e3474640 20 osd.0 op_wq(0) _enqueue OpSchedulerItem(1.0 PGPeeringEvent(epoch_sent: 7 epoch_requested: 7 NullEvt) class_id 2 prio 255 cost 10 e7)
2026-02-12T19:16:05.762+0000 7fe1e3474640 15 osd.0 7 enqueue_peering_evt 1.1 epoch_sent: 7 epoch_requested: 7 NullEvt
2026-02-12T19:16:05.762+0000 7fe1e3474640 20 osd.0 op_wq(1) _enqueue OpSchedulerItem(1.1 PGPeeringEvent(epoch_sent: 7 epoch_requested: 7 NullEvt) class_id 2 prio 255 cost 10 e7)
2026-02-12T19:16:05.762+0000 7fe1e3474640 15 osd.0 7 enqueue_peering_evt 1.2 epoch_sent: 7 epoch_requested: 7 NullEvt
2026-02-12T19:16:05.762+0000 7fe1e3474640 20 osd.0 op_wq(2) _enqueue OpSchedulerItem(1.2 PGPeeringEvent(epoch_sent: 7 epoch_requested: 7 NullEvt) class_id 2 prio 255 cost 10 e7)
2026-02-12T19:16:05.762+0000 7fe1e3474640 15 osd.0 7 enqueue_peering_evt 1.3 epoch_sent: 7 epoch_requested: 7 NullEvt
2026-02-12T19:16:05.762+0000 7fe1d645a640 20 osd.0 op_wq(0) _process 1.0 to_process <> waiting <> waiting_peering {}
2026-02-12T19:16:05.762+0000 7fe1e3474640 20 osd.0 op_wq(3) _enqueue OpSchedulerItem(1.3 PGPeeringEvent(epoch_sent: 7 epoch_requested: 7 NullEvt) class_id 2 prio 255 cost 10 e7)
2026-02-12T19:16:05.762+0000 7fe1d645a640 20 osd.0 op_wq(0) _process OpSchedulerItem(1.0 PGPeeringEvent(epoch_sent: 7 epoch_requested: 7 NullEvt) class_id 2immediate prio 255 cost 10 e7) queued
2026-02-12T19:16:05.762+0000 7fe1d5c59640 20 osd.0 op_wq(1) _process 1.1 to_process <> waiting <> waiting_peering {}
2026-02-12T19:16:05.762+0000 7fe1d645a640 20 osd.0 op_wq(0) _process 1.0 to_process waiting <> waiting_peering {}
2026-02-12T19:16:05.762+0000 7fe1d5c59640 20 osd.0 op_wq(1) _process OpSchedulerItem(1.1 PGPeeringEvent(epoch_sent: 7 epoch_requested: 7 NullEvt) class_id 2immediate prio 255 cost 10 e7) queued
2026-02-12T19:16:05.762+0000 7fe1e3474640 10 osd.0 7 maybe_update_heartbeat_peers updating
2026-02-12T19:16:05.762+0000 7fe1d645a640 20 osd.0 op_wq(0) _process OpSchedulerItem(1.0 PGPeeringEvent(epoch_sent: 7 epoch_requested: 7 NullEvt) class_id 2immediate prio 255 cost 10 e7) pg 0x55a21ee71000
2026-02-12T19:16:05.762+0000 7fe1d5458640 20 osd.0 op_wq(2) _process 1.2 to_process <> waiting <> waiting_peering {}
2026-02-12T19:16:05.762+0000 7fe1d5458640 20 osd.0 op_wq(2) _process OpSchedulerItem(1.2 PGPeeringEvent(epoch_sent: 7 epoch_requested: 7 NullEvt) class_id 2immediate prio 255 cost 10 e7) queued
2026-02-12T19:16:05.762+0000 7fe1d5c59640 20 osd.0 op_wq(1) _process 1.1 to_process waiting <> waiting_peering {}
2026-02-12T19:16:05.762+0000 7fe1da462640 20 osd.0 op_wq(0) _process empty q, waiting
2026-02-12T19:16:05.762+0000 7fe1d5c59640 20 osd.0 op_wq(1) _process OpSchedulerItem(1.1 PGPeeringEvent(epoch_sent: 7 epoch_requested: 7 NullEvt) class_id 2immediate prio 255 cost 10 e7) pg 0x55a21ee6e000
2026-02-12T19:16:05.762+0000 7fe1d5458640 20 osd.0 op_wq(2) _process 1.2 to_process waiting <> waiting_peering {}
2026-02-12T19:16:05.762+0000 7fe1d5458640 20 osd.0 op_wq(2) _process OpSchedulerItem(1.2 PGPeeringEvent(epoch_sent: 7 epoch_requested: 7 NullEvt) class_id 2immediate prio 255 cost 10 e7) pg 0x55a21de30000
2026-02-12T19:16:05.762+0000 7fe1d4c57640 20 osd.0 op_wq(3) _process 1.3 to_process <> waiting <> waiting_peering {}
2026-02-12T19:16:05.762+0000 7fe1d4c57640 20 osd.0 op_wq(3) _process OpSchedulerItem(1.3 PGPeeringEvent(epoch_sent: 7 epoch_requested: 7 NullEvt) class_id 2immediate prio 255 cost 10 e7) queued
2026-02-12T19:16:05.762+0000 7fe1d9c61640 20 osd.0 op_wq(1) _process empty q, waiting
2026-02-12T19:16:05.762+0000 7fe1d9460640 20 osd.0 op_wq(2) _process empty q, waiting
2026-02-12T19:16:05.762+0000 7fe1d4c57640 20 osd.0 op_wq(3) _process 1.3 to_process waiting <> waiting_peering {}
2026-02-12T19:16:05.762+0000 7fe1d4c57640 20 osd.0 op_wq(3) _process OpSchedulerItem(1.3 PGPeeringEvent(epoch_sent: 7 epoch_requested: 7 NullEvt) class_id 2immediate prio 255 cost 10 e7) pg 0x55a21e15a000
2026-02-12T19:16:05.762+0000 7fe1d8c5f640 20 osd.0 op_wq(3) _process empty q, waiting
2026-02-12T19:16:05.762+0000 7fe1d4c57640 10 osd.0 pg_epoch: 6 pg[1.3( empty local-lis/les=0/0 n=0 ec=6/6 lis/c=0/0 les/c/f=0/0/0 sis=6) [0] r=0 lpr=6 crt=0'0 mlcod 0'0 creating+peering mbc={}] handle_advance_map: 7
2026-02-12T19:16:05.762+0000 7fe1d645a640 10 osd.0 pg_epoch: 6 pg[1.0( empty local-lis/les=0/0 n=0 ec=6/6 lis/c=0/0 les/c/f=0/0/0 sis=6) [0] r=0 lpr=6 crt=0'0 mlcod 0'0 creating+peering mbc={}] handle_advance_map: 7
2026-02-12T19:16:05.762+0000 7fe1d4c57640 20 osd.0:3.update_pg_epoch 1.3 6 -> 7
2026-02-12T19:16:05.762+0000 7fe1d645a640 20 osd.0:0.update_pg_epoch 1.0 6 -> 7
2026-02-12T19:16:05.762+0000 7fe1d4c57640 10 osd.0 pg_epoch: 6 pg[1.3( empty local-lis/les=0/0 n=0 ec=6/6 lis/c=0/0 les/c/f=0/0/0 sis=6) [0] r=0 lpr=6 crt=0'0 mlcod 0'0 creating+peering mbc={}] PeeringState::advance_map handle_advance_map [0]/[0] -- 0/0
2026-02-12T19:16:05.762+0000 7fe1d645a640 10 osd.0 pg_epoch: 6 pg[1.0( empty local-lis/les=0/0 n=0 ec=6/6 lis/c=0/0 les/c/f=0/0/0 sis=6) [0] r=0 lpr=6 crt=0'0 mlcod 0'0 creating+peering mbc={}] PeeringState::advance_map handle_advance_map [0]/[0] -- 0/0
2026-02-12T19:16:05.762+0000 7fe1d4c57640 10 osd.0 pg_epoch: 7 pg[1.3( empty local-lis/les=0/0 n=0 ec=6/6 lis/c=0/0 les/c/f=0/0/0 sis=6) [0] r=0 lpr=6 crt=0'0 mlcod 0'0 creating+peering mbc={}] state: Peering advmap
2026-02-12T19:16:05.762+0000 7fe1d4c57640 10 osd.0 pg_epoch: 7 pg[1.3( empty local-lis/les=0/0 n=0 ec=6/6 lis/c=0/0 les/c/f=0/0/0 sis=6) [0] r=0 lpr=6 crt=0'0 mlcod 0'0 creating+peering mbc={}] PeeringState::adjust_need_up_thru adjust_need_up_thru now 6, need_up_thru now false
2026-02-12T19:16:05.762+0000 7fe1d645a640 10 osd.0 pg_epoch: 7 pg[1.0( empty local-lis/les=0/0 n=0 ec=6/6 lis/c=0/0 les/c/f=0/0/0 sis=6) [0] r=0 lpr=6 crt=0'0 mlcod 0'0 creating+peering mbc={}] state: Peering advmap
2026-02-12T19:16:05.762+0000 7fe1d4c57640 10 osd.0 pg_epoch: 7 pg[1.3( empty local-lis/les=0/0 n=0 ec=6/6 lis/c=0/0 les/c/f=0/0/0 sis=6) [0] r=0 lpr=6 crt=0'0 mlcod 0'0 creating+peering mbc={}] state: Started advmap
2026-02-12T19:16:05.762+0000 7fe1d645a640 10 osd.0 pg_epoch: 7 pg[1.0( empty local-lis/les=0/0 n=0 ec=6/6 lis/c=0/0 les/c/f=0/0/0 sis=6) [0] r=0 lpr=6 crt=0'0 mlcod 0'0 creating+peering mbc={}] PeeringState::adjust_need_up_thru adjust_need_up_thru now 6, need_up_thru now false
2026-02-12T19:16:05.762+0000 7fe1d5458640 10 osd.0 pg_epoch: 6 pg[1.2( empty local-lis/les=0/0 n=0 ec=6/6 lis/c=0/0 les/c/f=0/0/0 sis=6) [0] r=0 lpr=6 crt=0'0 mlcod 0'0 creating+peering mbc={}] handle_advance_map: 7
2026-02-12T19:16:05.762+0000 7fe1e3474640 10 osd.0 7 maybe_update_heartbeat_peers 0 peers, extras
2026-02-12T19:16:05.762+0000 7fe1d4c57640 10 osd.0 pg_epoch: 7 pg[1.3( empty local-lis/les=0/0 n=0 ec=6/6 lis/c=0/0 les/c/f=0/0/0 sis=6) [0] r=0 lpr=6 crt=0'0 mlcod 0'0 creating+peering mbc={}] check_recovery_sources no source osds () went down
2026-02-12T19:16:05.762+0000 7fe1d5458640 20 osd.0:2.update_pg_epoch 1.2 6 -> 7
2026-02-12T19:16:05.762+0000 7fe1e3474640 7 osd.0 7 activate_map version 7
2026-02-12T19:16:05.762+0000 7fe1d645a640 10 osd.0 pg_epoch: 7 pg[1.0( empty local-lis/les=0/0 n=0 ec=6/6 lis/c=0/0 les/c/f=0/0/0 sis=6) [0] r=0 lpr=6 crt=0'0 mlcod 0'0 creating+peering mbc={}] state: Started advmap
2026-02-12T19:16:05.762+0000 7fe1d5458640 10 osd.0 pg_epoch: 6 pg[1.2( empty local-lis/les=0/0 n=0 ec=6/6 lis/c=0/0 les/c/f=0/0/0 sis=6) [0] r=0 lpr=6 crt=0'0 mlcod 0'0 creating+peering mbc={}] PeeringState::advance_map handle_advance_map [0]/[0] -- 0/0
2026-02-12T19:16:05.762+0000 7fe1d645a640 10 osd.0 pg_epoch: 7 pg[1.0( empty local-lis/les=0/0 n=0 ec=6/6 lis/c=0/0 les/c/f=0/0/0 sis=6) [0] r=0 lpr=6 crt=0'0 mlcod 0'0 creating+peering mbc={}] check_recovery_sources no source osds () went down
2026-02-12T19:16:05.762+0000 7fe1d4c57640 20 osd.0 7 advance_pg new pool opts old pool opts
2026-02-12T19:16:05.762+0000 7fe1d5c59640 10 osd.0 pg_epoch: 6 pg[1.1( empty local-lis/les=0/0 n=0 ec=6/6 lis/c=0/0 les/c/f=0/0/0 sis=6) [0] r=0 lpr=6 crt=0'0 mlcod 0'0 creating+peering mbc={}] handle_advance_map: 7
2026-02-12T19:16:05.762+0000 7fe1d5458640 10 osd.0 pg_epoch: 7 pg[1.2( empty local-lis/les=0/0 n=0 ec=6/6 lis/c=0/0 les/c/f=0/0/0 sis=6) [0] r=0 lpr=6 crt=0'0 mlcod 0'0 creating+peering mbc={}] state: Peering advmap
2026-02-12T19:16:05.762+0000 7fe1d5c59640 20 osd.0:1.update_pg_epoch 1.1 6 -> 7
2026-02-12T19:16:05.762+0000 7fe1dac63640 20 osd.0 7 agent_entry empty queue
2026-02-12T19:16:05.762+0000 7fe1d5458640 10 osd.0 pg_epoch: 7 pg[1.2( empty local-lis/les=0/0 n=0 ec=6/6 lis/c=0/0 les/c/f=0/0/0 sis=6) [0] r=0 lpr=6 crt=0'0 mlcod 0'0 creating+peering mbc={}] PeeringState::adjust_need_up_thru adjust_need_up_thru now 6, need_up_thru now false
2026-02-12T19:16:05.762+0000 7fe1d4c57640 10 osd.0 pg_epoch: 7 pg[1.3( empty local-lis/les=0/0 n=0 ec=6/6 lis/c=0/0 les/c/f=0/0/0 sis=6) [0] r=0 lpr=6 crt=0'0 mlcod 0'0 creating+peering mbc={}] handle_activate_map: epoch range: 7..7
2026-02-12T19:16:05.762+0000 7fe1d5c59640 10 osd.0 pg_epoch: 6 pg[1.1( empty local-lis/les=0/0 n=0 ec=6/6 lis/c=0/0 les/c/f=0/0/0 sis=6) [0] r=0 lpr=6 crt=0'0 mlcod 0'0 creating+peering mbc={}] PeeringState::advance_map handle_advance_map [0]/[0] -- 0/0
2026-02-12T19:16:05.762+0000 7fe1d645a640 20 osd.0 7 advance_pg new pool opts old pool opts
2026-02-12T19:16:05.762+0000 7fe1d5458640 10 osd.0 pg_epoch: 7 pg[1.2( empty local-lis/les=0/0 n=0 ec=6/6 lis/c=0/0 les/c/f=0/0/0 sis=6) [0] r=0 lpr=6 crt=0'0 mlcod 0'0 creating+peering mbc={}] state: Started advmap
2026-02-12T19:16:05.762+0000 7fe1d4c57640 10 osd.0 pg_epoch: 7 pg[1.3( empty local-lis/les=0/0 n=0 ec=6/6 lis/c=0/0 les/c/f=0/0/0 sis=6) [0] r=0 lpr=6 crt=0'0 mlcod 0'0 creating+peering mbc={}] PeeringState::activate_map
2026-02-12T19:16:05.762+0000 7fe1d5458640 10 osd.0 pg_epoch: 7 pg[1.2( empty local-lis/les=0/0 n=0 ec=6/6 lis/c=0/0 les/c/f=0/0/0 sis=6) [0] r=0 lpr=6 crt=0'0 mlcod 0'0 creating+peering mbc={}] check_recovery_sources no source osds () went down
2026-02-12T19:16:05.762+0000 7fe1d5c59640 10 osd.0 pg_epoch: 7 pg[1.1( empty local-lis/les=0/0 n=0 ec=6/6 lis/c=0/0 les/c/f=0/0/0 sis=6) [0] r=0 lpr=6 crt=0'0 mlcod 0'0 creating+peering mbc={}] state: Peering advmap
2026-02-12T19:16:05.762+0000 7fe1d645a640 10 osd.0 pg_epoch: 7 pg[1.0( empty local-lis/les=0/0 n=0 ec=6/6 lis/c=0/0 les/c/f=0/0/0 sis=6) [0] r=0 lpr=6 crt=0'0 mlcod 0'0 creating+peering mbc={}] handle_activate_map: epoch range: 7..7
2026-02-12T19:16:05.762+0000 7fe1d4c57640 7 osd.0 pg_epoch: 7 pg[1.3( empty local-lis/les=0/0 n=0 ec=6/6 lis/c=0/0 les/c/f=0/0/0 sis=6) [0] r=0 lpr=6 crt=0'0 mlcod 0'0 creating+peering mbc={}] state: handle ActMap primary
2026-02-12T19:16:05.762+0000 7fe1d645a640 10 osd.0 pg_epoch: 7 pg[1.0( empty local-lis/les=0/0 n=0 ec=6/6 lis/c=0/0 les/c/f=0/0/0 sis=6) [0] r=0 lpr=6 crt=0'0 mlcod 0'0 creating+peering mbc={}] PeeringState::activate_map
2026-02-12T19:16:05.762+0000 7fe1d5458640 20 osd.0 7 advance_pg new pool opts old pool opts
2026-02-12T19:16:05.762+0000 7fe1d5c59640 10 osd.0 pg_epoch: 7 pg[1.1( empty local-lis/les=0/0 n=0 ec=6/6 lis/c=0/0 les/c/f=0/0/0 sis=6) [0] r=0 lpr=6 crt=0'0 mlcod 0'0 creating+peering mbc={}] PeeringState::adjust_need_up_thru adjust_need_up_thru now 6, need_up_thru now false
2026-02-12T19:16:05.762+0000 7fe1d4c57640 20 osd.0 pg_epoch: 7 pg[1.3( empty local-lis/les=0/0 n=0 ec=6/6 lis/c=0/0 les/c/f=0/0/0 sis=6) [0] r=0 lpr=6 crt=0'0 mlcod 0'0 creating+peering mbc={}] PeeringState::prepare_stats_for_publish reporting purged_snaps []
2026-02-12T19:16:05.762+0000 7fe1d4c57640 15 osd.0 pg_epoch: 7 pg[1.3( empty local-lis/les=0/0 n=0 ec=6/6 lis/c=0/0 les/c/f=0/0/0 sis=6) [0] r=0 lpr=6 crt=0'0 mlcod 0'0 creating+peering mbc={}] PeeringState::prepare_stats_for_publish publish_stats_to_osd 6:1
2026-02-12T19:16:05.762+0000 7fe1d5c59640 10 osd.0 pg_epoch: 7 pg[1.1( empty local-lis/les=0/0 n=0 ec=6/6 lis/c=0/0 les/c/f=0/0/0 sis=6) [0] r=0 lpr=6 crt=0'0 mlcod 0'0 creating+peering mbc={}] state: Started advmap
2026-02-12T19:16:05.762+0000 7fe1d5458640 10 osd.0 pg_epoch: 7 pg[1.2( empty local-lis/les=0/0 n=0 ec=6/6 lis/c=0/0 les/c/f=0/0/0 sis=6) [0] r=0 lpr=6 crt=0'0 mlcod 0'0 creating+peering mbc={}] handle_activate_map: epoch range: 7..7
2026-02-12T19:16:05.762+0000 7fe1d645a640 7 osd.0 pg_epoch: 7 pg[1.0( empty local-lis/les=0/0 n=0 ec=6/6 lis/c=0/0 les/c/f=0/0/0 sis=6) [0] r=0 lpr=6 crt=0'0 mlcod 0'0 creating+peering mbc={}] state: handle ActMap primary
2026-02-12T19:16:05.762+0000 7fe1d5458640 10 osd.0 pg_epoch: 7 pg[1.2( empty local-lis/les=0/0 n=0 ec=6/6 lis/c=0/0 les/c/f=0/0/0 sis=6) [0] r=0 lpr=6 crt=0'0 mlcod 0'0 creating+peering mbc={}] PeeringState::activate_map
2026-02-12T19:16:05.762+0000 7fe1d5c59640 10 osd.0 pg_epoch: 7 pg[1.1( empty local-lis/les=0/0 n=0 ec=6/6 lis/c=0/0 les/c/f=0/0/0 sis=6) [0] r=0 lpr=6 crt=0'0 mlcod 0'0 creating+peering mbc={}] check_recovery_sources no source osds () went down
2026-02-12T19:16:05.762+0000 7fe1d4c57640 5 osd.0 pg_epoch: 7 pg[1.3( empty local-lis/les=0/0 n=0 ec=6/6 lis/c=0/0 les/c/f=0/0/0 sis=6) [0] r=0 lpr=6 crt=0'0 mlcod 0'0 creating+peering mbc={}] exit Started/Primary/Peering/WaitUpThru 0.101181 3 0.000129
2026-02-12T19:16:05.762+0000 7fe1d645a640 20 osd.0 pg_epoch: 7 pg[1.0( empty local-lis/les=0/0 n=0 ec=6/6 lis/c=0/0 les/c/f=0/0/0 sis=6) [0] r=0 lpr=6 crt=0'0 mlcod 0'0 creating+peering mbc={}] PeeringState::prepare_stats_for_publish reporting purged_snaps []
2026-02-12T19:16:05.762+0000 7fe1d5c59640 20 osd.0 7 advance_pg new pool opts old pool opts
2026-02-12T19:16:05.762+0000 7fe1d5458640 7 osd.0 pg_epoch: 7 pg[1.2( empty local-lis/les=0/0 n=0 ec=6/6 lis/c=0/0 les/c/f=0/0/0 sis=6) [0] r=0 lpr=6 crt=0'0 mlcod 0'0 creating+peering mbc={}] state: handle ActMap primary
2026-02-12T19:16:05.762+0000 7fe1d4c57640 10 osd.0 pg_epoch: 7 pg[1.3( empty local-lis/les=0/0 n=0 ec=6/6 lis/c=0/0 les/c/f=0/0/0 sis=6) [0] r=0 lpr=6 crt=0'0 mlcod 0'0 creating+peering mbc={}] state: Leaving Peering
2026-02-12T19:16:05.762+0000 7fe1d645a640 15 osd.0 pg_epoch: 7 pg[1.0( empty local-lis/les=0/0 n=0 ec=6/6 lis/c=0/0 les/c/f=0/0/0 sis=6) [0] r=0 lpr=6 crt=0'0 mlcod 0'0 creating+peering mbc={}] PeeringState::prepare_stats_for_publish publish_stats_to_osd 6:1
2026-02-12T19:16:05.762+0000 7fe1d4c57640 5 osd.0 pg_epoch: 7 pg[1.3( empty local-lis/les=0/0 n=0 ec=6/6 lis/c=0/0 les/c/f=0/0/0 sis=6) [0] r=0 lpr=6 crt=0'0 mlcod 0'0 creating+peering mbc={}] exit Started/Primary/Peering 0.101277 0 0.000000
2026-02-12T19:16:05.762+0000 7fe1d5c59640 10 osd.0 pg_epoch: 7 pg[1.1( empty local-lis/les=0/0 n=0 ec=6/6 lis/c=0/0 les/c/f=0/0/0 sis=6) [0] r=0 lpr=6 crt=0'0 mlcod 0'0 creating+peering mbc={}] handle_activate_map: epoch range: 7..7
2026-02-12T19:16:05.762+0000 7fe1d5458640 20 osd.0 pg_epoch: 7 pg[1.2( empty local-lis/les=0/0 n=0 ec=6/6 lis/c=0/0 les/c/f=0/0/0 sis=6) [0] r=0 lpr=6 crt=0'0 mlcod 0'0 creating+peering mbc={}] PeeringState::prepare_stats_for_publish reporting purged_snaps []
2026-02-12T19:16:05.762+0000 7fe1d645a640 5 osd.0 pg_epoch: 7 pg[1.0( empty local-lis/les=0/0 n=0 ec=6/6 lis/c=0/0 les/c/f=0/0/0 sis=6) [0] r=0 lpr=6 crt=0'0 mlcod 0'0 creating+peering mbc={}] exit Started/Primary/Peering/WaitUpThru 0.101200 3 0.000144
2026-02-12T19:16:05.762+0000 7fe1d5c59640 10 osd.0 pg_epoch: 7 pg[1.1( empty local-lis/les=0/0 n=0 ec=6/6 lis/c=0/0 les/c/f=0/0/0 sis=6) [0] r=0 lpr=6 crt=0'0 mlcod 0'0 creating+peering mbc={}] PeeringState::activate_map
2026-02-12T19:16:05.762+0000 7fe1d4c57640 5 osd.0 pg_epoch: 7 pg[1.3( empty local-lis/les=0/0 n=0 ec=6/6 lis/c=0/0 les/c/f=0/0/0 sis=6) [0] r=0 lpr=6 crt=0'0 mlcod 0'0 creating mbc={}] enter Started/Primary/Active
2026-02-12T19:16:05.762+0000 7fe1d4c57640 10 osd.0 pg_epoch: 7 pg[1.3( empty local-lis/les=0/0 n=0 ec=6/6 lis/c=0/0 les/c/f=0/0/0 sis=6) [0] r=0 lpr=6 crt=0'0 mlcod 0'0 creating mbc={}] state: In Active, about to call activate
2026-02-12T19:16:05.762+0000 7fe1d5c59640 7 osd.0 pg_epoch: 7 pg[1.1( empty local-lis/les=0/0 n=0 ec=6/6 lis/c=0/0 les/c/f=0/0/0 sis=6) [0] r=0 lpr=6 crt=0'0 mlcod 0'0 creating+peering mbc={}] state: handle ActMap primary
2026-02-12T19:16:05.762+0000 7fe1d5458640 15 osd.0 pg_epoch: 7 pg[1.2( empty local-lis/les=0/0 n=0 ec=6/6 lis/c=0/0 les/c/f=0/0/0 sis=6) [0] r=0 lpr=6 crt=0'0 mlcod 0'0 creating+peering mbc={}] PeeringState::prepare_stats_for_publish publish_stats_to_osd 6:1
2026-02-12T19:16:05.762+0000 7fe1d645a640 10 osd.0 pg_epoch: 7 pg[1.0( empty local-lis/les=0/0 n=0 ec=6/6 lis/c=0/0 les/c/f=0/0/0 sis=6) [0] r=0 lpr=6 crt=0'0 mlcod 0'0 creating+peering mbc={}] state: Leaving Peering
2026-02-12T19:16:05.762+0000 7fe1d5c59640 20 osd.0 pg_epoch: 7 pg[1.1( empty local-lis/les=0/0 n=0 ec=6/6 lis/c=0/0 les/c/f=0/0/0 sis=6) [0] r=0 lpr=6 crt=0'0 mlcod 0'0 creating+peering mbc={}] PeeringState::prepare_stats_for_publish reporting purged_snaps []
2026-02-12T19:16:05.762+0000 7fe1d645a640 5 osd.0 pg_epoch: 7 pg[1.0( empty local-lis/les=0/0 n=0 ec=6/6 lis/c=0/0 les/c/f=0/0/0 sis=6) [0] r=0 lpr=6 crt=0'0 mlcod 0'0 creating+peering mbc={}] exit Started/Primary/Peering 0.101312 0 0.000000
2026-02-12T19:16:05.762+0000 7fe1d5c59640 15 osd.0 pg_epoch: 7 pg[1.1( empty local-lis/les=0/0 n=0 ec=6/6 lis/c=0/0 les/c/f=0/0/0 sis=6) [0] r=0 lpr=6 crt=0'0 mlcod 0'0 creating+peering mbc={}] PeeringState::prepare_stats_for_publish publish_stats_to_osd 6:1
2026-02-12T19:16:05.762+0000 7fe1d5458640 5 osd.0 pg_epoch: 7 pg[1.2( empty local-lis/les=0/0 n=0 ec=6/6 lis/c=0/0 les/c/f=0/0/0 sis=6) [0] r=0 lpr=6 crt=0'0 mlcod 0'0 creating+peering mbc={}] exit Started/Primary/Peering/WaitUpThru 0.101223 3 0.000135
2026-02-12T19:16:05.762+0000 7fe1d4c57640 10 osd.0 pg_epoch: 7 pg[1.3( empty local-lis/les=6/7 n=0 ec=6/6 lis/c=0/0 les/c/f=0/0/0 sis=6) [0] r=0 lpr=6 crt=0'0 mlcod 0'0 creating mbc={}] PeeringState::activate activate - no missing, moving last_complete 0'0 -> 0'0
2026-02-12T19:16:05.762+0000 7fe1d645a640 5 osd.0 pg_epoch: 7 pg[1.0( empty local-lis/les=0/0 n=0 ec=6/6 lis/c=0/0 les/c/f=0/0/0 sis=6) [0] r=0 lpr=6 crt=0'0 mlcod 0'0 creating mbc={}] enter Started/Primary/Active
2026-02-12T19:16:05.762+0000 7fe1d5c59640 5 osd.0 pg_epoch: 7 pg[1.1( empty local-lis/les=0/0 n=0 ec=6/6 lis/c=0/0 les/c/f=0/0/0 sis=6) [0] r=0 lpr=6 crt=0'0 mlcod 0'0 creating+peering mbc={}] exit Started/Primary/Peering/WaitUpThru 0.101226 3 0.000144
2026-02-12T19:16:05.762+0000 7fe1d5458640 10 osd.0 pg_epoch: 7 pg[1.2( empty local-lis/les=0/0 n=0 ec=6/6 lis/c=0/0 les/c/f=0/0/0 sis=6) [0] r=0 lpr=6 crt=0'0 mlcod 0'0 creating+peering mbc={}] state: Leaving Peering
2026-02-12T19:16:05.762+0000 7fe1d645a640 10 osd.0 pg_epoch: 7 pg[1.0( empty local-lis/les=0/0 n=0 ec=6/6 lis/c=0/0 les/c/f=0/0/0 sis=6) [0] r=0 lpr=6 crt=0'0 mlcod 0'0 creating mbc={}] state: In Active, about to call activate
2026-02-12T19:16:05.762+0000 7fe1d5c59640 10 osd.0 pg_epoch: 7 pg[1.1( empty local-lis/les=0/0 n=0 ec=6/6 lis/c=0/0 les/c/f=0/0/0 sis=6) [0] r=0 lpr=6 crt=0'0 mlcod 0'0 creating+peering mbc={}] state: Leaving Peering
2026-02-12T19:16:05.762+0000 7fe1d4c57640 20 osd.0 pg_epoch: 7 pg[1.3( empty local-lis/les=6/7 n=0 ec=6/6 lis/c=0/0 les/c/f=0/0/0 sis=6) [0] r=0 lpr=6 crt=0'0 mlcod 0'0 creating mbc={}] PeeringState::recalc_readable_until readable_until[_ub] 17.719900131s (sent 17.719900131s)
2026-02-12T19:16:05.762+0000 7fe1d5458640 5 osd.0 pg_epoch: 7 pg[1.2( empty local-lis/les=0/0 n=0 ec=6/6 lis/c=0/0 les/c/f=0/0/0 sis=6) [0] r=0 lpr=6 crt=0'0 mlcod 0'0 creating+peering mbc={}] exit Started/Primary/Peering 0.101325 0 0.000000
2026-02-12T19:16:05.762+0000 7fe1d4c57640 10 osd.0 pg_epoch: 7 pg[1.3( empty local-lis/les=6/7 n=0 ec=6/6 lis/c=0/0 les/c/f=0/0/0 sis=6) [0] r=0 lpr=6 crt=0'0 mlcod 0'0 creating mbc={}] PeeringState::activate no prior_readable_down_osds to wait on, clearing ub
2026-02-12T19:16:05.762+0000 7fe1d5c59640 5 osd.0 pg_epoch: 7 pg[1.1( empty local-lis/les=0/0 n=0 ec=6/6 lis/c=0/0 les/c/f=0/0/0 sis=6) [0] r=0 lpr=6 crt=0'0 mlcod 0'0 creating+peering mbc={}] exit Started/Primary/Peering 0.101326 0 0.000000
2026-02-12T19:16:05.762+0000 7fe1d4c57640 20 osd.0 pg_epoch: 7 pg[1.3( empty local-lis/les=6/7 n=0 ec=6/6 lis/c=0/0 les/c/f=0/0/0 sis=6) [0] r=0 lpr=6 crt=0'0 mlcod 0'0 creating mbc={}] PeeringState::activate setting up missing_loc from shard 0
2026-02-12T19:16:05.762+0000 7fe1d5458640 5 osd.0 pg_epoch: 7 pg[1.2( empty local-lis/les=0/0 n=0 ec=6/6 lis/c=0/0 les/c/f=0/0/0 sis=6) [0] r=0 lpr=6 crt=0'0 mlcod 0'0 creating mbc={}] enter Started/Primary/Active
2026-02-12T19:16:05.762+0000 7fe1d645a640 10 osd.0 pg_epoch: 7 pg[1.0( empty local-lis/les=6/7 n=0 ec=6/6 lis/c=0/0 les/c/f=0/0/0 sis=6) [0] r=0 lpr=6 crt=0'0 mlcod 0'0 creating mbc={}] PeeringState::activate activate - no missing, moving last_complete 0'0 -> 0'0
2026-02-12T19:16:05.762+0000 7fe1d5c59640 5 osd.0 pg_epoch: 7 pg[1.1( empty local-lis/les=0/0 n=0 ec=6/6 lis/c=0/0 les/c/f=0/0/0 sis=6) [0] r=0 lpr=6 crt=0'0 mlcod 0'0 creating mbc={}] enter Started/Primary/Active
2026-02-12T19:16:05.762+0000 7fe1d5458640 10 osd.0 pg_epoch: 7 pg[1.2( empty local-lis/les=0/0 n=0 ec=6/6 lis/c=0/0 les/c/f=0/0/0 sis=6) [0] r=0 lpr=6 crt=0'0 mlcod 0'0 creating mbc={}] state: In Active, about to call activate
2026-02-12T19:16:05.762+0000 7fe1d5c59640 10 osd.0 pg_epoch: 7 pg[1.1( empty local-lis/les=0/0 n=0 ec=6/6 lis/c=0/0 les/c/f=0/0/0 sis=6) [0] r=0 lpr=6 crt=0'0 mlcod 0'0 creating mbc={}] state: In Active, about to call activate
2026-02-12T19:16:05.762+0000 7fe1d645a640 20 osd.0 pg_epoch: 7 pg[1.0( empty local-lis/les=6/7 n=0 ec=6/6 lis/c=0/0 les/c/f=0/0/0 sis=6) [0] r=0 lpr=6 crt=0'0 mlcod 0'0 creating mbc={}] PeeringState::recalc_readable_until readable_until[_ub] 17.719911575s (sent 17.719911575s)
2026-02-12T19:16:05.762+0000 7fe1d4c57640 10 osd.0 pg_epoch: 7 pg[1.3( empty local-lis/les=6/7 n=0 ec=6/6 lis/c=0/0 les/c/f=0/0/0 sis=6) [0] r=0 lpr=6 crt=0'0 mlcod 0'0 creating mbc={}] PeeringState::needs_recovery is recovered
2026-02-12T19:16:05.762+0000 7fe1d5458640 10 osd.0 pg_epoch: 7 pg[1.2( empty local-lis/les=6/7 n=0 ec=6/6 lis/c=0/0 les/c/f=0/0/0 sis=6) [0] r=0 lpr=6 crt=0'0 mlcod 0'0 creating mbc={}] PeeringState::activate activate - no missing, moving last_complete 0'0 -> 0'0
2026-02-12T19:16:05.762+0000 7fe1d645a640 10 osd.0 pg_epoch: 7 pg[1.0( empty local-lis/les=6/7 n=0 ec=6/6 lis/c=0/0 les/c/f=0/0/0 sis=6) [0] r=0 lpr=6 crt=0'0 mlcod 0'0 creating mbc={}] PeeringState::activate no prior_readable_down_osds to wait on, clearing ub
2026-02-12T19:16:05.762+0000 7fe1d645a640 20 osd.0 pg_epoch: 7 pg[1.0( empty local-lis/les=6/7 n=0 ec=6/6 lis/c=0/0 les/c/f=0/0/0 sis=6) [0] r=0 lpr=6 crt=0'0 mlcod 0'0 creating mbc={}] PeeringState::activate setting up missing_loc from shard 0
2026-02-12T19:16:05.762+0000 7fe1d4c57640 10 osd.0 pg_epoch: 7 pg[1.3( empty local-lis/les=6/7 n=0 ec=6/6 lis/c=0/0 les/c/f=0/0/0 sis=6) [0] r=0 lpr=6 crt=0'0 mlcod 0'0 creating+activating mbc={}] release_backoffs [1:c0000000::::0,MAX)
2026-02-12T19:16:05.762+0000 7fe1d5c59640 10 osd.0 pg_epoch: 7 pg[1.1( empty local-lis/les=6/7 n=0 ec=6/6 lis/c=0/0 les/c/f=0/0/0 sis=6) [0] r=0 lpr=6 crt=0'0 mlcod 0'0 creating mbc={}] PeeringState::activate activate - no missing, moving last_complete 0'0 -> 0'0
2026-02-12T19:16:05.762+0000 7fe1d645a640 10 osd.0 pg_epoch: 7 pg[1.0( empty local-lis/les=6/7 n=0 ec=6/6 lis/c=0/0 les/c/f=0/0/0 sis=6) [0] r=0 lpr=6 crt=0'0 mlcod 0'0 creating mbc={}] PeeringState::needs_recovery is recovered
2026-02-12T19:16:05.762+0000 7fe1d5458640 20 osd.0 pg_epoch: 7 pg[1.2( empty local-lis/les=6/7 n=0 ec=6/6 lis/c=0/0 les/c/f=0/0/0 sis=6) [0] r=0 lpr=6 crt=0'0 mlcod 0'0 creating mbc={}] PeeringState::recalc_readable_until readable_until[_ub] 17.719921112s (sent 17.719921112s)
2026-02-12T19:16:05.762+0000 7fe1d5458640 10 osd.0 pg_epoch: 7 pg[1.2( empty local-lis/les=6/7 n=0 ec=6/6 lis/c=0/0 les/c/f=0/0/0 sis=6) [0] r=0 lpr=6 crt=0'0 mlcod 0'0 creating mbc={}] PeeringState::activate no prior_readable_down_osds to wait on, clearing ub
2026-02-12T19:16:05.762+0000 7fe1d4c57640 20 osd.0 pg_epoch: 7 pg[1.3( empty local-lis/les=6/7 n=0 ec=6/6 lis/c=0/0 les/c/f=0/0/0 sis=6) [0] r=0 lpr=6 crt=0'0 mlcod 0'0 creating+activating mbc={}] PeeringState::update_calc_stats actingset 0 upset 0 acting_recovery_backfill 0
2026-02-12T19:16:05.762+0000 7fe1d645a640 10 osd.0 pg_epoch: 7 pg[1.0( empty local-lis/les=6/7 n=0 ec=6/6 lis/c=0/0 les/c/f=0/0/0 sis=6) [0] r=0 lpr=6 crt=0'0 mlcod 0'0 creating+activating mbc={}] release_backoffs [1:00000000::::0,1:40000000::::head)
2026-02-12T19:16:05.762+0000 7fe1d5458640 20 osd.0 pg_epoch: 7 pg[1.2( empty local-lis/les=6/7 n=0 ec=6/6 lis/c=0/0 les/c/f=0/0/0 sis=6) [0] r=0 lpr=6 crt=0'0 mlcod 0'0 creating mbc={}] PeeringState::activate setting up missing_loc from shard 0
2026-02-12T19:16:05.762+0000 7fe1d4c57640 20 osd.0 pg_epoch: 7 pg[1.3( empty local-lis/les=6/7 n=0 ec=6/6 lis/c=0/0 les/c/f=0/0/0 sis=6) [0] r=0 lpr=6 crt=0'0 mlcod 0'0 creating+activating mbc={}] PeeringState::update_calc_stats shard 0 primary objects 0 missing 0
2026-02-12T19:16:05.762+0000 7fe1d5c59640 20 osd.0 pg_epoch: 7 pg[1.1( empty local-lis/les=6/7 n=0 ec=6/6 lis/c=0/0 les/c/f=0/0/0 sis=6) [0] r=0 lpr=6 crt=0'0 mlcod 0'0 creating mbc={}] PeeringState::recalc_readable_until readable_until[_ub] 17.719928741s (sent 17.719928741s)
2026-02-12T19:16:05.762+0000 7fe1d5458640 10 osd.0 pg_epoch: 7 pg[1.2( empty local-lis/les=6/7 n=0 ec=6/6 lis/c=0/0 les/c/f=0/0/0 sis=6) [0] r=0 lpr=6 crt=0'0 mlcod 0'0 creating mbc={}] PeeringState::needs_recovery is recovered
2026-02-12T19:16:05.762+0000 7fe1d645a640 20 osd.0 pg_epoch: 7 pg[1.0( empty local-lis/les=6/7 n=0 ec=6/6 lis/c=0/0 les/c/f=0/0/0 sis=6) [0] r=0 lpr=6 crt=0'0 mlcod 0'0 creating+activating mbc={}] PeeringState::update_calc_stats actingset 0 upset 0 acting_recovery_backfill 0
2026-02-12T19:16:05.762+0000 7fe1d4c57640 20 osd.0 pg_epoch: 7 pg[1.3( empty local-lis/les=6/7 n=0 ec=6/6 lis/c=0/0 les/c/f=0/0/0 sis=6) [0] r=0 lpr=6 crt=0'0 mlcod 0'0 creating+activating mbc={}] PeeringState::update_calc_stats object_location_counts {}
2026-02-12T19:16:05.762+0000 7fe1d5c59640 10 osd.0 pg_epoch: 7 pg[1.1( empty local-lis/les=6/7 n=0 ec=6/6 lis/c=0/0 les/c/f=0/0/0 sis=6) [0] r=0 lpr=6 crt=0'0 mlcod 0'0 creating mbc={}] PeeringState::activate no prior_readable_down_osds to wait on, clearing ub
2026-02-12T19:16:05.762+0000 7fe1d5458640 10 osd.0 pg_epoch: 7 pg[1.2( empty local-lis/les=6/7 n=0 ec=6/6 lis/c=0/0 les/c/f=0/0/0 sis=6) [0] r=0 lpr=6 crt=0'0 mlcod 0'0 creating+activating mbc={}] release_backoffs [1:40000000::::0,1:80000000::::head)
2026-02-12T19:16:05.762+0000 7fe1d4c57640 20 osd.0 pg_epoch: 7 pg[1.3( empty local-lis/les=6/7 n=0 ec=6/6 lis/c=0/0 les/c/f=0/0/0 sis=6) [0] r=0 lpr=6 crt=0'0 mlcod 0'0 creating+activating mbc={}] PeeringState::update_calc_stats missing shard 0 missing= 0
2026-02-12T19:16:05.762+0000 7fe1d645a640 20 osd.0 pg_epoch: 7 pg[1.0( empty local-lis/les=6/7 n=0 ec=6/6 lis/c=0/0 les/c/f=0/0/0 sis=6) [0] r=0 lpr=6 crt=0'0 mlcod 0'0 creating+activating mbc={}] PeeringState::update_calc_stats shard 0 primary objects 0 missing 0
2026-02-12T19:16:05.762+0000 7fe1d5c59640 20 osd.0 pg_epoch: 7 pg[1.1( empty local-lis/les=6/7 n=0 ec=6/6 lis/c=0/0 les/c/f=0/0/0 sis=6) [0] r=0 lpr=6 crt=0'0 mlcod 0'0 creating mbc={}] PeeringState::activate setting up missing_loc from shard 0
2026-02-12T19:16:05.762+0000 7fe1d645a640 20 osd.0 pg_epoch: 7 pg[1.0( empty local-lis/les=6/7 n=0 ec=6/6 lis/c=0/0 les/c/f=0/0/0 sis=6) [0] r=0 lpr=6 crt=0'0 mlcod 0'0 creating+activating mbc={}] PeeringState::update_calc_stats object_location_counts {}
2026-02-12T19:16:05.762+0000 7fe1d4c57640 20 osd.0 pg_epoch: 7 pg[1.3( empty local-lis/les=6/7 n=0 ec=6/6 lis/c=0/0 les/c/f=0/0/0 sis=6) [0] r=0 lpr=6 crt=0'0 mlcod 0'0 creating+activating mbc={}] PeeringState::update_calc_stats degraded 0
2026-02-12T19:16:05.762+0000 7fe1d5c59640 10 osd.0 pg_epoch: 7 pg[1.1( empty local-lis/les=6/7 n=0 ec=6/6 lis/c=0/0 les/c/f=0/0/0 sis=6) [0] r=0 lpr=6 crt=0'0 mlcod 0'0 creating mbc={}] PeeringState::needs_recovery is recovered
2026-02-12T19:16:05.762+0000 7fe1d4c57640 20 osd.0 pg_epoch: 7 pg[1.3( empty local-lis/les=6/7 n=0 ec=6/6 lis/c=0/0 les/c/f=0/0/0 sis=6) [0] r=0 lpr=6 crt=0'0 mlcod 0'0 creating+activating mbc={}] PeeringState::update_calc_stats misplaced 0
2026-02-12T19:16:05.762+0000 7fe1d645a640 20 osd.0 pg_epoch: 7 pg[1.0( empty local-lis/les=6/7 n=0 ec=6/6 lis/c=0/0 les/c/f=0/0/0 sis=6) [0] r=0 lpr=6 crt=0'0 mlcod 0'0 creating+activating mbc={}] PeeringState::update_calc_stats missing shard 0 missing= 0
2026-02-12T19:16:05.762+0000 7fe1d5458640 20 osd.0 pg_epoch: 7 pg[1.2( empty local-lis/les=6/7 n=0 ec=6/6 lis/c=0/0 les/c/f=0/0/0 sis=6) [0] r=0 lpr=6 crt=0'0 mlcod 0'0 creating+activating mbc={}] PeeringState::update_calc_stats actingset 0 upset 0 acting_recovery_backfill 0
2026-02-12T19:16:05.762+0000 7fe1d645a640 20 osd.0 pg_epoch: 7 pg[1.0( empty local-lis/les=6/7 n=0 ec=6/6 lis/c=0/0 les/c/f=0/0/0 sis=6) [0] r=0 lpr=6 crt=0'0 mlcod 0'0 creating+activating mbc={}] PeeringState::update_calc_stats degraded 0
2026-02-12T19:16:05.762+0000 7fe1d4c57640 20 osd.0 pg_epoch: 7 pg[1.3( empty local-lis/les=6/7 n=0 ec=6/6 lis/c=0/0 les/c/f=0/0/0 sis=6) [0] r=0 lpr=6 crt=0'0 mlcod 0'0 creating+activating mbc={}] PeeringState::prepare_stats_for_publish reporting purged_snaps []
2026-02-12T19:16:05.762+0000 7fe1d645a640 20 osd.0 pg_epoch: 7 pg[1.0( empty local-lis/les=6/7 n=0 ec=6/6 lis/c=0/0 les/c/f=0/0/0 sis=6) [0] r=0 lpr=6 crt=0'0 mlcod 0'0 creating+activating mbc={}] PeeringState::update_calc_stats misplaced 0
2026-02-12T19:16:05.762+0000 7fe1d4c57640 15 osd.0 pg_epoch: 7 pg[1.3( empty local-lis/les=6/7 n=0 ec=6/6 lis/c=0/0 les/c/f=0/0/0 sis=6) [0] r=0 lpr=6 crt=0'0 mlcod 0'0 creating+activating mbc={}] PeeringState::prepare_stats_for_publish publish_stats_to_osd 7:2
2026-02-12T19:16:05.762+0000 7fe1d5c59640 10 osd.0 pg_epoch: 7 pg[1.1( empty local-lis/les=6/7 n=0 ec=6/6 lis/c=0/0 les/c/f=0/0/0 sis=6) [0] r=0 lpr=6 crt=0'0 mlcod 0'0 creating+activating mbc={}] release_backoffs [1:80000000::::0,1:c0000000::::head)
2026-02-12T19:16:05.762+0000 7fe1d645a640 20 osd.0 pg_epoch: 7 pg[1.0( empty local-lis/les=6/7 n=0 ec=6/6 lis/c=0/0 les/c/f=0/0/0 sis=6) [0] r=0 lpr=6 crt=0'0 mlcod 0'0 creating+activating mbc={}] PeeringState::prepare_stats_for_publish reporting purged_snaps []
2026-02-12T19:16:05.762+0000 7fe1d645a640 15 osd.0 pg_epoch: 7 pg[1.0( empty local-lis/les=6/7 n=0 ec=6/6 lis/c=0/0 les/c/f=0/0/0 sis=6) [0] r=0 lpr=6 crt=0'0 mlcod 0'0 creating+activating mbc={}] PeeringState::prepare_stats_for_publish publish_stats_to_osd 7:2
2026-02-12T19:16:05.762+0000 7fe1d4c57640 10 osd.0 pg_epoch: 7 pg[1.3( empty local-lis/les=6/7 n=0 ec=6/6 lis/c=0/0 les/c/f=0/0/0 sis=6) [0] r=0 lpr=6 crt=0'0 mlcod 0'0 creating+activating mbc={}] state: Activate Finished
2026-02-12T19:16:05.762+0000 7fe1d645a640 10 osd.0 pg_epoch: 7 pg[1.0( empty local-lis/les=6/7 n=0 ec=6/6 lis/c=0/0 les/c/f=0/0/0 sis=6) [0] r=0 lpr=6 crt=0'0 mlcod 0'0 creating+activating mbc={}] state: Activate Finished
2026-02-12T19:16:05.762+0000 7fe1d5c59640 20 osd.0 pg_epoch: 7 pg[1.1( empty local-lis/les=6/7 n=0 ec=6/6 lis/c=0/0 les/c/f=0/0/0 sis=6) [0] r=0 lpr=6 crt=0'0 mlcod 0'0 creating+activating mbc={}] PeeringState::update_calc_stats actingset 0 upset 0 acting_recovery_backfill 0
2026-02-12T19:16:05.762+0000 7fe1d4c57640 5 osd.0 pg_epoch: 7 pg[1.3( empty local-lis/les=6/7 n=0 ec=6/6 lis/c=0/0 les/c/f=0/0/0 sis=6) [0] r=0 lpr=6 crt=0'0 mlcod 0'0 creating+activating mbc={}] enter Started/Primary/Active/Activating
2026-02-12T19:16:05.762+0000 7fe1d5c59640 20 osd.0 pg_epoch: 7 pg[1.1( empty local-lis/les=6/7 n=0 ec=6/6 lis/c=0/0 les/c/f=0/0/0 sis=6) [0] r=0 lpr=6 crt=0'0 mlcod 0'0 creating+activating mbc={}] PeeringState::update_calc_stats shard 0 primary objects 0 missing 0
2026-02-12T19:16:05.762+0000 7fe1d645a640 5 osd.0 pg_epoch: 7 pg[1.0( empty local-lis/les=6/7 n=0 ec=6/6 lis/c=0/0 les/c/f=0/0/0 sis=6) [0] r=0 lpr=6 crt=0'0 mlcod 0'0 creating+activating mbc={}] enter Started/Primary/Active/Activating
2026-02-12T19:16:05.762+0000 7fe1d4c57640 20 osd.0 pg_epoch: 7 pg[1.3( empty local-lis/les=6/7 n=0 ec=6/6 lis/c=0/0 les/c/f=0/0/0 sis=6) [0] r=0 lpr=6 crt=0'0 mlcod 0'0 creating+activating mbc={}] PeeringState::activate_map : Not dirtying info: last_persisted is 6 while current is 7
2026-02-12T19:16:05.762+0000 7fe1d5458640 20 osd.0 pg_epoch: 7 pg[1.2( empty local-lis/les=6/7 n=0 ec=6/6 lis/c=0/0 les/c/f=0/0/0 sis=6) [0] r=0 lpr=6 crt=0'0 mlcod 0'0 creating+activating mbc={}] PeeringState::update_calc_stats shard 0 primary objects 0 missing 0
2026-02-12T19:16:05.762+0000 7fe1d5c59640 20 osd.0 pg_epoch: 7 pg[1.1( empty local-lis/les=6/7 n=0 ec=6/6 lis/c=0/0 les/c/f=0/0/0 sis=6) [0] r=0 lpr=6 crt=0'0 mlcod 0'0 creating+activating mbc={}] PeeringState::update_calc_stats object_location_counts {}
2026-02-12T19:16:05.762+0000 7fe1d645a640 20 osd.0 pg_epoch: 7 pg[1.0( empty local-lis/les=6/7 n=0 ec=6/6 lis/c=0/0 les/c/f=0/0/0 sis=6) [0] r=0 lpr=6 crt=0'0 mlcod 0'0 creating+activating mbc={}] PeeringState::activate_map : Not dirtying info: last_persisted is 6 while current is 7
2026-02-12T19:16:05.762+0000 7fe1d5458640 20 osd.0 pg_epoch: 7 pg[1.2( empty local-lis/les=6/7 n=0 ec=6/6 lis/c=0/0 les/c/f=0/0/0 sis=6) [0] r=0 lpr=6 crt=0'0 mlcod 0'0 creating+activating mbc={}] PeeringState::update_calc_stats object_location_counts {}
2026-02-12T19:16:05.762+0000 7fe1d5c59640 20 osd.0 pg_epoch: 7 pg[1.1( empty local-lis/les=6/7 n=0 ec=6/6 lis/c=0/0 les/c/f=0/0/0 sis=6) [0] r=0 lpr=6 crt=0'0 mlcod 0'0 creating+activating mbc={}] PeeringState::update_calc_stats missing shard 0 missing= 0
2026-02-12T19:16:05.762+0000 7fe1d5458640 20 osd.0 pg_epoch: 7 pg[1.2( empty local-lis/les=6/7 n=0 ec=6/6 lis/c=0/0 les/c/f=0/0/0 sis=6) [0] r=0 lpr=6 crt=0'0 mlcod 0'0 creating+activating mbc={}] PeeringState::update_calc_stats missing shard 0 missing= 0
2026-02-12T19:16:05.762+0000 7fe1d5c59640 20 osd.0 pg_epoch: 7 pg[1.1( empty local-lis/les=6/7 n=0 ec=6/6 lis/c=0/0 les/c/f=0/0/0 sis=6) [0] r=0 lpr=6 crt=0'0 mlcod 0'0 creating+activating mbc={}] PeeringState::update_calc_stats degraded 0
2026-02-12T19:16:05.762+0000 7fe1d4c57640 10 log is not dirty
2026-02-12T19:16:05.762+0000 7fe1d5c59640 20 osd.0 pg_epoch: 7 pg[1.1( empty local-lis/les=6/7 n=0 ec=6/6 lis/c=0/0 les/c/f=0/0/0 sis=6) [0] r=0 lpr=6 crt=0'0 mlcod 0'0 creating+activating mbc={}] PeeringState::update_calc_stats misplaced 0
2026-02-12T19:16:05.762+0000 7fe1d5458640 20 osd.0 pg_epoch: 7 pg[1.2( empty local-lis/les=6/7 n=0 ec=6/6 lis/c=0/0 les/c/f=0/0/0 sis=6) [0] r=0 lpr=6 crt=0'0 mlcod 0'0 creating+activating mbc={}] PeeringState::update_calc_stats degraded 0
2026-02-12T19:16:05.762+0000 7fe1d5c59640 20 osd.0 pg_epoch: 7 pg[1.1( empty local-lis/les=6/7 n=0 ec=6/6 lis/c=0/0 les/c/f=0/0/0 sis=6) [0] r=0 lpr=6 crt=0'0 mlcod 0'0 creating+activating mbc={}] PeeringState::prepare_stats_for_publish reporting purged_snaps []
2026-02-12T19:16:05.762+0000 7fe1d5458640 20 osd.0 pg_epoch: 7 pg[1.2( empty local-lis/les=6/7 n=0 ec=6/6 lis/c=0/0 les/c/f=0/0/0 sis=6) [0] r=0 lpr=6 crt=0'0 mlcod 0'0 creating+activating mbc={}] PeeringState::update_calc_stats misplaced 0
2026-02-12T19:16:05.762+0000 7fe1d645a640 10 log is not dirty
2026-02-12T19:16:05.762+0000 7fe1d5c59640 15 osd.0 pg_epoch: 7 pg[1.1( empty local-lis/les=6/7 n=0 ec=6/6 lis/c=0/0 les/c/f=0/0/0 sis=6) [0] r=0 lpr=6 crt=0'0 mlcod 0'0 creating+activating mbc={}] PeeringState::prepare_stats_for_publish publish_stats_to_osd 7:2
2026-02-12T19:16:05.762+0000 7fe1d4c57640 10 osd.0 pg_epoch: 7 pg[1.3( empty local-lis/les=6/7 n=0 ec=6/6 lis/c=0/0 les/c/f=0/0/0 sis=6) [0] r=0 lpr=6 crt=0'0 mlcod 0'0 creating+activating mbc={}] do_peering_event: epoch_sent: 7 epoch_requested: 7 NullEvt
2026-02-12T19:16:05.762+0000 7fe1d5458640 20 osd.0 pg_epoch: 7 pg[1.2( empty local-lis/les=6/7 n=0 ec=6/6 lis/c=0/0 les/c/f=0/0/0 sis=6) [0] r=0 lpr=6 crt=0'0 mlcod 0'0 creating+activating mbc={}] PeeringState::prepare_stats_for_publish reporting purged_snaps []
2026-02-12T19:16:05.762+0000 7fe1d4c57640 10 log is not dirty
2026-02-12T19:16:05.762+0000 7fe1d5c59640 10 osd.0 pg_epoch: 7 pg[1.1( empty local-lis/les=6/7 n=0 ec=6/6 lis/c=0/0 les/c/f=0/0/0 sis=6) [0] r=0 lpr=6 crt=0'0 mlcod 0'0 creating+activating mbc={}] state: Activate Finished
2026-02-12T19:16:05.762+0000 7fe1d5458640 15 osd.0 pg_epoch: 7 pg[1.2( empty local-lis/les=6/7 n=0 ec=6/6 lis/c=0/0 les/c/f=0/0/0 sis=6) [0] r=0 lpr=6 crt=0'0 mlcod 0'0 creating+activating mbc={}] PeeringState::prepare_stats_for_publish publish_stats_to_osd 7:2
2026-02-12T19:16:05.762+0000 7fe1d5c59640 5 osd.0 pg_epoch: 7 pg[1.1( empty local-lis/les=6/7 n=0 ec=6/6 lis/c=0/0 les/c/f=0/0/0 sis=6) [0] r=0 lpr=6 crt=0'0 mlcod 0'0 creating+activating mbc={}] enter Started/Primary/Active/Activating
2026-02-12T19:16:05.762+0000 7fe1d5458640 10 osd.0 pg_epoch: 7 pg[1.2( empty local-lis/les=6/7 n=0 ec=6/6 lis/c=0/0 les/c/f=0/0/0 sis=6) [0] r=0 lpr=6 crt=0'0 mlcod 0'0 creating+activating mbc={}] state: Activate Finished
2026-02-12T19:16:05.762+0000 7fe1d5c59640 20 osd.0 pg_epoch: 7 pg[1.1( empty local-lis/les=6/7 n=0 ec=6/6 lis/c=0/0 les/c/f=0/0/0 sis=6) [0] r=0 lpr=6 crt=0'0 mlcod 0'0 creating+activating mbc={}] PeeringState::activate_map : Not dirtying info: last_persisted is 6 while current is 7
2026-02-12T19:16:05.762+0000 7fe1d645a640 10 osd.0 pg_epoch: 7 pg[1.0( empty local-lis/les=6/7 n=0 ec=6/6 lis/c=0/0 les/c/f=0/0/0 sis=6) [0] r=0 lpr=6 crt=0'0 mlcod 0'0 creating+activating mbc={}] do_peering_event: epoch_sent: 7 epoch_requested: 7 NullEvt
2026-02-12T19:16:05.762+0000 7fe1d5458640 5 osd.0 pg_epoch: 7 pg[1.2( empty local-lis/les=6/7 n=0 ec=6/6 lis/c=0/0 les/c/f=0/0/0 sis=6) [0] r=0 lpr=6 crt=0'0 mlcod 0'0 creating+activating mbc={}] enter Started/Primary/Active/Activating
2026-02-12T19:16:05.762+0000 7fe1d645a640 10 log is not dirty
2026-02-12T19:16:05.762+0000 7fe1d5458640 20 osd.0 pg_epoch: 7 pg[1.2( empty local-lis/les=6/7 n=0 ec=6/6 lis/c=0/0 les/c/f=0/0/0 sis=6) [0] r=0 lpr=6 crt=0'0 mlcod 0'0 creating+activating mbc={}] PeeringState::activate_map : Not dirtying info: last_persisted is 6 while current is 7
2026-02-12T19:16:05.762+0000 7fe1d5c59640 10 log is not dirty
2026-02-12T19:16:05.762+0000 7fe1d4c57640 20 osd.0 op_wq(3) _process empty q, waiting
2026-02-12T19:16:05.762+0000 7fe1d5458640 10 log is not dirty
2026-02-12T19:16:05.762+0000 7fe1d8c5f640 20 osd.0 op_wq(3) _process empty q, waiting
2026-02-12T19:16:05.762+0000 7fe1d5c59640 10 osd.0 pg_epoch: 7 pg[1.1( empty local-lis/les=6/7 n=0 ec=6/6 lis/c=0/0 les/c/f=0/0/0 sis=6) [0] r=0 lpr=6 crt=0'0 mlcod 0'0 creating+activating mbc={}] do_peering_event: epoch_sent: 7 epoch_requested: 7 NullEvt
2026-02-12T19:16:05.762+0000 7fe1d5c59640 10 log is not dirty
2026-02-12T19:16:05.762+0000 7fe1d5458640 10 osd.0 pg_epoch: 7 pg[1.2( empty local-lis/les=6/7 n=0 ec=6/6 lis/c=0/0 les/c/f=0/0/0 sis=6) [0] r=0 lpr=6 crt=0'0 mlcod 0'0 creating+activating mbc={}] do_peering_event: epoch_sent: 7 epoch_requested: 7 NullEvt
2026-02-12T19:16:05.762+0000 7fe1d5458640 10 log is not dirty
2026-02-12T19:16:05.762+0000 7fe1d645a640 20 osd.0 op_wq(0) _process empty q, waiting
2026-02-12T19:16:05.762+0000 7fe1da462640 20 osd.0 op_wq(0) _process empty q, waiting
2026-02-12T19:16:05.762+0000 7fe1d5c59640 20 osd.0 op_wq(1) _process empty q, waiting
2026-02-12T19:16:05.762+0000 7fe1d5458640 20 osd.0 op_wq(2) _process empty q, waiting
2026-02-12T19:16:05.762+0000 7fe1d9c61640 20 osd.0 op_wq(1) _process empty q, waiting
2026-02-12T19:16:05.762+0000 7fe1d9460640 20 osd.0 op_wq(2) _process empty q, waiting
2026-02-12T19:16:05.762+0000 7fe1d4c57640 20 osd.0 op_wq(3) _process empty q, waiting
2026-02-12T19:16:05.762+0000 7fe1d8c5f640 15 osd.0 7 enqueue_peering_evt 1.3 epoch_sent: 7 epoch_requested: 7 ActivateCommitted from 7 processed at 7
2026-02-12T19:16:05.762+0000 7fe1d8c5f640 20 osd.0 op_wq(3) _enqueue OpSchedulerItem(1.3 PGPeeringEvent(epoch_sent: 7 epoch_requested: 7 ActivateCommitted from 7 processed at 7) class_id 2 prio 255 cost 10 e7)
2026-02-12T19:16:05.762+0000 7fe1d8c5f640 20 osd.0 op_wq(3) _process 1.3 to_process <> waiting <> waiting_peering {}
2026-02-12T19:16:05.762+0000 7fe1d8c5f640 20 osd.0 op_wq(3) _process OpSchedulerItem(1.3 PGPeeringEvent(epoch_sent: 7 epoch_requested: 7 ActivateCommitted from 7 processed at 7) class_id 2immediate prio 255 cost 10 e7) queued
2026-02-12T19:16:05.762+0000 7fe1d8c5f640 20 osd.0 op_wq(3) _process 1.3 to_process waiting <> waiting_peering {}
2026-02-12T19:16:05.762+0000 7fe1d8c5f640 20 osd.0 op_wq(3) _process OpSchedulerItem(1.3 PGPeeringEvent(epoch_sent: 7 epoch_requested: 7 ActivateCommitted from 7 processed at 7) class_id 2immediate prio 255 cost 10 e7) pg 0x55a21e15a000
2026-02-12T19:16:05.762+0000 7fe1d8c5f640 10 osd.0 pg_epoch: 7 pg[1.3( empty local-lis/les=6/7 n=0 ec=6/6 lis/c=0/0 les/c/f=0/0/0 sis=6) [0] r=0 lpr=6 crt=0'0 mlcod 0'0 creating+activating mbc={}] do_peering_event: epoch_sent: 7 epoch_requested: 7 ActivateCommitted from 7 processed at 7
2026-02-12T19:16:05.762+0000 7fe1d4c57640 20 osd.0 op_wq(3) _process empty q, waiting
2026-02-12T19:16:05.762+0000 7fe1d8c5f640 10 osd.0 pg_epoch: 7 pg[1.3( empty local-lis/les=6/7 n=0 ec=6/6 lis/c=0/0 les/c/f=0/0/0 sis=6) [0] r=0 lpr=6 crt=0'0 mlcod 0'0 creating+activating mbc={}] state: _activate_committed 7 peer_activated now 0 last_interval_started 0 last_epoch_started 0 same_interval_since 6
2026-02-12T19:16:05.762+0000 7fe1d8c5f640 10 osd.0 pg_epoch: 7 pg[1.3( empty local-lis/les=6/7 n=0 ec=6/6 lis/c=0/0 les/c/f=0/0/0 sis=6) [0] r=0 lpr=6 crt=0'0 mlcod 0'0 creating+activating mbc={}] state: all_activated_and_committed
2026-02-12T19:16:05.762+0000 7fe1d8c5f640 20 osd.0 pg_epoch: 7 pg[1.3( empty local-lis/les=6/7 n=0 ec=6/6 lis/c=0/0 les/c/f=0/0/0 sis=6) [0] r=0 lpr=6 crt=0'0 mlcod 0'0 creating+activating mbc={}] PeeringState::recalc_readable_until readable_until[_ub] 17.720100403s (sent 17.720100403s)
2026-02-12T19:16:05.762+0000 7fe1d8c5f640 20 osd.0 pg_epoch: 7 pg[1.3( empty local-lis/les=6/7 n=0 ec=6/6 lis/c=0/0 les/c/f=0/0/0 sis=6) [0] r=0 lpr=6 crt=0'0 mlcod 0'0 creating+activating mbc={}] PeeringState::update_calc_stats actingset 0 upset 0 acting_recovery_backfill 0
2026-02-12T19:16:05.762+0000 7fe1d8c5f640 20 osd.0 pg_epoch: 7 pg[1.3( empty local-lis/les=6/7 n=0 ec=6/6 lis/c=0/0 les/c/f=0/0/0 sis=6) [0] r=0 lpr=6 crt=0'0 mlcod 0'0 creating+activating mbc={}] PeeringState::update_calc_stats shard 0 primary objects 0 missing 0
2026-02-12T19:16:05.762+0000 7fe1d8c5f640 20 osd.0 pg_epoch: 7 pg[1.3( empty local-lis/les=6/7 n=0 ec=6/6 lis/c=0/0 les/c/f=0/0/0 sis=6) [0] r=0 lpr=6 crt=0'0 mlcod 0'0 creating+activating mbc={}] PeeringState::update_calc_stats object_location_counts {}
2026-02-12T19:16:05.762+0000 7fe1d8c5f640 20 osd.0 pg_epoch: 7 pg[1.3( empty local-lis/les=6/7 n=0 ec=6/6 lis/c=0/0 les/c/f=0/0/0 sis=6) [0] r=0 lpr=6 crt=0'0 mlcod 0'0 creating+activating mbc={}] PeeringState::update_calc_stats missing shard 0 missing= 0
2026-02-12T19:16:05.762+0000 7fe1d8c5f640 20 osd.0 pg_epoch: 7 pg[1.3( empty local-lis/les=6/7 n=0 ec=6/6 lis/c=0/0 les/c/f=0/0/0 sis=6) [0] r=0 lpr=6 crt=0'0 mlcod 0'0 creating+activating mbc={}] PeeringState::update_calc_stats degraded 0
2026-02-12T19:16:05.762+0000 7fe1d8c5f640 20 osd.0 pg_epoch: 7 pg[1.3( empty local-lis/les=6/7 n=0 ec=6/6 lis/c=0/0 les/c/f=0/0/0 sis=6) [0] r=0 lpr=6 crt=0'0 mlcod 0'0 creating+activating mbc={}] PeeringState::update_calc_stats misplaced 0
2026-02-12T19:16:05.762+0000 7fe1d8c5f640 10 osd.0 pg_epoch: 7 pg[1.3( empty local-lis/les=6/7 n=0 ec=6/6 lis/c=0/0 les/c/f=0/0/0 sis=6) [0] r=0 lpr=6 crt=0'0 mlcod 0'0 active mbc={}] state: mnow 1.720118403s >= prior_readable_until_ub 0.000000000s
2026-02-12T19:16:05.762+0000 7fe1d8c5f640 20 osd.0 7 send_pg_created
2026-02-12T19:16:05.762+0000 7fe1d8c5f640 20 osd.0 7 send_pg_created reply to mon 1.3 created.
2026-02-12T19:16:05.762+0000 7fe1d8c5f640 10 monclient: _send_mon_message to mon.a at v2:127.0.0.1:7109/0
2026-02-12T19:16:05.762+0000 7fe1d8c5f640 1 -- [v2:127.0.0.1:6800/65075307,v1:127.0.0.1:6801/65075307] --> v2:127.0.0.1:7109/0 -- osd_pg_created(1.3) -- 0x55a21eee6a80 con 0x55a21e21c800
2026-02-12T19:16:05.762+0000 7fe1d8c5f640 1 osd.0 pg_epoch: 7 pg[1.3( empty local-lis/les=6/7 n=0 ec=6/6 lis/c=0/0 les/c/f=0/0/0 sis=6) [0] r=0 lpr=6 crt=0'0 mlcod 0'0 active mbc={}] state: react AllReplicasActivated Activating complete
2026-02-12T19:16:05.762+0000 7fe1d8c5f640 10 osd.0 pg_epoch: 7 pg[1.3( empty local-lis/les=6/7 n=0 ec=6/6 lis/c=6/0 les/c/f=7/0/0 sis=6) [0] r=0 lpr=6 crt=0'0 mlcod 0'0 active mbc={}] PeeringState::share_pg_info share_pg_info
2026-02-12T19:16:05.762+0000 7fe1d8c5f640 20 osd.0 pg_epoch: 7 pg[1.3( empty local-lis/les=6/7 n=0 ec=6/6 lis/c=6/0 les/c/f=7/0/0 sis=6) [0] r=0 lpr=6 crt=0'0 mlcod 0'0 active mbc={}] PeeringState::update_calc_stats actingset 0 upset 0 acting_recovery_backfill 0
