2026-02-12T20:53:16.471+0000 7fbd9c7f9640 20 --2- v2:127.0.0.1:7146/0 >> 127.0.0.1:0/2896855362 conn(0x47ce800 0x36b6680 crc :-1 s=READY pgs=2 gs=16 cs=0 l=1 c_cookie=8754404152100720556 s_cookie=0 reconnecting=0 rev1=1 crypto rx=0 tx=0 comp rx=0 tx=0).handle_read_frame_preamble_main r=0
2026-02-12T20:53:16.471+0000 7fbd9c7f9640 20 --2- v2:127.0.0.1:7146/0 >> 127.0.0.1:0/2896855362 conn(0x47ce800 0x36b6680 crc :-1 s=THROTTLE_MESSAGE pgs=2 gs=16 cs=0 l=1 c_cookie=8754404152100720556 s_cookie=0 reconnecting=0 rev1=1 crypto rx=0 tx=0 comp rx=0 tx=0).throttle_message
2026-02-12T20:53:16.471+0000 7fbd9c7f9640 20 --2- v2:127.0.0.1:7146/0 >> 127.0.0.1:0/2896855362 conn(0x47ce800 0x36b6680 crc :-1 s=THROTTLE_BYTES pgs=2 gs=16 cs=0 l=1 c_cookie=8754404152100720556 s_cookie=0 reconnecting=0 rev1=1 crypto rx=0 tx=0 comp rx=0 tx=0).throttle_bytes
2026-02-12T20:53:16.471+0000 7fbd9c7f9640 20 --2- v2:127.0.0.1:7146/0 >> 127.0.0.1:0/2896855362 conn(0x47ce800 0x36b6680 crc :-1 s=THROTTLE_DISPATCH_QUEUE pgs=2 gs=16 cs=0 l=1 c_cookie=8754404152100720556 s_cookie=0 reconnecting=0 rev1=1 crypto rx=0 tx=0 comp rx=0 tx=0).throttle_dispatch_queue
2026-02-12T20:53:16.471+0000 7fbd9c7f9640 20 --2- v2:127.0.0.1:7146/0 >> 127.0.0.1:0/2896855362 conn(0x47ce800 0x36b6680 crc :-1 s=THROTTLE_DONE pgs=2 gs=16 cs=0 l=1 c_cookie=8754404152100720556 s_cookie=0 reconnecting=0 rev1=1 crypto rx=0 tx=0 comp rx=0 tx=0).read_frame_segment seg_idx=0
2026-02-12T20:53:16.471+0000 7fbd9c7f9640 20 -- v2:127.0.0.1:7146/0 >> 127.0.0.1:0/2896855362 conn(0x47ce800 msgr2=0x36b6680 crc :-1 s=STATE_CONNECTION_ESTABLISHED l=1).read start len=45
2026-02-12T20:53:16.471+0000 7fbd9c7f9640 20 --2- v2:127.0.0.1:7146/0 >> 127.0.0.1:0/2896855362 conn(0x47ce800 0x36b6680 crc :-1 s=THROTTLE_DONE pgs=2 gs=16 cs=0 l=1 c_cookie=8754404152100720556 s_cookie=0 reconnecting=0 rev1=1 crypto rx=0 tx=0 comp rx=0 tx=0).handle_read_frame_segment r=0
2026-02-12T20:53:16.471+0000 7fbd9c7f9640 20 --2- v2:127.0.0.1:7146/0 >> 127.0.0.1:0/2896855362 conn(0x47ce800 0x36b6680 crc :-1 s=THROTTLE_DONE pgs=2 gs=16 cs=0 l=1 c_cookie=8754404152100720556 s_cookie=0 reconnecting=0 rev1=1 crypto rx=0 tx=0 comp rx=0 tx=0).read_frame_segment seg_idx=1
2026-02-12T20:53:16.471+0000 7fbd9c7f9640 20 -- v2:127.0.0.1:7146/0 >> 127.0.0.1:0/2896855362 conn(0x47ce800 msgr2=0x36b6680 crc :-1 s=STATE_CONNECTION_ESTABLISHED l=1).read start len=77
2026-02-12T20:53:16.471+0000 7fbd9c7f9640 20 --2- v2:127.0.0.1:7146/0 >> 127.0.0.1:0/2896855362 conn(0x47ce800 0x36b6680 crc :-1 s=THROTTLE_DONE pgs=2 gs=16 cs=0 l=1 c_cookie=8754404152100720556 s_cookie=0 reconnecting=0 rev1=1 crypto rx=0 tx=0 comp rx=0 tx=0).handle_read_frame_segment r=0
2026-02-12T20:53:16.471+0000 7fbd9c7f9640 20 -- v2:127.0.0.1:7146/0 >> 127.0.0.1:0/2896855362 conn(0x47ce800 msgr2=0x36b6680 crc :-1 s=STATE_CONNECTION_ESTABLISHED l=1).read start len=13
2026-02-12T20:53:16.471+0000 7fbd9c7f9640 20 --2- v2:127.0.0.1:7146/0 >> 127.0.0.1:0/2896855362 conn(0x47ce800 0x36b6680 crc :-1 s=THROTTLE_DONE pgs=2 gs=16 cs=0 l=1 c_cookie=8754404152100720556 s_cookie=0 reconnecting=0 rev1=1 crypto rx=0 tx=0 comp rx=0 tx=0).handle_read_frame_epilogue_main r=0
2026-02-12T20:53:16.471+0000 7fbd9c7f9640 10 --2- v2:127.0.0.1:7146/0 >> 127.0.0.1:0/2896855362 conn(0x47ce800 0x36b6680 crc :-1 s=THROTTLE_DONE pgs=2 gs=16 cs=0 l=1 c_cookie=8754404152100720556 s_cookie=0 reconnecting=0 rev1=1 crypto rx=0 tx=0 comp rx=0 tx=0).handle_read_frame_dispatch tag=17
2026-02-12T20:53:16.471+0000 7fbd9c7f9640 20 --2- v2:127.0.0.1:7146/0 >> 127.0.0.1:0/2896855362 conn(0x47ce800 0x36b6680 crc :-1 s=THROTTLE_DONE pgs=2 gs=16 cs=0 l=1 c_cookie=8754404152100720556 s_cookie=0 reconnecting=0 rev1=1 crypto rx=0 tx=0 comp rx=0 tx=0).handle_message
2026-02-12T20:53:16.471+0000 7fbd9c7f9640 5 --2- v2:127.0.0.1:7146/0 >> 127.0.0.1:0/2896855362 conn(0x47ce800 0x36b6680 crc :-1 s=THROTTLE_DONE pgs=2 gs=16 cs=0 l=1 c_cookie=8754404152100720556 s_cookie=0 reconnecting=0 rev1=1 crypto rx=0 tx=0 comp rx=0 tx=0).handle_message got 77 + 0 + 0 byte message. envelope type=50 src mgr.4100 off 0
2026-02-12T20:53:16.471+0000 7fbd9c7f9640 5 --2- v2:127.0.0.1:7146/0 >> 127.0.0.1:0/2896855362 conn(0x47ce800 0x36b6680 crc :-1 s=READ_MESSAGE_COMPLETE pgs=2 gs=16 cs=0 l=1 c_cookie=8754404152100720556 s_cookie=0 reconnecting=0 rev1=1 crypto rx=0 tx=0 comp rx=0 tx=0).handle_message received message m=0x46ed680 seq=8 from=mgr.4100 type=50 mon_command({"prefix": "osd metadata", "id": 0} v 0)
2026-02-12T20:53:16.471+0000 7fbd9c7f9640 20 -- v2:127.0.0.1:7146/0 queue 0x46ed680 prio 127
2026-02-12T20:53:16.471+0000 7fbd9c7f9640 20 --2- v2:127.0.0.1:7146/0 >> 127.0.0.1:0/2896855362 conn(0x47ce800 0x36b6680 crc :-1 s=READY pgs=2 gs=16 cs=0 l=1 c_cookie=8754404152100720556 s_cookie=0 reconnecting=0 rev1=1 crypto rx=0 tx=0 comp rx=0 tx=0).read_frame
2026-02-12T20:53:16.471+0000 7fbd9c7f9640 20 -- v2:127.0.0.1:7146/0 >> 127.0.0.1:0/2896855362 conn(0x47ce800 msgr2=0x36b6680 crc :-1 s=STATE_CONNECTION_ESTABLISHED l=1).read start len=32
2026-02-12T20:53:16.471+0000 7fbd9c7f9640 20 --2- v2:127.0.0.1:7146/0 >> 127.0.0.1:0/2896855362 conn(0x47ce800 0x36b6680 crc :-1 s=READY pgs=2 gs=16 cs=0 l=1 c_cookie=8754404152100720556 s_cookie=0 reconnecting=0 rev1=1 crypto rx=0 tx=0 comp rx=0 tx=0).handle_read_frame_preamble_main r=0
2026-02-12T20:53:16.471+0000 7fbd9c7f9640 20 --2- v2:127.0.0.1:7146/0 >> 127.0.0.1:0/2896855362 conn(0x47ce800 0x36b6680 crc :-1 s=THROTTLE_MESSAGE pgs=2 gs=16 cs=0 l=1 c_cookie=8754404152100720556 s_cookie=0 reconnecting=0 rev1=1 crypto rx=0 tx=0 comp rx=0 tx=0).throttle_message
2026-02-12T20:53:16.471+0000 7fbd9c7f9640 20 --2- v2:127.0.0.1:7146/0 >> 127.0.0.1:0/2896855362 conn(0x47ce800 0x36b6680 crc :-1 s=THROTTLE_BYTES pgs=2 gs=16 cs=0 l=1 c_cookie=8754404152100720556 s_cookie=0 reconnecting=0 rev1=1 crypto rx=0 tx=0 comp rx=0 tx=0).throttle_bytes
2026-02-12T20:53:16.471+0000 7fbd9c7f9640 20 --2- v2:127.0.0.1:7146/0 >> 127.0.0.1:0/2896855362 conn(0x47ce800 0x36b6680 crc :-1 s=THROTTLE_DISPATCH_QUEUE pgs=2 gs=16 cs=0 l=1 c_cookie=8754404152100720556 s_cookie=0 reconnecting=0 rev1=1 crypto rx=0 tx=0 comp rx=0 tx=0).throttle_dispatch_queue
2026-02-12T20:53:16.471+0000 7fbd9c7f9640 20 --2- v2:127.0.0.1:7146/0 >> 127.0.0.1:0/2896855362 conn(0x47ce800 0x36b6680 crc :-1 s=THROTTLE_DONE pgs=2 gs=16 cs=0 l=1 c_cookie=8754404152100720556 s_cookie=0 reconnecting=0 rev1=1 crypto rx=0 tx=0 comp rx=0 tx=0).read_frame_segment seg_idx=0
2026-02-12T20:53:16.471+0000 7fbd9c7f9640 20 -- v2:127.0.0.1:7146/0 >> 127.0.0.1:0/2896855362 conn(0x47ce800 msgr2=0x36b6680 crc :-1 s=STATE_CONNECTION_ESTABLISHED l=1).read start len=45
2026-02-12T20:53:16.471+0000 7fbd9c7f9640 20 --2- v2:127.0.0.1:7146/0 >> 127.0.0.1:0/2896855362 conn(0x47ce800 0x36b6680 crc :-1 s=THROTTLE_DONE pgs=2 gs=16 cs=0 l=1 c_cookie=8754404152100720556 s_cookie=0 reconnecting=0 rev1=1 crypto rx=0 tx=0 comp rx=0 tx=0).handle_read_frame_segment r=0
2026-02-12T20:53:16.471+0000 7fbd9c7f9640 20 --2- v2:127.0.0.1:7146/0 >> 127.0.0.1:0/2896855362 conn(0x47ce800 0x36b6680 crc :-1 s=THROTTLE_DONE pgs=2 gs=16 cs=0 l=1 c_cookie=8754404152100720556 s_cookie=0 reconnecting=0 rev1=1 crypto rx=0 tx=0 comp rx=0 tx=0).read_frame_segment seg_idx=1
2026-02-12T20:53:16.471+0000 7fbd9c7f9640 20 -- v2:127.0.0.1:7146/0 >> 127.0.0.1:0/2896855362 conn(0x47ce800 msgr2=0x36b6680 crc :-1 s=STATE_CONNECTION_ESTABLISHED l=1).read start len=35
2026-02-12T20:53:16.471+0000 7fbd9c7f9640 20 --2- v2:127.0.0.1:7146/0 >> 127.0.0.1:0/2896855362 conn(0x47ce800 0x36b6680 crc :-1 s=THROTTLE_DONE pgs=2 gs=16 cs=0 l=1 c_cookie=8754404152100720556 s_cookie=0 reconnecting=0 rev1=1 crypto rx=0 tx=0 comp rx=0 tx=0).handle_read_frame_segment r=0
2026-02-12T20:53:16.471+0000 7fbd9c7f9640 20 -- v2:127.0.0.1:7146/0 >> 127.0.0.1:0/2896855362 conn(0x47ce800 msgr2=0x36b6680 crc :-1 s=STATE_CONNECTION_ESTABLISHED l=1).read start len=13
2026-02-12T20:53:16.471+0000 7fbd9c7f9640 20 --2- v2:127.0.0.1:7146/0 >> 127.0.0.1:0/2896855362 conn(0x47ce800 0x36b6680 crc :-1 s=THROTTLE_DONE pgs=2 gs=16 cs=0 l=1 c_cookie=8754404152100720556 s_cookie=0 reconnecting=0 rev1=1 crypto rx=0 tx=0 comp rx=0 tx=0).handle_read_frame_epilogue_main r=0
2026-02-12T20:53:16.471+0000 7fbd9c7f9640 10 --2- v2:127.0.0.1:7146/0 >> 127.0.0.1:0/2896855362 conn(0x47ce800 0x36b6680 crc :-1 s=THROTTLE_DONE pgs=2 gs=16 cs=0 l=1 c_cookie=8754404152100720556 s_cookie=0 reconnecting=0 rev1=1 crypto rx=0 tx=0 comp rx=0 tx=0).handle_read_frame_dispatch tag=17
2026-02-12T20:53:16.471+0000 7fbd9c7f9640 20 --2- v2:127.0.0.1:7146/0 >> 127.0.0.1:0/2896855362 conn(0x47ce800 0x36b6680 crc :-1 s=THROTTLE_DONE pgs=2 gs=16 cs=0 l=1 c_cookie=8754404152100720556 s_cookie=0 reconnecting=0 rev1=1 crypto rx=0 tx=0 comp rx=0 tx=0).handle_message
2026-02-12T20:53:16.471+0000 7fbd987f1640 1 -- v2:127.0.0.1:7146/0 <== mgr.4100 127.0.0.1:0/2896855362 8 ==== mon_command({"prefix": "osd metadata", "id": 0} v 0) ==== 77+0+0 (crc 0 0 0) 0x46ed680 con 0x47ce800
2026-02-12T20:53:16.471+0000 7fbd987f1640 20 mon.a@0(leader) e1 _ms_dispatch existing session 0x476e240 for mgr.4100
2026-02-12T20:53:16.471+0000 7fbd9c7f9640 5 --2- v2:127.0.0.1:7146/0 >> 127.0.0.1:0/2896855362 conn(0x47ce800 0x36b6680 crc :-1 s=THROTTLE_DONE pgs=2 gs=16 cs=0 l=1 c_cookie=8754404152100720556 s_cookie=0 reconnecting=0 rev1=1 crypto rx=0 tx=0 comp rx=0 tx=0).handle_message got 35 + 0 + 0 byte message. envelope type=15 src mgr.4100 off 0
2026-02-12T20:53:16.471+0000 7fbd987f1640 20 mon.a@0(leader) e1 entity_name mgr.x global_id 4100 (none) caps allow *
2026-02-12T20:53:16.471+0000 7fbd9c7f9640 5 --2- v2:127.0.0.1:7146/0 >> 127.0.0.1:0/2896855362 conn(0x47ce800 0x36b6680 crc :-1 s=READ_MESSAGE_COMPLETE pgs=2 gs=16 cs=0 l=1 c_cookie=8754404152100720556 s_cookie=0 reconnecting=0 rev1=1 crypto rx=0 tx=0 comp rx=0 tx=0).handle_message received message m=0x4ab2d00 seq=9 from=mgr.4100 type=15 mon_subscribe({osdmap=4})
2026-02-12T20:53:16.471+0000 7fbd9c7f9640 20 -- v2:127.0.0.1:7146/0 queue 0x4ab2d00 prio 127
2026-02-12T20:53:16.471+0000 7fbd9c7f9640 20 --2- v2:127.0.0.1:7146/0 >> 127.0.0.1:0/2896855362 conn(0x47ce800 0x36b6680 crc :-1 s=READY pgs=2 gs=16 cs=0 l=1 c_cookie=8754404152100720556 s_cookie=0 reconnecting=0 rev1=1 crypto rx=0 tx=0 comp rx=0 tx=0).read_frame
2026-02-12T20:53:16.471+0000 7fbd987f1640 0 mon.a@0(leader) e1 handle_command mon_command({"prefix": "osd metadata", "id": 0} v 0)
2026-02-12T20:53:16.471+0000 7fbd9c7f9640 20 -- v2:127.0.0.1:7146/0 >> 127.0.0.1:0/2896855362 conn(0x47ce800 msgr2=0x36b6680 crc :-1 s=STATE_CONNECTION_ESTABLISHED l=1).read start len=32
2026-02-12T20:53:16.471+0000 7fbd987f1640 20 MonCap is_capable service=osd command=osd metadata read addr 127.0.0.1:0/2896855362 on cap allow *
2026-02-12T20:53:16.471+0000 7fbd987f1640 20 MonCap allow so far , doing grant allow *
2026-02-12T20:53:16.471+0000 7fbd987f1640 20 MonCap allow all
2026-02-12T20:53:16.471+0000 7fbd987f1640 10 mon.a@0(leader) e1 _allowed_command capable
2026-02-12T20:53:16.471+0000 7fbd987f1640 0 log_channel(audit) log [DBG] : from='mgr.4100 127.0.0.1:0/2896855362' entity='mgr.x' cmd={"prefix": "osd metadata", "id": 0} : dispatch
2026-02-12T20:53:16.471+0000 7fbd987f1640 1 -- v2:127.0.0.1:7146/0 --> v2:127.0.0.1:7146/0 -- log(1 entries from seq 35 at
2026-02-12T20:53:16.471950+0000) -- 0x47828c0 con 0x4488000
2026-02-12T20:53:16.471+0000 7fbd987f1640 20 -- v2:127.0.0.1:7146/0 >> v2:127.0.0.1:7146/0 conn(0x4488000 msgr2=0x367d000 unknown :-1 s=STATE_NONE l=0).send_message log(1 entries from seq 35 at
2026-02-12T20:53:16.471950+0000) local
2026-02-12T20:53:16.471+0000 7fbd987f1640 10 mon.a@0(leader).paxosservice(osdmap 1..3) dispatch 0x46ed680 mon_command({"prefix": "osd metadata", "id": 0} v 0) from mgr.4100 127.0.0.1:0/2896855362 con 0x47ce800
2026-02-12T20:53:16.471+0000 7fbd987f1640 5 mon.a@0(leader).paxos(paxos active c 1..16) is_readable = 1 - now=2026-02-12T20:53:16.471956+0000 lease_expire=1970-01-01T00:00:00.000000+0000 has v0 lc 16
2026-02-12T20:53:16.471+0000 7fbd97ff0640 20 -- v2:127.0.0.1:7146/0 queue 0x47828c0 prio 196
2026-02-12T20:53:16.471+0000 7fbd987f1640 10 mon.a@0(leader).osd e3 preprocess_query mon_command({"prefix": "osd metadata", "id": 0} v 0) from mgr.4100 127.0.0.1:0/2896855362
2026-02-12T20:53:16.471+0000 7fbd987f1640 2 mon.a@0(leader) e1 send_reply 0x46a4c60 0x4ab2340 mon_command_ack([{"prefix": "osd metadata", "id": 0}]=-2 v3)
2026-02-12T20:53:16.471+0000 7fbd987f1640 1 -- v2:127.0.0.1:7146/0 --> 127.0.0.1:0/2896855362 -- mon_command_ack([{"prefix": "osd metadata", "id": 0}]=-2 v3) -- 0x4ab2340 con 0x47ce800
2026-02-12T20:53:16.471+0000 7fbd987f1640 5 --2- v2:127.0.0.1:7146/0 >> 127.0.0.1:0/2896855362 conn(0x47ce800 0x36b6680 crc :-1 s=READY pgs=2 gs=16 cs=0 l=1 c_cookie=8754404152100720556 s_cookie=0 reconnecting=0 rev1=1 crypto rx=0 tx=0 comp rx=0 tx=0).send_message enqueueing message m=0x4ab2340 type=51 mon_command_ack([{"prefix": "osd metadata", "id": 0}]=-2 v3)
2026-02-12T20:53:16.471+0000 7fbd987f1640 15 --2- v2:127.0.0.1:7146/0 >> 127.0.0.1:0/2896855362 conn(0x47ce800 0x36b6680 crc :-1 s=READY pgs=2 gs=16 cs=0 l=1 c_cookie=8754404152100720556 s_cookie=0 reconnecting=0 rev1=1 crypto rx=0 tx=0 comp rx=0 tx=0).send_message message queued for async transmission m=0x4ab2340
2026-02-12T20:53:16.471+0000 7fbd987f1640 20 Event(0x359abc8 nevent=5000 time_id=4).wakeup
2026-02-12T20:53:16.471+0000 7fbd987f1640 10 -- v2:127.0.0.1:7146/0 dispatch_throttle_release 77 to dispatch throttler 112/104857600
2026-02-12T20:53:16.471+0000 7fbd987f1640 20 -- v2:127.0.0.1:7146/0 done calling dispatch on 0x46ed680
2026-02-12T20:53:16.471+0000 7fbd987f1640 1 -- v2:127.0.0.1:7146/0 <== mon.0 v2:127.0.0.1:7146/0 0 ==== log(1 entries from seq 35 at
2026-02-12T20:53:16.471950+0000) ==== 0+0+0 (unknown 0 0 0) 0x47828c0 con 0x4488000
2026-02-12T20:53:16.471+0000 7fbd987f1640 20 mon.a@0(leader) e1 _ms_dispatch existing session 0x4534240 for mon.0
2026-02-12T20:53:16.471+0000 7fbd9c7f9640 10 -- v2:127.0.0.1:7146/0 >> 127.0.0.1:0/2896855362 conn(0x47ce800 msgr2=0x36b6680 crc :-1 s=STATE_CONNECTION_ESTABLISHED l=1).handle_write
2026-02-12T20:53:16.471+0000 7fbd987f1640 20 mon.a@0(leader) e1 entity_name global_id 0 (none) caps allow *
2026-02-12T20:53:16.471+0000 7fbd987f1640 10 mon.a@0(leader).paxosservice(logm 1..9) dispatch 0x47828c0 log(1 entries from seq 35 at
2026-02-12T20:53:16.471950+0000) from mon.0 v2:127.0.0.1:7146/0 con 0x4488000
2026-02-12T20:53:16.471+0000 7fbd9c7f9640 10 --2- v2:127.0.0.1:7146/0 >> 127.0.0.1:0/2896855362 conn(0x47ce800 0x36b6680 crc :-1 s=READY pgs=2 gs=16 cs=0 l=1 c_cookie=8754404152100720556 s_cookie=0 reconnecting=0 rev1=1 crypto rx=0 tx=0 comp rx=0 tx=0).write_event
2026-02-12T20:53:16.471+0000 7fbd987f1640 5 mon.a@0(leader).paxos(paxos active c 1..16) is_readable = 1 - now=2026-02-12T20:53:16.471977+0000 lease_expire=1970-01-01T00:00:00.000000+0000 has v0 lc 16
2026-02-12T20:53:16.471+0000 7fbd987f1640 10 mon.a@0(leader).log v9 preprocess_query log(1 entries from seq 35 at
2026-02-12T20:53:16.471950+0000) from mon.0 v2:127.0.0.1:7146/0
2026-02-12T20:53:16.471+0000 7fbd987f1640 10 mon.a@0(leader).log v9 preprocess_log log(1 entries from seq 35 at
2026-02-12T20:53:16.471950+0000) from mon.0
2026-02-12T20:53:16.471+0000 7fbd987f1640 20 MonCap is_capable service=log command= write addr - on cap allow *
2026-02-12T20:53:16.471+0000 7fbd987f1640 20 MonCap allow so far , doing grant allow *
2026-02-12T20:53:16.471+0000 7fbd987f1640 20 MonCap allow all
2026-02-12T20:53:16.471+0000 7fbd9c7f9640 20 --2- v2:127.0.0.1:7146/0 >> 127.0.0.1:0/2896855362 conn(0x47ce800 0x36b6680 crc :-1 s=READY pgs=2 gs=16 cs=0 l=1 c_cookie=8754404152100720556 s_cookie=0 reconnecting=0 rev1=1 crypto rx=0 tx=0 comp rx=0 tx=0).prepare_send_message m=mon_command_ack([{"prefix": "osd metadata", "id": 0}]=-2 v3)
2026-02-12T20:53:16.471+0000 7fbd987f1640 10 mon.a@0(leader) e1 no_reply to mon.0 v2:127.0.0.1:7146/0 log(1 entries from seq 35 at
2026-02-12T20:53:16.471950+0000)
2026-02-12T20:53:16.471+0000 7fbd987f1640 10 mon.a@0(leader).log v9 prepare_update log(1 entries from seq 35 at
2026-02-12T20:53:16.471950+0000) from mon.0 v2:127.0.0.1:7146/0
2026-02-12T20:53:16.471+0000 7fbd987f1640 10 mon.a@0(leader).log v9 prepare_log log(1 entries from seq 35 at
2026-02-12T20:53:16.471950+0000) from mon.0
2026-02-12T20:53:16.471+0000 7fbd987f1640 10 mon.a@0(leader).log v9 logging
2026-02-12T20:53:16.471950+0000 mon.a (mon.0) 35 : audit [DBG] from='mgr.4100 127.0.0.1:0/2896855362' entity='mgr.x' cmd={"prefix": "osd metadata", "id": 0} : dispatch
2026-02-12T20:53:16.471+0000 7fbd9c7f9640 20 --2- v2:127.0.0.1:7146/0 >> 127.0.0.1:0/2896855362 conn(0x47ce800 0x36b6680 crc :-1 s=READY pgs=2 gs=16 cs=0 l=1 c_cookie=8754404152100720556 s_cookie=0 reconnecting=0 rev1=1 crypto rx=0 tx=0 comp rx=0 tx=0).prepare_send_message encoding features 4544132024016699391 0x4ab2340 mon_command_ack([{"prefix": "osd metadata", "id": 0}]=-2 v3)
2026-02-12T20:53:16.471+0000 7fbd987f1640 10 mon.a@0(leader).paxosservice(logm 1..9) proposal_timer already set
2026-02-12T20:53:16.471+0000 7fbd987f1640 20 -- v2:127.0.0.1:7146/0 done calling dispatch on 0x47828c0
2026-02-12T20:53:16.471+0000 7fbd987f1640 1 -- v2:127.0.0.1:7146/0 <== mgr.4100 127.0.0.1:0/2896855362 9 ==== mon_subscribe({osdmap=4}) ==== 35+0+0 (crc 0 0 0) 0x4ab2d00 con 0x47ce800
2026-02-12T20:53:16.471+0000 7fbd9c7f9640 2 --2- v2:127.0.0.1:7146/0 >> 127.0.0.1:0/2896855362 conn(0x47ce800 0x36b6680 crc :-1 s=READY pgs=2 gs=16 cs=0 l=1 c_cookie=8754404152100720556 s_cookie=0 reconnecting=0 rev1=1 crypto rx=0 tx=0 comp rx=0 tx=0).write_message sending message m=0x4ab2340 seq=17 mon_command_ack([{"prefix": "osd metadata", "id": 0}]=-2 v3)
2026-02-12T20:53:16.471+0000 7fbd987f1640 20 mon.a@0(leader) e1 _ms_dispatch existing session 0x476e240 for mgr.4100
2026-02-12T20:53:16.471+0000 7fbd987f1640 20 mon.a@0(leader) e1 entity_name mgr.x global_id 4100 (none) caps allow *
2026-02-12T20:53:16.471+0000 7fbd9c7f9640 20 --2- v2:127.0.0.1:7146/0 >> 127.0.0.1:0/2896855362 conn(0x47ce800 0x36b6680 crc :-1 s=READY pgs=2 gs=16 cs=0 l=1 c_cookie=8754404152100720556 s_cookie=0 reconnecting=0 rev1=1 crypto rx=0 tx=0 comp rx=0 tx=0).write_message sending m=0x4ab2340 seq=17 src=mon.0 off=0
2026-02-12T20:53:16.471+0000 7fbd987f1640 10 mon.a@0(leader) e1 handle_subscribe mon_subscribe({osdmap=4})
2026-02-12T20:53:16.471+0000 7fbd987f1640 20 MonCap is_capable service=mon command= read addr 127.0.0.1:0/2896855362 on cap allow *
2026-02-12T20:53:16.471+0000 7fbd987f1640 20 MonCap allow so far , doing grant allow *
2026-02-12T20:53:16.471+0000 7fbd987f1640 20 MonCap allow all
2026-02-12T20:53:16.471+0000 7fbd987f1640 20 MonCap is_capable service=osd command= read addr 127.0.0.1:0/2896855362 on cap allow *
2026-02-12T20:53:16.471+0000 7fbd987f1640 20 MonCap allow so far , doing grant allow *
2026-02-12T20:53:16.471+0000 7fbd987f1640 20 MonCap allow all
2026-02-12T20:53:16.471+0000 7fbd987f1640 10 mon.a@0(leader).osd e3 check_osdmap_sub 0x46bf1a0 next 4 (onetime)
2026-02-12T20:53:16.471+0000 7fbd987f1640 10 -- v2:127.0.0.1:7146/0 dispatch_throttle_release 35 to dispatch throttler 35/104857600
2026-02-12T20:53:16.471+0000 7fbd987f1640 20 -- v2:127.0.0.1:7146/0 done calling dispatch on 0x4ab2d00
2026-02-12T20:53:16.471+0000 7fbd9c7f9640 10 -- v2:127.0.0.1:7146/0 >> 127.0.0.1:0/2896855362 conn(0x47ce800 msgr2=0x36b6680 crc :-1 s=STATE_CONNECTION_ESTABLISHED l=1)._try_send sent bytes 159 remaining bytes 0
2026-02-12T20:53:16.471+0000 7fbd9c7f9640 10 --2- v2:127.0.0.1:7146/0 >> 127.0.0.1:0/2896855362 conn(0x47ce800 0x36b6680 crc :-1 s=READY pgs=2 gs=16 cs=0 l=1 c_cookie=8754404152100720556 s_cookie=0 reconnecting=0 rev1=1 crypto rx=0 tx=0 comp rx=0 tx=0).write_message sending 0x4ab2340 done.
2026-02-12T20:53:16.471+0000 7fbd967ed640 10 Processor -- accept listen_fd=25
2026-02-12T20:53:16.471+0000 7fbd967ed640 10 Processor -- accept accepted incoming on sd 36
2026-02-12T20:53:16.471+0000 7fbd967ed640 10 -- v2:127.0.0.1:7146/0 >> conn(0x47cec00 msgr2=0x4789b80 unknown :-1 s=STATE_NONE l=0).accept sd=36 listen_addr v2:127.0.0.1:7146/0 peer_addr v2:127.0.0.1:41520/0
2026-02-12T20:53:16.471+0000 7fbd967ed640 1 --2- v2:127.0.0.1:7146/0 >> conn(0x47cec00 0x4789b80 unknown :-1 s=NONE pgs=0 gs=0 cs=0 l=0 c_cookie=0 s_cookie=0 reconnecting=0 rev1=0 crypto rx=0 tx=0 comp rx=0 tx=0).accept
2026-02-12T20:53:16.471+0000 7fbd967ed640 20 Event(0x359a2c8 nevent=5000 time_id=2).wakeup
2026-02-12T20:53:16.471+0000 7fbd96fee640 20 -- v2:127.0.0.1:7146/0 >> conn(0x47cec00 msgr2=0x4789b80 unknown :-1 s=STATE_ACCEPTING l=0).process
2026-02-12T20:53:16.471+0000 7fbd96fee640 20 Event(0x359a2c8 nevent=5000 time_id=2).create_file_event create event started fd=36 mask=1 original mask is 0
2026-02-12T20:53:16.471+0000 7fbd96fee640 20 EpollDriver.add_event add event fd=36 cur_mask=0 add_mask=1 to 21
2026-02-12T20:53:16.471+0000 7fbd96fee640 20 Event(0x359a2c8 nevent=5000 time_id=2).create_file_event create event end fd=36 mask=1 current mask is 1
2026-02-12T20:53:16.471+0000 7fbd96fee640 20 --2- v2:127.0.0.1:7146/0 >> conn(0x47cec00 0x4789b80 unknown :-1 s=START_ACCEPT pgs=0 gs=0 cs=0 l=0 c_cookie=0 s_cookie=0 reconnecting=0 rev1=0 crypto rx=0 tx=0 comp rx=0 tx=0).read_event
2026-02-12T20:53:16.471+0000 7fbd96fee640 20 --2- v2:127.0.0.1:7146/0 >> conn(0x47cec00 0x4789b80 unknown :-1 s=START_ACCEPT pgs=0 gs=0 cs=0 l=0 c_cookie=0 s_cookie=0 reconnecting=0 rev1=0 crypto rx=0 tx=0 comp rx=0 tx=0).start_server_banner_exchange
2026-02-12T20:53:16.471+0000 7fbd96fee640 20 --2- v2:127.0.0.1:7146/0 >> conn(0x47cec00 0x4789b80 unknown :-1 s=BANNER_ACCEPTING pgs=0 gs=0 cs=0 l=0 c_cookie=0 s_cookie=0 reconnecting=0 rev1=0 crypto rx=0 tx=0 comp rx=0 tx=0)._banner_exchange
2026-02-12T20:53:16.471+0000 7fbd96fee640 10 -- v2:127.0.0.1:7146/0 >> conn(0x47cec00 msgr2=0x4789b80 unknown :-1 s=STATE_CONNECTION_ESTABLISHED l=0)._try_send sent bytes 26 remaining bytes 0
2026-02-12T20:53:16.471+0000 7fbd96fee640 20 -- v2:127.0.0.1:7146/0 >> conn(0x47cec00 msgr2=0x4789b80 unknown :-1 s=STATE_CONNECTION_ESTABLISHED l=0).read start len=10
2026-02-12T20:53:16.471+0000 7fbd96fee640 20 --2- v2:127.0.0.1:7146/0 >> conn(0x47cec00 0x4789b80 unknown :-1 s=BANNER_ACCEPTING pgs=0 gs=0 cs=0 l=0 c_cookie=0 s_cookie=0 reconnecting=0 rev1=0 crypto rx=0 tx=0 comp rx=0 tx=0)._handle_peer_banner r=0
2026-02-12T20:53:16.471+0000 7fbd96fee640 20 -- v2:127.0.0.1:7146/0 >> conn(0x47cec00 msgr2=0x4789b80 unknown :-1 s=STATE_CONNECTION_ESTABLISHED l=0).read start len=16
2026-02-12T20:53:16.471+0000 7fbd96fee640 20 --2- v2:127.0.0.1:7146/0 >> conn(0x47cec00 0x4789b80 unknown :-1 s=BANNER_ACCEPTING pgs=0 gs=0 cs=0 l=0 c_cookie=0 s_cookie=0 reconnecting=0 rev1=0 crypto rx=0 tx=0 comp rx=0 tx=0)._handle_peer_banner_payload r=0
2026-02-12T20:53:16.471+0000 7fbd96fee640 1 --2- v2:127.0.0.1:7146/0 >> conn(0x47cec00 0x4789b80 unknown :-1 s=BANNER_ACCEPTING pgs=0 gs=0 cs=0 l=0 c_cookie=0 s_cookie=0 reconnecting=0 rev1=0 crypto rx=0 tx=0 comp rx=0 tx=0)._handle_peer_banner_payload supported=3 required=0
2026-02-12T20:53:16.471+0000 7fbd96fee640 10 -- v2:127.0.0.1:7146/0 >> conn(0x47cec00 msgr2=0x4789b80 unknown :-1 s=STATE_CONNECTION_ESTABLISHED l=0)._try_send sent bytes 72 remaining bytes 0
2026-02-12T20:53:16.471+0000 7fbd96fee640 20 --2- v2:127.0.0.1:7146/0 >> conn(0x47cec00 0x4789b80 unknown :-1 s=HELLO_ACCEPTING pgs=0 gs=0 cs=0 l=0 c_cookie=0 s_cookie=0 reconnecting=0 rev1=1 crypto rx=0 tx=0 comp rx=0 tx=0).read_frame
2026-02-12T20:53:16.471+0000 7fbd96fee640 20 -- v2:127.0.0.1:7146/0 >> conn(0x47cec00 msgr2=0x4789b80 unknown :-1 s=STATE_CONNECTION_ESTABLISHED l=0).read start len=32
2026-02-12T20:53:16.471+0000 7fbd96fee640 20 -- v2:127.0.0.1:7146/0 >> conn(0x47cec00 msgr2=0x4789b80 unknown :-1 s=STATE_CONNECTION_ESTABLISHED l=0).process
2026-02-12T20:53:16.471+0000 7fbd96fee640 20 -- v2:127.0.0.1:7146/0 >> conn(0x47cec00 msgr2=0x4789b80 unknown :-1 s=STATE_CONNECTION_ESTABLISHED l=0).read continue len=32
2026-02-12T20:53:16.471+0000 7fbd96fee640 20 --2- v2:127.0.0.1:7146/0 >> conn(0x47cec00 0x4789b80 unknown :-1 s=HELLO_ACCEPTING pgs=0 gs=0 cs=0 l=0 c_cookie=0 s_cookie=0 reconnecting=0 rev1=1 crypto rx=0 tx=0 comp rx=0 tx=0).handle_read_frame_preamble_main r=0
2026-02-12T20:53:16.471+0000 7fbd96fee640 20 --2- v2:127.0.0.1:7146/0 >> conn(0x47cec00 0x4789b80 unknown :-1 s=HELLO_ACCEPTING pgs=0 gs=0 cs=0 l=0 c_cookie=0 s_cookie=0 reconnecting=0 rev1=1 crypto rx=0 tx=0 comp rx=0 tx=0).read_frame_segment seg_idx=0
2026-02-12T20:53:16.471+0000 7fbd96fee640 20 -- v2:127.0.0.1:7146/0 >> conn(0x47cec00 msgr2=0x4789b80 unknown :-1 s=STATE_CONNECTION_ESTABLISHED l=0).read start len=40
2026-02-12T20:53:16.471+0000 7fbd96fee640 20 --2- v2:127.0.0.1:7146/0 >> conn(0x47cec00 0x4789b80 unknown :-1 s=HELLO_ACCEPTING pgs=0 gs=0 cs=0 l=0 c_cookie=0 s_cookie=0 reconnecting=0 rev1=1 crypto rx=0 tx=0 comp rx=0 tx=0).handle_read_frame_segment r=0
2026-02-12T20:53:16.471+0000 7fbd96fee640 10 --2- v2:127.0.0.1:7146/0 >> conn(0x47cec00 0x4789b80 unknown :-1 s=HELLO_ACCEPTING pgs=0 gs=0 cs=0 l=0 c_cookie=0 s_cookie=0 reconnecting=0 rev1=1 crypto rx=0 tx=0 comp rx=0 tx=0).handle_read_frame_dispatch tag=1
2026-02-12T20:53:16.471+0000 7fbd96fee640 20 --2- v2:127.0.0.1:7146/0 >> conn(0x47cec00 0x4789b80 unknown :-1 s=HELLO_ACCEPTING pgs=0 gs=0 cs=0 l=0 c_cookie=0 s_cookie=0 reconnecting=0 rev1=1 crypto rx=0 tx=0 comp rx=0 tx=0).handle_hello payload.length()=36
2026-02-12T20:53:16.471+0000 7fbd96fee640 5 --2- v2:127.0.0.1:7146/0 >> conn(0x47cec00 0x4789b80 unknown :-1 s=HELLO_ACCEPTING pgs=0 gs=0 cs=0 l=0 c_cookie=0 s_cookie=0 reconnecting=0 rev1=1 crypto rx=0 tx=0 comp rx=0 tx=0).handle_hello received hello: peer_type=8 peer_addr_for_me=v2:127.0.0.1:7146/0
2026-02-12T20:53:16.471+0000 7fbd96fee640 5 --2- v2:127.0.0.1:7146/0 >> conn(0x47cec00 0x4789b80 unknown :-1 s=HELLO_ACCEPTING pgs=0 gs=0 cs=0 l=0 c_cookie=0 s_cookie=0 reconnecting=0 rev1=1 crypto rx=0 tx=0 comp rx=0 tx=0).handle_hello getsockname says I am 127.0.0.1:7146 when talking to v2:127.0.0.1:41520/0
2026-02-12T20:53:16.471+0000 7fbd96fee640 10 --2- v2:127.0.0.1:7146/0 >> conn(0x47cec00 0x4789b80 unknown :-1 s=HELLO_ACCEPTING pgs=0 gs=0 cs=0 l=1 c_cookie=0 s_cookie=0 reconnecting=0 rev1=1 crypto rx=0 tx=0 comp rx=0 tx=0).handle_hello accept of host_type 8, policy.lossy=1 policy.server=1 policy.standby=0 policy.resetcheck=0
2026-02-12T20:53:16.471+0000 7fbd96fee640 20 --2- v2:127.0.0.1:7146/0 >> conn(0x47cec00 0x4789b80 unknown :-1 s=HELLO_ACCEPTING pgs=0 gs=0 cs=0 l=1 c_cookie=0 s_cookie=0 reconnecting=0 rev1=1 crypto rx=0 tx=0 comp rx=0 tx=0).post_server_banner_exchange
2026-02-12T20:53:16.471+0000 7fbd96fee640 20 --2- v2:127.0.0.1:7146/0 >> conn(0x47cec00 0x4789b80 unknown :-1 s=AUTH_ACCEPTING pgs=0 gs=0 cs=0 l=1 c_cookie=0 s_cookie=0 reconnecting=0 rev1=1 crypto rx=0 tx=0 comp rx=0 tx=0).read_frame
2026-02-12T20:53:16.471+0000 7fbd96fee640 20 -- v2:127.0.0.1:7146/0 >> conn(0x47cec00 msgr2=0x4789b80 unknown :-1 s=STATE_CONNECTION_ESTABLISHED l=1).read start len=32
2026-02-12T20:53:16.471+0000 7fbd96fee640 20 -- v2:127.0.0.1:7146/0 >> conn(0x47cec00 msgr2=0x4789b80 unknown :-1 s=STATE_CONNECTION_ESTABLISHED l=1).process
2026-02-12T20:53:16.471+0000 7fbd96fee640 20 -- v2:127.0.0.1:7146/0 >> conn(0x47cec00 msgr2=0x4789b80 unknown :-1 s=STATE_CONNECTION_ESTABLISHED l=1).read continue len=32
2026-02-12T20:53:16.471+0000 7fbd96fee640 20 --2- v2:127.0.0.1:7146/0 >> conn(0x47cec00 0x4789b80 unknown :-1 s=AUTH_ACCEPTING pgs=0 gs=0 cs=0 l=1 c_cookie=0 s_cookie=0 reconnecting=0 rev1=1 crypto rx=0 tx=0 comp rx=0 tx=0).handle_read_frame_preamble_main r=0
2026-02-12T20:53:16.471+0000 7fbd96fee640 20 --2- v2:127.0.0.1:7146/0 >> conn(0x47cec00 0x4789b80 unknown :-1 s=AUTH_ACCEPTING pgs=0 gs=0 cs=0 l=1 c_cookie=0 s_cookie=0 reconnecting=0 rev1=1 crypto rx=0 tx=0 comp rx=0 tx=0).read_frame_segment seg_idx=0
2026-02-12T20:53:16.471+0000 7fbd96fee640 20 -- v2:127.0.0.1:7146/0 >> conn(0x47cec00 msgr2=0x4789b80 unknown :-1 s=STATE_CONNECTION_ESTABLISHED l=1).read start len=38
2026-02-12T20:53:16.471+0000 7fbd96fee640 20 --2- v2:127.0.0.1:7146/0 >> conn(0x47cec00 0x4789b80 unknown :-1 s=AUTH_ACCEPTING pgs=0 gs=0 cs=0 l=1 c_cookie=0 s_cookie=0 reconnecting=0 rev1=1 crypto rx=0 tx=0 comp rx=0 tx=0).handle_read_frame_segment r=0
2026-02-12T20:53:16.471+0000 7fbd96fee640 10 --2- v2:127.0.0.1:7146/0 >> conn(0x47cec00 0x4789b80 unknown :-1 s=AUTH_ACCEPTING pgs=0 gs=0 cs=0 l=1 c_cookie=0 s_cookie=0 reconnecting=0 rev1=1 crypto rx=0 tx=0 comp rx=0 tx=0).handle_read_frame_dispatch tag=2
2026-02-12T20:53:16.471+0000 7fbd96fee640 20 --2- v2:127.0.0.1:7146/0 >> conn(0x47cec00 0x4789b80 unknown :-1 s=AUTH_ACCEPTING pgs=0 gs=0 cs=0 l=1 c_cookie=0 s_cookie=0 reconnecting=0 rev1=1 crypto rx=0 tx=0 comp rx=0 tx=0).handle_auth_request payload.length()=34
2026-02-12T20:53:16.471+0000 7fbd96fee640 10 --2- v2:127.0.0.1:7146/0 >> conn(0x47cec00 0x4789b80 unknown :-1 s=AUTH_ACCEPTING pgs=0 gs=0 cs=0 l=1 c_cookie=0 s_cookie=0 reconnecting=0 rev1=1 crypto rx=0 tx=0 comp rx=0 tx=0).handle_auth_request AuthRequest(method=1, preferred_modes=[1], payload_len=18)
2026-02-12T20:53:16.471+0000 7fbd96fee640 10 mon.a@0(leader) e1 handle_auth_request con 0x47cec00 (start) method 1 payload 18
2026-02-12T20:53:16.471+0000 7fbd96fee640 10 mon.a@0(leader).auth v3 _assign_global_id 4112 (max 14096)
2026-02-12T20:53:16.471+0000 7fbd96fee640 10 mon.a@0(leader) e1 ms_handle_fast_authentication session 0x476e900 con 0x47cec00 addr - MonSession(unknown.0 is open , features 0x0 (unknown))
2026-02-12T20:53:16.471+0000 7fbd96fee640 10 -- v2:127.0.0.1:7146/0 >> conn(0x47cec00 msgr2=0x4789b80 crc :-1 s=STATE_CONNECTION_ESTABLISHED l=1)._try_send sent bytes 52 remaining bytes 0
2026-02-12T20:53:16.471+0000 7fbd96fee640 10 -- v2:127.0.0.1:7146/0 >> conn(0x47cec00 msgr2=0x4789b80 crc :-1 s=STATE_CONNECTION_ESTABLISHED l=1)._try_send sent bytes 68 remaining bytes 0
2026-02-12T20:53:16.471+0000 7fbd96fee640 20 --2- v2:127.0.0.1:7146/0 >> conn(0x47cec00 0x4789b80 crc :-1 s=AUTH_ACCEPTING_SIGN pgs=0 gs=0 cs=0 l=1 c_cookie=0 s_cookie=0 reconnecting=0 rev1=1 crypto rx=0 tx=0 comp rx=0 tx=0).read_frame
2026-02-12T20:53:16.471+0000 7fbd96fee640 20 -- v2:127.0.0.1:7146/0 >> conn(0x47cec00 msgr2=0x4789b80 crc :-1 s=STATE_CONNECTION_ESTABLISHED l=1).read start len=32
2026-02-12T20:53:16.471+0000 7fbd96fee640 20 -- v2:127.0.0.1:7146/0 >> conn(0x47cec00 msgr2=0x4789b80 crc :-1 s=STATE_CONNECTION_ESTABLISHED l=1).process
2026-02-12T20:53:16.471+0000 7fbd96fee640 20 -- v2:127.0.0.1:7146/0 >> conn(0x47cec00 msgr2=0x4789b80 crc :-1 s=STATE_CONNECTION_ESTABLISHED l=1).read continue len=32
2026-02-12T20:53:16.471+0000 7fbd96fee640 20 --2- v2:127.0.0.1:7146/0 >> conn(0x47cec00 0x4789b80 crc :-1 s=AUTH_ACCEPTING_SIGN pgs=0 gs=0 cs=0 l=1 c_cookie=0 s_cookie=0 reconnecting=0 rev1=1 crypto rx=0 tx=0 comp rx=0 tx=0).handle_read_frame_preamble_main r=0
2026-02-12T20:53:16.471+0000 7fbd96fee640 20 --2- v2:127.0.0.1:7146/0 >> conn(0x47cec00 0x4789b80 crc :-1 s=AUTH_ACCEPTING_SIGN pgs=0 gs=0 cs=0 l=1 c_cookie=0 s_cookie=0 reconnecting=0 rev1=1 crypto rx=0 tx=0 comp rx=0 tx=0).read_frame_segment seg_idx=0
2026-02-12T20:53:16.471+0000 7fbd96fee640 20 -- v2:127.0.0.1:7146/0 >> conn(0x47cec00 msgr2=0x4789b80 crc :-1 s=STATE_CONNECTION_ESTABLISHED l=1).read start len=36
2026-02-12T20:53:16.471+0000 7fbd96fee640 20 --2- v2:127.0.0.1:7146/0 >> conn(0x47cec00 0x4789b80 crc :-1 s=AUTH_ACCEPTING_SIGN pgs=0 gs=0 cs=0 l=1 c_cookie=0 s_cookie=0 reconnecting=0 rev1=1 crypto rx=0 tx=0 comp rx=0 tx=0).handle_read_frame_segment r=0
2026-02-12T20:53:16.471+0000 7fbd96fee640 10 --2- v2:127.0.0.1:7146/0 >> conn(0x47cec00 0x4789b80 crc :-1 s=AUTH_ACCEPTING_SIGN pgs=0 gs=0 cs=0 l=1 c_cookie=0 s_cookie=0 reconnecting=0 rev1=1 crypto rx=0 tx=0 comp rx=0 tx=0).handle_read_frame_dispatch tag=7
2026-02-12T20:53:16.471+0000 7fbd96fee640 20 --2- v2:127.0.0.1:7146/0 >> conn(0x47cec00 0x4789b80 crc :-1 s=AUTH_ACCEPTING_SIGN pgs=0 gs=0 cs=0 l=1 c_cookie=0 s_cookie=0 reconnecting=0 rev1=1 crypto rx=0 tx=0 comp rx=0 tx=0).handle_auth_signature payload.length()=32
2026-02-12T20:53:16.471+0000 7fbd96fee640 20 --2- v2:127.0.0.1:7146/0 >> conn(0x47cec00 0x4789b80 crc :-1 s=AUTH_ACCEPTING_SIGN pgs=0 gs=0 cs=0 l=1 c_cookie=0 s_cookie=0 reconnecting=0 rev1=1 crypto rx=0 tx=0 comp rx=0 tx=0).handle_auth_signature pre-auth signature success sig_frame.signature()=0000000000000000000000000000000000000000000000000000000000000000
2026-02-12T20:53:16.471+0000 7fbd96fee640 20 --2- v2:127.0.0.1:7146/0 >> conn(0x47cec00 0x4789b80 crc :-1 s=AUTH_ACCEPTING_SIGN pgs=0 gs=0 cs=0 l=1 c_cookie=0 s_cookie=0 reconnecting=0 rev1=1 crypto rx=0 tx=0 comp rx=0 tx=0).finish_server_auth
2026-02-12T20:53:16.471+0000 7fbd96fee640 20 --2- v2:127.0.0.1:7146/0 >> conn(0x47cec00 0x4789b80 crc :-1 s=COMPRESSION_ACCEPTING pgs=0 gs=0 cs=0 l=1 c_cookie=0 s_cookie=0 reconnecting=0 rev1=1 crypto rx=0 tx=0 comp rx=0 tx=0).read_frame
2026-02-12T20:53:16.471+0000 7fbd96fee640 20 -- v2:127.0.0.1:7146/0 >> conn(0x47cec00 msgr2=0x4789b80 crc :-1 s=STATE_CONNECTION_ESTABLISHED l=1).read start len=32
2026-02-12T20:53:16.472+0000 7fbd96fee640 20 -- v2:127.0.0.1:7146/0 >> conn(0x47cec00 msgr2=0x4789b80 crc :-1 s=STATE_CONNECTION_ESTABLISHED l=1).process
2026-02-12T20:53:16.472+0000 7fbd96fee640 20 -- v2:127.0.0.1:7146/0 >> conn(0x47cec00 msgr2=0x4789b80 crc :-1 s=STATE_CONNECTION_ESTABLISHED l=1).read continue len=32
2026-02-12T20:53:16.472+0000 7fbd96fee640 20 --2- v2:127.0.0.1:7146/0 >> conn(0x47cec00 0x4789b80 crc :-1 s=COMPRESSION_ACCEPTING pgs=0 gs=0 cs=0 l=1 c_cookie=0 s_cookie=0 reconnecting=0 rev1=1 crypto rx=0 tx=0 comp rx=0 tx=0).handle_read_frame_preamble_main r=0
2026-02-12T20:53:16.472+0000 7fbd96fee640 20 --2- v2:127.0.0.1:7146/0 >> conn(0x47cec00 0x4789b80 crc :-1 s=COMPRESSION_ACCEPTING pgs=0 gs=0 cs=0 l=1 c_cookie=0 s_cookie=0 reconnecting=0 rev1=1 crypto rx=0 tx=0 comp rx=0 tx=0).read_frame_segment seg_idx=0
2026-02-12T20:53:16.472+0000 7fbd96fee640 20 -- v2:127.0.0.1:7146/0 >> conn(0x47cec00 msgr2=0x4789b80 crc :-1 s=STATE_CONNECTION_ESTABLISHED l=1).read start len=9
2026-02-12T20:53:16.472+0000 7fbd96fee640 20 --2- v2:127.0.0.1:7146/0 >> conn(0x47cec00 0x4789b80 crc :-1 s=COMPRESSION_ACCEPTING pgs=0 gs=0 cs=0 l=1 c_cookie=0 s_cookie=0 reconnecting=0 rev1=1 crypto rx=0 tx=0 comp rx=0 tx=0).handle_read_frame_segment r=0
2026-02-12T20:53:16.472+0000 7fbd96fee640 10 --2- v2:127.0.0.1:7146/0 >> conn(0x47cec00 0x4789b80 crc :-1 s=COMPRESSION_ACCEPTING pgs=0 gs=0 cs=0 l=1 c_cookie=0 s_cookie=0 reconnecting=0 rev1=1 crypto rx=0 tx=0 comp rx=0 tx=0).handle_read_frame_dispatch tag=21
2026-02-12T20:53:16.472+0000 7fbd96fee640 10 --2- v2:127.0.0.1:7146/0 >> conn(0x47cec00 0x4789b80 crc :-1 s=COMPRESSION_ACCEPTING pgs=0 gs=0 cs=0 l=1 c_cookie=0 s_cookie=0 reconnecting=0 rev1=1 crypto rx=0 tx=0 comp rx=0 tx=0).handle_compression_request CompressionRequestFrame(is_compress=0, preferred_methods=[])
2026-02-12T20:53:16.472+0000 7fbd96fee640 20 CompressorRegistry(0x367ca18) get_mode peer_type 8 is_secure 0
2026-02-12T20:53:16.472+0000 7fbd96fee640 10 -- v2:127.0.0.1:7146/0 >> conn(0x47cec00 msgr2=0x4789b80 crc :-1 s=STATE_CONNECTION_ESTABLISHED l=1)._try_send sent bytes 41 remaining bytes 0
2026-02-12T20:53:16.472+0000 7fbd96fee640 20 --2- v2:127.0.0.1:7146/0 >> conn(0x47cec00 0x4789b80 crc :-1 s=SESSION_ACCEPTING pgs=0 gs=0 cs=0 l=1 c_cookie=0 s_cookie=0 reconnecting=0 rev1=1 crypto rx=0 tx=0 comp rx=0 tx=0).read_frame
2026-02-12T20:53:16.472+0000 7fbd96fee640 20 -- v2:127.0.0.1:7146/0 >> conn(0x47cec00 msgr2=0x4789b80 crc :-1 s=STATE_CONNECTION_ESTABLISHED l=1).read start len=32
2026-02-12T20:53:16.472+0000 7fbd96fee640 20 -- v2:127.0.0.1:7146/0 >> conn(0x47cec00 msgr2=0x4789b80 crc :-1 s=STATE_CONNECTION_ESTABLISHED l=1).process
2026-02-12T20:53:16.472+0000 7fbd96fee640 20 -- v2:127.0.0.1:7146/0 >> conn(0x47cec00 msgr2=0x4789b80 crc :-1 s=STATE_CONNECTION_ESTABLISHED l=1).read continue len=32
2026-02-12T20:53:16.472+0000 7fbd96fee640 20 --2- v2:127.0.0.1:7146/0 >> conn(0x47cec00 0x4789b80 crc :-1 s=SESSION_ACCEPTING pgs=0 gs=0 cs=0 l=1 c_cookie=0 s_cookie=0 reconnecting=0 rev1=1 crypto rx=0 tx=0 comp rx=0 tx=0).handle_read_frame_preamble_main r=0
2026-02-12T20:53:16.472+0000 7fbd96fee640 20 --2- v2:127.0.0.1:7146/0 >> conn(0x47cec00 0x4789b80 crc :-1 s=SESSION_ACCEPTING pgs=0 gs=0 cs=0 l=1 c_cookie=0 s_cookie=0 reconnecting=0 rev1=1 crypto rx=0 tx=0 comp rx=0 tx=0).read_frame_segment seg_idx=0
2026-02-12T20:53:16.472+0000 7fbd96fee640 20 -- v2:127.0.0.1:7146/0 >> conn(0x47cec00 msgr2=0x4789b80 crc :-1 s=STATE_CONNECTION_ESTABLISHED l=1).read start len=127
2026-02-12T20:53:16.472+0000 7fbd96fee640 20 --2- v2:127.0.0.1:7146/0 >> conn(0x47cec00 0x4789b80 crc :-1 s=SESSION_ACCEPTING pgs=0 gs=0 cs=0 l=1 c_cookie=0 s_cookie=0 reconnecting=0 rev1=1 crypto rx=0 tx=0 comp rx=0 tx=0).handle_read_frame_segment r=0
2026-02-12T20:53:16.472+0000 7fbd96fee640 10 --2- v2:127.0.0.1:7146/0 >> conn(0x47cec00 0x4789b80 crc :-1 s=SESSION_ACCEPTING pgs=0 gs=0 cs=0 l=1 c_cookie=0 s_cookie=0 reconnecting=0 rev1=1 crypto rx=0 tx=0 comp rx=0 tx=0).handle_read_frame_dispatch tag=8
2026-02-12T20:53:16.472+0000 7fbd96fee640 20 --2- v2:127.0.0.1:7146/0 >> conn(0x47cec00 0x4789b80 crc :-1 s=SESSION_ACCEPTING pgs=0 gs=0 cs=0 l=1 c_cookie=0 s_cookie=0 reconnecting=0 rev1=1 crypto rx=0 tx=0 comp rx=0 tx=0).handle_client_ident payload.length()=123
2026-02-12T20:53:16.472+0000 7fbd96fee640 5 --2- v2:127.0.0.1:7146/0 >> conn(0x47cec00 0x4789b80 crc :-1 s=SESSION_ACCEPTING pgs=0 gs=0 cs=0 l=1 c_cookie=0 s_cookie=0 reconnecting=0 rev1=1 crypto rx=0 tx=0 comp rx=0 tx=0).handle_client_ident received client identification: addrs=127.0.0.1:0/1143706147 target=v2:127.0.0.1:7146/0 gid=-1 global_seq=1 features_supported=3f0ffffffffdffff features_required=800000000000000 flags=0 cookie=eebd1ffb4a0cb839
2026-02-12T20:53:16.472+0000 7fbd96fee640 10 -- v2:127.0.0.1:7146/0 >> 127.0.0.1:0/1143706147 conn(0x47cec00 msgr2=0x4789b80 crc :-1 s=STATE_CONNECTION_ESTABLISHED l=1)._infer_target_addr 127.0.0.1:0/1143706147 -> 127.0.0.1:0/1143706147
2026-02-12T20:53:16.472+0000 7fbd96fee640 20 --2- v2:127.0.0.1:7146/0 >> 127.0.0.1:0/1143706147 conn(0x47cec00 0x4789b80 crc :-1 s=SESSION_ACCEPTING pgs=1 gs=0 cs=0 l=1 c_cookie=17202941315764762681 s_cookie=0 reconnecting=0 rev1=1 crypto rx=0 tx=0 comp rx=0 tx=0).send_server_ident
2026-02-12T20:53:16.472+0000 7fbd96fee640 10 --2- v2:127.0.0.1:7146/0 >> 127.0.0.1:0/1143706147 conn(0x47cec00 0x4789b80 crc :-1 s=SESSION_ACCEPTING pgs=1 gs=0 cs=0 l=1 c_cookie=17202941315764762681 s_cookie=0 reconnecting=0 rev1=1 crypto rx=0 tx=0 comp rx=0 tx=0).discard_requeued_up_to 0
2026-02-12T20:53:16.472+0000 7fbd96fee640 10 -- v2:127.0.0.1:7146/0 get_global_seq increment to global_seq=17
2026-02-12T20:53:16.472+0000 7fbd96fee640 5 --2- v2:127.0.0.1:7146/0 >> 127.0.0.1:0/1143706147 conn(0x47cec00 0x4789b80 crc :-1 s=SESSION_ACCEPTING pgs=1 gs=17 cs=0 l=1 c_cookie=17202941315764762681 s_cookie=0 reconnecting=0 rev1=1 crypto rx=0 tx=0 comp rx=0 tx=0).send_server_ident sending identification: addrs=v2:127.0.0.1:7146/0 gid=0 global_seq=17 features_supported=3f0ffffffffdffff features_required=c01020002040000 flags=1 cookie=0
2026-02-12T20:53:16.472+0000 7fbd96fee640 10 -- v2:127.0.0.1:7146/0 >> 127.0.0.1:0/1143706147 conn(0x47cec00 msgr2=0x4789b80 crc :-1 s=STATE_CONNECTION_ESTABLISHED l=1)._try_send sent bytes 124 remaining bytes 0
2026-02-12T20:53:16.472+0000 7fbd96fee640 20 --2- v2:127.0.0.1:7146/0 >> 127.0.0.1:0/1143706147 conn(0x47cec00 0x4789b80 crc :-1 s=SESSION_ACCEPTING pgs=1 gs=17 cs=0 l=1 c_cookie=17202941315764762681 s_cookie=0 reconnecting=0 rev1=1 crypto rx=0 tx=0 comp rx=0 tx=0).server_ready
2026-02-12T20:53:16.472+0000 7fbd987f1640 10 mon.a@0(leader) e1 ms_handle_accept con 0x47cec00 session 0x476e900 registering session for 127.0.0.1:0/1143706147
2026-02-12T20:53:16.472+0000 7fbd96fee640 1 --2- v2:127.0.0.1:7146/0 >> 127.0.0.1:0/1143706147 conn(0x47cec00 0x4789b80 crc :-1 s=READY pgs=1 gs=17 cs=0 l=1 c_cookie=17202941315764762681 s_cookie=0 reconnecting=0 rev1=1 crypto rx=0 tx=0 comp rx=0 tx=0).ready entity=client.? client_cookie=eebd1ffb4a0cb839 server_cookie=0 in_seq=0 out_seq=0
2026-02-12T20:53:16.472+0000 7fbd96fee640 20 --2- v2:127.0.0.1:7146/0 >> 127.0.0.1:0/1143706147 conn(0x47cec00 0x4789b80 crc :-1 s=READY pgs=1 gs=17 cs=0 l=1 c_cookie=17202941315764762681 s_cookie=0 reconnecting=0 rev1=1 crypto rx=0 tx=0 comp rx=0 tx=0).read_frame
2026-02-12T20:53:16.472+0000 7fbd96fee640 20 -- v2:127.0.0.1:7146/0 >> 127.0.0.1:0/1143706147 conn(0x47cec00 msgr2=0x4789b80 crc :-1 s=STATE_CONNECTION_ESTABLISHED l=1).read start len=32
2026-02-12T20:53:16.472+0000 7fbd96fee640 20 -- v2:127.0.0.1:7146/0 >> 127.0.0.1:0/1143706147 conn(0x47cec00 msgr2=0x4789b80 crc :-1 s=STATE_CONNECTION_ESTABLISHED l=1).process
2026-02-12T20:53:16.472+0000 7fbd96fee640 20 -- v2:127.0.0.1:7146/0 >> 127.0.0.1:0/1143706147 conn(0x47cec00 msgr2=0x4789b80 crc :-1 s=STATE_CONNECTION_ESTABLISHED l=1).read continue len=32
2026-02-12T20:53:16.472+0000 7fbd96fee640 20 --2- v2:127.0.0.1:7146/0 >> 127.0.0.1:0/1143706147 conn(0x47cec00 0x4789b80 crc :-1 s=READY pgs=1 gs=17 cs=0 l=1 c_cookie=17202941315764762681 s_cookie=0 reconnecting=0 rev1=1 crypto rx=0 tx=0 comp rx=0 tx=0).handle_read_frame_preamble_main r=0
2026-02-12T20:53:16.472+0000 7fbd96fee640 20 --2- v2:127.0.0.1:7146/0 >> 127.0.0.1:0/1143706147 conn(0x47cec00 0x4789b80 crc :-1 s=THROTTLE_MESSAGE pgs=1 gs=17 cs=0 l=1 c_cookie=17202941315764762681 s_cookie=0 reconnecting=0 rev1=1 crypto rx=0 tx=0 comp rx=0 tx=0).throttle_message
2026-02-12T20:53:16.472+0000 7fbd96fee640 20 --2- v2:127.0.0.1:7146/0 >> 127.0.0.1:0/1143706147 conn(0x47cec00 0x4789b80 crc :-1 s=THROTTLE_BYTES pgs=1 gs=17 cs=0 l=1 c_cookie=17202941315764762681 s_cookie=0 reconnecting=0 rev1=1 crypto rx=0 tx=0 comp rx=0 tx=0).throttle_bytes
2026-02-12T20:53:16.472+0000 7fbd96fee640 20 --2- v2:127.0.0.1:7146/0 >> 127.0.0.1:0/1143706147 conn(0x47cec00 0x4789b80 crc :-1 s=THROTTLE_DISPATCH_QUEUE pgs=1 gs=17 cs=0 l=1 c_cookie=17202941315764762681 s_cookie=0 reconnecting=0 rev1=1 crypto rx=0 tx=0 comp rx=0 tx=0).throttle_dispatch_queue
2026-02-12T20:53:16.472+0000 7fbd96fee640 20 --2- v2:127.0.0.1:7146/0 >> 127.0.0.1:0/1143706147 conn(0x47cec00 0x4789b80 crc :-1 s=THROTTLE_DONE pgs=1 gs=17 cs=0 l=1 c_cookie=17202941315764762681 s_cookie=0 reconnecting=0 rev1=1 crypto rx=0 tx=0 comp rx=0 tx=0).read_frame_segment seg_idx=0
2026-02-12T20:53:16.472+0000 7fbd96fee640 20 -- v2:127.0.0.1:7146/0 >> 127.0.0.1:0/1143706147 conn(0x47cec00 msgr2=0x4789b80 crc :-1 s=STATE_CONNECTION_ESTABLISHED l=1).read start len=45
2026-02-12T20:53:16.472+0000 7fbd96fee640 20 --2- v2:127.0.0.1:7146/0 >> 127.0.0.1:0/1143706147 conn(0x47cec00 0x4789b80 crc :-1 s=THROTTLE_DONE pgs=1 gs=17 cs=0 l=1 c_cookie=17202941315764762681 s_cookie=0 reconnecting=0 rev1=1 crypto rx=0 tx=0 comp rx=0 tx=0).handle_read_frame_segment r=0
2026-02-12T20:53:16.472+0000 7fbd96fee640 10 --2- v2:127.0.0.1:7146/0 >> 127.0.0.1:0/1143706147 conn(0x47cec00 0x4789b80 crc :-1 s=THROTTLE_DONE pgs=1 gs=17 cs=0 l=1 c_cookie=17202941315764762681 s_cookie=0 reconnecting=0 rev1=1 crypto rx=0 tx=0 comp rx=0 tx=0).handle_read_frame_dispatch tag=17
2026-02-12T20:53:16.472+0000 7fbd96fee640 20 --2- v2:127.0.0.1:7146/0 >> 127.0.0.1:0/1143706147 conn(0x47cec00 0x4789b80 crc :-1 s=THROTTLE_DONE pgs=1 gs=17 cs=0 l=1 c_cookie=17202941315764762681 s_cookie=0 reconnecting=0 rev1=1 crypto rx=0 tx=0 comp rx=0 tx=0).handle_message
2026-02-12T20:53:16.472+0000 7fbd96fee640 5 --2- v2:127.0.0.1:7146/0 >> 127.0.0.1:0/1143706147 conn(0x47cec00 0x4789b80 crc :-1 s=THROTTLE_DONE pgs=1 gs=17 cs=0 l=1 c_cookie=17202941315764762681 s_cookie=0 reconnecting=0 rev1=1 crypto rx=0 tx=0 comp rx=0 tx=0).handle_message got 0 + 0 + 0 byte message. envelope type=5 src client.? off 0
2026-02-12T20:53:16.472+0000 7fbd96fee640 5 --2- v2:127.0.0.1:7146/0 >> 127.0.0.1:0/1143706147 conn(0x47cec00 0x4789b80 crc :-1 s=READ_MESSAGE_COMPLETE pgs=1 gs=17 cs=0 l=1 c_cookie=17202941315764762681 s_cookie=0 reconnecting=0 rev1=1 crypto rx=0 tx=0 comp rx=0 tx=0).handle_message received message m=0x4716c80 seq=1 from=client.? type=5 mon_getmap magic: 0
2026-02-12T20:53:16.472+0000 7fbd96fee640 20 -- v2:127.0.0.1:7146/0 queue 0x4716c80 prio 127
2026-02-12T20:53:16.472+0000 7fbd96fee640 20 --2- v2:127.0.0.1:7146/0 >> 127.0.0.1:0/1143706147 conn(0x47cec00 0x4789b80 crc :-1 s=READY pgs=1 gs=17 cs=0 l=1 c_cookie=17202941315764762681 s_cookie=0 reconnecting=0 rev1=1 crypto rx=0 tx=0 comp rx=0 tx=0).read_frame
2026-02-12T20:53:16.472+0000 7fbd96fee640 20 -- v2:127.0.0.1:7146/0 >> 127.0.0.1:0/1143706147 conn(0x47cec00 msgr2=0x4789b80 crc :-1 s=STATE_CONNECTION_ESTABLISHED l=1).read start len=32
2026-02-12T20:53:16.472+0000 7fbd96fee640 20 --2- v2:127.0.0.1:7146/0 >> 127.0.0.1:0/1143706147 conn(0x47cec00 0x4789b80 crc :-1 s=READY pgs=1 gs=17 cs=0 l=1 c_cookie=17202941315764762681 s_cookie=0 reconnecting=0 rev1=1 crypto rx=0 tx=0 comp rx=0 tx=0).handle_read_frame_preamble_main r=0
2026-02-12T20:53:16.472+0000 7fbd96fee640 20 --2- v2:127.0.0.1:7146/0 >> 127.0.0.1:0/1143706147 conn(0x47cec00 0x4789b80 crc :-1 s=THROTTLE_MESSAGE pgs=1 gs=17 cs=0 l=1 c_cookie=17202941315764762681 s_cookie=0 reconnecting=0 rev1=1 crypto rx=0 tx=0 comp rx=0 tx=0).throttle_message
2026-02-12T20:53:16.472+0000 7fbd987f1640 1 -- v2:127.0.0.1:7146/0 <== client.? 127.0.0.1:0/1143706147 1 ==== mon_getmap magic: 0 ==== 0+0+0 (crc 0 0 0) 0x4716c80 con 0x47cec00
2026-02-12T20:53:16.472+0000 7fbd96fee640 20 --2- v2:127.0.0.1:7146/0 >> 127.0.0.1:0/1143706147 conn(0x47cec00 0x4789b80 crc :-1 s=THROTTLE_BYTES pgs=1 gs=17 cs=0 l=1 c_cookie=17202941315764762681 s_cookie=0 reconnecting=0 rev1=1 crypto rx=0 tx=0 comp rx=0 tx=0).throttle_bytes
2026-02-12T20:53:16.472+0000 7fbd96fee640 10 --2- v2:127.0.0.1:7146/0 >> 127.0.0.1:0/1143706147 conn(0x47cec00 0x4789b80 crc :-1 s=THROTTLE_BYTES pgs=1 gs=17 cs=0 l=1 c_cookie=17202941315764762681 s_cookie=0 reconnecting=0 rev1=1 crypto rx=0 tx=0 comp rx=0 tx=0).throttle_bytes wants 54 bytes from policy throttler 0/104857600
2026-02-12T20:53:16.472+0000 7fbd987f1640 20 mon.a@0(leader) e1 _ms_dispatch existing session 0x476e900 for client.?
2026-02-12T20:53:16.472+0000 7fbd987f1640 20 mon.a@0(leader) e1 entity_name mgr.x global_id 4112 (none) caps allow *
2026-02-12T20:53:16.472+0000 7fbd96fee640 20 --2- v2:127.0.0.1:7146/0 >> 127.0.0.1:0/1143706147 conn(0x47cec00 0x4789b80 crc :-1 s=THROTTLE_DISPATCH_QUEUE pgs=1 gs=17 cs=0 l=1 c_cookie=17202941315764762681 s_cookie=0 reconnecting=0 rev1=1 crypto rx=0 tx=0 comp rx=0 tx=0).throttle_dispatch_queue
2026-02-12T20:53:16.472+0000 7fbd987f1640 10 mon.a@0(leader) e1 handle_mon_get_map
2026-02-12T20:53:16.472+0000 7fbd96fee640 20 --2- v2:127.0.0.1:7146/0 >> 127.0.0.1:0/1143706147 conn(0x47cec00 0x4789b80 crc :-1 s=THROTTLE_DONE pgs=1 gs=17 cs=0 l=1 c_cookie=17202941315764762681 s_cookie=0 reconnecting=0 rev1=1 crypto rx=0 tx=0 comp rx=0 tx=0).read_frame_segment seg_idx=0
2026-02-12T20:53:16.472+0000 7fbd96fee640 20 -- v2:127.0.0.1:7146/0 >> 127.0.0.1:0/1143706147 conn(0x47cec00 msgr2=0x4789b80 crc :-1 s=STATE_CONNECTION_ESTABLISHED l=1).read start len=45
2026-02-12T20:53:16.472+0000 7fbd96fee640 20 --2- v2:127.0.0.1:7146/0 >> 127.0.0.1:0/1143706147 conn(0x47cec00 0x4789b80 crc :-1 s=THROTTLE_DONE pgs=1 gs=17 cs=0 l=1 c_cookie=17202941315764762681 s_cookie=0 reconnecting=0 rev1=1 crypto rx=0 tx=0 comp rx=0 tx=0).handle_read_frame_segment r=0
2026-02-12T20:53:16.472+0000 7fbd987f1640 1 -- v2:127.0.0.1:7146/0 --> 127.0.0.1:0/1143706147 -- mon_map magic: 0 -- 0x35c54a0 con 0x47cec00
2026-02-12T20:53:16.472+0000 7fbd96fee640 20 --2- v2:127.0.0.1:7146/0 >> 127.0.0.1:0/1143706147 conn(0x47cec00 0x4789b80 crc :-1 s=THROTTLE_DONE pgs=1 gs=17 cs=0 l=1 c_cookie=17202941315764762681 s_cookie=0 reconnecting=0 rev1=1 crypto rx=0 tx=0 comp rx=0 tx=0).read_frame_segment seg_idx=1
2026-02-12T20:53:16.472+0000 7fbd96fee640 20 -- v2:127.0.0.1:7146/0 >> 127.0.0.1:0/1143706147 conn(0x47cec00 msgr2=0x4789b80 crc :-1 s=STATE_CONNECTION_ESTABLISHED l=1).read start len=54
2026-02-12T20:53:16.472+0000 7fbd987f1640 5 --2- v2:127.0.0.1:7146/0 >> 127.0.0.1:0/1143706147 conn(0x47cec00 0x4789b80 crc :-1 s=THROTTLE_DONE pgs=1 gs=17 cs=0 l=1 c_cookie=17202941315764762681 s_cookie=0 reconnecting=0 rev1=1 crypto rx=0 tx=0 comp rx=0 tx=0).send_message enqueueing message m=0x35c54a0 type=4 mon_map magic: 0
2026-02-12T20:53:16.472+0000 7fbd96fee640 20 --2- v2:127.0.0.1:7146/0 >> 127.0.0.1:0/1143706147 conn(0x47cec00 0x4789b80 crc :-1 s=THROTTLE_DONE pgs=1 gs=17 cs=0 l=1 c_cookie=17202941315764762681 s_cookie=0 reconnecting=0 rev1=1 crypto rx=0 tx=0 comp rx=0 tx=0).handle_read_frame_segment r=0
2026-02-12T20:53:16.472+0000 7fbd96fee640 20 -- v2:127.0.0.1:7146/0 >> 127.0.0.1:0/1143706147 conn(0x47cec00 msgr2=0x4789b80 crc :-1 s=STATE_CONNECTION_ESTABLISHED l=1).read start len=13
2026-02-12T20:53:16.472+0000 7fbd987f1640 15 --2- v2:127.0.0.1:7146/0 >> 127.0.0.1:0/1143706147 conn(0x47cec00 0x4789b80 crc :-1 s=THROTTLE_DONE pgs=1 gs=17 cs=0 l=1 c_cookie=17202941315764762681 s_cookie=0 reconnecting=0 rev1=1 crypto rx=0 tx=0 comp rx=0 tx=0).send_message message queued for async transmission m=0x35c54a0
2026-02-12T20:53:16.472+0000 7fbd96fee640 20 --2- v2:127.0.0.1:7146/0 >> 127.0.0.1:0/1143706147 conn(0x47cec00 0x4789b80 crc :-1 s=THROTTLE_DONE pgs=1 gs=17 cs=0 l=1 c_cookie=17202941315764762681 s_cookie=0 reconnecting=0 rev1=1 crypto rx=0 tx=0 comp rx=0 tx=0).handle_read_frame_epilogue_main r=0
2026-02-12T20:53:16.472+0000 7fbd987f1640 20 Event(0x359a2c8 nevent=5000 time_id=3).wakeup
2026-02-12T20:53:16.472+0000 7fbd96fee640 10 --2- v2:127.0.0.1:7146/0 >> 127.0.0.1:0/1143706147 conn(0x47cec00 0x4789b80 crc :-1 s=THROTTLE_DONE pgs=1 gs=17 cs=0 l=1 c_cookie=17202941315764762681 s_cookie=0 reconnecting=0 rev1=1 crypto rx=0 tx=0 comp rx=0 tx=0).handle_read_frame_dispatch tag=17
