2026-02-12T20:53:14.439+0000 7fbd95fec640 0 log_channel(audit) log [INF] : from='client.? 127.0.0.1:0/3875300665' entity='client.admin'
2026-02-12T20:53:14.439+0000 7fbd95fec640 1 -- v2:127.0.0.1:7146/0 --> v2:127.0.0.1:7146/0 -- log(1 entries from seq 13 at
2026-02-12T20:53:14.440162+0000) -- 0x454f340 con 0x4488000
2026-02-12T20:53:14.439+0000 7fbd95fec640 20 -- v2:127.0.0.1:7146/0 >> v2:127.0.0.1:7146/0 conn(0x4488000 msgr2=0x367d000 unknown :-1 s=STATE_NONE l=0).send_message log(1 entries from seq 13 at
2026-02-12T20:53:14.440162+0000) local
2026-02-12T20:53:14.439+0000 7fbd95fec640 2 mon.a@0(leader) e1 send_reply 0x46a5b00 0x4550340 mon_command_ack([{prefix=config set, name=mgr_pool}]=0 v2)=0 v2)
2026-02-12T20:53:14.439+0000 7fbd97ff0640 20 -- v2:127.0.0.1:7146/0 queue 0x454f340 prio 196
2026-02-12T20:53:14.439+0000 7fbd95fec640 1 -- v2:127.0.0.1:7146/0 --> 127.0.0.1:0/3875300665 -- mon_command_ack([{prefix=config set, name=mgr_pool}]=0 v2)=0 v2) -- 0x4550340 con 0x46b7400
2026-02-12T20:53:14.439+0000 7fbd95fec640 5 --2- v2:127.0.0.1:7146/0 >> 127.0.0.1:0/3875300665 conn(0x46b7400 0x36b6680 crc :-1 s=READY pgs=1 gs=2 cs=0 l=1 c_cookie=0 s_cookie=0 reconnecting=0 rev1=1 crypto rx=0 tx=0 comp rx=0 tx=0).send_message enqueueing message m=0x4550340 type=51 mon_command_ack([{prefix=config set, name=mgr_pool}]=0 v2)=0 v2)
2026-02-12T20:53:14.439+0000 7fbd95fec640 15 --2- v2:127.0.0.1:7146/0 >> 127.0.0.1:0/3875300665 conn(0x46b7400 0x36b6680 crc :-1 s=READY pgs=1 gs=2 cs=0 l=1 c_cookie=0 s_cookie=0 reconnecting=0 rev1=1 crypto rx=0 tx=0 comp rx=0 tx=0).send_message message queued for async transmission m=0x4550340
2026-02-12T20:53:14.439+0000 7fbd95fec640 20 Event(0x359abc8 nevent=5000 time_id=2).wakeup
2026-02-12T20:53:14.439+0000 7fbd987f1640 1 -- v2:127.0.0.1:7146/0 <== mon.0 v2:127.0.0.1:7146/0 0 ==== log(1 entries from seq 13 at
2026-02-12T20:53:14.440162+0000) ==== 0+0+0 (unknown 0 0 0) 0x454f340 con 0x4488000
2026-02-12T20:53:14.439+0000 7fbd95fec640 10 mon.a@0(leader).config update_from_paxos 2
2026-02-12T20:53:14.439+0000 7fbd9c7f9640 10 -- v2:127.0.0.1:7146/0 >> 127.0.0.1:0/3875300665 conn(0x46b7400 msgr2=0x36b6680 crc :-1 s=STATE_CONNECTION_ESTABLISHED l=1).handle_write
2026-02-12T20:53:14.439+0000 7fbd9c7f9640 10 --2- v2:127.0.0.1:7146/0 >> 127.0.0.1:0/3875300665 conn(0x46b7400 0x36b6680 crc :-1 s=READY pgs=1 gs=2 cs=0 l=1 c_cookie=0 s_cookie=0 reconnecting=0 rev1=1 crypto rx=0 tx=0 comp rx=0 tx=0).write_event
2026-02-12T20:53:14.439+0000 7fbd95fec640 10 mon.a@0(leader).config load_config got 1 keys
2026-02-12T20:53:14.439+0000 7fbd9c7f9640 20 --2- v2:127.0.0.1:7146/0 >> 127.0.0.1:0/3875300665 conn(0x46b7400 0x36b6680 crc :-1 s=READY pgs=1 gs=2 cs=0 l=1 c_cookie=0 s_cookie=0 reconnecting=0 rev1=1 crypto rx=0 tx=0 comp rx=0 tx=0).prepare_send_message m=mon_command_ack([{prefix=config set, name=mgr_pool}]=0 v2)=0 v2)
2026-02-12T20:53:14.439+0000 7fbd9c7f9640 20 --2- v2:127.0.0.1:7146/0 >> 127.0.0.1:0/3875300665 conn(0x46b7400 0x36b6680 crc :-1 s=READY pgs=1 gs=2 cs=0 l=1 c_cookie=0 s_cookie=0 reconnecting=0 rev1=1 crypto rx=0 tx=0 comp rx=0 tx=0).prepare_send_message encoding features 4544132024016699391 0x4550340 mon_command_ack([{prefix=config set, name=mgr_pool}]=0 v2)=0 v2)
2026-02-12T20:53:14.439+0000 7fbd9c7f9640 2 --2- v2:127.0.0.1:7146/0 >> 127.0.0.1:0/3875300665 conn(0x46b7400 0x36b6680 crc :-1 s=READY pgs=1 gs=2 cs=0 l=1 c_cookie=0 s_cookie=0 reconnecting=0 rev1=1 crypto rx=0 tx=0 comp rx=0 tx=0).write_message sending message m=0x4550340 seq=7 mon_command_ack([{prefix=config set, name=mgr_pool}]=0 v2)=0 v2)
2026-02-12T20:53:14.439+0000 7fbd9c7f9640 20 --2- v2:127.0.0.1:7146/0 >> 127.0.0.1:0/3875300665 conn(0x46b7400 0x36b6680 crc :-1 s=READY pgs=1 gs=2 cs=0 l=1 c_cookie=0 s_cookie=0 reconnecting=0 rev1=1 crypto rx=0 tx=0 comp rx=0 tx=0).write_message sending m=0x4550340 seq=7 src=mon.0 off=0
2026-02-12T20:53:14.439+0000 7fbd9c7f9640 10 -- v2:127.0.0.1:7146/0 >> 127.0.0.1:0/3875300665 conn(0x46b7400 msgr2=0x36b6680 crc :-1 s=STATE_CONNECTION_ESTABLISHED l=1)._try_send sent bytes 215 remaining bytes 0
2026-02-12T20:53:14.439+0000 7fbd9c7f9640 10 --2- v2:127.0.0.1:7146/0 >> 127.0.0.1:0/3875300665 conn(0x46b7400 0x36b6680 crc :-1 s=READY pgs=1 gs=2 cs=0 l=1 c_cookie=0 s_cookie=0 reconnecting=0 rev1=1 crypto rx=0 tx=0 comp rx=0 tx=0).write_message sending 0x4550340 done.
2026-02-12T20:53:14.439+0000 7fbd95fec640 10 mon.a@0(leader).config check_all_subs
2026-02-12T20:53:14.439+0000 7fbd95fec640 10 mon.a@0(leader).config refresh_config crush_location for remote_host trial099 is {}
2026-02-12T20:53:14.439+0000 7fbd95fec640 20 mon.a@0(leader).config refresh_config client.admin crush {} device_class
2026-02-12T20:53:14.439+0000 7fbd95fec640 20 mon.a@0(leader).config refresh_config no change, {}
2026-02-12T20:53:14.439+0000 7fbd95fec640 10 mon.a@0(leader).config maybe_send_config to client.? (unchanged)
2026-02-12T20:53:14.439+0000 7fbd95fec640 10 mon.a@0(leader).config check_all_subs updated 0 / 1
2026-02-12T20:53:14.439+0000 7fbd95fec640 10 mon.a@0(leader).paxosservice(kv 1..1) refresh
2026-02-12T20:53:14.439+0000 7fbd95fec640 10 mon.a@0(leader).kv update_from_paxos 2
2026-02-12T20:53:14.439+0000 7fbd95fec640 10 mon.a@0(leader).kv check_all_subs
2026-02-12T20:53:14.439+0000 7fbd95fec640 10 mon.a@0(leader).kv check_all_subs updated 0 / 0
2026-02-12T20:53:14.439+0000 7fbd95fec640 10 mon.a@0(leader).paxosservice(nvmeofgw 1..1) refresh
2026-02-12T20:53:14.439+0000 7fbd95fec640 20 nvmeofgw virtual void NVMeofGwMon::update_from_paxos(bool*) has BEACON_DIFF: 1
2026-02-12T20:53:14.439+0000 7fbd95fec640 10 mon.a@0(leader).paxosservice(mdsmap 1..1) post_refresh
2026-02-12T20:53:14.439+0000 7fbd95fec640 10 mon.a@0(leader).paxosservice(osdmap 1..1) post_refresh
2026-02-12T20:53:14.439+0000 7fbd95fec640 10 mon.a@0(leader).paxosservice(logm 1..3) post_refresh
2026-02-12T20:53:14.439+0000 7fbd95fec640 10 mon.a@0(leader).paxosservice(monmap 1..1) post_refresh
2026-02-12T20:53:14.439+0000 7fbd95fec640 10 mon.a@0(leader).paxosservice(auth 1..2) post_refresh
2026-02-12T20:53:14.439+0000 7fbd95fec640 10 mon.a@0(leader).paxosservice(mgr 1..1) post_refresh
2026-02-12T20:53:14.439+0000 7fbd95fec640 10 mon.a@0(leader).paxosservice(mgrstat 1..1) post_refresh
2026-02-12T20:53:14.439+0000 7fbd95fec640 10 mon.a@0(leader).paxosservice(health 1..1) post_refresh
2026-02-12T20:53:14.439+0000 7fbd95fec640 10 mon.a@0(leader).paxosservice(config 1..2) post_refresh
2026-02-12T20:53:14.439+0000 7fbd95fec640 10 mon.a@0(leader).paxosservice(kv 1..2) post_refresh
2026-02-12T20:53:14.439+0000 7fbd95fec640 10 mon.a@0(leader).paxosservice(nvmeofgw 1..1) post_refresh
2026-02-12T20:53:14.439+0000 7fbd95fec640 10 mon.a@0(leader).paxos(paxos refresh c 1..7) commit_proposal
2026-02-12T20:53:14.439+0000 7fbd95fec640 10 mon.a@0(leader).paxosservice(kv 1..2) _active - not active
2026-02-12T20:53:14.439+0000 7fbd95fec640 10 mon.a@0(leader).paxosservice(config 1..2) _active - not active
2026-02-12T20:53:14.439+0000 7fbd95fec640 10 mon.a@0(leader).paxos(paxos refresh c 1..7) finish_round
2026-02-12T20:53:14.439+0000 7fbd95fec640 20 mon.a@0(leader).paxos(paxos active c 1..7) finish_round waiting_for_acting
2026-02-12T20:53:14.439+0000 7fbd95fec640 10 mon.a@0(leader).paxosservice(kv 1..2) _active
2026-02-12T20:53:14.439+0000 7fbd95fec640 7 mon.a@0(leader).paxosservice(kv 1..2) _active creating new pending
2026-02-12T20:53:14.439+0000 7fbd95fec640 10 mon.a@0(leader).kv 2
2026-02-12T20:53:14.439+0000 7fbd95fec640 10 mon.a@0(leader).paxosservice(config 1..2) _active
2026-02-12T20:53:14.439+0000 7fbd95fec640 7 mon.a@0(leader).paxosservice(config 1..2) _active creating new pending
2026-02-12T20:53:14.439+0000 7fbd95fec640 10 mon.a@0(leader).config 2
2026-02-12T20:53:14.439+0000 7fbd95fec640 20 mon.a@0(leader).paxos(paxos active c 1..7) finish_round waiting_for_readable
2026-02-12T20:53:14.439+0000 7fbd95fec640 20 mon.a@0(leader).paxos(paxos active c 1..7) finish_round waiting_for_writeable
2026-02-12T20:53:14.439+0000 7fbd95fec640 10 mon.a@0(leader).paxos(paxos active c 1..7) finish_round done w/ waiters, state active
2026-02-12T20:53:14.439+0000 7fbd987f1640 20 mon.a@0(leader) e1 _ms_dispatch existing session 0x4534240 for mon.0
2026-02-12T20:53:14.439+0000 7fbd987f1640 20 mon.a@0(leader) e1 entity_name global_id 0 (none) caps allow *
2026-02-12T20:53:14.439+0000 7fbd987f1640 10 mon.a@0(leader).paxosservice(logm 1..3) dispatch 0x454f340 log(1 entries from seq 13 at
2026-02-12T20:53:14.440162+0000) from mon.0 v2:127.0.0.1:7146/0 con 0x4488000
2026-02-12T20:53:14.439+0000 7fbd987f1640 5 mon.a@0(leader).paxos(paxos active c 1..7) is_readable = 1 - now=2026-02-12T20:53:14.440530+0000 lease_expire=1970-01-01T00:00:00.000000+0000 has v0 lc 7
2026-02-12T20:53:14.439+0000 7fbd987f1640 10 mon.a@0(leader).log v3 preprocess_query log(1 entries from seq 13 at
2026-02-12T20:53:14.440162+0000) from mon.0 v2:127.0.0.1:7146/0
2026-02-12T20:53:14.439+0000 7fbd987f1640 10 mon.a@0(leader).log v3 preprocess_log log(1 entries from seq 13 at
2026-02-12T20:53:14.440162+0000) from mon.0
2026-02-12T20:53:14.439+0000 7fbd987f1640 20 MonCap is_capable service=log command= write addr - on cap allow *
2026-02-12T20:53:14.439+0000 7fbd987f1640 20 MonCap allow so far , doing grant allow *
2026-02-12T20:53:14.439+0000 7fbd987f1640 20 MonCap allow all
2026-02-12T20:53:14.439+0000 7fbd987f1640 10 mon.a@0(leader) e1 no_reply to mon.0 v2:127.0.0.1:7146/0 log(1 entries from seq 13 at
2026-02-12T20:53:14.440162+0000)
2026-02-12T20:53:14.439+0000 7fbd987f1640 10 mon.a@0(leader).log v3 prepare_update log(1 entries from seq 13 at
2026-02-12T20:53:14.440162+0000) from mon.0 v2:127.0.0.1:7146/0
2026-02-12T20:53:14.439+0000 7fbd987f1640 10 mon.a@0(leader).log v3 prepare_log log(1 entries from seq 13 at
2026-02-12T20:53:14.440162+0000) from mon.0
2026-02-12T20:53:14.439+0000 7fbd987f1640 10 mon.a@0(leader).log v3 logging
2026-02-12T20:53:14.440162+0000 mon.a (mon.0) 13 : audit [INF] from='client.? 127.0.0.1:0/3875300665' entity='client.admin'
2026-02-12T20:53:14.439+0000 7fbd987f1640 10 mon.a@0(leader).paxosservice(logm 1..3) setting proposal_timer 0x46eade0 with delay of 0.1
2026-02-12T20:53:14.439+0000 7fbd987f1640 20 -- v2:127.0.0.1:7146/0 done calling dispatch on 0x454f340
2026-02-12T20:53:14.456+0000 7fbd9c7f9640 20 -- v2:127.0.0.1:7146/0 >> 127.0.0.1:0/3875300665 conn(0x46b7400 msgr2=0x36b6680 crc :-1 s=STATE_CONNECTION_ESTABLISHED l=1).process
2026-02-12T20:53:14.456+0000 7fbd9c7f9640 20 -- v2:127.0.0.1:7146/0 >> 127.0.0.1:0/3875300665 conn(0x46b7400 msgr2=0x36b6680 crc :-1 s=STATE_CONNECTION_ESTABLISHED l=1).read continue len=32
2026-02-12T20:53:14.456+0000 7fbd9c7f9640 20 --2- v2:127.0.0.1:7146/0 >> 127.0.0.1:0/3875300665 conn(0x46b7400 0x36b6680 crc :-1 s=READY pgs=1 gs=2 cs=0 l=1 c_cookie=0 s_cookie=0 reconnecting=0 rev1=1 crypto rx=0 tx=0 comp rx=0 tx=0).handle_read_frame_preamble_main r=0
2026-02-12T20:53:14.456+0000 7fbd9c7f9640 20 --2- v2:127.0.0.1:7146/0 >> 127.0.0.1:0/3875300665 conn(0x46b7400 0x36b6680 crc :-1 s=THROTTLE_MESSAGE pgs=1 gs=2 cs=0 l=1 c_cookie=0 s_cookie=0 reconnecting=0 rev1=1 crypto rx=0 tx=0 comp rx=0 tx=0).throttle_message
2026-02-12T20:53:14.456+0000 7fbd9c7f9640 20 --2- v2:127.0.0.1:7146/0 >> 127.0.0.1:0/3875300665 conn(0x46b7400 0x36b6680 crc :-1 s=THROTTLE_BYTES pgs=1 gs=2 cs=0 l=1 c_cookie=0 s_cookie=0 reconnecting=0 rev1=1 crypto rx=0 tx=0 comp rx=0 tx=0).throttle_bytes
2026-02-12T20:53:14.456+0000 7fbd9c7f9640 10 --2- v2:127.0.0.1:7146/0 >> 127.0.0.1:0/3875300665 conn(0x46b7400 0x36b6680 crc :-1 s=THROTTLE_BYTES pgs=1 gs=2 cs=0 l=1 c_cookie=0 s_cookie=0 reconnecting=0 rev1=1 crypto rx=0 tx=0 comp rx=0 tx=0).throttle_bytes wants 133 bytes from policy throttler 391/104857600
2026-02-12T20:53:14.456+0000 7fbd9c7f9640 20 --2- v2:127.0.0.1:7146/0 >> 127.0.0.1:0/3875300665 conn(0x46b7400 0x36b6680 crc :-1 s=THROTTLE_DISPATCH_QUEUE pgs=1 gs=2 cs=0 l=1 c_cookie=0 s_cookie=0 reconnecting=0 rev1=1 crypto rx=0 tx=0 comp rx=0 tx=0).throttle_dispatch_queue
2026-02-12T20:53:14.456+0000 7fbd9c7f9640 20 --2- v2:127.0.0.1:7146/0 >> 127.0.0.1:0/3875300665 conn(0x46b7400 0x36b6680 crc :-1 s=THROTTLE_DONE pgs=1 gs=2 cs=0 l=1 c_cookie=0 s_cookie=0 reconnecting=0 rev1=1 crypto rx=0 tx=0 comp rx=0 tx=0).read_frame_segment seg_idx=0
2026-02-12T20:53:14.456+0000 7fbd9c7f9640 20 -- v2:127.0.0.1:7146/0 >> 127.0.0.1:0/3875300665 conn(0x46b7400 msgr2=0x36b6680 crc :-1 s=STATE_CONNECTION_ESTABLISHED l=1).read start len=45
2026-02-12T20:53:14.456+0000 7fbd9c7f9640 20 --2- v2:127.0.0.1:7146/0 >> 127.0.0.1:0/3875300665 conn(0x46b7400 0x36b6680 crc :-1 s=THROTTLE_DONE pgs=1 gs=2 cs=0 l=1 c_cookie=0 s_cookie=0 reconnecting=0 rev1=1 crypto rx=0 tx=0 comp rx=0 tx=0).handle_read_frame_segment r=0
2026-02-12T20:53:14.456+0000 7fbd9c7f9640 20 --2- v2:127.0.0.1:7146/0 >> 127.0.0.1:0/3875300665 conn(0x46b7400 0x36b6680 crc :-1 s=THROTTLE_DONE pgs=1 gs=2 cs=0 l=1 c_cookie=0 s_cookie=0 reconnecting=0 rev1=1 crypto rx=0 tx=0 comp rx=0 tx=0).read_frame_segment seg_idx=1
2026-02-12T20:53:14.456+0000 7fbd9c7f9640 20 -- v2:127.0.0.1:7146/0 >> 127.0.0.1:0/3875300665 conn(0x46b7400 msgr2=0x36b6680 crc :-1 s=STATE_CONNECTION_ESTABLISHED l=1).read start len=133
2026-02-12T20:53:14.456+0000 7fbd9c7f9640 20 --2- v2:127.0.0.1:7146/0 >> 127.0.0.1:0/3875300665 conn(0x46b7400 0x36b6680 crc :-1 s=THROTTLE_DONE pgs=1 gs=2 cs=0 l=1 c_cookie=0 s_cookie=0 reconnecting=0 rev1=1 crypto rx=0 tx=0 comp rx=0 tx=0).handle_read_frame_segment r=0
2026-02-12T20:53:14.456+0000 7fbd9c7f9640 20 -- v2:127.0.0.1:7146/0 >> 127.0.0.1:0/3875300665 conn(0x46b7400 msgr2=0x36b6680 crc :-1 s=STATE_CONNECTION_ESTABLISHED l=1).read start len=13
2026-02-12T20:53:14.456+0000 7fbd9c7f9640 20 --2- v2:127.0.0.1:7146/0 >> 127.0.0.1:0/3875300665 conn(0x46b7400 0x36b6680 crc :-1 s=THROTTLE_DONE pgs=1 gs=2 cs=0 l=1 c_cookie=0 s_cookie=0 reconnecting=0 rev1=1 crypto rx=0 tx=0 comp rx=0 tx=0).handle_read_frame_epilogue_main r=0
2026-02-12T20:53:14.456+0000 7fbd9c7f9640 10 --2- v2:127.0.0.1:7146/0 >> 127.0.0.1:0/3875300665 conn(0x46b7400 0x36b6680 crc :-1 s=THROTTLE_DONE pgs=1 gs=2 cs=0 l=1 c_cookie=0 s_cookie=0 reconnecting=0 rev1=1 crypto rx=0 tx=0 comp rx=0 tx=0).handle_read_frame_dispatch tag=17
2026-02-12T20:53:14.456+0000 7fbd9c7f9640 20 --2- v2:127.0.0.1:7146/0 >> 127.0.0.1:0/3875300665 conn(0x46b7400 0x36b6680 crc :-1 s=THROTTLE_DONE pgs=1 gs=2 cs=0 l=1 c_cookie=0 s_cookie=0 reconnecting=0 rev1=1 crypto rx=0 tx=0 comp rx=0 tx=0).handle_message
2026-02-12T20:53:14.456+0000 7fbd9c7f9640 5 --2- v2:127.0.0.1:7146/0 >> 127.0.0.1:0/3875300665 conn(0x46b7400 0x36b6680 crc :-1 s=THROTTLE_DONE pgs=1 gs=2 cs=0 l=1 c_cookie=0 s_cookie=0 reconnecting=0 rev1=1 crypto rx=0 tx=0 comp rx=0 tx=0).handle_message got 133 + 0 + 0 byte message. envelope type=50 src client.? off 0
2026-02-12T20:53:14.456+0000 7fbd9c7f9640 5 --2- v2:127.0.0.1:7146/0 >> 127.0.0.1:0/3875300665 conn(0x46b7400 0x36b6680 crc :-1 s=READ_MESSAGE_COMPLETE pgs=1 gs=2 cs=0 l=1 c_cookie=0 s_cookie=0 reconnecting=0 rev1=1 crypto rx=0 tx=0 comp rx=0 tx=0).handle_message received message m=0x46ed500 seq=7 from=client.? type=50 mon_command([{prefix=config set, name=mgr_pool}] v 0)
2026-02-12T20:53:14.456+0000 7fbd9c7f9640 20 -- v2:127.0.0.1:7146/0 queue 0x46ed500 prio 127
2026-02-12T20:53:14.456+0000 7fbd9c7f9640 20 --2- v2:127.0.0.1:7146/0 >> 127.0.0.1:0/3875300665 conn(0x46b7400 0x36b6680 crc :-1 s=READY pgs=1 gs=2 cs=0 l=1 c_cookie=0 s_cookie=0 reconnecting=0 rev1=1 crypto rx=0 tx=0 comp rx=0 tx=0).read_frame
2026-02-12T20:53:14.456+0000 7fbd9c7f9640 20 -- v2:127.0.0.1:7146/0 >> 127.0.0.1:0/3875300665 conn(0x46b7400 msgr2=0x36b6680 crc :-1 s=STATE_CONNECTION_ESTABLISHED l=1).read start len=32
2026-02-12T20:53:14.456+0000 7fbd987f1640 1 -- v2:127.0.0.1:7146/0 <== client.? 127.0.0.1:0/3875300665 7 ==== mon_command([{prefix=config set, name=mgr_pool}] v 0) ==== 133+0+0 (crc 0 0 0) 0x46ed500 con 0x46b7400
2026-02-12T20:53:14.456+0000 7fbd987f1640 20 mon.a@0(leader) e1 _ms_dispatch existing session 0x45358c0 for client.?
2026-02-12T20:53:14.456+0000 7fbd987f1640 20 mon.a@0(leader) e1 entity_name client.admin global_id 4098 (none) caps allow *
2026-02-12T20:53:14.456+0000 7fbd987f1640 0 mon.a@0(leader) e1 handle_command mon_command([{prefix=config set, name=mgr_pool}] v 0)
2026-02-12T20:53:14.456+0000 7fbd987f1640 20 MonCap is_capable service=config command=config set read write addr 127.0.0.1:0/3875300665 on cap allow *
2026-02-12T20:53:14.456+0000 7fbd987f1640 20 MonCap allow so far , doing grant allow *
2026-02-12T20:53:14.456+0000 7fbd987f1640 20 MonCap allow all
2026-02-12T20:53:14.456+0000 7fbd987f1640 10 mon.a@0(leader) e1 _allowed_command capable
2026-02-12T20:53:14.456+0000 7fbd987f1640 10 mon.a@0(leader).paxosservice(config 1..2) dispatch 0x46ed500 mon_command([{prefix=config set, name=mgr_pool}] v 0) from client.? 127.0.0.1:0/3875300665 con 0x46b7400
2026-02-12T20:53:14.456+0000 7fbd987f1640 5 mon.a@0(leader).paxos(paxos active c 1..7) is_readable = 1 - now=2026-02-12T20:53:14.457869+0000 lease_expire=1970-01-01T00:00:00.000000+0000 has v0 lc 7
2026-02-12T20:53:14.456+0000 7fbd987f1640 7 mon.a@0(leader).config prepare_update mon_command([{prefix=config set, name=mgr_pool}] v 0) from client.? 127.0.0.1:0/3875300665
2026-02-12T20:53:14.457+0000 7fbd987f1640 2 mon.a@0(leader) e1 send_reply 0x46a58c0 0x4551380 mon_command_ack([{prefix=config set, name=mgr_pool}]=0 v2)=0 v2)
2026-02-12T20:53:14.457+0000 7fbd987f1640 1 -- v2:127.0.0.1:7146/0 --> 127.0.0.1:0/3875300665 -- mon_command_ack([{prefix=config set, name=mgr_pool}]=0 v2)=0 v2) -- 0x4551380 con 0x46b7400
2026-02-12T20:53:14.457+0000 7fbd987f1640 5 --2- v2:127.0.0.1:7146/0 >> 127.0.0.1:0/3875300665 conn(0x46b7400 0x36b6680 crc :-1 s=READY pgs=1 gs=2 cs=0 l=1 c_cookie=0 s_cookie=0 reconnecting=0 rev1=1 crypto rx=0 tx=0 comp rx=0 tx=0).send_message enqueueing message m=0x4551380 type=51 mon_command_ack([{prefix=config set, name=mgr_pool}]=0 v2)=0 v2)
2026-02-12T20:53:14.457+0000 7fbd987f1640 15 --2- v2:127.0.0.1:7146/0 >> 127.0.0.1:0/3875300665 conn(0x46b7400 0x36b6680 crc :-1 s=READY pgs=1 gs=2 cs=0 l=1 c_cookie=0 s_cookie=0 reconnecting=0 rev1=1 crypto rx=0 tx=0 comp rx=0 tx=0).send_message message queued for async transmission m=0x4551380
2026-02-12T20:53:14.457+0000 7fbd987f1640 20 Event(0x359abc8 nevent=5000 time_id=2).wakeup
2026-02-12T20:53:14.457+0000 7fbd987f1640 10 -- v2:127.0.0.1:7146/0 dispatch_throttle_release 133 to dispatch throttler 133/104857600
2026-02-12T20:53:14.457+0000 7fbd987f1640 20 -- v2:127.0.0.1:7146/0 done calling dispatch on 0x46ed500
2026-02-12T20:53:14.457+0000 7fbd9c7f9640 10 -- v2:127.0.0.1:7146/0 >> 127.0.0.1:0/3875300665 conn(0x46b7400 msgr2=0x36b6680 crc :-1 s=STATE_CONNECTION_ESTABLISHED l=1).handle_write
2026-02-12T20:53:14.457+0000 7fbd9c7f9640 10 --2- v2:127.0.0.1:7146/0 >> 127.0.0.1:0/3875300665 conn(0x46b7400 0x36b6680 crc :-1 s=READY pgs=1 gs=2 cs=0 l=1 c_cookie=0 s_cookie=0 reconnecting=0 rev1=1 crypto rx=0 tx=0 comp rx=0 tx=0).write_event
2026-02-12T20:53:14.457+0000 7fbd9c7f9640 20 --2- v2:127.0.0.1:7146/0 >> 127.0.0.1:0/3875300665 conn(0x46b7400 0x36b6680 crc :-1 s=READY pgs=1 gs=2 cs=0 l=1 c_cookie=0 s_cookie=0 reconnecting=0 rev1=1 crypto rx=0 tx=0 comp rx=0 tx=0).prepare_send_message m=mon_command_ack([{prefix=config set, name=mgr_pool}]=0 v2)=0 v2)
2026-02-12T20:53:14.457+0000 7fbd9c7f9640 20 --2- v2:127.0.0.1:7146/0 >> 127.0.0.1:0/3875300665 conn(0x46b7400 0x36b6680 crc :-1 s=READY pgs=1 gs=2 cs=0 l=1 c_cookie=0 s_cookie=0 reconnecting=0 rev1=1 crypto rx=0 tx=0 comp rx=0 tx=0).prepare_send_message encoding features 4544132024016699391 0x4551380 mon_command_ack([{prefix=config set, name=mgr_pool}]=0 v2)=0 v2)
2026-02-12T20:53:14.457+0000 7fbd9c7f9640 2 --2- v2:127.0.0.1:7146/0 >> 127.0.0.1:0/3875300665 conn(0x46b7400 0x36b6680 crc :-1 s=READY pgs=1 gs=2 cs=0 l=1 c_cookie=0 s_cookie=0 reconnecting=0 rev1=1 crypto rx=0 tx=0 comp rx=0 tx=0).write_message sending message m=0x4551380 seq=8 mon_command_ack([{prefix=config set, name=mgr_pool}]=0 v2)=0 v2)
2026-02-12T20:53:14.457+0000 7fbd9c7f9640 20 --2- v2:127.0.0.1:7146/0 >> 127.0.0.1:0/3875300665 conn(0x46b7400 0x36b6680 crc :-1 s=READY pgs=1 gs=2 cs=0 l=1 c_cookie=0 s_cookie=0 reconnecting=0 rev1=1 crypto rx=0 tx=0 comp rx=0 tx=0).write_message sending m=0x4551380 seq=8 src=mon.0 off=0
2026-02-12T20:53:14.457+0000 7fbd9c7f9640 10 -- v2:127.0.0.1:7146/0 >> 127.0.0.1:0/3875300665 conn(0x46b7400 msgr2=0x36b6680 crc :-1 s=STATE_CONNECTION_ESTABLISHED l=1)._try_send sent bytes 215 remaining bytes 0
2026-02-12T20:53:14.457+0000 7fbd9c7f9640 10 --2- v2:127.0.0.1:7146/0 >> 127.0.0.1:0/3875300665 conn(0x46b7400 0x36b6680 crc :-1 s=READY pgs=1 gs=2 cs=0 l=1 c_cookie=0 s_cookie=0 reconnecting=0 rev1=1 crypto rx=0 tx=0 comp rx=0 tx=0).write_message sending 0x4551380 done.
2026-02-12T20:53:14.457+0000 7fbd9c7f9640 20 -- v2:127.0.0.1:7146/0 >> 127.0.0.1:0/3875300665 conn(0x46b7400 msgr2=0x36b6680 crc :-1 s=STATE_CONNECTION_ESTABLISHED l=1).process
2026-02-12T20:53:14.457+0000 7fbd9c7f9640 20 -- v2:127.0.0.1:7146/0 >> 127.0.0.1:0/3875300665 conn(0x46b7400 msgr2=0x36b6680 crc :-1 s=STATE_CONNECTION_ESTABLISHED l=1).read continue len=32
2026-02-12T20:53:14.457+0000 7fbd9c7f9640 1 -- v2:127.0.0.1:7146/0 >> 127.0.0.1:0/3875300665 conn(0x46b7400 msgr2=0x36b6680 crc :-1 s=STATE_CONNECTION_ESTABLISHED l=1).read_bulk peer close file descriptor 33
2026-02-12T20:53:14.457+0000 7fbd9c7f9640 1 -- v2:127.0.0.1:7146/0 >> 127.0.0.1:0/3875300665 conn(0x46b7400 msgr2=0x36b6680 crc :-1 s=STATE_CONNECTION_ESTABLISHED l=1).read_until read failed
2026-02-12T20:53:14.457+0000 7fbd9c7f9640 20 --2- v2:127.0.0.1:7146/0 >> 127.0.0.1:0/3875300665 conn(0x46b7400 0x36b6680 crc :-1 s=READY pgs=1 gs=2 cs=0 l=1 c_cookie=0 s_cookie=0 reconnecting=0 rev1=1 crypto rx=0 tx=0 comp rx=0 tx=0).handle_read_frame_preamble_main r=-1
2026-02-12T20:53:14.457+0000 7fbd9c7f9640 1 --2- v2:127.0.0.1:7146/0 >> 127.0.0.1:0/3875300665 conn(0x46b7400 0x36b6680 crc :-1 s=READY pgs=1 gs=2 cs=0 l=1 c_cookie=0 s_cookie=0 reconnecting=0 rev1=1 crypto rx=0 tx=0 comp rx=0 tx=0).handle_read_frame_preamble_main read frame preamble failed r=-1
2026-02-12T20:53:14.457+0000 7fbd9c7f9640 10 --2- v2:127.0.0.1:7146/0 >> 127.0.0.1:0/3875300665 conn(0x46b7400 0x36b6680 crc :-1 s=READY pgs=1 gs=2 cs=0 l=1 c_cookie=0 s_cookie=0 reconnecting=0 rev1=1 crypto rx=0 tx=0 comp rx=0 tx=0)._fault
2026-02-12T20:53:14.457+0000 7fbd9c7f9640 2 --2- v2:127.0.0.1:7146/0 >> 127.0.0.1:0/3875300665 conn(0x46b7400 0x36b6680 crc :-1 s=READY pgs=1 gs=2 cs=0 l=1 c_cookie=0 s_cookie=0 reconnecting=0 rev1=1 crypto rx=0 tx=0 comp rx=0 tx=0)._fault on lossy channel, failing
2026-02-12T20:53:14.457+0000 7fbd9c7f9640 1 --2- v2:127.0.0.1:7146/0 >> 127.0.0.1:0/3875300665 conn(0x46b7400 0x36b6680 crc :-1 s=READY pgs=1 gs=2 cs=0 l=1 c_cookie=0 s_cookie=0 reconnecting=0 rev1=1 crypto rx=0 tx=0 comp rx=0 tx=0).stop
2026-02-12T20:53:14.457+0000 7fbd9c7f9640 5 --2- v2:127.0.0.1:7146/0 >> 127.0.0.1:0/3875300665 conn(0x46b7400 0x36b6680 crc :-1 s=READY pgs=1 gs=2 cs=0 l=1 c_cookie=0 s_cookie=0 reconnecting=0 rev1=1 crypto rx=0 tx=0 comp rx=0 tx=0).reset_recv_state
2026-02-12T20:53:14.457+0000 7fbd9c7f9640 5 --2- v2:127.0.0.1:7146/0 >> 127.0.0.1:0/3875300665 conn(0x46b7400 0x36b6680 crc :-1 s=READY pgs=1 gs=2 cs=0 l=1 c_cookie=0 s_cookie=0 reconnecting=0 rev1=1 crypto rx=0 tx=0 comp rx=0 tx=0).reset_security
2026-02-12T20:53:14.457+0000 7fbd9c7f9640 5 --2- v2:127.0.0.1:7146/0 >> 127.0.0.1:0/3875300665 conn(0x46b7400 0x36b6680 unknown :-1 s=READY pgs=1 gs=2 cs=0 l=1 c_cookie=0 s_cookie=0 reconnecting=0 rev1=1 crypto rx=0 tx=0 comp rx=0 tx=0).reset_compression
2026-02-12T20:53:14.457+0000 7fbd9c7f9640 10 --2- v2:127.0.0.1:7146/0 >> 127.0.0.1:0/3875300665 conn(0x46b7400 0x36b6680 unknown :-1 s=READY pgs=1 gs=2 cs=0 l=1 c_cookie=0 s_cookie=0 reconnecting=0 rev1=1 crypto rx=0 tx=0 comp rx=0 tx=0).discard_out_queue started
2026-02-12T20:53:14.457+0000 7fbd9c7f9640 20 EpollDriver.del_event del event fd=33 cur_mask=1 delmask=3 to 23
2026-02-12T20:53:14.457+0000 7fbd987f1640 10 mon.a@0(leader) e1 ms_handle_reset 0x46b7400 127.0.0.1:0/3875300665
2026-02-12T20:53:14.457+0000 7fbd987f1640 10 mon.a@0(leader) e1 reset/close on session client.? 127.0.0.1:0/3875300665
2026-02-12T20:53:14.457+0000 7fbd987f1640 10 mon.a@0(leader) e1 remove_session 0x45358c0 client.? 127.0.0.1:0/3875300665 features 0x3f0ffffffffdffff
2026-02-12T20:53:14.481+0000 7fbd967ed640 10 Processor -- accept listen_fd=25
2026-02-12T20:53:14.482+0000 7fbd967ed640 10 Processor -- accept accepted incoming on sd 33
2026-02-12T20:53:14.482+0000 7fbd967ed640 10 -- v2:127.0.0.1:7146/0 >> conn(0x46b7800 msgr2=0x36b6c00 unknown :-1 s=STATE_NONE l=0).accept sd=33 listen_addr v2:127.0.0.1:7146/0 peer_addr v2:127.0.0.1:41314/0
2026-02-12T20:53:14.482+0000 7fbd967ed640 1 --2- v2:127.0.0.1:7146/0 >> conn(0x46b7800 0x36b6c00 unknown :-1 s=NONE pgs=0 gs=0 cs=0 l=0 c_cookie=0 s_cookie=0 reconnecting=0 rev1=0 crypto rx=0 tx=0 comp rx=0 tx=0).accept
2026-02-12T20:53:14.482+0000 7fbd967ed640 20 Event(0x359abc8 nevent=5000 time_id=2).wakeup
2026-02-12T20:53:14.482+0000 7fbd967ed640 10 Processor -- accept accepted incoming on sd 34
2026-02-12T20:53:14.482+0000 7fbd967ed640 10 -- v2:127.0.0.1:7146/0 >> conn(0x46b7c00 msgr2=0x36b7180 unknown :-1 s=STATE_NONE l=0).accept sd=34 listen_addr v2:127.0.0.1:7146/0 peer_addr v2:127.0.0.1:41330/0
2026-02-12T20:53:14.482+0000 7fbd967ed640 1 --2- v2:127.0.0.1:7146/0 >> conn(0x46b7c00 0x36b7180 unknown :-1 s=NONE pgs=0 gs=0 cs=0 l=0 c_cookie=0 s_cookie=0 reconnecting=0 rev1=0 crypto rx=0 tx=0 comp rx=0 tx=0).accept
2026-02-12T20:53:14.482+0000 7fbd9c7f9640 20 -- v2:127.0.0.1:7146/0 >> conn(0x46b7800 msgr2=0x36b6c00 unknown :-1 s=STATE_ACCEPTING l=0).process
2026-02-12T20:53:14.482+0000 7fbd9c7f9640 20 Event(0x359abc8 nevent=5000 time_id=2).create_file_event create event started fd=33 mask=1 original mask is 0
2026-02-12T20:53:14.482+0000 7fbd9c7f9640 20 EpollDriver.add_event add event fd=33 cur_mask=0 add_mask=1 to 23
2026-02-12T20:53:14.482+0000 7fbd967ed640 20 -- v2:127.0.0.1:7146/0 >> conn(0x46b7c00 msgr2=0x36b7180 unknown :-1 s=STATE_ACCEPTING l=0).process
2026-02-12T20:53:14.482+0000 7fbd967ed640 20 Event(0x359b288 nevent=5000 time_id=2).create_file_event create event started fd=34 mask=1 original mask is 0
2026-02-12T20:53:14.482+0000 7fbd967ed640 20 EpollDriver.add_event add event fd=34 cur_mask=0 add_mask=1 to 19
2026-02-12T20:53:14.482+0000 7fbd9c7f9640 20 Event(0x359abc8 nevent=5000 time_id=2).create_file_event create event end fd=33 mask=1 current mask is 1
2026-02-12T20:53:14.482+0000 7fbd967ed640 20 Event(0x359b288 nevent=5000 time_id=2).create_file_event create event end fd=34 mask=1 current mask is 1
2026-02-12T20:53:14.482+0000 7fbd967ed640 20 --2- v2:127.0.0.1:7146/0 >> conn(0x46b7c00 0x36b7180 unknown :-1 s=START_ACCEPT pgs=0 gs=0 cs=0 l=0 c_cookie=0 s_cookie=0 reconnecting=0 rev1=0 crypto rx=0 tx=0 comp rx=0 tx=0).read_event
2026-02-12T20:53:14.482+0000 7fbd9c7f9640 20 --2- v2:127.0.0.1:7146/0 >> conn(0x46b7800 0x36b6c00 unknown :-1 s=START_ACCEPT pgs=0 gs=0 cs=0 l=0 c_cookie=0 s_cookie=0 reconnecting=0 rev1=0 crypto rx=0 tx=0 comp rx=0 tx=0).read_event
2026-02-12T20:53:14.482+0000 7fbd967ed640 20 --2- v2:127.0.0.1:7146/0 >> conn(0x46b7c00 0x36b7180 unknown :-1 s=START_ACCEPT pgs=0 gs=0 cs=0 l=0 c_cookie=0 s_cookie=0 reconnecting=0 rev1=0 crypto rx=0 tx=0 comp rx=0 tx=0).start_server_banner_exchange
2026-02-12T20:53:14.482+0000 7fbd9c7f9640 20 --2- v2:127.0.0.1:7146/0 >> conn(0x46b7800 0x36b6c00 unknown :-1 s=START_ACCEPT pgs=0 gs=0 cs=0 l=0 c_cookie=0 s_cookie=0 reconnecting=0 rev1=0 crypto rx=0 tx=0 comp rx=0 tx=0).start_server_banner_exchange
2026-02-12T20:53:14.482+0000 7fbd967ed640 20 --2- v2:127.0.0.1:7146/0 >> conn(0x46b7c00 0x36b7180 unknown :-1 s=BANNER_ACCEPTING pgs=0 gs=0 cs=0 l=0 c_cookie=0 s_cookie=0 reconnecting=0 rev1=0 crypto rx=0 tx=0 comp rx=0 tx=0)._banner_exchange
2026-02-12T20:53:14.482+0000 7fbd9c7f9640 20 --2- v2:127.0.0.1:7146/0 >> conn(0x46b7800 0x36b6c00 unknown :-1 s=BANNER_ACCEPTING pgs=0 gs=0 cs=0 l=0 c_cookie=0 s_cookie=0 reconnecting=0 rev1=0 crypto rx=0 tx=0 comp rx=0 tx=0)._banner_exchange
2026-02-12T20:53:14.482+0000 7fbd967ed640 10 -- v2:127.0.0.1:7146/0 >> conn(0x46b7c00 msgr2=0x36b7180 unknown :-1 s=STATE_CONNECTION_ESTABLISHED l=0)._try_send sent bytes 26 remaining bytes 0
2026-02-12T20:53:14.482+0000 7fbd967ed640 20 -- v2:127.0.0.1:7146/0 >> conn(0x46b7c00 msgr2=0x36b7180 unknown :-1 s=STATE_CONNECTION_ESTABLISHED l=0).read start len=10
2026-02-12T20:53:14.482+0000 7fbd967ed640 20 --2- v2:127.0.0.1:7146/0 >> conn(0x46b7c00 0x36b7180 unknown :-1 s=BANNER_ACCEPTING pgs=0 gs=0 cs=0 l=0 c_cookie=0 s_cookie=0 reconnecting=0 rev1=0 crypto rx=0 tx=0 comp rx=0 tx=0)._handle_peer_banner r=0
2026-02-12T20:53:14.482+0000 7fbd967ed640 20 -- v2:127.0.0.1:7146/0 >> conn(0x46b7c00 msgr2=0x36b7180 unknown :-1 s=STATE_CONNECTION_ESTABLISHED l=0).read start len=16
2026-02-12T20:53:14.482+0000 7fbd967ed640 20 --2- v2:127.0.0.1:7146/0 >> conn(0x46b7c00 0x36b7180 unknown :-1 s=BANNER_ACCEPTING pgs=0 gs=0 cs=0 l=0 c_cookie=0 s_cookie=0 reconnecting=0 rev1=0 crypto rx=0 tx=0 comp rx=0 tx=0)._handle_peer_banner_payload r=0
2026-02-12T20:53:14.482+0000 7fbd967ed640 1 --2- v2:127.0.0.1:7146/0 >> conn(0x46b7c00 0x36b7180 unknown :-1 s=BANNER_ACCEPTING pgs=0 gs=0 cs=0 l=0 c_cookie=0 s_cookie=0 reconnecting=0 rev1=0 crypto rx=0 tx=0 comp rx=0 tx=0)._handle_peer_banner_payload supported=3 required=0
2026-02-12T20:53:14.482+0000 7fbd9c7f9640 10 -- v2:127.0.0.1:7146/0 >> conn(0x46b7800 msgr2=0x36b6c00 unknown :-1 s=STATE_CONNECTION_ESTABLISHED l=0)._try_send sent bytes 26 remaining bytes 0
2026-02-12T20:53:14.482+0000 7fbd9c7f9640 20 -- v2:127.0.0.1:7146/0 >> conn(0x46b7800 msgr2=0x36b6c00 unknown :-1 s=STATE_CONNECTION_ESTABLISHED l=0).read start len=10
2026-02-12T20:53:14.482+0000 7fbd967ed640 10 -- v2:127.0.0.1:7146/0 >> conn(0x46b7c00 msgr2=0x36b7180 unknown :-1 s=STATE_CONNECTION_ESTABLISHED l=0)._try_send sent bytes 72 remaining bytes 0
2026-02-12T20:53:14.482+0000 7fbd967ed640 20 --2- v2:127.0.0.1:7146/0 >> conn(0x46b7c00 0x36b7180 unknown :-1 s=HELLO_ACCEPTING pgs=0 gs=0 cs=0 l=0 c_cookie=0 s_cookie=0 reconnecting=0 rev1=1 crypto rx=0 tx=0 comp rx=0 tx=0).read_frame
2026-02-12T20:53:14.482+0000 7fbd967ed640 20 -- v2:127.0.0.1:7146/0 >> conn(0x46b7c00 msgr2=0x36b7180 unknown :-1 s=STATE_CONNECTION_ESTABLISHED l=0).read start len=32
2026-02-12T20:53:14.482+0000 7fbd967ed640 20 -- v2:127.0.0.1:7146/0 >> conn(0x46b7c00 msgr2=0x36b7180 unknown :-1 s=STATE_CONNECTION_ESTABLISHED l=0).process
2026-02-12T20:53:14.482+0000 7fbd967ed640 20 -- v2:127.0.0.1:7146/0 >> conn(0x46b7c00 msgr2=0x36b7180 unknown :-1 s=STATE_CONNECTION_ESTABLISHED l=0).read continue len=32
2026-02-12T20:53:14.482+0000 7fbd967ed640 20 --2- v2:127.0.0.1:7146/0 >> conn(0x46b7c00 0x36b7180 unknown :-1 s=HELLO_ACCEPTING pgs=0 gs=0 cs=0 l=0 c_cookie=0 s_cookie=0 reconnecting=0 rev1=1 crypto rx=0 tx=0 comp rx=0 tx=0).handle_read_frame_preamble_main r=0
2026-02-12T20:53:14.482+0000 7fbd967ed640 20 --2- v2:127.0.0.1:7146/0 >> conn(0x46b7c00 0x36b7180 unknown :-1 s=HELLO_ACCEPTING pgs=0 gs=0 cs=0 l=0 c_cookie=0 s_cookie=0 reconnecting=0 rev1=1 crypto rx=0 tx=0 comp rx=0 tx=0).read_frame_segment seg_idx=0
2026-02-12T20:53:14.482+0000 7fbd967ed640 20 -- v2:127.0.0.1:7146/0 >> conn(0x46b7c00 msgr2=0x36b7180 unknown :-1 s=STATE_CONNECTION_ESTABLISHED l=0).read start len=40
2026-02-12T20:53:14.482+0000 7fbd967ed640 20 --2- v2:127.0.0.1:7146/0 >> conn(0x46b7c00 0x36b7180 unknown :-1 s=HELLO_ACCEPTING pgs=0 gs=0 cs=0 l=0 c_cookie=0 s_cookie=0 reconnecting=0 rev1=1 crypto rx=0 tx=0 comp rx=0 tx=0).handle_read_frame_segment r=0
2026-02-12T20:53:14.482+0000 7fbd967ed640 10 --2- v2:127.0.0.1:7146/0 >> conn(0x46b7c00 0x36b7180 unknown :-1 s=HELLO_ACCEPTING pgs=0 gs=0 cs=0 l=0 c_cookie=0 s_cookie=0 reconnecting=0 rev1=1 crypto rx=0 tx=0 comp rx=0 tx=0).handle_read_frame_dispatch tag=1
2026-02-12T20:53:14.482+0000 7fbd967ed640 20 --2- v2:127.0.0.1:7146/0 >> conn(0x46b7c00 0x36b7180 unknown :-1 s=HELLO_ACCEPTING pgs=0 gs=0 cs=0 l=0 c_cookie=0 s_cookie=0 reconnecting=0 rev1=1 crypto rx=0 tx=0 comp rx=0 tx=0).handle_hello payload.length()=36
2026-02-12T20:53:14.482+0000 7fbd967ed640 5 --2- v2:127.0.0.1:7146/0 >> conn(0x46b7c00 0x36b7180 unknown :-1 s=HELLO_ACCEPTING pgs=0 gs=0 cs=0 l=0 c_cookie=0 s_cookie=0 reconnecting=0 rev1=1 crypto rx=0 tx=0 comp rx=0 tx=0).handle_hello received hello: peer_type=8 peer_addr_for_me=v2:127.0.0.1:7146/0
2026-02-12T20:53:14.482+0000 7fbd967ed640 5 --2- v2:127.0.0.1:7146/0 >> conn(0x46b7c00 0x36b7180 unknown :-1 s=HELLO_ACCEPTING pgs=0 gs=0 cs=0 l=0 c_cookie=0 s_cookie=0 reconnecting=0 rev1=1 crypto rx=0 tx=0 comp rx=0 tx=0).handle_hello getsockname says I am 127.0.0.1:7146 when talking to v2:127.0.0.1:41330/0
2026-02-12T20:53:14.482+0000 7fbd967ed640 10 --2- v2:127.0.0.1:7146/0 >> conn(0x46b7c00 0x36b7180 unknown :-1 s=HELLO_ACCEPTING pgs=0 gs=0 cs=0 l=1 c_cookie=0 s_cookie=0 reconnecting=0 rev1=1 crypto rx=0 tx=0 comp rx=0 tx=0).handle_hello accept of host_type 8, policy.lossy=1 policy.server=1 policy.standby=0 policy.resetcheck=0
2026-02-12T20:53:14.482+0000 7fbd967ed640 20 --2- v2:127.0.0.1:7146/0 >> conn(0x46b7c00 0x36b7180 unknown :-1 s=HELLO_ACCEPTING pgs=0 gs=0 cs=0 l=1 c_cookie=0 s_cookie=0 reconnecting=0 rev1=1 crypto rx=0 tx=0 comp rx=0 tx=0).post_server_banner_exchange
2026-02-12T20:53:14.482+0000 7fbd967ed640 20 --2- v2:127.0.0.1:7146/0 >> conn(0x46b7c00 0x36b7180 unknown :-1 s=AUTH_ACCEPTING pgs=0 gs=0 cs=0 l=1 c_cookie=0 s_cookie=0 reconnecting=0 rev1=1 crypto rx=0 tx=0 comp rx=0 tx=0).read_frame
2026-02-12T20:53:14.482+0000 7fbd967ed640 20 -- v2:127.0.0.1:7146/0 >> conn(0x46b7c00 msgr2=0x36b7180 unknown :-1 s=STATE_CONNECTION_ESTABLISHED l=1).read start len=32
2026-02-12T20:53:14.482+0000 7fbd967ed640 20 -- v2:127.0.0.1:7146/0 >> conn(0x46b7c00 msgr2=0x36b7180 unknown :-1 s=STATE_CONNECTION_ESTABLISHED l=1).process
2026-02-12T20:53:14.482+0000 7fbd967ed640 20 -- v2:127.0.0.1:7146/0 >> conn(0x46b7c00 msgr2=0x36b7180 unknown :-1 s=STATE_CONNECTION_ESTABLISHED l=1).read continue len=32
2026-02-12T20:53:14.482+0000 7fbd967ed640 20 --2- v2:127.0.0.1:7146/0 >> conn(0x46b7c00 0x36b7180 unknown :-1 s=AUTH_ACCEPTING pgs=0 gs=0 cs=0 l=1 c_cookie=0 s_cookie=0 reconnecting=0 rev1=1 crypto rx=0 tx=0 comp rx=0 tx=0).handle_read_frame_preamble_main r=0
2026-02-12T20:53:14.482+0000 7fbd967ed640 20 --2- v2:127.0.0.1:7146/0 >> conn(0x46b7c00 0x36b7180 unknown :-1 s=AUTH_ACCEPTING pgs=0 gs=0 cs=0 l=1 c_cookie=0 s_cookie=0 reconnecting=0 rev1=1 crypto rx=0 tx=0 comp rx=0 tx=0).read_frame_segment seg_idx=0
2026-02-12T20:53:14.482+0000 7fbd967ed640 20 -- v2:127.0.0.1:7146/0 >> conn(0x46b7c00 msgr2=0x36b7180 unknown :-1 s=STATE_CONNECTION_ESTABLISHED l=1).read start len=38
2026-02-12T20:53:14.482+0000 7fbd967ed640 20 --2- v2:127.0.0.1:7146/0 >> conn(0x46b7c00 0x36b7180 unknown :-1 s=AUTH_ACCEPTING pgs=0 gs=0 cs=0 l=1 c_cookie=0 s_cookie=0 reconnecting=0 rev1=1 crypto rx=0 tx=0 comp rx=0 tx=0).handle_read_frame_segment r=0
2026-02-12T20:53:14.482+0000 7fbd967ed640 10 --2- v2:127.0.0.1:7146/0 >> conn(0x46b7c00 0x36b7180 unknown :-1 s=AUTH_ACCEPTING pgs=0 gs=0 cs=0 l=1 c_cookie=0 s_cookie=0 reconnecting=0 rev1=1 crypto rx=0 tx=0 comp rx=0 tx=0).handle_read_frame_dispatch tag=2
2026-02-12T20:53:14.482+0000 7fbd967ed640 20 --2- v2:127.0.0.1:7146/0 >> conn(0x46b7c00 0x36b7180 unknown :-1 s=AUTH_ACCEPTING pgs=0 gs=0 cs=0 l=1 c_cookie=0 s_cookie=0 reconnecting=0 rev1=1 crypto rx=0 tx=0 comp rx=0 tx=0).handle_auth_request payload.length()=34
2026-02-12T20:53:14.482+0000 7fbd967ed640 10 --2- v2:127.0.0.1:7146/0 >> conn(0x46b7c00 0x36b7180 unknown :-1 s=AUTH_ACCEPTING pgs=0 gs=0 cs=0 l=1 c_cookie=0 s_cookie=0 reconnecting=0 rev1=1 crypto rx=0 tx=0 comp rx=0 tx=0).handle_auth_request AuthRequest(method=1, preferred_modes=[1], payload_len=18)
2026-02-12T20:53:14.482+0000 7fbd967ed640 10 mon.a@0(leader) e1 handle_auth_request con 0x46b7c00 (start) method 1 payload 18
2026-02-12T20:53:14.482+0000 7fbd967ed640 10 mon.a@0(leader).auth v2 _assign_global_id 4099 (max 14096)
2026-02-12T20:53:14.482+0000 7fbd967ed640 10 mon.a@0(leader) e1 ms_handle_fast_authentication session 0x4535d40 con 0x46b7c00 addr - MonSession(unknown.0 is open , features 0x0 (unknown))
2026-02-12T20:53:14.482+0000 7fbd967ed640 10 -- v2:127.0.0.1:7146/0 >> conn(0x46b7c00 msgr2=0x36b7180 crc :-1 s=STATE_CONNECTION_ESTABLISHED l=1)._try_send sent bytes 52 remaining bytes 0
2026-02-12T20:53:14.482+0000 7fbd967ed640 10 -- v2:127.0.0.1:7146/0 >> conn(0x46b7c00 msgr2=0x36b7180 crc :-1 s=STATE_CONNECTION_ESTABLISHED l=1)._try_send sent bytes 68 remaining bytes 0
2026-02-12T20:53:14.482+0000 7fbd967ed640 20 --2- v2:127.0.0.1:7146/0 >> conn(0x46b7c00 0x36b7180 crc :-1 s=AUTH_ACCEPTING_SIGN pgs=0 gs=0 cs=0 l=1 c_cookie=0 s_cookie=0 reconnecting=0 rev1=1 crypto rx=0 tx=0 comp rx=0 tx=0).read_frame
2026-02-12T20:53:14.482+0000 7fbd967ed640 20 -- v2:127.0.0.1:7146/0 >> conn(0x46b7c00 msgr2=0x36b7180 crc :-1 s=STATE_CONNECTION_ESTABLISHED l=1).read start len=32
2026-02-12T20:53:14.482+0000 7fbd967ed640 20 -- v2:127.0.0.1:7146/0 >> conn(0x46b7c00 msgr2=0x36b7180 crc :-1 s=STATE_CONNECTION_ESTABLISHED l=1).process
2026-02-12T20:53:14.482+0000 7fbd967ed640 20 -- v2:127.0.0.1:7146/0 >> conn(0x46b7c00 msgr2=0x36b7180 crc :-1 s=STATE_CONNECTION_ESTABLISHED l=1).read continue len=32
2026-02-12T20:53:14.482+0000 7fbd967ed640 20 --2- v2:127.0.0.1:7146/0 >> conn(0x46b7c00 0x36b7180 crc :-1 s=AUTH_ACCEPTING_SIGN pgs=0 gs=0 cs=0 l=1 c_cookie=0 s_cookie=0 reconnecting=0 rev1=1 crypto rx=0 tx=0 comp rx=0 tx=0).handle_read_frame_preamble_main r=0
2026-02-12T20:53:14.482+0000 7fbd967ed640 20 --2- v2:127.0.0.1:7146/0 >> conn(0x46b7c00 0x36b7180 crc :-1 s=AUTH_ACCEPTING_SIGN pgs=0 gs=0 cs=0 l=1 c_cookie=0 s_cookie=0 reconnecting=0 rev1=1 crypto rx=0 tx=0 comp rx=0 tx=0).read_frame_segment seg_idx=0
2026-02-12T20:53:14.482+0000 7fbd967ed640 20 -- v2:127.0.0.1:7146/0 >> conn(0x46b7c00 msgr2=0x36b7180 crc :-1 s=STATE_CONNECTION_ESTABLISHED l=1).read start len=36
2026-02-12T20:53:14.482+0000 7fbd967ed640 20 --2- v2:127.0.0.1:7146/0 >> conn(0x46b7c00 0x36b7180 crc :-1 s=AUTH_ACCEPTING_SIGN pgs=0 gs=0 cs=0 l=1 c_cookie=0 s_cookie=0 reconnecting=0 rev1=1 crypto rx=0 tx=0 comp rx=0 tx=0).handle_read_frame_segment r=0
2026-02-12T20:53:14.482+0000 7fbd967ed640 10 --2- v2:127.0.0.1:7146/0 >> conn(0x46b7c00 0x36b7180 crc :-1 s=AUTH_ACCEPTING_SIGN pgs=0 gs=0 cs=0 l=1 c_cookie=0 s_cookie=0 reconnecting=0 rev1=1 crypto rx=0 tx=0 comp rx=0 tx=0).handle_read_frame_dispatch tag=7
2026-02-12T20:53:14.482+0000 7fbd967ed640 20 --2- v2:127.0.0.1:7146/0 >> conn(0x46b7c00 0x36b7180 crc :-1 s=AUTH_ACCEPTING_SIGN pgs=0 gs=0 cs=0 l=1 c_cookie=0 s_cookie=0 reconnecting=0 rev1=1 crypto rx=0 tx=0 comp rx=0 tx=0).handle_auth_signature payload.length()=32
2026-02-12T20:53:14.482+0000 7fbd9c7f9640 20 -- v2:127.0.0.1:7146/0 >> conn(0x46b7800 msgr2=0x36b6c00 unknown :-1 s=STATE_CONNECTION_ESTABLISHED l=0).process
2026-02-12T20:53:14.482+0000 7fbd9c7f9640 20 -- v2:127.0.0.1:7146/0 >> conn(0x46b7800 msgr2=0x36b6c00 unknown :-1 s=STATE_CONNECTION_ESTABLISHED l=0).read continue len=10
2026-02-12T20:53:14.482+0000 7fbd967ed640 20 --2- v2:127.0.0.1:7146/0 >> conn(0x46b7c00 0x36b7180 crc :-1 s=AUTH_ACCEPTING_SIGN pgs=0 gs=0 cs=0 l=1 c_cookie=0 s_cookie=0 reconnecting=0 rev1=1 crypto rx=0 tx=0 comp rx=0 tx=0).handle_auth_signature pre-auth signature success sig_frame.signature()=0000000000000000000000000000000000000000000000000000000000000000
2026-02-12T20:53:14.482+0000 7fbd967ed640 20 --2- v2:127.0.0.1:7146/0 >> conn(0x46b7c00 0x36b7180 crc :-1 s=AUTH_ACCEPTING_SIGN pgs=0 gs=0 cs=0 l=1 c_cookie=0 s_cookie=0 reconnecting=0 rev1=1 crypto rx=0 tx=0 comp rx=0 tx=0).finish_server_auth
2026-02-12T20:53:14.482+0000 7fbd9c7f9640 1 -- v2:127.0.0.1:7146/0 >> conn(0x46b7800 msgr2=0x36b6c00 unknown :-1 s=STATE_CONNECTION_ESTABLISHED l=0).read_bulk peer close file descriptor 33
2026-02-12T20:53:14.482+0000 7fbd967ed640 20 --2- v2:127.0.0.1:7146/0 >> conn(0x46b7c00 0x36b7180 crc :-1 s=COMPRESSION_ACCEPTING pgs=0 gs=0 cs=0 l=1 c_cookie=0 s_cookie=0 reconnecting=0 rev1=1 crypto rx=0 tx=0 comp rx=0 tx=0).read_frame
2026-02-12T20:53:14.482+0000 7fbd9c7f9640 1 -- v2:127.0.0.1:7146/0 >> conn(0x46b7800 msgr2=0x36b6c00 unknown :-1 s=STATE_CONNECTION_ESTABLISHED l=0).read_until read failed
2026-02-12T20:53:14.482+0000 7fbd967ed640 20 -- v2:127.0.0.1:7146/0 >> conn(0x46b7c00 msgr2=0x36b7180 crc :-1 s=STATE_CONNECTION_ESTABLISHED l=1).read start len=32
2026-02-12T20:53:14.482+0000 7fbd9c7f9640 20 --2- v2:127.0.0.1:7146/0 >> conn(0x46b7800 0x36b6c00 unknown :-1 s=BANNER_ACCEPTING pgs=0 gs=0 cs=0 l=0 c_cookie=0 s_cookie=0 reconnecting=0 rev1=0 crypto rx=0 tx=0 comp rx=0 tx=0)._handle_peer_banner r=-1
2026-02-12T20:53:14.482+0000 7fbd9c7f9640 1 --2- v2:127.0.0.1:7146/0 >> conn(0x46b7800 0x36b6c00 unknown :-1 s=BANNER_ACCEPTING pgs=0 gs=0 cs=0 l=0 c_cookie=0 s_cookie=0 reconnecting=0 rev1=0 crypto rx=0 tx=0 comp rx=0 tx=0)._handle_peer_banner read peer banner failed r=-1 ((1) Operation not permitted)
2026-02-12T20:53:14.482+0000 7fbd967ed640 20 -- v2:127.0.0.1:7146/0 >> conn(0x46b7c00 msgr2=0x36b7180 crc :-1 s=STATE_CONNECTION_ESTABLISHED l=1).process
2026-02-12T20:53:14.482+0000 7fbd967ed640 20 -- v2:127.0.0.1:7146/0 >> conn(0x46b7c00 msgr2=0x36b7180 crc :-1 s=STATE_CONNECTION_ESTABLISHED l=1).read continue len=32
2026-02-12T20:53:14.482+0000 7fbd9c7f9640 10 --2- v2:127.0.0.1:7146/0 >> conn(0x46b7800 0x36b6c00 unknown :-1 s=BANNER_ACCEPTING pgs=0 gs=0 cs=0 l=0 c_cookie=0 s_cookie=0 reconnecting=0 rev1=0 crypto rx=0 tx=0 comp rx=0 tx=0)._fault
2026-02-12T20:53:14.482+0000 7fbd9c7f9640 2 --2- v2:127.0.0.1:7146/0 >> conn(0x46b7800 0x36b6c00 unknown :-1 s=BANNER_ACCEPTING pgs=0 gs=0 cs=0 l=0 c_cookie=0 s_cookie=0 reconnecting=0 rev1=0 crypto rx=0 tx=0 comp rx=0 tx=0)._fault with nothing to send and in the half accept state just closed
2026-02-12T20:53:14.482+0000 7fbd9c7f9640 1 --2- v2:127.0.0.1:7146/0 >> conn(0x46b7800 0x36b6c00 unknown :-1 s=BANNER_ACCEPTING pgs=0 gs=0 cs=0 l=0 c_cookie=0 s_cookie=0 reconnecting=0 rev1=0 crypto rx=0 tx=0 comp rx=0 tx=0).stop
2026-02-12T20:53:14.482+0000 7fbd9c7f9640 5 --2- v2:127.0.0.1:7146/0 >> conn(0x46b7800 0x36b6c00 unknown :-1 s=BANNER_ACCEPTING pgs=0 gs=0 cs=0 l=0 c_cookie=0 s_cookie=0 reconnecting=0 rev1=0 crypto rx=0 tx=0 comp rx=0 tx=0).reset_recv_state
2026-02-12T20:53:14.482+0000 7fbd967ed640 20 --2- v2:127.0.0.1:7146/0 >> conn(0x46b7c00 0x36b7180 crc :-1 s=COMPRESSION_ACCEPTING pgs=0 gs=0 cs=0 l=1 c_cookie=0 s_cookie=0 reconnecting=0 rev1=1 crypto rx=0 tx=0 comp rx=0 tx=0).handle_read_frame_preamble_main r=0
2026-02-12T20:53:14.482+0000 7fbd9c7f9640 5 --2- v2:127.0.0.1:7146/0 >> conn(0x46b7800 0x36b6c00 unknown :-1 s=BANNER_ACCEPTING pgs=0 gs=0 cs=0 l=0 c_cookie=0 s_cookie=0 reconnecting=0 rev1=0 crypto rx=0 tx=0 comp rx=0 tx=0).reset_security
2026-02-12T20:53:14.482+0000 7fbd967ed640 20 --2- v2:127.0.0.1:7146/0 >> conn(0x46b7c00 0x36b7180 crc :-1 s=COMPRESSION_ACCEPTING pgs=0 gs=0 cs=0 l=1 c_cookie=0 s_cookie=0 reconnecting=0 rev1=1 crypto rx=0 tx=0 comp rx=0 tx=0).read_frame_segment seg_idx=0
2026-02-12T20:53:14.482+0000 7fbd967ed640 20 -- v2:127.0.0.1:7146/0 >> conn(0x46b7c00 msgr2=0x36b7180 crc :-1 s=STATE_CONNECTION_ESTABLISHED l=1).read start len=9
2026-02-12T20:53:14.482+0000 7fbd967ed640 20 --2- v2:127.0.0.1:7146/0 >> conn(0x46b7c00 0x36b7180 crc :-1 s=COMPRESSION_ACCEPTING pgs=0 gs=0 cs=0 l=1 c_cookie=0 s_cookie=0 reconnecting=0 rev1=1 crypto rx=0 tx=0 comp rx=0 tx=0).handle_read_frame_segment r=0
2026-02-12T20:53:14.482+0000 7fbd9c7f9640 5 --2- v2:127.0.0.1:7146/0 >> conn(0x46b7800 0x36b6c00 unknown :-1 s=BANNER_ACCEPTING pgs=0 gs=0 cs=0 l=0 c_cookie=0 s_cookie=0 reconnecting=0 rev1=0 crypto rx=0 tx=0 comp rx=0 tx=0).reset_compression
2026-02-12T20:53:14.482+0000 7fbd967ed640 10 --2- v2:127.0.0.1:7146/0 >> conn(0x46b7c00 0x36b7180 crc :-1 s=COMPRESSION_ACCEPTING pgs=0 gs=0 cs=0 l=1 c_cookie=0 s_cookie=0 reconnecting=0 rev1=1 crypto rx=0 tx=0 comp rx=0 tx=0).handle_read_frame_dispatch tag=21
2026-02-12T20:53:14.482+0000 7fbd9c7f9640 10 --2- v2:127.0.0.1:7146/0 >> conn(0x46b7800 0x36b6c00 unknown :-1 s=BANNER_ACCEPTING pgs=0 gs=0 cs=0 l=0 c_cookie=0 s_cookie=0 reconnecting=0 rev1=0 crypto rx=0 tx=0 comp rx=0 tx=0).discard_out_queue started
2026-02-12T20:53:14.482+0000 7fbd967ed640 10 --2- v2:127.0.0.1:7146/0 >> conn(0x46b7c00 0x36b7180 crc :-1 s=COMPRESSION_ACCEPTING pgs=0 gs=0 cs=0 l=1 c_cookie=0 s_cookie=0 reconnecting=0 rev1=1 crypto rx=0 tx=0 comp rx=0 tx=0).handle_compression_request CompressionRequestFrame(is_compress=0, preferred_methods=[])
2026-02-12T20:53:14.482+0000 7fbd967ed640 20 CompressorRegistry(0x367ca18) get_mode peer_type 8 is_secure 0
2026-02-12T20:53:14.482+0000 7fbd9c7f9640 20 EpollDriver.del_event del event fd=33 cur_mask=1 delmask=3 to 23
2026-02-12T20:53:14.482+0000 7fbd967ed640 10 -- v2:127.0.0.1:7146/0 >> conn(0x46b7c00 msgr2=0x36b7180 crc :-1 s=STATE_CONNECTION_ESTABLISHED l=1)._try_send sent bytes 41 remaining bytes 0
2026-02-12T20:53:14.482+0000 7fbd967ed640 20 --2- v2:127.0.0.1:7146/0 >> conn(0x46b7c00 0x36b7180 crc :-1 s=SESSION_ACCEPTING pgs=0 gs=0 cs=0 l=1 c_cookie=0 s_cookie=0 reconnecting=0 rev1=1 crypto rx=0 tx=0 comp rx=0 tx=0).read_frame
2026-02-12T20:53:14.482+0000 7fbd967ed640 20 -- v2:127.0.0.1:7146/0 >> conn(0x46b7c00 msgr2=0x36b7180 crc :-1 s=STATE_CONNECTION_ESTABLISHED l=1).read start len=32
2026-02-12T20:53:14.482+0000 7fbd987f1640 10 mon.a@0(leader) e1 ms_handle_reset 0x46b7800 -
2026-02-12T20:53:14.482+0000 7fbd967ed640 20 -- v2:127.0.0.1:7146/0 >> conn(0x46b7c00 msgr2=0x36b7180 crc :-1 s=STATE_CONNECTION_ESTABLISHED l=1).process
2026-02-12T20:53:14.482+0000 7fbd967ed640 20 -- v2:127.0.0.1:7146/0 >> conn(0x46b7c00 msgr2=0x36b7180 crc :-1 s=STATE_CONNECTION_ESTABLISHED l=1).read continue len=32
2026-02-12T20:53:14.482+0000 7fbd967ed640 20 --2- v2:127.0.0.1:7146/0 >> conn(0x46b7c00 0x36b7180 crc :-1 s=SESSION_ACCEPTING pgs=0 gs=0 cs=0 l=1 c_cookie=0 s_cookie=0 reconnecting=0 rev1=1 crypto rx=0 tx=0 comp rx=0 tx=0).handle_read_frame_preamble_main r=0
2026-02-12T20:53:14.482+0000 7fbd967ed640 20 --2- v2:127.0.0.1:7146/0 >> conn(0x46b7c00 0x36b7180 crc :-1 s=SESSION_ACCEPTING pgs=0 gs=0 cs=0 l=1 c_cookie=0 s_cookie=0 reconnecting=0 rev1=1 crypto rx=0 tx=0 comp rx=0 tx=0).read_frame_segment seg_idx=0
2026-02-12T20:53:14.482+0000 7fbd967ed640 20 -- v2:127.0.0.1:7146/0 >> conn(0x46b7c00 msgr2=0x36b7180 crc :-1 s=STATE_CONNECTION_ESTABLISHED l=1).read start len=127
2026-02-12T20:53:14.482+0000 7fbd967ed640 20 --2- v2:127.0.0.1:7146/0 >> conn(0x46b7c00 0x36b7180 crc :-1 s=SESSION_ACCEPTING pgs=0 gs=0 cs=0 l=1 c_cookie=0 s_cookie=0 reconnecting=0 rev1=1 crypto rx=0 tx=0 comp rx=0 tx=0).handle_read_frame_segment r=0
2026-02-12T20:53:14.482+0000 7fbd967ed640 10 --2- v2:127.0.0.1:7146/0 >> conn(0x46b7c00 0x36b7180 crc :-1 s=SESSION_ACCEPTING pgs=0 gs=0 cs=0 l=1 c_cookie=0 s_cookie=0 reconnecting=0 rev1=1 crypto rx=0 tx=0 comp rx=0 tx=0).handle_read_frame_dispatch tag=8
2026-02-12T20:53:14.482+0000 7fbd967ed640 20 --2- v2:127.0.0.1:7146/0 >> conn(0x46b7c00 0x36b7180 crc :-1 s=SESSION_ACCEPTING pgs=0 gs=0 cs=0 l=1 c_cookie=0 s_cookie=0 reconnecting=0 rev1=1 crypto rx=0 tx=0 comp rx=0 tx=0).handle_client_ident payload.length()=123
2026-02-12T20:53:14.482+0000 7fbd967ed640 5 --2- v2:127.0.0.1:7146/0 >> conn(0x46b7c00 0x36b7180 crc :-1 s=SESSION_ACCEPTING pgs=0 gs=0 cs=0 l=1 c_cookie=0 s_cookie=0 reconnecting=0 rev1=1 crypto rx=0 tx=0 comp rx=0 tx=0).handle_client_ident received client identification: addrs=127.0.0.1:0/4047571421 target=v2:127.0.0.1:7146/0 gid=-1 global_seq=2 features_supported=3f0ffffffffdffff features_required=800000000000000 flags=0 cookie=96b417dc3847215e
2026-02-12T20:53:14.482+0000 7fbd967ed640 10 -- v2:127.0.0.1:7146/0 >> 127.0.0.1:0/4047571421 conn(0x46b7c00 msgr2=0x36b7180 crc :-1 s=STATE_CONNECTION_ESTABLISHED l=1)._infer_target_addr 127.0.0.1:0/4047571421 -> 127.0.0.1:0/4047571421
2026-02-12T20:53:14.482+0000 7fbd967ed640 20 --2- v2:127.0.0.1:7146/0 >> 127.0.0.1:0/4047571421 conn(0x46b7c00 0x36b7180 crc :-1 s=SESSION_ACCEPTING pgs=2 gs=0 cs=0 l=1 c_cookie=10859330836101538142 s_cookie=0 reconnecting=0 rev1=1 crypto rx=0 tx=0 comp rx=0 tx=0).send_server_ident
2026-02-12T20:53:14.482+0000 7fbd967ed640 10 --2- v2:127.0.0.1:7146/0 >> 127.0.0.1:0/4047571421 conn(0x46b7c00 0x36b7180 crc :-1 s=SESSION_ACCEPTING pgs=2 gs=0 cs=0 l=1 c_cookie=10859330836101538142 s_cookie=0 reconnecting=0 rev1=1 crypto rx=0 tx=0 comp rx=0 tx=0).discard_requeued_up_to 0
2026-02-12T20:53:14.482+0000 7fbd967ed640 10 -- v2:127.0.0.1:7146/0 get_global_seq increment to global_seq=3
2026-02-12T20:53:14.482+0000 7fbd967ed640 5 --2- v2:127.0.0.1:7146/0 >> 127.0.0.1:0/4047571421 conn(0x46b7c00 0x36b7180 crc :-1 s=SESSION_ACCEPTING pgs=2 gs=3 cs=0 l=1 c_cookie=10859330836101538142 s_cookie=0 reconnecting=0 rev1=1 crypto rx=0 tx=0 comp rx=0 tx=0).send_server_ident sending identification: addrs=v2:127.0.0.1:7146/0 gid=0 global_seq=3 features_supported=3f0ffffffffdffff features_required=c01020002040000 flags=1 cookie=0
2026-02-12T20:53:14.482+0000 7fbd967ed640 10 -- v2:127.0.0.1:7146/0 >> 127.0.0.1:0/4047571421 conn(0x46b7c00 msgr2=0x36b7180 crc :-1 s=STATE_CONNECTION_ESTABLISHED l=1)._try_send sent bytes 124 remaining bytes 0
2026-02-12T20:53:14.482+0000 7fbd987f1640 10 mon.a@0(leader) e1 ms_handle_accept con 0x46b7c00 session 0x4535d40 registering session for 127.0.0.1:0/4047571421
2026-02-12T20:53:14.482+0000 7fbd967ed640 20 --2- v2:127.0.0.1:7146/0 >> 127.0.0.1:0/4047571421 conn(0x46b7c00 0x36b7180 crc :-1 s=SESSION_ACCEPTING pgs=2 gs=3 cs=0 l=1 c_cookie=10859330836101538142 s_cookie=0 reconnecting=0 rev1=1 crypto rx=0 tx=0 comp rx=0 tx=0).server_ready
