2026-02-12T20:53:14.550+0000 7fbd96fee640 1 --2- v2:127.0.0.1:7146/0 >> conn(0x47ce400 0x36b7700 unknown :-1 s=BANNER_ACCEPTING pgs=0 gs=0 cs=0 l=0 c_cookie=0 s_cookie=0 reconnecting=0 rev1=0 crypto rx=0 tx=0 comp rx=0 tx=0)._handle_peer_banner read peer banner failed r=-1 ((1) Operation not permitted)
2026-02-12T20:53:14.550+0000 7fbd967ed640 20 --2- v2:127.0.0.1:7146/0 >> conn(0x46b7800 0x36b6c00 crc :-1 s=AUTH_ACCEPTING_SIGN pgs=0 gs=0 cs=0 l=1 c_cookie=0 s_cookie=0 reconnecting=0 rev1=1 crypto rx=0 tx=0 comp rx=0 tx=0).handle_read_frame_segment r=0
2026-02-12T20:53:14.550+0000 7fbd967ed640 10 --2- v2:127.0.0.1:7146/0 >> conn(0x46b7800 0x36b6c00 crc :-1 s=AUTH_ACCEPTING_SIGN pgs=0 gs=0 cs=0 l=1 c_cookie=0 s_cookie=0 reconnecting=0 rev1=1 crypto rx=0 tx=0 comp rx=0 tx=0).handle_read_frame_dispatch tag=7
2026-02-12T20:53:14.550+0000 7fbd96fee640 10 --2- v2:127.0.0.1:7146/0 >> conn(0x47ce400 0x36b7700 unknown :-1 s=BANNER_ACCEPTING pgs=0 gs=0 cs=0 l=0 c_cookie=0 s_cookie=0 reconnecting=0 rev1=0 crypto rx=0 tx=0 comp rx=0 tx=0)._fault
2026-02-12T20:53:14.550+0000 7fbd967ed640 20 --2- v2:127.0.0.1:7146/0 >> conn(0x46b7800 0x36b6c00 crc :-1 s=AUTH_ACCEPTING_SIGN pgs=0 gs=0 cs=0 l=1 c_cookie=0 s_cookie=0 reconnecting=0 rev1=1 crypto rx=0 tx=0 comp rx=0 tx=0).handle_auth_signature payload.length()=32
2026-02-12T20:53:14.550+0000 7fbd96fee640 2 --2- v2:127.0.0.1:7146/0 >> conn(0x47ce400 0x36b7700 unknown :-1 s=BANNER_ACCEPTING pgs=0 gs=0 cs=0 l=0 c_cookie=0 s_cookie=0 reconnecting=0 rev1=0 crypto rx=0 tx=0 comp rx=0 tx=0)._fault with nothing to send and in the half accept state just closed
2026-02-12T20:53:14.550+0000 7fbd96fee640 1 --2- v2:127.0.0.1:7146/0 >> conn(0x47ce400 0x36b7700 unknown :-1 s=BANNER_ACCEPTING pgs=0 gs=0 cs=0 l=0 c_cookie=0 s_cookie=0 reconnecting=0 rev1=0 crypto rx=0 tx=0 comp rx=0 tx=0).stop
2026-02-12T20:53:14.550+0000 7fbd967ed640 20 --2- v2:127.0.0.1:7146/0 >> conn(0x46b7800 0x36b6c00 crc :-1 s=AUTH_ACCEPTING_SIGN pgs=0 gs=0 cs=0 l=1 c_cookie=0 s_cookie=0 reconnecting=0 rev1=1 crypto rx=0 tx=0 comp rx=0 tx=0).handle_auth_signature pre-auth signature success sig_frame.signature()=0000000000000000000000000000000000000000000000000000000000000000
2026-02-12T20:53:14.550+0000 7fbd96fee640 5 --2- v2:127.0.0.1:7146/0 >> conn(0x47ce400 0x36b7700 unknown :-1 s=BANNER_ACCEPTING pgs=0 gs=0 cs=0 l=0 c_cookie=0 s_cookie=0 reconnecting=0 rev1=0 crypto rx=0 tx=0 comp rx=0 tx=0).reset_recv_state
2026-02-12T20:53:14.550+0000 7fbd96fee640 5 --2- v2:127.0.0.1:7146/0 >> conn(0x47ce400 0x36b7700 unknown :-1 s=BANNER_ACCEPTING pgs=0 gs=0 cs=0 l=0 c_cookie=0 s_cookie=0 reconnecting=0 rev1=0 crypto rx=0 tx=0 comp rx=0 tx=0).reset_security
2026-02-12T20:53:14.550+0000 7fbd967ed640 20 --2- v2:127.0.0.1:7146/0 >> conn(0x46b7800 0x36b6c00 crc :-1 s=AUTH_ACCEPTING_SIGN pgs=0 gs=0 cs=0 l=1 c_cookie=0 s_cookie=0 reconnecting=0 rev1=1 crypto rx=0 tx=0 comp rx=0 tx=0).finish_server_auth
2026-02-12T20:53:14.550+0000 7fbd96fee640 5 --2- v2:127.0.0.1:7146/0 >> conn(0x47ce400 0x36b7700 unknown :-1 s=BANNER_ACCEPTING pgs=0 gs=0 cs=0 l=0 c_cookie=0 s_cookie=0 reconnecting=0 rev1=0 crypto rx=0 tx=0 comp rx=0 tx=0).reset_compression
2026-02-12T20:53:14.550+0000 7fbd967ed640 20 --2- v2:127.0.0.1:7146/0 >> conn(0x46b7800 0x36b6c00 crc :-1 s=COMPRESSION_ACCEPTING pgs=0 gs=0 cs=0 l=1 c_cookie=0 s_cookie=0 reconnecting=0 rev1=1 crypto rx=0 tx=0 comp rx=0 tx=0).read_frame
2026-02-12T20:53:14.550+0000 7fbd96fee640 10 --2- v2:127.0.0.1:7146/0 >> conn(0x47ce400 0x36b7700 unknown :-1 s=BANNER_ACCEPTING pgs=0 gs=0 cs=0 l=0 c_cookie=0 s_cookie=0 reconnecting=0 rev1=0 crypto rx=0 tx=0 comp rx=0 tx=0).discard_out_queue started
2026-02-12T20:53:14.550+0000 7fbd967ed640 20 -- v2:127.0.0.1:7146/0 >> conn(0x46b7800 msgr2=0x36b6c00 crc :-1 s=STATE_CONNECTION_ESTABLISHED l=1).read start len=32
2026-02-12T20:53:14.550+0000 7fbd96fee640 20 EpollDriver.del_event del event fd=36 cur_mask=1 delmask=3 to 21
2026-02-12T20:53:14.550+0000 7fbd967ed640 20 --2- v2:127.0.0.1:7146/0 >> conn(0x46b7800 0x36b6c00 crc :-1 s=COMPRESSION_ACCEPTING pgs=0 gs=0 cs=0 l=1 c_cookie=0 s_cookie=0 reconnecting=0 rev1=1 crypto rx=0 tx=0 comp rx=0 tx=0).handle_read_frame_preamble_main r=0
2026-02-12T20:53:14.550+0000 7fbd967ed640 20 --2- v2:127.0.0.1:7146/0 >> conn(0x46b7800 0x36b6c00 crc :-1 s=COMPRESSION_ACCEPTING pgs=0 gs=0 cs=0 l=1 c_cookie=0 s_cookie=0 reconnecting=0 rev1=1 crypto rx=0 tx=0 comp rx=0 tx=0).read_frame_segment seg_idx=0
2026-02-12T20:53:14.550+0000 7fbd967ed640 20 -- v2:127.0.0.1:7146/0 >> conn(0x46b7800 msgr2=0x36b6c00 crc :-1 s=STATE_CONNECTION_ESTABLISHED l=1).read start len=9
2026-02-12T20:53:14.550+0000 7fbd967ed640 20 --2- v2:127.0.0.1:7146/0 >> conn(0x46b7800 0x36b6c00 crc :-1 s=COMPRESSION_ACCEPTING pgs=0 gs=0 cs=0 l=1 c_cookie=0 s_cookie=0 reconnecting=0 rev1=1 crypto rx=0 tx=0 comp rx=0 tx=0).handle_read_frame_segment r=0
2026-02-12T20:53:14.550+0000 7fbd967ed640 10 --2- v2:127.0.0.1:7146/0 >> conn(0x46b7800 0x36b6c00 crc :-1 s=COMPRESSION_ACCEPTING pgs=0 gs=0 cs=0 l=1 c_cookie=0 s_cookie=0 reconnecting=0 rev1=1 crypto rx=0 tx=0 comp rx=0 tx=0).handle_read_frame_dispatch tag=21
2026-02-12T20:53:14.550+0000 7fbd967ed640 10 --2- v2:127.0.0.1:7146/0 >> conn(0x46b7800 0x36b6c00 crc :-1 s=COMPRESSION_ACCEPTING pgs=0 gs=0 cs=0 l=1 c_cookie=0 s_cookie=0 reconnecting=0 rev1=1 crypto rx=0 tx=0 comp rx=0 tx=0).handle_compression_request CompressionRequestFrame(is_compress=0, preferred_methods=[])
2026-02-12T20:53:14.550+0000 7fbd987f1640 10 mon.a@0(leader) e1 ms_handle_reset 0x47ce400 -
2026-02-12T20:53:14.550+0000 7fbd967ed640 20 CompressorRegistry(0x367ca18) get_mode peer_type 8 is_secure 0
2026-02-12T20:53:14.550+0000 7fbd967ed640 10 -- v2:127.0.0.1:7146/0 >> conn(0x46b7800 msgr2=0x36b6c00 crc :-1 s=STATE_CONNECTION_ESTABLISHED l=1)._try_send sent bytes 41 remaining bytes 0
2026-02-12T20:53:14.550+0000 7fbd967ed640 20 --2- v2:127.0.0.1:7146/0 >> conn(0x46b7800 0x36b6c00 crc :-1 s=SESSION_ACCEPTING pgs=0 gs=0 cs=0 l=1 c_cookie=0 s_cookie=0 reconnecting=0 rev1=1 crypto rx=0 tx=0 comp rx=0 tx=0).read_frame
2026-02-12T20:53:14.550+0000 7fbd967ed640 20 -- v2:127.0.0.1:7146/0 >> conn(0x46b7800 msgr2=0x36b6c00 crc :-1 s=STATE_CONNECTION_ESTABLISHED l=1).read start len=32
2026-02-12T20:53:14.550+0000 7fbd967ed640 20 -- v2:127.0.0.1:7146/0 >> conn(0x46b7800 msgr2=0x36b6c00 crc :-1 s=STATE_CONNECTION_ESTABLISHED l=1).process
2026-02-12T20:53:14.550+0000 7fbd967ed640 20 -- v2:127.0.0.1:7146/0 >> conn(0x46b7800 msgr2=0x36b6c00 crc :-1 s=STATE_CONNECTION_ESTABLISHED l=1).read continue len=32
2026-02-12T20:53:14.550+0000 7fbd967ed640 20 --2- v2:127.0.0.1:7146/0 >> conn(0x46b7800 0x36b6c00 crc :-1 s=SESSION_ACCEPTING pgs=0 gs=0 cs=0 l=1 c_cookie=0 s_cookie=0 reconnecting=0 rev1=1 crypto rx=0 tx=0 comp rx=0 tx=0).handle_read_frame_preamble_main r=0
2026-02-12T20:53:14.550+0000 7fbd967ed640 20 --2- v2:127.0.0.1:7146/0 >> conn(0x46b7800 0x36b6c00 crc :-1 s=SESSION_ACCEPTING pgs=0 gs=0 cs=0 l=1 c_cookie=0 s_cookie=0 reconnecting=0 rev1=1 crypto rx=0 tx=0 comp rx=0 tx=0).read_frame_segment seg_idx=0
2026-02-12T20:53:14.550+0000 7fbd967ed640 20 -- v2:127.0.0.1:7146/0 >> conn(0x46b7800 msgr2=0x36b6c00 crc :-1 s=STATE_CONNECTION_ESTABLISHED l=1).read start len=127
2026-02-12T20:53:14.550+0000 7fbd967ed640 20 --2- v2:127.0.0.1:7146/0 >> conn(0x46b7800 0x36b6c00 crc :-1 s=SESSION_ACCEPTING pgs=0 gs=0 cs=0 l=1 c_cookie=0 s_cookie=0 reconnecting=0 rev1=1 crypto rx=0 tx=0 comp rx=0 tx=0).handle_read_frame_segment r=0
2026-02-12T20:53:14.550+0000 7fbd967ed640 10 --2- v2:127.0.0.1:7146/0 >> conn(0x46b7800 0x36b6c00 crc :-1 s=SESSION_ACCEPTING pgs=0 gs=0 cs=0 l=1 c_cookie=0 s_cookie=0 reconnecting=0 rev1=1 crypto rx=0 tx=0 comp rx=0 tx=0).handle_read_frame_dispatch tag=8
2026-02-12T20:53:14.550+0000 7fbd967ed640 20 --2- v2:127.0.0.1:7146/0 >> conn(0x46b7800 0x36b6c00 crc :-1 s=SESSION_ACCEPTING pgs=0 gs=0 cs=0 l=1 c_cookie=0 s_cookie=0 reconnecting=0 rev1=1 crypto rx=0 tx=0 comp rx=0 tx=0).handle_client_ident payload.length()=123
2026-02-12T20:53:14.550+0000 7fbd967ed640 5 --2- v2:127.0.0.1:7146/0 >> conn(0x46b7800 0x36b6c00 crc :-1 s=SESSION_ACCEPTING pgs=0 gs=0 cs=0 l=1 c_cookie=0 s_cookie=0 reconnecting=0 rev1=1 crypto rx=0 tx=0 comp rx=0 tx=0).handle_client_ident received client identification: addrs=127.0.0.1:0/1632037228 target=v2:127.0.0.1:7146/0 gid=-1 global_seq=2 features_supported=3f0ffffffffdffff features_required=800000000000000 flags=0 cookie=ba0f5772a231ec49
2026-02-12T20:53:14.550+0000 7fbd967ed640 10 -- v2:127.0.0.1:7146/0 >> 127.0.0.1:0/1632037228 conn(0x46b7800 msgr2=0x36b6c00 crc :-1 s=STATE_CONNECTION_ESTABLISHED l=1)._infer_target_addr 127.0.0.1:0/1632037228 -> 127.0.0.1:0/1632037228
2026-02-12T20:53:14.550+0000 7fbd967ed640 20 --2- v2:127.0.0.1:7146/0 >> 127.0.0.1:0/1632037228 conn(0x46b7800 0x36b6c00 crc :-1 s=SESSION_ACCEPTING pgs=2 gs=0 cs=0 l=1 c_cookie=13407030765564324937 s_cookie=0 reconnecting=0 rev1=1 crypto rx=0 tx=0 comp rx=0 tx=0).send_server_ident
2026-02-12T20:53:14.550+0000 7fbd967ed640 10 --2- v2:127.0.0.1:7146/0 >> 127.0.0.1:0/1632037228 conn(0x46b7800 0x36b6c00 crc :-1 s=SESSION_ACCEPTING pgs=2 gs=0 cs=0 l=1 c_cookie=13407030765564324937 s_cookie=0 reconnecting=0 rev1=1 crypto rx=0 tx=0 comp rx=0 tx=0).discard_requeued_up_to 0
2026-02-12T20:53:14.550+0000 7fbd967ed640 10 -- v2:127.0.0.1:7146/0 get_global_seq increment to global_seq=5
2026-02-12T20:53:14.550+0000 7fbd967ed640 5 --2- v2:127.0.0.1:7146/0 >> 127.0.0.1:0/1632037228 conn(0x46b7800 0x36b6c00 crc :-1 s=SESSION_ACCEPTING pgs=2 gs=5 cs=0 l=1 c_cookie=13407030765564324937 s_cookie=0 reconnecting=0 rev1=1 crypto rx=0 tx=0 comp rx=0 tx=0).send_server_ident sending identification: addrs=v2:127.0.0.1:7146/0 gid=0 global_seq=5 features_supported=3f0ffffffffdffff features_required=c01020002040000 flags=1 cookie=0
2026-02-12T20:53:14.550+0000 7fbd987f1640 10 mon.a@0(leader) e1 ms_handle_accept con 0x46b7800 session 0x476e480 registering session for 127.0.0.1:0/1632037228
2026-02-12T20:53:14.550+0000 7fbd967ed640 10 -- v2:127.0.0.1:7146/0 >> 127.0.0.1:0/1632037228 conn(0x46b7800 msgr2=0x36b6c00 crc :-1 s=STATE_CONNECTION_ESTABLISHED l=1)._try_send sent bytes 124 remaining bytes 0
2026-02-12T20:53:14.550+0000 7fbd967ed640 20 --2- v2:127.0.0.1:7146/0 >> 127.0.0.1:0/1632037228 conn(0x46b7800 0x36b6c00 crc :-1 s=SESSION_ACCEPTING pgs=2 gs=5 cs=0 l=1 c_cookie=13407030765564324937 s_cookie=0 reconnecting=0 rev1=1 crypto rx=0 tx=0 comp rx=0 tx=0).server_ready
2026-02-12T20:53:14.550+0000 7fbd967ed640 1 --2- v2:127.0.0.1:7146/0 >> 127.0.0.1:0/1632037228 conn(0x46b7800 0x36b6c00 crc :-1 s=READY pgs=2 gs=5 cs=0 l=1 c_cookie=13407030765564324937 s_cookie=0 reconnecting=0 rev1=1 crypto rx=0 tx=0 comp rx=0 tx=0).ready entity=client.? client_cookie=ba0f5772a231ec49 server_cookie=0 in_seq=0 out_seq=0
2026-02-12T20:53:14.550+0000 7fbd967ed640 20 --2- v2:127.0.0.1:7146/0 >> 127.0.0.1:0/1632037228 conn(0x46b7800 0x36b6c00 crc :-1 s=READY pgs=2 gs=5 cs=0 l=1 c_cookie=13407030765564324937 s_cookie=0 reconnecting=0 rev1=1 crypto rx=0 tx=0 comp rx=0 tx=0).read_frame
2026-02-12T20:53:14.550+0000 7fbd967ed640 20 -- v2:127.0.0.1:7146/0 >> 127.0.0.1:0/1632037228 conn(0x46b7800 msgr2=0x36b6c00 crc :-1 s=STATE_CONNECTION_ESTABLISHED l=1).read start len=32
2026-02-12T20:53:14.550+0000 7fbd967ed640 20 -- v2:127.0.0.1:7146/0 >> 127.0.0.1:0/1632037228 conn(0x46b7800 msgr2=0x36b6c00 crc :-1 s=STATE_CONNECTION_ESTABLISHED l=1).process
2026-02-12T20:53:14.550+0000 7fbd967ed640 20 -- v2:127.0.0.1:7146/0 >> 127.0.0.1:0/1632037228 conn(0x46b7800 msgr2=0x36b6c00 crc :-1 s=STATE_CONNECTION_ESTABLISHED l=1).read continue len=32
2026-02-12T20:53:14.550+0000 7fbd967ed640 20 --2- v2:127.0.0.1:7146/0 >> 127.0.0.1:0/1632037228 conn(0x46b7800 0x36b6c00 crc :-1 s=READY pgs=2 gs=5 cs=0 l=1 c_cookie=13407030765564324937 s_cookie=0 reconnecting=0 rev1=1 crypto rx=0 tx=0 comp rx=0 tx=0).handle_read_frame_preamble_main r=0
2026-02-12T20:53:14.550+0000 7fbd967ed640 20 --2- v2:127.0.0.1:7146/0 >> 127.0.0.1:0/1632037228 conn(0x46b7800 0x36b6c00 crc :-1 s=THROTTLE_MESSAGE pgs=2 gs=5 cs=0 l=1 c_cookie=13407030765564324937 s_cookie=0 reconnecting=0 rev1=1 crypto rx=0 tx=0 comp rx=0 tx=0).throttle_message
2026-02-12T20:53:14.550+0000 7fbd967ed640 20 --2- v2:127.0.0.1:7146/0 >> 127.0.0.1:0/1632037228 conn(0x46b7800 0x36b6c00 crc :-1 s=THROTTLE_BYTES pgs=2 gs=5 cs=0 l=1 c_cookie=13407030765564324937 s_cookie=0 reconnecting=0 rev1=1 crypto rx=0 tx=0 comp rx=0 tx=0).throttle_bytes
2026-02-12T20:53:14.550+0000 7fbd967ed640 20 --2- v2:127.0.0.1:7146/0 >> 127.0.0.1:0/1632037228 conn(0x46b7800 0x36b6c00 crc :-1 s=THROTTLE_DISPATCH_QUEUE pgs=2 gs=5 cs=0 l=1 c_cookie=13407030765564324937 s_cookie=0 reconnecting=0 rev1=1 crypto rx=0 tx=0 comp rx=0 tx=0).throttle_dispatch_queue
2026-02-12T20:53:14.550+0000 7fbd967ed640 20 --2- v2:127.0.0.1:7146/0 >> 127.0.0.1:0/1632037228 conn(0x46b7800 0x36b6c00 crc :-1 s=THROTTLE_DONE pgs=2 gs=5 cs=0 l=1 c_cookie=13407030765564324937 s_cookie=0 reconnecting=0 rev1=1 crypto rx=0 tx=0 comp rx=0 tx=0).read_frame_segment seg_idx=0
2026-02-12T20:53:14.550+0000 7fbd967ed640 20 -- v2:127.0.0.1:7146/0 >> 127.0.0.1:0/1632037228 conn(0x46b7800 msgr2=0x36b6c00 crc :-1 s=STATE_CONNECTION_ESTABLISHED l=1).read start len=45
2026-02-12T20:53:14.550+0000 7fbd967ed640 20 --2- v2:127.0.0.1:7146/0 >> 127.0.0.1:0/1632037228 conn(0x46b7800 0x36b6c00 crc :-1 s=THROTTLE_DONE pgs=2 gs=5 cs=0 l=1 c_cookie=13407030765564324937 s_cookie=0 reconnecting=0 rev1=1 crypto rx=0 tx=0 comp rx=0 tx=0).handle_read_frame_segment r=0
2026-02-12T20:53:14.550+0000 7fbd967ed640 10 --2- v2:127.0.0.1:7146/0 >> 127.0.0.1:0/1632037228 conn(0x46b7800 0x36b6c00 crc :-1 s=THROTTLE_DONE pgs=2 gs=5 cs=0 l=1 c_cookie=13407030765564324937 s_cookie=0 reconnecting=0 rev1=1 crypto rx=0 tx=0 comp rx=0 tx=0).handle_read_frame_dispatch tag=17
2026-02-12T20:53:14.550+0000 7fbd967ed640 20 --2- v2:127.0.0.1:7146/0 >> 127.0.0.1:0/1632037228 conn(0x46b7800 0x36b6c00 crc :-1 s=THROTTLE_DONE pgs=2 gs=5 cs=0 l=1 c_cookie=13407030765564324937 s_cookie=0 reconnecting=0 rev1=1 crypto rx=0 tx=0 comp rx=0 tx=0).handle_message
2026-02-12T20:53:14.550+0000 7fbd967ed640 5 --2- v2:127.0.0.1:7146/0 >> 127.0.0.1:0/1632037228 conn(0x46b7800 0x36b6c00 crc :-1 s=THROTTLE_DONE pgs=2 gs=5 cs=0 l=1 c_cookie=13407030765564324937 s_cookie=0 reconnecting=0 rev1=1 crypto rx=0 tx=0 comp rx=0 tx=0).handle_message got 0 + 0 + 0 byte message. envelope type=5 src client.? off 0
2026-02-12T20:53:14.550+0000 7fbd967ed640 5 --2- v2:127.0.0.1:7146/0 >> 127.0.0.1:0/1632037228 conn(0x46b7800 0x36b6c00 crc :-1 s=READ_MESSAGE_COMPLETE pgs=2 gs=5 cs=0 l=1 c_cookie=13407030765564324937 s_cookie=0 reconnecting=0 rev1=1 crypto rx=0 tx=0 comp rx=0 tx=0).handle_message received message m=0x4716780 seq=1 from=client.? type=5 mon_getmap magic: 0
2026-02-12T20:53:14.550+0000 7fbd967ed640 20 -- v2:127.0.0.1:7146/0 queue 0x4716780 prio 127
2026-02-12T20:53:14.550+0000 7fbd967ed640 20 --2- v2:127.0.0.1:7146/0 >> 127.0.0.1:0/1632037228 conn(0x46b7800 0x36b6c00 crc :-1 s=READY pgs=2 gs=5 cs=0 l=1 c_cookie=13407030765564324937 s_cookie=0 reconnecting=0 rev1=1 crypto rx=0 tx=0 comp rx=0 tx=0).read_frame
2026-02-12T20:53:14.550+0000 7fbd967ed640 20 -- v2:127.0.0.1:7146/0 >> 127.0.0.1:0/1632037228 conn(0x46b7800 msgr2=0x36b6c00 crc :-1 s=STATE_CONNECTION_ESTABLISHED l=1).read start len=32
2026-02-12T20:53:14.550+0000 7fbd967ed640 20 --2- v2:127.0.0.1:7146/0 >> 127.0.0.1:0/1632037228 conn(0x46b7800 0x36b6c00 crc :-1 s=READY pgs=2 gs=5 cs=0 l=1 c_cookie=13407030765564324937 s_cookie=0 reconnecting=0 rev1=1 crypto rx=0 tx=0 comp rx=0 tx=0).handle_read_frame_preamble_main r=0
2026-02-12T20:53:14.550+0000 7fbd967ed640 20 --2- v2:127.0.0.1:7146/0 >> 127.0.0.1:0/1632037228 conn(0x46b7800 0x36b6c00 crc :-1 s=THROTTLE_MESSAGE pgs=2 gs=5 cs=0 l=1 c_cookie=13407030765564324937 s_cookie=0 reconnecting=0 rev1=1 crypto rx=0 tx=0 comp rx=0 tx=0).throttle_message
2026-02-12T20:53:14.550+0000 7fbd967ed640 20 --2- v2:127.0.0.1:7146/0 >> 127.0.0.1:0/1632037228 conn(0x46b7800 0x36b6c00 crc :-1 s=THROTTLE_BYTES pgs=2 gs=5 cs=0 l=1 c_cookie=13407030765564324937 s_cookie=0 reconnecting=0 rev1=1 crypto rx=0 tx=0 comp rx=0 tx=0).throttle_bytes
2026-02-12T20:53:14.550+0000 7fbd967ed640 10 --2- v2:127.0.0.1:7146/0 >> 127.0.0.1:0/1632037228 conn(0x46b7800 0x36b6c00 crc :-1 s=THROTTLE_BYTES pgs=2 gs=5 cs=0 l=1 c_cookie=13407030765564324937 s_cookie=0 reconnecting=0 rev1=1 crypto rx=0 tx=0 comp rx=0 tx=0).throttle_bytes wants 54 bytes from policy throttler 578/104857600
2026-02-12T20:53:14.550+0000 7fbd987f1640 1 -- v2:127.0.0.1:7146/0 <== client.? 127.0.0.1:0/1632037228 1 ==== mon_getmap magic: 0 ==== 0+0+0 (crc 0 0 0) 0x4716780 con 0x46b7800
2026-02-12T20:53:14.550+0000 7fbd967ed640 20 --2- v2:127.0.0.1:7146/0 >> 127.0.0.1:0/1632037228 conn(0x46b7800 0x36b6c00 crc :-1 s=THROTTLE_DISPATCH_QUEUE pgs=2 gs=5 cs=0 l=1 c_cookie=13407030765564324937 s_cookie=0 reconnecting=0 rev1=1 crypto rx=0 tx=0 comp rx=0 tx=0).throttle_dispatch_queue
2026-02-12T20:53:14.550+0000 7fbd967ed640 20 --2- v2:127.0.0.1:7146/0 >> 127.0.0.1:0/1632037228 conn(0x46b7800 0x36b6c00 crc :-1 s=THROTTLE_DONE pgs=2 gs=5 cs=0 l=1 c_cookie=13407030765564324937 s_cookie=0 reconnecting=0 rev1=1 crypto rx=0 tx=0 comp rx=0 tx=0).read_frame_segment seg_idx=0
2026-02-12T20:53:14.550+0000 7fbd987f1640 20 mon.a@0(leader) e1 _ms_dispatch existing session 0x476e480 for client.?
2026-02-12T20:53:14.550+0000 7fbd967ed640 20 -- v2:127.0.0.1:7146/0 >> 127.0.0.1:0/1632037228 conn(0x46b7800 msgr2=0x36b6c00 crc :-1 s=STATE_CONNECTION_ESTABLISHED l=1).read start len=45
2026-02-12T20:53:14.550+0000 7fbd987f1640 20 mon.a@0(leader) e1 entity_name client.admin global_id 4101 (none) caps allow *
2026-02-12T20:53:14.550+0000 7fbd967ed640 20 --2- v2:127.0.0.1:7146/0 >> 127.0.0.1:0/1632037228 conn(0x46b7800 0x36b6c00 crc :-1 s=THROTTLE_DONE pgs=2 gs=5 cs=0 l=1 c_cookie=13407030765564324937 s_cookie=0 reconnecting=0 rev1=1 crypto rx=0 tx=0 comp rx=0 tx=0).handle_read_frame_segment r=0
2026-02-12T20:53:14.550+0000 7fbd987f1640 10 mon.a@0(leader) e1 handle_mon_get_map
2026-02-12T20:53:14.550+0000 7fbd967ed640 20 --2- v2:127.0.0.1:7146/0 >> 127.0.0.1:0/1632037228 conn(0x46b7800 0x36b6c00 crc :-1 s=THROTTLE_DONE pgs=2 gs=5 cs=0 l=1 c_cookie=13407030765564324937 s_cookie=0 reconnecting=0 rev1=1 crypto rx=0 tx=0 comp rx=0 tx=0).read_frame_segment seg_idx=1
2026-02-12T20:53:14.550+0000 7fbd967ed640 20 -- v2:127.0.0.1:7146/0 >> 127.0.0.1:0/1632037228 conn(0x46b7800 msgr2=0x36b6c00 crc :-1 s=STATE_CONNECTION_ESTABLISHED l=1).read start len=54
2026-02-12T20:53:14.550+0000 7fbd967ed640 20 --2- v2:127.0.0.1:7146/0 >> 127.0.0.1:0/1632037228 conn(0x46b7800 0x36b6c00 crc :-1 s=THROTTLE_DONE pgs=2 gs=5 cs=0 l=1 c_cookie=13407030765564324937 s_cookie=0 reconnecting=0 rev1=1 crypto rx=0 tx=0 comp rx=0 tx=0).handle_read_frame_segment r=0
2026-02-12T20:53:14.550+0000 7fbd967ed640 20 -- v2:127.0.0.1:7146/0 >> 127.0.0.1:0/1632037228 conn(0x46b7800 msgr2=0x36b6c00 crc :-1 s=STATE_CONNECTION_ESTABLISHED l=1).read start len=13
2026-02-12T20:53:14.550+0000 7fbd967ed640 20 --2- v2:127.0.0.1:7146/0 >> 127.0.0.1:0/1632037228 conn(0x46b7800 0x36b6c00 crc :-1 s=THROTTLE_DONE pgs=2 gs=5 cs=0 l=1 c_cookie=13407030765564324937 s_cookie=0 reconnecting=0 rev1=1 crypto rx=0 tx=0 comp rx=0 tx=0).handle_read_frame_epilogue_main r=0
2026-02-12T20:53:14.550+0000 7fbd967ed640 10 --2- v2:127.0.0.1:7146/0 >> 127.0.0.1:0/1632037228 conn(0x46b7800 0x36b6c00 crc :-1 s=THROTTLE_DONE pgs=2 gs=5 cs=0 l=1 c_cookie=13407030765564324937 s_cookie=0 reconnecting=0 rev1=1 crypto rx=0 tx=0 comp rx=0 tx=0).handle_read_frame_dispatch tag=17
2026-02-12T20:53:14.550+0000 7fbd967ed640 20 --2- v2:127.0.0.1:7146/0 >> 127.0.0.1:0/1632037228 conn(0x46b7800 0x36b6c00 crc :-1 s=THROTTLE_DONE pgs=2 gs=5 cs=0 l=1 c_cookie=13407030765564324937 s_cookie=0 reconnecting=0 rev1=1 crypto rx=0 tx=0 comp rx=0 tx=0).handle_message
2026-02-12T20:53:14.550+0000 7fbd967ed640 5 --2- v2:127.0.0.1:7146/0 >> 127.0.0.1:0/1632037228 conn(0x46b7800 0x36b6c00 crc :-1 s=THROTTLE_DONE pgs=2 gs=5 cs=0 l=1 c_cookie=13407030765564324937 s_cookie=0 reconnecting=0 rev1=1 crypto rx=0 tx=0 comp rx=0 tx=0).handle_message got 54 + 0 + 0 byte message. envelope type=15 src client.? off 0
2026-02-12T20:53:14.550+0000 7fbd987f1640 1 -- v2:127.0.0.1:7146/0 --> 127.0.0.1:0/1632037228 -- mon_map magic: 0 -- 0x35c4420 con 0x46b7800
2026-02-12T20:53:14.550+0000 7fbd987f1640 5 --2- v2:127.0.0.1:7146/0 >> 127.0.0.1:0/1632037228 conn(0x46b7800 0x36b6c00 crc :-1 s=THROTTLE_DONE pgs=2 gs=5 cs=0 l=1 c_cookie=13407030765564324937 s_cookie=0 reconnecting=0 rev1=1 crypto rx=0 tx=0 comp rx=0 tx=0).send_message enqueueing message m=0x35c4420 type=4 mon_map magic: 0
2026-02-12T20:53:14.550+0000 7fbd967ed640 5 --2- v2:127.0.0.1:7146/0 >> 127.0.0.1:0/1632037228 conn(0x46b7800 0x36b6c00 crc :-1 s=READ_MESSAGE_COMPLETE pgs=2 gs=5 cs=0 l=1 c_cookie=13407030765564324937 s_cookie=0 reconnecting=0 rev1=1 crypto rx=0 tx=0 comp rx=0 tx=0).handle_message received message m=0x47d4000 seq=2 from=client.? type=15 mon_subscribe({config=0+,monmap=0+})
2026-02-12T20:53:14.550+0000 7fbd987f1640 15 --2- v2:127.0.0.1:7146/0 >> 127.0.0.1:0/1632037228 conn(0x46b7800 0x36b6c00 crc :-1 s=READ_MESSAGE_COMPLETE pgs=2 gs=5 cs=0 l=1 c_cookie=13407030765564324937 s_cookie=0 reconnecting=0 rev1=1 crypto rx=0 tx=0 comp rx=0 tx=0).send_message message queued for async transmission m=0x35c4420
2026-02-12T20:53:14.550+0000 7fbd967ed640 20 -- v2:127.0.0.1:7146/0 queue 0x47d4000 prio 127
2026-02-12T20:53:14.550+0000 7fbd987f1640 20 Event(0x359b288 nevent=5000 time_id=4).wakeup
2026-02-12T20:53:14.550+0000 7fbd967ed640 20 --2- v2:127.0.0.1:7146/0 >> 127.0.0.1:0/1632037228 conn(0x46b7800 0x36b6c00 crc :-1 s=READY pgs=2 gs=5 cs=0 l=1 c_cookie=13407030765564324937 s_cookie=0 reconnecting=0 rev1=1 crypto rx=0 tx=0 comp rx=0 tx=0).read_frame
2026-02-12T20:53:14.550+0000 7fbd967ed640 20 -- v2:127.0.0.1:7146/0 >> 127.0.0.1:0/1632037228 conn(0x46b7800 msgr2=0x36b6c00 crc :-1 s=STATE_CONNECTION_ESTABLISHED l=1).read start len=32
2026-02-12T20:53:14.550+0000 7fbd967ed640 10 -- v2:127.0.0.1:7146/0 >> 127.0.0.1:0/1632037228 conn(0x46b7800 msgr2=0x36b6c00 crc :-1 s=STATE_CONNECTION_ESTABLISHED l=1).handle_write
2026-02-12T20:53:14.550+0000 7fbd987f1640 20 -- v2:127.0.0.1:7146/0 done calling dispatch on 0x4716780
2026-02-12T20:53:14.550+0000 7fbd967ed640 10 --2- v2:127.0.0.1:7146/0 >> 127.0.0.1:0/1632037228 conn(0x46b7800 0x36b6c00 crc :-1 s=READY pgs=2 gs=5 cs=0 l=1 c_cookie=13407030765564324937 s_cookie=0 reconnecting=0 rev1=1 crypto rx=0 tx=0 comp rx=0 tx=0).write_event
2026-02-12T20:53:14.550+0000 7fbd987f1640 1 -- v2:127.0.0.1:7146/0 <== client.? 127.0.0.1:0/1632037228 2 ==== mon_subscribe({config=0+,monmap=0+}) ==== 54+0+0 (crc 0 0 0) 0x47d4000 con 0x46b7800
2026-02-12T20:53:14.550+0000 7fbd967ed640 20 --2- v2:127.0.0.1:7146/0 >> 127.0.0.1:0/1632037228 conn(0x46b7800 0x36b6c00 crc :-1 s=READY pgs=2 gs=5 cs=0 l=1 c_cookie=13407030765564324937 s_cookie=0 reconnecting=0 rev1=1 crypto rx=0 tx=0 comp rx=0 tx=0).prepare_send_message m=mon_map magic: 0
2026-02-12T20:53:14.550+0000 7fbd987f1640 20 mon.a@0(leader) e1 _ms_dispatch existing session 0x476e480 for client.?
2026-02-12T20:53:14.550+0000 7fbd987f1640 20 mon.a@0(leader) e1 entity_name client.admin global_id 4101 (none) caps allow *
2026-02-12T20:53:14.550+0000 7fbd967ed640 20 --2- v2:127.0.0.1:7146/0 >> 127.0.0.1:0/1632037228 conn(0x46b7800 0x36b6c00 crc :-1 s=READY pgs=2 gs=5 cs=0 l=1 c_cookie=13407030765564324937 s_cookie=0 reconnecting=0 rev1=1 crypto rx=0 tx=0 comp rx=0 tx=0).prepare_send_message encoding features 4544132024016699391 0x35c4420 mon_map magic: 0
2026-02-12T20:53:14.550+0000 7fbd987f1640 10 mon.a@0(leader) e1 handle_subscribe mon_subscribe({config=0+,monmap=0+})
2026-02-12T20:53:14.550+0000 7fbd967ed640 2 --2- v2:127.0.0.1:7146/0 >> 127.0.0.1:0/1632037228 conn(0x46b7800 0x36b6c00 crc :-1 s=READY pgs=2 gs=5 cs=0 l=1 c_cookie=13407030765564324937 s_cookie=0 reconnecting=0 rev1=1 crypto rx=0 tx=0 comp rx=0 tx=0).write_message sending message m=0x35c4420 seq=1 mon_map magic: 0
2026-02-12T20:53:14.550+0000 7fbd967ed640 20 --2- v2:127.0.0.1:7146/0 >> 127.0.0.1:0/1632037228 conn(0x46b7800 0x36b6c00 crc :-1 s=READY pgs=2 gs=5 cs=0 l=1 c_cookie=13407030765564324937 s_cookie=0 reconnecting=0 rev1=1 crypto rx=0 tx=0 comp rx=0 tx=0).write_message sending m=0x35c4420 seq=1 src=mon.0 off=0
2026-02-12T20:53:14.550+0000 7fbd987f1640 10 mon.a@0(leader).config check_sub next 0 have 2
2026-02-12T20:53:14.550+0000 7fbd987f1640 10 mon.a@0(leader).config refresh_config crush_location for remote_host trial099 is {}
2026-02-12T20:53:14.550+0000 7fbd987f1640 20 mon.a@0(leader).config refresh_config client.admin crush {} device_class
2026-02-12T20:53:14.550+0000 7fbd987f1640 10 mon.a@0(leader).config maybe_send_config to client.? (changed)
2026-02-12T20:53:14.550+0000 7fbd987f1640 10 mon.a@0(leader).config send_config to client.?
2026-02-12T20:53:14.550+0000 7fbd987f1640 1 -- v2:127.0.0.1:7146/0 --> 127.0.0.1:0/1632037228 -- config(0 keys) -- 0x46ed380 con 0x46b7800
2026-02-12T20:53:14.550+0000 7fbd967ed640 10 -- v2:127.0.0.1:7146/0 >> 127.0.0.1:0/1632037228 conn(0x46b7800 msgr2=0x36b6c00 crc :-1 s=STATE_CONNECTION_ESTABLISHED l=1)._try_send sent bytes 268 remaining bytes 0
2026-02-12T20:53:14.550+0000 7fbd987f1640 5 --2- v2:127.0.0.1:7146/0 >> 127.0.0.1:0/1632037228 conn(0x46b7800 0x36b6c00 crc :-1 s=READY pgs=2 gs=5 cs=0 l=1 c_cookie=13407030765564324937 s_cookie=0 reconnecting=0 rev1=1 crypto rx=0 tx=0 comp rx=0 tx=0).send_message enqueueing message m=0x46ed380 type=62 config(0 keys)
2026-02-12T20:53:14.550+0000 7fbd967ed640 10 --2- v2:127.0.0.1:7146/0 >> 127.0.0.1:0/1632037228 conn(0x46b7800 0x36b6c00 crc :-1 s=READY pgs=2 gs=5 cs=0 l=1 c_cookie=13407030765564324937 s_cookie=0 reconnecting=0 rev1=1 crypto rx=0 tx=0 comp rx=0 tx=0).write_message sending 0x35c4420 done.
2026-02-12T20:53:14.550+0000 7fbd987f1640 15 --2- v2:127.0.0.1:7146/0 >> 127.0.0.1:0/1632037228 conn(0x46b7800 0x36b6c00 crc :-1 s=READY pgs=2 gs=5 cs=0 l=1 c_cookie=13407030765564324937 s_cookie=0 reconnecting=0 rev1=1 crypto rx=0 tx=0 comp rx=0 tx=0).send_message message queued for async transmission m=0x46ed380
2026-02-12T20:53:14.550+0000 7fbd987f1640 10 mon.a@0(leader).monmap v1 check_sub monmap next 0 have 1
2026-02-12T20:53:14.550+0000 7fbd967ed640 20 --2- v2:127.0.0.1:7146/0 >> 127.0.0.1:0/1632037228 conn(0x46b7800 0x36b6c00 crc :-1 s=READY pgs=2 gs=5 cs=0 l=1 c_cookie=13407030765564324937 s_cookie=0 reconnecting=0 rev1=1 crypto rx=0 tx=0 comp rx=0 tx=0).prepare_send_message m=config(0 keys)
2026-02-12T20:53:14.550+0000 7fbd987f1640 1 -- v2:127.0.0.1:7146/0 --> 127.0.0.1:0/1632037228 -- mon_map magic: 0 -- 0x35c4dc0 con 0x46b7800
2026-02-12T20:53:14.550+0000 7fbd967ed640 20 --2- v2:127.0.0.1:7146/0 >> 127.0.0.1:0/1632037228 conn(0x46b7800 0x36b6c00 crc :-1 s=READY pgs=2 gs=5 cs=0 l=1 c_cookie=13407030765564324937 s_cookie=0 reconnecting=0 rev1=1 crypto rx=0 tx=0 comp rx=0 tx=0).prepare_send_message encoding features 4544132024016699391 0x46ed380 config(0 keys)
2026-02-12T20:53:14.550+0000 7fbd987f1640 5 --2- v2:127.0.0.1:7146/0 >> 127.0.0.1:0/1632037228 conn(0x46b7800 0x36b6c00 crc :-1 s=READY pgs=2 gs=5 cs=0 l=1 c_cookie=13407030765564324937 s_cookie=0 reconnecting=0 rev1=1 crypto rx=0 tx=0 comp rx=0 tx=0).send_message enqueueing message m=0x35c4dc0 type=4 mon_map magic: 0
2026-02-12T20:53:14.550+0000 7fbd967ed640 2 --2- v2:127.0.0.1:7146/0 >> 127.0.0.1:0/1632037228 conn(0x46b7800 0x36b6c00 crc :-1 s=READY pgs=2 gs=5 cs=0 l=1 c_cookie=13407030765564324937 s_cookie=0 reconnecting=0 rev1=1 crypto rx=0 tx=0 comp rx=0 tx=0).write_message sending message m=0x46ed380 seq=2 config(0 keys)
2026-02-12T20:53:14.550+0000 7fbd987f1640 15 --2- v2:127.0.0.1:7146/0 >> 127.0.0.1:0/1632037228 conn(0x46b7800 0x36b6c00 crc :-1 s=READY pgs=2 gs=5 cs=0 l=1 c_cookie=13407030765564324937 s_cookie=0 reconnecting=0 rev1=1 crypto rx=0 tx=0 comp rx=0 tx=0).send_message message queued for async transmission m=0x35c4dc0
2026-02-12T20:53:14.550+0000 7fbd967ed640 20 --2- v2:127.0.0.1:7146/0 >> 127.0.0.1:0/1632037228 conn(0x46b7800 0x36b6c00 crc :-1 s=READY pgs=2 gs=5 cs=0 l=1 c_cookie=13407030765564324937 s_cookie=0 reconnecting=0 rev1=1 crypto rx=0 tx=0 comp rx=0 tx=0).write_message sending m=0x46ed380 seq=2 src=mon.0 off=0
2026-02-12T20:53:14.550+0000 7fbd987f1640 10 -- v2:127.0.0.1:7146/0 dispatch_throttle_release 54 to dispatch throttler 54/104857600
2026-02-12T20:53:14.550+0000 7fbd987f1640 20 -- v2:127.0.0.1:7146/0 done calling dispatch on 0x47d4000
2026-02-12T20:53:14.550+0000 7fbd967ed640 10 -- v2:127.0.0.1:7146/0 >> 127.0.0.1:0/1632037228 conn(0x46b7800 msgr2=0x36b6c00 crc :-1 s=STATE_CONNECTION_ESTABLISHED l=1)._try_send sent bytes 94 remaining bytes 0
2026-02-12T20:53:14.550+0000 7fbd967ed640 10 --2- v2:127.0.0.1:7146/0 >> 127.0.0.1:0/1632037228 conn(0x46b7800 0x36b6c00 crc :-1 s=READY pgs=2 gs=5 cs=0 l=1 c_cookie=13407030765564324937 s_cookie=0 reconnecting=0 rev1=1 crypto rx=0 tx=0 comp rx=0 tx=0).write_message sending 0x46ed380 done.
2026-02-12T20:53:14.550+0000 7fbd967ed640 20 --2- v2:127.0.0.1:7146/0 >> 127.0.0.1:0/1632037228 conn(0x46b7800 0x36b6c00 crc :-1 s=READY pgs=2 gs=5 cs=0 l=1 c_cookie=13407030765564324937 s_cookie=0 reconnecting=0 rev1=1 crypto rx=0 tx=0 comp rx=0 tx=0).prepare_send_message m=mon_map magic: 0
2026-02-12T20:53:14.550+0000 7fbd967ed640 20 --2- v2:127.0.0.1:7146/0 >> 127.0.0.1:0/1632037228 conn(0x46b7800 0x36b6c00 crc :-1 s=READY pgs=2 gs=5 cs=0 l=1 c_cookie=13407030765564324937 s_cookie=0 reconnecting=0 rev1=1 crypto rx=0 tx=0 comp rx=0 tx=0).prepare_send_message encoding features 4544132024016699391 0x35c4dc0 mon_map magic: 0
2026-02-12T20:53:14.550+0000 7fbd967ed640 2 --2- v2:127.0.0.1:7146/0 >> 127.0.0.1:0/1632037228 conn(0x46b7800 0x36b6c00 crc :-1 s=READY pgs=2 gs=5 cs=0 l=1 c_cookie=13407030765564324937 s_cookie=0 reconnecting=0 rev1=1 crypto rx=0 tx=0 comp rx=0 tx=0).write_message sending message m=0x35c4dc0 seq=3 mon_map magic: 0
2026-02-12T20:53:14.550+0000 7fbd967ed640 20 --2- v2:127.0.0.1:7146/0 >> 127.0.0.1:0/1632037228 conn(0x46b7800 0x36b6c00 crc :-1 s=READY pgs=2 gs=5 cs=0 l=1 c_cookie=13407030765564324937 s_cookie=0 reconnecting=0 rev1=1 crypto rx=0 tx=0 comp rx=0 tx=0).write_message sending m=0x35c4dc0 seq=3 src=mon.0 off=0
2026-02-12T20:53:14.550+0000 7fbd967ed640 10 -- v2:127.0.0.1:7146/0 >> 127.0.0.1:0/1632037228 conn(0x46b7800 msgr2=0x36b6c00 crc :-1 s=STATE_CONNECTION_ESTABLISHED l=1)._try_send sent bytes 268 remaining bytes 0
2026-02-12T20:53:14.550+0000 7fbd967ed640 10 --2- v2:127.0.0.1:7146/0 >> 127.0.0.1:0/1632037228 conn(0x46b7800 0x36b6c00 crc :-1 s=READY pgs=2 gs=5 cs=0 l=1 c_cookie=13407030765564324937 s_cookie=0 reconnecting=0 rev1=1 crypto rx=0 tx=0 comp rx=0 tx=0).write_message sending 0x35c4dc0 done.
2026-02-12T20:53:14.551+0000 7fbd967ed640 20 -- v2:127.0.0.1:7146/0 >> 127.0.0.1:0/1632037228 conn(0x46b7800 msgr2=0x36b6c00 crc :-1 s=STATE_CONNECTION_ESTABLISHED l=1).process
2026-02-12T20:53:14.551+0000 7fbd967ed640 20 -- v2:127.0.0.1:7146/0 >> 127.0.0.1:0/1632037228 conn(0x46b7800 msgr2=0x36b6c00 crc :-1 s=STATE_CONNECTION_ESTABLISHED l=1).read continue len=32
2026-02-12T20:53:14.551+0000 7fbd967ed640 1 -- v2:127.0.0.1:7146/0 >> 127.0.0.1:0/1632037228 conn(0x46b7800 msgr2=0x36b6c00 crc :-1 s=STATE_CONNECTION_ESTABLISHED l=1).read_bulk peer close file descriptor 35
2026-02-12T20:53:14.551+0000 7fbd967ed640 1 -- v2:127.0.0.1:7146/0 >> 127.0.0.1:0/1632037228 conn(0x46b7800 msgr2=0x36b6c00 crc :-1 s=STATE_CONNECTION_ESTABLISHED l=1).read_until read failed
2026-02-12T20:53:14.551+0000 7fbd967ed640 20 --2- v2:127.0.0.1:7146/0 >> 127.0.0.1:0/1632037228 conn(0x46b7800 0x36b6c00 crc :-1 s=READY pgs=2 gs=5 cs=0 l=1 c_cookie=13407030765564324937 s_cookie=0 reconnecting=0 rev1=1 crypto rx=0 tx=0 comp rx=0 tx=0).handle_read_frame_preamble_main r=-1
2026-02-12T20:53:14.551+0000 7fbd967ed640 1 --2- v2:127.0.0.1:7146/0 >> 127.0.0.1:0/1632037228 conn(0x46b7800 0x36b6c00 crc :-1 s=READY pgs=2 gs=5 cs=0 l=1 c_cookie=13407030765564324937 s_cookie=0 reconnecting=0 rev1=1 crypto rx=0 tx=0 comp rx=0 tx=0).handle_read_frame_preamble_main read frame preamble failed r=-1
2026-02-12T20:53:14.551+0000 7fbd967ed640 10 --2- v2:127.0.0.1:7146/0 >> 127.0.0.1:0/1632037228 conn(0x46b7800 0x36b6c00 crc :-1 s=READY pgs=2 gs=5 cs=0 l=1 c_cookie=13407030765564324937 s_cookie=0 reconnecting=0 rev1=1 crypto rx=0 tx=0 comp rx=0 tx=0)._fault
2026-02-12T20:53:14.551+0000 7fbd967ed640 2 --2- v2:127.0.0.1:7146/0 >> 127.0.0.1:0/1632037228 conn(0x46b7800 0x36b6c00 crc :-1 s=READY pgs=2 gs=5 cs=0 l=1 c_cookie=13407030765564324937 s_cookie=0 reconnecting=0 rev1=1 crypto rx=0 tx=0 comp rx=0 tx=0)._fault on lossy channel, failing
2026-02-12T20:53:14.551+0000 7fbd967ed640 1 --2- v2:127.0.0.1:7146/0 >> 127.0.0.1:0/1632037228 conn(0x46b7800 0x36b6c00 crc :-1 s=READY pgs=2 gs=5 cs=0 l=1 c_cookie=13407030765564324937 s_cookie=0 reconnecting=0 rev1=1 crypto rx=0 tx=0 comp rx=0 tx=0).stop
2026-02-12T20:53:14.551+0000 7fbd967ed640 5 --2- v2:127.0.0.1:7146/0 >> 127.0.0.1:0/1632037228 conn(0x46b7800 0x36b6c00 crc :-1 s=READY pgs=2 gs=5 cs=0 l=1 c_cookie=13407030765564324937 s_cookie=0 reconnecting=0 rev1=1 crypto rx=0 tx=0 comp rx=0 tx=0).reset_recv_state
2026-02-12T20:53:14.551+0000 7fbd967ed640 5 --2- v2:127.0.0.1:7146/0 >> 127.0.0.1:0/1632037228 conn(0x46b7800 0x36b6c00 crc :-1 s=READY pgs=2 gs=5 cs=0 l=1 c_cookie=13407030765564324937 s_cookie=0 reconnecting=0 rev1=1 crypto rx=0 tx=0 comp rx=0 tx=0).reset_security
2026-02-12T20:53:14.551+0000 7fbd967ed640 5 --2- v2:127.0.0.1:7146/0 >> 127.0.0.1:0/1632037228 conn(0x46b7800 0x36b6c00 unknown :-1 s=READY pgs=2 gs=5 cs=0 l=1 c_cookie=13407030765564324937 s_cookie=0 reconnecting=0 rev1=1 crypto rx=0 tx=0 comp rx=0 tx=0).reset_compression
2026-02-12T20:53:14.551+0000 7fbd967ed640 10 --2- v2:127.0.0.1:7146/0 >> 127.0.0.1:0/1632037228 conn(0x46b7800 0x36b6c00 unknown :-1 s=READY pgs=2 gs=5 cs=0 l=1 c_cookie=13407030765564324937 s_cookie=0 reconnecting=0 rev1=1 crypto rx=0 tx=0 comp rx=0 tx=0).discard_out_queue started
2026-02-12T20:53:14.551+0000 7fbd967ed640 20 EpollDriver.del_event del event fd=35 cur_mask=1 delmask=3 to 19
2026-02-12T20:53:14.551+0000 7fbd987f1640 10 mon.a@0(leader) e1 ms_handle_reset 0x46b7800 127.0.0.1:0/1632037228
2026-02-12T20:53:14.551+0000 7fbd987f1640 10 mon.a@0(leader) e1 reset/close on session client.? 127.0.0.1:0/1632037228
2026-02-12T20:53:14.551+0000 7fbd987f1640 10 mon.a@0(leader) e1 remove_session 0x476e480 client.? 127.0.0.1:0/1632037228 features 0x3f0ffffffffdffff
2026-02-12T20:53:14.551+0000 7fbd967ed640 10 Processor -- accept listen_fd=25
2026-02-12T20:53:14.551+0000 7fbd967ed640 10 Processor -- accept accepted incoming on sd 35
2026-02-12T20:53:14.551+0000 7fbd967ed640 10 -- v2:127.0.0.1:7146/0 >> conn(0x47ce800 msgr2=0x4788000 unknown :-1 s=STATE_NONE l=0).accept sd=35 listen_addr v2:127.0.0.1:7146/0 peer_addr v2:127.0.0.1:41372/0
2026-02-12T20:53:14.551+0000 7fbd967ed640 1 --2- v2:127.0.0.1:7146/0 >> conn(0x47ce800 0x4788000 unknown :-1 s=NONE pgs=0 gs=0 cs=0 l=0 c_cookie=0 s_cookie=0 reconnecting=0 rev1=0 crypto rx=0 tx=0 comp rx=0 tx=0).accept
2026-02-12T20:53:14.551+0000 7fbd967ed640 20 -- v2:127.0.0.1:7146/0 >> conn(0x47ce800 msgr2=0x4788000 unknown :-1 s=STATE_ACCEPTING l=0).process
2026-02-12T20:53:14.551+0000 7fbd967ed640 20 Event(0x359b288 nevent=5000 time_id=4).create_file_event create event started fd=35 mask=1 original mask is 0
2026-02-12T20:53:14.551+0000 7fbd967ed640 20 EpollDriver.add_event add event fd=35 cur_mask=0 add_mask=1 to 19
2026-02-12T20:53:14.551+0000 7fbd967ed640 20 Event(0x359b288 nevent=5000 time_id=4).create_file_event create event end fd=35 mask=1 current mask is 1
2026-02-12T20:53:14.551+0000 7fbd967ed640 20 --2- v2:127.0.0.1:7146/0 >> conn(0x47ce800 0x4788000 unknown :-1 s=START_ACCEPT pgs=0 gs=0 cs=0 l=0 c_cookie=0 s_cookie=0 reconnecting=0 rev1=0 crypto rx=0 tx=0 comp rx=0 tx=0).read_event
2026-02-12T20:53:14.551+0000 7fbd967ed640 20 --2- v2:127.0.0.1:7146/0 >> conn(0x47ce800 0x4788000 unknown :-1 s=START_ACCEPT pgs=0 gs=0 cs=0 l=0 c_cookie=0 s_cookie=0 reconnecting=0 rev1=0 crypto rx=0 tx=0 comp rx=0 tx=0).start_server_banner_exchange
2026-02-12T20:53:14.551+0000 7fbd967ed640 20 --2- v2:127.0.0.1:7146/0 >> conn(0x47ce800 0x4788000 unknown :-1 s=BANNER_ACCEPTING pgs=0 gs=0 cs=0 l=0 c_cookie=0 s_cookie=0 reconnecting=0 rev1=0 crypto rx=0 tx=0 comp rx=0 tx=0)._banner_exchange
2026-02-12T20:53:14.551+0000 7fbd967ed640 10 -- v2:127.0.0.1:7146/0 >> conn(0x47ce800 msgr2=0x4788000 unknown :-1 s=STATE_CONNECTION_ESTABLISHED l=0)._try_send sent bytes 26 remaining bytes 0
2026-02-12T20:53:14.551+0000 7fbd967ed640 20 -- v2:127.0.0.1:7146/0 >> conn(0x47ce800 msgr2=0x4788000 unknown :-1 s=STATE_CONNECTION_ESTABLISHED l=0).read start len=10
2026-02-12T20:53:14.551+0000 7fbd967ed640 20 --2- v2:127.0.0.1:7146/0 >> conn(0x47ce800 0x4788000 unknown :-1 s=BANNER_ACCEPTING pgs=0 gs=0 cs=0 l=0 c_cookie=0 s_cookie=0 reconnecting=0 rev1=0 crypto rx=0 tx=0 comp rx=0 tx=0)._handle_peer_banner r=0
2026-02-12T20:53:14.551+0000 7fbd967ed640 20 -- v2:127.0.0.1:7146/0 >> conn(0x47ce800 msgr2=0x4788000 unknown :-1 s=STATE_CONNECTION_ESTABLISHED l=0).read start len=16
2026-02-12T20:53:14.551+0000 7fbd967ed640 20 --2- v2:127.0.0.1:7146/0 >> conn(0x47ce800 0x4788000 unknown :-1 s=BANNER_ACCEPTING pgs=0 gs=0 cs=0 l=0 c_cookie=0 s_cookie=0 reconnecting=0 rev1=0 crypto rx=0 tx=0 comp rx=0 tx=0)._handle_peer_banner_payload r=0
2026-02-12T20:53:14.551+0000 7fbd967ed640 1 --2- v2:127.0.0.1:7146/0 >> conn(0x47ce800 0x4788000 unknown :-1 s=BANNER_ACCEPTING pgs=0 gs=0 cs=0 l=0 c_cookie=0 s_cookie=0 reconnecting=0 rev1=0 crypto rx=0 tx=0 comp rx=0 tx=0)._handle_peer_banner_payload supported=3 required=0
2026-02-12T20:53:14.551+0000 7fbd967ed640 10 -- v2:127.0.0.1:7146/0 >> conn(0x47ce800 msgr2=0x4788000 unknown :-1 s=STATE_CONNECTION_ESTABLISHED l=0)._try_send sent bytes 72 remaining bytes 0
2026-02-12T20:53:14.551+0000 7fbd967ed640 20 --2- v2:127.0.0.1:7146/0 >> conn(0x47ce800 0x4788000 unknown :-1 s=HELLO_ACCEPTING pgs=0 gs=0 cs=0 l=0 c_cookie=0 s_cookie=0 reconnecting=0 rev1=1 crypto rx=0 tx=0 comp rx=0 tx=0).read_frame
2026-02-12T20:53:14.551+0000 7fbd967ed640 20 -- v2:127.0.0.1:7146/0 >> conn(0x47ce800 msgr2=0x4788000 unknown :-1 s=STATE_CONNECTION_ESTABLISHED l=0).read start len=32
2026-02-12T20:53:14.551+0000 7fbd967ed640 20 --2- v2:127.0.0.1:7146/0 >> conn(0x47ce800 0x4788000 unknown :-1 s=HELLO_ACCEPTING pgs=0 gs=0 cs=0 l=0 c_cookie=0 s_cookie=0 reconnecting=0 rev1=1 crypto rx=0 tx=0 comp rx=0 tx=0).handle_read_frame_preamble_main r=0
2026-02-12T20:53:14.551+0000 7fbd967ed640 20 --2- v2:127.0.0.1:7146/0 >> conn(0x47ce800 0x4788000 unknown :-1 s=HELLO_ACCEPTING pgs=0 gs=0 cs=0 l=0 c_cookie=0 s_cookie=0 reconnecting=0 rev1=1 crypto rx=0 tx=0 comp rx=0 tx=0).read_frame_segment seg_idx=0
2026-02-12T20:53:14.551+0000 7fbd967ed640 20 -- v2:127.0.0.1:7146/0 >> conn(0x47ce800 msgr2=0x4788000 unknown :-1 s=STATE_CONNECTION_ESTABLISHED l=0).read start len=40
2026-02-12T20:53:14.551+0000 7fbd967ed640 20 --2- v2:127.0.0.1:7146/0 >> conn(0x47ce800 0x4788000 unknown :-1 s=HELLO_ACCEPTING pgs=0 gs=0 cs=0 l=0 c_cookie=0 s_cookie=0 reconnecting=0 rev1=1 crypto rx=0 tx=0 comp rx=0 tx=0).handle_read_frame_segment r=0
2026-02-12T20:53:14.551+0000 7fbd967ed640 10 --2- v2:127.0.0.1:7146/0 >> conn(0x47ce800 0x4788000 unknown :-1 s=HELLO_ACCEPTING pgs=0 gs=0 cs=0 l=0 c_cookie=0 s_cookie=0 reconnecting=0 rev1=1 crypto rx=0 tx=0 comp rx=0 tx=0).handle_read_frame_dispatch tag=1
2026-02-12T20:53:14.551+0000 7fbd967ed640 20 --2- v2:127.0.0.1:7146/0 >> conn(0x47ce800 0x4788000 unknown :-1 s=HELLO_ACCEPTING pgs=0 gs=0 cs=0 l=0 c_cookie=0 s_cookie=0 reconnecting=0 rev1=1 crypto rx=0 tx=0 comp rx=0 tx=0).handle_hello payload.length()=36
2026-02-12T20:53:14.551+0000 7fbd967ed640 5 --2- v2:127.0.0.1:7146/0 >> conn(0x47ce800 0x4788000 unknown :-1 s=HELLO_ACCEPTING pgs=0 gs=0 cs=0 l=0 c_cookie=0 s_cookie=0 reconnecting=0 rev1=1 crypto rx=0 tx=0 comp rx=0 tx=0).handle_hello received hello: peer_type=8 peer_addr_for_me=v2:127.0.0.1:7146/0
2026-02-12T20:53:14.551+0000 7fbd967ed640 5 --2- v2:127.0.0.1:7146/0 >> conn(0x47ce800 0x4788000 unknown :-1 s=HELLO_ACCEPTING pgs=0 gs=0 cs=0 l=0 c_cookie=0 s_cookie=0 reconnecting=0 rev1=1 crypto rx=0 tx=0 comp rx=0 tx=0).handle_hello getsockname says I am 127.0.0.1:7146 when talking to v2:127.0.0.1:41372/0
2026-02-12T20:53:14.551+0000 7fbd967ed640 10 --2- v2:127.0.0.1:7146/0 >> conn(0x47ce800 0x4788000 unknown :-1 s=HELLO_ACCEPTING pgs=0 gs=0 cs=0 l=1 c_cookie=0 s_cookie=0 reconnecting=0 rev1=1 crypto rx=0 tx=0 comp rx=0 tx=0).handle_hello accept of host_type 8, policy.lossy=1 policy.server=1 policy.standby=0 policy.resetcheck=0
2026-02-12T20:53:14.551+0000 7fbd967ed640 20 --2- v2:127.0.0.1:7146/0 >> conn(0x47ce800 0x4788000 unknown :-1 s=HELLO_ACCEPTING pgs=0 gs=0 cs=0 l=1 c_cookie=0 s_cookie=0 reconnecting=0 rev1=1 crypto rx=0 tx=0 comp rx=0 tx=0).post_server_banner_exchange
2026-02-12T20:53:14.551+0000 7fbd967ed640 20 --2- v2:127.0.0.1:7146/0 >> conn(0x47ce800 0x4788000 unknown :-1 s=AUTH_ACCEPTING pgs=0 gs=0 cs=0 l=1 c_cookie=0 s_cookie=0 reconnecting=0 rev1=1 crypto rx=0 tx=0 comp rx=0 tx=0).read_frame
2026-02-12T20:53:14.551+0000 7fbd967ed640 20 -- v2:127.0.0.1:7146/0 >> conn(0x47ce800 msgr2=0x4788000 unknown :-1 s=STATE_CONNECTION_ESTABLISHED l=1).read start len=32
2026-02-12T20:53:14.551+0000 7fbd967ed640 20 -- v2:127.0.0.1:7146/0 >> conn(0x47ce800 msgr2=0x4788000 unknown :-1 s=STATE_CONNECTION_ESTABLISHED l=1).process
2026-02-12T20:53:14.551+0000 7fbd967ed640 20 -- v2:127.0.0.1:7146/0 >> conn(0x47ce800 msgr2=0x4788000 unknown :-1 s=STATE_CONNECTION_ESTABLISHED l=1).read continue len=32
2026-02-12T20:53:14.551+0000 7fbd967ed640 20 --2- v2:127.0.0.1:7146/0 >> conn(0x47ce800 0x4788000 unknown :-1 s=AUTH_ACCEPTING pgs=0 gs=0 cs=0 l=1 c_cookie=0 s_cookie=0 reconnecting=0 rev1=1 crypto rx=0 tx=0 comp rx=0 tx=0).handle_read_frame_preamble_main r=0
2026-02-12T20:53:14.551+0000 7fbd967ed640 20 --2- v2:127.0.0.1:7146/0 >> conn(0x47ce800 0x4788000 unknown :-1 s=AUTH_ACCEPTING pgs=0 gs=0 cs=0 l=1 c_cookie=0 s_cookie=0 reconnecting=0 rev1=1 crypto rx=0 tx=0 comp rx=0 tx=0).read_frame_segment seg_idx=0
2026-02-12T20:53:14.551+0000 7fbd967ed640 20 -- v2:127.0.0.1:7146/0 >> conn(0x47ce800 msgr2=0x4788000 unknown :-1 s=STATE_CONNECTION_ESTABLISHED l=1).read start len=42
2026-02-12T20:53:14.551+0000 7fbd967ed640 20 --2- v2:127.0.0.1:7146/0 >> conn(0x47ce800 0x4788000 unknown :-1 s=AUTH_ACCEPTING pgs=0 gs=0 cs=0 l=1 c_cookie=0 s_cookie=0 reconnecting=0 rev1=1 crypto rx=0 tx=0 comp rx=0 tx=0).handle_read_frame_segment r=0
2026-02-12T20:53:14.551+0000 7fbd967ed640 10 --2- v2:127.0.0.1:7146/0 >> conn(0x47ce800 0x4788000 unknown :-1 s=AUTH_ACCEPTING pgs=0 gs=0 cs=0 l=1 c_cookie=0 s_cookie=0 reconnecting=0 rev1=1 crypto rx=0 tx=0 comp rx=0 tx=0).handle_read_frame_dispatch tag=2
2026-02-12T20:53:14.551+0000 7fbd967ed640 20 --2- v2:127.0.0.1:7146/0 >> conn(0x47ce800 0x4788000 unknown :-1 s=AUTH_ACCEPTING pgs=0 gs=0 cs=0 l=1 c_cookie=0 s_cookie=0 reconnecting=0 rev1=1 crypto rx=0 tx=0 comp rx=0 tx=0).handle_auth_request payload.length()=38
2026-02-12T20:53:14.551+0000 7fbd967ed640 10 --2- v2:127.0.0.1:7146/0 >> conn(0x47ce800 0x4788000 unknown :-1 s=AUTH_ACCEPTING pgs=0 gs=0 cs=0 l=1 c_cookie=0 s_cookie=0 reconnecting=0 rev1=1 crypto rx=0 tx=0 comp rx=0 tx=0).handle_auth_request AuthRequest(method=1, preferred_modes=[1], payload_len=22)
2026-02-12T20:53:14.551+0000 7fbd967ed640 10 mon.a@0(leader) e1 handle_auth_request con 0x47ce800 (start) method 1 payload 22
2026-02-12T20:53:14.551+0000 7fbd967ed640 10 mon.a@0(leader).auth v2 _assign_global_id 4102 (max 14096)
2026-02-12T20:53:14.551+0000 7fbd967ed640 10 mon.a@0(leader) e1 ms_handle_fast_authentication session 0x476e6c0 con 0x47ce800 addr - MonSession(unknown.0 is open , features 0x0 (unknown))
2026-02-12T20:53:14.551+0000 7fbd967ed640 10 -- v2:127.0.0.1:7146/0 >> conn(0x47ce800 msgr2=0x4788000 crc :-1 s=STATE_CONNECTION_ESTABLISHED l=1)._try_send sent bytes 52 remaining bytes 0
2026-02-12T20:53:14.551+0000 7fbd967ed640 10 -- v2:127.0.0.1:7146/0 >> conn(0x47ce800 msgr2=0x4788000 crc :-1 s=STATE_CONNECTION_ESTABLISHED l=1)._try_send sent bytes 68 remaining bytes 0
2026-02-12T20:53:14.551+0000 7fbd967ed640 20 --2- v2:127.0.0.1:7146/0 >> conn(0x47ce800 0x4788000 crc :-1 s=AUTH_ACCEPTING_SIGN pgs=0 gs=0 cs=0 l=1 c_cookie=0 s_cookie=0 reconnecting=0 rev1=1 crypto rx=0 tx=0 comp rx=0 tx=0).read_frame
2026-02-12T20:53:14.551+0000 7fbd967ed640 20 -- v2:127.0.0.1:7146/0 >> conn(0x47ce800 msgr2=0x4788000 crc :-1 s=STATE_CONNECTION_ESTABLISHED l=1).read start len=32
2026-02-12T20:53:14.551+0000 7fbd967ed640 20 -- v2:127.0.0.1:7146/0 >> conn(0x47ce800 msgr2=0x4788000 crc :-1 s=STATE_CONNECTION_ESTABLISHED l=1).process
2026-02-12T20:53:14.551+0000 7fbd967ed640 20 -- v2:127.0.0.1:7146/0 >> conn(0x47ce800 msgr2=0x4788000 crc :-1 s=STATE_CONNECTION_ESTABLISHED l=1).read continue len=32
2026-02-12T20:53:14.551+0000 7fbd967ed640 20 --2- v2:127.0.0.1:7146/0 >> conn(0x47ce800 0x4788000 crc :-1 s=AUTH_ACCEPTING_SIGN pgs=0 gs=0 cs=0 l=1 c_cookie=0 s_cookie=0 reconnecting=0 rev1=1 crypto rx=0 tx=0 comp rx=0 tx=0).handle_read_frame_preamble_main r=0
2026-02-12T20:53:14.551+0000 7fbd967ed640 20 --2- v2:127.0.0.1:7146/0 >> conn(0x47ce800 0x4788000 crc :-1 s=AUTH_ACCEPTING_SIGN pgs=0 gs=0 cs=0 l=1 c_cookie=0 s_cookie=0 reconnecting=0 rev1=1 crypto rx=0 tx=0 comp rx=0 tx=0).read_frame_segment seg_idx=0
2026-02-12T20:53:14.551+0000 7fbd967ed640 20 -- v2:127.0.0.1:7146/0 >> conn(0x47ce800 msgr2=0x4788000 crc :-1 s=STATE_CONNECTION_ESTABLISHED l=1).read start len=36
2026-02-12T20:53:14.551+0000 7fbd967ed640 20 --2- v2:127.0.0.1:7146/0 >> conn(0x47ce800 0x4788000 crc :-1 s=AUTH_ACCEPTING_SIGN pgs=0 gs=0 cs=0 l=1 c_cookie=0 s_cookie=0 reconnecting=0 rev1=1 crypto rx=0 tx=0 comp rx=0 tx=0).handle_read_frame_segment r=0
2026-02-12T20:53:14.551+0000 7fbd967ed640 10 --2- v2:127.0.0.1:7146/0 >> conn(0x47ce800 0x4788000 crc :-1 s=AUTH_ACCEPTING_SIGN pgs=0 gs=0 cs=0 l=1 c_cookie=0 s_cookie=0 reconnecting=0 rev1=1 crypto rx=0 tx=0 comp rx=0 tx=0).handle_read_frame_dispatch tag=7
2026-02-12T20:53:14.551+0000 7fbd967ed640 20 --2- v2:127.0.0.1:7146/0 >> conn(0x47ce800 0x4788000 crc :-1 s=AUTH_ACCEPTING_SIGN pgs=0 gs=0 cs=0 l=1 c_cookie=0 s_cookie=0 reconnecting=0 rev1=1 crypto rx=0 tx=0 comp rx=0 tx=0).handle_auth_signature payload.length()=32
2026-02-12T20:53:14.551+0000 7fbd967ed640 20 --2- v2:127.0.0.1:7146/0 >> conn(0x47ce800 0x4788000 crc :-1 s=AUTH_ACCEPTING_SIGN pgs=0 gs=0 cs=0 l=1 c_cookie=0 s_cookie=0 reconnecting=0 rev1=1 crypto rx=0 tx=0 comp rx=0 tx=0).handle_auth_signature pre-auth signature success sig_frame.signature()=0000000000000000000000000000000000000000000000000000000000000000
2026-02-12T20:53:14.551+0000 7fbd967ed640 20 --2- v2:127.0.0.1:7146/0 >> conn(0x47ce800 0x4788000 crc :-1 s=AUTH_ACCEPTING_SIGN pgs=0 gs=0 cs=0 l=1 c_cookie=0 s_cookie=0 reconnecting=0 rev1=1 crypto rx=0 tx=0 comp rx=0 tx=0).finish_server_auth
2026-02-12T20:53:14.551+0000 7fbd967ed640 20 --2- v2:127.0.0.1:7146/0 >> conn(0x47ce800 0x4788000 crc :-1 s=COMPRESSION_ACCEPTING pgs=0 gs=0 cs=0 l=1 c_cookie=0 s_cookie=0 reconnecting=0 rev1=1 crypto rx=0 tx=0 comp rx=0 tx=0).read_frame
2026-02-12T20:53:14.551+0000 7fbd967ed640 20 -- v2:127.0.0.1:7146/0 >> conn(0x47ce800 msgr2=0x4788000 crc :-1 s=STATE_CONNECTION_ESTABLISHED l=1).read start len=32
2026-02-12T20:53:14.551+0000 7fbd967ed640 20 --2- v2:127.0.0.1:7146/0 >> conn(0x47ce800 0x4788000 crc :-1 s=COMPRESSION_ACCEPTING pgs=0 gs=0 cs=0 l=1 c_cookie=0 s_cookie=0 reconnecting=0 rev1=1 crypto rx=0 tx=0 comp rx=0 tx=0).handle_read_frame_preamble_main r=0
2026-02-12T20:53:14.551+0000 7fbd967ed640 20 --2- v2:127.0.0.1:7146/0 >> conn(0x47ce800 0x4788000 crc :-1 s=COMPRESSION_ACCEPTING pgs=0 gs=0 cs=0 l=1 c_cookie=0 s_cookie=0 reconnecting=0 rev1=1 crypto rx=0 tx=0 comp rx=0 tx=0).read_frame_segment seg_idx=0
2026-02-12T20:53:14.551+0000 7fbd967ed640 20 -- v2:127.0.0.1:7146/0 >> conn(0x47ce800 msgr2=0x4788000 crc :-1 s=STATE_CONNECTION_ESTABLISHED l=1).read start len=9
2026-02-12T20:53:14.551+0000 7fbd967ed640 20 --2- v2:127.0.0.1:7146/0 >> conn(0x47ce800 0x4788000 crc :-1 s=COMPRESSION_ACCEPTING pgs=0 gs=0 cs=0 l=1 c_cookie=0 s_cookie=0 reconnecting=0 rev1=1 crypto rx=0 tx=0 comp rx=0 tx=0).handle_read_frame_segment r=0
2026-02-12T20:53:14.551+0000 7fbd967ed640 10 --2- v2:127.0.0.1:7146/0 >> conn(0x47ce800 0x4788000 crc :-1 s=COMPRESSION_ACCEPTING pgs=0 gs=0 cs=0 l=1 c_cookie=0 s_cookie=0 reconnecting=0 rev1=1 crypto rx=0 tx=0 comp rx=0 tx=0).handle_read_frame_dispatch tag=21
2026-02-12T20:53:14.551+0000 7fbd967ed640 10 --2- v2:127.0.0.1:7146/0 >> conn(0x47ce800 0x4788000 crc :-1 s=COMPRESSION_ACCEPTING pgs=0 gs=0 cs=0 l=1 c_cookie=0 s_cookie=0 reconnecting=0 rev1=1 crypto rx=0 tx=0 comp rx=0 tx=0).handle_compression_request CompressionRequestFrame(is_compress=0, preferred_methods=[])
2026-02-12T20:53:14.551+0000 7fbd967ed640 20 CompressorRegistry(0x367ca18) get_mode peer_type 8 is_secure 0
2026-02-12T20:53:14.551+0000 7fbd967ed640 10 -- v2:127.0.0.1:7146/0 >> conn(0x47ce800 msgr2=0x4788000 crc :-1 s=STATE_CONNECTION_ESTABLISHED l=1)._try_send sent bytes 41 remaining bytes 0
2026-02-12T20:53:14.551+0000 7fbd967ed640 20 --2- v2:127.0.0.1:7146/0 >> conn(0x47ce800 0x4788000 crc :-1 s=SESSION_ACCEPTING pgs=0 gs=0 cs=0 l=1 c_cookie=0 s_cookie=0 reconnecting=0 rev1=1 crypto rx=0 tx=0 comp rx=0 tx=0).read_frame
2026-02-12T20:53:14.551+0000 7fbd967ed640 20 -- v2:127.0.0.1:7146/0 >> conn(0x47ce800 msgr2=0x4788000 crc :-1 s=STATE_CONNECTION_ESTABLISHED l=1).read start len=32
2026-02-12T20:53:14.551+0000 7fbd967ed640 20 -- v2:127.0.0.1:7146/0 >> conn(0x47ce800 msgr2=0x4788000 crc :-1 s=STATE_CONNECTION_ESTABLISHED l=1).process
