2026-02-12T20:53:16.481+0000 7fbd9c7f9640 5 --2- v2:127.0.0.1:7146/0 >> 127.0.0.1:0/1563170649 conn(0x47cfc00 0x4788b00 crc :-1 s=THROTTLE_DONE pgs=1 gs=20 cs=0 l=1 c_cookie=0 s_cookie=0 reconnecting=0 rev1=1 crypto rx=0 tx=0 comp rx=0 tx=0).handle_message got 0 + 0 + 0 byte message. envelope type=5 src client.? off 0
2026-02-12T20:53:16.481+0000 7fbd9c7f9640 5 --2- v2:127.0.0.1:7146/0 >> 127.0.0.1:0/1563170649 conn(0x47cfc00 0x4788b00 crc :-1 s=READ_MESSAGE_COMPLETE pgs=1 gs=20 cs=0 l=1 c_cookie=0 s_cookie=0 reconnecting=0 rev1=1 crypto rx=0 tx=0 comp rx=0 tx=0).handle_message received message m=0x4b728c0 seq=1 from=client.? type=5 mon_getmap magic: 0
2026-02-12T20:53:16.481+0000 7fbd9c7f9640 20 -- v2:127.0.0.1:7146/0 queue 0x4b728c0 prio 127
2026-02-12T20:53:16.481+0000 7fbd9c7f9640 20 --2- v2:127.0.0.1:7146/0 >> 127.0.0.1:0/1563170649 conn(0x47cfc00 0x4788b00 crc :-1 s=READY pgs=1 gs=20 cs=0 l=1 c_cookie=0 s_cookie=0 reconnecting=0 rev1=1 crypto rx=0 tx=0 comp rx=0 tx=0).read_frame
2026-02-12T20:53:16.481+0000 7fbd9c7f9640 20 -- v2:127.0.0.1:7146/0 >> 127.0.0.1:0/1563170649 conn(0x47cfc00 msgr2=0x4788b00 crc :-1 s=STATE_CONNECTION_ESTABLISHED l=1).read start len=32
2026-02-12T20:53:16.481+0000 7fbd9c7f9640 20 --2- v2:127.0.0.1:7146/0 >> 127.0.0.1:0/1563170649 conn(0x47cfc00 0x4788b00 crc :-1 s=READY pgs=1 gs=20 cs=0 l=1 c_cookie=0 s_cookie=0 reconnecting=0 rev1=1 crypto rx=0 tx=0 comp rx=0 tx=0).handle_read_frame_preamble_main r=0
2026-02-12T20:53:16.481+0000 7fbd9c7f9640 20 --2- v2:127.0.0.1:7146/0 >> 127.0.0.1:0/1563170649 conn(0x47cfc00 0x4788b00 crc :-1 s=THROTTLE_MESSAGE pgs=1 gs=20 cs=0 l=1 c_cookie=0 s_cookie=0 reconnecting=0 rev1=1 crypto rx=0 tx=0 comp rx=0 tx=0).throttle_message
2026-02-12T20:53:16.481+0000 7fbd987f1640 1 -- v2:127.0.0.1:7146/0 <== client.? 127.0.0.1:0/1563170649 1 ==== mon_getmap magic: 0 ==== 0+0+0 (crc 0 0 0) 0x4b728c0 con 0x47cfc00
2026-02-12T20:53:16.481+0000 7fbd9c7f9640 20 --2- v2:127.0.0.1:7146/0 >> 127.0.0.1:0/1563170649 conn(0x47cfc00 0x4788b00 crc :-1 s=THROTTLE_BYTES pgs=1 gs=20 cs=0 l=1 c_cookie=0 s_cookie=0 reconnecting=0 rev1=1 crypto rx=0 tx=0 comp rx=0 tx=0).throttle_bytes
2026-02-12T20:53:16.481+0000 7fbd987f1640 20 mon.a@0(leader) e1 _ms_dispatch existing session 0x4773b00 for client.?
2026-02-12T20:53:16.481+0000 7fbd987f1640 20 mon.a@0(leader) e1 entity_name mgr.x global_id 4115 (none) caps allow *
2026-02-12T20:53:16.481+0000 7fbd9c7f9640 10 --2- v2:127.0.0.1:7146/0 >> 127.0.0.1:0/1563170649 conn(0x47cfc00 0x4788b00 crc :-1 s=THROTTLE_BYTES pgs=1 gs=20 cs=0 l=1 c_cookie=0 s_cookie=0 reconnecting=0 rev1=1 crypto rx=0 tx=0 comp rx=0 tx=0).throttle_bytes wants 54 bytes from policy throttler 232/104857600
2026-02-12T20:53:16.481+0000 7fbd987f1640 10 mon.a@0(leader) e1 handle_mon_get_map
2026-02-12T20:53:16.481+0000 7fbd9c7f9640 20 --2- v2:127.0.0.1:7146/0 >> 127.0.0.1:0/1563170649 conn(0x47cfc00 0x4788b00 crc :-1 s=THROTTLE_DISPATCH_QUEUE pgs=1 gs=20 cs=0 l=1 c_cookie=0 s_cookie=0 reconnecting=0 rev1=1 crypto rx=0 tx=0 comp rx=0 tx=0).throttle_dispatch_queue
2026-02-12T20:53:16.481+0000 7fbd987f1640 1 -- v2:127.0.0.1:7146/0 --> 127.0.0.1:0/1563170649 -- mon_map magic: 0 -- 0x35c5b80 con 0x47cfc00
2026-02-12T20:53:16.481+0000 7fbd9c7f9640 20 --2- v2:127.0.0.1:7146/0 >> 127.0.0.1:0/1563170649 conn(0x47cfc00 0x4788b00 crc :-1 s=THROTTLE_DONE pgs=1 gs=20 cs=0 l=1 c_cookie=0 s_cookie=0 reconnecting=0 rev1=1 crypto rx=0 tx=0 comp rx=0 tx=0).read_frame_segment seg_idx=0
2026-02-12T20:53:16.481+0000 7fbd9c7f9640 20 -- v2:127.0.0.1:7146/0 >> 127.0.0.1:0/1563170649 conn(0x47cfc00 msgr2=0x4788b00 crc :-1 s=STATE_CONNECTION_ESTABLISHED l=1).read start len=45
2026-02-12T20:53:16.481+0000 7fbd987f1640 5 --2- v2:127.0.0.1:7146/0 >> 127.0.0.1:0/1563170649 conn(0x47cfc00 0x4788b00 crc :-1 s=THROTTLE_DONE pgs=1 gs=20 cs=0 l=1 c_cookie=0 s_cookie=0 reconnecting=0 rev1=1 crypto rx=0 tx=0 comp rx=0 tx=0).send_message enqueueing message m=0x35c5b80 type=4 mon_map magic: 0
2026-02-12T20:53:16.481+0000 7fbd9c7f9640 20 --2- v2:127.0.0.1:7146/0 >> 127.0.0.1:0/1563170649 conn(0x47cfc00 0x4788b00 crc :-1 s=THROTTLE_DONE pgs=1 gs=20 cs=0 l=1 c_cookie=0 s_cookie=0 reconnecting=0 rev1=1 crypto rx=0 tx=0 comp rx=0 tx=0).handle_read_frame_segment r=0
2026-02-12T20:53:16.481+0000 7fbd987f1640 15 --2- v2:127.0.0.1:7146/0 >> 127.0.0.1:0/1563170649 conn(0x47cfc00 0x4788b00 crc :-1 s=THROTTLE_DONE pgs=1 gs=20 cs=0 l=1 c_cookie=0 s_cookie=0 reconnecting=0 rev1=1 crypto rx=0 tx=0 comp rx=0 tx=0).send_message message queued for async transmission m=0x35c5b80
2026-02-12T20:53:16.481+0000 7fbd9c7f9640 20 --2- v2:127.0.0.1:7146/0 >> 127.0.0.1:0/1563170649 conn(0x47cfc00 0x4788b00 crc :-1 s=THROTTLE_DONE pgs=1 gs=20 cs=0 l=1 c_cookie=0 s_cookie=0 reconnecting=0 rev1=1 crypto rx=0 tx=0 comp rx=0 tx=0).read_frame_segment seg_idx=1
2026-02-12T20:53:16.481+0000 7fbd987f1640 20 Event(0x359abc8 nevent=5000 time_id=6).wakeup
2026-02-12T20:53:16.481+0000 7fbd9c7f9640 20 -- v2:127.0.0.1:7146/0 >> 127.0.0.1:0/1563170649 conn(0x47cfc00 msgr2=0x4788b00 crc :-1 s=STATE_CONNECTION_ESTABLISHED l=1).read start len=54
2026-02-12T20:53:16.481+0000 7fbd987f1640 20 -- v2:127.0.0.1:7146/0 done calling dispatch on 0x4b728c0
2026-02-12T20:53:16.481+0000 7fbd9c7f9640 20 --2- v2:127.0.0.1:7146/0 >> 127.0.0.1:0/1563170649 conn(0x47cfc00 0x4788b00 crc :-1 s=THROTTLE_DONE pgs=1 gs=20 cs=0 l=1 c_cookie=0 s_cookie=0 reconnecting=0 rev1=1 crypto rx=0 tx=0 comp rx=0 tx=0).handle_read_frame_segment r=0
2026-02-12T20:53:16.481+0000 7fbd9c7f9640 20 -- v2:127.0.0.1:7146/0 >> 127.0.0.1:0/1563170649 conn(0x47cfc00 msgr2=0x4788b00 crc :-1 s=STATE_CONNECTION_ESTABLISHED l=1).read start len=13
2026-02-12T20:53:16.481+0000 7fbd9c7f9640 20 --2- v2:127.0.0.1:7146/0 >> 127.0.0.1:0/1563170649 conn(0x47cfc00 0x4788b00 crc :-1 s=THROTTLE_DONE pgs=1 gs=20 cs=0 l=1 c_cookie=0 s_cookie=0 reconnecting=0 rev1=1 crypto rx=0 tx=0 comp rx=0 tx=0).handle_read_frame_epilogue_main r=0
2026-02-12T20:53:16.481+0000 7fbd9c7f9640 10 --2- v2:127.0.0.1:7146/0 >> 127.0.0.1:0/1563170649 conn(0x47cfc00 0x4788b00 crc :-1 s=THROTTLE_DONE pgs=1 gs=20 cs=0 l=1 c_cookie=0 s_cookie=0 reconnecting=0 rev1=1 crypto rx=0 tx=0 comp rx=0 tx=0).handle_read_frame_dispatch tag=17
2026-02-12T20:53:16.481+0000 7fbd9c7f9640 20 --2- v2:127.0.0.1:7146/0 >> 127.0.0.1:0/1563170649 conn(0x47cfc00 0x4788b00 crc :-1 s=THROTTLE_DONE pgs=1 gs=20 cs=0 l=1 c_cookie=0 s_cookie=0 reconnecting=0 rev1=1 crypto rx=0 tx=0 comp rx=0 tx=0).handle_message
2026-02-12T20:53:16.481+0000 7fbd9c7f9640 5 --2- v2:127.0.0.1:7146/0 >> 127.0.0.1:0/1563170649 conn(0x47cfc00 0x4788b00 crc :-1 s=THROTTLE_DONE pgs=1 gs=20 cs=0 l=1 c_cookie=0 s_cookie=0 reconnecting=0 rev1=1 crypto rx=0 tx=0 comp rx=0 tx=0).handle_message got 54 + 0 + 0 byte message. envelope type=15 src client.? off 0
2026-02-12T20:53:16.481+0000 7fbd9c7f9640 5 --2- v2:127.0.0.1:7146/0 >> 127.0.0.1:0/1563170649 conn(0x47cfc00 0x4788b00 crc :-1 s=READ_MESSAGE_COMPLETE pgs=1 gs=20 cs=0 l=1 c_cookie=0 s_cookie=0 reconnecting=0 rev1=1 crypto rx=0 tx=0 comp rx=0 tx=0).handle_message received message m=0x4b45860 seq=2 from=client.? type=15 mon_subscribe({config=0+,monmap=0+})
2026-02-12T20:53:16.481+0000 7fbd9c7f9640 20 -- v2:127.0.0.1:7146/0 queue 0x4b45860 prio 127
2026-02-12T20:53:16.481+0000 7fbd9c7f9640 20 --2- v2:127.0.0.1:7146/0 >> 127.0.0.1:0/1563170649 conn(0x47cfc00 0x4788b00 crc :-1 s=READY pgs=1 gs=20 cs=0 l=1 c_cookie=0 s_cookie=0 reconnecting=0 rev1=1 crypto rx=0 tx=0 comp rx=0 tx=0).read_frame
2026-02-12T20:53:16.481+0000 7fbd9c7f9640 20 -- v2:127.0.0.1:7146/0 >> 127.0.0.1:0/1563170649 conn(0x47cfc00 msgr2=0x4788b00 crc :-1 s=STATE_CONNECTION_ESTABLISHED l=1).read start len=32
2026-02-12T20:53:16.481+0000 7fbd987f1640 1 -- v2:127.0.0.1:7146/0 <== client.? 127.0.0.1:0/1563170649 2 ==== mon_subscribe({config=0+,monmap=0+}) ==== 54+0+0 (crc 0 0 0) 0x4b45860 con 0x47cfc00
2026-02-12T20:53:16.481+0000 7fbd9c7f9640 10 -- v2:127.0.0.1:7146/0 >> 127.0.0.1:0/1563170649 conn(0x47cfc00 msgr2=0x4788b00 crc :-1 s=STATE_CONNECTION_ESTABLISHED l=1).handle_write
2026-02-12T20:53:16.481+0000 7fbd987f1640 20 mon.a@0(leader) e1 _ms_dispatch existing session 0x4773b00 for client.?
2026-02-12T20:53:16.481+0000 7fbd987f1640 20 mon.a@0(leader) e1 entity_name mgr.x global_id 4115 (none) caps allow *
2026-02-12T20:53:16.481+0000 7fbd9c7f9640 10 --2- v2:127.0.0.1:7146/0 >> 127.0.0.1:0/1563170649 conn(0x47cfc00 0x4788b00 crc :-1 s=READY pgs=1 gs=20 cs=0 l=1 c_cookie=0 s_cookie=0 reconnecting=0 rev1=1 crypto rx=0 tx=0 comp rx=0 tx=0).write_event
2026-02-12T20:53:16.481+0000 7fbd987f1640 10 mon.a@0(leader) e1 handle_subscribe mon_subscribe({config=0+,monmap=0+})
2026-02-12T20:53:16.481+0000 7fbd9c7f9640 20 --2- v2:127.0.0.1:7146/0 >> 127.0.0.1:0/1563170649 conn(0x47cfc00 0x4788b00 crc :-1 s=READY pgs=1 gs=20 cs=0 l=1 c_cookie=0 s_cookie=0 reconnecting=0 rev1=1 crypto rx=0 tx=0 comp rx=0 tx=0).prepare_send_message m=mon_map magic: 0
2026-02-12T20:53:16.481+0000 7fbd987f1640 10 mon.a@0(leader).config check_sub next 0 have 2
2026-02-12T20:53:16.481+0000 7fbd987f1640 10 mon.a@0(leader).config refresh_config crush_location for remote_host trial099 is {}
2026-02-12T20:53:16.481+0000 7fbd9c7f9640 20 --2- v2:127.0.0.1:7146/0 >> 127.0.0.1:0/1563170649 conn(0x47cfc00 0x4788b00 crc :-1 s=READY pgs=1 gs=20 cs=0 l=1 c_cookie=0 s_cookie=0 reconnecting=0 rev1=1 crypto rx=0 tx=0 comp rx=0 tx=0).prepare_send_message encoding features 4544132024016699391 0x35c5b80 mon_map magic: 0
2026-02-12T20:53:16.481+0000 7fbd987f1640 20 mon.a@0(leader).config refresh_config mgr.x crush {} device_class
2026-02-12T20:53:16.481+0000 7fbd9c7f9640 2 --2- v2:127.0.0.1:7146/0 >> 127.0.0.1:0/1563170649 conn(0x47cfc00 0x4788b00 crc :-1 s=READY pgs=1 gs=20 cs=0 l=1 c_cookie=0 s_cookie=0 reconnecting=0 rev1=1 crypto rx=0 tx=0 comp rx=0 tx=0).write_message sending message m=0x35c5b80 seq=1 mon_map magic: 0
2026-02-12T20:53:16.481+0000 7fbd987f1640 10 mon.a@0(leader).config maybe_send_config to client.? (changed)
2026-02-12T20:53:16.481+0000 7fbd987f1640 10 mon.a@0(leader).config send_config to client.?
2026-02-12T20:53:16.481+0000 7fbd9c7f9640 20 --2- v2:127.0.0.1:7146/0 >> 127.0.0.1:0/1563170649 conn(0x47cfc00 0x4788b00 crc :-1 s=READY pgs=1 gs=20 cs=0 l=1 c_cookie=0 s_cookie=0 reconnecting=0 rev1=1 crypto rx=0 tx=0 comp rx=0 tx=0).write_message sending m=0x35c5b80 seq=1 src=mon.0 off=0
2026-02-12T20:53:16.481+0000 7fbd987f1640 1 -- v2:127.0.0.1:7146/0 --> 127.0.0.1:0/1563170649 -- config(1 keys) -- 0x46ed500 con 0x47cfc00
2026-02-12T20:53:16.481+0000 7fbd987f1640 5 --2- v2:127.0.0.1:7146/0 >> 127.0.0.1:0/1563170649 conn(0x47cfc00 0x4788b00 crc :-1 s=READY pgs=1 gs=20 cs=0 l=1 c_cookie=0 s_cookie=0 reconnecting=0 rev1=1 crypto rx=0 tx=0 comp rx=0 tx=0).send_message enqueueing message m=0x46ed500 type=62 config(1 keys)
2026-02-12T20:53:16.481+0000 7fbd987f1640 15 --2- v2:127.0.0.1:7146/0 >> 127.0.0.1:0/1563170649 conn(0x47cfc00 0x4788b00 crc :-1 s=READY pgs=1 gs=20 cs=0 l=1 c_cookie=0 s_cookie=0 reconnecting=0 rev1=1 crypto rx=0 tx=0 comp rx=0 tx=0).send_message message queued for async transmission m=0x46ed500
2026-02-12T20:53:16.481+0000 7fbd987f1640 10 mon.a@0(leader).monmap v1 check_sub monmap next 0 have 1
2026-02-12T20:53:16.481+0000 7fbd987f1640 1 -- v2:127.0.0.1:7146/0 --> 127.0.0.1:0/1563170649 -- mon_map magic: 0 -- 0x35c5ce0 con 0x47cfc00
2026-02-12T20:53:16.481+0000 7fbd987f1640 5 --2- v2:127.0.0.1:7146/0 >> 127.0.0.1:0/1563170649 conn(0x47cfc00 0x4788b00 crc :-1 s=READY pgs=1 gs=20 cs=0 l=1 c_cookie=0 s_cookie=0 reconnecting=0 rev1=1 crypto rx=0 tx=0 comp rx=0 tx=0).send_message enqueueing message m=0x35c5ce0 type=4 mon_map magic: 0
2026-02-12T20:53:16.481+0000 7fbd9c7f9640 10 -- v2:127.0.0.1:7146/0 >> 127.0.0.1:0/1563170649 conn(0x47cfc00 msgr2=0x4788b00 crc :-1 s=STATE_CONNECTION_ESTABLISHED l=1)._try_send sent bytes 268 remaining bytes 0
2026-02-12T20:53:16.481+0000 7fbd987f1640 15 --2- v2:127.0.0.1:7146/0 >> 127.0.0.1:0/1563170649 conn(0x47cfc00 0x4788b00 crc :-1 s=READY pgs=1 gs=20 cs=0 l=1 c_cookie=0 s_cookie=0 reconnecting=0 rev1=1 crypto rx=0 tx=0 comp rx=0 tx=0).send_message message queued for async transmission m=0x35c5ce0
2026-02-12T20:53:16.481+0000 7fbd9c7f9640 10 --2- v2:127.0.0.1:7146/0 >> 127.0.0.1:0/1563170649 conn(0x47cfc00 0x4788b00 crc :-1 s=READY pgs=1 gs=20 cs=0 l=1 c_cookie=0 s_cookie=0 reconnecting=0 rev1=1 crypto rx=0 tx=0 comp rx=0 tx=0).write_message sending 0x35c5b80 done.
2026-02-12T20:53:16.481+0000 7fbd987f1640 10 -- v2:127.0.0.1:7146/0 dispatch_throttle_release 54 to dispatch throttler 54/104857600
2026-02-12T20:53:16.481+0000 7fbd987f1640 20 -- v2:127.0.0.1:7146/0 done calling dispatch on 0x4b45860
2026-02-12T20:53:16.481+0000 7fbd9c7f9640 20 --2- v2:127.0.0.1:7146/0 >> 127.0.0.1:0/1563170649 conn(0x47cfc00 0x4788b00 crc :-1 s=READY pgs=1 gs=20 cs=0 l=1 c_cookie=0 s_cookie=0 reconnecting=0 rev1=1 crypto rx=0 tx=0 comp rx=0 tx=0).prepare_send_message m=config(1 keys)
2026-02-12T20:53:16.481+0000 7fbd9c7f9640 20 --2- v2:127.0.0.1:7146/0 >> 127.0.0.1:0/1563170649 conn(0x47cfc00 0x4788b00 crc :-1 s=READY pgs=1 gs=20 cs=0 l=1 c_cookie=0 s_cookie=0 reconnecting=0 rev1=1 crypto rx=0 tx=0 comp rx=0 tx=0).prepare_send_message encoding features 4544132024016699391 0x46ed500 config(1 keys)
2026-02-12T20:53:16.481+0000 7fbd9c7f9640 2 --2- v2:127.0.0.1:7146/0 >> 127.0.0.1:0/1563170649 conn(0x47cfc00 0x4788b00 crc :-1 s=READY pgs=1 gs=20 cs=0 l=1 c_cookie=0 s_cookie=0 reconnecting=0 rev1=1 crypto rx=0 tx=0 comp rx=0 tx=0).write_message sending message m=0x46ed500 seq=2 config(1 keys)
2026-02-12T20:53:16.481+0000 7fbd9c7f9640 20 --2- v2:127.0.0.1:7146/0 >> 127.0.0.1:0/1563170649 conn(0x47cfc00 0x4788b00 crc :-1 s=READY pgs=1 gs=20 cs=0 l=1 c_cookie=0 s_cookie=0 reconnecting=0 rev1=1 crypto rx=0 tx=0 comp rx=0 tx=0).write_message sending m=0x46ed500 seq=2 src=mon.0 off=0
2026-02-12T20:53:16.481+0000 7fbd9c7f9640 10 -- v2:127.0.0.1:7146/0 >> 127.0.0.1:0/1563170649 conn(0x47cfc00 msgr2=0x4788b00 crc :-1 s=STATE_CONNECTION_ESTABLISHED l=1)._try_send sent bytes 115 remaining bytes 0
2026-02-12T20:53:16.481+0000 7fbd9c7f9640 10 --2- v2:127.0.0.1:7146/0 >> 127.0.0.1:0/1563170649 conn(0x47cfc00 0x4788b00 crc :-1 s=READY pgs=1 gs=20 cs=0 l=1 c_cookie=0 s_cookie=0 reconnecting=0 rev1=1 crypto rx=0 tx=0 comp rx=0 tx=0).write_message sending 0x46ed500 done.
2026-02-12T20:53:16.481+0000 7fbd9c7f9640 20 --2- v2:127.0.0.1:7146/0 >> 127.0.0.1:0/1563170649 conn(0x47cfc00 0x4788b00 crc :-1 s=READY pgs=1 gs=20 cs=0 l=1 c_cookie=0 s_cookie=0 reconnecting=0 rev1=1 crypto rx=0 tx=0 comp rx=0 tx=0).prepare_send_message m=mon_map magic: 0
2026-02-12T20:53:16.481+0000 7fbd9c7f9640 20 --2- v2:127.0.0.1:7146/0 >> 127.0.0.1:0/1563170649 conn(0x47cfc00 0x4788b00 crc :-1 s=READY pgs=1 gs=20 cs=0 l=1 c_cookie=0 s_cookie=0 reconnecting=0 rev1=1 crypto rx=0 tx=0 comp rx=0 tx=0).prepare_send_message encoding features 4544132024016699391 0x35c5ce0 mon_map magic: 0
2026-02-12T20:53:16.481+0000 7fbd9c7f9640 2 --2- v2:127.0.0.1:7146/0 >> 127.0.0.1:0/1563170649 conn(0x47cfc00 0x4788b00 crc :-1 s=READY pgs=1 gs=20 cs=0 l=1 c_cookie=0 s_cookie=0 reconnecting=0 rev1=1 crypto rx=0 tx=0 comp rx=0 tx=0).write_message sending message m=0x35c5ce0 seq=3 mon_map magic: 0
2026-02-12T20:53:16.481+0000 7fbd9c7f9640 20 --2- v2:127.0.0.1:7146/0 >> 127.0.0.1:0/1563170649 conn(0x47cfc00 0x4788b00 crc :-1 s=READY pgs=1 gs=20 cs=0 l=1 c_cookie=0 s_cookie=0 reconnecting=0 rev1=1 crypto rx=0 tx=0 comp rx=0 tx=0).write_message sending m=0x35c5ce0 seq=3 src=mon.0 off=0
2026-02-12T20:53:16.481+0000 7fbd9c7f9640 10 -- v2:127.0.0.1:7146/0 >> 127.0.0.1:0/1563170649 conn(0x47cfc00 msgr2=0x4788b00 crc :-1 s=STATE_CONNECTION_ESTABLISHED l=1)._try_send sent bytes 268 remaining bytes 0
2026-02-12T20:53:16.481+0000 7fbd9c7f9640 10 --2- v2:127.0.0.1:7146/0 >> 127.0.0.1:0/1563170649 conn(0x47cfc00 0x4788b00 crc :-1 s=READY pgs=1 gs=20 cs=0 l=1 c_cookie=0 s_cookie=0 reconnecting=0 rev1=1 crypto rx=0 tx=0 comp rx=0 tx=0).write_message sending 0x35c5ce0 done.
2026-02-12T20:53:16.481+0000 7fbd9c7f9640 20 -- v2:127.0.0.1:7146/0 >> 127.0.0.1:0/1563170649 conn(0x47cfc00 msgr2=0x4788b00 crc :-1 s=STATE_CONNECTION_ESTABLISHED l=1).process
2026-02-12T20:53:16.481+0000 7fbd9c7f9640 20 -- v2:127.0.0.1:7146/0 >> 127.0.0.1:0/1563170649 conn(0x47cfc00 msgr2=0x4788b00 crc :-1 s=STATE_CONNECTION_ESTABLISHED l=1).read continue len=32
2026-02-12T20:53:16.481+0000 7fbd9c7f9640 20 --2- v2:127.0.0.1:7146/0 >> 127.0.0.1:0/1563170649 conn(0x47cfc00 0x4788b00 crc :-1 s=READY pgs=1 gs=20 cs=0 l=1 c_cookie=0 s_cookie=0 reconnecting=0 rev1=1 crypto rx=0 tx=0 comp rx=0 tx=0).handle_read_frame_preamble_main r=0
2026-02-12T20:53:16.481+0000 7fbd9c7f9640 20 --2- v2:127.0.0.1:7146/0 >> 127.0.0.1:0/1563170649 conn(0x47cfc00 0x4788b00 crc :-1 s=THROTTLE_MESSAGE pgs=1 gs=20 cs=0 l=1 c_cookie=0 s_cookie=0 reconnecting=0 rev1=1 crypto rx=0 tx=0 comp rx=0 tx=0).throttle_message
2026-02-12T20:53:16.481+0000 7fbd9c7f9640 20 --2- v2:127.0.0.1:7146/0 >> 127.0.0.1:0/1563170649 conn(0x47cfc00 0x4788b00 crc :-1 s=THROTTLE_BYTES pgs=1 gs=20 cs=0 l=1 c_cookie=0 s_cookie=0 reconnecting=0 rev1=1 crypto rx=0 tx=0 comp rx=0 tx=0).throttle_bytes
2026-02-12T20:53:16.481+0000 7fbd9c7f9640 10 --2- v2:127.0.0.1:7146/0 >> 127.0.0.1:0/1563170649 conn(0x47cfc00 0x4788b00 crc :-1 s=THROTTLE_BYTES pgs=1 gs=20 cs=0 l=1 c_cookie=0 s_cookie=0 reconnecting=0 rev1=1 crypto rx=0 tx=0 comp rx=0 tx=0).throttle_bytes wants 35 bytes from policy throttler 286/104857600
2026-02-12T20:53:16.481+0000 7fbd9c7f9640 20 --2- v2:127.0.0.1:7146/0 >> 127.0.0.1:0/1563170649 conn(0x47cfc00 0x4788b00 crc :-1 s=THROTTLE_DISPATCH_QUEUE pgs=1 gs=20 cs=0 l=1 c_cookie=0 s_cookie=0 reconnecting=0 rev1=1 crypto rx=0 tx=0 comp rx=0 tx=0).throttle_dispatch_queue
2026-02-12T20:53:16.481+0000 7fbd9c7f9640 20 --2- v2:127.0.0.1:7146/0 >> 127.0.0.1:0/1563170649 conn(0x47cfc00 0x4788b00 crc :-1 s=THROTTLE_DONE pgs=1 gs=20 cs=0 l=1 c_cookie=0 s_cookie=0 reconnecting=0 rev1=1 crypto rx=0 tx=0 comp rx=0 tx=0).read_frame_segment seg_idx=0
2026-02-12T20:53:16.481+0000 7fbd9c7f9640 20 -- v2:127.0.0.1:7146/0 >> 127.0.0.1:0/1563170649 conn(0x47cfc00 msgr2=0x4788b00 crc :-1 s=STATE_CONNECTION_ESTABLISHED l=1).read start len=45
2026-02-12T20:53:16.481+0000 7fbd9c7f9640 20 --2- v2:127.0.0.1:7146/0 >> 127.0.0.1:0/1563170649 conn(0x47cfc00 0x4788b00 crc :-1 s=THROTTLE_DONE pgs=1 gs=20 cs=0 l=1 c_cookie=0 s_cookie=0 reconnecting=0 rev1=1 crypto rx=0 tx=0 comp rx=0 tx=0).handle_read_frame_segment r=0
2026-02-12T20:53:16.481+0000 7fbd9c7f9640 20 --2- v2:127.0.0.1:7146/0 >> 127.0.0.1:0/1563170649 conn(0x47cfc00 0x4788b00 crc :-1 s=THROTTLE_DONE pgs=1 gs=20 cs=0 l=1 c_cookie=0 s_cookie=0 reconnecting=0 rev1=1 crypto rx=0 tx=0 comp rx=0 tx=0).read_frame_segment seg_idx=1
2026-02-12T20:53:16.481+0000 7fbd9c7f9640 20 -- v2:127.0.0.1:7146/0 >> 127.0.0.1:0/1563170649 conn(0x47cfc00 msgr2=0x4788b00 crc :-1 s=STATE_CONNECTION_ESTABLISHED l=1).read start len=35
2026-02-12T20:53:16.481+0000 7fbd9c7f9640 20 --2- v2:127.0.0.1:7146/0 >> 127.0.0.1:0/1563170649 conn(0x47cfc00 0x4788b00 crc :-1 s=THROTTLE_DONE pgs=1 gs=20 cs=0 l=1 c_cookie=0 s_cookie=0 reconnecting=0 rev1=1 crypto rx=0 tx=0 comp rx=0 tx=0).handle_read_frame_segment r=0
2026-02-12T20:53:16.481+0000 7fbd9c7f9640 20 -- v2:127.0.0.1:7146/0 >> 127.0.0.1:0/1563170649 conn(0x47cfc00 msgr2=0x4788b00 crc :-1 s=STATE_CONNECTION_ESTABLISHED l=1).read start len=13
2026-02-12T20:53:16.481+0000 7fbd9c7f9640 20 --2- v2:127.0.0.1:7146/0 >> 127.0.0.1:0/1563170649 conn(0x47cfc00 0x4788b00 crc :-1 s=THROTTLE_DONE pgs=1 gs=20 cs=0 l=1 c_cookie=0 s_cookie=0 reconnecting=0 rev1=1 crypto rx=0 tx=0 comp rx=0 tx=0).handle_read_frame_epilogue_main r=0
2026-02-12T20:53:16.481+0000 7fbd9c7f9640 10 --2- v2:127.0.0.1:7146/0 >> 127.0.0.1:0/1563170649 conn(0x47cfc00 0x4788b00 crc :-1 s=THROTTLE_DONE pgs=1 gs=20 cs=0 l=1 c_cookie=0 s_cookie=0 reconnecting=0 rev1=1 crypto rx=0 tx=0 comp rx=0 tx=0).handle_read_frame_dispatch tag=17
2026-02-12T20:53:16.481+0000 7fbd9c7f9640 20 --2- v2:127.0.0.1:7146/0 >> 127.0.0.1:0/1563170649 conn(0x47cfc00 0x4788b00 crc :-1 s=THROTTLE_DONE pgs=1 gs=20 cs=0 l=1 c_cookie=0 s_cookie=0 reconnecting=0 rev1=1 crypto rx=0 tx=0 comp rx=0 tx=0).handle_message
2026-02-12T20:53:16.481+0000 7fbd9c7f9640 5 --2- v2:127.0.0.1:7146/0 >> 127.0.0.1:0/1563170649 conn(0x47cfc00 0x4788b00 crc :-1 s=THROTTLE_DONE pgs=1 gs=20 cs=0 l=1 c_cookie=0 s_cookie=0 reconnecting=0 rev1=1 crypto rx=0 tx=0 comp rx=0 tx=0).handle_message got 35 + 0 + 0 byte message. envelope type=15 src client.? off 0
2026-02-12T20:53:16.481+0000 7fbd9c7f9640 5 --2- v2:127.0.0.1:7146/0 >> 127.0.0.1:0/1563170649 conn(0x47cfc00 0x4788b00 crc :-1 s=READ_MESSAGE_COMPLETE pgs=1 gs=20 cs=0 l=1 c_cookie=0 s_cookie=0 reconnecting=0 rev1=1 crypto rx=0 tx=0 comp rx=0 tx=0).handle_message received message m=0x4b45a00 seq=3 from=client.? type=15 mon_subscribe({mgrmap=0+})
2026-02-12T20:53:16.481+0000 7fbd9c7f9640 20 -- v2:127.0.0.1:7146/0 queue 0x4b45a00 prio 127
2026-02-12T20:53:16.481+0000 7fbd9c7f9640 20 --2- v2:127.0.0.1:7146/0 >> 127.0.0.1:0/1563170649 conn(0x47cfc00 0x4788b00 crc :-1 s=READY pgs=1 gs=20 cs=0 l=1 c_cookie=0 s_cookie=0 reconnecting=0 rev1=1 crypto rx=0 tx=0 comp rx=0 tx=0).read_frame
2026-02-12T20:53:16.481+0000 7fbd9c7f9640 20 -- v2:127.0.0.1:7146/0 >> 127.0.0.1:0/1563170649 conn(0x47cfc00 msgr2=0x4788b00 crc :-1 s=STATE_CONNECTION_ESTABLISHED l=1).read start len=32
2026-02-12T20:53:16.481+0000 7fbd987f1640 1 -- v2:127.0.0.1:7146/0 <== client.? 127.0.0.1:0/1563170649 3 ==== mon_subscribe({mgrmap=0+}) ==== 35+0+0 (crc 0 0 0) 0x4b45a00 con 0x47cfc00
2026-02-12T20:53:16.481+0000 7fbd987f1640 20 mon.a@0(leader) e1 _ms_dispatch existing session 0x4773b00 for client.?
2026-02-12T20:53:16.481+0000 7fbd987f1640 20 mon.a@0(leader) e1 entity_name mgr.x global_id 4115 (none) caps allow *
2026-02-12T20:53:16.481+0000 7fbd987f1640 10 mon.a@0(leader) e1 handle_subscribe mon_subscribe({mgrmap=0+})
2026-02-12T20:53:16.481+0000 7fbd987f1640 20 MonCap is_capable service=mon command= read addr 127.0.0.1:0/1563170649 on cap allow *
2026-02-12T20:53:16.481+0000 7fbd987f1640 20 MonCap allow so far , doing grant allow *
2026-02-12T20:53:16.481+0000 7fbd987f1640 20 MonCap allow all
2026-02-12T20:53:16.481+0000 7fbd987f1640 20 mon.a@0(leader).mgr e2 Sending map to subscriber 0x47cfc00 127.0.0.1:0/1563170649
2026-02-12T20:53:16.481+0000 7fbd9c7f9640 20 -- v2:127.0.0.1:7146/0 >> 127.0.0.1:0/1563170649 conn(0x47cfc00 msgr2=0x4788b00 crc :-1 s=STATE_CONNECTION_ESTABLISHED l=1).process
2026-02-12T20:53:16.481+0000 7fbd9c7f9640 20 -- v2:127.0.0.1:7146/0 >> 127.0.0.1:0/1563170649 conn(0x47cfc00 msgr2=0x4788b00 crc :-1 s=STATE_CONNECTION_ESTABLISHED l=1).read continue len=32
2026-02-12T20:53:16.481+0000 7fbd9c7f9640 20 --2- v2:127.0.0.1:7146/0 >> 127.0.0.1:0/1563170649 conn(0x47cfc00 0x4788b00 crc :-1 s=READY pgs=1 gs=20 cs=0 l=1 c_cookie=0 s_cookie=0 reconnecting=0 rev1=1 crypto rx=0 tx=0 comp rx=0 tx=0).handle_read_frame_preamble_main r=0
2026-02-12T20:53:16.481+0000 7fbd9c7f9640 20 --2- v2:127.0.0.1:7146/0 >> 127.0.0.1:0/1563170649 conn(0x47cfc00 0x4788b00 crc :-1 s=THROTTLE_MESSAGE pgs=1 gs=20 cs=0 l=1 c_cookie=0 s_cookie=0 reconnecting=0 rev1=1 crypto rx=0 tx=0 comp rx=0 tx=0).throttle_message
2026-02-12T20:53:16.481+0000 7fbd9c7f9640 20 --2- v2:127.0.0.1:7146/0 >> 127.0.0.1:0/1563170649 conn(0x47cfc00 0x4788b00 crc :-1 s=THROTTLE_BYTES pgs=1 gs=20 cs=0 l=1 c_cookie=0 s_cookie=0 reconnecting=0 rev1=1 crypto rx=0 tx=0 comp rx=0 tx=0).throttle_bytes
2026-02-12T20:53:16.481+0000 7fbd9c7f9640 10 --2- v2:127.0.0.1:7146/0 >> 127.0.0.1:0/1563170649 conn(0x47cfc00 0x4788b00 crc :-1 s=THROTTLE_BYTES pgs=1 gs=20 cs=0 l=1 c_cookie=0 s_cookie=0 reconnecting=0 rev1=1 crypto rx=0 tx=0 comp rx=0 tx=0).throttle_bytes wants 35 bytes from policy throttler 321/104857600
2026-02-12T20:53:16.481+0000 7fbd9c7f9640 20 --2- v2:127.0.0.1:7146/0 >> 127.0.0.1:0/1563170649 conn(0x47cfc00 0x4788b00 crc :-1 s=THROTTLE_DISPATCH_QUEUE pgs=1 gs=20 cs=0 l=1 c_cookie=0 s_cookie=0 reconnecting=0 rev1=1 crypto rx=0 tx=0 comp rx=0 tx=0).throttle_dispatch_queue
2026-02-12T20:53:16.481+0000 7fbd9c7f9640 20 --2- v2:127.0.0.1:7146/0 >> 127.0.0.1:0/1563170649 conn(0x47cfc00 0x4788b00 crc :-1 s=THROTTLE_DONE pgs=1 gs=20 cs=0 l=1 c_cookie=0 s_cookie=0 reconnecting=0 rev1=1 crypto rx=0 tx=0 comp rx=0 tx=0).read_frame_segment seg_idx=0
2026-02-12T20:53:16.481+0000 7fbd9c7f9640 20 -- v2:127.0.0.1:7146/0 >> 127.0.0.1:0/1563170649 conn(0x47cfc00 msgr2=0x4788b00 crc :-1 s=STATE_CONNECTION_ESTABLISHED l=1).read start len=45
2026-02-12T20:53:16.481+0000 7fbd9c7f9640 20 --2- v2:127.0.0.1:7146/0 >> 127.0.0.1:0/1563170649 conn(0x47cfc00 0x4788b00 crc :-1 s=THROTTLE_DONE pgs=1 gs=20 cs=0 l=1 c_cookie=0 s_cookie=0 reconnecting=0 rev1=1 crypto rx=0 tx=0 comp rx=0 tx=0).handle_read_frame_segment r=0
2026-02-12T20:53:16.481+0000 7fbd9c7f9640 20 --2- v2:127.0.0.1:7146/0 >> 127.0.0.1:0/1563170649 conn(0x47cfc00 0x4788b00 crc :-1 s=THROTTLE_DONE pgs=1 gs=20 cs=0 l=1 c_cookie=0 s_cookie=0 reconnecting=0 rev1=1 crypto rx=0 tx=0 comp rx=0 tx=0).read_frame_segment seg_idx=1
2026-02-12T20:53:16.481+0000 7fbd9c7f9640 20 -- v2:127.0.0.1:7146/0 >> 127.0.0.1:0/1563170649 conn(0x47cfc00 msgr2=0x4788b00 crc :-1 s=STATE_CONNECTION_ESTABLISHED l=1).read start len=35
2026-02-12T20:53:16.481+0000 7fbd9c7f9640 20 --2- v2:127.0.0.1:7146/0 >> 127.0.0.1:0/1563170649 conn(0x47cfc00 0x4788b00 crc :-1 s=THROTTLE_DONE pgs=1 gs=20 cs=0 l=1 c_cookie=0 s_cookie=0 reconnecting=0 rev1=1 crypto rx=0 tx=0 comp rx=0 tx=0).handle_read_frame_segment r=0
2026-02-12T20:53:16.481+0000 7fbd9c7f9640 20 -- v2:127.0.0.1:7146/0 >> 127.0.0.1:0/1563170649 conn(0x47cfc00 msgr2=0x4788b00 crc :-1 s=STATE_CONNECTION_ESTABLISHED l=1).read start len=13
2026-02-12T20:53:16.481+0000 7fbd9c7f9640 20 --2- v2:127.0.0.1:7146/0 >> 127.0.0.1:0/1563170649 conn(0x47cfc00 0x4788b00 crc :-1 s=THROTTLE_DONE pgs=1 gs=20 cs=0 l=1 c_cookie=0 s_cookie=0 reconnecting=0 rev1=1 crypto rx=0 tx=0 comp rx=0 tx=0).handle_read_frame_epilogue_main r=0
2026-02-12T20:53:16.481+0000 7fbd9c7f9640 10 --2- v2:127.0.0.1:7146/0 >> 127.0.0.1:0/1563170649 conn(0x47cfc00 0x4788b00 crc :-1 s=THROTTLE_DONE pgs=1 gs=20 cs=0 l=1 c_cookie=0 s_cookie=0 reconnecting=0 rev1=1 crypto rx=0 tx=0 comp rx=0 tx=0).handle_read_frame_dispatch tag=17
2026-02-12T20:53:16.481+0000 7fbd9c7f9640 20 --2- v2:127.0.0.1:7146/0 >> 127.0.0.1:0/1563170649 conn(0x47cfc00 0x4788b00 crc :-1 s=THROTTLE_DONE pgs=1 gs=20 cs=0 l=1 c_cookie=0 s_cookie=0 reconnecting=0 rev1=1 crypto rx=0 tx=0 comp rx=0 tx=0).handle_message
2026-02-12T20:53:16.481+0000 7fbd9c7f9640 5 --2- v2:127.0.0.1:7146/0 >> 127.0.0.1:0/1563170649 conn(0x47cfc00 0x4788b00 crc :-1 s=THROTTLE_DONE pgs=1 gs=20 cs=0 l=1 c_cookie=0 s_cookie=0 reconnecting=0 rev1=1 crypto rx=0 tx=0 comp rx=0 tx=0).handle_message got 35 + 0 + 0 byte message. envelope type=15 src client.? off 0
2026-02-12T20:53:16.481+0000 7fbd9c7f9640 5 --2- v2:127.0.0.1:7146/0 >> 127.0.0.1:0/1563170649 conn(0x47cfc00 0x4788b00 crc :-1 s=READ_MESSAGE_COMPLETE pgs=1 gs=20 cs=0 l=1 c_cookie=0 s_cookie=0 reconnecting=0 rev1=1 crypto rx=0 tx=0 comp rx=0 tx=0).handle_message received message m=0x4b45ba0 seq=4 from=client.? type=15 mon_subscribe({osdmap=0})
2026-02-12T20:53:16.481+0000 7fbd9c7f9640 20 -- v2:127.0.0.1:7146/0 queue 0x4b45ba0 prio 127
2026-02-12T20:53:16.481+0000 7fbd9c7f9640 20 --2- v2:127.0.0.1:7146/0 >> 127.0.0.1:0/1563170649 conn(0x47cfc00 0x4788b00 crc :-1 s=READY pgs=1 gs=20 cs=0 l=1 c_cookie=0 s_cookie=0 reconnecting=0 rev1=1 crypto rx=0 tx=0 comp rx=0 tx=0).read_frame
2026-02-12T20:53:16.481+0000 7fbd9c7f9640 20 -- v2:127.0.0.1:7146/0 >> 127.0.0.1:0/1563170649 conn(0x47cfc00 msgr2=0x4788b00 crc :-1 s=STATE_CONNECTION_ESTABLISHED l=1).read start len=32
2026-02-12T20:53:16.481+0000 7fbd987f1640 1 -- v2:127.0.0.1:7146/0 --> 127.0.0.1:0/1563170649 -- mgrmap(e 2) -- 0x4675800 con 0x47cfc00
2026-02-12T20:53:16.481+0000 7fbd987f1640 5 --2- v2:127.0.0.1:7146/0 >> 127.0.0.1:0/1563170649 conn(0x47cfc00 0x4788b00 crc :-1 s=READY pgs=1 gs=20 cs=0 l=1 c_cookie=0 s_cookie=0 reconnecting=0 rev1=1 crypto rx=0 tx=0 comp rx=0 tx=0).send_message enqueueing message m=0x4675800 type=1796 mgrmap(e 2)
2026-02-12T20:53:16.481+0000 7fbd987f1640 15 --2- v2:127.0.0.1:7146/0 >> 127.0.0.1:0/1563170649 conn(0x47cfc00 0x4788b00 crc :-1 s=READY pgs=1 gs=20 cs=0 l=1 c_cookie=0 s_cookie=0 reconnecting=0 rev1=1 crypto rx=0 tx=0 comp rx=0 tx=0).send_message message queued for async transmission m=0x4675800
2026-02-12T20:53:16.481+0000 7fbd987f1640 20 Event(0x359abc8 nevent=5000 time_id=6).wakeup
2026-02-12T20:53:16.481+0000 7fbd987f1640 10 -- v2:127.0.0.1:7146/0 dispatch_throttle_release 35 to dispatch throttler 70/104857600
2026-02-12T20:53:16.481+0000 7fbd987f1640 20 -- v2:127.0.0.1:7146/0 done calling dispatch on 0x4b45a00
2026-02-12T20:53:16.481+0000 7fbd987f1640 1 -- v2:127.0.0.1:7146/0 <== client.? 127.0.0.1:0/1563170649 4 ==== mon_subscribe({osdmap=0}) ==== 35+0+0 (crc 0 0 0) 0x4b45ba0 con 0x47cfc00
2026-02-12T20:53:16.481+0000 7fbd987f1640 20 mon.a@0(leader) e1 _ms_dispatch existing session 0x4773b00 for client.?
2026-02-12T20:53:16.481+0000 7fbd9c7f9640 10 -- v2:127.0.0.1:7146/0 >> 127.0.0.1:0/1563170649 conn(0x47cfc00 msgr2=0x4788b00 crc :-1 s=STATE_CONNECTION_ESTABLISHED l=1).handle_write
2026-02-12T20:53:16.481+0000 7fbd987f1640 20 mon.a@0(leader) e1 entity_name mgr.x global_id 4115 (none) caps allow *
2026-02-12T20:53:16.481+0000 7fbd9c7f9640 10 --2- v2:127.0.0.1:7146/0 >> 127.0.0.1:0/1563170649 conn(0x47cfc00 0x4788b00 crc :-1 s=READY pgs=1 gs=20 cs=0 l=1 c_cookie=0 s_cookie=0 reconnecting=0 rev1=1 crypto rx=0 tx=0 comp rx=0 tx=0).write_event
2026-02-12T20:53:16.481+0000 7fbd987f1640 10 mon.a@0(leader) e1 handle_subscribe mon_subscribe({osdmap=0})
2026-02-12T20:53:16.481+0000 7fbd987f1640 20 MonCap is_capable service=mon command= read addr 127.0.0.1:0/1563170649 on cap allow *
2026-02-12T20:53:16.481+0000 7fbd987f1640 20 MonCap allow so far , doing grant allow *
2026-02-12T20:53:16.481+0000 7fbd987f1640 20 MonCap allow all
2026-02-12T20:53:16.481+0000 7fbd9c7f9640 20 --2- v2:127.0.0.1:7146/0 >> 127.0.0.1:0/1563170649 conn(0x47cfc00 0x4788b00 crc :-1 s=READY pgs=1 gs=20 cs=0 l=1 c_cookie=0 s_cookie=0 reconnecting=0 rev1=1 crypto rx=0 tx=0 comp rx=0 tx=0).prepare_send_message m=mgrmap(e 2)
2026-02-12T20:53:16.481+0000 7fbd987f1640 20 MonCap is_capable service=osd command= read addr 127.0.0.1:0/1563170649 on cap allow *
2026-02-12T20:53:16.481+0000 7fbd987f1640 20 MonCap allow so far , doing grant allow *
2026-02-12T20:53:16.481+0000 7fbd9c7f9640 20 --2- v2:127.0.0.1:7146/0 >> 127.0.0.1:0/1563170649 conn(0x47cfc00 0x4788b00 crc :-1 s=READY pgs=1 gs=20 cs=0 l=1 c_cookie=0 s_cookie=0 reconnecting=0 rev1=1 crypto rx=0 tx=0 comp rx=0 tx=0).prepare_send_message encoding features 4544132024016699391 0x4675800 mgrmap(e 2)
2026-02-12T20:53:16.481+0000 7fbd987f1640 20 MonCap allow all
2026-02-12T20:53:16.481+0000 7fbd987f1640 10 mon.a@0(leader).osd e3 check_osdmap_sub 0x4aabd40 next 0 (onetime)
2026-02-12T20:53:16.481+0000 7fbd987f1640 1 -- v2:127.0.0.1:7146/0 --> 127.0.0.1:0/1563170649 -- osd_map(3..3 src has 1..3) -- 0x4ab0a80 con 0x47cfc00
2026-02-12T20:53:16.481+0000 7fbd987f1640 5 --2- v2:127.0.0.1:7146/0 >> 127.0.0.1:0/1563170649 conn(0x47cfc00 0x4788b00 crc :-1 s=READY pgs=1 gs=20 cs=0 l=1 c_cookie=0 s_cookie=0 reconnecting=0 rev1=1 crypto rx=0 tx=0 comp rx=0 tx=0).send_message enqueueing message m=0x4ab0a80 type=41 osd_map(3..3 src has 1..3)
2026-02-12T20:53:16.481+0000 7fbd987f1640 15 --2- v2:127.0.0.1:7146/0 >> 127.0.0.1:0/1563170649 conn(0x47cfc00 0x4788b00 crc :-1 s=READY pgs=1 gs=20 cs=0 l=1 c_cookie=0 s_cookie=0 reconnecting=0 rev1=1 crypto rx=0 tx=0 comp rx=0 tx=0).send_message message queued for async transmission m=0x4ab0a80
2026-02-12T20:53:16.481+0000 7fbd987f1640 10 -- v2:127.0.0.1:7146/0 dispatch_throttle_release 35 to dispatch throttler 35/104857600
2026-02-12T20:53:16.481+0000 7fbd987f1640 20 -- v2:127.0.0.1:7146/0 done calling dispatch on 0x4b45ba0
2026-02-12T20:53:16.481+0000 7fbd9c7f9640 2 --2- v2:127.0.0.1:7146/0 >> 127.0.0.1:0/1563170649 conn(0x47cfc00 0x4788b00 crc :-1 s=READY pgs=1 gs=20 cs=0 l=1 c_cookie=0 s_cookie=0 reconnecting=0 rev1=1 crypto rx=0 tx=0 comp rx=0 tx=0).write_message sending message m=0x4675800 seq=4 mgrmap(e 2)
2026-02-12T20:53:16.481+0000 7fbd9c7f9640 20 --2- v2:127.0.0.1:7146/0 >> 127.0.0.1:0/1563170649 conn(0x47cfc00 0x4788b00 crc :-1 s=READY pgs=1 gs=20 cs=0 l=1 c_cookie=0 s_cookie=0 reconnecting=0 rev1=1 crypto rx=0 tx=0 comp rx=0 tx=0).write_message sending m=0x4675800 seq=4 src=mon.0 off=0
2026-02-12T20:53:16.481+0000 7fbd9c7f9640 10 -- v2:127.0.0.1:7146/0 >> 127.0.0.1:0/1563170649 conn(0x47cfc00 msgr2=0x4788b00 crc :-1 s=STATE_CONNECTION_ESTABLISHED l=1)._try_send sent bytes 53747 remaining bytes 0
2026-02-12T20:53:16.481+0000 7fbd9c7f9640 10 --2- v2:127.0.0.1:7146/0 >> 127.0.0.1:0/1563170649 conn(0x47cfc00 0x4788b00 crc :-1 s=READY pgs=1 gs=20 cs=0 l=1 c_cookie=0 s_cookie=0 reconnecting=0 rev1=1 crypto rx=0 tx=0 comp rx=0 tx=0).write_message sending 0x4675800 done.
2026-02-12T20:53:16.481+0000 7fbd9c7f9640 20 --2- v2:127.0.0.1:7146/0 >> 127.0.0.1:0/1563170649 conn(0x47cfc00 0x4788b00 crc :-1 s=READY pgs=1 gs=20 cs=0 l=1 c_cookie=0 s_cookie=0 reconnecting=0 rev1=1 crypto rx=0 tx=0 comp rx=0 tx=0).prepare_send_message m=osd_map(3..3 src has 1..3)
2026-02-12T20:53:16.481+0000 7fbd9c7f9640 20 --2- v2:127.0.0.1:7146/0 >> 127.0.0.1:0/1563170649 conn(0x47cfc00 0x4788b00 crc :-1 s=READY pgs=1 gs=20 cs=0 l=1 c_cookie=0 s_cookie=0 reconnecting=0 rev1=1 crypto rx=0 tx=0 comp rx=0 tx=0).prepare_send_message encoding features 4544132024016699391 0x4ab0a80 osd_map(3..3 src has 1..3)
2026-02-12T20:53:16.481+0000 7fbd9c7f9640 2 --2- v2:127.0.0.1:7146/0 >> 127.0.0.1:0/1563170649 conn(0x47cfc00 0x4788b00 crc :-1 s=READY pgs=1 gs=20 cs=0 l=1 c_cookie=0 s_cookie=0 reconnecting=0 rev1=1 crypto rx=0 tx=0 comp rx=0 tx=0).write_message sending message m=0x4ab0a80 seq=5 osd_map(3..3 src has 1..3)
2026-02-12T20:53:16.481+0000 7fbd9c7f9640 20 --2- v2:127.0.0.1:7146/0 >> 127.0.0.1:0/1563170649 conn(0x47cfc00 0x4788b00 crc :-1 s=READY pgs=1 gs=20 cs=0 l=1 c_cookie=0 s_cookie=0 reconnecting=0 rev1=1 crypto rx=0 tx=0 comp rx=0 tx=0).write_message sending m=0x4ab0a80 seq=5 src=mon.0 off=0
2026-02-12T20:53:16.481+0000 7fbd9c7f9640 10 -- v2:127.0.0.1:7146/0 >> 127.0.0.1:0/1563170649 conn(0x47cfc00 msgr2=0x4788b00 crc :-1 s=STATE_CONNECTION_ESTABLISHED l=1)._try_send sent bytes 985 remaining bytes 0
2026-02-12T20:53:16.481+0000 7fbd9c7f9640 10 --2- v2:127.0.0.1:7146/0 >> 127.0.0.1:0/1563170649 conn(0x47cfc00 0x4788b00 crc :-1 s=READY pgs=1 gs=20 cs=0 l=1 c_cookie=0 s_cookie=0 reconnecting=0 rev1=1 crypto rx=0 tx=0 comp rx=0 tx=0).write_message sending 0x4ab0a80 done.
2026-02-12T20:53:16.481+0000 7fbd9c7f9640 20 -- v2:127.0.0.1:7146/0 >> 127.0.0.1:0/1563170649 conn(0x47cfc00 msgr2=0x4788b00 crc :-1 s=STATE_CONNECTION_ESTABLISHED l=1).process
2026-02-12T20:53:16.481+0000 7fbd9c7f9640 20 -- v2:127.0.0.1:7146/0 >> 127.0.0.1:0/1563170649 conn(0x47cfc00 msgr2=0x4788b00 crc :-1 s=STATE_CONNECTION_ESTABLISHED l=1).read continue len=32
2026-02-12T20:53:16.481+0000 7fbd9c7f9640 20 --2- v2:127.0.0.1:7146/0 >> 127.0.0.1:0/1563170649 conn(0x47cfc00 0x4788b00 crc :-1 s=READY pgs=1 gs=20 cs=0 l=1 c_cookie=0 s_cookie=0 reconnecting=0 rev1=1 crypto rx=0 tx=0 comp rx=0 tx=0).handle_read_frame_preamble_main r=0
2026-02-12T20:53:16.481+0000 7fbd9c7f9640 20 --2- v2:127.0.0.1:7146/0 >> 127.0.0.1:0/1563170649 conn(0x47cfc00 0x4788b00 crc :-1 s=THROTTLE_MESSAGE pgs=1 gs=20 cs=0 l=1 c_cookie=0 s_cookie=0 reconnecting=0 rev1=1 crypto rx=0 tx=0 comp rx=0 tx=0).throttle_message
2026-02-12T20:53:16.481+0000 7fbd9c7f9640 20 --2- v2:127.0.0.1:7146/0 >> 127.0.0.1:0/1563170649 conn(0x47cfc00 0x4788b00 crc :-1 s=THROTTLE_BYTES pgs=1 gs=20 cs=0 l=1 c_cookie=0 s_cookie=0 reconnecting=0 rev1=1 crypto rx=0 tx=0 comp rx=0 tx=0).throttle_bytes
2026-02-12T20:53:16.481+0000 7fbd9c7f9640 10 --2- v2:127.0.0.1:7146/0 >> 127.0.0.1:0/1563170649 conn(0x47cfc00 0x4788b00 crc :-1 s=THROTTLE_BYTES pgs=1 gs=20 cs=0 l=1 c_cookie=0 s_cookie=0 reconnecting=0 rev1=1 crypto rx=0 tx=0 comp rx=0 tx=0).throttle_bytes wants 18 bytes from policy throttler 356/104857600
2026-02-12T20:53:16.481+0000 7fbd9c7f9640 20 --2- v2:127.0.0.1:7146/0 >> 127.0.0.1:0/1563170649 conn(0x47cfc00 0x4788b00 crc :-1 s=THROTTLE_DISPATCH_QUEUE pgs=1 gs=20 cs=0 l=1 c_cookie=0 s_cookie=0 reconnecting=0 rev1=1 crypto rx=0 tx=0 comp rx=0 tx=0).throttle_dispatch_queue
2026-02-12T20:53:16.481+0000 7fbd9c7f9640 20 --2- v2:127.0.0.1:7146/0 >> 127.0.0.1:0/1563170649 conn(0x47cfc00 0x4788b00 crc :-1 s=THROTTLE_DONE pgs=1 gs=20 cs=0 l=1 c_cookie=0 s_cookie=0 reconnecting=0 rev1=1 crypto rx=0 tx=0 comp rx=0 tx=0).read_frame_segment seg_idx=0
2026-02-12T20:53:16.481+0000 7fbd9c7f9640 20 -- v2:127.0.0.1:7146/0 >> 127.0.0.1:0/1563170649 conn(0x47cfc00 msgr2=0x4788b00 crc :-1 s=STATE_CONNECTION_ESTABLISHED l=1).read start len=45
2026-02-12T20:53:16.481+0000 7fbd9c7f9640 20 --2- v2:127.0.0.1:7146/0 >> 127.0.0.1:0/1563170649 conn(0x47cfc00 0x4788b00 crc :-1 s=THROTTLE_DONE pgs=1 gs=20 cs=0 l=1 c_cookie=0 s_cookie=0 reconnecting=0 rev1=1 crypto rx=0 tx=0 comp rx=0 tx=0).handle_read_frame_segment r=0
2026-02-12T20:53:16.481+0000 7fbd9c7f9640 20 --2- v2:127.0.0.1:7146/0 >> 127.0.0.1:0/1563170649 conn(0x47cfc00 0x4788b00 crc :-1 s=THROTTLE_DONE pgs=1 gs=20 cs=0 l=1 c_cookie=0 s_cookie=0 reconnecting=0 rev1=1 crypto rx=0 tx=0 comp rx=0 tx=0).read_frame_segment seg_idx=1
2026-02-12T20:53:16.481+0000 7fbd9c7f9640 20 -- v2:127.0.0.1:7146/0 >> 127.0.0.1:0/1563170649 conn(0x47cfc00 msgr2=0x4788b00 crc :-1 s=STATE_CONNECTION_ESTABLISHED l=1).read start len=18
2026-02-12T20:53:16.481+0000 7fbd9c7f9640 20 --2- v2:127.0.0.1:7146/0 >> 127.0.0.1:0/1563170649 conn(0x47cfc00 0x4788b00 crc :-1 s=THROTTLE_DONE pgs=1 gs=20 cs=0 l=1 c_cookie=0 s_cookie=0 reconnecting=0 rev1=1 crypto rx=0 tx=0 comp rx=0 tx=0).handle_read_frame_segment r=0
2026-02-12T20:53:16.481+0000 7fbd9c7f9640 20 -- v2:127.0.0.1:7146/0 >> 127.0.0.1:0/1563170649 conn(0x47cfc00 msgr2=0x4788b00 crc :-1 s=STATE_CONNECTION_ESTABLISHED l=1).read start len=13
2026-02-12T20:53:16.481+0000 7fbd9c7f9640 20 --2- v2:127.0.0.1:7146/0 >> 127.0.0.1:0/1563170649 conn(0x47cfc00 0x4788b00 crc :-1 s=THROTTLE_DONE pgs=1 gs=20 cs=0 l=1 c_cookie=0 s_cookie=0 reconnecting=0 rev1=1 crypto rx=0 tx=0 comp rx=0 tx=0).handle_read_frame_epilogue_main r=0
2026-02-12T20:53:16.481+0000 7fbd9c7f9640 10 --2- v2:127.0.0.1:7146/0 >> 127.0.0.1:0/1563170649 conn(0x47cfc00 0x4788b00 crc :-1 s=THROTTLE_DONE pgs=1 gs=20 cs=0 l=1 c_cookie=0 s_cookie=0 reconnecting=0 rev1=1 crypto rx=0 tx=0 comp rx=0 tx=0).handle_read_frame_dispatch tag=17
2026-02-12T20:53:16.481+0000 7fbd9c7f9640 20 --2- v2:127.0.0.1:7146/0 >> 127.0.0.1:0/1563170649 conn(0x47cfc00 0x4788b00 crc :-1 s=THROTTLE_DONE pgs=1 gs=20 cs=0 l=1 c_cookie=0 s_cookie=0 reconnecting=0 rev1=1 crypto rx=0 tx=0 comp rx=0 tx=0).handle_message
2026-02-12T20:53:16.481+0000 7fbd9c7f9640 5 --2- v2:127.0.0.1:7146/0 >> 127.0.0.1:0/1563170649 conn(0x47cfc00 0x4788b00 crc :-1 s=THROTTLE_DONE pgs=1 gs=20 cs=0 l=1 c_cookie=0 s_cookie=0 reconnecting=0 rev1=1 crypto rx=0 tx=0 comp rx=0 tx=0).handle_message got 18 + 0 + 0 byte message. envelope type=19 src client.? off 0
2026-02-12T20:53:16.481+0000 7fbd9c7f9640 5 --2- v2:127.0.0.1:7146/0 >> 127.0.0.1:0/1563170649 conn(0x47cfc00 0x4788b00 crc :-1 s=READ_MESSAGE_COMPLETE pgs=1 gs=20 cs=0 l=1 c_cookie=0 s_cookie=0 reconnecting=0 rev1=1 crypto rx=0 tx=0 comp rx=0 tx=0).handle_message received message m=0x35c5ce0 seq=5 from=client.? type=19 mon_get_version(what=osdmap handle=1)
2026-02-12T20:53:16.481+0000 7fbd9c7f9640 20 -- v2:127.0.0.1:7146/0 queue 0x35c5ce0 prio 127
2026-02-12T20:53:16.481+0000 7fbd9c7f9640 20 --2- v2:127.0.0.1:7146/0 >> 127.0.0.1:0/1563170649 conn(0x47cfc00 0x4788b00 crc :-1 s=READY pgs=1 gs=20 cs=0 l=1 c_cookie=0 s_cookie=0 reconnecting=0 rev1=1 crypto rx=0 tx=0 comp rx=0 tx=0).read_frame
2026-02-12T20:53:16.481+0000 7fbd9c7f9640 20 -- v2:127.0.0.1:7146/0 >> 127.0.0.1:0/1563170649 conn(0x47cfc00 msgr2=0x4788b00 crc :-1 s=STATE_CONNECTION_ESTABLISHED l=1).read start len=32
2026-02-12T20:53:16.481+0000 7fbd987f1640 1 -- v2:127.0.0.1:7146/0 <== client.? 127.0.0.1:0/1563170649 5 ==== mon_get_version(what=osdmap handle=1) ==== 18+0+0 (crc 0 0 0) 0x35c5ce0 con 0x47cfc00
2026-02-12T20:53:16.481+0000 7fbd987f1640 20 mon.a@0(leader) e1 _ms_dispatch existing session 0x4773b00 for client.?
2026-02-12T20:53:16.481+0000 7fbd987f1640 20 mon.a@0(leader) e1 entity_name mgr.x global_id 4115 (none) caps allow *
2026-02-12T20:53:16.481+0000 7fbd987f1640 20 MonCap is_capable service=mon command= read addr 127.0.0.1:0/1563170649 on cap allow *
2026-02-12T20:53:16.481+0000 7fbd987f1640 20 MonCap allow so far , doing grant allow *
2026-02-12T20:53:16.481+0000 7fbd987f1640 20 MonCap allow all
2026-02-12T20:53:16.481+0000 7fbd987f1640 10 mon.a@0(leader) e1 handle_get_version mon_get_version(what=osdmap handle=1)
2026-02-12T20:53:16.481+0000 7fbd987f1640 5 mon.a@0(leader).paxos(paxos active c 1..16) is_readable = 1 - now=2026-02-12T20:53:16.482476+0000 lease_expire=1970-01-01T00:00:00.000000+0000 has v0 lc 16
2026-02-12T20:53:16.481+0000 7fbd987f1640 1 -- v2:127.0.0.1:7146/0 --> 127.0.0.1:0/1563170649 -- mon_get_version_reply(handle=1 version=3) -- 0x35c5e40 con 0x47cfc00
2026-02-12T20:53:16.481+0000 7fbd987f1640 5 --2- v2:127.0.0.1:7146/0 >> 127.0.0.1:0/1563170649 conn(0x47cfc00 0x4788b00 crc :-1 s=READY pgs=1 gs=20 cs=0 l=1 c_cookie=0 s_cookie=0 reconnecting=0 rev1=1 crypto rx=0 tx=0 comp rx=0 tx=0).send_message enqueueing message m=0x35c5e40 type=20 mon_get_version_reply(handle=1 version=3)
2026-02-12T20:53:16.481+0000 7fbd987f1640 15 --2- v2:127.0.0.1:7146/0 >> 127.0.0.1:0/1563170649 conn(0x47cfc00 0x4788b00 crc :-1 s=READY pgs=1 gs=20 cs=0 l=1 c_cookie=0 s_cookie=0 reconnecting=0 rev1=1 crypto rx=0 tx=0 comp rx=0 tx=0).send_message message queued for async transmission m=0x35c5e40
2026-02-12T20:53:16.481+0000 7fbd987f1640 20 Event(0x359abc8 nevent=5000 time_id=6).wakeup
2026-02-12T20:53:16.481+0000 7fbd987f1640 10 -- v2:127.0.0.1:7146/0 dispatch_throttle_release 18 to dispatch throttler 18/104857600
2026-02-12T20:53:16.481+0000 7fbd987f1640 20 -- v2:127.0.0.1:7146/0 done calling dispatch on 0x35c5ce0
2026-02-12T20:53:16.481+0000 7fbd9c7f9640 10 -- v2:127.0.0.1:7146/0 >> 127.0.0.1:0/1563170649 conn(0x47cfc00 msgr2=0x4788b00 crc :-1 s=STATE_CONNECTION_ESTABLISHED l=1).handle_write
2026-02-12T20:53:16.481+0000 7fbd9c7f9640 10 --2- v2:127.0.0.1:7146/0 >> 127.0.0.1:0/1563170649 conn(0x47cfc00 0x4788b00 crc :-1 s=READY pgs=1 gs=20 cs=0 l=1 c_cookie=0 s_cookie=0 reconnecting=0 rev1=1 crypto rx=0 tx=0 comp rx=0 tx=0).write_event
2026-02-12T20:53:16.481+0000 7fbd9c7f9640 20 --2- v2:127.0.0.1:7146/0 >> 127.0.0.1:0/1563170649 conn(0x47cfc00 0x4788b00 crc :-1 s=READY pgs=1 gs=20 cs=0 l=1 c_cookie=0 s_cookie=0 reconnecting=0 rev1=1 crypto rx=0 tx=0 comp rx=0 tx=0).prepare_send_message m=mon_get_version_reply(handle=1 version=3)
2026-02-12T20:53:16.481+0000 7fbd9c7f9640 20 --2- v2:127.0.0.1:7146/0 >> 127.0.0.1:0/1563170649 conn(0x47cfc00 0x4788b00 crc :-1 s=READY pgs=1 gs=20 cs=0 l=1 c_cookie=0 s_cookie=0 reconnecting=0 rev1=1 crypto rx=0 tx=0 comp rx=0 tx=0).prepare_send_message encoding features 4544132024016699391 0x35c5e40 mon_get_version_reply(handle=1 version=3)
2026-02-12T20:53:16.481+0000 7fbd9c7f9640 2 --2- v2:127.0.0.1:7146/0 >> 127.0.0.1:0/1563170649 conn(0x47cfc00 0x4788b00 crc :-1 s=READY pgs=1 gs=20 cs=0 l=1 c_cookie=0 s_cookie=0 reconnecting=0 rev1=1 crypto rx=0 tx=0 comp rx=0 tx=0).write_message sending message m=0x35c5e40 seq=6 mon_get_version_reply(handle=1 version=3)
2026-02-12T20:53:16.481+0000 7fbd9c7f9640 20 --2- v2:127.0.0.1:7146/0 >> 127.0.0.1:0/1563170649 conn(0x47cfc00 0x4788b00 crc :-1 s=READY pgs=1 gs=20 cs=0 l=1 c_cookie=0 s_cookie=0 reconnecting=0 rev1=1 crypto rx=0 tx=0 comp rx=0 tx=0).write_message sending m=0x35c5e40 seq=6 src=mon.0 off=0
2026-02-12T20:53:16.481+0000 7fbd9c7f9640 10 -- v2:127.0.0.1:7146/0 >> 127.0.0.1:0/1563170649 conn(0x47cfc00 msgr2=0x4788b00 crc :-1 s=STATE_CONNECTION_ESTABLISHED l=1)._try_send sent bytes 114 remaining bytes 0
2026-02-12T20:53:16.481+0000 7fbd9c7f9640 10 --2- v2:127.0.0.1:7146/0 >> 127.0.0.1:0/1563170649 conn(0x47cfc00 0x4788b00 crc :-1 s=READY pgs=1 gs=20 cs=0 l=1 c_cookie=0 s_cookie=0 reconnecting=0 rev1=1 crypto rx=0 tx=0 comp rx=0 tx=0).write_message sending 0x35c5e40 done.
2026-02-12T20:53:16.481+0000 7fbd9c7f9640 20 -- v2:127.0.0.1:7146/0 >> 127.0.0.1:0/2896855362 conn(0x47ce800 msgr2=0x36b6680 crc :-1 s=STATE_CONNECTION_ESTABLISHED l=1).process
2026-02-12T20:53:16.481+0000 7fbd9c7f9640 20 -- v2:127.0.0.1:7146/0 >> 127.0.0.1:0/2896855362 conn(0x47ce800 msgr2=0x36b6680 crc :-1 s=STATE_CONNECTION_ESTABLISHED l=1).read continue len=32
2026-02-12T20:53:16.481+0000 7fbd9c7f9640 20 --2- v2:127.0.0.1:7146/0 >> 127.0.0.1:0/2896855362 conn(0x47ce800 0x36b6680 crc :-1 s=READY pgs=2 gs=16 cs=0 l=1 c_cookie=8754404152100720556 s_cookie=0 reconnecting=0 rev1=1 crypto rx=0 tx=0 comp rx=0 tx=0).handle_read_frame_preamble_main r=0
2026-02-12T20:53:16.481+0000 7fbd9c7f9640 20 --2- v2:127.0.0.1:7146/0 >> 127.0.0.1:0/2896855362 conn(0x47ce800 0x36b6680 crc :-1 s=THROTTLE_MESSAGE pgs=2 gs=16 cs=0 l=1 c_cookie=8754404152100720556 s_cookie=0 reconnecting=0 rev1=1 crypto rx=0 tx=0 comp rx=0 tx=0).throttle_message
2026-02-12T20:53:16.481+0000 7fbd9c7f9640 20 --2- v2:127.0.0.1:7146/0 >> 127.0.0.1:0/2896855362 conn(0x47ce800 0x36b6680 crc :-1 s=THROTTLE_BYTES pgs=2 gs=16 cs=0 l=1 c_cookie=8754404152100720556 s_cookie=0 reconnecting=0 rev1=1 crypto rx=0 tx=0 comp rx=0 tx=0).throttle_bytes
2026-02-12T20:53:16.481+0000 7fbd9c7f9640 20 --2- v2:127.0.0.1:7146/0 >> 127.0.0.1:0/2896855362 conn(0x47ce800 0x36b6680 crc :-1 s=THROTTLE_DISPATCH_QUEUE pgs=2 gs=16 cs=0 l=1 c_cookie=8754404152100720556 s_cookie=0 reconnecting=0 rev1=1 crypto rx=0 tx=0 comp rx=0 tx=0).throttle_dispatch_queue
2026-02-12T20:53:16.481+0000 7fbd9c7f9640 20 --2- v2:127.0.0.1:7146/0 >> 127.0.0.1:0/2896855362 conn(0x47ce800 0x36b6680 crc :-1 s=THROTTLE_DONE pgs=2 gs=16 cs=0 l=1 c_cookie=8754404152100720556 s_cookie=0 reconnecting=0 rev1=1 crypto rx=0 tx=0 comp rx=0 tx=0).read_frame_segment seg_idx=0
2026-02-12T20:53:16.481+0000 7fbd9c7f9640 20 -- v2:127.0.0.1:7146/0 >> 127.0.0.1:0/2896855362 conn(0x47ce800 msgr2=0x36b6680 crc :-1 s=STATE_CONNECTION_ESTABLISHED l=1).read start len=45
2026-02-12T20:53:16.481+0000 7fbd9c7f9640 20 --2- v2:127.0.0.1:7146/0 >> 127.0.0.1:0/2896855362 conn(0x47ce800 0x36b6680 crc :-1 s=THROTTLE_DONE pgs=2 gs=16 cs=0 l=1 c_cookie=8754404152100720556 s_cookie=0 reconnecting=0 rev1=1 crypto rx=0 tx=0 comp rx=0 tx=0).handle_read_frame_segment r=0
2026-02-12T20:53:16.481+0000 7fbd9c7f9640 20 --2- v2:127.0.0.1:7146/0 >> 127.0.0.1:0/2896855362 conn(0x47ce800 0x36b6680 crc :-1 s=THROTTLE_DONE pgs=2 gs=16 cs=0 l=1 c_cookie=8754404152100720556 s_cookie=0 reconnecting=0 rev1=1 crypto rx=0 tx=0 comp rx=0 tx=0).read_frame_segment seg_idx=1
2026-02-12T20:53:16.481+0000 7fbd9c7f9640 20 -- v2:127.0.0.1:7146/0 >> 127.0.0.1:0/2896855362 conn(0x47ce800 msgr2=0x36b6680 crc :-1 s=STATE_CONNECTION_ESTABLISHED l=1).read start len=128
2026-02-12T20:53:16.481+0000 7fbd9c7f9640 20 --2- v2:127.0.0.1:7146/0 >> 127.0.0.1:0/2896855362 conn(0x47ce800 0x36b6680 crc :-1 s=THROTTLE_DONE pgs=2 gs=16 cs=0 l=1 c_cookie=8754404152100720556 s_cookie=0 reconnecting=0 rev1=1 crypto rx=0 tx=0 comp rx=0 tx=0).handle_read_frame_segment r=0
2026-02-12T20:53:16.481+0000 7fbd9c7f9640 20 -- v2:127.0.0.1:7146/0 >> 127.0.0.1:0/2896855362 conn(0x47ce800 msgr2=0x36b6680 crc :-1 s=STATE_CONNECTION_ESTABLISHED l=1).read start len=13
2026-02-12T20:53:16.481+0000 7fbd9c7f9640 20 --2- v2:127.0.0.1:7146/0 >> 127.0.0.1:0/2896855362 conn(0x47ce800 0x36b6680 crc :-1 s=THROTTLE_DONE pgs=2 gs=16 cs=0 l=1 c_cookie=8754404152100720556 s_cookie=0 reconnecting=0 rev1=1 crypto rx=0 tx=0 comp rx=0 tx=0).handle_read_frame_epilogue_main r=0
2026-02-12T20:53:16.481+0000 7fbd9c7f9640 10 --2- v2:127.0.0.1:7146/0 >> 127.0.0.1:0/2896855362 conn(0x47ce800 0x36b6680 crc :-1 s=THROTTLE_DONE pgs=2 gs=16 cs=0 l=1 c_cookie=8754404152100720556 s_cookie=0 reconnecting=0 rev1=1 crypto rx=0 tx=0 comp rx=0 tx=0).handle_read_frame_dispatch tag=17
2026-02-12T20:53:16.481+0000 7fbd9c7f9640 20 --2- v2:127.0.0.1:7146/0 >> 127.0.0.1:0/2896855362 conn(0x47ce800 0x36b6680 crc :-1 s=THROTTLE_DONE pgs=2 gs=16 cs=0 l=1 c_cookie=8754404152100720556 s_cookie=0 reconnecting=0 rev1=1 crypto rx=0 tx=0 comp rx=0 tx=0).handle_message
2026-02-12T20:53:16.481+0000 7fbd9c7f9640 5 --2- v2:127.0.0.1:7146/0 >> 127.0.0.1:0/2896855362 conn(0x47ce800 0x36b6680 crc :-1 s=THROTTLE_DONE pgs=2 gs=16 cs=0 l=1 c_cookie=8754404152100720556 s_cookie=0 reconnecting=0 rev1=1 crypto rx=0 tx=0 comp rx=0 tx=0).handle_message got 128 + 0 + 0 byte message. envelope type=50 src mgr.4100 off 0
2026-02-12T20:53:16.481+0000 7fbd9c7f9640 5 --2- v2:127.0.0.1:7146/0 >> 127.0.0.1:0/2896855362 conn(0x47ce800 0x36b6680 crc :-1 s=READ_MESSAGE_COMPLETE pgs=2 gs=16 cs=0 l=1 c_cookie=8754404152100720556 s_cookie=0 reconnecting=0 rev1=1 crypto rx=0 tx=0 comp rx=0 tx=0).handle_message received message m=0x3570c00 seq=11 from=mgr.4100 type=50 mon_command({"prefix":"config rm","who":"mgr","name":"mgr/rbd_support/x/mirror_snapshot_schedule"} v 0)
2026-02-12T20:53:16.481+0000 7fbd9c7f9640 20 -- v2:127.0.0.1:7146/0 queue 0x3570c00 prio 127
2026-02-12T20:53:16.481+0000 7fbd9c7f9640 20 --2- v2:127.0.0.1:7146/0 >> 127.0.0.1:0/2896855362 conn(0x47ce800 0x36b6680 crc :-1 s=READY pgs=2 gs=16 cs=0 l=1 c_cookie=8754404152100720556 s_cookie=0 reconnecting=0 rev1=1 crypto rx=0 tx=0 comp rx=0 tx=0).read_frame
2026-02-12T20:53:16.481+0000 7fbd9c7f9640 20 -- v2:127.0.0.1:7146/0 >> 127.0.0.1:0/2896855362 conn(0x47ce800 msgr2=0x36b6680 crc :-1 s=STATE_CONNECTION_ESTABLISHED l=1).read start len=32
