2026-02-17T21:02:40.977+0000 7f9be67fc640 1 -- 10.20.193.170:0/415706513 <== mon.0 v2:10.20.193.170:3300/0 7 ==== mon_command_ack([{"prefix": "status", "format": "json-pretty"}]=0 v0) ==== 79+0+1290 (secure 0 0 0) 0x7f9be8033200 con 0x7f9bf81090d0
2026-02-17T21:02:41.019 INFO:teuthology.orchestra.run.trial170.stdout:/usr/bin/ceph: stderr
2026-02-17T21:02:40.978+0000 7f9bff7ed640 10 mgrc shutdown
2026-02-17T21:02:41.019 INFO:teuthology.orchestra.run.trial170.stdout:/usr/bin/ceph: stderr
2026-02-17T21:02:40.978+0000 7f9bff7ed640 1 -- 10.20.193.170:0/415706513 >> [v2:10.20.193.170:6800/2523658928,v1:10.20.193.170:6801/2523658928] conn(0x7f9bd403dcc0 msgr2=0x7f9bd4040180 secure :-1 s=STATE_CONNECTION_ESTABLISHED l=1).mark_down
2026-02-17T21:02:41.019 INFO:teuthology.orchestra.run.trial170.stdout:/usr/bin/ceph: stderr
2026-02-17T21:02:40.978+0000 7f9bff7ed640 1 --2- 10.20.193.170:0/415706513 >> [v2:10.20.193.170:6800/2523658928,v1:10.20.193.170:6801/2523658928] conn(0x7f9bd403dcc0 0x7f9bd4040180 secure :-1 s=READY pgs=6 cs=0 l=1 rev1=1 crypto rx=0x7f9bec0099c0 tx=0x7f9bec006eb0 comp rx=0 tx=0).stop
2026-02-17T21:02:41.019 INFO:teuthology.orchestra.run.trial170.stdout:/usr/bin/ceph: stderr
2026-02-17T21:02:40.978+0000 7f9bff7ed640 1 -- 10.20.193.170:0/415706513 >> [v2:10.20.193.170:3300/0,v1:10.20.193.170:6789/0] conn(0x7f9bf81090d0 msgr2=0x7f9bf819ee10 secure :-1 s=STATE_CONNECTION_ESTABLISHED l=1).mark_down
2026-02-17T21:02:41.019 INFO:teuthology.orchestra.run.trial170.stdout:/usr/bin/ceph: stderr
2026-02-17T21:02:40.978+0000 7f9bff7ed640 1 --2- 10.20.193.170:0/415706513 >> [v2:10.20.193.170:3300/0,v1:10.20.193.170:6789/0] conn(0x7f9bf81090d0 0x7f9bf819ee10 secure :-1 s=READY pgs=17 cs=0 l=1 rev1=1 crypto rx=0x7f9be802f4a0 tx=0x7f9be8035f80 comp rx=0 tx=0).stop
2026-02-17T21:02:41.019 INFO:teuthology.orchestra.run.trial170.stdout:/usr/bin/ceph: stderr
2026-02-17T21:02:40.978+0000 7f9bff7ed640 1 -- 10.20.193.170:0/415706513 shutdown_connections
2026-02-17T21:02:41.019 INFO:teuthology.orchestra.run.trial170.stdout:/usr/bin/ceph: stderr
2026-02-17T21:02:40.978+0000 7f9bff7ed640 1 --2- 10.20.193.170:0/415706513 >> [v2:10.20.193.170:6800/2523658928,v1:10.20.193.170:6801/2523658928] conn(0x7f9bd403dcc0 0x7f9bd4040180 unknown :-1 s=CLOSED pgs=6 cs=0 l=1 rev1=1 crypto rx=0 tx=0 comp rx=0 tx=0).stop
2026-02-17T21:02:41.019 INFO:teuthology.orchestra.run.trial170.stdout:/usr/bin/ceph: stderr
2026-02-17T21:02:40.978+0000 7f9bff7ed640 1 --2- 10.20.193.170:0/415706513 >> [v2:10.20.193.170:3300/0,v1:10.20.193.170:6789/0] conn(0x7f9bf81090d0 0x7f9bf819ee10 unknown :-1 s=CLOSED pgs=17 cs=0 l=1 rev1=1 crypto rx=0 tx=0 comp rx=0 tx=0).stop
2026-02-17T21:02:41.019 INFO:teuthology.orchestra.run.trial170.stdout:/usr/bin/ceph: stderr
2026-02-17T21:02:40.978+0000 7f9bff7ed640 1 -- 10.20.193.170:0/415706513 >> 10.20.193.170:0/415706513 conn(0x7f9bf807c550 msgr2=0x7f9bf81065f0 unknown :-1 s=STATE_NONE l=0).mark_down
2026-02-17T21:02:41.019 INFO:teuthology.orchestra.run.trial170.stdout:/usr/bin/ceph: stderr
2026-02-17T21:02:40.978+0000 7f9bff7ed640 1 -- 10.20.193.170:0/415706513 shutdown_connections
2026-02-17T21:02:41.019 INFO:teuthology.orchestra.run.trial170.stdout:/usr/bin/ceph: stderr
2026-02-17T21:02:40.978+0000 7f9bff7ed640 1 -- 10.20.193.170:0/415706513 wait complete.
2026-02-17T21:02:41.019 INFO:teuthology.orchestra.run.trial170.stdout:mgr is available
2026-02-17T21:02:41.207 INFO:teuthology.orchestra.run.trial170.stdout:/usr/bin/ceph: stdout
2026-02-17T21:02:41.207 INFO:teuthology.orchestra.run.trial170.stdout:/usr/bin/ceph: stdout [global]
2026-02-17T21:02:41.207 INFO:teuthology.orchestra.run.trial170.stdout:/usr/bin/ceph: stdout fsid = f30f33d1-0c43-11f1-8695-d404e6e7d460
2026-02-17T21:02:41.207 INFO:teuthology.orchestra.run.trial170.stdout:/usr/bin/ceph: stdout mon_cluster_log_file_level = debug
2026-02-17T21:02:41.207 INFO:teuthology.orchestra.run.trial170.stdout:/usr/bin/ceph: stdout mon_host = [v2:10.20.193.170:3300,v1:10.20.193.170:6789]
2026-02-17T21:02:41.207 INFO:teuthology.orchestra.run.trial170.stdout:/usr/bin/ceph: stdout mon_osd_allow_pg_remap = true
2026-02-17T21:02:41.207 INFO:teuthology.orchestra.run.trial170.stdout:/usr/bin/ceph: stdout mon_osd_allow_primary_affinity = true
2026-02-17T21:02:41.207 INFO:teuthology.orchestra.run.trial170.stdout:/usr/bin/ceph: stdout mon_warn_on_no_sortbitwise = false
2026-02-17T21:02:41.208 INFO:teuthology.orchestra.run.trial170.stdout:/usr/bin/ceph: stdout osd_crush_chooseleaf_type = 0
2026-02-17T21:02:41.208 INFO:teuthology.orchestra.run.trial170.stdout:/usr/bin/ceph: stdout
2026-02-17T21:02:41.208 INFO:teuthology.orchestra.run.trial170.stdout:/usr/bin/ceph: stdout [mgr]
2026-02-17T21:02:41.208 INFO:teuthology.orchestra.run.trial170.stdout:/usr/bin/ceph: stdout mgr/telemetry/nag = false
2026-02-17T21:02:41.208 INFO:teuthology.orchestra.run.trial170.stdout:/usr/bin/ceph: stdout
2026-02-17T21:02:41.208 INFO:teuthology.orchestra.run.trial170.stdout:/usr/bin/ceph: stdout [osd]
2026-02-17T21:02:41.208 INFO:teuthology.orchestra.run.trial170.stdout:/usr/bin/ceph: stdout mon_osd_backfillfull_ratio = 0.85
2026-02-17T21:02:41.208 INFO:teuthology.orchestra.run.trial170.stdout:/usr/bin/ceph: stdout mon_osd_full_ratio = 0.9
2026-02-17T21:02:41.208 INFO:teuthology.orchestra.run.trial170.stdout:/usr/bin/ceph: stdout mon_osd_nearfull_ratio = 0.8
2026-02-17T21:02:41.208 INFO:teuthology.orchestra.run.trial170.stdout:/usr/bin/ceph: stdout osd_map_max_advance = 10
2026-02-17T21:02:41.208 INFO:teuthology.orchestra.run.trial170.stdout:/usr/bin/ceph: stdout osd_sloppy_crc = true
2026-02-17T21:02:41.209 INFO:teuthology.orchestra.run.trial170.stdout:/usr/bin/ceph: stderr
2026-02-17T21:02:41.093+0000 7f458c092640 1 Processor -- start
2026-02-17T21:02:41.209 INFO:teuthology.orchestra.run.trial170.stdout:/usr/bin/ceph: stderr
2026-02-17T21:02:41.093+0000 7f458c092640 1 -- start start
2026-02-17T21:02:41.209 INFO:teuthology.orchestra.run.trial170.stdout:/usr/bin/ceph: stderr
2026-02-17T21:02:41.093+0000 7f458c092640 1 --2- >> [v2:10.20.193.170:3300/0,v1:10.20.193.170:6789/0] conn(0x7f45841090f0 0x7f45841094f0 unknown :-1 s=NONE pgs=0 cs=0 l=0 rev1=0 crypto rx=0 tx=0 comp rx=0 tx=0).connect
2026-02-17T21:02:41.209 INFO:teuthology.orchestra.run.trial170.stdout:/usr/bin/ceph: stderr
2026-02-17T21:02:41.093+0000 7f458c092640 1 -- --> [v2:10.20.193.170:3300/0,v1:10.20.193.170:6789/0] -- mon_getmap magic: 0 -- 0x7f4584109ac0 con 0x7f45841090f0
2026-02-17T21:02:41.209 INFO:teuthology.orchestra.run.trial170.stdout:/usr/bin/ceph: stderr
2026-02-17T21:02:41.093+0000 7f4589e07640 1 --2- >> [v2:10.20.193.170:3300/0,v1:10.20.193.170:6789/0] conn(0x7f45841090f0 0x7f45841094f0 unknown :-1 s=BANNER_CONNECTING pgs=0 cs=0 l=0 rev1=0 crypto rx=0 tx=0 comp rx=0 tx=0)._handle_peer_banner_payload supported=3 required=0
2026-02-17T21:02:41.209 INFO:teuthology.orchestra.run.trial170.stdout:/usr/bin/ceph: stderr
2026-02-17T21:02:41.093+0000 7f4589e07640 1 --2- >> [v2:10.20.193.170:3300/0,v1:10.20.193.170:6789/0] conn(0x7f45841090f0 0x7f45841094f0 unknown :-1 s=HELLO_CONNECTING pgs=0 cs=0 l=0 rev1=1 crypto rx=0 tx=0 comp rx=0 tx=0).handle_hello peer v2:10.20.193.170:3300/0 says I am v2:10.20.193.170:35984/0 (socket says 10.20.193.170:35984)
2026-02-17T21:02:41.209 INFO:teuthology.orchestra.run.trial170.stdout:/usr/bin/ceph: stderr
2026-02-17T21:02:41.093+0000 7f4589e07640 1 -- 10.20.193.170:0/4216080520 learned_addr learned my addr 10.20.193.170:0/4216080520 (peer_addr_for_me v2:10.20.193.170:0/0)
2026-02-17T21:02:41.209 INFO:teuthology.orchestra.run.trial170.stdout:/usr/bin/ceph: stderr
2026-02-17T21:02:41.093+0000 7f4589e07640 1 -- 10.20.193.170:0/4216080520 --> [v2:10.20.193.170:3300/0,v1:10.20.193.170:6789/0] -- mon_subscribe({config=0+,monmap=0+}) -- 0x7f458410a2f0 con 0x7f45841090f0
2026-02-17T21:02:41.209 INFO:teuthology.orchestra.run.trial170.stdout:/usr/bin/ceph: stderr
2026-02-17T21:02:41.094+0000 7f4589e07640 1 --2- 10.20.193.170:0/4216080520 >> [v2:10.20.193.170:3300/0,v1:10.20.193.170:6789/0] conn(0x7f45841090f0 0x7f45841094f0 secure :-1 s=READY pgs=18 cs=0 l=1 rev1=1 crypto rx=0x7f4574009920 tx=0x7f457402ef20 comp rx=0 tx=0).ready entity=mon.0 client_cookie=f48987c0103c4a78 server_cookie=0 in_seq=0 out_seq=0
2026-02-17T21:02:41.209 INFO:teuthology.orchestra.run.trial170.stdout:/usr/bin/ceph: stderr
2026-02-17T21:02:41.094+0000 7f4588e05640 1 -- 10.20.193.170:0/4216080520 <== mon.0 v2:10.20.193.170:3300/0 1 ==== mon_map magic: 0 ==== 205+0+0 (secure 0 0 0) 0x7f457403c070 con 0x7f45841090f0
2026-02-17T21:02:41.209 INFO:teuthology.orchestra.run.trial170.stdout:/usr/bin/ceph: stderr
2026-02-17T21:02:41.094+0000 7f4588e05640 1 -- 10.20.193.170:0/4216080520 <== mon.0 v2:10.20.193.170:3300/0 2 ==== config(24 keys) ==== 975+0+0 (secure 0 0 0) 0x7f4574037440 con 0x7f45841090f0
2026-02-17T21:02:41.209 INFO:teuthology.orchestra.run.trial170.stdout:/usr/bin/ceph: stderr
2026-02-17T21:02:41.094+0000 7f4588e05640 1 -- 10.20.193.170:0/4216080520 <== mon.0 v2:10.20.193.170:3300/0 3 ==== mon_map magic: 0 ==== 205+0+0 (secure 0 0 0) 0x7f4574035340 con 0x7f45841090f0
2026-02-17T21:02:41.210 INFO:teuthology.orchestra.run.trial170.stdout:/usr/bin/ceph: stderr
2026-02-17T21:02:41.094+0000 7f458c092640 1 -- 10.20.193.170:0/4216080520 >> [v2:10.20.193.170:3300/0,v1:10.20.193.170:6789/0] conn(0x7f45841090f0 msgr2=0x7f45841094f0 secure :-1 s=STATE_CONNECTION_ESTABLISHED l=1).mark_down
2026-02-17T21:02:41.210 INFO:teuthology.orchestra.run.trial170.stdout:/usr/bin/ceph: stderr
2026-02-17T21:02:41.094+0000 7f458c092640 1 --2- 10.20.193.170:0/4216080520 >> [v2:10.20.193.170:3300/0,v1:10.20.193.170:6789/0] conn(0x7f45841090f0 0x7f45841094f0 secure :-1 s=READY pgs=18 cs=0 l=1 rev1=1 crypto rx=0x7f4574009920 tx=0x7f457402ef20 comp rx=0 tx=0).stop
2026-02-17T21:02:41.210 INFO:teuthology.orchestra.run.trial170.stdout:/usr/bin/ceph: stderr
2026-02-17T21:02:41.094+0000 7f458c092640 1 -- 10.20.193.170:0/4216080520 shutdown_connections
2026-02-17T21:02:41.210 INFO:teuthology.orchestra.run.trial170.stdout:/usr/bin/ceph: stderr
2026-02-17T21:02:41.094+0000 7f458c092640 1 --2- 10.20.193.170:0/4216080520 >> [v2:10.20.193.170:3300/0,v1:10.20.193.170:6789/0] conn(0x7f45841090f0 0x7f45841094f0 unknown :-1 s=CLOSED pgs=18 cs=0 l=1 rev1=1 crypto rx=0 tx=0 comp rx=0 tx=0).stop
2026-02-17T21:02:41.210 INFO:teuthology.orchestra.run.trial170.stdout:/usr/bin/ceph: stderr
2026-02-17T21:02:41.094+0000 7f458c092640 1 -- 10.20.193.170:0/4216080520 >> 10.20.193.170:0/4216080520 conn(0x7f458407c610 msgr2=0x7f458407ca20 unknown :-1 s=STATE_NONE l=0).mark_down
2026-02-17T21:02:41.210 INFO:teuthology.orchestra.run.trial170.stdout:/usr/bin/ceph: stderr
2026-02-17T21:02:41.094+0000 7f458c092640 1 -- 10.20.193.170:0/4216080520 shutdown_connections
2026-02-17T21:02:41.210 INFO:teuthology.orchestra.run.trial170.stdout:/usr/bin/ceph: stderr
2026-02-17T21:02:41.094+0000 7f458c092640 1 -- 10.20.193.170:0/4216080520 wait complete.
2026-02-17T21:02:41.210 INFO:teuthology.orchestra.run.trial170.stdout:/usr/bin/ceph: stderr
2026-02-17T21:02:41.094+0000 7f458c092640 1 Processor -- start
2026-02-17T21:02:41.210 INFO:teuthology.orchestra.run.trial170.stdout:/usr/bin/ceph: stderr
2026-02-17T21:02:41.094+0000 7f458c092640 1 -- start start
2026-02-17T21:02:41.210 INFO:teuthology.orchestra.run.trial170.stdout:/usr/bin/ceph: stderr
2026-02-17T21:02:41.095+0000 7f458c092640 1 --2- >> [v2:10.20.193.170:3300/0,v1:10.20.193.170:6789/0] conn(0x7f45841090f0 0x7f458419ee60 unknown :-1 s=NONE pgs=0 cs=0 l=1 rev1=0 crypto rx=0 tx=0 comp rx=0 tx=0).connect
2026-02-17T21:02:41.210 INFO:teuthology.orchestra.run.trial170.stdout:/usr/bin/ceph: stderr
2026-02-17T21:02:41.095+0000 7f458c092640 1 -- --> [v2:10.20.193.170:3300/0,v1:10.20.193.170:6789/0] -- mon_getmap magic: 0 -- 0x7f458410d520 con 0x7f45841090f0
2026-02-17T21:02:41.210 INFO:teuthology.orchestra.run.trial170.stdout:/usr/bin/ceph: stderr
2026-02-17T21:02:41.095+0000 7f4589e07640 1 --2- >> [v2:10.20.193.170:3300/0,v1:10.20.193.170:6789/0] conn(0x7f45841090f0 0x7f458419ee60 unknown :-1 s=BANNER_CONNECTING pgs=0 cs=0 l=1 rev1=0 crypto rx=0 tx=0 comp rx=0 tx=0)._handle_peer_banner_payload supported=3 required=0
2026-02-17T21:02:41.211 INFO:teuthology.orchestra.run.trial170.stdout:/usr/bin/ceph: stderr
2026-02-17T21:02:41.095+0000 7f4589e07640 1 --2- >> [v2:10.20.193.170:3300/0,v1:10.20.193.170:6789/0] conn(0x7f45841090f0 0x7f458419ee60 unknown :-1 s=HELLO_CONNECTING pgs=0 cs=0 l=1 rev1=1 crypto rx=0 tx=0 comp rx=0 tx=0).handle_hello peer v2:10.20.193.170:3300/0 says I am v2:10.20.193.170:35988/0 (socket says 10.20.193.170:35988)
2026-02-17T21:02:41.211 INFO:teuthology.orchestra.run.trial170.stdout:/usr/bin/ceph: stderr
2026-02-17T21:02:41.095+0000 7f4589e07640 1 -- 10.20.193.170:0/2965080919 learned_addr learned my addr 10.20.193.170:0/2965080919 (peer_addr_for_me v2:10.20.193.170:0/0)
2026-02-17T21:02:41.211 INFO:teuthology.orchestra.run.trial170.stdout:/usr/bin/ceph: stderr
2026-02-17T21:02:41.095+0000 7f4589e07640 1 -- 10.20.193.170:0/2965080919 --> [v2:10.20.193.170:3300/0,v1:10.20.193.170:6789/0] -- mon_subscribe({config=0+,monmap=0+}) -- 0x7f458419f3a0 con 0x7f45841090f0
2026-02-17T21:02:41.211 INFO:teuthology.orchestra.run.trial170.stdout:/usr/bin/ceph: stderr
2026-02-17T21:02:41.095+0000 7f4589e07640 1 --2- 10.20.193.170:0/2965080919 >> [v2:10.20.193.170:3300/0,v1:10.20.193.170:6789/0] conn(0x7f45841090f0 0x7f458419ee60 secure :-1 s=READY pgs=19 cs=0 l=1 rev1=1 crypto rx=0x7f457402f4a0 tx=0x7f4574035f80 comp rx=0 tx=0).ready entity=mon.0 client_cookie=0 server_cookie=0 in_seq=0 out_seq=0
2026-02-17T21:02:41.211 INFO:teuthology.orchestra.run.trial170.stdout:/usr/bin/ceph: stderr
2026-02-17T21:02:41.095+0000 7f4572ffd640 1 -- 10.20.193.170:0/2965080919 <== mon.0 v2:10.20.193.170:3300/0 1 ==== mon_map magic: 0 ==== 205+0+0 (secure 0 0 0) 0x7f4574045070 con 0x7f45841090f0
2026-02-17T21:02:41.211 INFO:teuthology.orchestra.run.trial170.stdout:/usr/bin/ceph: stderr
2026-02-17T21:02:41.095+0000 7f4572ffd640 1 -- 10.20.193.170:0/2965080919 <== mon.0 v2:10.20.193.170:3300/0 2 ==== config(24 keys) ==== 975+0+0 (secure 0 0 0) 0x7f4574040450 con 0x7f45841090f0
2026-02-17T21:02:41.211 INFO:teuthology.orchestra.run.trial170.stdout:/usr/bin/ceph: stderr
2026-02-17T21:02:41.095+0000 7f458c092640 1 -- 10.20.193.170:0/2965080919 --> [v2:10.20.193.170:3300/0,v1:10.20.193.170:6789/0] -- mon_subscribe({mgrmap=0+}) -- 0x7f458419f630 con 0x7f45841090f0
2026-02-17T21:02:41.211 INFO:teuthology.orchestra.run.trial170.stdout:/usr/bin/ceph: stderr
2026-02-17T21:02:41.095+0000 7f4572ffd640 1 -- 10.20.193.170:0/2965080919 <== mon.0 v2:10.20.193.170:3300/0 3 ==== mon_map magic: 0 ==== 205+0+0 (secure 0 0 0) 0x7f457403c070 con 0x7f45841090f0
2026-02-17T21:02:41.211 INFO:teuthology.orchestra.run.trial170.stdout:/usr/bin/ceph: stderr
2026-02-17T21:02:41.095+0000 7f458c092640 1 -- 10.20.193.170:0/2965080919 --> [v2:10.20.193.170:3300/0,v1:10.20.193.170:6789/0] -- mon_subscribe({osdmap=0}) -- 0x7f45841a2320 con 0x7f45841090f0
2026-02-17T21:02:41.211 INFO:teuthology.orchestra.run.trial170.stdout:/usr/bin/ceph: stderr
2026-02-17T21:02:41.095+0000 7f458c092640 1 -- 10.20.193.170:0/2965080919 --> [v2:10.20.193.170:3300/0,v1:10.20.193.170:6789/0] -- mon_command({"prefix": "get_command_descriptions"} v 0) -- 0x7f4584109570 con 0x7f45841090f0
2026-02-17T21:02:41.211 INFO:teuthology.orchestra.run.trial170.stdout:/usr/bin/ceph: stderr
2026-02-17T21:02:41.095+0000 7f4572ffd640 1 -- 10.20.193.170:0/2965080919 <== mon.0 v2:10.20.193.170:3300/0 4 ==== mgrmap(e 4) ==== 50408+0+0 (secure 0 0 0) 0x7f45740493b0 con 0x7f45841090f0
2026-02-17T21:02:41.211 INFO:teuthology.orchestra.run.trial170.stdout:/usr/bin/ceph: stderr
2026-02-17T21:02:41.095+0000 7f4572ffd640 20 mgrc handle_mgr_map mgrmap(e 4)
2026-02-17T21:02:41.212 INFO:teuthology.orchestra.run.trial170.stdout:/usr/bin/ceph: stderr
2026-02-17T21:02:41.096+0000 7f4572ffd640 4 mgrc handle_mgr_map Got map version 4
2026-02-17T21:02:41.212 INFO:teuthology.orchestra.run.trial170.stdout:/usr/bin/ceph: stderr
2026-02-17T21:02:41.096+0000 7f4572ffd640 4 mgrc handle_mgr_map Active mgr is now [v2:10.20.193.170:6800/2523658928,v1:10.20.193.170:6801/2523658928]
2026-02-17T21:02:41.212 INFO:teuthology.orchestra.run.trial170.stdout:/usr/bin/ceph: stderr
2026-02-17T21:02:41.096+0000 7f4572ffd640 4 mgrc reconnect Starting new session with [v2:10.20.193.170:6800/2523658928,v1:10.20.193.170:6801/2523658928]
2026-02-17T21:02:41.212 INFO:teuthology.orchestra.run.trial170.stdout:/usr/bin/ceph: stderr
2026-02-17T21:02:41.096+0000 7f4572ffd640 1 --2- 10.20.193.170:0/2965080919 >> [v2:10.20.193.170:6800/2523658928,v1:10.20.193.170:6801/2523658928] conn(0x7f456003dde0 0x7f45600402a0 unknown :-1 s=NONE pgs=0 cs=0 l=1 rev1=0 crypto rx=0 tx=0 comp rx=0 tx=0).connect
2026-02-17T21:02:41.212 INFO:teuthology.orchestra.run.trial170.stdout:/usr/bin/ceph: stderr
2026-02-17T21:02:41.096+0000 7f4572ffd640 1 -- 10.20.193.170:0/2965080919 <== mon.0 v2:10.20.193.170:3300/0 5 ==== osd_map(1..1 src has 1..1) ==== 725+0+0 (secure 0 0 0) 0x7f45740768c0 con 0x7f45841090f0
2026-02-17T21:02:41.212 INFO:teuthology.orchestra.run.trial170.stdout:/usr/bin/ceph: stderr
2026-02-17T21:02:41.096+0000 7f4589606640 1 --2- 10.20.193.170:0/2965080919 >> [v2:10.20.193.170:6800/2523658928,v1:10.20.193.170:6801/2523658928] conn(0x7f456003dde0 0x7f45600402a0 unknown :-1 s=BANNER_CONNECTING pgs=0 cs=0 l=1 rev1=0 crypto rx=0 tx=0 comp rx=0 tx=0)._handle_peer_banner_payload supported=3 required=0
2026-02-17T21:02:41.212 INFO:teuthology.orchestra.run.trial170.stdout:/usr/bin/ceph: stderr
2026-02-17T21:02:41.096+0000 7f4589606640 1 --2- 10.20.193.170:0/2965080919 >> [v2:10.20.193.170:6800/2523658928,v1:10.20.193.170:6801/2523658928] conn(0x7f456003dde0 0x7f45600402a0 secure :-1 s=READY pgs=7 cs=0 l=1 rev1=1 crypto rx=0x7f45780099c0 tx=0x7f4578006eb0 comp rx=0 tx=0).ready entity=mgr.14100 client_cookie=0 server_cookie=0 in_seq=0 out_seq=0
2026-02-17T21:02:41.212 INFO:teuthology.orchestra.run.trial170.stdout:/usr/bin/ceph: stderr
2026-02-17T21:02:41.098+0000 7f4572ffd640 1 -- 10.20.193.170:0/2965080919 <== mon.0 v2:10.20.193.170:3300/0 6 ==== mon_command_ack([{"prefix": "get_command_descriptions"}]=0 v0) ==== 72+0+195034 (secure 0 0 0) 0x7f4574040600 con 0x7f45841090f0
2026-02-17T21:02:41.212 INFO:teuthology.orchestra.run.trial170.stdout:/usr/bin/ceph: stderr
2026-02-17T21:02:41.179+0000 7f458c092640 1 -- 10.20.193.170:0/2965080919 --> [v2:10.20.193.170:3300/0,v1:10.20.193.170:6789/0] -- mon_command({"prefix": "config assimilate-conf"} v 0) -- 0x7f45841a24f0 con 0x7f45841090f0
2026-02-17T21:02:41.212 INFO:teuthology.orchestra.run.trial170.stdout:/usr/bin/ceph: stderr
2026-02-17T21:02:41.180+0000 7f4572ffd640 1 -- 10.20.193.170:0/2965080919 <== mon.0 v2:10.20.193.170:3300/0 7 ==== mon_command_ack([{"prefix": "config assimilate-conf"}]=0 v3) ==== 70+0+467 (secure 0 0 0) 0x7f45740762e0 con 0x7f45841090f0
2026-02-17T21:02:41.212 INFO:teuthology.orchestra.run.trial170.stdout:/usr/bin/ceph: stderr
2026-02-17T21:02:41.180+0000 7f458c092640 10 mgrc shutdown
2026-02-17T21:02:41.212 INFO:teuthology.orchestra.run.trial170.stdout:/usr/bin/ceph: stderr
2026-02-17T21:02:41.180+0000 7f458c092640 1 -- 10.20.193.170:0/2965080919 >> [v2:10.20.193.170:6800/2523658928,v1:10.20.193.170:6801/2523658928] conn(0x7f456003dde0 msgr2=0x7f45600402a0 secure :-1 s=STATE_CONNECTION_ESTABLISHED l=1).mark_down
2026-02-17T21:02:41.213 INFO:teuthology.orchestra.run.trial170.stdout:/usr/bin/ceph: stderr
2026-02-17T21:02:41.180+0000 7f458c092640 1 --2- 10.20.193.170:0/2965080919 >> [v2:10.20.193.170:6800/2523658928,v1:10.20.193.170:6801/2523658928] conn(0x7f456003dde0 0x7f45600402a0 secure :-1 s=READY pgs=7 cs=0 l=1 rev1=1 crypto rx=0x7f45780099c0 tx=0x7f4578006eb0 comp rx=0 tx=0).stop
2026-02-17T21:02:41.213 INFO:teuthology.orchestra.run.trial170.stdout:/usr/bin/ceph: stderr
2026-02-17T21:02:41.180+0000 7f458c092640 1 -- 10.20.193.170:0/2965080919 >> [v2:10.20.193.170:3300/0,v1:10.20.193.170:6789/0] conn(0x7f45841090f0 msgr2=0x7f458419ee60 secure :-1 s=STATE_CONNECTION_ESTABLISHED l=1).mark_down
2026-02-17T21:02:41.213 INFO:teuthology.orchestra.run.trial170.stdout:/usr/bin/ceph: stderr
2026-02-17T21:02:41.180+0000 7f458c092640 1 --2- 10.20.193.170:0/2965080919 >> [v2:10.20.193.170:3300/0,v1:10.20.193.170:6789/0] conn(0x7f45841090f0 0x7f458419ee60 secure :-1 s=READY pgs=19 cs=0 l=1 rev1=1 crypto rx=0x7f457402f4a0 tx=0x7f4574035f80 comp rx=0 tx=0).stop
2026-02-17T21:02:41.213 INFO:teuthology.orchestra.run.trial170.stdout:/usr/bin/ceph: stderr
2026-02-17T21:02:41.181+0000 7f458c092640 1 -- 10.20.193.170:0/2965080919 shutdown_connections
2026-02-17T21:02:41.213 INFO:teuthology.orchestra.run.trial170.stdout:/usr/bin/ceph: stderr
2026-02-17T21:02:41.181+0000 7f458c092640 1 --2- 10.20.193.170:0/2965080919 >> [v2:10.20.193.170:6800/2523658928,v1:10.20.193.170:6801/2523658928] conn(0x7f456003dde0 0x7f45600402a0 unknown :-1 s=CLOSED pgs=7 cs=0 l=1 rev1=1 crypto rx=0 tx=0 comp rx=0 tx=0).stop
2026-02-17T21:02:41.213 INFO:teuthology.orchestra.run.trial170.stdout:/usr/bin/ceph: stderr
2026-02-17T21:02:41.181+0000 7f458c092640 1 --2- 10.20.193.170:0/2965080919 >> [v2:10.20.193.170:3300/0,v1:10.20.193.170:6789/0] conn(0x7f45841090f0 0x7f458419ee60 unknown :-1 s=CLOSED pgs=19 cs=0 l=1 rev1=1 crypto rx=0 tx=0 comp rx=0 tx=0).stop
2026-02-17T21:02:41.213 INFO:teuthology.orchestra.run.trial170.stdout:/usr/bin/ceph: stderr
2026-02-17T21:02:41.181+0000 7f458c092640 1 -- 10.20.193.170:0/2965080919 >> 10.20.193.170:0/2965080919 conn(0x7f458407c610 msgr2=0x7f4584106690 unknown :-1 s=STATE_NONE l=0).mark_down
2026-02-17T21:02:41.213 INFO:teuthology.orchestra.run.trial170.stdout:/usr/bin/ceph: stderr
2026-02-17T21:02:41.181+0000 7f458c092640 1 -- 10.20.193.170:0/2965080919 shutdown_connections
2026-02-17T21:02:41.213 INFO:teuthology.orchestra.run.trial170.stdout:/usr/bin/ceph: stderr
2026-02-17T21:02:41.181+0000 7f458c092640 1 -- 10.20.193.170:0/2965080919 wait complete.
2026-02-17T21:02:41.213 INFO:teuthology.orchestra.run.trial170.stdout:Enabling cephadm module...
2026-02-17T21:02:41.296 INFO:journalctl@ceph.mon.a.trial170.stdout:Feb 17 21:02:41 trial170 ceph-mon[20500]: mgrmap e3: a(active, since 1.00502s)
2026-02-17T21:02:41.296 INFO:journalctl@ceph.mon.a.trial170.stdout:Feb 17 21:02:41 trial170 ceph-mon[20500]: from='client.? 10.20.193.170:0/415706513' entity='client.admin' cmd=[{"prefix": "status", "format": "json-pretty"}]: dispatch
2026-02-17T21:02:42.084 INFO:teuthology.orchestra.run.trial170.stdout:/usr/bin/ceph: stderr
2026-02-17T21:02:41.292+0000 7f212d9f6640 1 Processor -- start
2026-02-17T21:02:42.084 INFO:teuthology.orchestra.run.trial170.stdout:/usr/bin/ceph: stderr
2026-02-17T21:02:41.292+0000 7f212d9f6640 1 -- start start
2026-02-17T21:02:42.084 INFO:teuthology.orchestra.run.trial170.stdout:/usr/bin/ceph: stderr
2026-02-17T21:02:41.292+0000 7f212d9f6640 1 --2- >> [v2:10.20.193.170:3300/0,v1:10.20.193.170:6789/0] conn(0x7f21281090d0 0x7f21281094d0 unknown :-1 s=NONE pgs=0 cs=0 l=0 rev1=0 crypto rx=0 tx=0 comp rx=0 tx=0).connect
2026-02-17T21:02:42.084 INFO:teuthology.orchestra.run.trial170.stdout:/usr/bin/ceph: stderr
2026-02-17T21:02:41.292+0000 7f212d9f6640 1 -- --> [v2:10.20.193.170:3300/0,v1:10.20.193.170:6789/0] -- mon_getmap magic: 0 -- 0x7f2128109aa0 con 0x7f21281090d0
2026-02-17T21:02:42.084 INFO:teuthology.orchestra.run.trial170.stdout:/usr/bin/ceph: stderr
2026-02-17T21:02:41.292+0000 7f2126ffd640 1 --2- >> [v2:10.20.193.170:3300/0,v1:10.20.193.170:6789/0] conn(0x7f21281090d0 0x7f21281094d0 unknown :-1 s=BANNER_CONNECTING pgs=0 cs=0 l=0 rev1=0 crypto rx=0 tx=0 comp rx=0 tx=0)._handle_peer_banner_payload supported=3 required=0
2026-02-17T21:02:42.085 INFO:teuthology.orchestra.run.trial170.stdout:/usr/bin/ceph: stderr
2026-02-17T21:02:41.292+0000 7f2126ffd640 1 --2- >> [v2:10.20.193.170:3300/0,v1:10.20.193.170:6789/0] conn(0x7f21281090d0 0x7f21281094d0 unknown :-1 s=HELLO_CONNECTING pgs=0 cs=0 l=0 rev1=1 crypto rx=0 tx=0 comp rx=0 tx=0).handle_hello peer v2:10.20.193.170:3300/0 says I am v2:10.20.193.170:35998/0 (socket says 10.20.193.170:35998)
2026-02-17T21:02:42.085 INFO:teuthology.orchestra.run.trial170.stdout:/usr/bin/ceph: stderr
2026-02-17T21:02:41.292+0000 7f2126ffd640 1 -- 10.20.193.170:0/2601393449 learned_addr learned my addr 10.20.193.170:0/2601393449 (peer_addr_for_me v2:10.20.193.170:0/0)
2026-02-17T21:02:42.085 INFO:teuthology.orchestra.run.trial170.stdout:/usr/bin/ceph: stderr
2026-02-17T21:02:41.292+0000 7f2126ffd640 1 -- 10.20.193.170:0/2601393449 --> [v2:10.20.193.170:3300/0,v1:10.20.193.170:6789/0] -- mon_subscribe({config=0+,monmap=0+}) -- 0x7f212810a2d0 con 0x7f21281090d0
2026-02-17T21:02:42.085 INFO:teuthology.orchestra.run.trial170.stdout:/usr/bin/ceph: stderr
2026-02-17T21:02:41.293+0000 7f2126ffd640 1 --2- 10.20.193.170:0/2601393449 >> [v2:10.20.193.170:3300/0,v1:10.20.193.170:6789/0] conn(0x7f21281090d0 0x7f21281094d0 secure :-1 s=READY pgs=20 cs=0 l=1 rev1=1 crypto rx=0x7f211c009920 tx=0x7f211c02ef20 comp rx=0 tx=0).ready entity=mon.0 client_cookie=4bed142bc3db6b8d server_cookie=0 in_seq=0 out_seq=0
2026-02-17T21:02:42.085 INFO:teuthology.orchestra.run.trial170.stdout:/usr/bin/ceph: stderr
2026-02-17T21:02:41.293+0000 7f2125ffb640 1 -- 10.20.193.170:0/2601393449 <== mon.0 v2:10.20.193.170:3300/0 1 ==== mon_map magic: 0 ==== 205+0+0 (secure 0 0 0) 0x7f211c03c070 con 0x7f21281090d0
2026-02-17T21:02:42.085 INFO:teuthology.orchestra.run.trial170.stdout:/usr/bin/ceph: stderr
2026-02-17T21:02:41.293+0000 7f2125ffb640 1 -- 10.20.193.170:0/2601393449 <== mon.0 v2:10.20.193.170:3300/0 2 ==== config(24 keys) ==== 975+0+0 (secure 0 0 0) 0x7f211c037440 con 0x7f21281090d0
2026-02-17T21:02:42.085 INFO:teuthology.orchestra.run.trial170.stdout:/usr/bin/ceph: stderr
2026-02-17T21:02:41.293+0000 7f2125ffb640 1 -- 10.20.193.170:0/2601393449 <== mon.0 v2:10.20.193.170:3300/0 3 ==== mon_map magic: 0 ==== 205+0+0 (secure 0 0 0) 0x7f211c035340 con 0x7f21281090d0
2026-02-17T21:02:42.085 INFO:teuthology.orchestra.run.trial170.stdout:/usr/bin/ceph: stderr
2026-02-17T21:02:41.293+0000 7f212d9f6640 1 -- 10.20.193.170:0/2601393449 >> [v2:10.20.193.170:3300/0,v1:10.20.193.170:6789/0] conn(0x7f21281090d0 msgr2=0x7f21281094d0 secure :-1 s=STATE_CONNECTION_ESTABLISHED l=1).mark_down
2026-02-17T21:02:42.085 INFO:teuthology.orchestra.run.trial170.stdout:/usr/bin/ceph: stderr
2026-02-17T21:02:41.293+0000 7f212d9f6640 1 --2- 10.20.193.170:0/2601393449 >> [v2:10.20.193.170:3300/0,v1:10.20.193.170:6789/0] conn(0x7f21281090d0 0x7f21281094d0 secure :-1 s=READY pgs=20 cs=0 l=1 rev1=1 crypto rx=0x7f211c009920 tx=0x7f211c02ef20 comp rx=0 tx=0).stop
2026-02-17T21:02:42.085 INFO:teuthology.orchestra.run.trial170.stdout:/usr/bin/ceph: stderr
2026-02-17T21:02:41.293+0000 7f212d9f6640 1 -- 10.20.193.170:0/2601393449 shutdown_connections
2026-02-17T21:02:42.085 INFO:teuthology.orchestra.run.trial170.stdout:/usr/bin/ceph: stderr
2026-02-17T21:02:41.293+0000 7f212d9f6640 1 --2- 10.20.193.170:0/2601393449 >> [v2:10.20.193.170:3300/0,v1:10.20.193.170:6789/0] conn(0x7f21281090d0 0x7f21281094d0 unknown :-1 s=CLOSED pgs=20 cs=0 l=1 rev1=1 crypto rx=0 tx=0 comp rx=0 tx=0).stop
2026-02-17T21:02:42.085 INFO:teuthology.orchestra.run.trial170.stdout:/usr/bin/ceph: stderr
2026-02-17T21:02:41.293+0000 7f212d9f6640 1 -- 10.20.193.170:0/2601393449 >> 10.20.193.170:0/2601393449 conn(0x7f212807c550 msgr2=0x7f212807c9c0 unknown :-1 s=STATE_NONE l=0).mark_down
2026-02-17T21:02:42.086 INFO:teuthology.orchestra.run.trial170.stdout:/usr/bin/ceph: stderr
2026-02-17T21:02:41.293+0000 7f212d9f6640 1 -- 10.20.193.170:0/2601393449 shutdown_connections
2026-02-17T21:02:42.086 INFO:teuthology.orchestra.run.trial170.stdout:/usr/bin/ceph: stderr
2026-02-17T21:02:41.294+0000 7f212d9f6640 1 -- 10.20.193.170:0/2601393449 wait complete.
2026-02-17T21:02:42.086 INFO:teuthology.orchestra.run.trial170.stdout:/usr/bin/ceph: stderr
2026-02-17T21:02:41.294+0000 7f212d9f6640 1 Processor -- start
2026-02-17T21:02:42.086 INFO:teuthology.orchestra.run.trial170.stdout:/usr/bin/ceph: stderr
2026-02-17T21:02:41.294+0000 7f212d9f6640 1 -- start start
2026-02-17T21:02:42.086 INFO:teuthology.orchestra.run.trial170.stdout:/usr/bin/ceph: stderr
2026-02-17T21:02:41.294+0000 7f212d9f6640 1 --2- >> [v2:10.20.193.170:3300/0,v1:10.20.193.170:6789/0] conn(0x7f21281090d0 0x7f212819ee10 unknown :-1 s=NONE pgs=0 cs=0 l=1 rev1=0 crypto rx=0 tx=0 comp rx=0 tx=0).connect
2026-02-17T21:02:42.086 INFO:teuthology.orchestra.run.trial170.stdout:/usr/bin/ceph: stderr
2026-02-17T21:02:41.294+0000 7f212d9f6640 1 -- --> [v2:10.20.193.170:3300/0,v1:10.20.193.170:6789/0] -- mon_getmap magic: 0 -- 0x7f212810d500 con 0x7f21281090d0
2026-02-17T21:02:42.086 INFO:teuthology.orchestra.run.trial170.stdout:/usr/bin/ceph: stderr
2026-02-17T21:02:41.294+0000 7f2126ffd640 1 --2- >> [v2:10.20.193.170:3300/0,v1:10.20.193.170:6789/0] conn(0x7f21281090d0 0x7f212819ee10 unknown :-1 s=BANNER_CONNECTING pgs=0 cs=0 l=1 rev1=0 crypto rx=0 tx=0 comp rx=0 tx=0)._handle_peer_banner_payload supported=3 required=0
2026-02-17T21:02:42.086 INFO:teuthology.orchestra.run.trial170.stdout:/usr/bin/ceph: stderr
2026-02-17T21:02:41.294+0000 7f2126ffd640 1 --2- >> [v2:10.20.193.170:3300/0,v1:10.20.193.170:6789/0] conn(0x7f21281090d0 0x7f212819ee10 unknown :-1 s=HELLO_CONNECTING pgs=0 cs=0 l=1 rev1=1 crypto rx=0 tx=0 comp rx=0 tx=0).handle_hello peer v2:10.20.193.170:3300/0 says I am v2:10.20.193.170:36008/0 (socket says 10.20.193.170:36008)
2026-02-17T21:02:42.086 INFO:teuthology.orchestra.run.trial170.stdout:/usr/bin/ceph: stderr
2026-02-17T21:02:41.294+0000 7f2126ffd640 1 -- 10.20.193.170:0/2253228543 learned_addr learned my addr 10.20.193.170:0/2253228543 (peer_addr_for_me v2:10.20.193.170:0/0)
2026-02-17T21:02:42.086 INFO:teuthology.orchestra.run.trial170.stdout:/usr/bin/ceph: stderr
2026-02-17T21:02:41.294+0000 7f2126ffd640 1 -- 10.20.193.170:0/2253228543 --> [v2:10.20.193.170:3300/0,v1:10.20.193.170:6789/0] -- mon_subscribe({config=0+,monmap=0+}) -- 0x7f212819f350 con 0x7f21281090d0
2026-02-17T21:02:42.086 INFO:teuthology.orchestra.run.trial170.stdout:/usr/bin/ceph: stderr
2026-02-17T21:02:41.294+0000 7f2126ffd640 1 --2- 10.20.193.170:0/2253228543 >> [v2:10.20.193.170:3300/0,v1:10.20.193.170:6789/0] conn(0x7f21281090d0 0x7f212819ee10 secure :-1 s=READY pgs=21 cs=0 l=1 rev1=1 crypto rx=0x7f211c006fd0 tx=0x7f211c037b70 comp rx=0 tx=0).ready entity=mon.0 client_cookie=0 server_cookie=0 in_seq=0 out_seq=0
2026-02-17T21:02:42.086 INFO:teuthology.orchestra.run.trial170.stdout:/usr/bin/ceph: stderr
2026-02-17T21:02:41.294+0000 7f212c9f4640 1 -- 10.20.193.170:0/2253228543 <== mon.0 v2:10.20.193.170:3300/0 1 ==== mon_map magic: 0 ==== 205+0+0 (secure 0 0 0) 0x7f211c045070 con 0x7f21281090d0
2026-02-17T21:02:42.087 INFO:teuthology.orchestra.run.trial170.stdout:/usr/bin/ceph: stderr
2026-02-17T21:02:41.294+0000 7f212c9f4640 1 -- 10.20.193.170:0/2253228543 <== mon.0 v2:10.20.193.170:3300/0 2 ==== config(24 keys) ==== 975+0+0 (secure 0 0 0) 0x7f211c040450 con 0x7f21281090d0
2026-02-17T21:02:42.087 INFO:teuthology.orchestra.run.trial170.stdout:/usr/bin/ceph: stderr
2026-02-17T21:02:41.294+0000 7f212d9f6640 1 -- 10.20.193.170:0/2253228543 --> [v2:10.20.193.170:3300/0,v1:10.20.193.170:6789/0] -- mon_subscribe({mgrmap=0+}) -- 0x7f212819f5e0 con 0x7f21281090d0
2026-02-17T21:02:42.087 INFO:teuthology.orchestra.run.trial170.stdout:/usr/bin/ceph: stderr
2026-02-17T21:02:41.294+0000 7f212c9f4640 1 -- 10.20.193.170:0/2253228543 <== mon.0 v2:10.20.193.170:3300/0 3 ==== mon_map magic: 0 ==== 205+0+0 (secure 0 0 0) 0x7f211c03c070 con 0x7f21281090d0
2026-02-17T21:02:42.087 INFO:teuthology.orchestra.run.trial170.stdout:/usr/bin/ceph: stderr
2026-02-17T21:02:41.294+0000 7f212d9f6640 1 -- 10.20.193.170:0/2253228543 --> [v2:10.20.193.170:3300/0,v1:10.20.193.170:6789/0] -- mon_subscribe({osdmap=0}) -- 0x7f21281a22d0 con 0x7f21281090d0
2026-02-17T21:02:42.087 INFO:teuthology.orchestra.run.trial170.stdout:/usr/bin/ceph: stderr
2026-02-17T21:02:41.295+0000 7f212d9f6640 1 -- 10.20.193.170:0/2253228543 --> [v2:10.20.193.170:3300/0,v1:10.20.193.170:6789/0] -- mon_command({"prefix": "get_command_descriptions"} v 0) -- 0x7f2128109550 con 0x7f21281090d0
2026-02-17T21:02:42.087 INFO:teuthology.orchestra.run.trial170.stdout:/usr/bin/ceph: stderr
2026-02-17T21:02:41.295+0000 7f212c9f4640 1 -- 10.20.193.170:0/2253228543 <== mon.0 v2:10.20.193.170:3300/0 4 ==== mgrmap(e 4) ==== 50408+0+0 (secure 0 0 0) 0x7f211c0493b0 con 0x7f21281090d0
2026-02-17T21:02:42.087 INFO:teuthology.orchestra.run.trial170.stdout:/usr/bin/ceph: stderr
2026-02-17T21:02:41.295+0000 7f212c9f4640 20 mgrc handle_mgr_map mgrmap(e 4)
2026-02-17T21:02:42.087 INFO:teuthology.orchestra.run.trial170.stdout:/usr/bin/ceph: stderr
2026-02-17T21:02:41.295+0000 7f212c9f4640 4 mgrc handle_mgr_map Got map version 4
2026-02-17T21:02:42.087 INFO:teuthology.orchestra.run.trial170.stdout:/usr/bin/ceph: stderr
2026-02-17T21:02:41.295+0000 7f212c9f4640 4 mgrc handle_mgr_map Active mgr is now [v2:10.20.193.170:6800/2523658928,v1:10.20.193.170:6801/2523658928]
2026-02-17T21:02:42.087 INFO:teuthology.orchestra.run.trial170.stdout:/usr/bin/ceph: stderr
2026-02-17T21:02:41.295+0000 7f212c9f4640 4 mgrc reconnect Starting new session with [v2:10.20.193.170:6800/2523658928,v1:10.20.193.170:6801/2523658928]
2026-02-17T21:02:42.087 INFO:teuthology.orchestra.run.trial170.stdout:/usr/bin/ceph: stderr
2026-02-17T21:02:41.295+0000 7f212c9f4640 1 --2- 10.20.193.170:0/2253228543 >> [v2:10.20.193.170:6800/2523658928,v1:10.20.193.170:6801/2523658928] conn(0x7f20fc03dd90 0x7f20fc040250 unknown :-1 s=NONE pgs=0 cs=0 l=1 rev1=0 crypto rx=0 tx=0 comp rx=0 tx=0).connect
2026-02-17T21:02:42.087 INFO:teuthology.orchestra.run.trial170.stdout:/usr/bin/ceph: stderr
2026-02-17T21:02:41.295+0000 7f212c9f4640 1 -- 10.20.193.170:0/2253228543 <== mon.0 v2:10.20.193.170:3300/0 5 ==== osd_map(1..1 src has 1..1) ==== 725+0+0 (secure 0 0 0) 0x7f211c0769a0 con 0x7f21281090d0
2026-02-17T21:02:42.088 INFO:teuthology.orchestra.run.trial170.stdout:/usr/bin/ceph: stderr
2026-02-17T21:02:41.295+0000 7f21267fc640 1 --2- 10.20.193.170:0/2253228543 >> [v2:10.20.193.170:6800/2523658928,v1:10.20.193.170:6801/2523658928] conn(0x7f20fc03dd90 0x7f20fc040250 unknown :-1 s=BANNER_CONNECTING pgs=0 cs=0 l=1 rev1=0 crypto rx=0 tx=0 comp rx=0 tx=0)._handle_peer_banner_payload supported=3 required=0
2026-02-17T21:02:42.088 INFO:teuthology.orchestra.run.trial170.stdout:/usr/bin/ceph: stderr
2026-02-17T21:02:41.295+0000 7f21267fc640 1 --2- 10.20.193.170:0/2253228543 >> [v2:10.20.193.170:6800/2523658928,v1:10.20.193.170:6801/2523658928] conn(0x7f20fc03dd90 0x7f20fc040250 secure :-1 s=READY pgs=8 cs=0 l=1 rev1=1 crypto rx=0x7f21100099c0 tx=0x7f2110006eb0 comp rx=0 tx=0).ready entity=mgr.14100 client_cookie=0 server_cookie=0 in_seq=0 out_seq=0
2026-02-17T21:02:42.088 INFO:teuthology.orchestra.run.trial170.stdout:/usr/bin/ceph: stderr
2026-02-17T21:02:41.298+0000 7f212c9f4640 1 -- 10.20.193.170:0/2253228543 <== mon.0 v2:10.20.193.170:3300/0 6 ==== mon_command_ack([{"prefix": "get_command_descriptions"}]=0 v0) ==== 72+0+195034 (secure 0 0 0) 0x7f211c03c210 con 0x7f21281090d0
2026-02-17T21:02:42.088 INFO:teuthology.orchestra.run.trial170.stdout:/usr/bin/ceph: stderr
2026-02-17T21:02:41.401+0000 7f212d9f6640 1 -- 10.20.193.170:0/2253228543 --> [v2:10.20.193.170:3300/0,v1:10.20.193.170:6789/0] -- mon_command({"prefix": "mgr module enable", "module": "cephadm"} v 0) -- 0x7f21281a2750 con 0x7f21281090d0
2026-02-17T21:02:42.088 INFO:teuthology.orchestra.run.trial170.stdout:/usr/bin/ceph: stderr
2026-02-17T21:02:42.055+0000 7f212c9f4640 1 -- 10.20.193.170:0/2253228543 <== mon.0 v2:10.20.193.170:3300/0 7 ==== mon_command_ack([{"prefix": "mgr module enable", "module": "cephadm"}]=0 v5) ==== 86+0+0 (secure 0 0 0) 0x7f211c0763c0 con 0x7f21281090d0
2026-02-17T21:02:42.088 INFO:teuthology.orchestra.run.trial170.stdout:/usr/bin/ceph: stderr
2026-02-17T21:02:42.056+0000 7f212c9f4640 1 -- 10.20.193.170:0/2253228543 <== mon.0 v2:10.20.193.170:3300/0 8 ==== mgrmap(e 5) ==== 50419+0+0 (secure 0 0 0) 0x7f211c033200 con 0x7f21281090d0
2026-02-17T21:02:42.088 INFO:teuthology.orchestra.run.trial170.stdout:/usr/bin/ceph: stderr
2026-02-17T21:02:42.056+0000 7f212c9f4640 20 mgrc handle_mgr_map mgrmap(e 5)
2026-02-17T21:02:42.088 INFO:teuthology.orchestra.run.trial170.stdout:/usr/bin/ceph: stderr
2026-02-17T21:02:42.056+0000 7f212c9f4640 4 mgrc handle_mgr_map Got map version 5
2026-02-17T21:02:42.088 INFO:teuthology.orchestra.run.trial170.stdout:/usr/bin/ceph: stderr
2026-02-17T21:02:42.056+0000 7f212c9f4640 4 mgrc handle_mgr_map Active mgr is now [v2:10.20.193.170:6800/2523658928,v1:10.20.193.170:6801/2523658928]
2026-02-17T21:02:42.088 INFO:teuthology.orchestra.run.trial170.stdout:/usr/bin/ceph: stderr
2026-02-17T21:02:42.058+0000 7f212d9f6640 10 mgrc shutdown
2026-02-17T21:02:42.088 INFO:teuthology.orchestra.run.trial170.stdout:/usr/bin/ceph: stderr
2026-02-17T21:02:42.058+0000 7f212d9f6640 1 -- 10.20.193.170:0/2253228543 >> [v2:10.20.193.170:6800/2523658928,v1:10.20.193.170:6801/2523658928] conn(0x7f20fc03dd90 msgr2=0x7f20fc040250 secure :-1 s=STATE_CONNECTION_ESTABLISHED l=1).mark_down
2026-02-17T21:02:42.088 INFO:teuthology.orchestra.run.trial170.stdout:/usr/bin/ceph: stderr
2026-02-17T21:02:42.058+0000 7f212d9f6640 1 --2- 10.20.193.170:0/2253228543 >> [v2:10.20.193.170:6800/2523658928,v1:10.20.193.170:6801/2523658928] conn(0x7f20fc03dd90 0x7f20fc040250 secure :-1 s=READY pgs=8 cs=0 l=1 rev1=1 crypto rx=0x7f21100099c0 tx=0x7f2110006eb0 comp rx=0 tx=0).stop
2026-02-17T21:02:42.089 INFO:teuthology.orchestra.run.trial170.stdout:/usr/bin/ceph: stderr
2026-02-17T21:02:42.058+0000 7f212d9f6640 1 -- 10.20.193.170:0/2253228543 >> [v2:10.20.193.170:3300/0,v1:10.20.193.170:6789/0] conn(0x7f21281090d0 msgr2=0x7f212819ee10 secure :-1 s=STATE_CONNECTION_ESTABLISHED l=1).mark_down
2026-02-17T21:02:42.089 INFO:teuthology.orchestra.run.trial170.stdout:/usr/bin/ceph: stderr
2026-02-17T21:02:42.058+0000 7f212d9f6640 1 --2- 10.20.193.170:0/2253228543 >> [v2:10.20.193.170:3300/0,v1:10.20.193.170:6789/0] conn(0x7f21281090d0 0x7f212819ee10 secure :-1 s=READY pgs=21 cs=0 l=1 rev1=1 crypto rx=0x7f211c006fd0 tx=0x7f211c037b70 comp rx=0 tx=0).stop
2026-02-17T21:02:42.089 INFO:teuthology.orchestra.run.trial170.stdout:/usr/bin/ceph: stderr
2026-02-17T21:02:42.058+0000 7f212d9f6640 1 -- 10.20.193.170:0/2253228543 shutdown_connections
2026-02-17T21:02:42.089 INFO:teuthology.orchestra.run.trial170.stdout:/usr/bin/ceph: stderr
2026-02-17T21:02:42.058+0000 7f212d9f6640 1 --2- 10.20.193.170:0/2253228543 >> [v2:10.20.193.170:6800/2523658928,v1:10.20.193.170:6801/2523658928] conn(0x7f20fc03dd90 0x7f20fc040250 unknown :-1 s=CLOSED pgs=8 cs=0 l=1 rev1=1 crypto rx=0 tx=0 comp rx=0 tx=0).stop
2026-02-17T21:02:42.089 INFO:teuthology.orchestra.run.trial170.stdout:/usr/bin/ceph: stderr
2026-02-17T21:02:42.058+0000 7f212d9f6640 1 --2- 10.20.193.170:0/2253228543 >> [v2:10.20.193.170:3300/0,v1:10.20.193.170:6789/0] conn(0x7f21281090d0 0x7f212819ee10 unknown :-1 s=CLOSED pgs=21 cs=0 l=1 rev1=1 crypto rx=0 tx=0 comp rx=0 tx=0).stop
2026-02-17T21:02:42.089 INFO:teuthology.orchestra.run.trial170.stdout:/usr/bin/ceph: stderr
2026-02-17T21:02:42.058+0000 7f212d9f6640 1 -- 10.20.193.170:0/2253228543 >> 10.20.193.170:0/2253228543 conn(0x7f212807c550 msgr2=0x7f2128106650 unknown :-1 s=STATE_NONE l=0).mark_down
2026-02-17T21:02:42.089 INFO:teuthology.orchestra.run.trial170.stdout:/usr/bin/ceph: stderr
2026-02-17T21:02:42.058+0000 7f212d9f6640 1 -- 10.20.193.170:0/2253228543 shutdown_connections
2026-02-17T21:02:42.089 INFO:teuthology.orchestra.run.trial170.stdout:/usr/bin/ceph: stderr
2026-02-17T21:02:42.058+0000 7f212d9f6640 1 -- 10.20.193.170:0/2253228543 wait complete.
2026-02-17T21:02:42.311 INFO:teuthology.orchestra.run.trial170.stdout:/usr/bin/ceph: stdout {
2026-02-17T21:02:42.311 INFO:teuthology.orchestra.run.trial170.stdout:/usr/bin/ceph: stdout "epoch": 5,
2026-02-17T21:02:42.311 INFO:teuthology.orchestra.run.trial170.stdout:/usr/bin/ceph: stdout "available": true,
2026-02-17T21:02:42.311 INFO:teuthology.orchestra.run.trial170.stdout:/usr/bin/ceph: stdout "active_name": "a",
2026-02-17T21:02:42.311 INFO:teuthology.orchestra.run.trial170.stdout:/usr/bin/ceph: stdout "num_standby": 0
2026-02-17T21:02:42.311 INFO:teuthology.orchestra.run.trial170.stdout:/usr/bin/ceph: stdout }
2026-02-17T21:02:42.312 INFO:teuthology.orchestra.run.trial170.stdout:/usr/bin/ceph: stderr
2026-02-17T21:02:42.174+0000 7f16f0e6e640 1 Processor -- start
2026-02-17T21:02:42.312 INFO:teuthology.orchestra.run.trial170.stdout:/usr/bin/ceph: stderr
2026-02-17T21:02:42.174+0000 7f16f0e6e640 1 -- start start
2026-02-17T21:02:42.312 INFO:teuthology.orchestra.run.trial170.stdout:/usr/bin/ceph: stderr
2026-02-17T21:02:42.174+0000 7f16f0e6e640 1 --2- >> [v2:10.20.193.170:3300/0,v1:10.20.193.170:6789/0] conn(0x7f16ec111af0 0x7f16ec111ef0 unknown :-1 s=NONE pgs=0 cs=0 l=0 rev1=0 crypto rx=0 tx=0 comp rx=0 tx=0).connect
2026-02-17T21:02:42.312 INFO:teuthology.orchestra.run.trial170.stdout:/usr/bin/ceph: stderr
2026-02-17T21:02:42.174+0000 7f16f0e6e640 1 -- --> [v2:10.20.193.170:3300/0,v1:10.20.193.170:6789/0] -- mon_getmap magic: 0 -- 0x7f16ec1124c0 con 0x7f16ec111af0
2026-02-17T21:02:42.312 INFO:teuthology.orchestra.run.trial170.stdout:/usr/bin/ceph: stderr
2026-02-17T21:02:42.174+0000 7f16ea575640 1 --2- >> [v2:10.20.193.170:3300/0,v1:10.20.193.170:6789/0] conn(0x7f16ec111af0 0x7f16ec111ef0 unknown :-1 s=BANNER_CONNECTING pgs=0 cs=0 l=0 rev1=0 crypto rx=0 tx=0 comp rx=0 tx=0)._handle_peer_banner_payload supported=3 required=0
2026-02-17T21:02:42.312 INFO:teuthology.orchestra.run.trial170.stdout:/usr/bin/ceph: stderr
2026-02-17T21:02:42.174+0000 7f16ea575640 1 --2- >> [v2:10.20.193.170:3300/0,v1:10.20.193.170:6789/0] conn(0x7f16ec111af0 0x7f16ec111ef0 unknown :-1 s=HELLO_CONNECTING pgs=0 cs=0 l=0 rev1=1 crypto rx=0 tx=0 comp rx=0 tx=0).handle_hello peer v2:10.20.193.170:3300/0 says I am v2:10.20.193.170:36048/0 (socket says 10.20.193.170:36048)
2026-02-17T21:02:42.312 INFO:teuthology.orchestra.run.trial170.stdout:/usr/bin/ceph: stderr
2026-02-17T21:02:42.174+0000 7f16ea575640 1 -- 10.20.193.170:0/734336301 learned_addr learned my addr 10.20.193.170:0/734336301 (peer_addr_for_me v2:10.20.193.170:0/0)
2026-02-17T21:02:42.312 INFO:teuthology.orchestra.run.trial170.stdout:/usr/bin/ceph: stderr
2026-02-17T21:02:42.174+0000 7f16ea575640 1 -- 10.20.193.170:0/734336301 --> [v2:10.20.193.170:3300/0,v1:10.20.193.170:6789/0] -- mon_subscribe({config=0+,monmap=0+}) -- 0x7f16ec112cf0 con 0x7f16ec111af0
2026-02-17T21:02:42.312 INFO:teuthology.orchestra.run.trial170.stdout:/usr/bin/ceph: stderr
2026-02-17T21:02:42.175+0000 7f16ea575640 1 --2- 10.20.193.170:0/734336301 >> [v2:10.20.193.170:3300/0,v1:10.20.193.170:6789/0] conn(0x7f16ec111af0 0x7f16ec111ef0 secure :-1 s=READY pgs=24 cs=0 l=1 rev1=1 crypto rx=0x7f16e0009920 tx=0x7f16e002ef20 comp rx=0 tx=0).ready entity=mon.0 client_cookie=67a1f6ecd62e1868 server_cookie=0 in_seq=0 out_seq=0
2026-02-17T21:02:42.312 INFO:teuthology.orchestra.run.trial170.stdout:/usr/bin/ceph: stderr
2026-02-17T21:02:42.175+0000 7f16e9573640 1 -- 10.20.193.170:0/734336301 <== mon.0 v2:10.20.193.170:3300/0 1 ==== mon_map magic: 0 ==== 205+0+0 (secure 0 0 0) 0x7f16e003c070 con 0x7f16ec111af0
2026-02-17T21:02:42.312 INFO:teuthology.orchestra.run.trial170.stdout:/usr/bin/ceph: stderr
2026-02-17T21:02:42.175+0000 7f16e9573640 1 -- 10.20.193.170:0/734336301 <== mon.0 v2:10.20.193.170:3300/0 2 ==== config(24 keys) ==== 975+0+0 (secure 0 0 0) 0x7f16e0037440 con 0x7f16ec111af0
2026-02-17T21:02:42.313 INFO:teuthology.orchestra.run.trial170.stdout:/usr/bin/ceph: stderr
2026-02-17T21:02:42.175+0000 7f16e9573640 1 -- 10.20.193.170:0/734336301 <== mon.0 v2:10.20.193.170:3300/0 3 ==== mon_map magic: 0 ==== 205+0+0 (secure 0 0 0) 0x7f16e0035340 con 0x7f16ec111af0
2026-02-17T21:02:42.313 INFO:teuthology.orchestra.run.trial170.stdout:/usr/bin/ceph: stderr
2026-02-17T21:02:42.175+0000 7f16f0e6e640 1 -- 10.20.193.170:0/734336301 >> [v2:10.20.193.170:3300/0,v1:10.20.193.170:6789/0] conn(0x7f16ec111af0 msgr2=0x7f16ec111ef0 secure :-1 s=STATE_CONNECTION_ESTABLISHED l=1).mark_down
2026-02-17T21:02:42.313 INFO:teuthology.orchestra.run.trial170.stdout:/usr/bin/ceph: stderr
2026-02-17T21:02:42.175+0000 7f16f0e6e640 1 --2- 10.20.193.170:0/734336301 >> [v2:10.20.193.170:3300/0,v1:10.20.193.170:6789/0] conn(0x7f16ec111af0 0x7f16ec111ef0 secure :-1 s=READY pgs=24 cs=0 l=1 rev1=1 crypto rx=0x7f16e0009920 tx=0x7f16e002ef20 comp rx=0 tx=0).stop
2026-02-17T21:02:42.313 INFO:teuthology.orchestra.run.trial170.stdout:/usr/bin/ceph: stderr
2026-02-17T21:02:42.175+0000 7f16f0e6e640 1 -- 10.20.193.170:0/734336301 shutdown_connections
2026-02-17T21:02:42.313 INFO:teuthology.orchestra.run.trial170.stdout:/usr/bin/ceph: stderr
2026-02-17T21:02:42.175+0000 7f16f0e6e640 1 --2- 10.20.193.170:0/734336301 >> [v2:10.20.193.170:3300/0,v1:10.20.193.170:6789/0] conn(0x7f16ec111af0 0x7f16ec111ef0 unknown :-1 s=CLOSED pgs=24 cs=0 l=1 rev1=1 crypto rx=0 tx=0 comp rx=0 tx=0).stop
2026-02-17T21:02:42.313 INFO:teuthology.orchestra.run.trial170.stdout:/usr/bin/ceph: stderr
2026-02-17T21:02:42.175+0000 7f16f0e6e640 1 -- 10.20.193.170:0/734336301 >> 10.20.193.170:0/734336301 conn(0x7f16ec06de70 msgr2=0x7f16ec06e2a0 unknown :-1 s=STATE_NONE l=0).mark_down
2026-02-17T21:02:42.313 INFO:teuthology.orchestra.run.trial170.stdout:/usr/bin/ceph: stderr
2026-02-17T21:02:42.175+0000 7f16f0e6e640 1 -- 10.20.193.170:0/734336301 shutdown_connections
2026-02-17T21:02:42.313 INFO:teuthology.orchestra.run.trial170.stdout:/usr/bin/ceph: stderr
2026-02-17T21:02:42.175+0000 7f16f0e6e640 1 -- 10.20.193.170:0/734336301 wait complete.
2026-02-17T21:02:42.313 INFO:teuthology.orchestra.run.trial170.stdout:/usr/bin/ceph: stderr
2026-02-17T21:02:42.175+0000 7f16f0e6e640 1 Processor -- start
2026-02-17T21:02:42.313 INFO:teuthology.orchestra.run.trial170.stdout:/usr/bin/ceph: stderr
2026-02-17T21:02:42.175+0000 7f16f0e6e640 1 -- start start
2026-02-17T21:02:42.313 INFO:teuthology.orchestra.run.trial170.stdout:/usr/bin/ceph: stderr
2026-02-17T21:02:42.176+0000 7f16f0e6e640 1 --2- >> [v2:10.20.193.170:3300/0,v1:10.20.193.170:6789/0] conn(0x7f16ec111af0 0x7f16ec1a7860 unknown :-1 s=NONE pgs=0 cs=0 l=1 rev1=0 crypto rx=0 tx=0 comp rx=0 tx=0).connect
2026-02-17T21:02:42.313 INFO:teuthology.orchestra.run.trial170.stdout:/usr/bin/ceph: stderr
2026-02-17T21:02:42.176+0000 7f16f0e6e640 1 -- --> [v2:10.20.193.170:3300/0,v1:10.20.193.170:6789/0] -- mon_getmap magic: 0 -- 0x7f16ec115f20 con 0x7f16ec111af0
2026-02-17T21:02:42.314 INFO:teuthology.orchestra.run.trial170.stdout:/usr/bin/ceph: stderr
2026-02-17T21:02:42.176+0000 7f16ea575640 1 --2- >> [v2:10.20.193.170:3300/0,v1:10.20.193.170:6789/0] conn(0x7f16ec111af0 0x7f16ec1a7860 unknown :-1 s=BANNER_CONNECTING pgs=0 cs=0 l=1 rev1=0 crypto rx=0 tx=0 comp rx=0 tx=0)._handle_peer_banner_payload supported=3 required=0
2026-02-17T21:02:42.314 INFO:teuthology.orchestra.run.trial170.stdout:/usr/bin/ceph: stderr
2026-02-17T21:02:42.176+0000 7f16ea575640 1 --2- >> [v2:10.20.193.170:3300/0,v1:10.20.193.170:6789/0] conn(0x7f16ec111af0 0x7f16ec1a7860 unknown :-1 s=HELLO_CONNECTING pgs=0 cs=0 l=1 rev1=1 crypto rx=0 tx=0 comp rx=0 tx=0).handle_hello peer v2:10.20.193.170:3300/0 says I am v2:10.20.193.170:36062/0 (socket says 10.20.193.170:36062)
2026-02-17T21:02:42.314 INFO:teuthology.orchestra.run.trial170.stdout:/usr/bin/ceph: stderr
2026-02-17T21:02:42.176+0000 7f16ea575640 1 -- 10.20.193.170:0/1156607399 learned_addr learned my addr 10.20.193.170:0/1156607399 (peer_addr_for_me v2:10.20.193.170:0/0)
2026-02-17T21:02:42.314 INFO:teuthology.orchestra.run.trial170.stdout:/usr/bin/ceph: stderr
2026-02-17T21:02:42.176+0000 7f16ea575640 1 -- 10.20.193.170:0/1156607399 --> [v2:10.20.193.170:3300/0,v1:10.20.193.170:6789/0] -- mon_subscribe({config=0+,monmap=0+}) -- 0x7f16ec1a7da0 con 0x7f16ec111af0
2026-02-17T21:02:42.314 INFO:teuthology.orchestra.run.trial170.stdout:/usr/bin/ceph: stderr
2026-02-17T21:02:42.176+0000 7f16ea575640 1 --2- 10.20.193.170:0/1156607399 >> [v2:10.20.193.170:3300/0,v1:10.20.193.170:6789/0] conn(0x7f16ec111af0 0x7f16ec1a7860 secure :-1 s=READY pgs=25 cs=0 l=1 rev1=1 crypto rx=0x7f16e0006fd0 tx=0x7f16e0035570 comp rx=0 tx=0).ready entity=mon.0 client_cookie=0 server_cookie=0 in_seq=0 out_seq=0
2026-02-17T21:02:42.314 INFO:teuthology.orchestra.run.trial170.stdout:/usr/bin/ceph: stderr
2026-02-17T21:02:42.176+0000 7f16d37fe640 1 -- 10.20.193.170:0/1156607399 <== mon.0 v2:10.20.193.170:3300/0 1 ==== mon_map magic: 0 ==== 205+0+0 (secure 0 0 0) 0x7f16e0045070 con 0x7f16ec111af0
2026-02-17T21:02:42.314 INFO:teuthology.orchestra.run.trial170.stdout:/usr/bin/ceph: stderr
2026-02-17T21:02:42.176+0000 7f16d37fe640 1 -- 10.20.193.170:0/1156607399 <== mon.0 v2:10.20.193.170:3300/0 2 ==== config(24 keys) ==== 975+0+0 (secure 0 0 0) 0x7f16e0040450 con 0x7f16ec111af0
2026-02-17T21:02:42.314 INFO:teuthology.orchestra.run.trial170.stdout:/usr/bin/ceph: stderr
2026-02-17T21:02:42.176+0000 7f16f0e6e640 1 -- 10.20.193.170:0/1156607399 --> [v2:10.20.193.170:3300/0,v1:10.20.193.170:6789/0] -- mon_subscribe({mgrmap=0+}) -- 0x7f16ec1a8030 con 0x7f16ec111af0
2026-02-17T21:02:42.314 INFO:teuthology.orchestra.run.trial170.stdout:/usr/bin/ceph: stderr
2026-02-17T21:02:42.176+0000 7f16d37fe640 1 -- 10.20.193.170:0/1156607399 <== mon.0 v2:10.20.193.170:3300/0 3 ==== mon_map magic: 0 ==== 205+0+0 (secure 0 0 0) 0x7f16e003c070 con 0x7f16ec111af0
2026-02-17T21:02:42.314 INFO:teuthology.orchestra.run.trial170.stdout:/usr/bin/ceph: stderr
2026-02-17T21:02:42.176+0000 7f16f0e6e640 1 -- 10.20.193.170:0/1156607399 --> [v2:10.20.193.170:3300/0,v1:10.20.193.170:6789/0] -- mon_subscribe({osdmap=0}) -- 0x7f16ec1aad20 con 0x7f16ec111af0
2026-02-17T21:02:42.314 INFO:teuthology.orchestra.run.trial170.stdout:/usr/bin/ceph: stderr
