2026-02-17T21:02:46.508+0000 7fee5a9e5640 1 --2- >> [v2:10.20.193.170:3300/0,v1:10.20.193.170:6789/0] conn(0x7fee541090f0 0x7fee541094f0 unknown :-1 s=NONE pgs=0 cs=0 l=0 rev1=0 crypto rx=0 tx=0 comp rx=0 tx=0).connect
2026-02-17T21:02:46.626 INFO:teuthology.orchestra.run.trial170.stdout:/usr/bin/ceph: stderr
2026-02-17T21:02:46.508+0000 7fee5a9e5640 1 -- --> [v2:10.20.193.170:3300/0,v1:10.20.193.170:6789/0] -- mon_getmap magic: 0 -- 0x7fee54109ac0 con 0x7fee541090f0
2026-02-17T21:02:46.626 INFO:teuthology.orchestra.run.trial170.stdout:/usr/bin/ceph: stderr
2026-02-17T21:02:46.508+0000 7fee53fff640 1 --2- >> [v2:10.20.193.170:3300/0,v1:10.20.193.170:6789/0] conn(0x7fee541090f0 0x7fee541094f0 unknown :-1 s=BANNER_CONNECTING pgs=0 cs=0 l=0 rev1=0 crypto rx=0 tx=0 comp rx=0 tx=0)._handle_peer_banner_payload supported=3 required=0
2026-02-17T21:02:46.626 INFO:teuthology.orchestra.run.trial170.stdout:/usr/bin/ceph: stderr
2026-02-17T21:02:46.508+0000 7fee53fff640 1 --2- >> [v2:10.20.193.170:3300/0,v1:10.20.193.170:6789/0] conn(0x7fee541090f0 0x7fee541094f0 unknown :-1 s=HELLO_CONNECTING pgs=0 cs=0 l=0 rev1=1 crypto rx=0 tx=0 comp rx=0 tx=0).handle_hello peer v2:10.20.193.170:3300/0 says I am v2:10.20.193.170:36218/0 (socket says 10.20.193.170:36218)
2026-02-17T21:02:46.626 INFO:teuthology.orchestra.run.trial170.stdout:/usr/bin/ceph: stderr
2026-02-17T21:02:46.508+0000 7fee53fff640 1 -- 10.20.193.170:0/1149168534 learned_addr learned my addr 10.20.193.170:0/1149168534 (peer_addr_for_me v2:10.20.193.170:0/0)
2026-02-17T21:02:46.626 INFO:teuthology.orchestra.run.trial170.stdout:/usr/bin/ceph: stderr
2026-02-17T21:02:46.508+0000 7fee53fff640 1 -- 10.20.193.170:0/1149168534 --> [v2:10.20.193.170:3300/0,v1:10.20.193.170:6789/0] -- mon_subscribe({config=0+,monmap=0+}) -- 0x7fee5410a2f0 con 0x7fee541090f0
2026-02-17T21:02:46.626 INFO:teuthology.orchestra.run.trial170.stdout:/usr/bin/ceph: stderr
2026-02-17T21:02:46.508+0000 7fee53fff640 1 --2- 10.20.193.170:0/1149168534 >> [v2:10.20.193.170:3300/0,v1:10.20.193.170:6789/0] conn(0x7fee541090f0 0x7fee541094f0 secure :-1 s=READY pgs=41 cs=0 l=1 rev1=1 crypto rx=0x7fee40009920 tx=0x7fee4002ef20 comp rx=0 tx=0).ready entity=mon.0 client_cookie=44198875c036deea server_cookie=0 in_seq=0 out_seq=0
2026-02-17T21:02:46.626 INFO:teuthology.orchestra.run.trial170.stdout:/usr/bin/ceph: stderr
2026-02-17T21:02:46.508+0000 7fee52ffd640 1 -- 10.20.193.170:0/1149168534 <== mon.0 v2:10.20.193.170:3300/0 1 ==== mon_map magic: 0 ==== 205+0+0 (secure 0 0 0) 0x7fee4003c070 con 0x7fee541090f0
2026-02-17T21:02:46.626 INFO:teuthology.orchestra.run.trial170.stdout:/usr/bin/ceph: stderr
2026-02-17T21:02:46.508+0000 7fee52ffd640 1 -- 10.20.193.170:0/1149168534 <== mon.0 v2:10.20.193.170:3300/0 2 ==== config(24 keys) ==== 975+0+0 (secure 0 0 0) 0x7fee40037440 con 0x7fee541090f0
2026-02-17T21:02:46.627 INFO:teuthology.orchestra.run.trial170.stdout:/usr/bin/ceph: stderr
2026-02-17T21:02:46.508+0000 7fee52ffd640 1 -- 10.20.193.170:0/1149168534 <== mon.0 v2:10.20.193.170:3300/0 3 ==== mon_map magic: 0 ==== 205+0+0 (secure 0 0 0) 0x7fee40035340 con 0x7fee541090f0
2026-02-17T21:02:46.627 INFO:teuthology.orchestra.run.trial170.stdout:/usr/bin/ceph: stderr
2026-02-17T21:02:46.509+0000 7fee5a9e5640 1 -- 10.20.193.170:0/1149168534 >> [v2:10.20.193.170:3300/0,v1:10.20.193.170:6789/0] conn(0x7fee541090f0 msgr2=0x7fee541094f0 secure :-1 s=STATE_CONNECTION_ESTABLISHED l=1).mark_down
2026-02-17T21:02:46.627 INFO:teuthology.orchestra.run.trial170.stdout:/usr/bin/ceph: stderr
2026-02-17T21:02:46.509+0000 7fee5a9e5640 1 --2- 10.20.193.170:0/1149168534 >> [v2:10.20.193.170:3300/0,v1:10.20.193.170:6789/0] conn(0x7fee541090f0 0x7fee541094f0 secure :-1 s=READY pgs=41 cs=0 l=1 rev1=1 crypto rx=0x7fee40009920 tx=0x7fee4002ef20 comp rx=0 tx=0).stop
2026-02-17T21:02:46.627 INFO:teuthology.orchestra.run.trial170.stdout:/usr/bin/ceph: stderr
2026-02-17T21:02:46.509+0000 7fee5a9e5640 1 -- 10.20.193.170:0/1149168534 shutdown_connections
2026-02-17T21:02:46.627 INFO:teuthology.orchestra.run.trial170.stdout:/usr/bin/ceph: stderr
2026-02-17T21:02:46.509+0000 7fee5a9e5640 1 --2- 10.20.193.170:0/1149168534 >> [v2:10.20.193.170:3300/0,v1:10.20.193.170:6789/0] conn(0x7fee541090f0 0x7fee541094f0 unknown :-1 s=CLOSED pgs=41 cs=0 l=1 rev1=1 crypto rx=0 tx=0 comp rx=0 tx=0).stop
2026-02-17T21:02:46.627 INFO:teuthology.orchestra.run.trial170.stdout:/usr/bin/ceph: stderr
2026-02-17T21:02:46.509+0000 7fee5a9e5640 1 -- 10.20.193.170:0/1149168534 >> 10.20.193.170:0/1149168534 conn(0x7fee5407c610 msgr2=0x7fee5407ca20 unknown :-1 s=STATE_NONE l=0).mark_down
2026-02-17T21:02:46.627 INFO:teuthology.orchestra.run.trial170.stdout:/usr/bin/ceph: stderr
2026-02-17T21:02:46.509+0000 7fee5a9e5640 1 -- 10.20.193.170:0/1149168534 shutdown_connections
2026-02-17T21:02:46.627 INFO:teuthology.orchestra.run.trial170.stdout:/usr/bin/ceph: stderr
2026-02-17T21:02:46.509+0000 7fee5a9e5640 1 -- 10.20.193.170:0/1149168534 wait complete.
2026-02-17T21:02:46.627 INFO:teuthology.orchestra.run.trial170.stdout:/usr/bin/ceph: stderr
2026-02-17T21:02:46.509+0000 7fee5a9e5640 1 Processor -- start
2026-02-17T21:02:46.627 INFO:teuthology.orchestra.run.trial170.stdout:/usr/bin/ceph: stderr
2026-02-17T21:02:46.509+0000 7fee5a9e5640 1 -- start start
2026-02-17T21:02:46.627 INFO:teuthology.orchestra.run.trial170.stdout:/usr/bin/ceph: stderr
2026-02-17T21:02:46.509+0000 7fee5a9e5640 1 --2- >> [v2:10.20.193.170:3300/0,v1:10.20.193.170:6789/0] conn(0x7fee541090f0 0x7fee5419ee60 unknown :-1 s=NONE pgs=0 cs=0 l=1 rev1=0 crypto rx=0 tx=0 comp rx=0 tx=0).connect
2026-02-17T21:02:46.627 INFO:teuthology.orchestra.run.trial170.stdout:/usr/bin/ceph: stderr
2026-02-17T21:02:46.509+0000 7fee5a9e5640 1 -- --> [v2:10.20.193.170:3300/0,v1:10.20.193.170:6789/0] -- mon_getmap magic: 0 -- 0x7fee5410d520 con 0x7fee541090f0
2026-02-17T21:02:46.628 INFO:teuthology.orchestra.run.trial170.stdout:/usr/bin/ceph: stderr
2026-02-17T21:02:46.509+0000 7fee53fff640 1 --2- >> [v2:10.20.193.170:3300/0,v1:10.20.193.170:6789/0] conn(0x7fee541090f0 0x7fee5419ee60 unknown :-1 s=BANNER_CONNECTING pgs=0 cs=0 l=1 rev1=0 crypto rx=0 tx=0 comp rx=0 tx=0)._handle_peer_banner_payload supported=3 required=0
2026-02-17T21:02:46.628 INFO:teuthology.orchestra.run.trial170.stdout:/usr/bin/ceph: stderr
2026-02-17T21:02:46.509+0000 7fee53fff640 1 --2- >> [v2:10.20.193.170:3300/0,v1:10.20.193.170:6789/0] conn(0x7fee541090f0 0x7fee5419ee60 unknown :-1 s=HELLO_CONNECTING pgs=0 cs=0 l=1 rev1=1 crypto rx=0 tx=0 comp rx=0 tx=0).handle_hello peer v2:10.20.193.170:3300/0 says I am v2:10.20.193.170:36234/0 (socket says 10.20.193.170:36234)
2026-02-17T21:02:46.628 INFO:teuthology.orchestra.run.trial170.stdout:/usr/bin/ceph: stderr
2026-02-17T21:02:46.509+0000 7fee53fff640 1 -- 10.20.193.170:0/2314569596 learned_addr learned my addr 10.20.193.170:0/2314569596 (peer_addr_for_me v2:10.20.193.170:0/0)
2026-02-17T21:02:46.628 INFO:teuthology.orchestra.run.trial170.stdout:/usr/bin/ceph: stderr
2026-02-17T21:02:46.509+0000 7fee53fff640 1 -- 10.20.193.170:0/2314569596 --> [v2:10.20.193.170:3300/0,v1:10.20.193.170:6789/0] -- mon_subscribe({config=0+,monmap=0+}) -- 0x7fee5419f3a0 con 0x7fee541090f0
2026-02-17T21:02:46.628 INFO:teuthology.orchestra.run.trial170.stdout:/usr/bin/ceph: stderr
2026-02-17T21:02:46.509+0000 7fee53fff640 1 --2- 10.20.193.170:0/2314569596 >> [v2:10.20.193.170:3300/0,v1:10.20.193.170:6789/0] conn(0x7fee541090f0 0x7fee5419ee60 secure :-1 s=READY pgs=42 cs=0 l=1 rev1=1 crypto rx=0x7fee40006fd0 tx=0x7fee40035570 comp rx=0 tx=0).ready entity=mon.0 client_cookie=0 server_cookie=0 in_seq=0 out_seq=0
2026-02-17T21:02:46.628 INFO:teuthology.orchestra.run.trial170.stdout:/usr/bin/ceph: stderr
2026-02-17T21:02:46.510+0000 7fee517fa640 1 -- 10.20.193.170:0/2314569596 <== mon.0 v2:10.20.193.170:3300/0 1 ==== mon_map magic: 0 ==== 205+0+0 (secure 0 0 0) 0x7fee40045070 con 0x7fee541090f0
2026-02-17T21:02:46.628 INFO:teuthology.orchestra.run.trial170.stdout:/usr/bin/ceph: stderr
2026-02-17T21:02:46.510+0000 7fee517fa640 1 -- 10.20.193.170:0/2314569596 <== mon.0 v2:10.20.193.170:3300/0 2 ==== config(24 keys) ==== 975+0+0 (secure 0 0 0) 0x7fee40040450 con 0x7fee541090f0
2026-02-17T21:02:46.628 INFO:teuthology.orchestra.run.trial170.stdout:/usr/bin/ceph: stderr
2026-02-17T21:02:46.510+0000 7fee5a9e5640 1 -- 10.20.193.170:0/2314569596 --> [v2:10.20.193.170:3300/0,v1:10.20.193.170:6789/0] -- mon_subscribe({mgrmap=0+}) -- 0x7fee5419f630 con 0x7fee541090f0
2026-02-17T21:02:46.628 INFO:teuthology.orchestra.run.trial170.stdout:/usr/bin/ceph: stderr
2026-02-17T21:02:46.510+0000 7fee517fa640 1 -- 10.20.193.170:0/2314569596 <== mon.0 v2:10.20.193.170:3300/0 3 ==== mon_map magic: 0 ==== 205+0+0 (secure 0 0 0) 0x7fee4003c070 con 0x7fee541090f0
2026-02-17T21:02:46.628 INFO:teuthology.orchestra.run.trial170.stdout:/usr/bin/ceph: stderr
2026-02-17T21:02:46.510+0000 7fee5a9e5640 1 -- 10.20.193.170:0/2314569596 --> [v2:10.20.193.170:3300/0,v1:10.20.193.170:6789/0] -- mon_subscribe({osdmap=0}) -- 0x7fee541a2320 con 0x7fee541090f0
2026-02-17T21:02:46.628 INFO:teuthology.orchestra.run.trial170.stdout:/usr/bin/ceph: stderr
2026-02-17T21:02:46.510+0000 7fee5a9e5640 1 -- 10.20.193.170:0/2314569596 --> [v2:10.20.193.170:3300/0,v1:10.20.193.170:6789/0] -- mon_command({"prefix": "get_command_descriptions"} v 0) -- 0x7fee54109570 con 0x7fee541090f0
2026-02-17T21:02:46.628 INFO:teuthology.orchestra.run.trial170.stdout:/usr/bin/ceph: stderr
2026-02-17T21:02:46.510+0000 7fee517fa640 1 -- 10.20.193.170:0/2314569596 <== mon.0 v2:10.20.193.170:3300/0 4 ==== mgrmap(e 7) ==== 50313+0+0 (secure 0 0 0) 0x7fee4002fae0 con 0x7fee541090f0
2026-02-17T21:02:46.629 INFO:teuthology.orchestra.run.trial170.stdout:/usr/bin/ceph: stderr
2026-02-17T21:02:46.510+0000 7fee517fa640 20 mgrc handle_mgr_map mgrmap(e 7)
2026-02-17T21:02:46.629 INFO:teuthology.orchestra.run.trial170.stdout:/usr/bin/ceph: stderr
2026-02-17T21:02:46.510+0000 7fee517fa640 4 mgrc handle_mgr_map Got map version 7
2026-02-17T21:02:46.629 INFO:teuthology.orchestra.run.trial170.stdout:/usr/bin/ceph: stderr
2026-02-17T21:02:46.510+0000 7fee517fa640 4 mgrc handle_mgr_map Active mgr is now [v2:10.20.193.170:6800/3376538184,v1:10.20.193.170:6801/3376538184]
2026-02-17T21:02:46.629 INFO:teuthology.orchestra.run.trial170.stdout:/usr/bin/ceph: stderr
2026-02-17T21:02:46.510+0000 7fee517fa640 4 mgrc reconnect Starting new session with [v2:10.20.193.170:6800/3376538184,v1:10.20.193.170:6801/3376538184]
2026-02-17T21:02:46.629 INFO:teuthology.orchestra.run.trial170.stdout:/usr/bin/ceph: stderr
2026-02-17T21:02:46.510+0000 7fee517fa640 1 --2- 10.20.193.170:0/2314569596 >> [v2:10.20.193.170:6800/3376538184,v1:10.20.193.170:6801/3376538184] conn(0x7fee2803dcb0 0x7fee28040170 unknown :-1 s=NONE pgs=0 cs=0 l=1 rev1=0 crypto rx=0 tx=0 comp rx=0 tx=0).connect
2026-02-17T21:02:46.629 INFO:teuthology.orchestra.run.trial170.stdout:/usr/bin/ceph: stderr
2026-02-17T21:02:46.510+0000 7fee517fa640 1 -- 10.20.193.170:0/2314569596 <== mon.0 v2:10.20.193.170:3300/0 5 ==== osd_map(2..2 src has 1..2) ==== 940+0+0 (secure 0 0 0) 0x7fee400768a0 con 0x7fee541090f0
2026-02-17T21:02:46.629 INFO:teuthology.orchestra.run.trial170.stdout:/usr/bin/ceph: stderr
2026-02-17T21:02:46.510+0000 7fee537fe640 1 --2- 10.20.193.170:0/2314569596 >> [v2:10.20.193.170:6800/3376538184,v1:10.20.193.170:6801/3376538184] conn(0x7fee2803dcb0 0x7fee28040170 unknown :-1 s=BANNER_CONNECTING pgs=0 cs=0 l=1 rev1=0 crypto rx=0 tx=0 comp rx=0 tx=0)._handle_peer_banner_payload supported=3 required=0
2026-02-17T21:02:46.629 INFO:teuthology.orchestra.run.trial170.stdout:/usr/bin/ceph: stderr
2026-02-17T21:02:46.511+0000 7fee537fe640 1 --2- 10.20.193.170:0/2314569596 >> [v2:10.20.193.170:6800/3376538184,v1:10.20.193.170:6801/3376538184] conn(0x7fee2803dcb0 0x7fee28040170 secure :-1 s=READY pgs=10 cs=0 l=1 rev1=1 crypto rx=0x7fee440099c0 tx=0x7fee44006eb0 comp rx=0 tx=0).ready entity=mgr.14118 client_cookie=0 server_cookie=0 in_seq=0 out_seq=0
2026-02-17T21:02:46.629 INFO:teuthology.orchestra.run.trial170.stdout:/usr/bin/ceph: stderr
2026-02-17T21:02:46.513+0000 7fee517fa640 1 -- 10.20.193.170:0/2314569596 <== mon.0 v2:10.20.193.170:3300/0 6 ==== mon_command_ack([{"prefix": "get_command_descriptions"}]=0 v0) ==== 72+0+195034 (secure 0 0 0) 0x7fee40036ca0 con 0x7fee541090f0
2026-02-17T21:02:46.629 INFO:teuthology.orchestra.run.trial170.stdout:/usr/bin/ceph: stderr
2026-02-17T21:02:46.599+0000 7fee5a9e5640 20 mgrc start_command cmd: [{"prefix": "cephadm get-pub-key", "target": ["mon-mgr", ""]}]
2026-02-17T21:02:46.629 INFO:teuthology.orchestra.run.trial170.stdout:/usr/bin/ceph: stderr
2026-02-17T21:02:46.599+0000 7fee5a9e5640 1 -- 10.20.193.170:0/2314569596 --> [v2:10.20.193.170:6800/3376538184,v1:10.20.193.170:6801/3376538184] -- mgr_command(tid 0: {"prefix": "cephadm get-pub-key", "target": ["mon-mgr", ""]}) -- 0x7fee54106da0 con 0x7fee2803dcb0
2026-02-17T21:02:46.630 INFO:teuthology.orchestra.run.trial170.stdout:/usr/bin/ceph: stderr
2026-02-17T21:02:46.599+0000 7fee517fa640 1 -- 10.20.193.170:0/2314569596 <== mgr.14118 v2:10.20.193.170:6800/3376538184 1 ==== mgr_command_reply(tid 0: 0 ) ==== 8+0+123 (secure 0 0 0) 0x7fee54106da0 con 0x7fee2803dcb0
2026-02-17T21:02:46.630 INFO:teuthology.orchestra.run.trial170.stdout:/usr/bin/ceph: stderr
2026-02-17T21:02:46.599+0000 7fee517fa640 20 mgrc handle_command_reply tid 0 r 0
2026-02-17T21:02:46.630 INFO:teuthology.orchestra.run.trial170.stdout:/usr/bin/ceph: stderr
2026-02-17T21:02:46.600+0000 7fee5a9e5640 10 mgrc shutdown
2026-02-17T21:02:46.630 INFO:teuthology.orchestra.run.trial170.stdout:/usr/bin/ceph: stderr
2026-02-17T21:02:46.600+0000 7fee5a9e5640 1 -- 10.20.193.170:0/2314569596 >> [v2:10.20.193.170:6800/3376538184,v1:10.20.193.170:6801/3376538184] conn(0x7fee2803dcb0 msgr2=0x7fee28040170 secure :-1 s=STATE_CONNECTION_ESTABLISHED l=1).mark_down
2026-02-17T21:02:46.630 INFO:teuthology.orchestra.run.trial170.stdout:/usr/bin/ceph: stderr
2026-02-17T21:02:46.600+0000 7fee5a9e5640 1 --2- 10.20.193.170:0/2314569596 >> [v2:10.20.193.170:6800/3376538184,v1:10.20.193.170:6801/3376538184] conn(0x7fee2803dcb0 0x7fee28040170 secure :-1 s=READY pgs=10 cs=0 l=1 rev1=1 crypto rx=0x7fee440099c0 tx=0x7fee44006eb0 comp rx=0 tx=0).stop
2026-02-17T21:02:46.630 INFO:teuthology.orchestra.run.trial170.stdout:/usr/bin/ceph: stderr
2026-02-17T21:02:46.600+0000 7fee5a9e5640 1 -- 10.20.193.170:0/2314569596 >> [v2:10.20.193.170:3300/0,v1:10.20.193.170:6789/0] conn(0x7fee541090f0 msgr2=0x7fee5419ee60 secure :-1 s=STATE_CONNECTION_ESTABLISHED l=1).mark_down
2026-02-17T21:02:46.630 INFO:teuthology.orchestra.run.trial170.stdout:/usr/bin/ceph: stderr
2026-02-17T21:02:46.600+0000 7fee5a9e5640 1 --2- 10.20.193.170:0/2314569596 >> [v2:10.20.193.170:3300/0,v1:10.20.193.170:6789/0] conn(0x7fee541090f0 0x7fee5419ee60 secure :-1 s=READY pgs=42 cs=0 l=1 rev1=1 crypto rx=0x7fee40006fd0 tx=0x7fee40035570 comp rx=0 tx=0).stop
2026-02-17T21:02:46.630 INFO:teuthology.orchestra.run.trial170.stdout:/usr/bin/ceph: stderr
2026-02-17T21:02:46.600+0000 7fee5a9e5640 1 -- 10.20.193.170:0/2314569596 shutdown_connections
2026-02-17T21:02:46.630 INFO:teuthology.orchestra.run.trial170.stdout:/usr/bin/ceph: stderr
2026-02-17T21:02:46.600+0000 7fee5a9e5640 1 --2- 10.20.193.170:0/2314569596 >> [v2:10.20.193.170:6800/3376538184,v1:10.20.193.170:6801/3376538184] conn(0x7fee2803dcb0 0x7fee28040170 unknown :-1 s=CLOSED pgs=10 cs=0 l=1 rev1=1 crypto rx=0 tx=0 comp rx=0 tx=0).stop
2026-02-17T21:02:46.630 INFO:teuthology.orchestra.run.trial170.stdout:/usr/bin/ceph: stderr
2026-02-17T21:02:46.600+0000 7fee5a9e5640 1 --2- 10.20.193.170:0/2314569596 >> [v2:10.20.193.170:3300/0,v1:10.20.193.170:6789/0] conn(0x7fee541090f0 0x7fee5419ee60 unknown :-1 s=CLOSED pgs=42 cs=0 l=1 rev1=1 crypto rx=0 tx=0 comp rx=0 tx=0).stop
2026-02-17T21:02:46.630 INFO:teuthology.orchestra.run.trial170.stdout:/usr/bin/ceph: stderr
2026-02-17T21:02:46.600+0000 7fee5a9e5640 1 -- 10.20.193.170:0/2314569596 >> 10.20.193.170:0/2314569596 conn(0x7fee5407c610 msgr2=0x7fee54106690 unknown :-1 s=STATE_NONE l=0).mark_down
2026-02-17T21:02:46.630 INFO:teuthology.orchestra.run.trial170.stdout:/usr/bin/ceph: stderr
2026-02-17T21:02:46.600+0000 7fee5a9e5640 1 -- 10.20.193.170:0/2314569596 shutdown_connections
2026-02-17T21:02:46.631 INFO:teuthology.orchestra.run.trial170.stdout:/usr/bin/ceph: stderr
2026-02-17T21:02:46.600+0000 7fee5a9e5640 1 -- 10.20.193.170:0/2314569596 wait complete.
2026-02-17T21:02:46.631 INFO:teuthology.orchestra.run.trial170.stdout:Wrote public SSH key to /home/ubuntu/cephtest/ceph.pub
2026-02-17T21:02:46.631 INFO:teuthology.orchestra.run.trial170.stdout:Adding key to root@localhost authorized_keys...
2026-02-17T21:02:46.631 INFO:teuthology.orchestra.run.trial170.stdout:Adding host trial170...
2026-02-17T21:02:47.118 INFO:journalctl@ceph.mon.a.trial170.stdout:Feb 17 21:02:47 trial170 ceph-mon[20500]: from='client.14122 -' entity='client.admin' cmd=[{"prefix": "get_command_descriptions"}]: dispatch
2026-02-17T21:02:47.118 INFO:journalctl@ceph.mon.a.trial170.stdout:Feb 17 21:02:47 trial170 ceph-mon[20500]: from='client.14122 -' entity='client.admin' cmd=[{"prefix": "mgr_status"}]: dispatch
2026-02-17T21:02:47.118 INFO:journalctl@ceph.mon.a.trial170.stdout:Feb 17 21:02:47 trial170 ceph-mon[20500]: from='client.14130 -' entity='client.admin' cmd=[{"prefix": "orch set backend", "module_name": "cephadm", "target": ["mon-mgr", ""]}]: dispatch
2026-02-17T21:02:47.118 INFO:journalctl@ceph.mon.a.trial170.stdout:Feb 17 21:02:47 trial170 ceph-mon[20500]: from='mgr.14118 10.20.193.170:0/2381042229' entity='mgr.a'
2026-02-17T21:02:47.118 INFO:journalctl@ceph.mon.a.trial170.stdout:Feb 17 21:02:47 trial170 ceph-mon[20500]: from='mgr.14118 10.20.193.170:0/2381042229' entity='mgr.a'
2026-02-17T21:02:47.118 INFO:journalctl@ceph.mon.a.trial170.stdout:Feb 17 21:02:47 trial170 ceph-mon[20500]: from='mgr.14118 10.20.193.170:0/2381042229' entity='mgr.a' cmd=[{"prefix": "config dump", "format": "json"}]: dispatch
2026-02-17T21:02:48.249 INFO:journalctl@ceph.mon.a.trial170.stdout:Feb 17 21:02:48 trial170 ceph-mon[20500]: from='client.14132 -' entity='client.admin' cmd=[{"prefix": "cephadm set-user", "user": "root", "target": ["mon-mgr", ""]}]: dispatch
2026-02-17T21:02:48.250 INFO:journalctl@ceph.mon.a.trial170.stdout:Feb 17 21:02:48 trial170 ceph-mon[20500]: [17/Feb/2026:21:02:46] ENGINE Bus STARTING
2026-02-17T21:02:48.250 INFO:journalctl@ceph.mon.a.trial170.stdout:Feb 17 21:02:48 trial170 ceph-mon[20500]: [17/Feb/2026:21:02:46] ENGINE Serving on http://10.20.193.170:8765
2026-02-17T21:02:48.250 INFO:journalctl@ceph.mon.a.trial170.stdout:Feb 17 21:02:48 trial170 ceph-mon[20500]: from='client.14134 -' entity='client.admin' cmd=[{"prefix": "cephadm generate-key", "target": ["mon-mgr", ""]}]: dispatch
2026-02-17T21:02:48.250 INFO:journalctl@ceph.mon.a.trial170.stdout:Feb 17 21:02:48 trial170 ceph-mon[20500]: Generating ssh key...
2026-02-17T21:02:48.250 INFO:journalctl@ceph.mon.a.trial170.stdout:Feb 17 21:02:48 trial170 ceph-mon[20500]: [17/Feb/2026:21:02:46] ENGINE Serving on https://10.20.193.170:7150
2026-02-17T21:02:48.250 INFO:journalctl@ceph.mon.a.trial170.stdout:Feb 17 21:02:48 trial170 ceph-mon[20500]: [17/Feb/2026:21:02:46] ENGINE Bus STARTED
2026-02-17T21:02:48.250 INFO:journalctl@ceph.mon.a.trial170.stdout:Feb 17 21:02:48 trial170 ceph-mon[20500]: [17/Feb/2026:21:02:46] ENGINE Client ('10.20.193.170', 37794) lost — peer dropped the TLS connection suddenly, during handshake: (6, 'TLS/SSL connection has been closed (EOF) (_ssl.c:1147)')
2026-02-17T21:02:48.250 INFO:journalctl@ceph.mon.a.trial170.stdout:Feb 17 21:02:48 trial170 ceph-mon[20500]: from='client.14136 -' entity='client.admin' cmd=[{"prefix": "cephadm get-pub-key", "target": ["mon-mgr", ""]}]: dispatch
2026-02-17T21:02:48.250 INFO:journalctl@ceph.mon.a.trial170.stdout:Feb 17 21:02:48 trial170 ceph-mon[20500]: from='client.14138 -' entity='client.admin' cmd=[{"prefix": "orch host add", "hostname": "trial170", "addr": "10.20.193.170", "target": ["mon-mgr", ""]}]: dispatch
2026-02-17T21:02:48.251 INFO:journalctl@ceph.mon.a.trial170.stdout:Feb 17 21:02:48 trial170 ceph-mon[20500]: mgrmap e8: a(active, since 2s)
2026-02-17T21:02:48.299 INFO:teuthology.orchestra.run.trial170.stdout:/usr/bin/ceph: stdout Added host 'trial170' with addr '10.20.193.170'
2026-02-17T21:02:48.299 INFO:teuthology.orchestra.run.trial170.stdout:/usr/bin/ceph: stderr
2026-02-17T21:02:46.713+0000 7f4371d83640 1 Processor -- start
2026-02-17T21:02:48.299 INFO:teuthology.orchestra.run.trial170.stdout:/usr/bin/ceph: stderr
2026-02-17T21:02:46.713+0000 7f4371d83640 1 -- start start
2026-02-17T21:02:48.299 INFO:teuthology.orchestra.run.trial170.stdout:/usr/bin/ceph: stderr
2026-02-17T21:02:46.713+0000 7f4371d83640 1 --2- >> [v2:10.20.193.170:3300/0,v1:10.20.193.170:6789/0] conn(0x7f436c106e50 0x7f436c107250 unknown :-1 s=NONE pgs=0 cs=0 l=0 rev1=0 crypto rx=0 tx=0 comp rx=0 tx=0).connect
2026-02-17T21:02:48.299 INFO:teuthology.orchestra.run.trial170.stdout:/usr/bin/ceph: stderr
2026-02-17T21:02:46.713+0000 7f4371d83640 1 -- --> [v2:10.20.193.170:3300/0,v1:10.20.193.170:6789/0] -- mon_getmap magic: 0 -- 0x7f436c107790 con 0x7f436c106e50
2026-02-17T21:02:48.299 INFO:teuthology.orchestra.run.trial170.stdout:/usr/bin/ceph: stderr
2026-02-17T21:02:46.713+0000 7f436b7fe640 1 --2- >> [v2:10.20.193.170:3300/0,v1:10.20.193.170:6789/0] conn(0x7f436c106e50 0x7f436c107250 unknown :-1 s=BANNER_CONNECTING pgs=0 cs=0 l=0 rev1=0 crypto rx=0 tx=0 comp rx=0 tx=0)._handle_peer_banner_payload supported=3 required=0
2026-02-17T21:02:48.299 INFO:teuthology.orchestra.run.trial170.stdout:/usr/bin/ceph: stderr
2026-02-17T21:02:46.713+0000 7f436b7fe640 1 --2- >> [v2:10.20.193.170:3300/0,v1:10.20.193.170:6789/0] conn(0x7f436c106e50 0x7f436c107250 unknown :-1 s=HELLO_CONNECTING pgs=0 cs=0 l=0 rev1=1 crypto rx=0 tx=0 comp rx=0 tx=0).handle_hello peer v2:10.20.193.170:3300/0 says I am v2:10.20.193.170:36244/0 (socket says 10.20.193.170:36244)
2026-02-17T21:02:48.300 INFO:teuthology.orchestra.run.trial170.stdout:/usr/bin/ceph: stderr
2026-02-17T21:02:46.713+0000 7f436b7fe640 1 -- 10.20.193.170:0/886250047 learned_addr learned my addr 10.20.193.170:0/886250047 (peer_addr_for_me v2:10.20.193.170:0/0)
2026-02-17T21:02:48.300 INFO:teuthology.orchestra.run.trial170.stdout:/usr/bin/ceph: stderr
2026-02-17T21:02:46.713+0000 7f436b7fe640 1 -- 10.20.193.170:0/886250047 --> [v2:10.20.193.170:3300/0,v1:10.20.193.170:6789/0] -- mon_subscribe({config=0+,monmap=0+}) -- 0x7f436c107fb0 con 0x7f436c106e50
2026-02-17T21:02:48.300 INFO:teuthology.orchestra.run.trial170.stdout:/usr/bin/ceph: stderr
2026-02-17T21:02:46.714+0000 7f436b7fe640 1 --2- 10.20.193.170:0/886250047 >> [v2:10.20.193.170:3300/0,v1:10.20.193.170:6789/0] conn(0x7f436c106e50 0x7f436c107250 secure :-1 s=READY pgs=43 cs=0 l=1 rev1=1 crypto rx=0x7f4358009920 tx=0x7f435802ef20 comp rx=0 tx=0).ready entity=mon.0 client_cookie=30c388a52772a403 server_cookie=0 in_seq=0 out_seq=0
2026-02-17T21:02:48.300 INFO:teuthology.orchestra.run.trial170.stdout:/usr/bin/ceph: stderr
2026-02-17T21:02:46.714+0000 7f436a7fc640 1 -- 10.20.193.170:0/886250047 <== mon.0 v2:10.20.193.170:3300/0 1 ==== mon_map magic: 0 ==== 205+0+0 (secure 0 0 0) 0x7f435803c070 con 0x7f436c106e50
2026-02-17T21:02:48.300 INFO:teuthology.orchestra.run.trial170.stdout:/usr/bin/ceph: stderr
2026-02-17T21:02:46.714+0000 7f436a7fc640 1 -- 10.20.193.170:0/886250047 <== mon.0 v2:10.20.193.170:3300/0 2 ==== config(24 keys) ==== 975+0+0 (secure 0 0 0) 0x7f4358037440 con 0x7f436c106e50
2026-02-17T21:02:48.300 INFO:teuthology.orchestra.run.trial170.stdout:/usr/bin/ceph: stderr
2026-02-17T21:02:46.714+0000 7f436a7fc640 1 -- 10.20.193.170:0/886250047 <== mon.0 v2:10.20.193.170:3300/0 3 ==== mon_map magic: 0 ==== 205+0+0 (secure 0 0 0) 0x7f4358035340 con 0x7f436c106e50
2026-02-17T21:02:48.300 INFO:teuthology.orchestra.run.trial170.stdout:/usr/bin/ceph: stderr
2026-02-17T21:02:46.714+0000 7f4371d83640 1 -- 10.20.193.170:0/886250047 >> [v2:10.20.193.170:3300/0,v1:10.20.193.170:6789/0] conn(0x7f436c106e50 msgr2=0x7f436c107250 secure :-1 s=STATE_CONNECTION_ESTABLISHED l=1).mark_down
2026-02-17T21:02:48.300 INFO:teuthology.orchestra.run.trial170.stdout:/usr/bin/ceph: stderr
2026-02-17T21:02:46.714+0000 7f4371d83640 1 --2- 10.20.193.170:0/886250047 >> [v2:10.20.193.170:3300/0,v1:10.20.193.170:6789/0] conn(0x7f436c106e50 0x7f436c107250 secure :-1 s=READY pgs=43 cs=0 l=1 rev1=1 crypto rx=0x7f4358009920 tx=0x7f435802ef20 comp rx=0 tx=0).stop
2026-02-17T21:02:48.300 INFO:teuthology.orchestra.run.trial170.stdout:/usr/bin/ceph: stderr
2026-02-17T21:02:46.714+0000 7f4371d83640 1 -- 10.20.193.170:0/886250047 shutdown_connections
2026-02-17T21:02:48.300 INFO:teuthology.orchestra.run.trial170.stdout:/usr/bin/ceph: stderr
2026-02-17T21:02:46.714+0000 7f4371d83640 1 --2- 10.20.193.170:0/886250047 >> [v2:10.20.193.170:3300/0,v1:10.20.193.170:6789/0] conn(0x7f436c106e50 0x7f436c107250 unknown :-1 s=CLOSED pgs=43 cs=0 l=1 rev1=1 crypto rx=0 tx=0 comp rx=0 tx=0).stop
2026-02-17T21:02:48.300 INFO:teuthology.orchestra.run.trial170.stdout:/usr/bin/ceph: stderr
2026-02-17T21:02:46.714+0000 7f4371d83640 1 -- 10.20.193.170:0/886250047 >> 10.20.193.170:0/886250047 conn(0x7f436c102640 msgr2=0x7f436c104a60 unknown :-1 s=STATE_NONE l=0).mark_down
2026-02-17T21:02:48.300 INFO:teuthology.orchestra.run.trial170.stdout:/usr/bin/ceph: stderr
2026-02-17T21:02:46.714+0000 7f4371d83640 1 -- 10.20.193.170:0/886250047 shutdown_connections
2026-02-17T21:02:48.301 INFO:teuthology.orchestra.run.trial170.stdout:/usr/bin/ceph: stderr
2026-02-17T21:02:46.714+0000 7f4371d83640 1 -- 10.20.193.170:0/886250047 wait complete.
2026-02-17T21:02:48.301 INFO:teuthology.orchestra.run.trial170.stdout:/usr/bin/ceph: stderr
2026-02-17T21:02:46.714+0000 7f4371d83640 1 Processor -- start
2026-02-17T21:02:48.301 INFO:teuthology.orchestra.run.trial170.stdout:/usr/bin/ceph: stderr
2026-02-17T21:02:46.714+0000 7f4371d83640 1 -- start start
2026-02-17T21:02:48.301 INFO:teuthology.orchestra.run.trial170.stdout:/usr/bin/ceph: stderr
2026-02-17T21:02:46.714+0000 7f4371d83640 1 --2- >> [v2:10.20.193.170:3300/0,v1:10.20.193.170:6789/0] conn(0x7f436c106e50 0x7f436c19cb60 unknown :-1 s=NONE pgs=0 cs=0 l=1 rev1=0 crypto rx=0 tx=0 comp rx=0 tx=0).connect
2026-02-17T21:02:48.301 INFO:teuthology.orchestra.run.trial170.stdout:/usr/bin/ceph: stderr
2026-02-17T21:02:46.715+0000 7f4371d83640 1 -- --> [v2:10.20.193.170:3300/0,v1:10.20.193.170:6789/0] -- mon_getmap magic: 0 -- 0x7f436c10b270 con 0x7f436c106e50
2026-02-17T21:02:48.301 INFO:teuthology.orchestra.run.trial170.stdout:/usr/bin/ceph: stderr
2026-02-17T21:02:46.715+0000 7f436b7fe640 1 --2- >> [v2:10.20.193.170:3300/0,v1:10.20.193.170:6789/0] conn(0x7f436c106e50 0x7f436c19cb60 unknown :-1 s=BANNER_CONNECTING pgs=0 cs=0 l=1 rev1=0 crypto rx=0 tx=0 comp rx=0 tx=0)._handle_peer_banner_payload supported=3 required=0
2026-02-17T21:02:48.301 INFO:teuthology.orchestra.run.trial170.stdout:/usr/bin/ceph: stderr
2026-02-17T21:02:46.715+0000 7f436b7fe640 1 --2- >> [v2:10.20.193.170:3300/0,v1:10.20.193.170:6789/0] conn(0x7f436c106e50 0x7f436c19cb60 unknown :-1 s=HELLO_CONNECTING pgs=0 cs=0 l=1 rev1=1 crypto rx=0 tx=0 comp rx=0 tx=0).handle_hello peer v2:10.20.193.170:3300/0 says I am v2:10.20.193.170:36254/0 (socket says 10.20.193.170:36254)
2026-02-17T21:02:48.301 INFO:teuthology.orchestra.run.trial170.stdout:/usr/bin/ceph: stderr
2026-02-17T21:02:46.715+0000 7f436b7fe640 1 -- 10.20.193.170:0/4240675713 learned_addr learned my addr 10.20.193.170:0/4240675713 (peer_addr_for_me v2:10.20.193.170:0/0)
2026-02-17T21:02:48.301 INFO:teuthology.orchestra.run.trial170.stdout:/usr/bin/ceph: stderr
2026-02-17T21:02:46.715+0000 7f436b7fe640 1 -- 10.20.193.170:0/4240675713 --> [v2:10.20.193.170:3300/0,v1:10.20.193.170:6789/0] -- mon_subscribe({config=0+,monmap=0+}) -- 0x7f436c19d0a0 con 0x7f436c106e50
2026-02-17T21:02:48.301 INFO:teuthology.orchestra.run.trial170.stdout:/usr/bin/ceph: stderr
2026-02-17T21:02:46.715+0000 7f436b7fe640 1 --2- 10.20.193.170:0/4240675713 >> [v2:10.20.193.170:3300/0,v1:10.20.193.170:6789/0] conn(0x7f436c106e50 0x7f436c19cb60 secure :-1 s=READY pgs=44 cs=0 l=1 rev1=1 crypto rx=0x7f4358006fd0 tx=0x7f4358035f80 comp rx=0 tx=0).ready entity=mon.0 client_cookie=0 server_cookie=0 in_seq=0 out_seq=0
2026-02-17T21:02:48.301 INFO:teuthology.orchestra.run.trial170.stdout:/usr/bin/ceph: stderr
2026-02-17T21:02:46.715+0000 7f4368ff9640 1 -- 10.20.193.170:0/4240675713 <== mon.0 v2:10.20.193.170:3300/0 1 ==== mon_map magic: 0 ==== 205+0+0 (secure 0 0 0) 0x7f4358045070 con 0x7f436c106e50
2026-02-17T21:02:48.301 INFO:teuthology.orchestra.run.trial170.stdout:/usr/bin/ceph: stderr
2026-02-17T21:02:46.715+0000 7f4368ff9640 1 -- 10.20.193.170:0/4240675713 <== mon.0 v2:10.20.193.170:3300/0 2 ==== config(24 keys) ==== 975+0+0 (secure 0 0 0) 0x7f4358040450 con 0x7f436c106e50
2026-02-17T21:02:48.301 INFO:teuthology.orchestra.run.trial170.stdout:/usr/bin/ceph: stderr
2026-02-17T21:02:46.715+0000 7f4371d83640 1 -- 10.20.193.170:0/4240675713 --> [v2:10.20.193.170:3300/0,v1:10.20.193.170:6789/0] -- mon_subscribe({mgrmap=0+}) -- 0x7f436c19d330 con 0x7f436c106e50
2026-02-17T21:02:48.302 INFO:teuthology.orchestra.run.trial170.stdout:/usr/bin/ceph: stderr
2026-02-17T21:02:46.715+0000 7f4368ff9640 1 -- 10.20.193.170:0/4240675713 <== mon.0 v2:10.20.193.170:3300/0 3 ==== mon_map magic: 0 ==== 205+0+0 (secure 0 0 0) 0x7f435803c070 con 0x7f436c106e50
2026-02-17T21:02:48.302 INFO:teuthology.orchestra.run.trial170.stdout:/usr/bin/ceph: stderr
2026-02-17T21:02:46.715+0000 7f4371d83640 1 -- 10.20.193.170:0/4240675713 --> [v2:10.20.193.170:3300/0,v1:10.20.193.170:6789/0] -- mon_subscribe({osdmap=0}) -- 0x7f436c1a0020 con 0x7f436c106e50
2026-02-17T21:02:48.302 INFO:teuthology.orchestra.run.trial170.stdout:/usr/bin/ceph: stderr
2026-02-17T21:02:46.715+0000 7f4371d83640 1 -- 10.20.193.170:0/4240675713 --> [v2:10.20.193.170:3300/0,v1:10.20.193.170:6789/0] -- mon_command({"prefix": "get_command_descriptions"} v 0) -- 0x7f436c1072d0 con 0x7f436c106e50
2026-02-17T21:02:48.302 INFO:teuthology.orchestra.run.trial170.stdout:/usr/bin/ceph: stderr
2026-02-17T21:02:46.716+0000 7f4368ff9640 1 -- 10.20.193.170:0/4240675713 <== mon.0 v2:10.20.193.170:3300/0 4 ==== mgrmap(e 7) ==== 50313+0+0 (secure 0 0 0) 0x7f435802fae0 con 0x7f436c106e50
2026-02-17T21:02:48.302 INFO:teuthology.orchestra.run.trial170.stdout:/usr/bin/ceph: stderr
2026-02-17T21:02:46.716+0000 7f4368ff9640 20 mgrc handle_mgr_map mgrmap(e 7)
2026-02-17T21:02:48.302 INFO:teuthology.orchestra.run.trial170.stdout:/usr/bin/ceph: stderr
2026-02-17T21:02:46.716+0000 7f4368ff9640 4 mgrc handle_mgr_map Got map version 7
2026-02-17T21:02:48.302 INFO:teuthology.orchestra.run.trial170.stdout:/usr/bin/ceph: stderr
2026-02-17T21:02:46.716+0000 7f4368ff9640 4 mgrc handle_mgr_map Active mgr is now [v2:10.20.193.170:6800/3376538184,v1:10.20.193.170:6801/3376538184]
2026-02-17T21:02:48.302 INFO:teuthology.orchestra.run.trial170.stdout:/usr/bin/ceph: stderr
2026-02-17T21:02:46.716+0000 7f4368ff9640 4 mgrc reconnect Starting new session with [v2:10.20.193.170:6800/3376538184,v1:10.20.193.170:6801/3376538184]
2026-02-17T21:02:48.302 INFO:teuthology.orchestra.run.trial170.stdout:/usr/bin/ceph: stderr
2026-02-17T21:02:46.716+0000 7f4368ff9640 1 --2- 10.20.193.170:0/4240675713 >> [v2:10.20.193.170:6800/3376538184,v1:10.20.193.170:6801/3376538184] conn(0x7f434003dd10 0x7f43400401d0 unknown :-1 s=NONE pgs=0 cs=0 l=1 rev1=0 crypto rx=0 tx=0 comp rx=0 tx=0).connect
2026-02-17T21:02:48.302 INFO:teuthology.orchestra.run.trial170.stdout:/usr/bin/ceph: stderr
2026-02-17T21:02:46.716+0000 7f4368ff9640 1 -- 10.20.193.170:0/4240675713 <== mon.0 v2:10.20.193.170:3300/0 5 ==== osd_map(2..2 src has 1..2) ==== 940+0+0 (secure 0 0 0) 0x7f4358076820 con 0x7f436c106e50
2026-02-17T21:02:48.302 INFO:teuthology.orchestra.run.trial170.stdout:/usr/bin/ceph: stderr
2026-02-17T21:02:46.716+0000 7f436affd640 1 --2- 10.20.193.170:0/4240675713 >> [v2:10.20.193.170:6800/3376538184,v1:10.20.193.170:6801/3376538184] conn(0x7f434003dd10 0x7f43400401d0 unknown :-1 s=BANNER_CONNECTING pgs=0 cs=0 l=1 rev1=0 crypto rx=0 tx=0 comp rx=0 tx=0)._handle_peer_banner_payload supported=3 required=0
2026-02-17T21:02:48.303 INFO:teuthology.orchestra.run.trial170.stdout:/usr/bin/ceph: stderr
2026-02-17T21:02:46.716+0000 7f436affd640 1 --2- 10.20.193.170:0/4240675713 >> [v2:10.20.193.170:6800/3376538184,v1:10.20.193.170:6801/3376538184] conn(0x7f434003dd10 0x7f43400401d0 secure :-1 s=READY pgs=11 cs=0 l=1 rev1=1 crypto rx=0x7f435c0099c0 tx=0x7f435c006eb0 comp rx=0 tx=0).ready entity=mgr.14118 client_cookie=0 server_cookie=0 in_seq=0 out_seq=0
2026-02-17T21:02:48.303 INFO:teuthology.orchestra.run.trial170.stdout:/usr/bin/ceph: stderr
2026-02-17T21:02:46.719+0000 7f4368ff9640 1 -- 10.20.193.170:0/4240675713 <== mon.0 v2:10.20.193.170:3300/0 6 ==== mon_command_ack([{"prefix": "get_command_descriptions"}]=0 v0) ==== 72+0+195034 (secure 0 0 0) 0x7f4358033200 con 0x7f436c106e50
2026-02-17T21:02:48.303 INFO:teuthology.orchestra.run.trial170.stdout:/usr/bin/ceph: stderr
2026-02-17T21:02:46.804+0000 7f4371d83640 20 mgrc start_command cmd: [{"prefix": "orch host add", "hostname": "trial170", "addr": "10.20.193.170", "target": ["mon-mgr", ""]}]
2026-02-17T21:02:48.303 INFO:teuthology.orchestra.run.trial170.stdout:/usr/bin/ceph: stderr
2026-02-17T21:02:46.804+0000 7f4371d83640 1 -- 10.20.193.170:0/4240675713 --> [v2:10.20.193.170:6800/3376538184,v1:10.20.193.170:6801/3376538184] -- mgr_command(tid 0: {"prefix": "orch host add", "hostname": "trial170", "addr": "10.20.193.170", "target": ["mon-mgr", ""]}) -- 0x7f436c1a01f0 con 0x7f434003dd10
2026-02-17T21:02:48.303 INFO:teuthology.orchestra.run.trial170.stdout:/usr/bin/ceph: stderr
2026-02-17T21:02:47.391+0000 7f4368ff9640 1 -- 10.20.193.170:0/4240675713 <== mon.0 v2:10.20.193.170:3300/0 7 ==== mgrmap(e 8) ==== 50419+0+0 (secure 0 0 0) 0x7f4358078cb0 con 0x7f436c106e50
2026-02-17T21:02:48.303 INFO:teuthology.orchestra.run.trial170.stdout:/usr/bin/ceph: stderr
2026-02-17T21:02:47.391+0000 7f4368ff9640 20 mgrc handle_mgr_map mgrmap(e 8)
2026-02-17T21:02:48.303 INFO:teuthology.orchestra.run.trial170.stdout:/usr/bin/ceph: stderr
2026-02-17T21:02:47.391+0000 7f4368ff9640 4 mgrc handle_mgr_map Got map version 8
2026-02-17T21:02:48.303 INFO:teuthology.orchestra.run.trial170.stdout:/usr/bin/ceph: stderr
2026-02-17T21:02:47.391+0000 7f4368ff9640 4 mgrc handle_mgr_map Active mgr is now [v2:10.20.193.170:6800/3376538184,v1:10.20.193.170:6801/3376538184]
2026-02-17T21:02:48.303 INFO:teuthology.orchestra.run.trial170.stdout:/usr/bin/ceph: stderr
2026-02-17T21:02:48.247+0000 7f4368ff9640 1 -- 10.20.193.170:0/4240675713 <== mgr.14118 v2:10.20.193.170:6800/3376538184 1 ==== mgr_command_reply(tid 0: 0 ) ==== 8+0+48 (secure 0 0 0) 0x7f436c1a01f0 con 0x7f434003dd10
2026-02-17T21:02:48.303 INFO:teuthology.orchestra.run.trial170.stdout:/usr/bin/ceph: stderr
2026-02-17T21:02:48.247+0000 7f4368ff9640 20 mgrc handle_command_reply tid 0 r 0
2026-02-17T21:02:48.303 INFO:teuthology.orchestra.run.trial170.stdout:/usr/bin/ceph: stderr
2026-02-17T21:02:48.249+0000 7f4371d83640 10 mgrc shutdown
2026-02-17T21:02:48.303 INFO:teuthology.orchestra.run.trial170.stdout:/usr/bin/ceph: stderr
2026-02-17T21:02:48.249+0000 7f4371d83640 1 -- 10.20.193.170:0/4240675713 >> [v2:10.20.193.170:6800/3376538184,v1:10.20.193.170:6801/3376538184] conn(0x7f434003dd10 msgr2=0x7f43400401d0 secure :-1 s=STATE_CONNECTION_ESTABLISHED l=1).mark_down
2026-02-17T21:02:48.303 INFO:teuthology.orchestra.run.trial170.stdout:/usr/bin/ceph: stderr
2026-02-17T21:02:48.249+0000 7f4371d83640 1 --2- 10.20.193.170:0/4240675713 >> [v2:10.20.193.170:6800/3376538184,v1:10.20.193.170:6801/3376538184] conn(0x7f434003dd10 0x7f43400401d0 secure :-1 s=READY pgs=11 cs=0 l=1 rev1=1 crypto rx=0x7f435c0099c0 tx=0x7f435c006eb0 comp rx=0 tx=0).stop
2026-02-17T21:02:48.304 INFO:teuthology.orchestra.run.trial170.stdout:/usr/bin/ceph: stderr
2026-02-17T21:02:48.249+0000 7f4371d83640 1 -- 10.20.193.170:0/4240675713 >> [v2:10.20.193.170:3300/0,v1:10.20.193.170:6789/0] conn(0x7f436c106e50 msgr2=0x7f436c19cb60 secure :-1 s=STATE_CONNECTION_ESTABLISHED l=1).mark_down
2026-02-17T21:02:48.304 INFO:teuthology.orchestra.run.trial170.stdout:/usr/bin/ceph: stderr
2026-02-17T21:02:48.249+0000 7f4371d83640 1 --2- 10.20.193.170:0/4240675713 >> [v2:10.20.193.170:3300/0,v1:10.20.193.170:6789/0] conn(0x7f436c106e50 0x7f436c19cb60 secure :-1 s=READY pgs=44 cs=0 l=1 rev1=1 crypto rx=0x7f4358006fd0 tx=0x7f4358035f80 comp rx=0 tx=0).stop
2026-02-17T21:02:48.304 INFO:teuthology.orchestra.run.trial170.stdout:/usr/bin/ceph: stderr
2026-02-17T21:02:48.249+0000 7f4371d83640 1 -- 10.20.193.170:0/4240675713 shutdown_connections
2026-02-17T21:02:48.304 INFO:teuthology.orchestra.run.trial170.stdout:/usr/bin/ceph: stderr
2026-02-17T21:02:48.249+0000 7f4371d83640 1 --2- 10.20.193.170:0/4240675713 >> [v2:10.20.193.170:6800/3376538184,v1:10.20.193.170:6801/3376538184] conn(0x7f434003dd10 0x7f43400401d0 unknown :-1 s=CLOSED pgs=11 cs=0 l=1 rev1=1 crypto rx=0 tx=0 comp rx=0 tx=0).stop
2026-02-17T21:02:48.304 INFO:teuthology.orchestra.run.trial170.stdout:/usr/bin/ceph: stderr
2026-02-17T21:02:48.249+0000 7f4371d83640 1 --2- 10.20.193.170:0/4240675713 >> [v2:10.20.193.170:3300/0,v1:10.20.193.170:6789/0] conn(0x7f436c106e50 0x7f436c19cb60 unknown :-1 s=CLOSED pgs=44 cs=0 l=1 rev1=1 crypto rx=0 tx=0 comp rx=0 tx=0).stop
2026-02-17T21:02:48.304 INFO:teuthology.orchestra.run.trial170.stdout:/usr/bin/ceph: stderr
2026-02-17T21:02:48.249+0000 7f4371d83640 1 -- 10.20.193.170:0/4240675713 >> 10.20.193.170:0/4240675713 conn(0x7f436c102640 msgr2=0x7f436c1031d0 unknown :-1 s=STATE_NONE l=0).mark_down
2026-02-17T21:02:48.304 INFO:teuthology.orchestra.run.trial170.stdout:/usr/bin/ceph: stderr
2026-02-17T21:02:48.249+0000 7f4371d83640 1 -- 10.20.193.170:0/4240675713 shutdown_connections
2026-02-17T21:02:48.304 INFO:teuthology.orchestra.run.trial170.stdout:/usr/bin/ceph: stderr
2026-02-17T21:02:48.249+0000 7f4371d83640 1 -- 10.20.193.170:0/4240675713 wait complete.
2026-02-17T21:02:48.304 INFO:teuthology.orchestra.run.trial170.stdout:Deploying unmanaged mon service...
2026-02-17T21:02:48.576 INFO:teuthology.orchestra.run.trial170.stdout:/usr/bin/ceph: stdout Scheduled mon update...
2026-02-17T21:02:48.576 INFO:teuthology.orchestra.run.trial170.stdout:/usr/bin/ceph: stderr
2026-02-17T21:02:48.397+0000 7fea8cda5640 1 Processor -- start
2026-02-17T21:02:48.577 INFO:teuthology.orchestra.run.trial170.stdout:/usr/bin/ceph: stderr
2026-02-17T21:02:48.398+0000 7fea8cda5640 1 -- start start
2026-02-17T21:02:48.577 INFO:teuthology.orchestra.run.trial170.stdout:/usr/bin/ceph: stderr
2026-02-17T21:02:48.398+0000 7fea8cda5640 1 --2- >> [v2:10.20.193.170:3300/0,v1:10.20.193.170:6789/0] conn(0x7fea881090d0 0x7fea881094d0 unknown :-1 s=NONE pgs=0 cs=0 l=0 rev1=0 crypto rx=0 tx=0 comp rx=0 tx=0).connect
2026-02-17T21:02:48.577 INFO:teuthology.orchestra.run.trial170.stdout:/usr/bin/ceph: stderr
2026-02-17T21:02:48.398+0000 7fea8cda5640 1 -- --> [v2:10.20.193.170:3300/0,v1:10.20.193.170:6789/0] -- mon_getmap magic: 0 -- 0x7fea88109aa0 con 0x7fea881090d0
2026-02-17T21:02:48.577 INFO:teuthology.orchestra.run.trial170.stdout:/usr/bin/ceph: stderr
2026-02-17T21:02:48.398+0000 7fea86575640 1 --2- >> [v2:10.20.193.170:3300/0,v1:10.20.193.170:6789/0] conn(0x7fea881090d0 0x7fea881094d0 unknown :-1 s=BANNER_CONNECTING pgs=0 cs=0 l=0 rev1=0 crypto rx=0 tx=0 comp rx=0 tx=0)._handle_peer_banner_payload supported=3 required=0
2026-02-17T21:02:48.577 INFO:teuthology.orchestra.run.trial170.stdout:/usr/bin/ceph: stderr
2026-02-17T21:02:48.398+0000 7fea86575640 1 --2- >> [v2:10.20.193.170:3300/0,v1:10.20.193.170:6789/0] conn(0x7fea881090d0 0x7fea881094d0 unknown :-1 s=HELLO_CONNECTING pgs=0 cs=0 l=0 rev1=1 crypto rx=0 tx=0 comp rx=0 tx=0).handle_hello peer v2:10.20.193.170:3300/0 says I am v2:10.20.193.170:36270/0 (socket says 10.20.193.170:36270)
2026-02-17T21:02:48.577 INFO:teuthology.orchestra.run.trial170.stdout:/usr/bin/ceph: stderr
2026-02-17T21:02:48.398+0000 7fea86575640 1 -- 10.20.193.170:0/4176139332 learned_addr learned my addr 10.20.193.170:0/4176139332 (peer_addr_for_me v2:10.20.193.170:0/0)
2026-02-17T21:02:48.577 INFO:teuthology.orchestra.run.trial170.stdout:/usr/bin/ceph: stderr
2026-02-17T21:02:48.398+0000 7fea86575640 1 -- 10.20.193.170:0/4176139332 --> [v2:10.20.193.170:3300/0,v1:10.20.193.170:6789/0] -- mon_subscribe({config=0+,monmap=0+}) -- 0x7fea8810a2d0 con 0x7fea881090d0
2026-02-17T21:02:48.577 INFO:teuthology.orchestra.run.trial170.stdout:/usr/bin/ceph: stderr
2026-02-17T21:02:48.399+0000 7fea86575640 1 --2- 10.20.193.170:0/4176139332 >> [v2:10.20.193.170:3300/0,v1:10.20.193.170:6789/0] conn(0x7fea881090d0 0x7fea881094d0 secure :-1 s=READY pgs=45 cs=0 l=1 rev1=1 crypto rx=0x7fea7c009920 tx=0x7fea7c02ef20 comp rx=0 tx=0).ready entity=mon.0 client_cookie=affa677601560bcf server_cookie=0 in_seq=0 out_seq=0
2026-02-17T21:02:48.577 INFO:teuthology.orchestra.run.trial170.stdout:/usr/bin/ceph: stderr
2026-02-17T21:02:48.399+0000 7fea85573640 1 -- 10.20.193.170:0/4176139332 <== mon.0 v2:10.20.193.170:3300/0 1 ==== mon_map magic: 0 ==== 205+0+0 (secure 0 0 0) 0x7fea7c03c070 con 0x7fea881090d0
2026-02-17T21:02:48.577 INFO:teuthology.orchestra.run.trial170.stdout:/usr/bin/ceph: stderr
2026-02-17T21:02:48.399+0000 7fea85573640 1 -- 10.20.193.170:0/4176139332 <== mon.0 v2:10.20.193.170:3300/0 2 ==== config(24 keys) ==== 975+0+0 (secure 0 0 0) 0x7fea7c037440 con 0x7fea881090d0
2026-02-17T21:02:48.577 INFO:teuthology.orchestra.run.trial170.stdout:/usr/bin/ceph: stderr
2026-02-17T21:02:48.399+0000 7fea85573640 1 -- 10.20.193.170:0/4176139332 <== mon.0 v2:10.20.193.170:3300/0 3 ==== mon_map magic: 0 ==== 205+0+0 (secure 0 0 0) 0x7fea7c035340 con 0x7fea881090d0
2026-02-17T21:02:48.578 INFO:teuthology.orchestra.run.trial170.stdout:/usr/bin/ceph: stderr
2026-02-17T21:02:48.399+0000 7fea8cda5640 1 -- 10.20.193.170:0/4176139332 >> [v2:10.20.193.170:3300/0,v1:10.20.193.170:6789/0] conn(0x7fea881090d0 msgr2=0x7fea881094d0 secure :-1 s=STATE_CONNECTION_ESTABLISHED l=1).mark_down
2026-02-17T21:02:48.578 INFO:teuthology.orchestra.run.trial170.stdout:/usr/bin/ceph: stderr
2026-02-17T21:02:48.399+0000 7fea8cda5640 1 --2- 10.20.193.170:0/4176139332 >> [v2:10.20.193.170:3300/0,v1:10.20.193.170:6789/0] conn(0x7fea881090d0 0x7fea881094d0 secure :-1 s=READY pgs=45 cs=0 l=1 rev1=1 crypto rx=0x7fea7c009920 tx=0x7fea7c02ef20 comp rx=0 tx=0).stop
2026-02-17T21:02:48.578 INFO:teuthology.orchestra.run.trial170.stdout:/usr/bin/ceph: stderr
2026-02-17T21:02:48.399+0000 7fea8cda5640 1 -- 10.20.193.170:0/4176139332 shutdown_connections
2026-02-17T21:02:48.578 INFO:teuthology.orchestra.run.trial170.stdout:/usr/bin/ceph: stderr
2026-02-17T21:02:48.399+0000 7fea8cda5640 1 --2- 10.20.193.170:0/4176139332 >> [v2:10.20.193.170:3300/0,v1:10.20.193.170:6789/0] conn(0x7fea881090d0 0x7fea881094d0 unknown :-1 s=CLOSED pgs=45 cs=0 l=1 rev1=1 crypto rx=0 tx=0 comp rx=0 tx=0).stop
2026-02-17T21:02:48.578 INFO:teuthology.orchestra.run.trial170.stdout:/usr/bin/ceph: stderr
2026-02-17T21:02:48.399+0000 7fea8cda5640 1 -- 10.20.193.170:0/4176139332 >> 10.20.193.170:0/4176139332 conn(0x7fea8807c550 msgr2=0x7fea8807c9c0 unknown :-1 s=STATE_NONE l=0).mark_down
2026-02-17T21:02:48.578 INFO:teuthology.orchestra.run.trial170.stdout:/usr/bin/ceph: stderr
2026-02-17T21:02:48.399+0000 7fea8cda5640 1 -- 10.20.193.170:0/4176139332 shutdown_connections
2026-02-17T21:02:48.578 INFO:teuthology.orchestra.run.trial170.stdout:/usr/bin/ceph: stderr
2026-02-17T21:02:48.399+0000 7fea8cda5640 1 -- 10.20.193.170:0/4176139332 wait complete.
2026-02-17T21:02:48.578 INFO:teuthology.orchestra.run.trial170.stdout:/usr/bin/ceph: stderr
2026-02-17T21:02:48.399+0000 7fea8cda5640 1 Processor -- start
2026-02-17T21:02:48.578 INFO:teuthology.orchestra.run.trial170.stdout:/usr/bin/ceph: stderr
2026-02-17T21:02:48.399+0000 7fea8cda5640 1 -- start start
2026-02-17T21:02:48.578 INFO:teuthology.orchestra.run.trial170.stdout:/usr/bin/ceph: stderr
2026-02-17T21:02:48.400+0000 7fea8cda5640 1 --2- >> [v2:10.20.193.170:3300/0,v1:10.20.193.170:6789/0] conn(0x7fea881090d0 0x7fea8819ee10 unknown :-1 s=NONE pgs=0 cs=0 l=1 rev1=0 crypto rx=0 tx=0 comp rx=0 tx=0).connect
2026-02-17T21:02:48.578 INFO:teuthology.orchestra.run.trial170.stdout:/usr/bin/ceph: stderr
2026-02-17T21:02:48.400+0000 7fea8cda5640 1 -- --> [v2:10.20.193.170:3300/0,v1:10.20.193.170:6789/0] -- mon_getmap magic: 0 -- 0x7fea8810d500 con 0x7fea881090d0
2026-02-17T21:02:48.579 INFO:teuthology.orchestra.run.trial170.stdout:/usr/bin/ceph: stderr
2026-02-17T21:02:48.400+0000 7fea86575640 1 --2- >> [v2:10.20.193.170:3300/0,v1:10.20.193.170:6789/0] conn(0x7fea881090d0 0x7fea8819ee10 unknown :-1 s=BANNER_CONNECTING pgs=0 cs=0 l=1 rev1=0 crypto rx=0 tx=0 comp rx=0 tx=0)._handle_peer_banner_payload supported=3 required=0
2026-02-17T21:02:48.579 INFO:teuthology.orchestra.run.trial170.stdout:/usr/bin/ceph: stderr
2026-02-17T21:02:48.400+0000 7fea86575640 1 --2- >> [v2:10.20.193.170:3300/0,v1:10.20.193.170:6789/0] conn(0x7fea881090d0 0x7fea8819ee10 unknown :-1 s=HELLO_CONNECTING pgs=0 cs=0 l=1 rev1=1 crypto rx=0 tx=0 comp rx=0 tx=0).handle_hello peer v2:10.20.193.170:3300/0 says I am v2:10.20.193.170:36280/0 (socket says 10.20.193.170:36280)
2026-02-17T21:02:48.579 INFO:teuthology.orchestra.run.trial170.stdout:/usr/bin/ceph: stderr
2026-02-17T21:02:48.400+0000 7fea86575640 1 -- 10.20.193.170:0/3097462249 learned_addr learned my addr 10.20.193.170:0/3097462249 (peer_addr_for_me v2:10.20.193.170:0/0)
2026-02-17T21:02:48.579 INFO:teuthology.orchestra.run.trial170.stdout:/usr/bin/ceph: stderr
2026-02-17T21:02:48.400+0000 7fea86575640 1 -- 10.20.193.170:0/3097462249 --> [v2:10.20.193.170:3300/0,v1:10.20.193.170:6789/0] -- mon_subscribe({config=0+,monmap=0+}) -- 0x7fea8819f350 con 0x7fea881090d0
2026-02-17T21:02:48.579 INFO:teuthology.orchestra.run.trial170.stdout:/usr/bin/ceph: stderr
2026-02-17T21:02:48.400+0000 7fea86575640 1 --2- 10.20.193.170:0/3097462249 >> [v2:10.20.193.170:3300/0,v1:10.20.193.170:6789/0] conn(0x7fea881090d0 0x7fea8819ee10 secure :-1 s=READY pgs=46 cs=0 l=1 rev1=1 crypto rx=0x7fea7c02f4a0 tx=0x7fea7c035f80 comp rx=0 tx=0).ready entity=mon.0 client_cookie=0 server_cookie=0 in_seq=0 out_seq=0
2026-02-17T21:02:48.579 INFO:teuthology.orchestra.run.trial170.stdout:/usr/bin/ceph: stderr
2026-02-17T21:02:48.400+0000 7fea6f7fe640 1 -- 10.20.193.170:0/3097462249 <== mon.0 v2:10.20.193.170:3300/0 1 ==== mon_map magic: 0 ==== 205+0+0 (secure 0 0 0) 0x7fea7c045070 con 0x7fea881090d0
2026-02-17T21:02:48.579 INFO:teuthology.orchestra.run.trial170.stdout:/usr/bin/ceph: stderr
2026-02-17T21:02:48.400+0000 7fea6f7fe640 1 -- 10.20.193.170:0/3097462249 <== mon.0 v2:10.20.193.170:3300/0 2 ==== config(24 keys) ==== 975+0+0 (secure 0 0 0) 0x7fea7c040450 con 0x7fea881090d0
2026-02-17T21:02:48.579 INFO:teuthology.orchestra.run.trial170.stdout:/usr/bin/ceph: stderr
2026-02-17T21:02:48.400+0000 7fea8cda5640 1 -- 10.20.193.170:0/3097462249 --> [v2:10.20.193.170:3300/0,v1:10.20.193.170:6789/0] -- mon_subscribe({mgrmap=0+}) -- 0x7fea8819f5e0 con 0x7fea881090d0
2026-02-17T21:02:48.579 INFO:teuthology.orchestra.run.trial170.stdout:/usr/bin/ceph: stderr
2026-02-17T21:02:48.400+0000 7fea6f7fe640 1 -- 10.20.193.170:0/3097462249 <== mon.0 v2:10.20.193.170:3300/0 3 ==== mon_map magic: 0 ==== 205+0+0 (secure 0 0 0) 0x7fea7c03c070 con 0x7fea881090d0
2026-02-17T21:02:48.579 INFO:teuthology.orchestra.run.trial170.stdout:/usr/bin/ceph: stderr
2026-02-17T21:02:48.400+0000 7fea8cda5640 1 -- 10.20.193.170:0/3097462249 --> [v2:10.20.193.170:3300/0,v1:10.20.193.170:6789/0] -- mon_subscribe({osdmap=0}) -- 0x7fea881a22d0 con 0x7fea881090d0
2026-02-17T21:02:48.579 INFO:teuthology.orchestra.run.trial170.stdout:/usr/bin/ceph: stderr
2026-02-17T21:02:48.400+0000 7fea8cda5640 1 -- 10.20.193.170:0/3097462249 --> [v2:10.20.193.170:3300/0,v1:10.20.193.170:6789/0] -- mon_command({"prefix": "get_command_descriptions"} v 0) -- 0x7fea8819fac0 con 0x7fea881090d0
2026-02-17T21:02:48.579 INFO:teuthology.orchestra.run.trial170.stdout:/usr/bin/ceph: stderr
2026-02-17T21:02:48.400+0000 7fea6f7fe640 1 -- 10.20.193.170:0/3097462249 <== mon.0 v2:10.20.193.170:3300/0 4 ==== mgrmap(e 8) ==== 50419+0+0 (secure 0 0 0) 0x7fea7c0493b0 con 0x7fea881090d0
2026-02-17T21:02:48.580 INFO:teuthology.orchestra.run.trial170.stdout:/usr/bin/ceph: stderr
2026-02-17T21:02:48.400+0000 7fea6f7fe640 20 mgrc handle_mgr_map mgrmap(e 8)
2026-02-17T21:02:48.580 INFO:teuthology.orchestra.run.trial170.stdout:/usr/bin/ceph: stderr
2026-02-17T21:02:48.401+0000 7fea6f7fe640 4 mgrc handle_mgr_map Got map version 8
2026-02-17T21:02:48.580 INFO:teuthology.orchestra.run.trial170.stdout:/usr/bin/ceph: stderr
2026-02-17T21:02:48.401+0000 7fea6f7fe640 4 mgrc handle_mgr_map Active mgr is now [v2:10.20.193.170:6800/3376538184,v1:10.20.193.170:6801/3376538184]
2026-02-17T21:02:48.580 INFO:teuthology.orchestra.run.trial170.stdout:/usr/bin/ceph: stderr
2026-02-17T21:02:48.401+0000 7fea6f7fe640 4 mgrc reconnect Starting new session with [v2:10.20.193.170:6800/3376538184,v1:10.20.193.170:6801/3376538184]
2026-02-17T21:02:48.580 INFO:teuthology.orchestra.run.trial170.stdout:/usr/bin/ceph: stderr
2026-02-17T21:02:48.401+0000 7fea6f7fe640 1 --2- 10.20.193.170:0/3097462249 >> [v2:10.20.193.170:6800/3376538184,v1:10.20.193.170:6801/3376538184] conn(0x7fea6003de30 0x7fea600402f0 unknown :-1 s=NONE pgs=0 cs=0 l=1 rev1=0 crypto rx=0 tx=0 comp rx=0 tx=0).connect
2026-02-17T21:02:48.580 INFO:teuthology.orchestra.run.trial170.stdout:/usr/bin/ceph: stderr
2026-02-17T21:02:48.401+0000 7fea6f7fe640 1 -- 10.20.193.170:0/3097462249 <== mon.0 v2:10.20.193.170:3300/0 5 ==== osd_map(2..2 src has 1..2) ==== 940+0+0 (secure 0 0 0) 0x7fea7c0769c0 con 0x7fea881090d0
