2026-02-17T21:16:21.204+0000 7f88d5573640 1 -- 10.20.193.72:0/2776812970 <== mon.0 v2:10.20.193.72:3300/0 2 ==== config(24 keys) ==== 975+0+0 (secure 0 0 0) 0x7f88cc037440 con 0x7f88d8108fc0
2026-02-17T21:16:21.322 INFO:teuthology.orchestra.run.trial072.stdout:/usr/bin/ceph: stderr
2026-02-17T21:16:21.204+0000 7f88d5573640 1 -- 10.20.193.72:0/2776812970 <== mon.0 v2:10.20.193.72:3300/0 3 ==== mon_map magic: 0 ==== 205+0+0 (secure 0 0 0) 0x7f88cc035340 con 0x7f88d8108fc0
2026-02-17T21:16:21.322 INFO:teuthology.orchestra.run.trial072.stdout:/usr/bin/ceph: stderr
2026-02-17T21:16:21.204+0000 7f88dca0a640 1 -- 10.20.193.72:0/2776812970 >> [v2:10.20.193.72:3300/0,v1:10.20.193.72:6789/0] conn(0x7f88d8108fc0 msgr2=0x7f88d81093c0 secure :-1 s=STATE_CONNECTION_ESTABLISHED l=1).mark_down
2026-02-17T21:16:21.322 INFO:teuthology.orchestra.run.trial072.stdout:/usr/bin/ceph: stderr
2026-02-17T21:16:21.204+0000 7f88dca0a640 1 --2- 10.20.193.72:0/2776812970 >> [v2:10.20.193.72:3300/0,v1:10.20.193.72:6789/0] conn(0x7f88d8108fc0 0x7f88d81093c0 secure :-1 s=READY pgs=41 cs=0 l=1 rev1=1 crypto rx=0x7f88cc009920 tx=0x7f88cc02ef20 comp rx=0 tx=0).stop
2026-02-17T21:16:21.322 INFO:teuthology.orchestra.run.trial072.stdout:/usr/bin/ceph: stderr
2026-02-17T21:16:21.205+0000 7f88dca0a640 1 -- 10.20.193.72:0/2776812970 shutdown_connections
2026-02-17T21:16:21.322 INFO:teuthology.orchestra.run.trial072.stdout:/usr/bin/ceph: stderr
2026-02-17T21:16:21.205+0000 7f88dca0a640 1 --2- 10.20.193.72:0/2776812970 >> [v2:10.20.193.72:3300/0,v1:10.20.193.72:6789/0] conn(0x7f88d8108fc0 0x7f88d81093c0 unknown :-1 s=CLOSED pgs=41 cs=0 l=1 rev1=1 crypto rx=0 tx=0 comp rx=0 tx=0).stop
2026-02-17T21:16:21.322 INFO:teuthology.orchestra.run.trial072.stdout:/usr/bin/ceph: stderr
2026-02-17T21:16:21.205+0000 7f88dca0a640 1 -- 10.20.193.72:0/2776812970 >> 10.20.193.72:0/2776812970 conn(0x7f88d807c4a0 msgr2=0x7f88d807c8b0 unknown :-1 s=STATE_NONE l=0).mark_down
2026-02-17T21:16:21.322 INFO:teuthology.orchestra.run.trial072.stdout:/usr/bin/ceph: stderr
2026-02-17T21:16:21.205+0000 7f88dca0a640 1 -- 10.20.193.72:0/2776812970 shutdown_connections
2026-02-17T21:16:21.322 INFO:teuthology.orchestra.run.trial072.stdout:/usr/bin/ceph: stderr
2026-02-17T21:16:21.205+0000 7f88dca0a640 1 -- 10.20.193.72:0/2776812970 wait complete.
2026-02-17T21:16:21.322 INFO:teuthology.orchestra.run.trial072.stdout:/usr/bin/ceph: stderr
2026-02-17T21:16:21.205+0000 7f88dca0a640 1 Processor -- start
2026-02-17T21:16:21.323 INFO:teuthology.orchestra.run.trial072.stdout:/usr/bin/ceph: stderr
2026-02-17T21:16:21.205+0000 7f88dca0a640 1 -- start start
2026-02-17T21:16:21.323 INFO:teuthology.orchestra.run.trial072.stdout:/usr/bin/ceph: stderr
2026-02-17T21:16:21.205+0000 7f88dca0a640 1 --2- >> [v2:10.20.193.72:3300/0,v1:10.20.193.72:6789/0] conn(0x7f88d8108fc0 0x7f88d819ee60 unknown :-1 s=NONE pgs=0 cs=0 l=1 rev1=0 crypto rx=0 tx=0 comp rx=0 tx=0).connect
2026-02-17T21:16:21.323 INFO:teuthology.orchestra.run.trial072.stdout:/usr/bin/ceph: stderr
2026-02-17T21:16:21.205+0000 7f88dca0a640 1 -- --> [v2:10.20.193.72:3300/0,v1:10.20.193.72:6789/0] -- mon_getmap magic: 0 -- 0x7f88d810d3f0 con 0x7f88d8108fc0
2026-02-17T21:16:21.323 INFO:teuthology.orchestra.run.trial072.stdout:/usr/bin/ceph: stderr
2026-02-17T21:16:21.205+0000 7f88d6575640 1 --2- >> [v2:10.20.193.72:3300/0,v1:10.20.193.72:6789/0] conn(0x7f88d8108fc0 0x7f88d819ee60 unknown :-1 s=BANNER_CONNECTING pgs=0 cs=0 l=1 rev1=0 crypto rx=0 tx=0 comp rx=0 tx=0)._handle_peer_banner_payload supported=3 required=0
2026-02-17T21:16:21.323 INFO:teuthology.orchestra.run.trial072.stdout:/usr/bin/ceph: stderr
2026-02-17T21:16:21.205+0000 7f88d6575640 1 --2- >> [v2:10.20.193.72:3300/0,v1:10.20.193.72:6789/0] conn(0x7f88d8108fc0 0x7f88d819ee60 unknown :-1 s=HELLO_CONNECTING pgs=0 cs=0 l=1 rev1=1 crypto rx=0 tx=0 comp rx=0 tx=0).handle_hello peer v2:10.20.193.72:3300/0 says I am v2:10.20.193.72:42326/0 (socket says 10.20.193.72:42326)
2026-02-17T21:16:21.323 INFO:teuthology.orchestra.run.trial072.stdout:/usr/bin/ceph: stderr
2026-02-17T21:16:21.205+0000 7f88d6575640 1 -- 10.20.193.72:0/1203747470 learned_addr learned my addr 10.20.193.72:0/1203747470 (peer_addr_for_me v2:10.20.193.72:0/0)
2026-02-17T21:16:21.323 INFO:teuthology.orchestra.run.trial072.stdout:/usr/bin/ceph: stderr
2026-02-17T21:16:21.205+0000 7f88d6575640 1 -- 10.20.193.72:0/1203747470 --> [v2:10.20.193.72:3300/0,v1:10.20.193.72:6789/0] -- mon_subscribe({config=0+,monmap=0+}) -- 0x7f88d819f3a0 con 0x7f88d8108fc0
2026-02-17T21:16:21.323 INFO:teuthology.orchestra.run.trial072.stdout:/usr/bin/ceph: stderr
2026-02-17T21:16:21.205+0000 7f88d6575640 1 --2- 10.20.193.72:0/1203747470 >> [v2:10.20.193.72:3300/0,v1:10.20.193.72:6789/0] conn(0x7f88d8108fc0 0x7f88d819ee60 secure :-1 s=READY pgs=42 cs=0 l=1 rev1=1 crypto rx=0x7f88cc006fd0 tx=0x7f88cc035570 comp rx=0 tx=0).ready entity=mon.0 client_cookie=0 server_cookie=0 in_seq=0 out_seq=0
2026-02-17T21:16:21.323 INFO:teuthology.orchestra.run.trial072.stdout:/usr/bin/ceph: stderr
2026-02-17T21:16:21.205+0000 7f88bf7fe640 1 -- 10.20.193.72:0/1203747470 <== mon.0 v2:10.20.193.72:3300/0 1 ==== mon_map magic: 0 ==== 205+0+0 (secure 0 0 0) 0x7f88cc045070 con 0x7f88d8108fc0
2026-02-17T21:16:21.323 INFO:teuthology.orchestra.run.trial072.stdout:/usr/bin/ceph: stderr
2026-02-17T21:16:21.205+0000 7f88bf7fe640 1 -- 10.20.193.72:0/1203747470 <== mon.0 v2:10.20.193.72:3300/0 2 ==== config(24 keys) ==== 975+0+0 (secure 0 0 0) 0x7f88cc040450 con 0x7f88d8108fc0
2026-02-17T21:16:21.323 INFO:teuthology.orchestra.run.trial072.stdout:/usr/bin/ceph: stderr
2026-02-17T21:16:21.205+0000 7f88bf7fe640 1 -- 10.20.193.72:0/1203747470 <== mon.0 v2:10.20.193.72:3300/0 3 ==== mon_map magic: 0 ==== 205+0+0 (secure 0 0 0) 0x7f88cc03c070 con 0x7f88d8108fc0
2026-02-17T21:16:21.323 INFO:teuthology.orchestra.run.trial072.stdout:/usr/bin/ceph: stderr
2026-02-17T21:16:21.205+0000 7f88dca0a640 1 -- 10.20.193.72:0/1203747470 --> [v2:10.20.193.72:3300/0,v1:10.20.193.72:6789/0] -- mon_subscribe({mgrmap=0+}) -- 0x7f88d819f630 con 0x7f88d8108fc0
2026-02-17T21:16:21.324 INFO:teuthology.orchestra.run.trial072.stdout:/usr/bin/ceph: stderr
2026-02-17T21:16:21.205+0000 7f88dca0a640 1 -- 10.20.193.72:0/1203747470 --> [v2:10.20.193.72:3300/0,v1:10.20.193.72:6789/0] -- mon_subscribe({osdmap=0}) -- 0x7f88d81a2320 con 0x7f88d8108fc0
2026-02-17T21:16:21.324 INFO:teuthology.orchestra.run.trial072.stdout:/usr/bin/ceph: stderr
2026-02-17T21:16:21.206+0000 7f88dca0a640 1 -- 10.20.193.72:0/1203747470 --> [v2:10.20.193.72:3300/0,v1:10.20.193.72:6789/0] -- mon_command({"prefix": "get_command_descriptions"} v 0) -- 0x7f88d8109440 con 0x7f88d8108fc0
2026-02-17T21:16:21.324 INFO:teuthology.orchestra.run.trial072.stdout:/usr/bin/ceph: stderr
2026-02-17T21:16:21.206+0000 7f88bf7fe640 1 -- 10.20.193.72:0/1203747470 <== mon.0 v2:10.20.193.72:3300/0 4 ==== mgrmap(e 7) ==== 50313+0+0 (secure 0 0 0) 0x7f88cc0493b0 con 0x7f88d8108fc0
2026-02-17T21:16:21.324 INFO:teuthology.orchestra.run.trial072.stdout:/usr/bin/ceph: stderr
2026-02-17T21:16:21.206+0000 7f88bf7fe640 20 mgrc handle_mgr_map mgrmap(e 7)
2026-02-17T21:16:21.324 INFO:teuthology.orchestra.run.trial072.stdout:/usr/bin/ceph: stderr
2026-02-17T21:16:21.206+0000 7f88bf7fe640 4 mgrc handle_mgr_map Got map version 7
2026-02-17T21:16:21.324 INFO:teuthology.orchestra.run.trial072.stdout:/usr/bin/ceph: stderr
2026-02-17T21:16:21.206+0000 7f88bf7fe640 4 mgrc handle_mgr_map Active mgr is now [v2:10.20.193.72:6800/1776987729,v1:10.20.193.72:6801/1776987729]
2026-02-17T21:16:21.324 INFO:teuthology.orchestra.run.trial072.stdout:/usr/bin/ceph: stderr
2026-02-17T21:16:21.206+0000 7f88bf7fe640 4 mgrc reconnect Starting new session with [v2:10.20.193.72:6800/1776987729,v1:10.20.193.72:6801/1776987729]
2026-02-17T21:16:21.324 INFO:teuthology.orchestra.run.trial072.stdout:/usr/bin/ceph: stderr
2026-02-17T21:16:21.206+0000 7f88bf7fe640 1 --2- 10.20.193.72:0/1203747470 >> [v2:10.20.193.72:6800/1776987729,v1:10.20.193.72:6801/1776987729] conn(0x7f88b003dd10 0x7f88b00401d0 unknown :-1 s=NONE pgs=0 cs=0 l=1 rev1=0 crypto rx=0 tx=0 comp rx=0 tx=0).connect
2026-02-17T21:16:21.324 INFO:teuthology.orchestra.run.trial072.stdout:/usr/bin/ceph: stderr
2026-02-17T21:16:21.206+0000 7f88bf7fe640 1 -- 10.20.193.72:0/1203747470 <== mon.0 v2:10.20.193.72:3300/0 5 ==== osd_map(2..2 src has 1..2) ==== 940+0+0 (secure 0 0 0) 0x7f88cc076820 con 0x7f88d8108fc0
2026-02-17T21:16:21.324 INFO:teuthology.orchestra.run.trial072.stdout:/usr/bin/ceph: stderr
2026-02-17T21:16:21.206+0000 7f88d5d74640 1 --2- 10.20.193.72:0/1203747470 >> [v2:10.20.193.72:6800/1776987729,v1:10.20.193.72:6801/1776987729] conn(0x7f88b003dd10 0x7f88b00401d0 unknown :-1 s=BANNER_CONNECTING pgs=0 cs=0 l=1 rev1=0 crypto rx=0 tx=0 comp rx=0 tx=0)._handle_peer_banner_payload supported=3 required=0
2026-02-17T21:16:21.324 INFO:teuthology.orchestra.run.trial072.stdout:/usr/bin/ceph: stderr
2026-02-17T21:16:21.207+0000 7f88d5d74640 1 --2- 10.20.193.72:0/1203747470 >> [v2:10.20.193.72:6800/1776987729,v1:10.20.193.72:6801/1776987729] conn(0x7f88b003dd10 0x7f88b00401d0 secure :-1 s=READY pgs=10 cs=0 l=1 rev1=1 crypto rx=0x7f88c00099c0 tx=0x7f88c0006eb0 comp rx=0 tx=0).ready entity=mgr.14118 client_cookie=0 server_cookie=0 in_seq=0 out_seq=0
2026-02-17T21:16:21.325 INFO:teuthology.orchestra.run.trial072.stdout:/usr/bin/ceph: stderr
2026-02-17T21:16:21.209+0000 7f88bf7fe640 1 -- 10.20.193.72:0/1203747470 <== mon.0 v2:10.20.193.72:3300/0 6 ==== mon_command_ack([{"prefix": "get_command_descriptions"}]=0 v0) ==== 72+0+195034 (secure 0 0 0) 0x7f88cc03c210 con 0x7f88d8108fc0
2026-02-17T21:16:21.325 INFO:teuthology.orchestra.run.trial072.stdout:/usr/bin/ceph: stderr
2026-02-17T21:16:21.292+0000 7f88dca0a640 20 mgrc start_command cmd: [{"prefix": "cephadm get-pub-key", "target": ["mon-mgr", ""]}]
2026-02-17T21:16:21.325 INFO:teuthology.orchestra.run.trial072.stdout:/usr/bin/ceph: stderr
2026-02-17T21:16:21.292+0000 7f88dca0a640 1 -- 10.20.193.72:0/1203747470 --> [v2:10.20.193.72:6800/1776987729,v1:10.20.193.72:6801/1776987729] -- mgr_command(tid 0: {"prefix": "cephadm get-pub-key", "target": ["mon-mgr", ""]}) -- 0x7f88d8106df0 con 0x7f88b003dd10
2026-02-17T21:16:21.325 INFO:teuthology.orchestra.run.trial072.stdout:/usr/bin/ceph: stderr
2026-02-17T21:16:21.293+0000 7f88bf7fe640 1 -- 10.20.193.72:0/1203747470 <== mgr.14118 v2:10.20.193.72:6800/1776987729 1 ==== mgr_command_reply(tid 0: 0 ) ==== 8+0+123 (secure 0 0 0) 0x7f88d8106df0 con 0x7f88b003dd10
2026-02-17T21:16:21.325 INFO:teuthology.orchestra.run.trial072.stdout:/usr/bin/ceph: stderr
2026-02-17T21:16:21.293+0000 7f88bf7fe640 20 mgrc handle_command_reply tid 0 r 0
2026-02-17T21:16:21.325 INFO:teuthology.orchestra.run.trial072.stdout:/usr/bin/ceph: stderr
2026-02-17T21:16:21.293+0000 7f88dca0a640 10 mgrc shutdown
2026-02-17T21:16:21.325 INFO:teuthology.orchestra.run.trial072.stdout:/usr/bin/ceph: stderr
2026-02-17T21:16:21.293+0000 7f88dca0a640 1 -- 10.20.193.72:0/1203747470 >> [v2:10.20.193.72:6800/1776987729,v1:10.20.193.72:6801/1776987729] conn(0x7f88b003dd10 msgr2=0x7f88b00401d0 secure :-1 s=STATE_CONNECTION_ESTABLISHED l=1).mark_down
2026-02-17T21:16:21.325 INFO:teuthology.orchestra.run.trial072.stdout:/usr/bin/ceph: stderr
2026-02-17T21:16:21.293+0000 7f88dca0a640 1 --2- 10.20.193.72:0/1203747470 >> [v2:10.20.193.72:6800/1776987729,v1:10.20.193.72:6801/1776987729] conn(0x7f88b003dd10 0x7f88b00401d0 secure :-1 s=READY pgs=10 cs=0 l=1 rev1=1 crypto rx=0x7f88c00099c0 tx=0x7f88c0006eb0 comp rx=0 tx=0).stop
2026-02-17T21:16:21.325 INFO:teuthology.orchestra.run.trial072.stdout:/usr/bin/ceph: stderr
2026-02-17T21:16:21.293+0000 7f88dca0a640 1 -- 10.20.193.72:0/1203747470 >> [v2:10.20.193.72:3300/0,v1:10.20.193.72:6789/0] conn(0x7f88d8108fc0 msgr2=0x7f88d819ee60 secure :-1 s=STATE_CONNECTION_ESTABLISHED l=1).mark_down
2026-02-17T21:16:21.325 INFO:teuthology.orchestra.run.trial072.stdout:/usr/bin/ceph: stderr
2026-02-17T21:16:21.294+0000 7f88dca0a640 1 --2- 10.20.193.72:0/1203747470 >> [v2:10.20.193.72:3300/0,v1:10.20.193.72:6789/0] conn(0x7f88d8108fc0 0x7f88d819ee60 secure :-1 s=READY pgs=42 cs=0 l=1 rev1=1 crypto rx=0x7f88cc006fd0 tx=0x7f88cc035570 comp rx=0 tx=0).stop
2026-02-17T21:16:21.325 INFO:teuthology.orchestra.run.trial072.stdout:/usr/bin/ceph: stderr
2026-02-17T21:16:21.294+0000 7f88dca0a640 1 -- 10.20.193.72:0/1203747470 shutdown_connections
2026-02-17T21:16:21.325 INFO:teuthology.orchestra.run.trial072.stdout:/usr/bin/ceph: stderr
2026-02-17T21:16:21.294+0000 7f88dca0a640 1 --2- 10.20.193.72:0/1203747470 >> [v2:10.20.193.72:6800/1776987729,v1:10.20.193.72:6801/1776987729] conn(0x7f88b003dd10 0x7f88b00401d0 unknown :-1 s=CLOSED pgs=10 cs=0 l=1 rev1=1 crypto rx=0 tx=0 comp rx=0 tx=0).stop
2026-02-17T21:16:21.326 INFO:teuthology.orchestra.run.trial072.stdout:/usr/bin/ceph: stderr
2026-02-17T21:16:21.294+0000 7f88dca0a640 1 --2- 10.20.193.72:0/1203747470 >> [v2:10.20.193.72:3300/0,v1:10.20.193.72:6789/0] conn(0x7f88d8108fc0 0x7f88d819ee60 unknown :-1 s=CLOSED pgs=42 cs=0 l=1 rev1=1 crypto rx=0 tx=0 comp rx=0 tx=0).stop
2026-02-17T21:16:21.326 INFO:teuthology.orchestra.run.trial072.stdout:/usr/bin/ceph: stderr
2026-02-17T21:16:21.294+0000 7f88dca0a640 1 -- 10.20.193.72:0/1203747470 >> 10.20.193.72:0/1203747470 conn(0x7f88d807c4a0 msgr2=0x7f88d81066e0 unknown :-1 s=STATE_NONE l=0).mark_down
2026-02-17T21:16:21.326 INFO:teuthology.orchestra.run.trial072.stdout:/usr/bin/ceph: stderr
2026-02-17T21:16:21.294+0000 7f88dca0a640 1 -- 10.20.193.72:0/1203747470 shutdown_connections
2026-02-17T21:16:21.326 INFO:teuthology.orchestra.run.trial072.stdout:/usr/bin/ceph: stderr
2026-02-17T21:16:21.294+0000 7f88dca0a640 1 -- 10.20.193.72:0/1203747470 wait complete.
2026-02-17T21:16:21.326 INFO:teuthology.orchestra.run.trial072.stdout:Wrote public SSH key to /home/ubuntu/cephtest/ceph.pub
2026-02-17T21:16:21.326 INFO:teuthology.orchestra.run.trial072.stdout:Adding key to root@localhost authorized_keys...
2026-02-17T21:16:21.326 INFO:teuthology.orchestra.run.trial072.stdout:Adding host trial072...
2026-02-17T21:16:21.561 INFO:journalctl@ceph.mon.a.trial072.stdout:Feb 17 21:16:21 trial072 ceph-mon[20789]: [17/Feb/2026:21:16:20] ENGINE Bus STARTING
2026-02-17T21:16:21.561 INFO:journalctl@ceph.mon.a.trial072.stdout:Feb 17 21:16:21 trial072 ceph-mon[20789]: from='client.14122 -' entity='client.admin' cmd=[{"prefix": "get_command_descriptions"}]: dispatch
2026-02-17T21:16:21.561 INFO:journalctl@ceph.mon.a.trial072.stdout:Feb 17 21:16:21 trial072 ceph-mon[20789]: from='client.14122 -' entity='client.admin' cmd=[{"prefix": "mgr_status"}]: dispatch
2026-02-17T21:16:21.561 INFO:journalctl@ceph.mon.a.trial072.stdout:Feb 17 21:16:21 trial072 ceph-mon[20789]: [17/Feb/2026:21:16:20] ENGINE Serving on http://10.20.193.72:8765
2026-02-17T21:16:21.561 INFO:journalctl@ceph.mon.a.trial072.stdout:Feb 17 21:16:21 trial072 ceph-mon[20789]: [17/Feb/2026:21:16:20] ENGINE Serving on https://10.20.193.72:7150
2026-02-17T21:16:21.561 INFO:journalctl@ceph.mon.a.trial072.stdout:Feb 17 21:16:21 trial072 ceph-mon[20789]: [17/Feb/2026:21:16:20] ENGINE Bus STARTED
2026-02-17T21:16:21.562 INFO:journalctl@ceph.mon.a.trial072.stdout:Feb 17 21:16:21 trial072 ceph-mon[20789]: [17/Feb/2026:21:16:20] ENGINE Client ('10.20.193.72', 59696) lost — peer dropped the TLS connection suddenly, during handshake: (6, 'TLS/SSL connection has been closed (EOF) (_ssl.c:1147)')
2026-02-17T21:16:21.562 INFO:journalctl@ceph.mon.a.trial072.stdout:Feb 17 21:16:21 trial072 ceph-mon[20789]: from='mgr.14118 10.20.193.72:0/3365385604' entity='mgr.a' cmd=[{"prefix": "config dump", "format": "json"}]: dispatch
2026-02-17T21:16:21.562 INFO:journalctl@ceph.mon.a.trial072.stdout:Feb 17 21:16:21 trial072 ceph-mon[20789]: from='client.14130 -' entity='client.admin' cmd=[{"prefix": "orch set backend", "module_name": "cephadm", "target": ["mon-mgr", ""]}]: dispatch
2026-02-17T21:16:21.562 INFO:journalctl@ceph.mon.a.trial072.stdout:Feb 17 21:16:21 trial072 ceph-mon[20789]: from='mgr.14118 10.20.193.72:0/3365385604' entity='mgr.a'
2026-02-17T21:16:21.562 INFO:journalctl@ceph.mon.a.trial072.stdout:Feb 17 21:16:21 trial072 ceph-mon[20789]: from='mgr.14118 10.20.193.72:0/3365385604' entity='mgr.a' cmd=[{"prefix": "config dump", "format": "json"}]: dispatch
2026-02-17T21:16:21.562 INFO:journalctl@ceph.mon.a.trial072.stdout:Feb 17 21:16:21 trial072 ceph-mon[20789]: from='mgr.14118 10.20.193.72:0/3365385604' entity='mgr.a'
2026-02-17T21:16:21.562 INFO:journalctl@ceph.mon.a.trial072.stdout:Feb 17 21:16:21 trial072 ceph-mon[20789]: from='mgr.14118 10.20.193.72:0/3365385604' entity='mgr.a'
2026-02-17T21:16:22.764 INFO:journalctl@ceph.mon.a.trial072.stdout:Feb 17 21:16:22 trial072 ceph-mon[20789]: from='client.14132 -' entity='client.admin' cmd=[{"prefix": "cephadm set-user", "user": "root", "target": ["mon-mgr", ""]}]: dispatch
2026-02-17T21:16:22.764 INFO:journalctl@ceph.mon.a.trial072.stdout:Feb 17 21:16:22 trial072 ceph-mon[20789]: from='client.14134 -' entity='client.admin' cmd=[{"prefix": "cephadm generate-key", "target": ["mon-mgr", ""]}]: dispatch
2026-02-17T21:16:22.764 INFO:journalctl@ceph.mon.a.trial072.stdout:Feb 17 21:16:22 trial072 ceph-mon[20789]: Generating ssh key...
2026-02-17T21:16:22.764 INFO:journalctl@ceph.mon.a.trial072.stdout:Feb 17 21:16:22 trial072 ceph-mon[20789]: from='client.14136 -' entity='client.admin' cmd=[{"prefix": "cephadm get-pub-key", "target": ["mon-mgr", ""]}]: dispatch
2026-02-17T21:16:22.764 INFO:journalctl@ceph.mon.a.trial072.stdout:Feb 17 21:16:22 trial072 ceph-mon[20789]: from='client.14138 -' entity='client.admin' cmd=[{"prefix": "orch host add", "hostname": "trial072", "addr": "10.20.193.72", "target": ["mon-mgr", ""]}]: dispatch
2026-02-17T21:16:22.765 INFO:journalctl@ceph.mon.a.trial072.stdout:Feb 17 21:16:22 trial072 ceph-mon[20789]: mgrmap e8: a(active, since 2s)
2026-02-17T21:16:23.004 INFO:teuthology.orchestra.run.trial072.stdout:/usr/bin/ceph: stdout Added host 'trial072' with addr '10.20.193.72'
2026-02-17T21:16:23.005 INFO:teuthology.orchestra.run.trial072.stdout:/usr/bin/ceph: stderr
2026-02-17T21:16:21.407+0000 7fe9860a8640 1 Processor -- start
2026-02-17T21:16:23.005 INFO:teuthology.orchestra.run.trial072.stdout:/usr/bin/ceph: stderr
2026-02-17T21:16:21.407+0000 7fe9860a8640 1 -- start start
2026-02-17T21:16:23.005 INFO:teuthology.orchestra.run.trial072.stdout:/usr/bin/ceph: stderr
2026-02-17T21:16:21.407+0000 7fe9860a8640 1 --2- >> [v2:10.20.193.72:3300/0,v1:10.20.193.72:6789/0] conn(0x7fe980106d50 0x7fe980107150 unknown :-1 s=NONE pgs=0 cs=0 l=0 rev1=0 crypto rx=0 tx=0 comp rx=0 tx=0).connect
2026-02-17T21:16:23.005 INFO:teuthology.orchestra.run.trial072.stdout:/usr/bin/ceph: stderr
2026-02-17T21:16:21.407+0000 7fe9860a8640 1 -- --> [v2:10.20.193.72:3300/0,v1:10.20.193.72:6789/0] -- mon_getmap magic: 0 -- 0x7fe980107720 con 0x7fe980106d50
2026-02-17T21:16:23.005 INFO:teuthology.orchestra.run.trial072.stdout:/usr/bin/ceph: stderr
2026-02-17T21:16:21.407+0000 7fe97f7fe640 1 --2- >> [v2:10.20.193.72:3300/0,v1:10.20.193.72:6789/0] conn(0x7fe980106d50 0x7fe980107150 unknown :-1 s=BANNER_CONNECTING pgs=0 cs=0 l=0 rev1=0 crypto rx=0 tx=0 comp rx=0 tx=0)._handle_peer_banner_payload supported=3 required=0
2026-02-17T21:16:23.005 INFO:teuthology.orchestra.run.trial072.stdout:/usr/bin/ceph: stderr
2026-02-17T21:16:21.407+0000 7fe97f7fe640 1 --2- >> [v2:10.20.193.72:3300/0,v1:10.20.193.72:6789/0] conn(0x7fe980106d50 0x7fe980107150 unknown :-1 s=HELLO_CONNECTING pgs=0 cs=0 l=0 rev1=1 crypto rx=0 tx=0 comp rx=0 tx=0).handle_hello peer v2:10.20.193.72:3300/0 says I am v2:10.20.193.72:42340/0 (socket says 10.20.193.72:42340)
2026-02-17T21:16:23.005 INFO:teuthology.orchestra.run.trial072.stdout:/usr/bin/ceph: stderr
2026-02-17T21:16:21.407+0000 7fe97f7fe640 1 -- 10.20.193.72:0/732618534 learned_addr learned my addr 10.20.193.72:0/732618534 (peer_addr_for_me v2:10.20.193.72:0/0)
2026-02-17T21:16:23.005 INFO:teuthology.orchestra.run.trial072.stdout:/usr/bin/ceph: stderr
2026-02-17T21:16:21.407+0000 7fe97f7fe640 1 -- 10.20.193.72:0/732618534 --> [v2:10.20.193.72:3300/0,v1:10.20.193.72:6789/0] -- mon_subscribe({config=0+,monmap=0+}) -- 0x7fe980107f50 con 0x7fe980106d50
2026-02-17T21:16:23.005 INFO:teuthology.orchestra.run.trial072.stdout:/usr/bin/ceph: stderr
2026-02-17T21:16:21.408+0000 7fe97f7fe640 1 --2- 10.20.193.72:0/732618534 >> [v2:10.20.193.72:3300/0,v1:10.20.193.72:6789/0] conn(0x7fe980106d50 0x7fe980107150 secure :-1 s=READY pgs=43 cs=0 l=1 rev1=1 crypto rx=0x7fe96c009920 tx=0x7fe96c02ef20 comp rx=0 tx=0).ready entity=mon.0 client_cookie=4bd4c641ccf627d0 server_cookie=0 in_seq=0 out_seq=0
2026-02-17T21:16:23.006 INFO:teuthology.orchestra.run.trial072.stdout:/usr/bin/ceph: stderr
2026-02-17T21:16:21.408+0000 7fe97e7fc640 1 -- 10.20.193.72:0/732618534 <== mon.0 v2:10.20.193.72:3300/0 1 ==== mon_map magic: 0 ==== 205+0+0 (secure 0 0 0) 0x7fe96c03c070 con 0x7fe980106d50
2026-02-17T21:16:23.006 INFO:teuthology.orchestra.run.trial072.stdout:/usr/bin/ceph: stderr
2026-02-17T21:16:21.408+0000 7fe97e7fc640 1 -- 10.20.193.72:0/732618534 <== mon.0 v2:10.20.193.72:3300/0 2 ==== config(24 keys) ==== 975+0+0 (secure 0 0 0) 0x7fe96c037440 con 0x7fe980106d50
2026-02-17T21:16:23.006 INFO:teuthology.orchestra.run.trial072.stdout:/usr/bin/ceph: stderr
2026-02-17T21:16:21.408+0000 7fe97e7fc640 1 -- 10.20.193.72:0/732618534 <== mon.0 v2:10.20.193.72:3300/0 3 ==== mon_map magic: 0 ==== 205+0+0 (secure 0 0 0) 0x7fe96c035340 con 0x7fe980106d50
2026-02-17T21:16:23.006 INFO:teuthology.orchestra.run.trial072.stdout:/usr/bin/ceph: stderr
2026-02-17T21:16:21.408+0000 7fe9860a8640 1 -- 10.20.193.72:0/732618534 >> [v2:10.20.193.72:3300/0,v1:10.20.193.72:6789/0] conn(0x7fe980106d50 msgr2=0x7fe980107150 secure :-1 s=STATE_CONNECTION_ESTABLISHED l=1).mark_down
2026-02-17T21:16:23.006 INFO:teuthology.orchestra.run.trial072.stdout:/usr/bin/ceph: stderr
2026-02-17T21:16:21.408+0000 7fe9860a8640 1 --2- 10.20.193.72:0/732618534 >> [v2:10.20.193.72:3300/0,v1:10.20.193.72:6789/0] conn(0x7fe980106d50 0x7fe980107150 secure :-1 s=READY pgs=43 cs=0 l=1 rev1=1 crypto rx=0x7fe96c009920 tx=0x7fe96c02ef20 comp rx=0 tx=0).stop
2026-02-17T21:16:23.006 INFO:teuthology.orchestra.run.trial072.stdout:/usr/bin/ceph: stderr
2026-02-17T21:16:21.408+0000 7fe9860a8640 1 -- 10.20.193.72:0/732618534 shutdown_connections
2026-02-17T21:16:23.006 INFO:teuthology.orchestra.run.trial072.stdout:/usr/bin/ceph: stderr
2026-02-17T21:16:21.408+0000 7fe9860a8640 1 --2- 10.20.193.72:0/732618534 >> [v2:10.20.193.72:3300/0,v1:10.20.193.72:6789/0] conn(0x7fe980106d50 0x7fe980107150 unknown :-1 s=CLOSED pgs=43 cs=0 l=1 rev1=1 crypto rx=0 tx=0 comp rx=0 tx=0).stop
2026-02-17T21:16:23.006 INFO:teuthology.orchestra.run.trial072.stdout:/usr/bin/ceph: stderr
2026-02-17T21:16:21.408+0000 7fe9860a8640 1 -- 10.20.193.72:0/732618534 >> 10.20.193.72:0/732618534 conn(0x7fe980102500 msgr2=0x7fe980104920 unknown :-1 s=STATE_NONE l=0).mark_down
2026-02-17T21:16:23.006 INFO:teuthology.orchestra.run.trial072.stdout:/usr/bin/ceph: stderr
2026-02-17T21:16:21.408+0000 7fe9860a8640 1 -- 10.20.193.72:0/732618534 shutdown_connections
2026-02-17T21:16:23.006 INFO:teuthology.orchestra.run.trial072.stdout:/usr/bin/ceph: stderr
2026-02-17T21:16:21.408+0000 7fe9860a8640 1 -- 10.20.193.72:0/732618534 wait complete.
2026-02-17T21:16:23.006 INFO:teuthology.orchestra.run.trial072.stdout:/usr/bin/ceph: stderr
2026-02-17T21:16:21.409+0000 7fe9860a8640 1 Processor -- start
2026-02-17T21:16:23.007 INFO:teuthology.orchestra.run.trial072.stdout:/usr/bin/ceph: stderr
2026-02-17T21:16:21.409+0000 7fe9860a8640 1 -- start start
2026-02-17T21:16:23.007 INFO:teuthology.orchestra.run.trial072.stdout:/usr/bin/ceph: stderr
2026-02-17T21:16:21.409+0000 7fe9860a8640 1 --2- >> [v2:10.20.193.72:3300/0,v1:10.20.193.72:6789/0] conn(0x7fe980106d50 0x7fe98007cb40 unknown :-1 s=NONE pgs=0 cs=0 l=1 rev1=0 crypto rx=0 tx=0 comp rx=0 tx=0).connect
2026-02-17T21:16:23.007 INFO:teuthology.orchestra.run.trial072.stdout:/usr/bin/ceph: stderr
2026-02-17T21:16:21.409+0000 7fe9860a8640 1 -- --> [v2:10.20.193.72:3300/0,v1:10.20.193.72:6789/0] -- mon_getmap magic: 0 -- 0x7fe98010b180 con 0x7fe980106d50
2026-02-17T21:16:23.007 INFO:teuthology.orchestra.run.trial072.stdout:/usr/bin/ceph: stderr
2026-02-17T21:16:21.409+0000 7fe97f7fe640 1 --2- >> [v2:10.20.193.72:3300/0,v1:10.20.193.72:6789/0] conn(0x7fe980106d50 0x7fe98007cb40 unknown :-1 s=BANNER_CONNECTING pgs=0 cs=0 l=1 rev1=0 crypto rx=0 tx=0 comp rx=0 tx=0)._handle_peer_banner_payload supported=3 required=0
2026-02-17T21:16:23.007 INFO:teuthology.orchestra.run.trial072.stdout:/usr/bin/ceph: stderr
2026-02-17T21:16:21.409+0000 7fe97f7fe640 1 --2- >> [v2:10.20.193.72:3300/0,v1:10.20.193.72:6789/0] conn(0x7fe980106d50 0x7fe98007cb40 unknown :-1 s=HELLO_CONNECTING pgs=0 cs=0 l=1 rev1=1 crypto rx=0 tx=0 comp rx=0 tx=0).handle_hello peer v2:10.20.193.72:3300/0 says I am v2:10.20.193.72:42354/0 (socket says 10.20.193.72:42354)
2026-02-17T21:16:23.007 INFO:teuthology.orchestra.run.trial072.stdout:/usr/bin/ceph: stderr
2026-02-17T21:16:21.409+0000 7fe97f7fe640 1 -- 10.20.193.72:0/3243042365 learned_addr learned my addr 10.20.193.72:0/3243042365 (peer_addr_for_me v2:10.20.193.72:0/0)
2026-02-17T21:16:23.007 INFO:teuthology.orchestra.run.trial072.stdout:/usr/bin/ceph: stderr
2026-02-17T21:16:21.409+0000 7fe97f7fe640 1 -- 10.20.193.72:0/3243042365 --> [v2:10.20.193.72:3300/0,v1:10.20.193.72:6789/0] -- mon_subscribe({config=0+,monmap=0+}) -- 0x7fe98007d080 con 0x7fe980106d50
2026-02-17T21:16:23.007 INFO:teuthology.orchestra.run.trial072.stdout:/usr/bin/ceph: stderr
2026-02-17T21:16:21.409+0000 7fe97f7fe640 1 --2- 10.20.193.72:0/3243042365 >> [v2:10.20.193.72:3300/0,v1:10.20.193.72:6789/0] conn(0x7fe980106d50 0x7fe98007cb40 secure :-1 s=READY pgs=44 cs=0 l=1 rev1=1 crypto rx=0x7fe96c02f4a0 tx=0x7fe96c035f80 comp rx=0 tx=0).ready entity=mon.0 client_cookie=0 server_cookie=0 in_seq=0 out_seq=0
2026-02-17T21:16:23.007 INFO:teuthology.orchestra.run.trial072.stdout:/usr/bin/ceph: stderr
2026-02-17T21:16:21.409+0000 7fe97cff9640 1 -- 10.20.193.72:0/3243042365 <== mon.0 v2:10.20.193.72:3300/0 1 ==== mon_map magic: 0 ==== 205+0+0 (secure 0 0 0) 0x7fe96c045070 con 0x7fe980106d50
2026-02-17T21:16:23.007 INFO:teuthology.orchestra.run.trial072.stdout:/usr/bin/ceph: stderr
2026-02-17T21:16:21.409+0000 7fe9860a8640 1 -- 10.20.193.72:0/3243042365 --> [v2:10.20.193.72:3300/0,v1:10.20.193.72:6789/0] -- mon_subscribe({mgrmap=0+}) -- 0x7fe98007b270 con 0x7fe980106d50
2026-02-17T21:16:23.008 INFO:teuthology.orchestra.run.trial072.stdout:/usr/bin/ceph: stderr
2026-02-17T21:16:21.409+0000 7fe97cff9640 1 -- 10.20.193.72:0/3243042365 <== mon.0 v2:10.20.193.72:3300/0 2 ==== config(24 keys) ==== 975+0+0 (secure 0 0 0) 0x7fe96c040450 con 0x7fe980106d50
2026-02-17T21:16:23.008 INFO:teuthology.orchestra.run.trial072.stdout:/usr/bin/ceph: stderr
2026-02-17T21:16:21.409+0000 7fe97cff9640 1 -- 10.20.193.72:0/3243042365 <== mon.0 v2:10.20.193.72:3300/0 3 ==== mon_map magic: 0 ==== 205+0+0 (secure 0 0 0) 0x7fe96c03c070 con 0x7fe980106d50
2026-02-17T21:16:23.008 INFO:teuthology.orchestra.run.trial072.stdout:/usr/bin/ceph: stderr
2026-02-17T21:16:21.409+0000 7fe9860a8640 1 -- 10.20.193.72:0/3243042365 --> [v2:10.20.193.72:3300/0,v1:10.20.193.72:6789/0] -- mon_subscribe({osdmap=0}) -- 0x7fe98007b750 con 0x7fe980106d50
2026-02-17T21:16:23.008 INFO:teuthology.orchestra.run.trial072.stdout:/usr/bin/ceph: stderr
2026-02-17T21:16:21.409+0000 7fe9860a8640 1 -- 10.20.193.72:0/3243042365 --> [v2:10.20.193.72:3300/0,v1:10.20.193.72:6789/0] -- mon_command({"prefix": "get_command_descriptions"} v 0) -- 0x7fe9801071d0 con 0x7fe980106d50
2026-02-17T21:16:23.008 INFO:teuthology.orchestra.run.trial072.stdout:/usr/bin/ceph: stderr
2026-02-17T21:16:21.410+0000 7fe97cff9640 1 -- 10.20.193.72:0/3243042365 <== mon.0 v2:10.20.193.72:3300/0 4 ==== mgrmap(e 7) ==== 50313+0+0 (secure 0 0 0) 0x7fe96c0493b0 con 0x7fe980106d50
2026-02-17T21:16:23.008 INFO:teuthology.orchestra.run.trial072.stdout:/usr/bin/ceph: stderr
2026-02-17T21:16:21.410+0000 7fe97cff9640 20 mgrc handle_mgr_map mgrmap(e 7)
2026-02-17T21:16:23.008 INFO:teuthology.orchestra.run.trial072.stdout:/usr/bin/ceph: stderr
2026-02-17T21:16:21.410+0000 7fe97cff9640 4 mgrc handle_mgr_map Got map version 7
2026-02-17T21:16:23.008 INFO:teuthology.orchestra.run.trial072.stdout:/usr/bin/ceph: stderr
2026-02-17T21:16:21.410+0000 7fe97cff9640 4 mgrc handle_mgr_map Active mgr is now [v2:10.20.193.72:6800/1776987729,v1:10.20.193.72:6801/1776987729]
2026-02-17T21:16:23.008 INFO:teuthology.orchestra.run.trial072.stdout:/usr/bin/ceph: stderr
2026-02-17T21:16:21.410+0000 7fe97cff9640 4 mgrc reconnect Starting new session with [v2:10.20.193.72:6800/1776987729,v1:10.20.193.72:6801/1776987729]
2026-02-17T21:16:23.008 INFO:teuthology.orchestra.run.trial072.stdout:/usr/bin/ceph: stderr
2026-02-17T21:16:21.410+0000 7fe97cff9640 1 --2- 10.20.193.72:0/3243042365 >> [v2:10.20.193.72:6800/1776987729,v1:10.20.193.72:6801/1776987729] conn(0x7fe95403dd10 0x7fe9540401d0 unknown :-1 s=NONE pgs=0 cs=0 l=1 rev1=0 crypto rx=0 tx=0 comp rx=0 tx=0).connect
2026-02-17T21:16:23.009 INFO:teuthology.orchestra.run.trial072.stdout:/usr/bin/ceph: stderr
2026-02-17T21:16:21.410+0000 7fe97cff9640 1 -- 10.20.193.72:0/3243042365 <== mon.0 v2:10.20.193.72:3300/0 5 ==== osd_map(2..2 src has 1..2) ==== 940+0+0 (secure 0 0 0) 0x7fe96c076a30 con 0x7fe980106d50
2026-02-17T21:16:23.009 INFO:teuthology.orchestra.run.trial072.stdout:/usr/bin/ceph: stderr
2026-02-17T21:16:21.410+0000 7fe97effd640 1 --2- 10.20.193.72:0/3243042365 >> [v2:10.20.193.72:6800/1776987729,v1:10.20.193.72:6801/1776987729] conn(0x7fe95403dd10 0x7fe9540401d0 unknown :-1 s=BANNER_CONNECTING pgs=0 cs=0 l=1 rev1=0 crypto rx=0 tx=0 comp rx=0 tx=0)._handle_peer_banner_payload supported=3 required=0
2026-02-17T21:16:23.009 INFO:teuthology.orchestra.run.trial072.stdout:/usr/bin/ceph: stderr
2026-02-17T21:16:21.410+0000 7fe97effd640 1 --2- 10.20.193.72:0/3243042365 >> [v2:10.20.193.72:6800/1776987729,v1:10.20.193.72:6801/1776987729] conn(0x7fe95403dd10 0x7fe9540401d0 secure :-1 s=READY pgs=11 cs=0 l=1 rev1=1 crypto rx=0x7fe9700099c0 tx=0x7fe970006eb0 comp rx=0 tx=0).ready entity=mgr.14118 client_cookie=0 server_cookie=0 in_seq=0 out_seq=0
2026-02-17T21:16:23.009 INFO:teuthology.orchestra.run.trial072.stdout:/usr/bin/ceph: stderr
2026-02-17T21:16:21.412+0000 7fe97cff9640 1 -- 10.20.193.72:0/3243042365 <== mon.0 v2:10.20.193.72:3300/0 6 ==== mon_command_ack([{"prefix": "get_command_descriptions"}]=0 v0) ==== 72+0+195034 (secure 0 0 0) 0x7fe96c04d120 con 0x7fe980106d50
2026-02-17T21:16:23.009 INFO:teuthology.orchestra.run.trial072.stdout:/usr/bin/ceph: stderr
2026-02-17T21:16:21.498+0000 7fe9860a8640 20 mgrc start_command cmd: [{"prefix": "orch host add", "hostname": "trial072", "addr": "10.20.193.72", "target": ["mon-mgr", ""]}]
2026-02-17T21:16:23.009 INFO:teuthology.orchestra.run.trial072.stdout:/usr/bin/ceph: stderr
2026-02-17T21:16:21.498+0000 7fe9860a8640 1 -- 10.20.193.72:0/3243042365 --> [v2:10.20.193.72:6800/1776987729,v1:10.20.193.72:6801/1776987729] -- mgr_command(tid 0: {"prefix": "orch host add", "hostname": "trial072", "addr": "10.20.193.72", "target": ["mon-mgr", ""]}) -- 0x7fe98007bdb0 con 0x7fe95403dd10
2026-02-17T21:16:23.009 INFO:teuthology.orchestra.run.trial072.stdout:/usr/bin/ceph: stderr
2026-02-17T21:16:22.091+0000 7fe97cff9640 1 -- 10.20.193.72:0/3243042365 <== mon.0 v2:10.20.193.72:3300/0 7 ==== mgrmap(e 8) ==== 50419+0+0 (secure 0 0 0) 0x7fe96c045cd0 con 0x7fe980106d50
2026-02-17T21:16:23.009 INFO:teuthology.orchestra.run.trial072.stdout:/usr/bin/ceph: stderr
2026-02-17T21:16:22.091+0000 7fe97cff9640 20 mgrc handle_mgr_map mgrmap(e 8)
2026-02-17T21:16:23.009 INFO:teuthology.orchestra.run.trial072.stdout:/usr/bin/ceph: stderr
2026-02-17T21:16:22.092+0000 7fe97cff9640 4 mgrc handle_mgr_map Got map version 8
2026-02-17T21:16:23.009 INFO:teuthology.orchestra.run.trial072.stdout:/usr/bin/ceph: stderr
2026-02-17T21:16:22.092+0000 7fe97cff9640 4 mgrc handle_mgr_map Active mgr is now [v2:10.20.193.72:6800/1776987729,v1:10.20.193.72:6801/1776987729]
2026-02-17T21:16:23.009 INFO:teuthology.orchestra.run.trial072.stdout:/usr/bin/ceph: stderr
2026-02-17T21:16:22.969+0000 7fe97cff9640 1 -- 10.20.193.72:0/3243042365 <== mgr.14118 v2:10.20.193.72:6800/1776987729 1 ==== mgr_command_reply(tid 0: 0 ) ==== 8+0+47 (secure 0 0 0) 0x7fe98007bdb0 con 0x7fe95403dd10
2026-02-17T21:16:23.010 INFO:teuthology.orchestra.run.trial072.stdout:/usr/bin/ceph: stderr
2026-02-17T21:16:22.969+0000 7fe97cff9640 20 mgrc handle_command_reply tid 0 r 0
2026-02-17T21:16:23.010 INFO:teuthology.orchestra.run.trial072.stdout:/usr/bin/ceph: stderr
2026-02-17T21:16:22.972+0000 7fe9860a8640 10 mgrc shutdown
2026-02-17T21:16:23.010 INFO:teuthology.orchestra.run.trial072.stdout:/usr/bin/ceph: stderr
2026-02-17T21:16:22.972+0000 7fe9860a8640 1 -- 10.20.193.72:0/3243042365 >> [v2:10.20.193.72:6800/1776987729,v1:10.20.193.72:6801/1776987729] conn(0x7fe95403dd10 msgr2=0x7fe9540401d0 secure :-1 s=STATE_CONNECTION_ESTABLISHED l=1).mark_down
2026-02-17T21:16:23.010 INFO:teuthology.orchestra.run.trial072.stdout:/usr/bin/ceph: stderr
2026-02-17T21:16:22.972+0000 7fe9860a8640 1 --2- 10.20.193.72:0/3243042365 >> [v2:10.20.193.72:6800/1776987729,v1:10.20.193.72:6801/1776987729] conn(0x7fe95403dd10 0x7fe9540401d0 secure :-1 s=READY pgs=11 cs=0 l=1 rev1=1 crypto rx=0x7fe9700099c0 tx=0x7fe970006eb0 comp rx=0 tx=0).stop
2026-02-17T21:16:23.010 INFO:teuthology.orchestra.run.trial072.stdout:/usr/bin/ceph: stderr
2026-02-17T21:16:22.972+0000 7fe9860a8640 1 -- 10.20.193.72:0/3243042365 >> [v2:10.20.193.72:3300/0,v1:10.20.193.72:6789/0] conn(0x7fe980106d50 msgr2=0x7fe98007cb40 secure :-1 s=STATE_CONNECTION_ESTABLISHED l=1).mark_down
2026-02-17T21:16:23.010 INFO:teuthology.orchestra.run.trial072.stdout:/usr/bin/ceph: stderr
2026-02-17T21:16:22.972+0000 7fe9860a8640 1 --2- 10.20.193.72:0/3243042365 >> [v2:10.20.193.72:3300/0,v1:10.20.193.72:6789/0] conn(0x7fe980106d50 0x7fe98007cb40 secure :-1 s=READY pgs=44 cs=0 l=1 rev1=1 crypto rx=0x7fe96c02f4a0 tx=0x7fe96c035f80 comp rx=0 tx=0).stop
2026-02-17T21:16:23.010 INFO:teuthology.orchestra.run.trial072.stdout:/usr/bin/ceph: stderr
2026-02-17T21:16:22.972+0000 7fe9860a8640 1 -- 10.20.193.72:0/3243042365 shutdown_connections
2026-02-17T21:16:23.010 INFO:teuthology.orchestra.run.trial072.stdout:/usr/bin/ceph: stderr
2026-02-17T21:16:22.972+0000 7fe9860a8640 1 --2- 10.20.193.72:0/3243042365 >> [v2:10.20.193.72:6800/1776987729,v1:10.20.193.72:6801/1776987729] conn(0x7fe95403dd10 0x7fe9540401d0 unknown :-1 s=CLOSED pgs=11 cs=0 l=1 rev1=1 crypto rx=0 tx=0 comp rx=0 tx=0).stop
2026-02-17T21:16:23.010 INFO:teuthology.orchestra.run.trial072.stdout:/usr/bin/ceph: stderr
2026-02-17T21:16:22.972+0000 7fe9860a8640 1 --2- 10.20.193.72:0/3243042365 >> [v2:10.20.193.72:3300/0,v1:10.20.193.72:6789/0] conn(0x7fe980106d50 0x7fe98007cb40 unknown :-1 s=CLOSED pgs=44 cs=0 l=1 rev1=1 crypto rx=0 tx=0 comp rx=0 tx=0).stop
2026-02-17T21:16:23.010 INFO:teuthology.orchestra.run.trial072.stdout:/usr/bin/ceph: stderr
2026-02-17T21:16:22.972+0000 7fe9860a8640 1 -- 10.20.193.72:0/3243042365 >> 10.20.193.72:0/3243042365 conn(0x7fe980102500 msgr2=0x7fe980103050 unknown :-1 s=STATE_NONE l=0).mark_down
2026-02-17T21:16:23.010 INFO:teuthology.orchestra.run.trial072.stdout:/usr/bin/ceph: stderr
2026-02-17T21:16:22.972+0000 7fe9860a8640 1 -- 10.20.193.72:0/3243042365 shutdown_connections
2026-02-17T21:16:23.011 INFO:teuthology.orchestra.run.trial072.stdout:/usr/bin/ceph: stderr
2026-02-17T21:16:22.972+0000 7fe9860a8640 1 -- 10.20.193.72:0/3243042365 wait complete.
2026-02-17T21:16:23.011 INFO:teuthology.orchestra.run.trial072.stdout:Deploying unmanaged mon service...
2026-02-17T21:16:23.234 INFO:teuthology.orchestra.run.trial072.stdout:/usr/bin/ceph: stdout Scheduled mon update...
2026-02-17T21:16:23.234 INFO:teuthology.orchestra.run.trial072.stdout:/usr/bin/ceph: stderr
2026-02-17T21:16:23.108+0000 7f874d84d640 1 Processor -- start
2026-02-17T21:16:23.234 INFO:teuthology.orchestra.run.trial072.stdout:/usr/bin/ceph: stderr
2026-02-17T21:16:23.108+0000 7f874d84d640 1 -- start start
2026-02-17T21:16:23.234 INFO:teuthology.orchestra.run.trial072.stdout:/usr/bin/ceph: stderr
2026-02-17T21:16:23.108+0000 7f874d84d640 1 --2- >> [v2:10.20.193.72:3300/0,v1:10.20.193.72:6789/0] conn(0x7f874807cdb0 0x7f874807b2b0 unknown :-1 s=NONE pgs=0 cs=0 l=0 rev1=0 crypto rx=0 tx=0 comp rx=0 tx=0).connect
2026-02-17T21:16:23.235 INFO:teuthology.orchestra.run.trial072.stdout:/usr/bin/ceph: stderr
2026-02-17T21:16:23.108+0000 7f874d84d640 1 -- --> [v2:10.20.193.72:3300/0,v1:10.20.193.72:6789/0] -- mon_getmap magic: 0 -- 0x7f874807b7f0 con 0x7f874807cdb0
2026-02-17T21:16:23.235 INFO:teuthology.orchestra.run.trial072.stdout:/usr/bin/ceph: stderr
2026-02-17T21:16:23.108+0000 7f8746ffd640 1 --2- >> [v2:10.20.193.72:3300/0,v1:10.20.193.72:6789/0] conn(0x7f874807cdb0 0x7f874807b2b0 unknown :-1 s=BANNER_CONNECTING pgs=0 cs=0 l=0 rev1=0 crypto rx=0 tx=0 comp rx=0 tx=0)._handle_peer_banner_payload supported=3 required=0
2026-02-17T21:16:23.235 INFO:teuthology.orchestra.run.trial072.stdout:/usr/bin/ceph: stderr
2026-02-17T21:16:23.108+0000 7f8746ffd640 1 --2- >> [v2:10.20.193.72:3300/0,v1:10.20.193.72:6789/0] conn(0x7f874807cdb0 0x7f874807b2b0 unknown :-1 s=HELLO_CONNECTING pgs=0 cs=0 l=0 rev1=1 crypto rx=0 tx=0 comp rx=0 tx=0).handle_hello peer v2:10.20.193.72:3300/0 says I am v2:10.20.193.72:42362/0 (socket says 10.20.193.72:42362)
2026-02-17T21:16:23.235 INFO:teuthology.orchestra.run.trial072.stdout:/usr/bin/ceph: stderr
2026-02-17T21:16:23.108+0000 7f8746ffd640 1 -- 10.20.193.72:0/4248166500 learned_addr learned my addr 10.20.193.72:0/4248166500 (peer_addr_for_me v2:10.20.193.72:0/0)
2026-02-17T21:16:23.235 INFO:teuthology.orchestra.run.trial072.stdout:/usr/bin/ceph: stderr
2026-02-17T21:16:23.108+0000 7f8746ffd640 1 -- 10.20.193.72:0/4248166500 --> [v2:10.20.193.72:3300/0,v1:10.20.193.72:6789/0] -- mon_subscribe({config=0+,monmap=0+}) -- 0x7f874807b970 con 0x7f874807cdb0
2026-02-17T21:16:23.235 INFO:teuthology.orchestra.run.trial072.stdout:/usr/bin/ceph: stderr
2026-02-17T21:16:23.109+0000 7f8746ffd640 1 --2- 10.20.193.72:0/4248166500 >> [v2:10.20.193.72:3300/0,v1:10.20.193.72:6789/0] conn(0x7f874807cdb0 0x7f874807b2b0 secure :-1 s=READY pgs=45 cs=0 l=1 rev1=1 crypto rx=0x7f873c009920 tx=0x7f873c02ef20 comp rx=0 tx=0).ready entity=mon.0 client_cookie=55b6fbbee9b8e0bb server_cookie=0 in_seq=0 out_seq=0
2026-02-17T21:16:23.235 INFO:teuthology.orchestra.run.trial072.stdout:/usr/bin/ceph: stderr
2026-02-17T21:16:23.109+0000 7f8745ffb640 1 -- 10.20.193.72:0/4248166500 <== mon.0 v2:10.20.193.72:3300/0 1 ==== mon_map magic: 0 ==== 205+0+0 (secure 0 0 0) 0x7f873c03c070 con 0x7f874807cdb0
2026-02-17T21:16:23.235 INFO:teuthology.orchestra.run.trial072.stdout:/usr/bin/ceph: stderr
2026-02-17T21:16:23.109+0000 7f8745ffb640 1 -- 10.20.193.72:0/4248166500 <== mon.0 v2:10.20.193.72:3300/0 2 ==== config(24 keys) ==== 975+0+0 (secure 0 0 0) 0x7f873c037440 con 0x7f874807cdb0
2026-02-17T21:16:23.235 INFO:teuthology.orchestra.run.trial072.stdout:/usr/bin/ceph: stderr
2026-02-17T21:16:23.109+0000 7f8745ffb640 1 -- 10.20.193.72:0/4248166500 <== mon.0 v2:10.20.193.72:3300/0 3 ==== mon_map magic: 0 ==== 205+0+0 (secure 0 0 0) 0x7f873c035340 con 0x7f874807cdb0
2026-02-17T21:16:23.235 INFO:teuthology.orchestra.run.trial072.stdout:/usr/bin/ceph: stderr
2026-02-17T21:16:23.109+0000 7f874d84d640 1 -- 10.20.193.72:0/4248166500 >> [v2:10.20.193.72:3300/0,v1:10.20.193.72:6789/0] conn(0x7f874807cdb0 msgr2=0x7f874807b2b0 secure :-1 s=STATE_CONNECTION_ESTABLISHED l=1).mark_down
2026-02-17T21:16:23.236 INFO:teuthology.orchestra.run.trial072.stdout:/usr/bin/ceph: stderr
2026-02-17T21:16:23.109+0000 7f874d84d640 1 --2- 10.20.193.72:0/4248166500 >> [v2:10.20.193.72:3300/0,v1:10.20.193.72:6789/0] conn(0x7f874807cdb0 0x7f874807b2b0 secure :-1 s=READY pgs=45 cs=0 l=1 rev1=1 crypto rx=0x7f873c009920 tx=0x7f873c02ef20 comp rx=0 tx=0).stop
2026-02-17T21:16:23.236 INFO:teuthology.orchestra.run.trial072.stdout:/usr/bin/ceph: stderr
2026-02-17T21:16:23.109+0000 7f874d84d640 1 -- 10.20.193.72:0/4248166500 shutdown_connections
2026-02-17T21:16:23.236 INFO:teuthology.orchestra.run.trial072.stdout:/usr/bin/ceph: stderr
2026-02-17T21:16:23.109+0000 7f874d84d640 1 --2- 10.20.193.72:0/4248166500 >> [v2:10.20.193.72:3300/0,v1:10.20.193.72:6789/0] conn(0x7f874807cdb0 0x7f874807b2b0 unknown :-1 s=CLOSED pgs=45 cs=0 l=1 rev1=1 crypto rx=0 tx=0 comp rx=0 tx=0).stop
2026-02-17T21:16:23.236 INFO:teuthology.orchestra.run.trial072.stdout:/usr/bin/ceph: stderr
2026-02-17T21:16:23.109+0000 7f874d84d640 1 -- 10.20.193.72:0/4248166500 >> 10.20.193.72:0/4248166500 conn(0x7f8748102570 msgr2=0x7f8748104990 unknown :-1 s=STATE_NONE l=0).mark_down
2026-02-17T21:16:23.236 INFO:teuthology.orchestra.run.trial072.stdout:/usr/bin/ceph: stderr
2026-02-17T21:16:23.109+0000 7f874d84d640 1 -- 10.20.193.72:0/4248166500 shutdown_connections
2026-02-17T21:16:23.236 INFO:teuthology.orchestra.run.trial072.stdout:/usr/bin/ceph: stderr
2026-02-17T21:16:23.109+0000 7f874d84d640 1 -- 10.20.193.72:0/4248166500 wait complete.
2026-02-17T21:16:23.236 INFO:teuthology.orchestra.run.trial072.stdout:/usr/bin/ceph: stderr
2026-02-17T21:16:23.110+0000 7f874d84d640 1 Processor -- start
2026-02-17T21:16:23.236 INFO:teuthology.orchestra.run.trial072.stdout:/usr/bin/ceph: stderr
2026-02-17T21:16:23.110+0000 7f874d84d640 1 -- start start
2026-02-17T21:16:23.236 INFO:teuthology.orchestra.run.trial072.stdout:/usr/bin/ceph: stderr
2026-02-17T21:16:23.110+0000 7f874d84d640 1 --2- >> [v2:10.20.193.72:3300/0,v1:10.20.193.72:6789/0] conn(0x7f874807cdb0 0x7f874819edf0 unknown :-1 s=NONE pgs=0 cs=0 l=1 rev1=0 crypto rx=0 tx=0 comp rx=0 tx=0).connect
2026-02-17T21:16:23.236 INFO:teuthology.orchestra.run.trial072.stdout:/usr/bin/ceph: stderr
2026-02-17T21:16:23.110+0000 7f874d84d640 1 -- --> [v2:10.20.193.72:3300/0,v1:10.20.193.72:6789/0] -- mon_getmap magic: 0 -- 0x7f874810d1d0 con 0x7f874807cdb0
2026-02-17T21:16:23.236 INFO:teuthology.orchestra.run.trial072.stdout:/usr/bin/ceph: stderr
2026-02-17T21:16:23.110+0000 7f8746ffd640 1 --2- >> [v2:10.20.193.72:3300/0,v1:10.20.193.72:6789/0] conn(0x7f874807cdb0 0x7f874819edf0 unknown :-1 s=BANNER_CONNECTING pgs=0 cs=0 l=1 rev1=0 crypto rx=0 tx=0 comp rx=0 tx=0)._handle_peer_banner_payload supported=3 required=0
2026-02-17T21:16:23.237 INFO:teuthology.orchestra.run.trial072.stdout:/usr/bin/ceph: stderr
2026-02-17T21:16:23.110+0000 7f8746ffd640 1 --2- >> [v2:10.20.193.72:3300/0,v1:10.20.193.72:6789/0] conn(0x7f874807cdb0 0x7f874819edf0 unknown :-1 s=HELLO_CONNECTING pgs=0 cs=0 l=1 rev1=1 crypto rx=0 tx=0 comp rx=0 tx=0).handle_hello peer v2:10.20.193.72:3300/0 says I am v2:10.20.193.72:42376/0 (socket says 10.20.193.72:42376)
2026-02-17T21:16:23.237 INFO:teuthology.orchestra.run.trial072.stdout:/usr/bin/ceph: stderr
2026-02-17T21:16:23.110+0000 7f8746ffd640 1 -- 10.20.193.72:0/4087483354 learned_addr learned my addr 10.20.193.72:0/4087483354 (peer_addr_for_me v2:10.20.193.72:0/0)
2026-02-17T21:16:23.237 INFO:teuthology.orchestra.run.trial072.stdout:/usr/bin/ceph: stderr
2026-02-17T21:16:23.110+0000 7f8746ffd640 1 -- 10.20.193.72:0/4087483354 --> [v2:10.20.193.72:3300/0,v1:10.20.193.72:6789/0] -- mon_subscribe({config=0+,monmap=0+}) -- 0x7f874819f330 con 0x7f874807cdb0
2026-02-17T21:16:23.237 INFO:teuthology.orchestra.run.trial072.stdout:/usr/bin/ceph: stderr
2026-02-17T21:16:23.110+0000 7f8746ffd640 1 --2- 10.20.193.72:0/4087483354 >> [v2:10.20.193.72:3300/0,v1:10.20.193.72:6789/0] conn(0x7f874807cdb0 0x7f874819edf0 secure :-1 s=READY pgs=46 cs=0 l=1 rev1=1 crypto rx=0x7f873c006fd0 tx=0x7f873c035570 comp rx=0 tx=0).ready entity=mon.0 client_cookie=0 server_cookie=0 in_seq=0 out_seq=0
2026-02-17T21:16:23.237 INFO:teuthology.orchestra.run.trial072.stdout:/usr/bin/ceph: stderr
2026-02-17T21:16:23.110+0000 7f874c84b640 1 -- 10.20.193.72:0/4087483354 <== mon.0 v2:10.20.193.72:3300/0 1 ==== mon_map magic: 0 ==== 205+0+0 (secure 0 0 0) 0x7f873c045070 con 0x7f874807cdb0
2026-02-17T21:16:23.237 INFO:teuthology.orchestra.run.trial072.stdout:/usr/bin/ceph: stderr
2026-02-17T21:16:23.110+0000 7f874c84b640 1 -- 10.20.193.72:0/4087483354 <== mon.0 v2:10.20.193.72:3300/0 2 ==== config(24 keys) ==== 975+0+0 (secure 0 0 0) 0x7f873c040450 con 0x7f874807cdb0
2026-02-17T21:16:23.237 INFO:teuthology.orchestra.run.trial072.stdout:/usr/bin/ceph: stderr
2026-02-17T21:16:23.110+0000 7f874d84d640 1 -- 10.20.193.72:0/4087483354 --> [v2:10.20.193.72:3300/0,v1:10.20.193.72:6789/0] -- mon_subscribe({mgrmap=0+}) -- 0x7f874819f5c0 con 0x7f874807cdb0
2026-02-17T21:16:23.237 INFO:teuthology.orchestra.run.trial072.stdout:/usr/bin/ceph: stderr
2026-02-17T21:16:23.110+0000 7f874c84b640 1 -- 10.20.193.72:0/4087483354 <== mon.0 v2:10.20.193.72:3300/0 3 ==== mon_map magic: 0 ==== 205+0+0 (secure 0 0 0) 0x7f873c03c070 con 0x7f874807cdb0
2026-02-17T21:16:23.237 INFO:teuthology.orchestra.run.trial072.stdout:/usr/bin/ceph: stderr
2026-02-17T21:16:23.110+0000 7f874d84d640 1 -- 10.20.193.72:0/4087483354 --> [v2:10.20.193.72:3300/0,v1:10.20.193.72:6789/0] -- mon_subscribe({osdmap=0}) -- 0x7f87481a22b0 con 0x7f874807cdb0
2026-02-17T21:16:23.237 INFO:teuthology.orchestra.run.trial072.stdout:/usr/bin/ceph: stderr
2026-02-17T21:16:23.111+0000 7f874c84b640 1 -- 10.20.193.72:0/4087483354 <== mon.0 v2:10.20.193.72:3300/0 4 ==== mgrmap(e 8) ==== 50419+0+0 (secure 0 0 0) 0x7f873c0493b0 con 0x7f874807cdb0
2026-02-17T21:16:23.238 INFO:teuthology.orchestra.run.trial072.stdout:/usr/bin/ceph: stderr
2026-02-17T21:16:23.111+0000 7f874c84b640 20 mgrc handle_mgr_map mgrmap(e 8)
2026-02-17T21:16:23.238 INFO:teuthology.orchestra.run.trial072.stdout:/usr/bin/ceph: stderr
2026-02-17T21:16:23.111+0000 7f874d84d640 1 -- 10.20.193.72:0/4087483354 --> [v2:10.20.193.72:3300/0,v1:10.20.193.72:6789/0] -- mon_command({"prefix": "get_command_descriptions"} v 0) -- 0x7f874807b330 con 0x7f874807cdb0
2026-02-17T21:16:23.238 INFO:teuthology.orchestra.run.trial072.stdout:/usr/bin/ceph: stderr
2026-02-17T21:16:23.111+0000 7f874c84b640 4 mgrc handle_mgr_map Got map version 8
2026-02-17T21:16:23.238 INFO:teuthology.orchestra.run.trial072.stdout:/usr/bin/ceph: stderr
2026-02-17T21:16:23.111+0000 7f874c84b640 4 mgrc handle_mgr_map Active mgr is now [v2:10.20.193.72:6800/1776987729,v1:10.20.193.72:6801/1776987729]
2026-02-17T21:16:23.238 INFO:teuthology.orchestra.run.trial072.stdout:/usr/bin/ceph: stderr
2026-02-17T21:16:23.111+0000 7f874c84b640 4 mgrc reconnect Starting new session with [v2:10.20.193.72:6800/1776987729,v1:10.20.193.72:6801/1776987729]
2026-02-17T21:16:23.238 INFO:teuthology.orchestra.run.trial072.stdout:/usr/bin/ceph: stderr
2026-02-17T21:16:23.111+0000 7f874c84b640 1 --2- 10.20.193.72:0/4087483354 >> [v2:10.20.193.72:6800/1776987729,v1:10.20.193.72:6801/1776987729] conn(0x7f871c03ddd0 0x7f871c040290 unknown :-1 s=NONE pgs=0 cs=0 l=1 rev1=0 crypto rx=0 tx=0 comp rx=0 tx=0).connect
2026-02-17T21:16:23.238 INFO:teuthology.orchestra.run.trial072.stdout:/usr/bin/ceph: stderr
2026-02-17T21:16:23.111+0000 7f874c84b640 1 -- 10.20.193.72:0/4087483354 <== mon.0 v2:10.20.193.72:3300/0 5 ==== osd_map(2..2 src has 1..2) ==== 940+0+0 (secure 0 0 0) 0x7f873c0769c0 con 0x7f874807cdb0
2026-02-17T21:16:23.238 INFO:teuthology.orchestra.run.trial072.stdout:/usr/bin/ceph: stderr
2026-02-17T21:16:23.111+0000 7f87467fc640 1 --2- 10.20.193.72:0/4087483354 >> [v2:10.20.193.72:6800/1776987729,v1:10.20.193.72:6801/1776987729] conn(0x7f871c03ddd0 0x7f871c040290 unknown :-1 s=BANNER_CONNECTING pgs=0 cs=0 l=1 rev1=0 crypto rx=0 tx=0 comp rx=0 tx=0)._handle_peer_banner_payload supported=3 required=0
2026-02-17T21:16:23.238 INFO:teuthology.orchestra.run.trial072.stdout:/usr/bin/ceph: stderr
2026-02-17T21:16:23.111+0000 7f87467fc640 1 --2- 10.20.193.72:0/4087483354 >> [v2:10.20.193.72:6800/1776987729,v1:10.20.193.72:6801/1776987729] conn(0x7f871c03ddd0 0x7f871c040290 secure :-1 s=READY pgs=12 cs=0 l=1 rev1=1 crypto rx=0x7f87300099c0 tx=0x7f8730006eb0 comp rx=0 tx=0).ready entity=mgr.14118 client_cookie=0 server_cookie=0 in_seq=0 out_seq=0
2026-02-17T21:16:23.238 INFO:teuthology.orchestra.run.trial072.stdout:/usr/bin/ceph: stderr
2026-02-17T21:16:23.113+0000 7f874c84b640 1 -- 10.20.193.72:0/4087483354 <== mon.0 v2:10.20.193.72:3300/0 6 ==== mon_command_ack([{"prefix": "get_command_descriptions"}]=0 v0) ==== 72+0+195034 (secure 0 0 0) 0x7f873c078e20 con 0x7f874807cdb0
2026-02-17T21:16:23.239 INFO:teuthology.orchestra.run.trial072.stdout:/usr/bin/ceph: stderr
2026-02-17T21:16:23.201+0000 7f874d84d640 20 mgrc start_command cmd: [{"prefix": "orch apply", "service_type": "mon", "unmanaged": true, "target": ["mon-mgr", ""]}]
2026-02-17T21:16:23.239 INFO:teuthology.orchestra.run.trial072.stdout:/usr/bin/ceph: stderr
2026-02-17T21:16:23.201+0000 7f874d84d640 1 -- 10.20.193.72:0/4087483354 --> [v2:10.20.193.72:6800/1776987729,v1:10.20.193.72:6801/1776987729] -- mgr_command(tid 0: {"prefix": "orch apply", "service_type": "mon", "unmanaged": true, "target": ["mon-mgr", ""]}) -- 0x7f8748103860 con 0x7f871c03ddd0
2026-02-17T21:16:23.239 INFO:teuthology.orchestra.run.trial072.stdout:/usr/bin/ceph: stderr
2026-02-17T21:16:23.205+0000 7f874c84b640 1 -- 10.20.193.72:0/4087483354 <== mgr.14118 v2:10.20.193.72:6800/1776987729 1 ==== mgr_command_reply(tid 0: 0 ) ==== 8+0+24 (secure 0 0 0) 0x7f8748103860 con 0x7f871c03ddd0
2026-02-17T21:16:23.239 INFO:teuthology.orchestra.run.trial072.stdout:/usr/bin/ceph: stderr
2026-02-17T21:16:23.205+0000 7f874c84b640 20 mgrc handle_command_reply tid 0 r 0
2026-02-17T21:16:23.239 INFO:teuthology.orchestra.run.trial072.stdout:/usr/bin/ceph: stderr
2026-02-17T21:16:23.206+0000 7f874d84d640 10 mgrc shutdown
2026-02-17T21:16:23.239 INFO:teuthology.orchestra.run.trial072.stdout:/usr/bin/ceph: stderr
