2026-02-17T21:38:12.074+0000 7fc07ac02640 10 mgr.4100.objecter ms_dispatch2 0x55f66c236000 mgrconfigure(period=5, threshold=5)
2026-02-17T21:38:12.074+0000 7fc07ac02640 10 mgr ms_dispatch2 active mgrconfigure(period=5, threshold=5)
2026-02-17T21:38:12.074+0000 7fc07ac02640 10 mgr ms_dispatch2 mgrconfigure(period=5, threshold=5)
2026-02-17T21:38:12.074+0000 7fc07cc06640 20 --2- [v2:127.0.0.1:6800/1558383960,v1:127.0.0.1:6801/1558383960] >> 127.0.0.1:0/3583921064 conn(0x55f675fedc00 0x55f67617a580 crc :-1 s=READY pgs=1 cs=0 l=1 rev1=1 crypto rx=0 tx=0 comp rx=0 tx=0).prepare_send_message m=mgrconfigure(period=5, threshold=5)
2026-02-17T21:38:12.074+0000 7fc07cc06640 20 --2- [v2:127.0.0.1:6800/1558383960,v1:127.0.0.1:6801/1558383960] >> 127.0.0.1:0/3583921064 conn(0x55f675fedc00 0x55f67617a580 crc :-1 s=READY pgs=1 cs=0 l=1 rev1=1 crypto rx=0 tx=0 comp rx=0 tx=0).prepare_send_message encoding features 4540701547738038271 0x55f67614e800 mgrconfigure(period=5, threshold=5)
2026-02-17T21:38:12.074+0000 7fc07cc06640 5 --2- [v2:127.0.0.1:6800/1558383960,v1:127.0.0.1:6801/1558383960] >> 127.0.0.1:0/3583921064 conn(0x55f675fedc00 0x55f67617a580 crc :-1 s=READY pgs=1 cs=0 l=1 rev1=1 crypto rx=0 tx=0 comp rx=0 tx=0).write_message sending message m=0x55f67614e800 seq=1 mgrconfigure(period=5, threshold=5)
2026-02-17T21:38:12.074+0000 7fc07cc06640 20 --2- [v2:127.0.0.1:6800/1558383960,v1:127.0.0.1:6801/1558383960] >> 127.0.0.1:0/3583921064 conn(0x55f675fedc00 0x55f67617a580 crc :-1 s=READY pgs=1 cs=0 l=1 rev1=1 crypto rx=0 tx=0 comp rx=0 tx=0).write_message sending m=0x55f67614e800 seq=1 src=mgr.4100 off=0
2026-02-17T21:38:12.074+0000 7fc07cc06640 10 -- [v2:127.0.0.1:6800/1558383960,v1:127.0.0.1:6801/1558383960] >> 127.0.0.1:0/3583921064 conn(0x55f675fedc00 msgr2=0x55f67617a580 crc :-1 s=STATE_CONNECTION_ESTABLISHED l=1)._try_send sent bytes 103 remaining bytes 0
2026-02-17T21:38:12.074+0000 7fc07cc06640 10 --2- [v2:127.0.0.1:6800/1558383960,v1:127.0.0.1:6801/1558383960] >> 127.0.0.1:0/3583921064 conn(0x55f675fedc00 0x55f67617a580 crc :-1 s=READY pgs=1 cs=0 l=1 rev1=1 crypto rx=0 tx=0 comp rx=0 tx=0).write_message sending 0x55f67614e800 done.
2026-02-17T21:38:12.074+0000 7fc07ac02640 1 -- 127.0.0.1:0/3190841109 --> [v2:127.0.0.1:6800/1558383960,v1:127.0.0.1:6801/1558383960] -- mgrreport(unknown.x +18-0 packed 150 task_status=0) -- 0x55f675cb2380 con 0x55f675fec800
2026-02-17T21:38:12.074+0000 7fc07ac02640 5 --2- 127.0.0.1:0/3190841109 >> [v2:127.0.0.1:6800/1558383960,v1:127.0.0.1:6801/1558383960] conn(0x55f675fec800 0x55f675dd1600 crc :-1 s=READY pgs=1 cs=0 l=1 rev1=1 crypto rx=0 tx=0 comp rx=0 tx=0).send_message enqueueing message m=0x55f675cb2380 type=1794 mgrreport(mgr.x +18-0 packed 150 task_status=0)
2026-02-17T21:38:12.074+0000 7fc07ac02640 15 --2- 127.0.0.1:0/3190841109 >> [v2:127.0.0.1:6800/1558383960,v1:127.0.0.1:6801/1558383960] conn(0x55f675fec800 0x55f675dd1600 crc :-1 s=READY pgs=1 cs=0 l=1 rev1=1 crypto rx=0 tx=0 comp rx=0 tx=0).send_message inline write is denied, reschedule m=0x55f675cb2380
2026-02-17T21:38:12.074+0000 7fc07ac02640 20 Event(0x55f66c0f4508 nevent=5000 time_id=10).wakeup
2026-02-17T21:38:12.074+0000 7fc07ac02640 10 -- 127.0.0.1:0/3190841109 dispatch_throttle_release 13 to dispatch throttler 13/104857600
2026-02-17T21:38:12.074+0000 7fc07ac02640 20 -- 127.0.0.1:0/3190841109 done calling dispatch on 0x55f67614ea00
2026-02-17T21:38:12.074+0000 7fc07cc06640 10 -- 127.0.0.1:0/3190841109 >> [v2:127.0.0.1:6800/1558383960,v1:127.0.0.1:6801/1558383960] conn(0x55f675fec800 msgr2=0x55f675dd1600 crc :-1 s=STATE_CONNECTION_ESTABLISHED l=1).handle_write
2026-02-17T21:38:12.074+0000 7fc07cc06640 10 --2- 127.0.0.1:0/3190841109 >> [v2:127.0.0.1:6800/1558383960,v1:127.0.0.1:6801/1558383960] conn(0x55f675fec800 0x55f675dd1600 crc :-1 s=READY pgs=1 cs=0 l=1 rev1=1 crypto rx=0 tx=0 comp rx=0 tx=0).write_event
2026-02-17T21:38:12.074+0000 7fc07cc06640 20 --2- 127.0.0.1:0/3190841109 >> [v2:127.0.0.1:6800/1558383960,v1:127.0.0.1:6801/1558383960] conn(0x55f675fec800 0x55f675dd1600 crc :-1 s=READY pgs=1 cs=0 l=1 rev1=1 crypto rx=0 tx=0 comp rx=0 tx=0).prepare_send_message m=mgrreport(mgr.x +18-0 packed 150 task_status=0)
2026-02-17T21:38:12.074+0000 7fc07cc06640 20 --2- 127.0.0.1:0/3190841109 >> [v2:127.0.0.1:6800/1558383960,v1:127.0.0.1:6801/1558383960] conn(0x55f675fec800 0x55f675dd1600 crc :-1 s=READY pgs=1 cs=0 l=1 rev1=1 crypto rx=0 tx=0 comp rx=0 tx=0).prepare_send_message encoding features 4540701547738038271 0x55f675cb2380 mgrreport(mgr.x +18-0 packed 150 task_status=0)
2026-02-17T21:38:12.074+0000 7fc07cc06640 5 --2- 127.0.0.1:0/3190841109 >> [v2:127.0.0.1:6800/1558383960,v1:127.0.0.1:6801/1558383960] conn(0x55f675fec800 0x55f675dd1600 crc :-1 s=READY pgs=1 cs=0 l=1 rev1=1 crypto rx=0 tx=0 comp rx=0 tx=0).write_message sending message m=0x55f675cb2380 seq=2 mgrreport(mgr.x +18-0 packed 150 task_status=0)
2026-02-17T21:38:12.074+0000 7fc07cc06640 20 --2- 127.0.0.1:0/3190841109 >> [v2:127.0.0.1:6800/1558383960,v1:127.0.0.1:6801/1558383960] conn(0x55f675fec800 0x55f675dd1600 crc :-1 s=READY pgs=1 cs=0 l=1 rev1=1 crypto rx=0 tx=0 comp rx=0 tx=0).write_message sending m=0x55f675cb2380 seq=2 src=mgr.4100 off=0
2026-02-17T21:38:12.074+0000 7fc07cc06640 10 -- 127.0.0.1:0/3190841109 >> [v2:127.0.0.1:6800/1558383960,v1:127.0.0.1:6801/1558383960] conn(0x55f675fec800 msgr2=0x55f675dd1600 crc :-1 s=STATE_CONNECTION_ESTABLISHED l=1)._try_send sent bytes 1473 remaining bytes 0
2026-02-17T21:38:12.074+0000 7fc07cc06640 10 --2- 127.0.0.1:0/3190841109 >> [v2:127.0.0.1:6800/1558383960,v1:127.0.0.1:6801/1558383960] conn(0x55f675fec800 0x55f675dd1600 crc :-1 s=READY pgs=1 cs=0 l=1 rev1=1 crypto rx=0 tx=0 comp rx=0 tx=0).write_message sending 0x55f675cb2380 done.
2026-02-17T21:38:12.074+0000 7fc07ec0a640 20 -- [v2:127.0.0.1:6800/1558383960,v1:127.0.0.1:6801/1558383960] >> 127.0.0.1:0/3190841109 conn(0x55f675fed000 msgr2=0x55f675dd2c00 crc :-1 s=STATE_CONNECTION_ESTABLISHED l=1).process
2026-02-17T21:38:12.074+0000 7fc07ec0a640 20 -- [v2:127.0.0.1:6800/1558383960,v1:127.0.0.1:6801/1558383960] >> 127.0.0.1:0/3190841109 conn(0x55f675fed000 msgr2=0x55f675dd2c00 crc :-1 s=STATE_CONNECTION_ESTABLISHED l=1).read continue len=32
2026-02-17T21:38:12.074+0000 7fc07ec0a640 20 --2- [v2:127.0.0.1:6800/1558383960,v1:127.0.0.1:6801/1558383960] >> 127.0.0.1:0/3190841109 conn(0x55f675fed000 0x55f675dd2c00 crc :-1 s=READY pgs=3 cs=0 l=1 rev1=1 crypto rx=0 tx=0 comp rx=0 tx=0).handle_read_frame_preamble_main r=0
2026-02-17T21:38:12.074+0000 7fc07ec0a640 20 --2- [v2:127.0.0.1:6800/1558383960,v1:127.0.0.1:6801/1558383960] >> 127.0.0.1:0/3190841109 conn(0x55f675fed000 0x55f675dd2c00 crc :-1 s=THROTTLE_MESSAGE pgs=3 cs=0 l=1 rev1=1 crypto rx=0 tx=0 comp rx=0 tx=0).throttle_message
2026-02-17T21:38:12.074+0000 7fc07ec0a640 10 --2- [v2:127.0.0.1:6800/1558383960,v1:127.0.0.1:6801/1558383960] >> 127.0.0.1:0/3190841109 conn(0x55f675fed000 0x55f675dd2c00 crc :-1 s=THROTTLE_MESSAGE pgs=3 cs=0 l=1 rev1=1 crypto rx=0 tx=0 comp rx=0 tx=0).throttle_message wants 1 message from policy throttler 0/512
2026-02-17T21:38:12.074+0000 7fc07ec0a640 20 --2- [v2:127.0.0.1:6800/1558383960,v1:127.0.0.1:6801/1558383960] >> 127.0.0.1:0/3190841109 conn(0x55f675fed000 0x55f675dd2c00 crc :-1 s=THROTTLE_BYTES pgs=3 cs=0 l=1 rev1=1 crypto rx=0 tx=0 comp rx=0 tx=0).throttle_bytes
2026-02-17T21:38:12.074+0000 7fc07ec0a640 10 --2- [v2:127.0.0.1:6800/1558383960,v1:127.0.0.1:6801/1558383960] >> 127.0.0.1:0/3190841109 conn(0x55f675fed000 0x55f675dd2c00 crc :-1 s=THROTTLE_BYTES pgs=3 cs=0 l=1 rev1=1 crypto rx=0 tx=0 comp rx=0 tx=0).throttle_bytes wants 1383 bytes from policy throttler 0/134217728
2026-02-17T21:38:12.074+0000 7fc07ec0a640 20 --2- [v2:127.0.0.1:6800/1558383960,v1:127.0.0.1:6801/1558383960] >> 127.0.0.1:0/3190841109 conn(0x55f675fed000 0x55f675dd2c00 crc :-1 s=THROTTLE_DISPATCH_QUEUE pgs=3 cs=0 l=1 rev1=1 crypto rx=0 tx=0 comp rx=0 tx=0).throttle_dispatch_queue
2026-02-17T21:38:12.074+0000 7fc07ec0a640 20 --2- [v2:127.0.0.1:6800/1558383960,v1:127.0.0.1:6801/1558383960] >> 127.0.0.1:0/3190841109 conn(0x55f675fed000 0x55f675dd2c00 crc :-1 s=THROTTLE_DONE pgs=3 cs=0 l=1 rev1=1 crypto rx=0 tx=0 comp rx=0 tx=0).read_frame_segment seg_idx=0
2026-02-17T21:38:12.074+0000 7fc07ec0a640 20 -- [v2:127.0.0.1:6800/1558383960,v1:127.0.0.1:6801/1558383960] >> 127.0.0.1:0/3190841109 conn(0x55f675fed000 msgr2=0x55f675dd2c00 crc :-1 s=STATE_CONNECTION_ESTABLISHED l=1).read start len=45
2026-02-17T21:38:12.074+0000 7fc07ec0a640 20 --2- [v2:127.0.0.1:6800/1558383960,v1:127.0.0.1:6801/1558383960] >> 127.0.0.1:0/3190841109 conn(0x55f675fed000 0x55f675dd2c00 crc :-1 s=THROTTLE_DONE pgs=3 cs=0 l=1 rev1=1 crypto rx=0 tx=0 comp rx=0 tx=0).handle_read_frame_segment r=0
2026-02-17T21:38:12.074+0000 7fc07ec0a640 20 --2- [v2:127.0.0.1:6800/1558383960,v1:127.0.0.1:6801/1558383960] >> 127.0.0.1:0/3190841109 conn(0x55f675fed000 0x55f675dd2c00 crc :-1 s=THROTTLE_DONE pgs=3 cs=0 l=1 rev1=1 crypto rx=0 tx=0 comp rx=0 tx=0).read_frame_segment seg_idx=1
2026-02-17T21:38:12.074+0000 7fc07ec0a640 20 -- [v2:127.0.0.1:6800/1558383960,v1:127.0.0.1:6801/1558383960] >> 127.0.0.1:0/3190841109 conn(0x55f675fed000 msgr2=0x55f675dd2c00 crc :-1 s=STATE_CONNECTION_ESTABLISHED l=1).read start len=1383
2026-02-17T21:38:12.074+0000 7fc07ec0a640 20 --2- [v2:127.0.0.1:6800/1558383960,v1:127.0.0.1:6801/1558383960] >> 127.0.0.1:0/3190841109 conn(0x55f675fed000 0x55f675dd2c00 crc :-1 s=THROTTLE_DONE pgs=3 cs=0 l=1 rev1=1 crypto rx=0 tx=0 comp rx=0 tx=0).handle_read_frame_segment r=0
2026-02-17T21:38:12.074+0000 7fc07ec0a640 20 -- [v2:127.0.0.1:6800/1558383960,v1:127.0.0.1:6801/1558383960] >> 127.0.0.1:0/3190841109 conn(0x55f675fed000 msgr2=0x55f675dd2c00 crc :-1 s=STATE_CONNECTION_ESTABLISHED l=1).read start len=13
2026-02-17T21:38:12.074+0000 7fc07ec0a640 20 --2- [v2:127.0.0.1:6800/1558383960,v1:127.0.0.1:6801/1558383960] >> 127.0.0.1:0/3190841109 conn(0x55f675fed000 0x55f675dd2c00 crc :-1 s=THROTTLE_DONE pgs=3 cs=0 l=1 rev1=1 crypto rx=0 tx=0 comp rx=0 tx=0).handle_read_frame_epilogue_main r=0
2026-02-17T21:38:12.074+0000 7fc07ec0a640 10 --2- [v2:127.0.0.1:6800/1558383960,v1:127.0.0.1:6801/1558383960] >> 127.0.0.1:0/3190841109 conn(0x55f675fed000 0x55f675dd2c00 crc :-1 s=THROTTLE_DONE pgs=3 cs=0 l=1 rev1=1 crypto rx=0 tx=0 comp rx=0 tx=0).handle_read_frame_dispatch tag=17
2026-02-17T21:38:12.074+0000 7fc07ec0a640 20 --2- [v2:127.0.0.1:6800/1558383960,v1:127.0.0.1:6801/1558383960] >> 127.0.0.1:0/3190841109 conn(0x55f675fed000 0x55f675dd2c00 crc :-1 s=THROTTLE_DONE pgs=3 cs=0 l=1 rev1=1 crypto rx=0 tx=0 comp rx=0 tx=0).handle_message
2026-02-17T21:38:12.074+0000 7fc07ec0a640 5 --2- [v2:127.0.0.1:6800/1558383960,v1:127.0.0.1:6801/1558383960] >> 127.0.0.1:0/3190841109 conn(0x55f675fed000 0x55f675dd2c00 crc :-1 s=THROTTLE_DONE pgs=3 cs=0 l=1 rev1=1 crypto rx=0 tx=0 comp rx=0 tx=0).handle_message got 1383 + 0 + 0 byte message. envelope type=1794 src mgr.4100 off 0
2026-02-17T21:38:12.074+0000 7fc07ec0a640 5 --2- [v2:127.0.0.1:6800/1558383960,v1:127.0.0.1:6801/1558383960] >> 127.0.0.1:0/3190841109 conn(0x55f675fed000 0x55f675dd2c00 crc :-1 s=READ_MESSAGE_COMPLETE pgs=3 cs=0 l=1 rev1=1 crypto rx=0 tx=0 comp rx=0 tx=0).handle_message received message m=0x55f675cb3180 seq=2 from=mgr.4100 type=1794 mgrreport(mgr.x +18-0 packed 150 task_status=0)
2026-02-17T21:38:12.074+0000 7fc07ec0a640 20 -- [v2:127.0.0.1:6800/1558383960,v1:127.0.0.1:6801/1558383960] queue 0x55f675cb3180 prio 127
2026-02-17T21:38:12.074+0000 7fc07ec0a640 20 --2- [v2:127.0.0.1:6800/1558383960,v1:127.0.0.1:6801/1558383960] >> 127.0.0.1:0/3190841109 conn(0x55f675fed000 0x55f675dd2c00 crc :-1 s=READY pgs=3 cs=0 l=1 rev1=1 crypto rx=0 tx=0 comp rx=0 tx=0).read_frame
2026-02-17T21:38:12.074+0000 7fc07ec0a640 20 -- [v2:127.0.0.1:6800/1558383960,v1:127.0.0.1:6801/1558383960] >> 127.0.0.1:0/3190841109 conn(0x55f675fed000 msgr2=0x55f675dd2c00 crc :-1 s=STATE_CONNECTION_ESTABLISHED l=1).read start len=32
2026-02-17T21:38:12.074+0000 7fbf98899640 1 -- [v2:127.0.0.1:6800/1558383960,v1:127.0.0.1:6801/1558383960] <== mgr.4100 127.0.0.1:0/3190841109 2 ==== mgrreport(mgr.x +18-0 packed 150 task_status=0) ==== 1383+0+0 (crc 0 0 0) 0x55f675cb3180 con 0x55f675fed000
2026-02-17T21:38:12.074+0000 7fbf98899640 10 mgr.server handle_report from 0x55f675fed000 mgr.x
2026-02-17T21:38:12.074+0000 7fbf98899640 20 mgr.server handle_report updating existing DaemonState for mgr.x
2026-02-17T21:38:12.074+0000 7fbf98899640 20 mgr update loading 18 new types, 0 old types, had 0 types, got 150 bytes of data
2026-02-17T21:38:12.074+0000 7fbf98899640 10 mgr.server update_task_status got task status from mgr.x
2026-02-17T21:38:12.074+0000 7fbf98899640 10 -- [v2:127.0.0.1:6800/1558383960,v1:127.0.0.1:6801/1558383960] dispatch_throttle_release 1383 to dispatch throttler 1383/104857600
2026-02-17T21:38:12.074+0000 7fbf98899640 20 -- [v2:127.0.0.1:6800/1558383960,v1:127.0.0.1:6801/1558383960] done calling dispatch on 0x55f675cb3180
2026-02-17T21:38:12.074+0000 7fc07cc06640 20 -- [v2:127.0.0.1:6800/1558383960,v1:127.0.0.1:6801/1558383960] >> 127.0.0.1:0/3583921064 conn(0x55f675fedc00 msgr2=0x55f67617a580 crc :-1 s=STATE_CONNECTION_ESTABLISHED l=1).process
2026-02-17T21:38:12.074+0000 7fc07cc06640 20 -- [v2:127.0.0.1:6800/1558383960,v1:127.0.0.1:6801/1558383960] >> 127.0.0.1:0/3583921064 conn(0x55f675fedc00 msgr2=0x55f67617a580 crc :-1 s=STATE_CONNECTION_ESTABLISHED l=1).read continue len=32
2026-02-17T21:38:12.074+0000 7fc07cc06640 20 --2- [v2:127.0.0.1:6800/1558383960,v1:127.0.0.1:6801/1558383960] >> 127.0.0.1:0/3583921064 conn(0x55f675fedc00 0x55f67617a580 crc :-1 s=READY pgs=1 cs=0 l=1 rev1=1 crypto rx=0 tx=0 comp rx=0 tx=0).handle_read_frame_preamble_main r=0
2026-02-17T21:38:12.074+0000 7fc07cc06640 20 --2- [v2:127.0.0.1:6800/1558383960,v1:127.0.0.1:6801/1558383960] >> 127.0.0.1:0/3583921064 conn(0x55f675fedc00 0x55f67617a580 crc :-1 s=THROTTLE_MESSAGE pgs=1 cs=0 l=1 rev1=1 crypto rx=0 tx=0 comp rx=0 tx=0).throttle_message
2026-02-17T21:38:12.074+0000 7fc07cc06640 10 --2- [v2:127.0.0.1:6800/1558383960,v1:127.0.0.1:6801/1558383960] >> 127.0.0.1:0/3583921064 conn(0x55f675fedc00 0x55f67617a580 crc :-1 s=THROTTLE_MESSAGE pgs=1 cs=0 l=1 rev1=1 crypto rx=0 tx=0 comp rx=0 tx=0).throttle_message wants 1 message from policy throttler 0/128
2026-02-17T21:38:12.074+0000 7fc07cc06640 20 --2- [v2:127.0.0.1:6800/1558383960,v1:127.0.0.1:6801/1558383960] >> 127.0.0.1:0/3583921064 conn(0x55f675fedc00 0x55f67617a580 crc :-1 s=THROTTLE_BYTES pgs=1 cs=0 l=1 rev1=1 crypto rx=0 tx=0 comp rx=0 tx=0).throttle_bytes
2026-02-17T21:38:12.074+0000 7fc07cc06640 10 --2- [v2:127.0.0.1:6800/1558383960,v1:127.0.0.1:6801/1558383960] >> 127.0.0.1:0/3583921064 conn(0x55f675fedc00 0x55f67617a580 crc :-1 s=THROTTLE_BYTES pgs=1 cs=0 l=1 rev1=1 crypto rx=0 tx=0 comp rx=0 tx=0).throttle_bytes wants 8166 bytes from policy throttler 0/134217728
2026-02-17T21:38:12.074+0000 7fc07cc06640 20 --2- [v2:127.0.0.1:6800/1558383960,v1:127.0.0.1:6801/1558383960] >> 127.0.0.1:0/3583921064 conn(0x55f675fedc00 0x55f67617a580 crc :-1 s=THROTTLE_DISPATCH_QUEUE pgs=1 cs=0 l=1 rev1=1 crypto rx=0 tx=0 comp rx=0 tx=0).throttle_dispatch_queue
2026-02-17T21:38:12.074+0000 7fc07cc06640 20 --2- [v2:127.0.0.1:6800/1558383960,v1:127.0.0.1:6801/1558383960] >> 127.0.0.1:0/3583921064 conn(0x55f675fedc00 0x55f67617a580 crc :-1 s=THROTTLE_DONE pgs=1 cs=0 l=1 rev1=1 crypto rx=0 tx=0 comp rx=0 tx=0).read_frame_segment seg_idx=0
2026-02-17T21:38:12.074+0000 7fc07cc06640 20 -- [v2:127.0.0.1:6800/1558383960,v1:127.0.0.1:6801/1558383960] >> 127.0.0.1:0/3583921064 conn(0x55f675fedc00 msgr2=0x55f67617a580 crc :-1 s=STATE_CONNECTION_ESTABLISHED l=1).read start len=45
2026-02-17T21:38:12.074+0000 7fc07cc06640 20 --2- [v2:127.0.0.1:6800/1558383960,v1:127.0.0.1:6801/1558383960] >> 127.0.0.1:0/3583921064 conn(0x55f675fedc00 0x55f67617a580 crc :-1 s=THROTTLE_DONE pgs=1 cs=0 l=1 rev1=1 crypto rx=0 tx=0 comp rx=0 tx=0).handle_read_frame_segment r=0
2026-02-17T21:38:12.074+0000 7fc07cc06640 20 --2- [v2:127.0.0.1:6800/1558383960,v1:127.0.0.1:6801/1558383960] >> 127.0.0.1:0/3583921064 conn(0x55f675fedc00 0x55f67617a580 crc :-1 s=THROTTLE_DONE pgs=1 cs=0 l=1 rev1=1 crypto rx=0 tx=0 comp rx=0 tx=0).read_frame_segment seg_idx=1
2026-02-17T21:38:12.074+0000 7fc07cc06640 20 -- [v2:127.0.0.1:6800/1558383960,v1:127.0.0.1:6801/1558383960] >> 127.0.0.1:0/3583921064 conn(0x55f675fedc00 msgr2=0x55f67617a580 crc :-1 s=STATE_CONNECTION_ESTABLISHED l=1).read start len=8166
2026-02-17T21:38:12.074+0000 7fc07cc06640 20 --2- [v2:127.0.0.1:6800/1558383960,v1:127.0.0.1:6801/1558383960] >> 127.0.0.1:0/3583921064 conn(0x55f675fedc00 0x55f67617a580 crc :-1 s=THROTTLE_DONE pgs=1 cs=0 l=1 rev1=1 crypto rx=0 tx=0 comp rx=0 tx=0).handle_read_frame_segment r=0
2026-02-17T21:38:12.074+0000 7fc07cc06640 20 -- [v2:127.0.0.1:6800/1558383960,v1:127.0.0.1:6801/1558383960] >> 127.0.0.1:0/3583921064 conn(0x55f675fedc00 msgr2=0x55f67617a580 crc :-1 s=STATE_CONNECTION_ESTABLISHED l=1).read start len=13
2026-02-17T21:38:12.074+0000 7fc07cc06640 20 --2- [v2:127.0.0.1:6800/1558383960,v1:127.0.0.1:6801/1558383960] >> 127.0.0.1:0/3583921064 conn(0x55f675fedc00 0x55f67617a580 crc :-1 s=THROTTLE_DONE pgs=1 cs=0 l=1 rev1=1 crypto rx=0 tx=0 comp rx=0 tx=0).handle_read_frame_epilogue_main r=0
2026-02-17T21:38:12.074+0000 7fc07cc06640 10 --2- [v2:127.0.0.1:6800/1558383960,v1:127.0.0.1:6801/1558383960] >> 127.0.0.1:0/3583921064 conn(0x55f675fedc00 0x55f67617a580 crc :-1 s=THROTTLE_DONE pgs=1 cs=0 l=1 rev1=1 crypto rx=0 tx=0 comp rx=0 tx=0).handle_read_frame_dispatch tag=17
2026-02-17T21:38:12.074+0000 7fc07cc06640 20 --2- [v2:127.0.0.1:6800/1558383960,v1:127.0.0.1:6801/1558383960] >> 127.0.0.1:0/3583921064 conn(0x55f675fedc00 0x55f67617a580 crc :-1 s=THROTTLE_DONE pgs=1 cs=0 l=1 rev1=1 crypto rx=0 tx=0 comp rx=0 tx=0).handle_message
2026-02-17T21:38:12.074+0000 7fc07cc06640 5 --2- [v2:127.0.0.1:6800/1558383960,v1:127.0.0.1:6801/1558383960] >> 127.0.0.1:0/3583921064 conn(0x55f675fedc00 0x55f67617a580 crc :-1 s=THROTTLE_DONE pgs=1 cs=0 l=1 rev1=1 crypto rx=0 tx=0 comp rx=0 tx=0).handle_message got 8166 + 0 + 0 byte message. envelope type=1794 src mon.0 off 0
2026-02-17T21:38:12.074+0000 7fc07cc06640 5 --2- [v2:127.0.0.1:6800/1558383960,v1:127.0.0.1:6801/1558383960] >> 127.0.0.1:0/3583921064 conn(0x55f675fedc00 0x55f67617a580 crc :-1 s=READ_MESSAGE_COMPLETE pgs=1 cs=0 l=1 rev1=1 crypto rx=0 tx=0 comp rx=0 tx=0).handle_message received message m=0x55f675cb2380 seq=2 from=mon.0 type=1794 mgrreport(mon.a +99-0 packed 1166 status=0 task_status=0)
2026-02-17T21:38:12.074+0000 7fc07cc06640 20 -- [v2:127.0.0.1:6800/1558383960,v1:127.0.0.1:6801/1558383960] queue 0x55f675cb2380 prio 127
2026-02-17T21:38:12.074+0000 7fc07cc06640 20 --2- [v2:127.0.0.1:6800/1558383960,v1:127.0.0.1:6801/1558383960] >> 127.0.0.1:0/3583921064 conn(0x55f675fedc00 0x55f67617a580 crc :-1 s=READY pgs=1 cs=0 l=1 rev1=1 crypto rx=0 tx=0 comp rx=0 tx=0).read_frame
2026-02-17T21:38:12.074+0000 7fc07cc06640 20 -- [v2:127.0.0.1:6800/1558383960,v1:127.0.0.1:6801/1558383960] >> 127.0.0.1:0/3583921064 conn(0x55f675fedc00 msgr2=0x55f67617a580 crc :-1 s=STATE_CONNECTION_ESTABLISHED l=1).read start len=32
2026-02-17T21:38:12.074+0000 7fbf98899640 1 -- [v2:127.0.0.1:6800/1558383960,v1:127.0.0.1:6801/1558383960] <== mon.0 127.0.0.1:0/3583921064 2 ==== mgrreport(mon.a +99-0 packed 1166 status=0 task_status=0) ==== 8166+0+0 (crc 0 0 0) 0x55f675cb2380 con 0x55f675fedc00
2026-02-17T21:38:12.074+0000 7fbf98899640 10 mgr.server handle_report from 0x55f675fedc00 mon.a
2026-02-17T21:38:12.074+0000 7fbf98899640 20 mgr.server handle_report updating existing DaemonState for mon.a
2026-02-17T21:38:12.074+0000 7fbf98899640 20 mgr update loading 99 new types, 0 old types, had 18 types, got 1166 bytes of data
2026-02-17T21:38:12.074+0000 7fbf98899640 -1 mgr.server handle_report got status from non-daemon mon.a
2026-02-17T21:38:12.074+0000 7fbf98899640 10 mgr.server update_task_status got task status from mon.a
2026-02-17T21:38:12.074+0000 7fbf98899640 10 mgr.server handle_report daemon_health_metrics []
2026-02-17T21:38:12.074+0000 7fbf98899640 10 -- [v2:127.0.0.1:6800/1558383960,v1:127.0.0.1:6801/1558383960] dispatch_throttle_release 8166 to dispatch throttler 8166/104857600
2026-02-17T21:38:12.074+0000 7fbf98899640 20 -- [v2:127.0.0.1:6800/1558383960,v1:127.0.0.1:6801/1558383960] done calling dispatch on 0x55f675cb2380
2026-02-17T21:38:12.714+0000 7fc078bfe640 10 --2- 127.0.0.1:0/3190841109 >> v2:127.0.0.1:7146/0 conn(0x55f675dce000 0x55f675dd0000 crc :-1 s=READY pgs=8 cs=0 l=1 rev1=1 crypto rx=0 tx=0 comp rx=0 tx=0).send_keepalive
2026-02-17T21:38:12.714+0000 7fc078bfe640 20 Event(0x55f66c0f4bc8 nevent=5000 time_id=13).wakeup
2026-02-17T21:38:12.714+0000 7fc07ec0a640 10 -- 127.0.0.1:0/3190841109 >> v2:127.0.0.1:7146/0 conn(0x55f675dce000 msgr2=0x55f675dd0000 crc :-1 s=STATE_CONNECTION_ESTABLISHED l=1).handle_write
2026-02-17T21:38:12.714+0000 7fc07ec0a640 10 --2- 127.0.0.1:0/3190841109 >> v2:127.0.0.1:7146/0 conn(0x55f675dce000 0x55f675dd0000 crc :-1 s=READY pgs=8 cs=0 l=1 rev1=1 crypto rx=0 tx=0 comp rx=0 tx=0).write_event
2026-02-17T21:38:12.714+0000 7fc07ec0a640 10 --2- 127.0.0.1:0/3190841109 >> v2:127.0.0.1:7146/0 conn(0x55f675dce000 0x55f675dd0000 crc :-1 s=READY pgs=8 cs=0 l=1 rev1=1 crypto rx=0 tx=0 comp rx=0 tx=0).write_event appending keepalive
2026-02-17T21:38:12.714+0000 7fc07ec0a640 10 -- 127.0.0.1:0/3190841109 >> v2:127.0.0.1:7146/0 conn(0x55f675dce000 msgr2=0x55f675dd0000 crc :-1 s=STATE_CONNECTION_ESTABLISHED l=1)._try_send sent bytes 44 remaining bytes 0
2026-02-17T21:38:12.714+0000 7fc07ec0a640 20 -- 127.0.0.1:0/3190841109 >> v2:127.0.0.1:7146/0 conn(0x55f675dce000 msgr2=0x55f675dd0000 crc :-1 s=STATE_CONNECTION_ESTABLISHED l=1).process
2026-02-17T21:38:12.714+0000 7fc07ec0a640 20 -- 127.0.0.1:0/3190841109 >> v2:127.0.0.1:7146/0 conn(0x55f675dce000 msgr2=0x55f675dd0000 crc :-1 s=STATE_CONNECTION_ESTABLISHED l=1).read continue len=32
2026-02-17T21:38:12.714+0000 7fc07ec0a640 20 --2- 127.0.0.1:0/3190841109 >> v2:127.0.0.1:7146/0 conn(0x55f675dce000 0x55f675dd0000 crc :-1 s=READY pgs=8 cs=0 l=1 rev1=1 crypto rx=0 tx=0 comp rx=0 tx=0).handle_read_frame_preamble_main r=0
2026-02-17T21:38:12.714+0000 7fc07ec0a640 20 --2- 127.0.0.1:0/3190841109 >> v2:127.0.0.1:7146/0 conn(0x55f675dce000 0x55f675dd0000 crc :-1 s=READY pgs=8 cs=0 l=1 rev1=1 crypto rx=0 tx=0 comp rx=0 tx=0).read_frame_segment seg_idx=0
2026-02-17T21:38:12.714+0000 7fc07ec0a640 20 -- 127.0.0.1:0/3190841109 >> v2:127.0.0.1:7146/0 conn(0x55f675dce000 msgr2=0x55f675dd0000 crc :-1 s=STATE_CONNECTION_ESTABLISHED l=1).read start len=12
2026-02-17T21:38:12.714+0000 7fc07ec0a640 20 --2- 127.0.0.1:0/3190841109 >> v2:127.0.0.1:7146/0 conn(0x55f675dce000 0x55f675dd0000 crc :-1 s=READY pgs=8 cs=0 l=1 rev1=1 crypto rx=0 tx=0 comp rx=0 tx=0).handle_read_frame_segment r=0
2026-02-17T21:38:12.714+0000 7fc07ec0a640 10 --2- 127.0.0.1:0/3190841109 >> v2:127.0.0.1:7146/0 conn(0x55f675dce000 0x55f675dd0000 crc :-1 s=READY pgs=8 cs=0 l=1 rev1=1 crypto rx=0 tx=0 comp rx=0 tx=0).handle_read_frame_dispatch tag=19
2026-02-17T21:38:12.714+0000 7fc07ec0a640 20 --2- 127.0.0.1:0/3190841109 >> v2:127.0.0.1:7146/0 conn(0x55f675dce000 0x55f675dd0000 crc :-1 s=READY pgs=8 cs=0 l=1 rev1=1 crypto rx=0 tx=0 comp rx=0 tx=0).handle_keepalive2_ack payload.length()=8
2026-02-17T21:38:12.714+0000 7fc07ec0a640 20 --2- 127.0.0.1:0/3190841109 >> v2:127.0.0.1:7146/0 conn(0x55f675dce000 0x55f675dd0000 crc :-1 s=READY pgs=8 cs=0 l=1 rev1=1 crypto rx=0 tx=0 comp rx=0 tx=0).handle_keepalive2_ack got KEEPALIVE_ACK
2026-02-17T21:38:12.714+0000 7fc07ec0a640 20 --2- 127.0.0.1:0/3190841109 >> v2:127.0.0.1:7146/0 conn(0x55f675dce000 0x55f675dd0000 crc :-1 s=READY pgs=8 cs=0 l=1 rev1=1 crypto rx=0 tx=0 comp rx=0 tx=0).read_frame
2026-02-17T21:38:12.714+0000 7fc07ec0a640 20 -- 127.0.0.1:0/3190841109 >> v2:127.0.0.1:7146/0 conn(0x55f675dce000 msgr2=0x55f675dd0000 crc :-1 s=STATE_CONNECTION_ESTABLISHED l=1).read start len=32
2026-02-17T21:38:13.970+0000 7fc077bfc640 10 mgr tick tick
2026-02-17T21:38:13.970+0000 7fc077bfc640 20 mgr send_beacon active
2026-02-17T21:38:13.970+0000 7fc077bfc640 15 mgr send_beacon noting RADOS client for blocklist: libcephsqlite,v2:127.0.0.1:0/3134888584
2026-02-17T21:38:13.970+0000 7fc077bfc640 15 mgr send_beacon noting RADOS client for blocklist: rbd_support,v2:127.0.0.1:0/277132438
2026-02-17T21:38:13.970+0000 7fc077bfc640 15 mgr send_beacon noting RADOS client for blocklist: volumes,v2:127.0.0.1:0/137806904
2026-02-17T21:38:13.970+0000 7fc077bfc640 10 mgr send_beacon sending beacon as gid 4100
2026-02-17T21:38:13.974+0000 7fbf97897640 10 mgr.server tick
2026-02-17T21:38:13.974+0000 7fbf97897640 1 mgr.server send_report Not sending PG status to monitor yet, waiting for OSDs
2026-02-17T21:38:13.974+0000 7fbf97897640 20 mgr.server adjust_pgs
2026-02-17T21:38:13.974+0000 7fbf97897640 10 mgr.server operator() creating_or_unknown 0 max_creating 1024 left 1024
2026-02-17T21:38:13.974+0000 7fbf97897640 20 mgr.server operator() misplaced_ratio 0 degraded_ratio 0 inactive_pgs_ratio 0 unknown_pgs_ratio 0; target_max_misplaced_ratio 0.05
2026-02-17T21:38:13.990+0000 7fc077bfc640 1 -- 127.0.0.1:0/3190841109 --> v2:127.0.0.1:7146/0 -- mgrbeacon mgr.x(f42ac715-e4a1-4de1-95c6-9310a558f0fe,4100, [v2:127.0.0.1:6800/1558383960,v1:127.0.0.1:6801/1558383960], 1) -- 0x55f675e3d080 con 0x55f675dce000
2026-02-17T21:38:13.990+0000 7fc077bfc640 5 --2- 127.0.0.1:0/3190841109 >> v2:127.0.0.1:7146/0 conn(0x55f675dce000 0x55f675dd0000 crc :-1 s=READY pgs=8 cs=0 l=1 rev1=1 crypto rx=0 tx=0 comp rx=0 tx=0).send_message enqueueing message m=0x55f675e3d080 type=1795 mgrbeacon mgr.x(f42ac715-e4a1-4de1-95c6-9310a558f0fe,4100, [v2:127.0.0.1:6800/1558383960,v1:127.0.0.1:6801/1558383960], 1)
2026-02-17T21:38:13.990+0000 7fc077bfc640 15 --2- 127.0.0.1:0/3190841109 >> v2:127.0.0.1:7146/0 conn(0x55f675dce000 0x55f675dd0000 crc :-1 s=READY pgs=8 cs=0 l=1 rev1=1 crypto rx=0 tx=0 comp rx=0 tx=0).send_message inline write is denied, reschedule m=0x55f675e3d080
2026-02-17T21:38:13.990+0000 7fc077bfc640 20 Event(0x55f66c0f4bc8 nevent=5000 time_id=13).wakeup
2026-02-17T21:38:13.990+0000 7fc07ec0a640 10 -- 127.0.0.1:0/3190841109 >> v2:127.0.0.1:7146/0 conn(0x55f675dce000 msgr2=0x55f675dd0000 crc :-1 s=STATE_CONNECTION_ESTABLISHED l=1).handle_write
2026-02-17T21:38:13.990+0000 7fc07ec0a640 10 --2- 127.0.0.1:0/3190841109 >> v2:127.0.0.1:7146/0 conn(0x55f675dce000 0x55f675dd0000 crc :-1 s=READY pgs=8 cs=0 l=1 rev1=1 crypto rx=0 tx=0 comp rx=0 tx=0).write_event
2026-02-17T21:38:13.990+0000 7fc07ec0a640 20 --2- 127.0.0.1:0/3190841109 >> v2:127.0.0.1:7146/0 conn(0x55f675dce000 0x55f675dd0000 crc :-1 s=READY pgs=8 cs=0 l=1 rev1=1 crypto rx=0 tx=0 comp rx=0 tx=0).prepare_send_message m=mgrbeacon mgr.x(f42ac715-e4a1-4de1-95c6-9310a558f0fe,4100, [v2:127.0.0.1:6800/1558383960,v1:127.0.0.1:6801/1558383960], 1)
2026-02-17T21:38:13.990+0000 7fc07ec0a640 20 --2- 127.0.0.1:0/3190841109 >> v2:127.0.0.1:7146/0 conn(0x55f675dce000 0x55f675dd0000 crc :-1 s=READY pgs=8 cs=0 l=1 rev1=1 crypto rx=0 tx=0 comp rx=0 tx=0).prepare_send_message encoding features 4540701547738038271 0x55f675e3d080 mgrbeacon mgr.x(f42ac715-e4a1-4de1-95c6-9310a558f0fe,4100, [v2:127.0.0.1:6800/1558383960,v1:127.0.0.1:6801/1558383960], 1)
2026-02-17T21:38:13.990+0000 7fc07ec0a640 5 --2- 127.0.0.1:0/3190841109 >> v2:127.0.0.1:7146/0 conn(0x55f675dce000 0x55f675dd0000 crc :-1 s=READY pgs=8 cs=0 l=1 rev1=1 crypto rx=0 tx=0 comp rx=0 tx=0).write_message sending message m=0x55f675e3d080 seq=16 mgrbeacon mgr.x(f42ac715-e4a1-4de1-95c6-9310a558f0fe,4100, [v2:127.0.0.1:6800/1558383960,v1:127.0.0.1:6801/1558383960], 1)
2026-02-17T21:38:13.990+0000 7fc07ec0a640 20 --2- 127.0.0.1:0/3190841109 >> v2:127.0.0.1:7146/0 conn(0x55f675dce000 0x55f675dd0000 crc :-1 s=READY pgs=8 cs=0 l=1 rev1=1 crypto rx=0 tx=0 comp rx=0 tx=0).write_message sending m=0x55f675e3d080 seq=16 src=mgr.4100 off=0
2026-02-17T21:38:13.990+0000 7fc07ec0a640 10 -- 127.0.0.1:0/3190841109 >> v2:127.0.0.1:7146/0 conn(0x55f675dce000 msgr2=0x55f675dd0000 crc :-1 s=STATE_CONNECTION_ESTABLISHED l=1)._try_send sent bytes 52260 remaining bytes 0
2026-02-17T21:38:13.990+0000 7fc07ec0a640 10 --2- 127.0.0.1:0/3190841109 >> v2:127.0.0.1:7146/0 conn(0x55f675dce000 0x55f675dd0000 crc :-1 s=READY pgs=8 cs=0 l=1 rev1=1 crypto rx=0 tx=0 comp rx=0 tx=0).write_message sending 0x55f675e3d080 done.
2026-02-17T21:38:13.994+0000 7fbf9108a640 10 ceph_option_get mgr_pool found: false
2026-02-17T21:38:13.994+0000 7fbf9108a640 0 [devicehealth DEBUG root] Sleeping for 2 seconds
2026-02-17T21:38:14.042+0000 7fc07ec0a640 20 -- 127.0.0.1:0/3190841109 >> v2:127.0.0.1:7146/0 conn(0x55f675dce000 msgr2=0x55f675dd0000 crc :-1 s=STATE_CONNECTION_ESTABLISHED l=1).process
2026-02-17T21:38:14.042+0000 7fc07ec0a640 20 -- 127.0.0.1:0/3190841109 >> v2:127.0.0.1:7146/0 conn(0x55f675dce000 msgr2=0x55f675dd0000 crc :-1 s=STATE_CONNECTION_ESTABLISHED l=1).read continue len=32
2026-02-17T21:38:14.042+0000 7fc07ec0a640 20 --2- 127.0.0.1:0/3190841109 >> v2:127.0.0.1:7146/0 conn(0x55f675dce000 0x55f675dd0000 crc :-1 s=READY pgs=8 cs=0 l=1 rev1=1 crypto rx=0 tx=0 comp rx=0 tx=0).handle_read_frame_preamble_main r=0
2026-02-17T21:38:14.042+0000 7fc07ec0a640 20 --2- 127.0.0.1:0/3190841109 >> v2:127.0.0.1:7146/0 conn(0x55f675dce000 0x55f675dd0000 crc :-1 s=THROTTLE_MESSAGE pgs=8 cs=0 l=1 rev1=1 crypto rx=0 tx=0 comp rx=0 tx=0).throttle_message
2026-02-17T21:38:14.042+0000 7fc07ec0a640 20 --2- 127.0.0.1:0/3190841109 >> v2:127.0.0.1:7146/0 conn(0x55f675dce000 0x55f675dd0000 crc :-1 s=THROTTLE_BYTES pgs=8 cs=0 l=1 rev1=1 crypto rx=0 tx=0 comp rx=0 tx=0).throttle_bytes
2026-02-17T21:38:14.042+0000 7fc07ec0a640 20 --2- 127.0.0.1:0/3190841109 >> v2:127.0.0.1:7146/0 conn(0x55f675dce000 0x55f675dd0000 crc :-1 s=THROTTLE_DISPATCH_QUEUE pgs=8 cs=0 l=1 rev1=1 crypto rx=0 tx=0 comp rx=0 tx=0).throttle_dispatch_queue
2026-02-17T21:38:14.042+0000 7fc07ec0a640 20 --2- 127.0.0.1:0/3190841109 >> v2:127.0.0.1:7146/0 conn(0x55f675dce000 0x55f675dd0000 crc :-1 s=THROTTLE_DONE pgs=8 cs=0 l=1 rev1=1 crypto rx=0 tx=0 comp rx=0 tx=0).read_frame_segment seg_idx=0
2026-02-17T21:38:14.042+0000 7fc07ec0a640 20 -- 127.0.0.1:0/3190841109 >> v2:127.0.0.1:7146/0 conn(0x55f675dce000 msgr2=0x55f675dd0000 crc :-1 s=STATE_CONNECTION_ESTABLISHED l=1).read start len=45
2026-02-17T21:38:14.042+0000 7fc07ec0a640 20 --2- 127.0.0.1:0/3190841109 >> v2:127.0.0.1:7146/0 conn(0x55f675dce000 0x55f675dd0000 crc :-1 s=THROTTLE_DONE pgs=8 cs=0 l=1 rev1=1 crypto rx=0 tx=0 comp rx=0 tx=0).handle_read_frame_segment r=0
2026-02-17T21:38:14.042+0000 7fc07ec0a640 20 --2- 127.0.0.1:0/3190841109 >> v2:127.0.0.1:7146/0 conn(0x55f675dce000 0x55f675dd0000 crc :-1 s=THROTTLE_DONE pgs=8 cs=0 l=1 rev1=1 crypto rx=0 tx=0 comp rx=0 tx=0).read_frame_segment seg_idx=1
2026-02-17T21:38:14.042+0000 7fc07ec0a640 20 -- 127.0.0.1:0/3190841109 >> v2:127.0.0.1:7146/0 conn(0x55f675dce000 msgr2=0x55f675dd0000 crc :-1 s=STATE_CONNECTION_ESTABLISHED l=1).read start len=51829
2026-02-17T21:38:14.042+0000 7fc07ec0a640 20 --2- 127.0.0.1:0/3190841109 >> v2:127.0.0.1:7146/0 conn(0x55f675dce000 0x55f675dd0000 crc :-1 s=THROTTLE_DONE pgs=8 cs=0 l=1 rev1=1 crypto rx=0 tx=0 comp rx=0 tx=0).handle_read_frame_segment r=0
2026-02-17T21:38:14.042+0000 7fc07ec0a640 20 -- 127.0.0.1:0/3190841109 >> v2:127.0.0.1:7146/0 conn(0x55f675dce000 msgr2=0x55f675dd0000 crc :-1 s=STATE_CONNECTION_ESTABLISHED l=1).read start len=13
2026-02-17T21:38:14.042+0000 7fc07ec0a640 20 --2- 127.0.0.1:0/3190841109 >> v2:127.0.0.1:7146/0 conn(0x55f675dce000 0x55f675dd0000 crc :-1 s=THROTTLE_DONE pgs=8 cs=0 l=1 rev1=1 crypto rx=0 tx=0 comp rx=0 tx=0).handle_read_frame_epilogue_main r=0
2026-02-17T21:38:14.042+0000 7fc07ec0a640 10 --2- 127.0.0.1:0/3190841109 >> v2:127.0.0.1:7146/0 conn(0x55f675dce000 0x55f675dd0000 crc :-1 s=THROTTLE_DONE pgs=8 cs=0 l=1 rev1=1 crypto rx=0 tx=0 comp rx=0 tx=0).handle_read_frame_dispatch tag=17
2026-02-17T21:38:14.042+0000 7fc07ec0a640 20 --2- 127.0.0.1:0/3190841109 >> v2:127.0.0.1:7146/0 conn(0x55f675dce000 0x55f675dd0000 crc :-1 s=THROTTLE_DONE pgs=8 cs=0 l=1 rev1=1 crypto rx=0 tx=0 comp rx=0 tx=0).handle_message
2026-02-17T21:38:14.042+0000 7fc07ec0a640 5 --2- 127.0.0.1:0/3190841109 >> v2:127.0.0.1:7146/0 conn(0x55f675dce000 0x55f675dd0000 crc :-1 s=THROTTLE_DONE pgs=8 cs=0 l=1 rev1=1 crypto rx=0 tx=0 comp rx=0 tx=0).handle_message got 51829 + 0 + 0 byte message. envelope type=1796 src mon.0 off 0
2026-02-17T21:38:14.042+0000 7fc07cc06640 20 -- 127.0.0.1:0/137806904 >> v2:127.0.0.1:7146/0 conn(0x55f675dcf800 msgr2=0x55f675dd1080 crc :-1 s=STATE_CONNECTION_ESTABLISHED l=1).process
2026-02-17T21:38:14.042+0000 7fc07e409640 20 -- 127.0.0.1:0/277132438 >> v2:127.0.0.1:7146/0 conn(0x55f66ce5c000 msgr2=0x55f675dd0b00 crc :-1 s=STATE_CONNECTION_ESTABLISHED l=1).process
2026-02-17T21:38:14.042+0000 7fc07cc06640 20 -- 127.0.0.1:0/137806904 >> v2:127.0.0.1:7146/0 conn(0x55f675dcf800 msgr2=0x55f675dd1080 crc :-1 s=STATE_CONNECTION_ESTABLISHED l=1).read continue len=32
2026-02-17T21:38:14.042+0000 7fc07e409640 20 -- 127.0.0.1:0/277132438 >> v2:127.0.0.1:7146/0 conn(0x55f66ce5c000 msgr2=0x55f675dd0b00 crc :-1 s=STATE_CONNECTION_ESTABLISHED l=1).read continue len=32
2026-02-17T21:38:14.042+0000 7fc07cc06640 20 --2- 127.0.0.1:0/137806904 >> v2:127.0.0.1:7146/0 conn(0x55f675dcf800 0x55f675dd1080 crc :-1 s=READY pgs=14 cs=0 l=1 rev1=1 crypto rx=0 tx=0 comp rx=0 tx=0).handle_read_frame_preamble_main r=0
2026-02-17T21:38:14.042+0000 7fc07cc06640 20 --2- 127.0.0.1:0/137806904 >> v2:127.0.0.1:7146/0 conn(0x55f675dcf800 0x55f675dd1080 crc :-1 s=THROTTLE_MESSAGE pgs=14 cs=0 l=1 rev1=1 crypto rx=0 tx=0 comp rx=0 tx=0).throttle_message
2026-02-17T21:38:14.042+0000 7fc07cc06640 20 --2- 127.0.0.1:0/137806904 >> v2:127.0.0.1:7146/0 conn(0x55f675dcf800 0x55f675dd1080 crc :-1 s=THROTTLE_BYTES pgs=14 cs=0 l=1 rev1=1 crypto rx=0 tx=0 comp rx=0 tx=0).throttle_bytes
2026-02-17T21:38:14.042+0000 7fc07cc06640 20 --2- 127.0.0.1:0/137806904 >> v2:127.0.0.1:7146/0 conn(0x55f675dcf800 0x55f675dd1080 crc :-1 s=THROTTLE_DISPATCH_QUEUE pgs=14 cs=0 l=1 rev1=1 crypto rx=0 tx=0 comp rx=0 tx=0).throttle_dispatch_queue
2026-02-17T21:38:14.042+0000 7fc07cc06640 20 --2- 127.0.0.1:0/137806904 >> v2:127.0.0.1:7146/0 conn(0x55f675dcf800 0x55f675dd1080 crc :-1 s=THROTTLE_DONE pgs=14 cs=0 l=1 rev1=1 crypto rx=0 tx=0 comp rx=0 tx=0).read_frame_segment seg_idx=0
2026-02-17T21:38:14.042+0000 7fc07cc06640 20 -- 127.0.0.1:0/137806904 >> v2:127.0.0.1:7146/0 conn(0x55f675dcf800 msgr2=0x55f675dd1080 crc :-1 s=STATE_CONNECTION_ESTABLISHED l=1).read start len=45
2026-02-17T21:38:14.042+0000 7fc07cc06640 20 --2- 127.0.0.1:0/137806904 >> v2:127.0.0.1:7146/0 conn(0x55f675dcf800 0x55f675dd1080 crc :-1 s=THROTTLE_DONE pgs=14 cs=0 l=1 rev1=1 crypto rx=0 tx=0 comp rx=0 tx=0).handle_read_frame_segment r=0
2026-02-17T21:38:14.042+0000 7fc07cc06640 20 --2- 127.0.0.1:0/137806904 >> v2:127.0.0.1:7146/0 conn(0x55f675dcf800 0x55f675dd1080 crc :-1 s=THROTTLE_DONE pgs=14 cs=0 l=1 rev1=1 crypto rx=0 tx=0 comp rx=0 tx=0).read_frame_segment seg_idx=1
2026-02-17T21:38:14.042+0000 7fc07e409640 20 --2- 127.0.0.1:0/277132438 >> v2:127.0.0.1:7146/0 conn(0x55f66ce5c000 0x55f675dd0b00 crc :-1 s=READY pgs=12 cs=0 l=1 rev1=1 crypto rx=0 tx=0 comp rx=0 tx=0).handle_read_frame_preamble_main r=0
2026-02-17T21:38:14.042+0000 7fc07cc06640 20 -- 127.0.0.1:0/137806904 >> v2:127.0.0.1:7146/0 conn(0x55f675dcf800 msgr2=0x55f675dd1080 crc :-1 s=STATE_CONNECTION_ESTABLISHED l=1).read start len=51829
2026-02-17T21:38:14.042+0000 7fc07e409640 20 --2- 127.0.0.1:0/277132438 >> v2:127.0.0.1:7146/0 conn(0x55f66ce5c000 0x55f675dd0b00 crc :-1 s=THROTTLE_MESSAGE pgs=12 cs=0 l=1 rev1=1 crypto rx=0 tx=0 comp rx=0 tx=0).throttle_message
2026-02-17T21:38:14.042+0000 7fc07e409640 20 --2- 127.0.0.1:0/277132438 >> v2:127.0.0.1:7146/0 conn(0x55f66ce5c000 0x55f675dd0b00 crc :-1 s=THROTTLE_BYTES pgs=12 cs=0 l=1 rev1=1 crypto rx=0 tx=0 comp rx=0 tx=0).throttle_bytes
2026-02-17T21:38:14.042+0000 7fc07e409640 20 --2- 127.0.0.1:0/277132438 >> v2:127.0.0.1:7146/0 conn(0x55f66ce5c000 0x55f675dd0b00 crc :-1 s=THROTTLE_DISPATCH_QUEUE pgs=12 cs=0 l=1 rev1=1 crypto rx=0 tx=0 comp rx=0 tx=0).throttle_dispatch_queue
2026-02-17T21:38:14.042+0000 7fc07e409640 20 --2- 127.0.0.1:0/277132438 >> v2:127.0.0.1:7146/0 conn(0x55f66ce5c000 0x55f675dd0b00 crc :-1 s=THROTTLE_DONE pgs=12 cs=0 l=1 rev1=1 crypto rx=0 tx=0 comp rx=0 tx=0).read_frame_segment seg_idx=0
2026-02-17T21:38:14.042+0000 7fc07cc06640 20 --2- 127.0.0.1:0/137806904 >> v2:127.0.0.1:7146/0 conn(0x55f675dcf800 0x55f675dd1080 crc :-1 s=THROTTLE_DONE pgs=14 cs=0 l=1 rev1=1 crypto rx=0 tx=0 comp rx=0 tx=0).handle_read_frame_segment r=0
2026-02-17T21:38:14.042+0000 7fc07e409640 20 -- 127.0.0.1:0/277132438 >> v2:127.0.0.1:7146/0 conn(0x55f66ce5c000 msgr2=0x55f675dd0b00 crc :-1 s=STATE_CONNECTION_ESTABLISHED l=1).read start len=45
2026-02-17T21:38:14.042+0000 7fc07e409640 20 --2- 127.0.0.1:0/277132438 >> v2:127.0.0.1:7146/0 conn(0x55f66ce5c000 0x55f675dd0b00 crc :-1 s=THROTTLE_DONE pgs=12 cs=0 l=1 rev1=1 crypto rx=0 tx=0 comp rx=0 tx=0).handle_read_frame_segment r=0
2026-02-17T21:38:14.042+0000 7fc07e409640 20 --2- 127.0.0.1:0/277132438 >> v2:127.0.0.1:7146/0 conn(0x55f66ce5c000 0x55f675dd0b00 crc :-1 s=THROTTLE_DONE pgs=12 cs=0 l=1 rev1=1 crypto rx=0 tx=0 comp rx=0 tx=0).read_frame_segment seg_idx=1
2026-02-17T21:38:14.042+0000 7fc07cc06640 20 -- 127.0.0.1:0/137806904 >> v2:127.0.0.1:7146/0 conn(0x55f675dcf800 msgr2=0x55f675dd1080 crc :-1 s=STATE_CONNECTION_ESTABLISHED l=1).read start len=13
2026-02-17T21:38:14.042+0000 7fc07e409640 20 -- 127.0.0.1:0/277132438 >> v2:127.0.0.1:7146/0 conn(0x55f66ce5c000 msgr2=0x55f675dd0b00 crc :-1 s=STATE_CONNECTION_ESTABLISHED l=1).read start len=51829
2026-02-17T21:38:14.042+0000 7fc07cc06640 20 --2- 127.0.0.1:0/137806904 >> v2:127.0.0.1:7146/0 conn(0x55f675dcf800 0x55f675dd1080 crc :-1 s=THROTTLE_DONE pgs=14 cs=0 l=1 rev1=1 crypto rx=0 tx=0 comp rx=0 tx=0).handle_read_frame_epilogue_main r=0
2026-02-17T21:38:14.042+0000 7fc07cc06640 10 --2- 127.0.0.1:0/137806904 >> v2:127.0.0.1:7146/0 conn(0x55f675dcf800 0x55f675dd1080 crc :-1 s=THROTTLE_DONE pgs=14 cs=0 l=1 rev1=1 crypto rx=0 tx=0 comp rx=0 tx=0).handle_read_frame_dispatch tag=17
2026-02-17T21:38:14.042+0000 7fc07e409640 20 --2- 127.0.0.1:0/277132438 >> v2:127.0.0.1:7146/0 conn(0x55f66ce5c000 0x55f675dd0b00 crc :-1 s=THROTTLE_DONE pgs=12 cs=0 l=1 rev1=1 crypto rx=0 tx=0 comp rx=0 tx=0).handle_read_frame_segment r=0
2026-02-17T21:38:14.042+0000 7fc07cc06640 20 --2- 127.0.0.1:0/137806904 >> v2:127.0.0.1:7146/0 conn(0x55f675dcf800 0x55f675dd1080 crc :-1 s=THROTTLE_DONE pgs=14 cs=0 l=1 rev1=1 crypto rx=0 tx=0 comp rx=0 tx=0).handle_message
2026-02-17T21:38:14.042+0000 7fc07e409640 20 -- 127.0.0.1:0/277132438 >> v2:127.0.0.1:7146/0 conn(0x55f66ce5c000 msgr2=0x55f675dd0b00 crc :-1 s=STATE_CONNECTION_ESTABLISHED l=1).read start len=13
2026-02-17T21:38:14.042+0000 7fc07cc06640 5 --2- 127.0.0.1:0/137806904 >> v2:127.0.0.1:7146/0 conn(0x55f675dcf800 0x55f675dd1080 crc :-1 s=THROTTLE_DONE pgs=14 cs=0 l=1 rev1=1 crypto rx=0 tx=0 comp rx=0 tx=0).handle_message got 51829 + 0 + 0 byte message. envelope type=1796 src mon.0 off 0
2026-02-17T21:38:14.042+0000 7fc07e409640 20 --2- 127.0.0.1:0/277132438 >> v2:127.0.0.1:7146/0 conn(0x55f66ce5c000 0x55f675dd0b00 crc :-1 s=THROTTLE_DONE pgs=12 cs=0 l=1 rev1=1 crypto rx=0 tx=0 comp rx=0 tx=0).handle_read_frame_epilogue_main r=0
2026-02-17T21:38:14.042+0000 7fc07e409640 10 --2- 127.0.0.1:0/277132438 >> v2:127.0.0.1:7146/0 conn(0x55f66ce5c000 0x55f675dd0b00 crc :-1 s=THROTTLE_DONE pgs=12 cs=0 l=1 rev1=1 crypto rx=0 tx=0 comp rx=0 tx=0).handle_read_frame_dispatch tag=17
2026-02-17T21:38:14.042+0000 7fc07e409640 20 --2- 127.0.0.1:0/277132438 >> v2:127.0.0.1:7146/0 conn(0x55f66ce5c000 0x55f675dd0b00 crc :-1 s=THROTTLE_DONE pgs=12 cs=0 l=1 rev1=1 crypto rx=0 tx=0 comp rx=0 tx=0).handle_message
2026-02-17T21:38:14.042+0000 7fc07e409640 5 --2- 127.0.0.1:0/277132438 >> v2:127.0.0.1:7146/0 conn(0x55f66ce5c000 0x55f675dd0b00 crc :-1 s=THROTTLE_DONE pgs=12 cs=0 l=1 rev1=1 crypto rx=0 tx=0 comp rx=0 tx=0).handle_message got 51829 + 0 + 0 byte message. envelope type=1796 src mon.0 off 0
2026-02-17T21:38:14.042+0000 7fc07ec0a640 5 --2- 127.0.0.1:0/3190841109 >> v2:127.0.0.1:7146/0 conn(0x55f675dce000 0x55f675dd0000 crc :-1 s=READ_MESSAGE_COMPLETE pgs=8 cs=0 l=1 rev1=1 crypto rx=0 tx=0 comp rx=0 tx=0).handle_message received message m=0x55f675cb3880 seq=35 from=mon.0 type=1796 mgrmap(e 4)
2026-02-17T21:38:14.042+0000 7fc07ec0a640 20 -- 127.0.0.1:0/3190841109 queue 0x55f675cb3880 prio 196
2026-02-17T21:38:14.042+0000 7fc07ec0a640 20 --2- 127.0.0.1:0/3190841109 >> v2:127.0.0.1:7146/0 conn(0x55f675dce000 0x55f675dd0000 crc :-1 s=READY pgs=8 cs=0 l=1 rev1=1 crypto rx=0 tx=0 comp rx=0 tx=0).read_frame
2026-02-17T21:38:14.042+0000 7fc07ec0a640 20 -- 127.0.0.1:0/3190841109 >> v2:127.0.0.1:7146/0 conn(0x55f675dce000 msgr2=0x55f675dd0000 crc :-1 s=STATE_CONNECTION_ESTABLISHED l=1).read start len=32
2026-02-17T21:38:14.042+0000 7fc07ec0a640 20 -- 127.0.0.1:0/3134888584 >> v2:127.0.0.1:7146/0 conn(0x55f675dcf000 msgr2=0x55f675dd0580 crc :-1 s=STATE_CONNECTION_ESTABLISHED l=1).process
2026-02-17T21:38:14.042+0000 7fc07ec0a640 20 -- 127.0.0.1:0/3134888584 >> v2:127.0.0.1:7146/0 conn(0x55f675dcf000 msgr2=0x55f675dd0580 crc :-1 s=STATE_CONNECTION_ESTABLISHED l=1).read continue len=32
2026-02-17T21:38:14.042+0000 7fc07ac02640 1 -- 127.0.0.1:0/3190841109 <== mon.0 v2:127.0.0.1:7146/0 35 ==== mgrmap(e 4) ==== 51829+0+0 (crc 0 0 0) 0x55f675cb3880 con 0x55f675dce000
2026-02-17T21:38:14.042+0000 7fc07ec0a640 20 --2- 127.0.0.1:0/3134888584 >> v2:127.0.0.1:7146/0 conn(0x55f675dcf000 0x55f675dd0580 crc :-1 s=READY pgs=10 cs=0 l=1 rev1=1 crypto rx=0 tx=0 comp rx=0 tx=0).handle_read_frame_preamble_main r=0
2026-02-17T21:38:14.042+0000 7fc07ac02640 10 mgr.4100.objecter ms_dispatch2 0x55f66c236000 mgrmap(e 4)
2026-02-17T21:38:14.042+0000 7fc07ec0a640 20 --2- 127.0.0.1:0/3134888584 >> v2:127.0.0.1:7146/0 conn(0x55f675dcf000 0x55f675dd0580 crc :-1 s=THROTTLE_MESSAGE pgs=10 cs=0 l=1 rev1=1 crypto rx=0 tx=0 comp rx=0 tx=0).throttle_message
2026-02-17T21:38:14.042+0000 7fc07ac02640 10 mgr ms_dispatch2 active mgrmap(e 4)
2026-02-17T21:38:14.042+0000 7fc07ec0a640 20 --2- 127.0.0.1:0/3134888584 >> v2:127.0.0.1:7146/0 conn(0x55f675dcf000 0x55f675dd0580 crc :-1 s=THROTTLE_BYTES pgs=10 cs=0 l=1 rev1=1 crypto rx=0 tx=0 comp rx=0 tx=0).throttle_bytes
2026-02-17T21:38:14.042+0000 7fc07ac02640 4 mgr handle_mgr_map received map epoch 4
2026-02-17T21:38:14.042+0000 7fc07ac02640 4 mgr handle_mgr_map active in map: 1 active is 4100
2026-02-17T21:38:14.042+0000 7fc07ec0a640 20 --2- 127.0.0.1:0/3134888584 >> v2:127.0.0.1:7146/0 conn(0x55f675dcf000 0x55f675dd0580 crc :-1 s=THROTTLE_DISPATCH_QUEUE pgs=10 cs=0 l=1 rev1=1 crypto rx=0 tx=0 comp rx=0 tx=0).throttle_dispatch_queue
2026-02-17T21:38:14.042+0000 7fc07ec0a640 20 --2- 127.0.0.1:0/3134888584 >> v2:127.0.0.1:7146/0 conn(0x55f675dcf000 0x55f675dd0580 crc :-1 s=THROTTLE_DONE pgs=10 cs=0 l=1 rev1=1 crypto rx=0 tx=0 comp rx=0 tx=0).read_frame_segment seg_idx=0
2026-02-17T21:38:14.042+0000 7fc07ec0a640 20 -- 127.0.0.1:0/3134888584 >> v2:127.0.0.1:7146/0 conn(0x55f675dcf000 msgr2=0x55f675dd0580 crc :-1 s=STATE_CONNECTION_ESTABLISHED l=1).read start len=45
2026-02-17T21:38:14.042+0000 7fc07ec0a640 20 --2- 127.0.0.1:0/3134888584 >> v2:127.0.0.1:7146/0 conn(0x55f675dcf000 0x55f675dd0580 crc :-1 s=THROTTLE_DONE pgs=10 cs=0 l=1 rev1=1 crypto rx=0 tx=0 comp rx=0 tx=0).handle_read_frame_segment r=0
2026-02-17T21:38:14.042+0000 7fc07ec0a640 20 --2- 127.0.0.1:0/3134888584 >> v2:127.0.0.1:7146/0 conn(0x55f675dcf000 0x55f675dd0580 crc :-1 s=THROTTLE_DONE pgs=10 cs=0 l=1 rev1=1 crypto rx=0 tx=0 comp rx=0 tx=0).read_frame_segment seg_idx=1
2026-02-17T21:38:14.042+0000 7fc07ec0a640 20 -- 127.0.0.1:0/3134888584 >> v2:127.0.0.1:7146/0 conn(0x55f675dcf000 msgr2=0x55f675dd0580 crc :-1 s=STATE_CONNECTION_ESTABLISHED l=1).read start len=51829
2026-02-17T21:38:14.042+0000 7fc07ec0a640 20 --2- 127.0.0.1:0/3134888584 >> v2:127.0.0.1:7146/0 conn(0x55f675dcf000 0x55f675dd0580 crc :-1 s=THROTTLE_DONE pgs=10 cs=0 l=1 rev1=1 crypto rx=0 tx=0 comp rx=0 tx=0).handle_read_frame_segment r=0
2026-02-17T21:38:14.042+0000 7fc07ec0a640 20 -- 127.0.0.1:0/3134888584 >> v2:127.0.0.1:7146/0 conn(0x55f675dcf000 msgr2=0x55f675dd0580 crc :-1 s=STATE_CONNECTION_ESTABLISHED l=1).read start len=13
2026-02-17T21:38:14.042+0000 7fc07ec0a640 20 --2- 127.0.0.1:0/3134888584 >> v2:127.0.0.1:7146/0 conn(0x55f675dcf000 0x55f675dd0580 crc :-1 s=THROTTLE_DONE pgs=10 cs=0 l=1 rev1=1 crypto rx=0 tx=0 comp rx=0 tx=0).handle_read_frame_epilogue_main r=0
2026-02-17T21:38:14.042+0000 7fc07ec0a640 10 --2- 127.0.0.1:0/3134888584 >> v2:127.0.0.1:7146/0 conn(0x55f675dcf000 0x55f675dd0580 crc :-1 s=THROTTLE_DONE pgs=10 cs=0 l=1 rev1=1 crypto rx=0 tx=0 comp rx=0 tx=0).handle_read_frame_dispatch tag=17
2026-02-17T21:38:14.042+0000 7fc07ec0a640 20 --2- 127.0.0.1:0/3134888584 >> v2:127.0.0.1:7146/0 conn(0x55f675dcf000 0x55f675dd0580 crc :-1 s=THROTTLE_DONE pgs=10 cs=0 l=1 rev1=1 crypto rx=0 tx=0 comp rx=0 tx=0).handle_message
2026-02-17T21:38:14.042+0000 7fc07ec0a640 5 --2- 127.0.0.1:0/3134888584 >> v2:127.0.0.1:7146/0 conn(0x55f675dcf000 0x55f675dd0580 crc :-1 s=THROTTLE_DONE pgs=10 cs=0 l=1 rev1=1 crypto rx=0 tx=0 comp rx=0 tx=0).handle_message got 51829 + 0 + 0 byte message. envelope type=1796 src mon.0 off 0
2026-02-17T21:38:14.042+0000 7fc07cc06640 5 --2- 127.0.0.1:0/137806904 >> v2:127.0.0.1:7146/0 conn(0x55f675dcf800 0x55f675dd1080 crc :-1 s=READ_MESSAGE_COMPLETE pgs=14 cs=0 l=1 rev1=1 crypto rx=0 tx=0 comp rx=0 tx=0).handle_message received message m=0x55f675cb3500 seq=7 from=mon.0 type=1796 mgrmap(e 4)
2026-02-17T21:38:14.042+0000 7fc07cc06640 20 -- 127.0.0.1:0/137806904 queue 0x55f675cb3500 prio 196
2026-02-17T21:38:14.042+0000 7fc07cc06640 20 --2- 127.0.0.1:0/137806904 >> v2:127.0.0.1:7146/0 conn(0x55f675dcf800 0x55f675dd1080 crc :-1 s=READY pgs=14 cs=0 l=1 rev1=1 crypto rx=0 tx=0 comp rx=0 tx=0).read_frame
2026-02-17T21:38:14.042+0000 7fc07cc06640 20 -- 127.0.0.1:0/137806904 >> v2:127.0.0.1:7146/0 conn(0x55f675dcf800 msgr2=0x55f675dd1080 crc :-1 s=STATE_CONNECTION_ESTABLISHED l=1).read start len=32
2026-02-17T21:38:14.042+0000 7fc07e409640 5 --2- 127.0.0.1:0/277132438 >> v2:127.0.0.1:7146/0 conn(0x55f66ce5c000 0x55f675dd0b00 crc :-1 s=READ_MESSAGE_COMPLETE pgs=12 cs=0 l=1 rev1=1 crypto rx=0 tx=0 comp rx=0 tx=0).handle_message received message m=0x55f676110380 seq=8 from=mon.0 type=1796 mgrmap(e 4)
2026-02-17T21:38:14.042+0000 7fc07e409640 20 -- 127.0.0.1:0/277132438 queue 0x55f676110380 prio 196
2026-02-17T21:38:14.042+0000 7fbf7f066640 1 -- 127.0.0.1:0/137806904 <== mon.0 v2:127.0.0.1:7146/0 7 ==== mgrmap(e 4) ==== 51829+0+0 (crc 0 0 0) 0x55f675cb3500 con 0x55f675dcf800
2026-02-17T21:38:14.042+0000 7fc07e409640 20 --2- 127.0.0.1:0/277132438 >> v2:127.0.0.1:7146/0 conn(0x55f66ce5c000 0x55f675dd0b00 crc :-1 s=READY pgs=12 cs=0 l=1 rev1=1 crypto rx=0 tx=0 comp rx=0 tx=0).read_frame
2026-02-17T21:38:14.042+0000 7fc07e409640 20 -- 127.0.0.1:0/277132438 >> v2:127.0.0.1:7146/0 conn(0x55f66ce5c000 msgr2=0x55f675dd0b00 crc :-1 s=STATE_CONNECTION_ESTABLISHED l=1).read start len=32
2026-02-17T21:38:14.042+0000 7fbf8987b640 1 -- 127.0.0.1:0/277132438 <== mon.0 v2:127.0.0.1:7146/0 8 ==== mgrmap(e 4) ==== 51829+0+0 (crc 0 0 0) 0x55f676110380 con 0x55f66ce5c000
2026-02-17T21:38:14.042+0000 7fc07ac02640 10 mgr handle_mgr_map I was already active
2026-02-17T21:38:14.042+0000 7fc07ac02640 10 mgr got_mgr_map x(active, since 2s)
2026-02-17T21:38:14.042+0000 7fc07ac02640 10 mgr ms_dispatch2 mgrmap(e 4)
2026-02-17T21:38:14.042+0000 7fc07ec0a640 5 --2- 127.0.0.1:0/3134888584 >> v2:127.0.0.1:7146/0 conn(0x55f675dcf000 0x55f675dd0580 crc :-1 s=READ_MESSAGE_COMPLETE pgs=10 cs=0 l=1 rev1=1 crypto rx=0 tx=0 comp rx=0 tx=0).handle_message received message m=0x55f676110000 seq=7 from=mon.0 type=1796 mgrmap(e 4)
2026-02-17T21:38:14.042+0000 7fc07ec0a640 20 -- 127.0.0.1:0/3134888584 queue 0x55f676110000 prio 196
2026-02-17T21:38:14.042+0000 7fc07ec0a640 20 --2- 127.0.0.1:0/3134888584 >> v2:127.0.0.1:7146/0 conn(0x55f675dcf000 0x55f675dd0580 crc :-1 s=READY pgs=10 cs=0 l=1 rev1=1 crypto rx=0 tx=0 comp rx=0 tx=0).read_frame
2026-02-17T21:38:14.042+0000 7fc07ec0a640 20 -- 127.0.0.1:0/3134888584 >> v2:127.0.0.1:7146/0 conn(0x55f675dcf000 msgr2=0x55f675dd0580 crc :-1 s=STATE_CONNECTION_ESTABLISHED l=1).read start len=32
2026-02-17T21:38:14.042+0000 7fbf95092640 1 -- 127.0.0.1:0/3134888584 <== mon.0 v2:127.0.0.1:7146/0 7 ==== mgrmap(e 4) ==== 51829+0+0 (crc 0 0 0) 0x55f676110000 con 0x55f675dcf000
2026-02-17T21:38:14.042+0000 7fc07ac02640 10 -- 127.0.0.1:0/3190841109 dispatch_throttle_release 51829 to dispatch throttler 51829/104857600
2026-02-17T21:38:14.042+0000 7fc07ac02640 20 -- 127.0.0.1:0/3190841109 done calling dispatch on 0x55f675cb3880
2026-02-17T21:38:14.042+0000 7fbf8987b640 10 -- 127.0.0.1:0/277132438 dispatch_throttle_release 51829 to dispatch throttler 51829/104857600
2026-02-17T21:38:14.042+0000 7fbf8987b640 20 -- 127.0.0.1:0/277132438 done calling dispatch on 0x55f676110380
2026-02-17T21:38:14.042+0000 7fbf7f066640 10 -- 127.0.0.1:0/137806904 dispatch_throttle_release 51829 to dispatch throttler 51829/104857600
2026-02-17T21:38:14.042+0000 7fbf7f066640 20 -- 127.0.0.1:0/137806904 done calling dispatch on 0x55f675cb3500
2026-02-17T21:38:14.042+0000 7fbf95092640 10 -- 127.0.0.1:0/3134888584 dispatch_throttle_release 51829 to dispatch throttler 51829/104857600
2026-02-17T21:38:14.042+0000 7fbf95092640 20 -- 127.0.0.1:0/3134888584 done calling dispatch on 0x55f676110000
2026-02-17T21:38:14.718+0000 7fc07c405640 10 mgr.4100.objecter tick
