2026-02-17T21:38:12.074+0000 7fc07ec0a640 20 --2- 127.0.0.1:0/3190841109 >> v2:127.0.0.1:7146/0 conn(0x55f675dce000 0x55f675dd0000 crc :-1 s=THROTTLE_DISPATCH_QUEUE pgs=8 cs=0 l=1 rev1=1 crypto rx=0 tx=0 comp rx=0 tx=0).throttle_dispatch_queue
2026-02-17T21:38:12.074+0000 7fc07ec0a640 20 --2- 127.0.0.1:0/3190841109 >> v2:127.0.0.1:7146/0 conn(0x55f675dce000 0x55f675dd0000 crc :-1 s=THROTTLE_DONE pgs=8 cs=0 l=1 rev1=1 crypto rx=0 tx=0 comp rx=0 tx=0).read_frame_segment seg_idx=0
2026-02-17T21:38:12.074+0000 7fc07ec0a640 20 -- 127.0.0.1:0/3190841109 >> v2:127.0.0.1:7146/0 conn(0x55f675dce000 msgr2=0x55f675dd0000 crc :-1 s=STATE_CONNECTION_ESTABLISHED l=1).read start len=45
2026-02-17T21:38:12.074+0000 7fc07ec0a640 20 --2- 127.0.0.1:0/3190841109 >> v2:127.0.0.1:7146/0 conn(0x55f675dce000 0x55f675dd0000 crc :-1 s=THROTTLE_DONE pgs=8 cs=0 l=1 rev1=1 crypto rx=0 tx=0 comp rx=0 tx=0).handle_read_frame_segment r=0
2026-02-17T21:38:12.074+0000 7fc07ec0a640 20 --2- 127.0.0.1:0/3190841109 >> v2:127.0.0.1:7146/0 conn(0x55f675dce000 0x55f675dd0000 crc :-1 s=THROTTLE_DONE pgs=8 cs=0 l=1 rev1=1 crypto rx=0 tx=0 comp rx=0 tx=0).read_frame_segment seg_idx=1
2026-02-17T21:38:12.074+0000 7fc07ec0a640 20 -- 127.0.0.1:0/3190841109 >> v2:127.0.0.1:7146/0 conn(0x55f675dce000 msgr2=0x55f675dd0000 crc :-1 s=STATE_CONNECTION_ESTABLISHED l=1).read start len=51723
2026-02-17T21:38:12.074+0000 7fc07ec0a640 20 --2- 127.0.0.1:0/3190841109 >> v2:127.0.0.1:7146/0 conn(0x55f675dce000 0x55f675dd0000 crc :-1 s=THROTTLE_DONE pgs=8 cs=0 l=1 rev1=1 crypto rx=0 tx=0 comp rx=0 tx=0).handle_read_frame_segment r=0
2026-02-17T21:38:12.074+0000 7fc07ec0a640 20 -- 127.0.0.1:0/3190841109 >> v2:127.0.0.1:7146/0 conn(0x55f675dce000 msgr2=0x55f675dd0000 crc :-1 s=STATE_CONNECTION_ESTABLISHED l=1).read start len=13
2026-02-17T21:38:12.074+0000 7fc07ec0a640 20 --2- 127.0.0.1:0/3190841109 >> v2:127.0.0.1:7146/0 conn(0x55f675dce000 0x55f675dd0000 crc :-1 s=THROTTLE_DONE pgs=8 cs=0 l=1 rev1=1 crypto rx=0 tx=0 comp rx=0 tx=0).handle_read_frame_epilogue_main r=0
2026-02-17T21:38:12.074+0000 7fc07ec0a640 10 --2- 127.0.0.1:0/3190841109 >> v2:127.0.0.1:7146/0 conn(0x55f675dce000 0x55f675dd0000 crc :-1 s=THROTTLE_DONE pgs=8 cs=0 l=1 rev1=1 crypto rx=0 tx=0 comp rx=0 tx=0).handle_read_frame_dispatch tag=17
2026-02-17T21:38:12.074+0000 7fc07ec0a640 20 --2- 127.0.0.1:0/3190841109 >> v2:127.0.0.1:7146/0 conn(0x55f675dce000 0x55f675dd0000 crc :-1 s=THROTTLE_DONE pgs=8 cs=0 l=1 rev1=1 crypto rx=0 tx=0 comp rx=0 tx=0).handle_message
2026-02-17T21:38:12.074+0000 7fc07ec0a640 5 --2- 127.0.0.1:0/3190841109 >> v2:127.0.0.1:7146/0 conn(0x55f675dce000 0x55f675dd0000 crc :-1 s=THROTTLE_DONE pgs=8 cs=0 l=1 rev1=1 crypto rx=0 tx=0 comp rx=0 tx=0).handle_message got 51723 + 0 + 0 byte message. envelope type=1796 src mon.0 off 0
2026-02-17T21:38:12.074+0000 7fc07e409640 20 -- 127.0.0.1:0/277132438 >> v2:127.0.0.1:7146/0 conn(0x55f66ce5c000 msgr2=0x55f675dd0b00 crc :-1 s=STATE_CONNECTION_ESTABLISHED l=1).process
2026-02-17T21:38:12.074+0000 7fc07e409640 20 -- 127.0.0.1:0/277132438 >> v2:127.0.0.1:7146/0 conn(0x55f66ce5c000 msgr2=0x55f675dd0b00 crc :-1 s=STATE_CONNECTION_ESTABLISHED l=1).read continue len=32
2026-02-17T21:38:12.074+0000 7fc07e409640 20 --2- 127.0.0.1:0/277132438 >> v2:127.0.0.1:7146/0 conn(0x55f66ce5c000 0x55f675dd0b00 crc :-1 s=READY pgs=12 cs=0 l=1 rev1=1 crypto rx=0 tx=0 comp rx=0 tx=0).handle_read_frame_preamble_main r=0
2026-02-17T21:38:12.074+0000 7fc07e409640 20 --2- 127.0.0.1:0/277132438 >> v2:127.0.0.1:7146/0 conn(0x55f66ce5c000 0x55f675dd0b00 crc :-1 s=THROTTLE_MESSAGE pgs=12 cs=0 l=1 rev1=1 crypto rx=0 tx=0 comp rx=0 tx=0).throttle_message
2026-02-17T21:38:12.074+0000 7fc07e409640 20 --2- 127.0.0.1:0/277132438 >> v2:127.0.0.1:7146/0 conn(0x55f66ce5c000 0x55f675dd0b00 crc :-1 s=THROTTLE_BYTES pgs=12 cs=0 l=1 rev1=1 crypto rx=0 tx=0 comp rx=0 tx=0).throttle_bytes
2026-02-17T21:38:12.074+0000 7fc07e409640 20 --2- 127.0.0.1:0/277132438 >> v2:127.0.0.1:7146/0 conn(0x55f66ce5c000 0x55f675dd0b00 crc :-1 s=THROTTLE_DISPATCH_QUEUE pgs=12 cs=0 l=1 rev1=1 crypto rx=0 tx=0 comp rx=0 tx=0).throttle_dispatch_queue
2026-02-17T21:38:12.074+0000 7fc07e409640 20 --2- 127.0.0.1:0/277132438 >> v2:127.0.0.1:7146/0 conn(0x55f66ce5c000 0x55f675dd0b00 crc :-1 s=THROTTLE_DONE pgs=12 cs=0 l=1 rev1=1 crypto rx=0 tx=0 comp rx=0 tx=0).read_frame_segment seg_idx=0
2026-02-17T21:38:12.074+0000 7fc07e409640 20 -- 127.0.0.1:0/277132438 >> v2:127.0.0.1:7146/0 conn(0x55f66ce5c000 msgr2=0x55f675dd0b00 crc :-1 s=STATE_CONNECTION_ESTABLISHED l=1).read start len=45
2026-02-17T21:38:12.074+0000 7fc07cc06640 20 -- 127.0.0.1:0/137806904 >> v2:127.0.0.1:7146/0 conn(0x55f675dcf800 msgr2=0x55f675dd1080 crc :-1 s=STATE_CONNECTION_ESTABLISHED l=1).process
2026-02-17T21:38:12.074+0000 7fc07e409640 20 --2- 127.0.0.1:0/277132438 >> v2:127.0.0.1:7146/0 conn(0x55f66ce5c000 0x55f675dd0b00 crc :-1 s=THROTTLE_DONE pgs=12 cs=0 l=1 rev1=1 crypto rx=0 tx=0 comp rx=0 tx=0).handle_read_frame_segment r=0
2026-02-17T21:38:12.074+0000 7fc07cc06640 20 -- 127.0.0.1:0/137806904 >> v2:127.0.0.1:7146/0 conn(0x55f675dcf800 msgr2=0x55f675dd1080 crc :-1 s=STATE_CONNECTION_ESTABLISHED l=1).read continue len=32
2026-02-17T21:38:12.074+0000 7fc07e409640 20 --2- 127.0.0.1:0/277132438 >> v2:127.0.0.1:7146/0 conn(0x55f66ce5c000 0x55f675dd0b00 crc :-1 s=THROTTLE_DONE pgs=12 cs=0 l=1 rev1=1 crypto rx=0 tx=0 comp rx=0 tx=0).read_frame_segment seg_idx=1
2026-02-17T21:38:12.074+0000 7fc07cc06640 20 --2- 127.0.0.1:0/137806904 >> v2:127.0.0.1:7146/0 conn(0x55f675dcf800 0x55f675dd1080 crc :-1 s=READY pgs=14 cs=0 l=1 rev1=1 crypto rx=0 tx=0 comp rx=0 tx=0).handle_read_frame_preamble_main r=0
2026-02-17T21:38:12.074+0000 7fc07e409640 20 -- 127.0.0.1:0/277132438 >> v2:127.0.0.1:7146/0 conn(0x55f66ce5c000 msgr2=0x55f675dd0b00 crc :-1 s=STATE_CONNECTION_ESTABLISHED l=1).read start len=51723
2026-02-17T21:38:12.074+0000 7fc07cc06640 20 --2- 127.0.0.1:0/137806904 >> v2:127.0.0.1:7146/0 conn(0x55f675dcf800 0x55f675dd1080 crc :-1 s=THROTTLE_MESSAGE pgs=14 cs=0 l=1 rev1=1 crypto rx=0 tx=0 comp rx=0 tx=0).throttle_message
2026-02-17T21:38:12.074+0000 7fc07cc06640 20 --2- 127.0.0.1:0/137806904 >> v2:127.0.0.1:7146/0 conn(0x55f675dcf800 0x55f675dd1080 crc :-1 s=THROTTLE_BYTES pgs=14 cs=0 l=1 rev1=1 crypto rx=0 tx=0 comp rx=0 tx=0).throttle_bytes
2026-02-17T21:38:12.074+0000 7fc07cc06640 20 --2- 127.0.0.1:0/137806904 >> v2:127.0.0.1:7146/0 conn(0x55f675dcf800 0x55f675dd1080 crc :-1 s=THROTTLE_DISPATCH_QUEUE pgs=14 cs=0 l=1 rev1=1 crypto rx=0 tx=0 comp rx=0 tx=0).throttle_dispatch_queue
2026-02-17T21:38:12.074+0000 7fc07cc06640 20 --2- 127.0.0.1:0/137806904 >> v2:127.0.0.1:7146/0 conn(0x55f675dcf800 0x55f675dd1080 crc :-1 s=THROTTLE_DONE pgs=14 cs=0 l=1 rev1=1 crypto rx=0 tx=0 comp rx=0 tx=0).read_frame_segment seg_idx=0
2026-02-17T21:38:12.074+0000 7fc07cc06640 20 -- 127.0.0.1:0/137806904 >> v2:127.0.0.1:7146/0 conn(0x55f675dcf800 msgr2=0x55f675dd1080 crc :-1 s=STATE_CONNECTION_ESTABLISHED l=1).read start len=45
2026-02-17T21:38:12.074+0000 7fc07cc06640 20 --2- 127.0.0.1:0/137806904 >> v2:127.0.0.1:7146/0 conn(0x55f675dcf800 0x55f675dd1080 crc :-1 s=THROTTLE_DONE pgs=14 cs=0 l=1 rev1=1 crypto rx=0 tx=0 comp rx=0 tx=0).handle_read_frame_segment r=0
2026-02-17T21:38:12.074+0000 7fc07cc06640 20 --2- 127.0.0.1:0/137806904 >> v2:127.0.0.1:7146/0 conn(0x55f675dcf800 0x55f675dd1080 crc :-1 s=THROTTLE_DONE pgs=14 cs=0 l=1 rev1=1 crypto rx=0 tx=0 comp rx=0 tx=0).read_frame_segment seg_idx=1
2026-02-17T21:38:12.074+0000 7fc07cc06640 20 -- 127.0.0.1:0/137806904 >> v2:127.0.0.1:7146/0 conn(0x55f675dcf800 msgr2=0x55f675dd1080 crc :-1 s=STATE_CONNECTION_ESTABLISHED l=1).read start len=51723
2026-02-17T21:38:12.074+0000 7fc07e409640 20 --2- 127.0.0.1:0/277132438 >> v2:127.0.0.1:7146/0 conn(0x55f66ce5c000 0x55f675dd0b00 crc :-1 s=THROTTLE_DONE pgs=12 cs=0 l=1 rev1=1 crypto rx=0 tx=0 comp rx=0 tx=0).handle_read_frame_segment r=0
2026-02-17T21:38:12.074+0000 7fc07e409640 20 -- 127.0.0.1:0/277132438 >> v2:127.0.0.1:7146/0 conn(0x55f66ce5c000 msgr2=0x55f675dd0b00 crc :-1 s=STATE_CONNECTION_ESTABLISHED l=1).read start len=13
2026-02-17T21:38:12.074+0000 7fc07cc06640 20 --2- 127.0.0.1:0/137806904 >> v2:127.0.0.1:7146/0 conn(0x55f675dcf800 0x55f675dd1080 crc :-1 s=THROTTLE_DONE pgs=14 cs=0 l=1 rev1=1 crypto rx=0 tx=0 comp rx=0 tx=0).handle_read_frame_segment r=0
2026-02-17T21:38:12.074+0000 7fc07cc06640 20 -- 127.0.0.1:0/137806904 >> v2:127.0.0.1:7146/0 conn(0x55f675dcf800 msgr2=0x55f675dd1080 crc :-1 s=STATE_CONNECTION_ESTABLISHED l=1).read start len=13
2026-02-17T21:38:12.074+0000 7fc07e409640 20 --2- 127.0.0.1:0/277132438 >> v2:127.0.0.1:7146/0 conn(0x55f66ce5c000 0x55f675dd0b00 crc :-1 s=THROTTLE_DONE pgs=12 cs=0 l=1 rev1=1 crypto rx=0 tx=0 comp rx=0 tx=0).handle_read_frame_epilogue_main r=0
2026-02-17T21:38:12.074+0000 7fc07cc06640 20 --2- 127.0.0.1:0/137806904 >> v2:127.0.0.1:7146/0 conn(0x55f675dcf800 0x55f675dd1080 crc :-1 s=THROTTLE_DONE pgs=14 cs=0 l=1 rev1=1 crypto rx=0 tx=0 comp rx=0 tx=0).handle_read_frame_epilogue_main r=0
2026-02-17T21:38:12.074+0000 7fc07e409640 10 --2- 127.0.0.1:0/277132438 >> v2:127.0.0.1:7146/0 conn(0x55f66ce5c000 0x55f675dd0b00 crc :-1 s=THROTTLE_DONE pgs=12 cs=0 l=1 rev1=1 crypto rx=0 tx=0 comp rx=0 tx=0).handle_read_frame_dispatch tag=17
2026-02-17T21:38:12.074+0000 7fc07cc06640 10 --2- 127.0.0.1:0/137806904 >> v2:127.0.0.1:7146/0 conn(0x55f675dcf800 0x55f675dd1080 crc :-1 s=THROTTLE_DONE pgs=14 cs=0 l=1 rev1=1 crypto rx=0 tx=0 comp rx=0 tx=0).handle_read_frame_dispatch tag=17
2026-02-17T21:38:12.074+0000 7fc07e409640 20 --2- 127.0.0.1:0/277132438 >> v2:127.0.0.1:7146/0 conn(0x55f66ce5c000 0x55f675dd0b00 crc :-1 s=THROTTLE_DONE pgs=12 cs=0 l=1 rev1=1 crypto rx=0 tx=0 comp rx=0 tx=0).handle_message
2026-02-17T21:38:12.074+0000 7fc07cc06640 20 --2- 127.0.0.1:0/137806904 >> v2:127.0.0.1:7146/0 conn(0x55f675dcf800 0x55f675dd1080 crc :-1 s=THROTTLE_DONE pgs=14 cs=0 l=1 rev1=1 crypto rx=0 tx=0 comp rx=0 tx=0).handle_message
2026-02-17T21:38:12.074+0000 7fc07cc06640 5 --2- 127.0.0.1:0/137806904 >> v2:127.0.0.1:7146/0 conn(0x55f675dcf800 0x55f675dd1080 crc :-1 s=THROTTLE_DONE pgs=14 cs=0 l=1 rev1=1 crypto rx=0 tx=0 comp rx=0 tx=0).handle_message got 51723 + 0 + 0 byte message. envelope type=1796 src mon.0 off 0
2026-02-17T21:38:12.074+0000 7fc07e409640 5 --2- 127.0.0.1:0/277132438 >> v2:127.0.0.1:7146/0 conn(0x55f66ce5c000 0x55f675dd0b00 crc :-1 s=THROTTLE_DONE pgs=12 cs=0 l=1 rev1=1 crypto rx=0 tx=0 comp rx=0 tx=0).handle_message got 51723 + 0 + 0 byte message. envelope type=1796 src mon.0 off 0
2026-02-17T21:38:12.074+0000 7fc07ec0a640 5 --2- 127.0.0.1:0/3190841109 >> v2:127.0.0.1:7146/0 conn(0x55f675dce000 0x55f675dd0000 crc :-1 s=READ_MESSAGE_COMPLETE pgs=8 cs=0 l=1 rev1=1 crypto rx=0 tx=0 comp rx=0 tx=0).handle_message received message m=0x55f675cb2380 seq=34 from=mon.0 type=1796 mgrmap(e 3)
2026-02-17T21:38:12.074+0000 7fc07ec0a640 20 -- 127.0.0.1:0/3190841109 queue 0x55f675cb2380 prio 196
2026-02-17T21:38:12.074+0000 7fc07ec0a640 20 --2- 127.0.0.1:0/3190841109 >> v2:127.0.0.1:7146/0 conn(0x55f675dce000 0x55f675dd0000 crc :-1 s=READY pgs=8 cs=0 l=1 rev1=1 crypto rx=0 tx=0 comp rx=0 tx=0).read_frame
2026-02-17T21:38:12.074+0000 7fc07ec0a640 20 -- 127.0.0.1:0/3190841109 >> v2:127.0.0.1:7146/0 conn(0x55f675dce000 msgr2=0x55f675dd0000 crc :-1 s=STATE_CONNECTION_ESTABLISHED l=1).read start len=32
2026-02-17T21:38:12.074+0000 7fc07ec0a640 20 -- 127.0.0.1:0/3134888584 >> v2:127.0.0.1:7146/0 conn(0x55f675dcf000 msgr2=0x55f675dd0580 crc :-1 s=STATE_CONNECTION_ESTABLISHED l=1).process
2026-02-17T21:38:12.074+0000 7fc07ac02640 1 -- 127.0.0.1:0/3190841109 <== mon.0 v2:127.0.0.1:7146/0 34 ==== mgrmap(e 3) ==== 51723+0+0 (crc 0 0 0) 0x55f675cb2380 con 0x55f675dce000
2026-02-17T21:38:12.074+0000 7fc07ac02640 10 mgr.4100.objecter ms_dispatch2 0x55f66c236000 mgrmap(e 3)
2026-02-17T21:38:12.074+0000 7fc07ac02640 10 mgr ms_dispatch2 active mgrmap(e 3)
2026-02-17T21:38:12.074+0000 7fc07ec0a640 20 -- 127.0.0.1:0/3134888584 >> v2:127.0.0.1:7146/0 conn(0x55f675dcf000 msgr2=0x55f675dd0580 crc :-1 s=STATE_CONNECTION_ESTABLISHED l=1).read continue len=32
2026-02-17T21:38:12.074+0000 7fc07ac02640 4 mgr handle_mgr_map received map epoch 3
2026-02-17T21:38:12.074+0000 7fc07ac02640 4 mgr handle_mgr_map active in map: 1 active is 4100
2026-02-17T21:38:12.074+0000 7fc07ec0a640 20 --2- 127.0.0.1:0/3134888584 >> v2:127.0.0.1:7146/0 conn(0x55f675dcf000 0x55f675dd0580 crc :-1 s=READY pgs=10 cs=0 l=1 rev1=1 crypto rx=0 tx=0 comp rx=0 tx=0).handle_read_frame_preamble_main r=0
2026-02-17T21:38:12.074+0000 7fc07ec0a640 20 --2- 127.0.0.1:0/3134888584 >> v2:127.0.0.1:7146/0 conn(0x55f675dcf000 0x55f675dd0580 crc :-1 s=THROTTLE_MESSAGE pgs=10 cs=0 l=1 rev1=1 crypto rx=0 tx=0 comp rx=0 tx=0).throttle_message
2026-02-17T21:38:12.074+0000 7fc07ec0a640 20 --2- 127.0.0.1:0/3134888584 >> v2:127.0.0.1:7146/0 conn(0x55f675dcf000 0x55f675dd0580 crc :-1 s=THROTTLE_BYTES pgs=10 cs=0 l=1 rev1=1 crypto rx=0 tx=0 comp rx=0 tx=0).throttle_bytes
2026-02-17T21:38:12.074+0000 7fc07ec0a640 20 --2- 127.0.0.1:0/3134888584 >> v2:127.0.0.1:7146/0 conn(0x55f675dcf000 0x55f675dd0580 crc :-1 s=THROTTLE_DISPATCH_QUEUE pgs=10 cs=0 l=1 rev1=1 crypto rx=0 tx=0 comp rx=0 tx=0).throttle_dispatch_queue
2026-02-17T21:38:12.074+0000 7fc07ec0a640 20 --2- 127.0.0.1:0/3134888584 >> v2:127.0.0.1:7146/0 conn(0x55f675dcf000 0x55f675dd0580 crc :-1 s=THROTTLE_DONE pgs=10 cs=0 l=1 rev1=1 crypto rx=0 tx=0 comp rx=0 tx=0).read_frame_segment seg_idx=0
2026-02-17T21:38:12.074+0000 7fc07ec0a640 20 -- 127.0.0.1:0/3134888584 >> v2:127.0.0.1:7146/0 conn(0x55f675dcf000 msgr2=0x55f675dd0580 crc :-1 s=STATE_CONNECTION_ESTABLISHED l=1).read start len=45
2026-02-17T21:38:12.074+0000 7fc07ec0a640 20 --2- 127.0.0.1:0/3134888584 >> v2:127.0.0.1:7146/0 conn(0x55f675dcf000 0x55f675dd0580 crc :-1 s=THROTTLE_DONE pgs=10 cs=0 l=1 rev1=1 crypto rx=0 tx=0 comp rx=0 tx=0).handle_read_frame_segment r=0
2026-02-17T21:38:12.074+0000 7fc07ec0a640 20 --2- 127.0.0.1:0/3134888584 >> v2:127.0.0.1:7146/0 conn(0x55f675dcf000 0x55f675dd0580 crc :-1 s=THROTTLE_DONE pgs=10 cs=0 l=1 rev1=1 crypto rx=0 tx=0 comp rx=0 tx=0).read_frame_segment seg_idx=1
2026-02-17T21:38:12.074+0000 7fc07ec0a640 20 -- 127.0.0.1:0/3134888584 >> v2:127.0.0.1:7146/0 conn(0x55f675dcf000 msgr2=0x55f675dd0580 crc :-1 s=STATE_CONNECTION_ESTABLISHED l=1).read start len=51723
2026-02-17T21:38:12.074+0000 7fc07ec0a640 20 --2- 127.0.0.1:0/3134888584 >> v2:127.0.0.1:7146/0 conn(0x55f675dcf000 0x55f675dd0580 crc :-1 s=THROTTLE_DONE pgs=10 cs=0 l=1 rev1=1 crypto rx=0 tx=0 comp rx=0 tx=0).handle_read_frame_segment r=0
2026-02-17T21:38:12.074+0000 7fc07ec0a640 20 -- 127.0.0.1:0/3134888584 >> v2:127.0.0.1:7146/0 conn(0x55f675dcf000 msgr2=0x55f675dd0580 crc :-1 s=STATE_CONNECTION_ESTABLISHED l=1).read start len=13
2026-02-17T21:38:12.074+0000 7fc07cc06640 5 --2- 127.0.0.1:0/137806904 >> v2:127.0.0.1:7146/0 conn(0x55f675dcf800 0x55f675dd1080 crc :-1 s=READ_MESSAGE_COMPLETE pgs=14 cs=0 l=1 rev1=1 crypto rx=0 tx=0 comp rx=0 tx=0).handle_message received message m=0x55f675cb3c00 seq=6 from=mon.0 type=1796 mgrmap(e 3)
2026-02-17T21:38:12.074+0000 7fc07cc06640 20 -- 127.0.0.1:0/137806904 queue 0x55f675cb3c00 prio 196
2026-02-17T21:38:12.074+0000 7fc07ec0a640 20 --2- 127.0.0.1:0/3134888584 >> v2:127.0.0.1:7146/0 conn(0x55f675dcf000 0x55f675dd0580 crc :-1 s=THROTTLE_DONE pgs=10 cs=0 l=1 rev1=1 crypto rx=0 tx=0 comp rx=0 tx=0).handle_read_frame_epilogue_main r=0
2026-02-17T21:38:12.074+0000 7fc07cc06640 20 --2- 127.0.0.1:0/137806904 >> v2:127.0.0.1:7146/0 conn(0x55f675dcf800 0x55f675dd1080 crc :-1 s=READY pgs=14 cs=0 l=1 rev1=1 crypto rx=0 tx=0 comp rx=0 tx=0).read_frame
2026-02-17T21:38:12.074+0000 7fc07cc06640 20 -- 127.0.0.1:0/137806904 >> v2:127.0.0.1:7146/0 conn(0x55f675dcf800 msgr2=0x55f675dd1080 crc :-1 s=STATE_CONNECTION_ESTABLISHED l=1).read start len=32
2026-02-17T21:38:12.074+0000 7fc07ec0a640 10 --2- 127.0.0.1:0/3134888584 >> v2:127.0.0.1:7146/0 conn(0x55f675dcf000 0x55f675dd0580 crc :-1 s=THROTTLE_DONE pgs=10 cs=0 l=1 rev1=1 crypto rx=0 tx=0 comp rx=0 tx=0).handle_read_frame_dispatch tag=17
2026-02-17T21:38:12.074+0000 7fc07ec0a640 20 --2- 127.0.0.1:0/3134888584 >> v2:127.0.0.1:7146/0 conn(0x55f675dcf000 0x55f675dd0580 crc :-1 s=THROTTLE_DONE pgs=10 cs=0 l=1 rev1=1 crypto rx=0 tx=0 comp rx=0 tx=0).handle_message
2026-02-17T21:38:12.074+0000 7fc07ec0a640 5 --2- 127.0.0.1:0/3134888584 >> v2:127.0.0.1:7146/0 conn(0x55f675dcf000 0x55f675dd0580 crc :-1 s=THROTTLE_DONE pgs=10 cs=0 l=1 rev1=1 crypto rx=0 tx=0 comp rx=0 tx=0).handle_message got 51723 + 0 + 0 byte message. envelope type=1796 src mon.0 off 0
2026-02-17T21:38:12.074+0000 7fbf7f066640 1 -- 127.0.0.1:0/137806904 <== mon.0 v2:127.0.0.1:7146/0 6 ==== mgrmap(e 3) ==== 51723+0+0 (crc 0 0 0) 0x55f675cb3c00 con 0x55f675dcf800
2026-02-17T21:38:12.074+0000 7fc07ac02640 10 mgr handle_mgr_map I was already active
2026-02-17T21:38:12.074+0000 7fc07ac02640 10 mgr got_mgr_map x(active, since 0.104265s)
2026-02-17T21:38:12.074+0000 7fc07e409640 5 --2- 127.0.0.1:0/277132438 >> v2:127.0.0.1:7146/0 conn(0x55f66ce5c000 0x55f675dd0b00 crc :-1 s=READ_MESSAGE_COMPLETE pgs=12 cs=0 l=1 rev1=1 crypto rx=0 tx=0 comp rx=0 tx=0).handle_message received message m=0x55f676110000 seq=7 from=mon.0 type=1796 mgrmap(e 3)
2026-02-17T21:38:12.074+0000 7fc07e409640 20 -- 127.0.0.1:0/277132438 queue 0x55f676110000 prio 196
2026-02-17T21:38:12.074+0000 7fc07e409640 20 --2- 127.0.0.1:0/277132438 >> v2:127.0.0.1:7146/0 conn(0x55f66ce5c000 0x55f675dd0b00 crc :-1 s=READY pgs=12 cs=0 l=1 rev1=1 crypto rx=0 tx=0 comp rx=0 tx=0).read_frame
2026-02-17T21:38:12.074+0000 7fc07e409640 20 -- 127.0.0.1:0/277132438 >> v2:127.0.0.1:7146/0 conn(0x55f66ce5c000 msgr2=0x55f675dd0b00 crc :-1 s=STATE_CONNECTION_ESTABLISHED l=1).read start len=32
2026-02-17T21:38:12.074+0000 7fbf8987b640 1 -- 127.0.0.1:0/277132438 <== mon.0 v2:127.0.0.1:7146/0 7 ==== mgrmap(e 3) ==== 51723+0+0 (crc 0 0 0) 0x55f676110000 con 0x55f66ce5c000
2026-02-17T21:38:12.074+0000 7fbf7f066640 10 -- 127.0.0.1:0/137806904 create_connect [v2:127.0.0.1:6800/1558383960,v1:127.0.0.1:6801/1558383960], creating connection and registering
2026-02-17T21:38:12.074+0000 7fbf7f066640 10 -- 127.0.0.1:0/137806904 >> [v2:127.0.0.1:6800/1558383960,v1:127.0.0.1:6801/1558383960] conn(0x55f675fec400 msgr2=0x55f675dd1b80 unknown :-1 s=STATE_NONE l=1)._connect
2026-02-17T21:38:12.074+0000 7fc07ac02640 4 mgr handle_mgr_map Map now says I am available
2026-02-17T21:38:12.074+0000 7fc07ac02640 10 mgr ms_dispatch2 mgrmap(e 3)
2026-02-17T21:38:12.074+0000 7fbf7f066640 1 --2- 127.0.0.1:0/137806904 >> [v2:127.0.0.1:6800/1558383960,v1:127.0.0.1:6801/1558383960] conn(0x55f675fec400 0x55f675dd1b80 unknown :-1 s=NONE pgs=0 cs=0 l=1 rev1=0 crypto rx=0 tx=0 comp rx=0 tx=0).connect
2026-02-17T21:38:12.074+0000 7fbf7f066640 20 Event(0x55f66c0f4088 nevent=5000 time_id=5).wakeup
2026-02-17T21:38:12.074+0000 7fbf7f066640 10 -- 127.0.0.1:0/137806904 create_connect 0x55f675fec400 [v2:127.0.0.1:6800/1558383960,v1:127.0.0.1:6801/1558383960] [v2:127.0.0.1:6800/1558383960,v1:127.0.0.1:6801/1558383960]
2026-02-17T21:38:12.074+0000 7fbf7f066640 10 -- 127.0.0.1:0/137806904 connect_to [v2:127.0.0.1:6800/1558383960,v1:127.0.0.1:6801/1558383960] new 0x55f675fec400
2026-02-17T21:38:12.074+0000 7fbf8987b640 10 -- 127.0.0.1:0/277132438 create_connect [v2:127.0.0.1:6800/1558383960,v1:127.0.0.1:6801/1558383960], creating connection and registering
2026-02-17T21:38:12.074+0000 7fbf7f066640 10 -- 127.0.0.1:0/137806904 dispatch_throttle_release 51723 to dispatch throttler 51723/104857600
2026-02-17T21:38:12.074+0000 7fbf7f066640 20 -- 127.0.0.1:0/137806904 done calling dispatch on 0x55f675cb3c00
2026-02-17T21:38:12.074+0000 7fbf8987b640 10 -- 127.0.0.1:0/277132438 >> [v2:127.0.0.1:6800/1558383960,v1:127.0.0.1:6801/1558383960] conn(0x55f675fec000 msgr2=0x55f675dd2100 unknown :-1 s=STATE_NONE l=1)._connect
2026-02-17T21:38:12.074+0000 7fbf8987b640 1 --2- 127.0.0.1:0/277132438 >> [v2:127.0.0.1:6800/1558383960,v1:127.0.0.1:6801/1558383960] conn(0x55f675fec000 0x55f675dd2100 unknown :-1 s=NONE pgs=0 cs=0 l=1 rev1=0 crypto rx=0 tx=0 comp rx=0 tx=0).connect
2026-02-17T21:38:12.074+0000 7fbf8987b640 20 Event(0x55f66c0f4bc8 nevent=5000 time_id=9).wakeup
2026-02-17T21:38:12.074+0000 7fc07e409640 20 -- 127.0.0.1:0/137806904 >> [v2:127.0.0.1:6800/1558383960,v1:127.0.0.1:6801/1558383960] conn(0x55f675fec400 msgr2=0x55f675dd1b80 unknown :-1 s=STATE_CONNECTING l=1).process
2026-02-17T21:38:12.074+0000 7fbf8987b640 10 -- 127.0.0.1:0/277132438 create_connect 0x55f675fec000 [v2:127.0.0.1:6800/1558383960,v1:127.0.0.1:6801/1558383960] [v2:127.0.0.1:6800/1558383960,v1:127.0.0.1:6801/1558383960]
2026-02-17T21:38:12.074+0000 7fbf8987b640 10 -- 127.0.0.1:0/277132438 connect_to [v2:127.0.0.1:6800/1558383960,v1:127.0.0.1:6801/1558383960] new 0x55f675fec000
2026-02-17T21:38:12.074+0000 7fbf8987b640 10 -- 127.0.0.1:0/277132438 dispatch_throttle_release 51723 to dispatch throttler 51723/104857600
2026-02-17T21:38:12.074+0000 7fbf8987b640 20 -- 127.0.0.1:0/277132438 done calling dispatch on 0x55f676110000
2026-02-17T21:38:12.074+0000 7fc07ac02640 10 -- 127.0.0.1:0/3190841109 create_connect [v2:127.0.0.1:6800/1558383960,v1:127.0.0.1:6801/1558383960], creating connection and registering
2026-02-17T21:38:12.074+0000 7fc07ac02640 10 -- 127.0.0.1:0/3190841109 >> [v2:127.0.0.1:6800/1558383960,v1:127.0.0.1:6801/1558383960] conn(0x55f675fec800 msgr2=0x55f675dd1600 unknown :-1 s=STATE_NONE l=0)._connect
2026-02-17T21:38:12.074+0000 7fc07ac02640 1 --2- 127.0.0.1:0/3190841109 >> [v2:127.0.0.1:6800/1558383960,v1:127.0.0.1:6801/1558383960] conn(0x55f675fec800 0x55f675dd1600 unknown :-1 s=NONE pgs=0 cs=0 l=0 rev1=0 crypto rx=0 tx=0 comp rx=0 tx=0).connect
2026-02-17T21:38:12.074+0000 7fc07e409640 20 Event(0x55f66c0f4088 nevent=5000 time_id=6).create_file_event create event started fd=33 mask=1 original mask is 0
2026-02-17T21:38:12.074+0000 7fc07ac02640 20 Event(0x55f66c0f4508 nevent=5000 time_id=5).wakeup
2026-02-17T21:38:12.074+0000 7fc07e409640 20 EpollDriver.add_event add event fd=33 cur_mask=0 add_mask=1 to 10
2026-02-17T21:38:12.074+0000 7fc07e409640 20 Event(0x55f66c0f4088 nevent=5000 time_id=6).create_file_event create event end fd=33 mask=1 current mask is 1
2026-02-17T21:38:12.074+0000 7fc07e409640 20 EpollDriver.del_event del event fd=33 cur_mask=1 delmask=2 to 10
2026-02-17T21:38:12.074+0000 7fc07ac02640 10 -- 127.0.0.1:0/3190841109 create_connect 0x55f675fec800 [v2:127.0.0.1:6800/1558383960,v1:127.0.0.1:6801/1558383960] [v2:127.0.0.1:6800/1558383960,v1:127.0.0.1:6801/1558383960]
2026-02-17T21:38:12.074+0000 7fc07e409640 10 -- 127.0.0.1:0/137806904 >> [v2:127.0.0.1:6800/1558383960,v1:127.0.0.1:6801/1558383960] conn(0x55f675fec400 msgr2=0x55f675dd1b80 unknown :-1 s=STATE_CONNECTING_RE l=1).process connect successfully, ready to send banner
2026-02-17T21:38:12.074+0000 7fc07ac02640 10 -- 127.0.0.1:0/3190841109 connect_to [v2:127.0.0.1:6800/1558383960,v1:127.0.0.1:6801/1558383960] new 0x55f675fec800
2026-02-17T21:38:12.074+0000 7fc07e409640 20 --2- 127.0.0.1:0/137806904 >> [v2:127.0.0.1:6800/1558383960,v1:127.0.0.1:6801/1558383960] conn(0x55f675fec400 0x55f675dd1b80 unknown :-1 s=START_CONNECT pgs=0 cs=0 l=1 rev1=0 crypto rx=0 tx=0 comp rx=0 tx=0).read_event
2026-02-17T21:38:12.074+0000 7fc07e409640 20 --2- 127.0.0.1:0/137806904 >> [v2:127.0.0.1:6800/1558383960,v1:127.0.0.1:6801/1558383960] conn(0x55f675fec400 0x55f675dd1b80 unknown :-1 s=START_CONNECT pgs=0 cs=0 l=1 rev1=0 crypto rx=0 tx=0 comp rx=0 tx=0).start_client_banner_exchange
2026-02-17T21:38:12.074+0000 7fc07e409640 20 --2- 127.0.0.1:0/137806904 >> [v2:127.0.0.1:6800/1558383960,v1:127.0.0.1:6801/1558383960] conn(0x55f675fec400 0x55f675dd1b80 unknown :-1 s=BANNER_CONNECTING pgs=0 cs=0 l=1 rev1=0 crypto rx=0 tx=0 comp rx=0 tx=0)._banner_exchange
2026-02-17T21:38:12.074+0000 7fc07cc06640 20 -- 127.0.0.1:0/3190841109 >> [v2:127.0.0.1:6800/1558383960,v1:127.0.0.1:6801/1558383960] conn(0x55f675fec800 msgr2=0x55f675dd1600 unknown :-1 s=STATE_CONNECTING l=0).process
2026-02-17T21:38:12.074+0000 7fc07e409640 10 -- 127.0.0.1:0/137806904 >> [v2:127.0.0.1:6800/1558383960,v1:127.0.0.1:6801/1558383960] conn(0x55f675fec400 msgr2=0x55f675dd1b80 unknown :-1 s=STATE_CONNECTION_ESTABLISHED l=1)._try_send sent bytes 26 remaining bytes 0
2026-02-17T21:38:12.074+0000 7fc07e409640 20 -- 127.0.0.1:0/137806904 >> [v2:127.0.0.1:6800/1558383960,v1:127.0.0.1:6801/1558383960] conn(0x55f675fec400 msgr2=0x55f675dd1b80 unknown :-1 s=STATE_CONNECTION_ESTABLISHED l=1).read start len=10
2026-02-17T21:38:12.074+0000 7fc07e409640 10 Processor -- accept listen_fd=28
2026-02-17T21:38:12.074+0000 7fc07e409640 10 Processor -- accept accepted incoming on sd 35
2026-02-17T21:38:12.074+0000 7fc07e409640 10 -- [v2:127.0.0.1:6800/1558383960,v1:127.0.0.1:6801/1558383960] >> conn(0x55f675fecc00 msgr2=0x55f675dd2680 unknown :-1 s=STATE_NONE l=0).accept sd=35 listen_addr v2:127.0.0.1:6800/1558383960 peer_addr v2:127.0.0.1:46894/0
2026-02-17T21:38:12.074+0000 7fc07e409640 1 --2- [v2:127.0.0.1:6800/1558383960,v1:127.0.0.1:6801/1558383960] >> conn(0x55f675fecc00 0x55f675dd2680 unknown :-1 s=NONE pgs=0 cs=0 l=0 rev1=0 crypto rx=0 tx=0 comp rx=0 tx=0).accept
2026-02-17T21:38:12.074+0000 7fc07cc06640 20 Event(0x55f66c0f4508 nevent=5000 time_id=6).create_file_event create event started fd=34 mask=1 original mask is 0
2026-02-17T21:38:12.074+0000 7fc07cc06640 20 EpollDriver.add_event add event fd=34 cur_mask=0 add_mask=1 to 16
2026-02-17T21:38:12.074+0000 7fc07cc06640 20 Event(0x55f66c0f4508 nevent=5000 time_id=6).create_file_event create event end fd=34 mask=1 current mask is 1
2026-02-17T21:38:12.074+0000 7fc07e409640 10 Processor -- accept accepted incoming on sd 36
2026-02-17T21:38:12.074+0000 7fc07cc06640 20 EpollDriver.del_event del event fd=34 cur_mask=1 delmask=2 to 16
2026-02-17T21:38:12.074+0000 7fc07ec0a640 5 --2- 127.0.0.1:0/3134888584 >> v2:127.0.0.1:7146/0 conn(0x55f675dcf000 0x55f675dd0580 crc :-1 s=READ_MESSAGE_COMPLETE pgs=10 cs=0 l=1 rev1=1 crypto rx=0 tx=0 comp rx=0 tx=0).handle_message received message m=0x55f675cb2e00 seq=6 from=mon.0 type=1796 mgrmap(e 3)
2026-02-17T21:38:12.074+0000 7fc07ec0a640 20 -- 127.0.0.1:0/3134888584 queue 0x55f675cb2e00 prio 196
2026-02-17T21:38:12.074+0000 7fc07cc06640 10 -- 127.0.0.1:0/3190841109 >> [v2:127.0.0.1:6800/1558383960,v1:127.0.0.1:6801/1558383960] conn(0x55f675fec800 msgr2=0x55f675dd1600 unknown :-1 s=STATE_CONNECTING_RE l=0).process connect successfully, ready to send banner
2026-02-17T21:38:12.074+0000 7fc07ec0a640 20 --2- 127.0.0.1:0/3134888584 >> v2:127.0.0.1:7146/0 conn(0x55f675dcf000 0x55f675dd0580 crc :-1 s=READY pgs=10 cs=0 l=1 rev1=1 crypto rx=0 tx=0 comp rx=0 tx=0).read_frame
2026-02-17T21:38:12.074+0000 7fc07cc06640 20 --2- 127.0.0.1:0/3190841109 >> [v2:127.0.0.1:6800/1558383960,v1:127.0.0.1:6801/1558383960] conn(0x55f675fec800 0x55f675dd1600 unknown :-1 s=START_CONNECT pgs=0 cs=0 l=0 rev1=0 crypto rx=0 tx=0 comp rx=0 tx=0).read_event
2026-02-17T21:38:12.074+0000 7fc07ec0a640 20 -- 127.0.0.1:0/3134888584 >> v2:127.0.0.1:7146/0 conn(0x55f675dcf000 msgr2=0x55f675dd0580 crc :-1 s=STATE_CONNECTION_ESTABLISHED l=1).read start len=32
2026-02-17T21:38:12.074+0000 7fc07e409640 10 -- [v2:127.0.0.1:6800/1558383960,v1:127.0.0.1:6801/1558383960] >> conn(0x55f675fed000 msgr2=0x55f675dd2c00 unknown :-1 s=STATE_NONE l=0).accept sd=36 listen_addr v2:127.0.0.1:6800/1558383960 peer_addr v2:127.0.0.1:46898/0
2026-02-17T21:38:12.074+0000 7fc07cc06640 20 --2- 127.0.0.1:0/3190841109 >> [v2:127.0.0.1:6800/1558383960,v1:127.0.0.1:6801/1558383960] conn(0x55f675fec800 0x55f675dd1600 unknown :-1 s=START_CONNECT pgs=0 cs=0 l=0 rev1=0 crypto rx=0 tx=0 comp rx=0 tx=0).start_client_banner_exchange
2026-02-17T21:38:12.074+0000 7fc07e409640 1 --2- [v2:127.0.0.1:6800/1558383960,v1:127.0.0.1:6801/1558383960] >> conn(0x55f675fed000 0x55f675dd2c00 unknown :-1 s=NONE pgs=0 cs=0 l=0 rev1=0 crypto rx=0 tx=0 comp rx=0 tx=0).accept
2026-02-17T21:38:12.074+0000 7fc07cc06640 20 --2- 127.0.0.1:0/3190841109 >> [v2:127.0.0.1:6800/1558383960,v1:127.0.0.1:6801/1558383960] conn(0x55f675fec800 0x55f675dd1600 unknown :-1 s=BANNER_CONNECTING pgs=0 cs=0 l=0 rev1=0 crypto rx=0 tx=0 comp rx=0 tx=0)._banner_exchange
2026-02-17T21:38:12.074+0000 7fbf95092640 1 -- 127.0.0.1:0/3134888584 <== mon.0 v2:127.0.0.1:7146/0 6 ==== mgrmap(e 3) ==== 51723+0+0 (crc 0 0 0) 0x55f675cb2e00 con 0x55f675dcf000
2026-02-17T21:38:12.074+0000 7fc07ec0a640 20 -- 127.0.0.1:0/277132438 >> [v2:127.0.0.1:6800/1558383960,v1:127.0.0.1:6801/1558383960] conn(0x55f675fec000 msgr2=0x55f675dd2100 unknown :-1 s=STATE_CONNECTING l=1).process
2026-02-17T21:38:12.074+0000 7fc07e409640 20 Event(0x55f66c0f4bc8 nevent=5000 time_id=10).wakeup
2026-02-17T21:38:12.074+0000 7fc07cc06640 10 -- 127.0.0.1:0/3190841109 >> [v2:127.0.0.1:6800/1558383960,v1:127.0.0.1:6801/1558383960] conn(0x55f675fec800 msgr2=0x55f675dd1600 unknown :-1 s=STATE_CONNECTION_ESTABLISHED l=0)._try_send sent bytes 26 remaining bytes 0
2026-02-17T21:38:12.074+0000 7fc07cc06640 20 -- 127.0.0.1:0/3190841109 >> [v2:127.0.0.1:6800/1558383960,v1:127.0.0.1:6801/1558383960] conn(0x55f675fec800 msgr2=0x55f675dd1600 unknown :-1 s=STATE_CONNECTION_ESTABLISHED l=0).read start len=10
2026-02-17T21:38:12.074+0000 7fc07e409640 10 Processor -- accept listen_fd=29
2026-02-17T21:38:12.074+0000 7fc07e409640 20 -- [v2:127.0.0.1:6800/1558383960,v1:127.0.0.1:6801/1558383960] >> conn(0x55f675fecc00 msgr2=0x55f675dd2680 unknown :-1 s=STATE_ACCEPTING l=0).process
2026-02-17T21:38:12.074+0000 7fc07e409640 20 Event(0x55f66c0f4088 nevent=5000 time_id=6).create_file_event create event started fd=35 mask=1 original mask is 0
2026-02-17T21:38:12.074+0000 7fc07e409640 20 EpollDriver.add_event add event fd=35 cur_mask=0 add_mask=1 to 10
2026-02-17T21:38:12.074+0000 7fc07e409640 20 Event(0x55f66c0f4088 nevent=5000 time_id=6).create_file_event create event end fd=35 mask=1 current mask is 1
2026-02-17T21:38:12.074+0000 7fc07e409640 20 --2- [v2:127.0.0.1:6800/1558383960,v1:127.0.0.1:6801/1558383960] >> conn(0x55f675fecc00 0x55f675dd2680 unknown :-1 s=START_ACCEPT pgs=0 cs=0 l=0 rev1=0 crypto rx=0 tx=0 comp rx=0 tx=0).read_event
2026-02-17T21:38:12.074+0000 7fc07e409640 20 --2- [v2:127.0.0.1:6800/1558383960,v1:127.0.0.1:6801/1558383960] >> conn(0x55f675fecc00 0x55f675dd2680 unknown :-1 s=START_ACCEPT pgs=0 cs=0 l=0 rev1=0 crypto rx=0 tx=0 comp rx=0 tx=0).start_server_banner_exchange
2026-02-17T21:38:12.074+0000 7fc07e409640 20 --2- [v2:127.0.0.1:6800/1558383960,v1:127.0.0.1:6801/1558383960] >> conn(0x55f675fecc00 0x55f675dd2680 unknown :-1 s=BANNER_ACCEPTING pgs=0 cs=0 l=0 rev1=0 crypto rx=0 tx=0 comp rx=0 tx=0)._banner_exchange
2026-02-17T21:38:12.074+0000 7fc07e409640 10 -- [v2:127.0.0.1:6800/1558383960,v1:127.0.0.1:6801/1558383960] >> conn(0x55f675fecc00 msgr2=0x55f675dd2680 unknown :-1 s=STATE_CONNECTION_ESTABLISHED l=0)._try_send sent bytes 26 remaining bytes 0
2026-02-17T21:38:12.074+0000 7fc07e409640 20 -- [v2:127.0.0.1:6800/1558383960,v1:127.0.0.1:6801/1558383960] >> conn(0x55f675fecc00 msgr2=0x55f675dd2680 unknown :-1 s=STATE_CONNECTION_ESTABLISHED l=0).read start len=10
2026-02-17T21:38:12.074+0000 7fc07ec0a640 20 Event(0x55f66c0f4bc8 nevent=5000 time_id=10).create_file_event create event started fd=38 mask=1 original mask is 0
2026-02-17T21:38:12.074+0000 7fc07e409640 20 --2- [v2:127.0.0.1:6800/1558383960,v1:127.0.0.1:6801/1558383960] >> conn(0x55f675fecc00 0x55f675dd2680 unknown :-1 s=BANNER_ACCEPTING pgs=0 cs=0 l=0 rev1=0 crypto rx=0 tx=0 comp rx=0 tx=0)._handle_peer_banner r=0
2026-02-17T21:38:12.074+0000 7fc07ec0a640 20 EpollDriver.add_event add event fd=38 cur_mask=0 add_mask=1 to 13
2026-02-17T21:38:12.074+0000 7fc07e409640 20 -- [v2:127.0.0.1:6800/1558383960,v1:127.0.0.1:6801/1558383960] >> conn(0x55f675fecc00 msgr2=0x55f675dd2680 unknown :-1 s=STATE_CONNECTION_ESTABLISHED l=0).read start len=16
2026-02-17T21:38:12.074+0000 7fc07e409640 20 --2- [v2:127.0.0.1:6800/1558383960,v1:127.0.0.1:6801/1558383960] >> conn(0x55f675fecc00 0x55f675dd2680 unknown :-1 s=BANNER_ACCEPTING pgs=0 cs=0 l=0 rev1=0 crypto rx=0 tx=0 comp rx=0 tx=0)._handle_peer_banner_payload r=0
2026-02-17T21:38:12.074+0000 7fc07ec0a640 20 Event(0x55f66c0f4bc8 nevent=5000 time_id=10).create_file_event create event end fd=38 mask=1 current mask is 1
2026-02-17T21:38:12.074+0000 7fc07e409640 1 --2- [v2:127.0.0.1:6800/1558383960,v1:127.0.0.1:6801/1558383960] >> conn(0x55f675fecc00 0x55f675dd2680 unknown :-1 s=BANNER_ACCEPTING pgs=0 cs=0 l=0 rev1=0 crypto rx=0 tx=0 comp rx=0 tx=0)._handle_peer_banner_payload supported=3 required=0
2026-02-17T21:38:12.074+0000 7fbf95092640 10 -- 127.0.0.1:0/3134888584 create_connect [v2:127.0.0.1:6800/1558383960,v1:127.0.0.1:6801/1558383960], creating connection and registering
2026-02-17T21:38:12.074+0000 7fc07ec0a640 20 EpollDriver.del_event del event fd=38 cur_mask=1 delmask=2 to 13
2026-02-17T21:38:12.074+0000 7fc07ec0a640 10 -- 127.0.0.1:0/277132438 >> [v2:127.0.0.1:6800/1558383960,v1:127.0.0.1:6801/1558383960] conn(0x55f675fec000 msgr2=0x55f675dd2100 unknown :-1 s=STATE_CONNECTING_RE l=1).process connect successfully, ready to send banner
2026-02-17T21:38:12.074+0000 7fc07ec0a640 20 --2- 127.0.0.1:0/277132438 >> [v2:127.0.0.1:6800/1558383960,v1:127.0.0.1:6801/1558383960] conn(0x55f675fec000 0x55f675dd2100 unknown :-1 s=START_CONNECT pgs=0 cs=0 l=1 rev1=0 crypto rx=0 tx=0 comp rx=0 tx=0).read_event
2026-02-17T21:38:12.074+0000 7fc07ec0a640 20 --2- 127.0.0.1:0/277132438 >> [v2:127.0.0.1:6800/1558383960,v1:127.0.0.1:6801/1558383960] conn(0x55f675fec000 0x55f675dd2100 unknown :-1 s=START_CONNECT pgs=0 cs=0 l=1 rev1=0 crypto rx=0 tx=0 comp rx=0 tx=0).start_client_banner_exchange
2026-02-17T21:38:12.074+0000 7fbf95092640 10 -- 127.0.0.1:0/3134888584 >> [v2:127.0.0.1:6800/1558383960,v1:127.0.0.1:6801/1558383960] conn(0x55f66c0a7800 msgr2=0x55f675dd3700 unknown :-1 s=STATE_NONE l=1)._connect
2026-02-17T21:38:12.074+0000 7fc07ec0a640 20 --2- 127.0.0.1:0/277132438 >> [v2:127.0.0.1:6800/1558383960,v1:127.0.0.1:6801/1558383960] conn(0x55f675fec000 0x55f675dd2100 unknown :-1 s=BANNER_CONNECTING pgs=0 cs=0 l=1 rev1=0 crypto rx=0 tx=0 comp rx=0 tx=0)._banner_exchange
2026-02-17T21:38:12.074+0000 7fbf95092640 1 --2- 127.0.0.1:0/3134888584 >> [v2:127.0.0.1:6800/1558383960,v1:127.0.0.1:6801/1558383960] conn(0x55f66c0a7800 0x55f675dd3700 unknown :-1 s=NONE pgs=0 cs=0 l=1 rev1=0 crypto rx=0 tx=0 comp rx=0 tx=0).connect
2026-02-17T21:38:12.074+0000 7fbf95092640 20 Event(0x55f66c0f4508 nevent=5000 time_id=6).wakeup
2026-02-17T21:38:12.074+0000 7fbf95092640 10 -- 127.0.0.1:0/3134888584 create_connect 0x55f66c0a7800 [v2:127.0.0.1:6800/1558383960,v1:127.0.0.1:6801/1558383960] [v2:127.0.0.1:6800/1558383960,v1:127.0.0.1:6801/1558383960]
2026-02-17T21:38:12.074+0000 7fbf95092640 10 -- 127.0.0.1:0/3134888584 connect_to [v2:127.0.0.1:6800/1558383960,v1:127.0.0.1:6801/1558383960] new 0x55f66c0a7800
2026-02-17T21:38:12.074+0000 7fbf95092640 10 -- 127.0.0.1:0/3134888584 dispatch_throttle_release 51723 to dispatch throttler 51723/104857600
2026-02-17T21:38:12.074+0000 7fc07e409640 10 -- [v2:127.0.0.1:6800/1558383960,v1:127.0.0.1:6801/1558383960] >> conn(0x55f675fecc00 msgr2=0x55f675dd2680 unknown :-1 s=STATE_CONNECTION_ESTABLISHED l=0)._try_send sent bytes 72 remaining bytes 0
2026-02-17T21:38:12.074+0000 7fbf95092640 20 -- 127.0.0.1:0/3134888584 done calling dispatch on 0x55f675cb2e00
2026-02-17T21:38:12.074+0000 7fc07ec0a640 10 -- 127.0.0.1:0/277132438 >> [v2:127.0.0.1:6800/1558383960,v1:127.0.0.1:6801/1558383960] conn(0x55f675fec000 msgr2=0x55f675dd2100 unknown :-1 s=STATE_CONNECTION_ESTABLISHED l=1)._try_send sent bytes 26 remaining bytes 0
2026-02-17T21:38:12.074+0000 7fc07e409640 20 --2- [v2:127.0.0.1:6800/1558383960,v1:127.0.0.1:6801/1558383960] >> conn(0x55f675fecc00 0x55f675dd2680 unknown :-1 s=HELLO_ACCEPTING pgs=0 cs=0 l=0 rev1=1 crypto rx=0 tx=0 comp rx=0 tx=0).read_frame
2026-02-17T21:38:12.074+0000 7fc07cc06640 20 -- 127.0.0.1:0/3134888584 >> [v2:127.0.0.1:6800/1558383960,v1:127.0.0.1:6801/1558383960] conn(0x55f66c0a7800 msgr2=0x55f675dd3700 unknown :-1 s=STATE_CONNECTING l=1).process
2026-02-17T21:38:12.074+0000 7fc07ec0a640 20 -- 127.0.0.1:0/277132438 >> [v2:127.0.0.1:6800/1558383960,v1:127.0.0.1:6801/1558383960] conn(0x55f675fec000 msgr2=0x55f675dd2100 unknown :-1 s=STATE_CONNECTION_ESTABLISHED l=1).read start len=10
2026-02-17T21:38:12.074+0000 7fc07e409640 20 -- [v2:127.0.0.1:6800/1558383960,v1:127.0.0.1:6801/1558383960] >> conn(0x55f675fecc00 msgr2=0x55f675dd2680 unknown :-1 s=STATE_CONNECTION_ESTABLISHED l=0).read start len=32
2026-02-17T21:38:12.074+0000 7fc07e409640 10 Processor -- accept listen_fd=28
2026-02-17T21:38:12.074+0000 7fc07ec0a640 20 -- [v2:127.0.0.1:6800/1558383960,v1:127.0.0.1:6801/1558383960] >> conn(0x55f675fed000 msgr2=0x55f675dd2c00 unknown :-1 s=STATE_ACCEPTING l=0).process
2026-02-17T21:38:12.074+0000 7fc07ec0a640 20 Event(0x55f66c0f4bc8 nevent=5000 time_id=10).create_file_event create event started fd=36 mask=1 original mask is 0
2026-02-17T21:38:12.074+0000 7fc07ec0a640 20 EpollDriver.add_event add event fd=36 cur_mask=0 add_mask=1 to 13
2026-02-17T21:38:12.074+0000 7fc07ec0a640 20 Event(0x55f66c0f4bc8 nevent=5000 time_id=10).create_file_event create event end fd=36 mask=1 current mask is 1
2026-02-17T21:38:12.074+0000 7fc07e409640 10 Processor -- accept accepted incoming on sd 39
2026-02-17T21:38:12.074+0000 7fc07ec0a640 20 --2- [v2:127.0.0.1:6800/1558383960,v1:127.0.0.1:6801/1558383960] >> conn(0x55f675fed000 0x55f675dd2c00 unknown :-1 s=START_ACCEPT pgs=0 cs=0 l=0 rev1=0 crypto rx=0 tx=0 comp rx=0 tx=0).read_event
2026-02-17T21:38:12.074+0000 7fc07e409640 10 -- [v2:127.0.0.1:6800/1558383960,v1:127.0.0.1:6801/1558383960] >> conn(0x55f675fed400 msgr2=0x55f675dd3180 unknown :-1 s=STATE_NONE l=0).accept sd=39 listen_addr v2:127.0.0.1:6800/1558383960 peer_addr v2:127.0.0.1:46902/0
2026-02-17T21:38:12.074+0000 7fc07ec0a640 20 --2- [v2:127.0.0.1:6800/1558383960,v1:127.0.0.1:6801/1558383960] >> conn(0x55f675fed000 0x55f675dd2c00 unknown :-1 s=START_ACCEPT pgs=0 cs=0 l=0 rev1=0 crypto rx=0 tx=0 comp rx=0 tx=0).start_server_banner_exchange
2026-02-17T21:38:12.074+0000 7fc07e409640 1 --2- [v2:127.0.0.1:6800/1558383960,v1:127.0.0.1:6801/1558383960] >> conn(0x55f675fed400 0x55f675dd3180 unknown :-1 s=NONE pgs=0 cs=0 l=0 rev1=0 crypto rx=0 tx=0 comp rx=0 tx=0).accept
2026-02-17T21:38:12.074+0000 7fc07ec0a640 20 --2- [v2:127.0.0.1:6800/1558383960,v1:127.0.0.1:6801/1558383960] >> conn(0x55f675fed000 0x55f675dd2c00 unknown :-1 s=BANNER_ACCEPTING pgs=0 cs=0 l=0 rev1=0 crypto rx=0 tx=0 comp rx=0 tx=0)._banner_exchange
2026-02-17T21:38:12.074+0000 7fc07e409640 10 Processor -- accept listen_fd=29
2026-02-17T21:38:12.074+0000 7fc07e409640 20 -- 127.0.0.1:0/137806904 >> [v2:127.0.0.1:6800/1558383960,v1:127.0.0.1:6801/1558383960] conn(0x55f675fec400 msgr2=0x55f675dd1b80 unknown :-1 s=STATE_CONNECTION_ESTABLISHED l=1).process
2026-02-17T21:38:12.074+0000 7fc07e409640 20 -- 127.0.0.1:0/137806904 >> [v2:127.0.0.1:6800/1558383960,v1:127.0.0.1:6801/1558383960] conn(0x55f675fec400 msgr2=0x55f675dd1b80 unknown :-1 s=STATE_CONNECTION_ESTABLISHED l=1).read continue len=10
2026-02-17T21:38:12.074+0000 7fc07cc06640 20 Event(0x55f66c0f4508 nevent=5000 time_id=7).create_file_event create event started fd=37 mask=1 original mask is 0
2026-02-17T21:38:12.074+0000 7fc07ec0a640 10 -- [v2:127.0.0.1:6800/1558383960,v1:127.0.0.1:6801/1558383960] >> conn(0x55f675fed000 msgr2=0x55f675dd2c00 unknown :-1 s=STATE_CONNECTION_ESTABLISHED l=0)._try_send sent bytes 26 remaining bytes 0
2026-02-17T21:38:12.074+0000 7fc07cc06640 20 EpollDriver.add_event add event fd=37 cur_mask=0 add_mask=1 to 16
2026-02-17T21:38:12.074+0000 7fc07ec0a640 20 -- [v2:127.0.0.1:6800/1558383960,v1:127.0.0.1:6801/1558383960] >> conn(0x55f675fed000 msgr2=0x55f675dd2c00 unknown :-1 s=STATE_CONNECTION_ESTABLISHED l=0).read start len=10
2026-02-17T21:38:12.074+0000 7fc07e409640 20 --2- 127.0.0.1:0/137806904 >> [v2:127.0.0.1:6800/1558383960,v1:127.0.0.1:6801/1558383960] conn(0x55f675fec400 0x55f675dd1b80 unknown :-1 s=BANNER_CONNECTING pgs=0 cs=0 l=1 rev1=0 crypto rx=0 tx=0 comp rx=0 tx=0)._handle_peer_banner r=0
2026-02-17T21:38:12.074+0000 7fc07cc06640 20 Event(0x55f66c0f4508 nevent=5000 time_id=7).create_file_event create event end fd=37 mask=1 current mask is 1
2026-02-17T21:38:12.074+0000 7fc07e409640 20 -- 127.0.0.1:0/137806904 >> [v2:127.0.0.1:6800/1558383960,v1:127.0.0.1:6801/1558383960] conn(0x55f675fec400 msgr2=0x55f675dd1b80 unknown :-1 s=STATE_CONNECTION_ESTABLISHED l=1).read start len=16
2026-02-17T21:38:12.074+0000 7fc07cc06640 20 EpollDriver.del_event del event fd=37 cur_mask=1 delmask=2 to 16
2026-02-17T21:38:12.074+0000 7fc07ec0a640 20 --2- [v2:127.0.0.1:6800/1558383960,v1:127.0.0.1:6801/1558383960] >> conn(0x55f675fed000 0x55f675dd2c00 unknown :-1 s=BANNER_ACCEPTING pgs=0 cs=0 l=0 rev1=0 crypto rx=0 tx=0 comp rx=0 tx=0)._handle_peer_banner r=0
2026-02-17T21:38:12.074+0000 7fc07e409640 20 --2- 127.0.0.1:0/137806904 >> [v2:127.0.0.1:6800/1558383960,v1:127.0.0.1:6801/1558383960] conn(0x55f675fec400 0x55f675dd1b80 unknown :-1 s=BANNER_CONNECTING pgs=0 cs=0 l=1 rev1=0 crypto rx=0 tx=0 comp rx=0 tx=0)._handle_peer_banner_payload r=0
2026-02-17T21:38:12.074+0000 7fc07ec0a640 20 -- [v2:127.0.0.1:6800/1558383960,v1:127.0.0.1:6801/1558383960] >> conn(0x55f675fed000 msgr2=0x55f675dd2c00 unknown :-1 s=STATE_CONNECTION_ESTABLISHED l=0).read start len=16
2026-02-17T21:38:12.074+0000 7fc07cc06640 10 -- 127.0.0.1:0/3134888584 >> [v2:127.0.0.1:6800/1558383960,v1:127.0.0.1:6801/1558383960] conn(0x55f66c0a7800 msgr2=0x55f675dd3700 unknown :-1 s=STATE_CONNECTING_RE l=1).process connect successfully, ready to send banner
2026-02-17T21:38:12.074+0000 7fc07e409640 1 --2- 127.0.0.1:0/137806904 >> [v2:127.0.0.1:6800/1558383960,v1:127.0.0.1:6801/1558383960] conn(0x55f675fec400 0x55f675dd1b80 unknown :-1 s=BANNER_CONNECTING pgs=0 cs=0 l=1 rev1=0 crypto rx=0 tx=0 comp rx=0 tx=0)._handle_peer_banner_payload supported=3 required=0
2026-02-17T21:38:12.074+0000 7fc07ec0a640 20 --2- [v2:127.0.0.1:6800/1558383960,v1:127.0.0.1:6801/1558383960] >> conn(0x55f675fed000 0x55f675dd2c00 unknown :-1 s=BANNER_ACCEPTING pgs=0 cs=0 l=0 rev1=0 crypto rx=0 tx=0 comp rx=0 tx=0)._handle_peer_banner_payload r=0
2026-02-17T21:38:12.074+0000 7fc07cc06640 20 --2- 127.0.0.1:0/3134888584 >> [v2:127.0.0.1:6800/1558383960,v1:127.0.0.1:6801/1558383960] conn(0x55f66c0a7800 0x55f675dd3700 unknown :-1 s=START_CONNECT pgs=0 cs=0 l=1 rev1=0 crypto rx=0 tx=0 comp rx=0 tx=0).read_event
2026-02-17T21:38:12.074+0000 7fc07ec0a640 1 --2- [v2:127.0.0.1:6800/1558383960,v1:127.0.0.1:6801/1558383960] >> conn(0x55f675fed000 0x55f675dd2c00 unknown :-1 s=BANNER_ACCEPTING pgs=0 cs=0 l=0 rev1=0 crypto rx=0 tx=0 comp rx=0 tx=0)._handle_peer_banner_payload supported=3 required=0
2026-02-17T21:38:12.074+0000 7fc07cc06640 20 --2- 127.0.0.1:0/3134888584 >> [v2:127.0.0.1:6800/1558383960,v1:127.0.0.1:6801/1558383960] conn(0x55f66c0a7800 0x55f675dd3700 unknown :-1 s=START_CONNECT pgs=0 cs=0 l=1 rev1=0 crypto rx=0 tx=0 comp rx=0 tx=0).start_client_banner_exchange
2026-02-17T21:38:12.074+0000 7fc07cc06640 20 --2- 127.0.0.1:0/3134888584 >> [v2:127.0.0.1:6800/1558383960,v1:127.0.0.1:6801/1558383960] conn(0x55f66c0a7800 0x55f675dd3700 unknown :-1 s=BANNER_CONNECTING pgs=0 cs=0 l=1 rev1=0 crypto rx=0 tx=0 comp rx=0 tx=0)._banner_exchange
2026-02-17T21:38:12.074+0000 7fc07e409640 10 -- 127.0.0.1:0/137806904 >> [v2:127.0.0.1:6800/1558383960,v1:127.0.0.1:6801/1558383960] conn(0x55f675fec400 msgr2=0x55f675dd1b80 unknown :-1 s=STATE_CONNECTION_ESTABLISHED l=1)._try_send sent bytes 72 remaining bytes 0
2026-02-17T21:38:12.074+0000 7fc07e409640 20 --2- 127.0.0.1:0/137806904 >> [v2:127.0.0.1:6800/1558383960,v1:127.0.0.1:6801/1558383960] conn(0x55f675fec400 0x55f675dd1b80 unknown :-1 s=HELLO_CONNECTING pgs=0 cs=0 l=1 rev1=1 crypto rx=0 tx=0 comp rx=0 tx=0).read_frame
2026-02-17T21:38:12.074+0000 7fc07e409640 20 -- 127.0.0.1:0/137806904 >> [v2:127.0.0.1:6800/1558383960,v1:127.0.0.1:6801/1558383960] conn(0x55f675fec400 msgr2=0x55f675dd1b80 unknown :-1 s=STATE_CONNECTION_ESTABLISHED l=1).read start len=32
2026-02-17T21:38:12.074+0000 7fc07ec0a640 10 -- [v2:127.0.0.1:6800/1558383960,v1:127.0.0.1:6801/1558383960] >> conn(0x55f675fed000 msgr2=0x55f675dd2c00 unknown :-1 s=STATE_CONNECTION_ESTABLISHED l=0)._try_send sent bytes 72 remaining bytes 0
2026-02-17T21:38:12.074+0000 7fc07e409640 20 --2- 127.0.0.1:0/137806904 >> [v2:127.0.0.1:6800/1558383960,v1:127.0.0.1:6801/1558383960] conn(0x55f675fec400 0x55f675dd1b80 unknown :-1 s=HELLO_CONNECTING pgs=0 cs=0 l=1 rev1=1 crypto rx=0 tx=0 comp rx=0 tx=0).handle_read_frame_preamble_main r=0
2026-02-17T21:38:12.074+0000 7fc07ec0a640 20 --2- [v2:127.0.0.1:6800/1558383960,v1:127.0.0.1:6801/1558383960] >> conn(0x55f675fed000 0x55f675dd2c00 unknown :-1 s=HELLO_ACCEPTING pgs=0 cs=0 l=0 rev1=1 crypto rx=0 tx=0 comp rx=0 tx=0).read_frame
2026-02-17T21:38:12.074+0000 7fc07e409640 20 --2- 127.0.0.1:0/137806904 >> [v2:127.0.0.1:6800/1558383960,v1:127.0.0.1:6801/1558383960] conn(0x55f675fec400 0x55f675dd1b80 unknown :-1 s=HELLO_CONNECTING pgs=0 cs=0 l=1 rev1=1 crypto rx=0 tx=0 comp rx=0 tx=0).read_frame_segment seg_idx=0
2026-02-17T21:38:12.074+0000 7fc07ec0a640 20 -- [v2:127.0.0.1:6800/1558383960,v1:127.0.0.1:6801/1558383960] >> conn(0x55f675fed000 msgr2=0x55f675dd2c00 unknown :-1 s=STATE_CONNECTION_ESTABLISHED l=0).read start len=32
2026-02-17T21:38:12.074+0000 7fc07e409640 20 -- 127.0.0.1:0/137806904 >> [v2:127.0.0.1:6800/1558383960,v1:127.0.0.1:6801/1558383960] conn(0x55f675fec400 msgr2=0x55f675dd1b80 unknown :-1 s=STATE_CONNECTION_ESTABLISHED l=1).read start len=40
2026-02-17T21:38:12.074+0000 7fc07e409640 20 --2- 127.0.0.1:0/137806904 >> [v2:127.0.0.1:6800/1558383960,v1:127.0.0.1:6801/1558383960] conn(0x55f675fec400 0x55f675dd1b80 unknown :-1 s=HELLO_CONNECTING pgs=0 cs=0 l=1 rev1=1 crypto rx=0 tx=0 comp rx=0 tx=0).handle_read_frame_segment r=0
2026-02-17T21:38:12.074+0000 7fc07e409640 10 --2- 127.0.0.1:0/137806904 >> [v2:127.0.0.1:6800/1558383960,v1:127.0.0.1:6801/1558383960] conn(0x55f675fec400 0x55f675dd1b80 unknown :-1 s=HELLO_CONNECTING pgs=0 cs=0 l=1 rev1=1 crypto rx=0 tx=0 comp rx=0 tx=0).handle_read_frame_dispatch tag=1
2026-02-17T21:38:12.074+0000 7fc07e409640 20 --2- 127.0.0.1:0/137806904 >> [v2:127.0.0.1:6800/1558383960,v1:127.0.0.1:6801/1558383960] conn(0x55f675fec400 0x55f675dd1b80 unknown :-1 s=HELLO_CONNECTING pgs=0 cs=0 l=1 rev1=1 crypto rx=0 tx=0 comp rx=0 tx=0).handle_hello payload.length()=36
2026-02-17T21:38:12.074+0000 7fc07cc06640 10 -- 127.0.0.1:0/3134888584 >> [v2:127.0.0.1:6800/1558383960,v1:127.0.0.1:6801/1558383960] conn(0x55f66c0a7800 msgr2=0x55f675dd3700 unknown :-1 s=STATE_CONNECTION_ESTABLISHED l=1)._try_send sent bytes 26 remaining bytes 0
2026-02-17T21:38:12.074+0000 7fc07e409640 5 --2- 127.0.0.1:0/137806904 >> [v2:127.0.0.1:6800/1558383960,v1:127.0.0.1:6801/1558383960] conn(0x55f675fec400 0x55f675dd1b80 unknown :-1 s=HELLO_CONNECTING pgs=0 cs=0 l=1 rev1=1 crypto rx=0 tx=0 comp rx=0 tx=0).handle_hello received hello: peer_type=16 peer_addr_for_me=v2:127.0.0.1:46894/0
2026-02-17T21:38:12.074+0000 7fc07cc06640 20 -- 127.0.0.1:0/3134888584 >> [v2:127.0.0.1:6800/1558383960,v1:127.0.0.1:6801/1558383960] conn(0x55f66c0a7800 msgr2=0x55f675dd3700 unknown :-1 s=STATE_CONNECTION_ESTABLISHED l=1).read start len=10
2026-02-17T21:38:12.074+0000 7fc07e409640 5 --2- 127.0.0.1:0/137806904 >> [v2:127.0.0.1:6800/1558383960,v1:127.0.0.1:6801/1558383960] conn(0x55f675fec400 0x55f675dd1b80 unknown :-1 s=HELLO_CONNECTING pgs=0 cs=0 l=1 rev1=1 crypto rx=0 tx=0 comp rx=0 tx=0).handle_hello getsockname says I am 127.0.0.1:46894 when talking to v2:127.0.0.1:6800/1558383960
2026-02-17T21:38:12.074+0000 7fc07cc06640 20 -- 127.0.0.1:0/3190841109 >> [v2:127.0.0.1:6800/1558383960,v1:127.0.0.1:6801/1558383960] conn(0x55f675fec800 msgr2=0x55f675dd1600 unknown :-1 s=STATE_CONNECTION_ESTABLISHED l=0).process
2026-02-17T21:38:12.074+0000 7fc07e409640 20 --2- 127.0.0.1:0/137806904 >> [v2:127.0.0.1:6800/1558383960,v1:127.0.0.1:6801/1558383960] conn(0x55f675fec400 0x55f675dd1b80 unknown :-1 s=HELLO_CONNECTING pgs=0 cs=0 l=1 rev1=1 crypto rx=0 tx=0 comp rx=0 tx=0).post_client_banner_exchange
2026-02-17T21:38:12.074+0000 7fc07cc06640 20 -- 127.0.0.1:0/3190841109 >> [v2:127.0.0.1:6800/1558383960,v1:127.0.0.1:6801/1558383960] conn(0x55f675fec800 msgr2=0x55f675dd1600 unknown :-1 s=STATE_CONNECTION_ESTABLISHED l=0).read continue len=10
2026-02-17T21:38:12.074+0000 7fc07e409640 20 --2- 127.0.0.1:0/137806904 >> [v2:127.0.0.1:6800/1558383960,v1:127.0.0.1:6801/1558383960] conn(0x55f675fec400 0x55f675dd1b80 unknown :-1 s=AUTH_CONNECTING pgs=0 cs=0 l=1 rev1=1 crypto rx=0 tx=0 comp rx=0 tx=0).send_auth_request peer_type 16 auth_client 0x55f675e490d0
2026-02-17T21:38:12.074+0000 7fc07cc06640 20 --2- 127.0.0.1:0/3190841109 >> [v2:127.0.0.1:6800/1558383960,v1:127.0.0.1:6801/1558383960] conn(0x55f675fec800 0x55f675dd1600 unknown :-1 s=BANNER_CONNECTING pgs=0 cs=0 l=0 rev1=0 crypto rx=0 tx=0 comp rx=0 tx=0)._handle_peer_banner r=0
2026-02-17T21:38:12.074+0000 7fc07cc06640 20 -- 127.0.0.1:0/3190841109 >> [v2:127.0.0.1:6800/1558383960,v1:127.0.0.1:6801/1558383960] conn(0x55f675fec800 msgr2=0x55f675dd1600 unknown :-1 s=STATE_CONNECTION_ESTABLISHED l=0).read start len=16
2026-02-17T21:38:12.074+0000 7fc07cc06640 20 --2- 127.0.0.1:0/3190841109 >> [v2:127.0.0.1:6800/1558383960,v1:127.0.0.1:6801/1558383960] conn(0x55f675fec800 0x55f675dd1600 unknown :-1 s=BANNER_CONNECTING pgs=0 cs=0 l=0 rev1=0 crypto rx=0 tx=0 comp rx=0 tx=0)._handle_peer_banner_payload r=0
2026-02-17T21:38:12.074+0000 7fc07cc06640 1 --2- 127.0.0.1:0/3190841109 >> [v2:127.0.0.1:6800/1558383960,v1:127.0.0.1:6801/1558383960] conn(0x55f675fec800 0x55f675dd1600 unknown :-1 s=BANNER_CONNECTING pgs=0 cs=0 l=0 rev1=0 crypto rx=0 tx=0 comp rx=0 tx=0)._handle_peer_banner_payload supported=3 required=0
