2026-02-17T21:38:12.006+0000 7fc07ec0a640 5 --2- 127.0.0.1:0/3190841109 >> v2:127.0.0.1:7146/0 conn(0x55f675dce000 0x55f675dd0000 crc :-1 s=READ_MESSAGE_COMPLETE pgs=8 cs=0 l=1 rev1=1 crypto rx=0 tx=0 comp rx=0 tx=0).handle_message received message m=0x55f675daa3c0 seq=21 from=mon.0 type=54 kv_data(v3 prefix device/, incremental, 0 keys)
2026-02-17T21:38:12.006+0000 7fc07ec0a640 20 -- 127.0.0.1:0/3190841109 queue 0x55f675daa3c0 prio 196
2026-02-17T21:38:12.006+0000 7fc07cc06640 20 -- 127.0.0.1:0/1132176060 queue 0x55f675de8000 prio 196
2026-02-17T21:38:12.006+0000 7fc07ec0a640 20 --2- 127.0.0.1:0/3190841109 >> v2:127.0.0.1:7146/0 conn(0x55f675dce000 0x55f675dd0000 crc :-1 s=READY pgs=8 cs=0 l=1 rev1=1 crypto rx=0 tx=0 comp rx=0 tx=0).read_frame
2026-02-17T21:38:12.006+0000 7fc07cc06640 20 --2- 127.0.0.1:0/1132176060 >> v2:127.0.0.1:7146/0 conn(0x55f675dcf800 0x55f675dd1080 crc :-1 s=READY pgs=13 cs=0 l=1 rev1=1 crypto rx=0 tx=0 comp rx=0 tx=0).read_frame
2026-02-17T21:38:12.006+0000 7fc07ec0a640 20 -- 127.0.0.1:0/3190841109 >> v2:127.0.0.1:7146/0 conn(0x55f675dce000 msgr2=0x55f675dd0000 crc :-1 s=STATE_CONNECTION_ESTABLISHED l=1).read start len=32
2026-02-17T21:38:12.006+0000 7fc07cc06640 20 -- 127.0.0.1:0/1132176060 >> v2:127.0.0.1:7146/0 conn(0x55f675dcf800 msgr2=0x55f675dd1080 crc :-1 s=STATE_CONNECTION_ESTABLISHED l=1).read start len=32
2026-02-17T21:38:12.006+0000 7fc07ec0a640 20 --2- 127.0.0.1:0/3190841109 >> v2:127.0.0.1:7146/0 conn(0x55f675dce000 0x55f675dd0000 crc :-1 s=READY pgs=8 cs=0 l=1 rev1=1 crypto rx=0 tx=0 comp rx=0 tx=0).handle_read_frame_preamble_main r=0
2026-02-17T21:38:12.006+0000 7fc07cc06640 20 --2- 127.0.0.1:0/1132176060 >> v2:127.0.0.1:7146/0 conn(0x55f675dcf800 0x55f675dd1080 crc :-1 s=READY pgs=13 cs=0 l=1 rev1=1 crypto rx=0 tx=0 comp rx=0 tx=0).handle_read_frame_preamble_main r=0
2026-02-17T21:38:12.006+0000 7fc07ec0a640 20 --2- 127.0.0.1:0/3190841109 >> v2:127.0.0.1:7146/0 conn(0x55f675dce000 0x55f675dd0000 crc :-1 s=THROTTLE_MESSAGE pgs=8 cs=0 l=1 rev1=1 crypto rx=0 tx=0 comp rx=0 tx=0).throttle_message
2026-02-17T21:38:12.006+0000 7fc07ac02640 1 -- 127.0.0.1:0/3190841109 <== mon.0 v2:127.0.0.1:7146/0 21 ==== kv_data(v3 prefix device/, incremental, 0 keys) ==== 24+0+0 (crc 0 0 0) 0x55f675daa3c0 con 0x55f675dce000
2026-02-17T21:38:12.006+0000 7fc07ec0a640 20 --2- 127.0.0.1:0/3190841109 >> v2:127.0.0.1:7146/0 conn(0x55f675dce000 0x55f675dd0000 crc :-1 s=THROTTLE_BYTES pgs=8 cs=0 l=1 rev1=1 crypto rx=0 tx=0 comp rx=0 tx=0).throttle_bytes
2026-02-17T21:38:12.006+0000 7fc07ac02640 10 mgr.4100.objecter ms_dispatch2 0x55f66c236000 kv_data(v3 prefix device/, incremental, 0 keys)
2026-02-17T21:38:12.006+0000 7fc07ac02640 10 mgr ms_dispatch2 active kv_data(v3 prefix device/, incremental, 0 keys)
2026-02-17T21:38:12.006+0000 7fc07ac02640 10 mgr ms_dispatch2 kv_data(v3 prefix device/, incremental, 0 keys)
2026-02-17T21:38:12.006+0000 7fc07ec0a640 20 --2- 127.0.0.1:0/3190841109 >> v2:127.0.0.1:7146/0 conn(0x55f675dce000 0x55f675dd0000 crc :-1 s=THROTTLE_DISPATCH_QUEUE pgs=8 cs=0 l=1 rev1=1 crypto rx=0 tx=0 comp rx=0 tx=0).throttle_dispatch_queue
2026-02-17T21:38:12.006+0000 7fc07cc06640 20 --2- 127.0.0.1:0/1132176060 >> v2:127.0.0.1:7146/0 conn(0x55f675dcf800 0x55f675dd1080 crc :-1 s=THROTTLE_MESSAGE pgs=13 cs=0 l=1 rev1=1 crypto rx=0 tx=0 comp rx=0 tx=0).throttle_message
2026-02-17T21:38:12.006+0000 7fc07ac02640 10 -- 127.0.0.1:0/3190841109 dispatch_throttle_release 24 to dispatch throttler 24/104857600
2026-02-17T21:38:12.006+0000 7fc07cc06640 20 --2- 127.0.0.1:0/1132176060 >> v2:127.0.0.1:7146/0 conn(0x55f675dcf800 0x55f675dd1080 crc :-1 s=THROTTLE_BYTES pgs=13 cs=0 l=1 rev1=1 crypto rx=0 tx=0 comp rx=0 tx=0).throttle_bytes
2026-02-17T21:38:12.006+0000 7fc07cc06640 20 --2- 127.0.0.1:0/1132176060 >> v2:127.0.0.1:7146/0 conn(0x55f675dcf800 0x55f675dd1080 crc :-1 s=THROTTLE_DISPATCH_QUEUE pgs=13 cs=0 l=1 rev1=1 crypto rx=0 tx=0 comp rx=0 tx=0).throttle_dispatch_queue
2026-02-17T21:38:12.006+0000 7fc07ac02640 20 -- 127.0.0.1:0/3190841109 done calling dispatch on 0x55f675daa3c0
2026-02-17T21:38:12.006+0000 7fc07cc06640 20 --2- 127.0.0.1:0/1132176060 >> v2:127.0.0.1:7146/0 conn(0x55f675dcf800 0x55f675dd1080 crc :-1 s=THROTTLE_DONE pgs=13 cs=0 l=1 rev1=1 crypto rx=0 tx=0 comp rx=0 tx=0).read_frame_segment seg_idx=0
2026-02-17T21:38:12.006+0000 7fc07ec0a640 20 --2- 127.0.0.1:0/3190841109 >> v2:127.0.0.1:7146/0 conn(0x55f675dce000 0x55f675dd0000 crc :-1 s=THROTTLE_DONE pgs=8 cs=0 l=1 rev1=1 crypto rx=0 tx=0 comp rx=0 tx=0).read_frame_segment seg_idx=0
2026-02-17T21:38:12.006+0000 7fc07cc06640 20 -- 127.0.0.1:0/1132176060 >> v2:127.0.0.1:7146/0 conn(0x55f675dcf800 msgr2=0x55f675dd1080 crc :-1 s=STATE_CONNECTION_ESTABLISHED l=1).read start len=45
2026-02-17T21:38:12.006+0000 7fc07ec0a640 20 -- 127.0.0.1:0/3190841109 >> v2:127.0.0.1:7146/0 conn(0x55f675dce000 msgr2=0x55f675dd0000 crc :-1 s=STATE_CONNECTION_ESTABLISHED l=1).read start len=45
2026-02-17T21:38:12.006+0000 7fbf8106a640 1 -- 127.0.0.1:0/1132176060 <== mon.0 v2:127.0.0.1:7146/0 1 ==== mon_map magic: 0 ==== 170+0+0 (crc 0 0 0) 0x55f675de8000 con 0x55f675dcf800
2026-02-17T21:38:12.006+0000 7fc07ec0a640 20 --2- 127.0.0.1:0/3190841109 >> v2:127.0.0.1:7146/0 conn(0x55f675dce000 0x55f675dd0000 crc :-1 s=THROTTLE_DONE pgs=8 cs=0 l=1 rev1=1 crypto rx=0 tx=0 comp rx=0 tx=0).handle_read_frame_segment r=0
2026-02-17T21:38:12.006+0000 7fc07ec0a640 20 --2- 127.0.0.1:0/3190841109 >> v2:127.0.0.1:7146/0 conn(0x55f675dce000 0x55f675dd0000 crc :-1 s=THROTTLE_DONE pgs=8 cs=0 l=1 rev1=1 crypto rx=0 tx=0 comp rx=0 tx=0).read_frame_segment seg_idx=1
2026-02-17T21:38:12.006+0000 7fc07cc06640 20 --2- 127.0.0.1:0/1132176060 >> v2:127.0.0.1:7146/0 conn(0x55f675dcf800 0x55f675dd1080 crc :-1 s=THROTTLE_DONE pgs=13 cs=0 l=1 rev1=1 crypto rx=0 tx=0 comp rx=0 tx=0).handle_read_frame_segment r=0
2026-02-17T21:38:12.006+0000 7fc07ec0a640 20 -- 127.0.0.1:0/3190841109 >> v2:127.0.0.1:7146/0 conn(0x55f675dce000 msgr2=0x55f675dd0000 crc :-1 s=STATE_CONNECTION_ESTABLISHED l=1).read start len=89
2026-02-17T21:38:12.006+0000 7fc07ec0a640 20 --2- 127.0.0.1:0/3190841109 >> v2:127.0.0.1:7146/0 conn(0x55f675dce000 0x55f675dd0000 crc :-1 s=THROTTLE_DONE pgs=8 cs=0 l=1 rev1=1 crypto rx=0 tx=0 comp rx=0 tx=0).handle_read_frame_segment r=0
2026-02-17T21:38:12.006+0000 7fc07cc06640 20 --2- 127.0.0.1:0/1132176060 >> v2:127.0.0.1:7146/0 conn(0x55f675dcf800 0x55f675dd1080 crc :-1 s=THROTTLE_DONE pgs=13 cs=0 l=1 rev1=1 crypto rx=0 tx=0 comp rx=0 tx=0).read_frame_segment seg_idx=1
2026-02-17T21:38:12.006+0000 7fc07ec0a640 20 -- 127.0.0.1:0/3190841109 >> v2:127.0.0.1:7146/0 conn(0x55f675dce000 msgr2=0x55f675dd0000 crc :-1 s=STATE_CONNECTION_ESTABLISHED l=1).read start len=13
2026-02-17T21:38:12.006+0000 7fc07cc06640 20 -- 127.0.0.1:0/1132176060 >> v2:127.0.0.1:7146/0 conn(0x55f675dcf800 msgr2=0x55f675dd1080 crc :-1 s=STATE_CONNECTION_ESTABLISHED l=1).read start len=25
2026-02-17T21:38:12.006+0000 7fc07ec0a640 20 --2- 127.0.0.1:0/3190841109 >> v2:127.0.0.1:7146/0 conn(0x55f675dce000 0x55f675dd0000 crc :-1 s=THROTTLE_DONE pgs=8 cs=0 l=1 rev1=1 crypto rx=0 tx=0 comp rx=0 tx=0).handle_read_frame_epilogue_main r=0
2026-02-17T21:38:12.006+0000 7fc07cc06640 20 --2- 127.0.0.1:0/1132176060 >> v2:127.0.0.1:7146/0 conn(0x55f675dcf800 0x55f675dd1080 crc :-1 s=THROTTLE_DONE pgs=13 cs=0 l=1 rev1=1 crypto rx=0 tx=0 comp rx=0 tx=0).handle_read_frame_segment r=0
2026-02-17T21:38:12.006+0000 7fc07ec0a640 10 --2- 127.0.0.1:0/3190841109 >> v2:127.0.0.1:7146/0 conn(0x55f675dce000 0x55f675dd0000 crc :-1 s=THROTTLE_DONE pgs=8 cs=0 l=1 rev1=1 crypto rx=0 tx=0 comp rx=0 tx=0).handle_read_frame_dispatch tag=17
2026-02-17T21:38:12.006+0000 7fc07cc06640 20 -- 127.0.0.1:0/1132176060 >> v2:127.0.0.1:7146/0 conn(0x55f675dcf800 msgr2=0x55f675dd1080 crc :-1 s=STATE_CONNECTION_ESTABLISHED l=1).read start len=13
2026-02-17T21:38:12.006+0000 7fc07cc06640 20 --2- 127.0.0.1:0/1132176060 >> v2:127.0.0.1:7146/0 conn(0x55f675dcf800 0x55f675dd1080 crc :-1 s=THROTTLE_DONE pgs=13 cs=0 l=1 rev1=1 crypto rx=0 tx=0 comp rx=0 tx=0).handle_read_frame_epilogue_main r=0
2026-02-17T21:38:12.006+0000 7fc07cc06640 10 --2- 127.0.0.1:0/1132176060 >> v2:127.0.0.1:7146/0 conn(0x55f675dcf800 0x55f675dd1080 crc :-1 s=THROTTLE_DONE pgs=13 cs=0 l=1 rev1=1 crypto rx=0 tx=0 comp rx=0 tx=0).handle_read_frame_dispatch tag=17
2026-02-17T21:38:12.006+0000 7fc07cc06640 20 --2- 127.0.0.1:0/1132176060 >> v2:127.0.0.1:7146/0 conn(0x55f675dcf800 0x55f675dd1080 crc :-1 s=THROTTLE_DONE pgs=13 cs=0 l=1 rev1=1 crypto rx=0 tx=0 comp rx=0 tx=0).handle_message
2026-02-17T21:38:12.006+0000 7fc07ec0a640 20 --2- 127.0.0.1:0/3190841109 >> v2:127.0.0.1:7146/0 conn(0x55f675dce000 0x55f675dd0000 crc :-1 s=THROTTLE_DONE pgs=8 cs=0 l=1 rev1=1 crypto rx=0 tx=0 comp rx=0 tx=0).handle_message
2026-02-17T21:38:12.006+0000 7fc07cc06640 5 --2- 127.0.0.1:0/1132176060 >> v2:127.0.0.1:7146/0 conn(0x55f675dcf800 0x55f675dd1080 crc :-1 s=THROTTLE_DONE pgs=13 cs=0 l=1 rev1=1 crypto rx=0 tx=0 comp rx=0 tx=0).handle_message got 25 + 0 + 0 byte message. envelope type=62 src mon.0 off 0
2026-02-17T21:38:12.006+0000 7fc07ec0a640 5 --2- 127.0.0.1:0/3190841109 >> v2:127.0.0.1:7146/0 conn(0x55f675dce000 0x55f675dd0000 crc :-1 s=THROTTLE_DONE pgs=8 cs=0 l=1 rev1=1 crypto rx=0 tx=0 comp rx=0 tx=0).handle_message got 89 + 0 + 0 byte message. envelope type=54 src mon.0 off 0
2026-02-17T21:38:12.006+0000 7fbf8106a640 10 -- 127.0.0.1:0/1132176060 dispatch_throttle_release 170 to dispatch throttler 195/104857600
2026-02-17T21:38:12.006+0000 7fc07ec0a640 5 --2- 127.0.0.1:0/3190841109 >> v2:127.0.0.1:7146/0 conn(0x55f675dce000 0x55f675dd0000 crc :-1 s=READ_MESSAGE_COMPLETE pgs=8 cs=0 l=1 rev1=1 crypto rx=0 tx=0 comp rx=0 tx=0).handle_message received message m=0x55f675daab40 seq=22 from=mon.0 type=54 kv_data(v3 prefix mgr/, incremental, 1 keys)
2026-02-17T21:38:12.006+0000 7fbf8106a640 20 -- 127.0.0.1:0/1132176060 done calling dispatch on 0x55f675de8000
2026-02-17T21:38:12.006+0000 7fc07cc06640 5 --2- 127.0.0.1:0/1132176060 >> v2:127.0.0.1:7146/0 conn(0x55f675dcf800 0x55f675dd1080 crc :-1 s=READ_MESSAGE_COMPLETE pgs=13 cs=0 l=1 rev1=1 crypto rx=0 tx=0 comp rx=0 tx=0).handle_message received message m=0x55f676026c40 seq=2 from=mon.0 type=62 config(1 keys)
2026-02-17T21:38:12.006+0000 7fc07ec0a640 20 -- 127.0.0.1:0/3190841109 queue 0x55f675daab40 prio 196
2026-02-17T21:38:12.006+0000 7fc07ec0a640 20 --2- 127.0.0.1:0/3190841109 >> v2:127.0.0.1:7146/0 conn(0x55f675dce000 0x55f675dd0000 crc :-1 s=READY pgs=8 cs=0 l=1 rev1=1 crypto rx=0 tx=0 comp rx=0 tx=0).read_frame
2026-02-17T21:38:12.006+0000 7fc07ec0a640 20 -- 127.0.0.1:0/3190841109 >> v2:127.0.0.1:7146/0 conn(0x55f675dce000 msgr2=0x55f675dd0000 crc :-1 s=STATE_CONNECTION_ESTABLISHED l=1).read start len=32
2026-02-17T21:38:12.006+0000 7fc07cc06640 20 -- 127.0.0.1:0/1132176060 queue 0x55f676026c40 prio 196
2026-02-17T21:38:12.006+0000 7fc07ac02640 1 -- 127.0.0.1:0/3190841109 <== mon.0 v2:127.0.0.1:7146/0 22 ==== kv_data(v3 prefix mgr/, incremental, 1 keys) ==== 89+0+0 (crc 0 0 0) 0x55f675daab40 con 0x55f675dce000
2026-02-17T21:38:12.006+0000 7fc07ac02640 10 mgr.4100.objecter ms_dispatch2 0x55f66c236000 kv_data(v3 prefix mgr/, incremental, 1 keys)
2026-02-17T21:38:12.006+0000 7fc07ac02640 10 mgr ms_dispatch2 active kv_data(v3 prefix mgr/, incremental, 1 keys)
2026-02-17T21:38:12.006+0000 7fc07ac02640 10 mgr ms_dispatch2 kv_data(v3 prefix mgr/, incremental, 1 keys)
2026-02-17T21:38:12.006+0000 7fc07ac02640 10 mgr update_kv_data incremental update on mgr/
2026-02-17T21:38:12.006+0000 7fc07cc06640 20 --2- 127.0.0.1:0/1132176060 >> v2:127.0.0.1:7146/0 conn(0x55f675dcf800 0x55f675dd1080 crc :-1 s=READY pgs=13 cs=0 l=1 rev1=1 crypto rx=0 tx=0 comp rx=0 tx=0).read_frame
2026-02-17T21:38:12.006+0000 7fc07ac02640 20 mgr update_kv_data set mgr/telemetry/report_id = d6a87e6b-7f27-478a-a830-6f86deb5a92d
2026-02-17T21:38:12.006+0000 7fc07cc06640 20 -- 127.0.0.1:0/1132176060 >> v2:127.0.0.1:7146/0 conn(0x55f675dcf800 msgr2=0x55f675dd1080 crc :-1 s=STATE_CONNECTION_ESTABLISHED l=1).read start len=32
2026-02-17T21:38:12.006+0000 7fc07ac02640 10 -- 127.0.0.1:0/3190841109 dispatch_throttle_release 89 to dispatch throttler 89/104857600
2026-02-17T21:38:12.006+0000 7fc07ac02640 20 -- 127.0.0.1:0/3190841109 done calling dispatch on 0x55f675daab40
2026-02-17T21:38:12.006+0000 7fc07cc06640 20 --2- 127.0.0.1:0/1132176060 >> v2:127.0.0.1:7146/0 conn(0x55f675dcf800 0x55f675dd1080 crc :-1 s=READY pgs=13 cs=0 l=1 rev1=1 crypto rx=0 tx=0 comp rx=0 tx=0).handle_read_frame_preamble_main r=0
2026-02-17T21:38:12.006+0000 7fbf8106a640 1 -- 127.0.0.1:0/1132176060 <== mon.0 v2:127.0.0.1:7146/0 2 ==== config(1 keys) ==== 25+0+0 (crc 0 0 0) 0x55f676026c40 con 0x55f675dcf800
2026-02-17T21:38:12.006+0000 7fc07cc06640 20 --2- 127.0.0.1:0/1132176060 >> v2:127.0.0.1:7146/0 conn(0x55f675dcf800 0x55f675dd1080 crc :-1 s=THROTTLE_MESSAGE pgs=13 cs=0 l=1 rev1=1 crypto rx=0 tx=0 comp rx=0 tx=0).throttle_message
2026-02-17T21:38:12.006+0000 7fc07ec0a640 20 --2- 127.0.0.1:0/3190841109 >> v2:127.0.0.1:7146/0 conn(0x55f675dce000 0x55f675dd0000 crc :-1 s=READY pgs=8 cs=0 l=1 rev1=1 crypto rx=0 tx=0 comp rx=0 tx=0).handle_read_frame_preamble_main r=0
2026-02-17T21:38:12.006+0000 7fc07ec0a640 20 --2- 127.0.0.1:0/3190841109 >> v2:127.0.0.1:7146/0 conn(0x55f675dce000 0x55f675dd0000 crc :-1 s=THROTTLE_MESSAGE pgs=8 cs=0 l=1 rev1=1 crypto rx=0 tx=0 comp rx=0 tx=0).throttle_message
2026-02-17T21:38:12.006+0000 7fc07cc06640 20 --2- 127.0.0.1:0/1132176060 >> v2:127.0.0.1:7146/0 conn(0x55f675dcf800 0x55f675dd1080 crc :-1 s=THROTTLE_BYTES pgs=13 cs=0 l=1 rev1=1 crypto rx=0 tx=0 comp rx=0 tx=0).throttle_bytes
2026-02-17T21:38:12.006+0000 7fc07ec0a640 20 --2- 127.0.0.1:0/3190841109 >> v2:127.0.0.1:7146/0 conn(0x55f675dce000 0x55f675dd0000 crc :-1 s=THROTTLE_BYTES pgs=8 cs=0 l=1 rev1=1 crypto rx=0 tx=0 comp rx=0 tx=0).throttle_bytes
2026-02-17T21:38:12.006+0000 7fc07cc06640 20 --2- 127.0.0.1:0/1132176060 >> v2:127.0.0.1:7146/0 conn(0x55f675dcf800 0x55f675dd1080 crc :-1 s=THROTTLE_DISPATCH_QUEUE pgs=13 cs=0 l=1 rev1=1 crypto rx=0 tx=0 comp rx=0 tx=0).throttle_dispatch_queue
2026-02-17T21:38:12.006+0000 7fbf8106a640 10 -- 127.0.0.1:0/1132176060 dispatch_throttle_release 25 to dispatch throttler 25/104857600
2026-02-17T21:38:12.006+0000 7fc07ec0a640 20 --2- 127.0.0.1:0/3190841109 >> v2:127.0.0.1:7146/0 conn(0x55f675dce000 0x55f675dd0000 crc :-1 s=THROTTLE_DISPATCH_QUEUE pgs=8 cs=0 l=1 rev1=1 crypto rx=0 tx=0 comp rx=0 tx=0).throttle_dispatch_queue
2026-02-17T21:38:12.006+0000 7fc07cc06640 20 --2- 127.0.0.1:0/1132176060 >> v2:127.0.0.1:7146/0 conn(0x55f675dcf800 0x55f675dd1080 crc :-1 s=THROTTLE_DONE pgs=13 cs=0 l=1 rev1=1 crypto rx=0 tx=0 comp rx=0 tx=0).read_frame_segment seg_idx=0
2026-02-17T21:38:12.006+0000 7fc07ec0a640 20 --2- 127.0.0.1:0/3190841109 >> v2:127.0.0.1:7146/0 conn(0x55f675dce000 0x55f675dd0000 crc :-1 s=THROTTLE_DONE pgs=8 cs=0 l=1 rev1=1 crypto rx=0 tx=0 comp rx=0 tx=0).read_frame_segment seg_idx=0
2026-02-17T21:38:12.006+0000 7fbf8106a640 20 -- 127.0.0.1:0/1132176060 done calling dispatch on 0x55f676026c40
2026-02-17T21:38:12.006+0000 7fc07cc06640 20 -- 127.0.0.1:0/1132176060 >> v2:127.0.0.1:7146/0 conn(0x55f675dcf800 msgr2=0x55f675dd1080 crc :-1 s=STATE_CONNECTION_ESTABLISHED l=1).read start len=45
2026-02-17T21:38:12.006+0000 7fc07ec0a640 20 -- 127.0.0.1:0/3190841109 >> v2:127.0.0.1:7146/0 conn(0x55f675dce000 msgr2=0x55f675dd0000 crc :-1 s=STATE_CONNECTION_ESTABLISHED l=1).read start len=45
2026-02-17T21:38:12.006+0000 7fc07cc06640 20 --2- 127.0.0.1:0/1132176060 >> v2:127.0.0.1:7146/0 conn(0x55f675dcf800 0x55f675dd1080 crc :-1 s=THROTTLE_DONE pgs=13 cs=0 l=1 rev1=1 crypto rx=0 tx=0 comp rx=0 tx=0).handle_read_frame_segment r=0
2026-02-17T21:38:12.006+0000 7fc07ec0a640 20 --2- 127.0.0.1:0/3190841109 >> v2:127.0.0.1:7146/0 conn(0x55f675dce000 0x55f675dd0000 crc :-1 s=THROTTLE_DONE pgs=8 cs=0 l=1 rev1=1 crypto rx=0 tx=0 comp rx=0 tx=0).handle_read_frame_segment r=0
2026-02-17T21:38:12.006+0000 7fc07cc06640 20 --2- 127.0.0.1:0/1132176060 >> v2:127.0.0.1:7146/0 conn(0x55f675dcf800 0x55f675dd1080 crc :-1 s=THROTTLE_DONE pgs=13 cs=0 l=1 rev1=1 crypto rx=0 tx=0 comp rx=0 tx=0).read_frame_segment seg_idx=1
2026-02-17T21:38:12.006+0000 7fc07ec0a640 20 --2- 127.0.0.1:0/3190841109 >> v2:127.0.0.1:7146/0 conn(0x55f675dce000 0x55f675dd0000 crc :-1 s=THROTTLE_DONE pgs=8 cs=0 l=1 rev1=1 crypto rx=0 tx=0 comp rx=0 tx=0).read_frame_segment seg_idx=1
2026-02-17T21:38:12.006+0000 7fc07cc06640 20 -- 127.0.0.1:0/1132176060 >> v2:127.0.0.1:7146/0 conn(0x55f675dcf800 msgr2=0x55f675dd1080 crc :-1 s=STATE_CONNECTION_ESTABLISHED l=1).read start len=170
2026-02-17T21:38:12.006+0000 7fc07ec0a640 20 -- 127.0.0.1:0/3190841109 >> v2:127.0.0.1:7146/0 conn(0x55f675dce000 msgr2=0x55f675dd0000 crc :-1 s=STATE_CONNECTION_ESTABLISHED l=1).read start len=1484
2026-02-17T21:38:12.006+0000 7fc07cc06640 20 --2- 127.0.0.1:0/1132176060 >> v2:127.0.0.1:7146/0 conn(0x55f675dcf800 0x55f675dd1080 crc :-1 s=THROTTLE_DONE pgs=13 cs=0 l=1 rev1=1 crypto rx=0 tx=0 comp rx=0 tx=0).handle_read_frame_segment r=0
2026-02-17T21:38:12.006+0000 7fc07ec0a640 20 --2- 127.0.0.1:0/3190841109 >> v2:127.0.0.1:7146/0 conn(0x55f675dce000 0x55f675dd0000 crc :-1 s=THROTTLE_DONE pgs=8 cs=0 l=1 rev1=1 crypto rx=0 tx=0 comp rx=0 tx=0).handle_read_frame_segment r=0
2026-02-17T21:38:12.006+0000 7fc07cc06640 20 -- 127.0.0.1:0/1132176060 >> v2:127.0.0.1:7146/0 conn(0x55f675dcf800 msgr2=0x55f675dd1080 crc :-1 s=STATE_CONNECTION_ESTABLISHED l=1).read start len=13
2026-02-17T21:38:12.006+0000 7fc07ec0a640 20 -- 127.0.0.1:0/3190841109 >> v2:127.0.0.1:7146/0 conn(0x55f675dce000 msgr2=0x55f675dd0000 crc :-1 s=STATE_CONNECTION_ESTABLISHED l=1).read start len=13
2026-02-17T21:38:12.006+0000 7fc07ec0a640 20 --2- 127.0.0.1:0/3190841109 >> v2:127.0.0.1:7146/0 conn(0x55f675dce000 0x55f675dd0000 crc :-1 s=THROTTLE_DONE pgs=8 cs=0 l=1 rev1=1 crypto rx=0 tx=0 comp rx=0 tx=0).handle_read_frame_epilogue_main r=0
2026-02-17T21:38:12.006+0000 7fc07cc06640 20 --2- 127.0.0.1:0/1132176060 >> v2:127.0.0.1:7146/0 conn(0x55f675dcf800 0x55f675dd1080 crc :-1 s=THROTTLE_DONE pgs=13 cs=0 l=1 rev1=1 crypto rx=0 tx=0 comp rx=0 tx=0).handle_read_frame_epilogue_main r=0
2026-02-17T21:38:12.006+0000 7fc07cc06640 10 --2- 127.0.0.1:0/1132176060 >> v2:127.0.0.1:7146/0 conn(0x55f675dcf800 0x55f675dd1080 crc :-1 s=THROTTLE_DONE pgs=13 cs=0 l=1 rev1=1 crypto rx=0 tx=0 comp rx=0 tx=0).handle_read_frame_dispatch tag=17
2026-02-17T21:38:12.006+0000 7fc07cc06640 20 --2- 127.0.0.1:0/1132176060 >> v2:127.0.0.1:7146/0 conn(0x55f675dcf800 0x55f675dd1080 crc :-1 s=THROTTLE_DONE pgs=13 cs=0 l=1 rev1=1 crypto rx=0 tx=0 comp rx=0 tx=0).handle_message
2026-02-17T21:38:12.006+0000 7fc07ec0a640 10 --2- 127.0.0.1:0/3190841109 >> v2:127.0.0.1:7146/0 conn(0x55f675dce000 0x55f675dd0000 crc :-1 s=THROTTLE_DONE pgs=8 cs=0 l=1 rev1=1 crypto rx=0 tx=0 comp rx=0 tx=0).handle_read_frame_dispatch tag=17
2026-02-17T21:38:12.006+0000 7fc07cc06640 5 --2- 127.0.0.1:0/1132176060 >> v2:127.0.0.1:7146/0 conn(0x55f675dcf800 0x55f675dd1080 crc :-1 s=THROTTLE_DONE pgs=13 cs=0 l=1 rev1=1 crypto rx=0 tx=0 comp rx=0 tx=0).handle_message got 170 + 0 + 0 byte message. envelope type=4 src mon.0 off 0
2026-02-17T21:38:12.006+0000 7fc07ec0a640 20 --2- 127.0.0.1:0/3190841109 >> v2:127.0.0.1:7146/0 conn(0x55f675dce000 0x55f675dd0000 crc :-1 s=THROTTLE_DONE pgs=8 cs=0 l=1 rev1=1 crypto rx=0 tx=0 comp rx=0 tx=0).handle_message
2026-02-17T21:38:12.006+0000 7fc07cc06640 5 --2- 127.0.0.1:0/1132176060 >> v2:127.0.0.1:7146/0 conn(0x55f675dcf800 0x55f675dd1080 crc :-1 s=READ_MESSAGE_COMPLETE pgs=13 cs=0 l=1 rev1=1 crypto rx=0 tx=0 comp rx=0 tx=0).handle_message received message m=0x55f675de81a0 seq=3 from=mon.0 type=4 mon_map magic: 0
2026-02-17T21:38:12.006+0000 7fc07ec0a640 5 --2- 127.0.0.1:0/3190841109 >> v2:127.0.0.1:7146/0 conn(0x55f675dce000 0x55f675dd0000 crc :-1 s=THROTTLE_DONE pgs=8 cs=0 l=1 rev1=1 crypto rx=0 tx=0 comp rx=0 tx=0).handle_message got 1484 + 0 + 0 byte message. envelope type=1797 src mon.0 off 0
2026-02-17T21:38:12.006+0000 7fc07cc06640 20 -- 127.0.0.1:0/1132176060 queue 0x55f675de81a0 prio 196
2026-02-17T21:38:12.006+0000 7fc07ec0a640 5 --2- 127.0.0.1:0/3190841109 >> v2:127.0.0.1:7146/0 conn(0x55f675dce000 0x55f675dd0000 crc :-1 s=READ_MESSAGE_COMPLETE pgs=8 cs=0 l=1 rev1=1 crypto rx=0 tx=0 comp rx=0 tx=0).handle_message received message m=0x55f676026380 seq=23 from=mon.0 type=1797 mgrdigest
2026-02-17T21:38:12.006+0000 7fc07ec0a640 20 -- 127.0.0.1:0/3190841109 queue 0x55f676026380 prio 196
2026-02-17T21:38:12.006+0000 7fc07cc06640 20 --2- 127.0.0.1:0/1132176060 >> v2:127.0.0.1:7146/0 conn(0x55f675dcf800 0x55f675dd1080 crc :-1 s=READY pgs=13 cs=0 l=1 rev1=1 crypto rx=0 tx=0 comp rx=0 tx=0).read_frame
2026-02-17T21:38:12.006+0000 7fc07cc06640 20 -- 127.0.0.1:0/1132176060 >> v2:127.0.0.1:7146/0 conn(0x55f675dcf800 msgr2=0x55f675dd1080 crc :-1 s=STATE_CONNECTION_ESTABLISHED l=1).read start len=32
2026-02-17T21:38:12.006+0000 7fc07ec0a640 20 --2- 127.0.0.1:0/3190841109 >> v2:127.0.0.1:7146/0 conn(0x55f675dce000 0x55f675dd0000 crc :-1 s=READY pgs=8 cs=0 l=1 rev1=1 crypto rx=0 tx=0 comp rx=0 tx=0).read_frame
2026-02-17T21:38:12.006+0000 7fc07ec0a640 20 -- 127.0.0.1:0/3190841109 >> v2:127.0.0.1:7146/0 conn(0x55f675dce000 msgr2=0x55f675dd0000 crc :-1 s=STATE_CONNECTION_ESTABLISHED l=1).read start len=32
2026-02-17T21:38:12.006+0000 7fc07ec0a640 20 --2- 127.0.0.1:0/3190841109 >> v2:127.0.0.1:7146/0 conn(0x55f675dce000 0x55f675dd0000 crc :-1 s=READY pgs=8 cs=0 l=1 rev1=1 crypto rx=0 tx=0 comp rx=0 tx=0).handle_read_frame_preamble_main r=0
2026-02-17T21:38:12.006+0000 7fc07ec0a640 20 --2- 127.0.0.1:0/3190841109 >> v2:127.0.0.1:7146/0 conn(0x55f675dce000 0x55f675dd0000 crc :-1 s=THROTTLE_MESSAGE pgs=8 cs=0 l=1 rev1=1 crypto rx=0 tx=0 comp rx=0 tx=0).throttle_message
2026-02-17T21:38:12.006+0000 7fc07ac02640 1 -- 127.0.0.1:0/3190841109 <== mon.0 v2:127.0.0.1:7146/0 23 ==== mgrdigest ==== 1484+0+0 (crc 0 0 0) 0x55f676026380 con 0x55f675dce000
2026-02-17T21:38:12.006+0000 7fc07ac02640 10 mgr.4100.objecter ms_dispatch2 0x55f66c236000 mgrdigest
2026-02-17T21:38:12.006+0000 7fc07ec0a640 20 --2- 127.0.0.1:0/3190841109 >> v2:127.0.0.1:7146/0 conn(0x55f675dce000 0x55f675dd0000 crc :-1 s=THROTTLE_BYTES pgs=8 cs=0 l=1 rev1=1 crypto rx=0 tx=0 comp rx=0 tx=0).throttle_bytes
2026-02-17T21:38:12.006+0000 7fbf8106a640 1 -- 127.0.0.1:0/1132176060 <== mon.0 v2:127.0.0.1:7146/0 3 ==== mon_map magic: 0 ==== 170+0+0 (crc 0 0 0) 0x55f675de81a0 con 0x55f675dcf800
2026-02-17T21:38:12.006+0000 7fc07ec0a640 20 --2- 127.0.0.1:0/3190841109 >> v2:127.0.0.1:7146/0 conn(0x55f675dce000 0x55f675dd0000 crc :-1 s=THROTTLE_DISPATCH_QUEUE pgs=8 cs=0 l=1 rev1=1 crypto rx=0 tx=0 comp rx=0 tx=0).throttle_dispatch_queue
2026-02-17T21:38:12.006+0000 7fc07ec0a640 20 --2- 127.0.0.1:0/3190841109 >> v2:127.0.0.1:7146/0 conn(0x55f675dce000 0x55f675dd0000 crc :-1 s=THROTTLE_DONE pgs=8 cs=0 l=1 rev1=1 crypto rx=0 tx=0 comp rx=0 tx=0).read_frame_segment seg_idx=0
2026-02-17T21:38:12.006+0000 7fc07ec0a640 20 -- 127.0.0.1:0/3190841109 >> v2:127.0.0.1:7146/0 conn(0x55f675dce000 msgr2=0x55f675dd0000 crc :-1 s=STATE_CONNECTION_ESTABLISHED l=1).read start len=45
2026-02-17T21:38:12.006+0000 7fc07ac02640 10 mgr ms_dispatch2 active mgrdigest
2026-02-17T21:38:12.006+0000 7fc07ec0a640 20 --2- 127.0.0.1:0/3190841109 >> v2:127.0.0.1:7146/0 conn(0x55f675dce000 0x55f675dd0000 crc :-1 s=THROTTLE_DONE pgs=8 cs=0 l=1 rev1=1 crypto rx=0 tx=0 comp rx=0 tx=0).handle_read_frame_segment r=0
2026-02-17T21:38:12.006+0000 7fc07ac02640 10 mgr ms_dispatch2 mgrdigest
2026-02-17T21:38:12.006+0000 7fc07ac02640 10 mgr handle_mgr_digest 1431
2026-02-17T21:38:12.006+0000 7fc07ac02640 10 mgr handle_mgr_digest 45
2026-02-17T21:38:12.006+0000 7fc07ac02640 10 mgr notify_all notify_all: notify_all health
2026-02-17T21:38:12.006+0000 7fc07ac02640 10 mgr notify_all notify_all: notify_all pg_summary
2026-02-17T21:38:12.006+0000 7fc07ec0a640 20 --2- 127.0.0.1:0/3190841109 >> v2:127.0.0.1:7146/0 conn(0x55f675dce000 0x55f675dd0000 crc :-1 s=THROTTLE_DONE pgs=8 cs=0 l=1 rev1=1 crypto rx=0 tx=0 comp rx=0 tx=0).read_frame_segment seg_idx=1
2026-02-17T21:38:12.006+0000 7fc07ec0a640 20 -- 127.0.0.1:0/3190841109 >> v2:127.0.0.1:7146/0 conn(0x55f675dce000 msgr2=0x55f675dd0000 crc :-1 s=STATE_CONNECTION_ESTABLISHED l=1).read start len=116
2026-02-17T21:38:12.006+0000 7fc07ec0a640 20 --2- 127.0.0.1:0/3190841109 >> v2:127.0.0.1:7146/0 conn(0x55f675dce000 0x55f675dd0000 crc :-1 s=THROTTLE_DONE pgs=8 cs=0 l=1 rev1=1 crypto rx=0 tx=0 comp rx=0 tx=0).handle_read_frame_segment r=0
2026-02-17T21:38:12.006+0000 7fc07ec0a640 20 -- 127.0.0.1:0/3190841109 >> v2:127.0.0.1:7146/0 conn(0x55f675dce000 msgr2=0x55f675dd0000 crc :-1 s=STATE_CONNECTION_ESTABLISHED l=1).read start len=13
2026-02-17T21:38:12.006+0000 7fc07ec0a640 20 --2- 127.0.0.1:0/3190841109 >> v2:127.0.0.1:7146/0 conn(0x55f675dce000 0x55f675dd0000 crc :-1 s=THROTTLE_DONE pgs=8 cs=0 l=1 rev1=1 crypto rx=0 tx=0 comp rx=0 tx=0).handle_read_frame_epilogue_main r=0
2026-02-17T21:38:12.006+0000 7fc07ec0a640 10 --2- 127.0.0.1:0/3190841109 >> v2:127.0.0.1:7146/0 conn(0x55f675dce000 0x55f675dd0000 crc :-1 s=THROTTLE_DONE pgs=8 cs=0 l=1 rev1=1 crypto rx=0 tx=0 comp rx=0 tx=0).handle_read_frame_dispatch tag=17
2026-02-17T21:38:12.006+0000 7fc07ac02640 10 mgr handle_mgr_digest done.
2026-02-17T21:38:12.006+0000 7fc07ac02640 10 -- 127.0.0.1:0/3190841109 dispatch_throttle_release 1484 to dispatch throttler 1600/104857600
2026-02-17T21:38:12.006+0000 7fc07ac02640 20 -- 127.0.0.1:0/3190841109 done calling dispatch on 0x55f676026380
2026-02-17T21:38:12.006+0000 7fbf8106a640 10 -- 127.0.0.1:0/1132176060 dispatch_throttle_release 170 to dispatch throttler 170/104857600
2026-02-17T21:38:12.006+0000 7fbf8106a640 20 -- 127.0.0.1:0/1132176060 done calling dispatch on 0x55f675de81a0
2026-02-17T21:38:12.006+0000 7fc07ec0a640 20 --2- 127.0.0.1:0/3190841109 >> v2:127.0.0.1:7146/0 conn(0x55f675dce000 0x55f675dd0000 crc :-1 s=THROTTLE_DONE pgs=8 cs=0 l=1 rev1=1 crypto rx=0 tx=0 comp rx=0 tx=0).handle_message
2026-02-17T21:38:12.006+0000 7fc07ec0a640 5 --2- 127.0.0.1:0/3190841109 >> v2:127.0.0.1:7146/0 conn(0x55f675dce000 0x55f675dd0000 crc :-1 s=THROTTLE_DONE pgs=8 cs=0 l=1 rev1=1 crypto rx=0 tx=0 comp rx=0 tx=0).handle_message got 116 + 0 + 0 byte message. envelope type=51 src mon.0 off 0
2026-02-17T21:38:12.006+0000 7fc07ec0a640 5 --2- 127.0.0.1:0/3190841109 >> v2:127.0.0.1:7146/0 conn(0x55f675dce000 0x55f675dd0000 crc :-1 s=READ_MESSAGE_COMPLETE pgs=8 cs=0 l=1 rev1=1 crypto rx=0 tx=0 comp rx=0 tx=0).handle_message received message m=0x55f675dab4a0 seq=24 from=mon.0 type=51 mon_command_ack([{"prefix":"config rm","who":"mgr","name":"mgr/rbd_support/x/trash_purge_schedule"}]=0 v2)
2026-02-17T21:38:12.006+0000 7fc07ec0a640 20 -- 127.0.0.1:0/3190841109 queue 0x55f675dab4a0 prio 196
2026-02-17T21:38:12.006+0000 7fc07ec0a640 20 --2- 127.0.0.1:0/3190841109 >> v2:127.0.0.1:7146/0 conn(0x55f675dce000 0x55f675dd0000 crc :-1 s=READY pgs=8 cs=0 l=1 rev1=1 crypto rx=0 tx=0 comp rx=0 tx=0).read_frame
2026-02-17T21:38:12.006+0000 7fc07ec0a640 20 -- 127.0.0.1:0/3190841109 >> v2:127.0.0.1:7146/0 conn(0x55f675dce000 msgr2=0x55f675dd0000 crc :-1 s=STATE_CONNECTION_ESTABLISHED l=1).read start len=32
2026-02-17T21:38:12.006+0000 7fc07ec0a640 10 -- 127.0.0.1:0/3190841109 >> v2:127.0.0.1:7146/0 conn(0x55f675dce000 msgr2=0x55f675dd0000 crc :-1 s=STATE_CONNECTION_ESTABLISHED l=1).handle_write
2026-02-17T21:38:12.006+0000 7fc07ec0a640 10 --2- 127.0.0.1:0/3190841109 >> v2:127.0.0.1:7146/0 conn(0x55f675dce000 0x55f675dd0000 crc :-1 s=READY pgs=8 cs=0 l=1 rev1=1 crypto rx=0 tx=0 comp rx=0 tx=0).write_event
2026-02-17T21:38:12.006+0000 7fc07ac02640 1 -- 127.0.0.1:0/3190841109 <== mon.0 v2:127.0.0.1:7146/0 24 ==== mon_command_ack([{"prefix":"config rm","who":"mgr","name":"mgr/rbd_support/x/trash_purge_schedule"}]=0 v2) ==== 116+0+0 (crc 0 0 0) 0x55f675dab4a0 con 0x55f675dce000
2026-02-17T21:38:12.006+0000 7fc07ac02640 10 -- 127.0.0.1:0/3190841109 dispatch_throttle_release 116 to dispatch throttler 116/104857600
2026-02-17T21:38:12.006+0000 7fc07ac02640 20 -- 127.0.0.1:0/3190841109 done calling dispatch on 0x55f675dab4a0
2026-02-17T21:38:12.006+0000 7fc07ec0a640 20 --2- 127.0.0.1:0/3190841109 >> v2:127.0.0.1:7146/0 conn(0x55f675dce000 0x55f675dd0000 crc :-1 s=READY pgs=8 cs=0 l=1 rev1=1 crypto rx=0 tx=0 comp rx=0 tx=0).prepare_send_message m=mon_command([{prefix=config-key set, key=mgr/telemetry/salt}] v 0)
2026-02-17T21:38:12.006+0000 7fc07ec0a640 20 --2- 127.0.0.1:0/3190841109 >> v2:127.0.0.1:7146/0 conn(0x55f675dce000 0x55f675dd0000 crc :-1 s=READY pgs=8 cs=0 l=1 rev1=1 crypto rx=0 tx=0 comp rx=0 tx=0).prepare_send_message encoding features 4540701547738038271 0x55f676026fc0 mon_command([{prefix=config-key set, key=mgr/telemetry/salt}] v 0)
2026-02-17T21:38:12.006+0000 7fc07ec0a640 5 --2- 127.0.0.1:0/3190841109 >> v2:127.0.0.1:7146/0 conn(0x55f675dce000 0x55f675dd0000 crc :-1 s=READY pgs=8 cs=0 l=1 rev1=1 crypto rx=0 tx=0 comp rx=0 tx=0).write_message sending message m=0x55f676026fc0 seq=14 mon_command([{prefix=config-key set, key=mgr/telemetry/salt}] v 0)
2026-02-17T21:38:12.006+0000 7fc07ec0a640 20 --2- 127.0.0.1:0/3190841109 >> v2:127.0.0.1:7146/0 conn(0x55f675dce000 0x55f675dd0000 crc :-1 s=READY pgs=8 cs=0 l=1 rev1=1 crypto rx=0 tx=0 comp rx=0 tx=0).write_message sending m=0x55f676026fc0 seq=14 src=mgr.4100 off=0
2026-02-17T21:38:12.006+0000 7fc07ec0a640 10 -- 127.0.0.1:0/3190841109 >> v2:127.0.0.1:7146/0 conn(0x55f675dce000 msgr2=0x55f675dd0000 crc :-1 s=STATE_CONNECTION_ESTABLISHED l=1)._try_send sent bytes 231 remaining bytes 0
2026-02-17T21:38:12.006+0000 7fc07ec0a640 10 --2- 127.0.0.1:0/3190841109 >> v2:127.0.0.1:7146/0 conn(0x55f675dce000 0x55f675dd0000 crc :-1 s=READY pgs=8 cs=0 l=1 rev1=1 crypto rx=0 tx=0 comp rx=0 tx=0).write_message sending 0x55f676026fc0 done.
2026-02-17T21:38:12.006+0000 7fbf87877640 0 [rbd_support DEBUG root] TrashPurgeScheduleHandler: refresh_pools
2026-02-17T21:38:12.006+0000 7fbf87877640 0 [rbd_support INFO root] TrashPurgeScheduleHandler: load_schedules
2026-02-17T21:38:12.006+0000 7fbf87877640 20 mgr get_config key: mgr/rbd_support/trash_purge_schedule
2026-02-17T21:38:12.006+0000 7fbf87877640 10 mgr get_typed_config trash_purge_schedule not found
2026-02-17T21:38:12.006+0000 7fbf9909a640 1 -- 127.0.0.1:0/1132176060 >> v2:127.0.0.1:7146/0 conn(0x55f675dcf800 msgr2=0x55f675dd1080 crc :-1 s=STATE_CONNECTION_ESTABLISHED l=1).mark_down
2026-02-17T21:38:12.006+0000 7fbf9909a640 1 --2- 127.0.0.1:0/1132176060 >> v2:127.0.0.1:7146/0 conn(0x55f675dcf800 0x55f675dd1080 crc :-1 s=READY pgs=13 cs=0 l=1 rev1=1 crypto rx=0 tx=0 comp rx=0 tx=0).stop
2026-02-17T21:38:12.006+0000 7fbf9909a640 5 --2- 127.0.0.1:0/1132176060 >> v2:127.0.0.1:7146/0 conn(0x55f675dcf800 0x55f675dd1080 crc :-1 s=READY pgs=13 cs=0 l=1 rev1=1 crypto rx=0 tx=0 comp rx=0 tx=0).reset_recv_state
2026-02-17T21:38:12.006+0000 7fbf9909a640 20 Event(0x55f66c0f4508 nevent=5000 time_id=3).wakeup
2026-02-17T21:38:12.006+0000 7fbf9909a640 10 --2- 127.0.0.1:0/1132176060 >> v2:127.0.0.1:7146/0 conn(0x55f675dcf800 0x55f675dd1080 crc :-1 s=READY pgs=13 cs=0 l=1 rev1=1 crypto rx=0 tx=0 comp rx=0 tx=0).discard_out_queue started
2026-02-17T21:38:12.006+0000 7fc07cc06640 5 --2- 127.0.0.1:0/1132176060 >> v2:127.0.0.1:7146/0 conn(0x55f675dcf800 0x55f675dd1080 crc :-1 s=CLOSED pgs=13 cs=0 l=1 rev1=1 crypto rx=0 tx=0 comp rx=0 tx=0).reset_recv_state (warped) reseting crypto and compression handlers
2026-02-17T21:38:12.006+0000 7fc07cc06640 5 --2- 127.0.0.1:0/1132176060 >> v2:127.0.0.1:7146/0 conn(0x55f675dcf800 0x55f675dd1080 crc :-1 s=CLOSED pgs=13 cs=0 l=1 rev1=1 crypto rx=0 tx=0 comp rx=0 tx=0).reset_security
2026-02-17T21:38:12.006+0000 7fc07cc06640 5 --2- 127.0.0.1:0/1132176060 >> v2:127.0.0.1:7146/0 conn(0x55f675dcf800 0x55f675dd1080 unknown :-1 s=CLOSED pgs=13 cs=0 l=1 rev1=1 crypto rx=0 tx=0 comp rx=0 tx=0).reset_compression
2026-02-17T21:38:12.006+0000 7fc07cc06640 20 EpollDriver.del_event del event fd=32 cur_mask=1 delmask=3 to 16
2026-02-17T21:38:12.006+0000 7fbf9909a640 10 -- 127.0.0.1:0/1132176060 shutdown 127.0.0.1:0/1132176060
2026-02-17T21:38:12.006+0000 7fbf9909a640 20 Event(0x55f66c0f4088 nevent=5000 time_id=5).wakeup
2026-02-17T21:38:12.006+0000 7fbf9909a640 20 Event(0x55f66c0f4bc8 nevent=5000 time_id=9).wakeup
2026-02-17T21:38:12.006+0000 7fbf9909a640 20 Event(0x55f66c0f4508 nevent=5000 time_id=3).wakeup
2026-02-17T21:38:12.006+0000 7fbf87877640 0 [rbd_support DEBUG root] TrashPurgeScheduleHandler: no schedules
2026-02-17T21:38:12.006+0000 7fbf9909a640 10 Processor -- stop
2026-02-17T21:38:12.006+0000 7fbf9909a640 20 Event(0x55f66c0f4088 nevent=5000 time_id=5).wakeup
2026-02-17T21:38:12.006+0000 7fbf87877640 0 [rbd_support DEBUG root] TrashPurgeScheduleHandler: queue is initialized
2026-02-17T21:38:12.006+0000 7fbf9909a640 1 -- 127.0.0.1:0/1132176060 shutdown_connections
2026-02-17T21:38:12.006+0000 7fbf9909a640 5 -- 127.0.0.1:0/1132176060 shutdown_connections mark down v2:127.0.0.1:7146/0 0x55f675dcf800
2026-02-17T21:38:12.006+0000 7fbf9909a640 1 --2- 127.0.0.1:0/1132176060 >> v2:127.0.0.1:7146/0 conn(0x55f675dcf800 0x55f675dd1080 unknown :-1 s=CLOSED pgs=13 cs=0 l=1 rev1=1 crypto rx=0 tx=0 comp rx=0 tx=0).stop
2026-02-17T21:38:12.006+0000 7fbf9909a640 5 -- 127.0.0.1:0/1132176060 shutdown_connections delete 0x55f675dcf800
2026-02-17T21:38:12.006+0000 7fbf9909a640 1 -- 127.0.0.1:0/1132176060 >> 127.0.0.1:0/1132176060 conn(0x55f675dcfc00 msgr2=0x55f675dd9800 unknown :-1 s=STATE_NONE l=0).mark_down
2026-02-17T21:38:12.006+0000 7fbf9909a640 20 --1- 127.0.0.1:0/1132176060 >> 127.0.0.1:0/1132176060 conn(0x55f675dcfc00 0x55f675dd9800 :-1 s=NONE pgs=0 cs=0 l=0).stop
2026-02-17T21:38:12.006+0000 7fbf9909a640 2 --1- 127.0.0.1:0/1132176060 >> 127.0.0.1:0/1132176060 conn(0x55f675dcfc00 0x55f675dd9800 :-1 s=NONE pgs=0 cs=0 l=0).stop
2026-02-17T21:38:12.006+0000 7fbf9909a640 5 --1- 127.0.0.1:0/1132176060 >> 127.0.0.1:0/1132176060 conn(0x55f675dcfc00 0x55f675dd9800 :-1 s=NONE pgs=0 cs=0 l=0).reset_recv_state
2026-02-17T21:38:12.006+0000 7fbf9909a640 20 Event(0x55f66c0f4bc8 nevent=5000 time_id=9).wakeup
2026-02-17T21:38:12.006+0000 7fbf9909a640 10 --1- 127.0.0.1:0/1132176060 >> 127.0.0.1:0/1132176060 conn(0x55f675dcfc00 0x55f675dd9800 :-1 s=NONE pgs=0 cs=0 l=0).discard_out_queue started
2026-02-17T21:38:12.006+0000 7fbf9909a640 10 -- 127.0.0.1:0/1132176060 wait: waiting for dispatch queue
2026-02-17T21:38:12.006+0000 7fc07ec0a640 5 --1- 127.0.0.1:0/1132176060 >> 127.0.0.1:0/1132176060 conn(0x55f675dcfc00 0x55f675dd9800 :-1 s=CLOSED pgs=0 cs=0 l=0).reset_recv_state (warped) reseting security handlers
2026-02-17T21:38:12.006+0000 7fc07ec0a640 5 --1- 127.0.0.1:0/1132176060 >> 127.0.0.1:0/1132176060 conn(0x55f675dcfc00 0x55f675dd9800 :-1 s=CLOSED pgs=0 cs=0 l=0).reset_security
2026-02-17T21:38:12.006+0000 7fbf9909a640 10 -- 127.0.0.1:0/1132176060 wait: dispatch queue is stopped
2026-02-17T21:38:12.006+0000 7fbf9909a640 1 -- 127.0.0.1:0/1132176060 shutdown_connections
2026-02-17T21:38:12.006+0000 7fbf9909a640 5 -- 127.0.0.1:0/1132176060 shutdown_connections delete 0x55f675dcfc00
2026-02-17T21:38:12.006+0000 7fbf9909a640 20 Event(0x55f66c0f4088 nevent=5000 time_id=5).wakeup
2026-02-17T21:38:12.006+0000 7fbf9909a640 20 Event(0x55f66c0f4bc8 nevent=5000 time_id=9).wakeup
2026-02-17T21:38:12.006+0000 7fbf9909a640 20 Event(0x55f66c0f4508 nevent=5000 time_id=3).wakeup
2026-02-17T21:38:12.006+0000 7fbf9909a640 10 -- 127.0.0.1:0/1132176060 wait: done.
2026-02-17T21:38:12.006+0000 7fbf9909a640 1 -- 127.0.0.1:0/1132176060 wait complete.
2026-02-17T21:38:12.006+0000 7fbf80068640 0 [rbd_support INFO root] TrashPurgeScheduleHandler: starting
2026-02-17T21:38:12.006+0000 7fbf87877640 0 [rbd_support INFO root] setup complete
2026-02-17T21:38:12.006+0000 7fbf9909a640 20 CompressorRegistry(0x55f675dd6f18) adding algorithm method: snappy
2026-02-17T21:38:12.006+0000 7fbf9909a640 20 CompressorRegistry(0x55f675dd6f18) _parse_method_list snappy -> [1]
2026-02-17T21:38:12.006+0000 7fbf9909a640 10 CompressorRegistry(0x55f675dd6f18) _refresh_config ms_osd_compression_mode 0 ms_osd_compression_methods [1] ms_osd_compress_above_min_size 1024 ms_compress_secure 0
2026-02-17T21:38:12.006+0000 7fbf9909a640 10 -- ready
2026-02-17T21:38:12.006+0000 7fbf9909a640 1 Processor -- start
2026-02-17T21:38:12.006+0000 7fbf9909a640 20 Event(0x55f66c0f4088 nevent=5000 time_id=5).wakeup
2026-02-17T21:38:12.006+0000 7fbf9909a640 1 -- start start
2026-02-17T21:38:12.006+0000 7fbf9909a640 10 -- create_connect v2:127.0.0.1:7146/0, creating connection and registering
2026-02-17T21:38:12.006+0000 7fbf9909a640 10 -- >> v2:127.0.0.1:7146/0 conn(0x55f675dcf800 msgr2=0x55f675dd1080 unknown :-1 s=STATE_NONE l=1)._connect
2026-02-17T21:38:12.006+0000 7fbf9909a640 1 --2- >> v2:127.0.0.1:7146/0 conn(0x55f675dcf800 0x55f675dd1080 unknown :-1 s=NONE pgs=0 cs=0 l=1 rev1=0 crypto rx=0 tx=0 comp rx=0 tx=0).connect
2026-02-17T21:38:12.006+0000 7fbf9909a640 20 Event(0x55f66c0f4508 nevent=5000 time_id=3).wakeup
2026-02-17T21:38:12.006+0000 7fbf9909a640 10 -- create_connect 0x55f675dcf800 v2:127.0.0.1:7146/0 v2:127.0.0.1:7146/0
2026-02-17T21:38:12.006+0000 7fbf9909a640 10 -- connect_to v2:127.0.0.1:7146/0 new 0x55f675dcf800
2026-02-17T21:38:12.006+0000 7fc07cc06640 20 -- >> v2:127.0.0.1:7146/0 conn(0x55f675dcf800 msgr2=0x55f675dd1080 unknown :-1 s=STATE_CONNECTING l=1).process
2026-02-17T21:38:12.006+0000 7fbf9909a640 1 -- --> v2:127.0.0.1:7146/0 -- mon_getmap magic: 0 -- 0x55f675e4d200 con 0x55f675dcf800
2026-02-17T21:38:12.006+0000 7fbf9909a640 5 --2- >> v2:127.0.0.1:7146/0 conn(0x55f675dcf800 0x55f675dd1080 unknown :-1 s=START_CONNECT pgs=0 cs=0 l=1 rev1=0 crypto rx=0 tx=0 comp rx=0 tx=0).send_message enqueueing message m=0x55f675e4d200 type=5 mon_getmap magic: 0
2026-02-17T21:38:12.006+0000 7fbf9909a640 15 --2- >> v2:127.0.0.1:7146/0 conn(0x55f675dcf800 0x55f675dd1080 unknown :-1 s=START_CONNECT pgs=0 cs=0 l=1 rev1=0 crypto rx=0 tx=0 comp rx=0 tx=0).send_message inline write is denied, reschedule m=0x55f675e4d200
2026-02-17T21:38:12.006+0000 7fc07cc06640 20 Event(0x55f66c0f4508 nevent=5000 time_id=4).create_file_event create event started fd=32 mask=1 original mask is 0
2026-02-17T21:38:12.006+0000 7fc07cc06640 20 EpollDriver.add_event add event fd=32 cur_mask=0 add_mask=1 to 16
2026-02-17T21:38:12.006+0000 7fc07cc06640 20 Event(0x55f66c0f4508 nevent=5000 time_id=4).create_file_event create event end fd=32 mask=1 current mask is 1
2026-02-17T21:38:12.006+0000 7fc07cc06640 20 EpollDriver.del_event del event fd=32 cur_mask=1 delmask=2 to 16
2026-02-17T21:38:12.006+0000 7fc07cc06640 10 -- >> v2:127.0.0.1:7146/0 conn(0x55f675dcf800 msgr2=0x55f675dd1080 unknown :-1 s=STATE_CONNECTING_RE l=1).process connect successfully, ready to send banner
2026-02-17T21:38:12.006+0000 7fc07cc06640 20 --2- >> v2:127.0.0.1:7146/0 conn(0x55f675dcf800 0x55f675dd1080 unknown :-1 s=START_CONNECT pgs=0 cs=0 l=1 rev1=0 crypto rx=0 tx=0 comp rx=0 tx=0).read_event
2026-02-17T21:38:12.006+0000 7fc07cc06640 20 --2- >> v2:127.0.0.1:7146/0 conn(0x55f675dcf800 0x55f675dd1080 unknown :-1 s=START_CONNECT pgs=0 cs=0 l=1 rev1=0 crypto rx=0 tx=0 comp rx=0 tx=0).start_client_banner_exchange
2026-02-17T21:38:12.006+0000 7fc07cc06640 20 --2- >> v2:127.0.0.1:7146/0 conn(0x55f675dcf800 0x55f675dd1080 unknown :-1 s=BANNER_CONNECTING pgs=0 cs=0 l=1 rev1=0 crypto rx=0 tx=0 comp rx=0 tx=0)._banner_exchange
2026-02-17T21:38:12.006+0000 7fc07cc06640 10 -- >> v2:127.0.0.1:7146/0 conn(0x55f675dcf800 msgr2=0x55f675dd1080 unknown :-1 s=STATE_CONNECTION_ESTABLISHED l=1)._try_send sent bytes 26 remaining bytes 0
2026-02-17T21:38:12.006+0000 7fc07cc06640 20 -- >> v2:127.0.0.1:7146/0 conn(0x55f675dcf800 msgr2=0x55f675dd1080 unknown :-1 s=STATE_CONNECTION_ESTABLISHED l=1).read start len=10
2026-02-17T21:38:12.006+0000 7fc07cc06640 20 -- >> v2:127.0.0.1:7146/0 conn(0x55f675dcf800 msgr2=0x55f675dd1080 unknown :-1 s=STATE_CONNECTION_ESTABLISHED l=1).process
2026-02-17T21:38:12.006+0000 7fc07cc06640 20 -- >> v2:127.0.0.1:7146/0 conn(0x55f675dcf800 msgr2=0x55f675dd1080 unknown :-1 s=STATE_CONNECTION_ESTABLISHED l=1).read continue len=10
2026-02-17T21:38:12.006+0000 7fc07cc06640 20 --2- >> v2:127.0.0.1:7146/0 conn(0x55f675dcf800 0x55f675dd1080 unknown :-1 s=BANNER_CONNECTING pgs=0 cs=0 l=1 rev1=0 crypto rx=0 tx=0 comp rx=0 tx=0)._handle_peer_banner r=0
2026-02-17T21:38:12.006+0000 7fc07cc06640 20 -- >> v2:127.0.0.1:7146/0 conn(0x55f675dcf800 msgr2=0x55f675dd1080 unknown :-1 s=STATE_CONNECTION_ESTABLISHED l=1).read start len=16
2026-02-17T21:38:12.006+0000 7fc07cc06640 20 --2- >> v2:127.0.0.1:7146/0 conn(0x55f675dcf800 0x55f675dd1080 unknown :-1 s=BANNER_CONNECTING pgs=0 cs=0 l=1 rev1=0 crypto rx=0 tx=0 comp rx=0 tx=0)._handle_peer_banner_payload r=0
2026-02-17T21:38:12.006+0000 7fc07cc06640 1 --2- >> v2:127.0.0.1:7146/0 conn(0x55f675dcf800 0x55f675dd1080 unknown :-1 s=BANNER_CONNECTING pgs=0 cs=0 l=1 rev1=0 crypto rx=0 tx=0 comp rx=0 tx=0)._handle_peer_banner_payload supported=3 required=0
2026-02-17T21:38:12.006+0000 7fc07cc06640 10 -- >> v2:127.0.0.1:7146/0 conn(0x55f675dcf800 msgr2=0x55f675dd1080 unknown :-1 s=STATE_CONNECTION_ESTABLISHED l=1)._try_send sent bytes 72 remaining bytes 0
2026-02-17T21:38:12.006+0000 7fc07cc06640 20 --2- >> v2:127.0.0.1:7146/0 conn(0x55f675dcf800 0x55f675dd1080 unknown :-1 s=HELLO_CONNECTING pgs=0 cs=0 l=1 rev1=1 crypto rx=0 tx=0 comp rx=0 tx=0).read_frame
2026-02-17T21:38:12.006+0000 7fc07cc06640 20 -- >> v2:127.0.0.1:7146/0 conn(0x55f675dcf800 msgr2=0x55f675dd1080 unknown :-1 s=STATE_CONNECTION_ESTABLISHED l=1).read start len=32
2026-02-17T21:38:12.006+0000 7fc07cc06640 20 -- >> v2:127.0.0.1:7146/0 conn(0x55f675dcf800 msgr2=0x55f675dd1080 unknown :-1 s=STATE_CONNECTION_ESTABLISHED l=1).process
2026-02-17T21:38:12.006+0000 7fc07cc06640 20 -- >> v2:127.0.0.1:7146/0 conn(0x55f675dcf800 msgr2=0x55f675dd1080 unknown :-1 s=STATE_CONNECTION_ESTABLISHED l=1).read continue len=32
2026-02-17T21:38:12.006+0000 7fc07cc06640 20 --2- >> v2:127.0.0.1:7146/0 conn(0x55f675dcf800 0x55f675dd1080 unknown :-1 s=HELLO_CONNECTING pgs=0 cs=0 l=1 rev1=1 crypto rx=0 tx=0 comp rx=0 tx=0).handle_read_frame_preamble_main r=0
2026-02-17T21:38:12.006+0000 7fc07cc06640 20 --2- >> v2:127.0.0.1:7146/0 conn(0x55f675dcf800 0x55f675dd1080 unknown :-1 s=HELLO_CONNECTING pgs=0 cs=0 l=1 rev1=1 crypto rx=0 tx=0 comp rx=0 tx=0).read_frame_segment seg_idx=0
2026-02-17T21:38:12.006+0000 7fc07cc06640 20 -- >> v2:127.0.0.1:7146/0 conn(0x55f675dcf800 msgr2=0x55f675dd1080 unknown :-1 s=STATE_CONNECTION_ESTABLISHED l=1).read start len=40
2026-02-17T21:38:12.006+0000 7fc07cc06640 20 --2- >> v2:127.0.0.1:7146/0 conn(0x55f675dcf800 0x55f675dd1080 unknown :-1 s=HELLO_CONNECTING pgs=0 cs=0 l=1 rev1=1 crypto rx=0 tx=0 comp rx=0 tx=0).handle_read_frame_segment r=0
2026-02-17T21:38:12.006+0000 7fc07cc06640 10 --2- >> v2:127.0.0.1:7146/0 conn(0x55f675dcf800 0x55f675dd1080 unknown :-1 s=HELLO_CONNECTING pgs=0 cs=0 l=1 rev1=1 crypto rx=0 tx=0 comp rx=0 tx=0).handle_read_frame_dispatch tag=1
2026-02-17T21:38:12.006+0000 7fc07cc06640 20 --2- >> v2:127.0.0.1:7146/0 conn(0x55f675dcf800 0x55f675dd1080 unknown :-1 s=HELLO_CONNECTING pgs=0 cs=0 l=1 rev1=1 crypto rx=0 tx=0 comp rx=0 tx=0).handle_hello payload.length()=36
2026-02-17T21:38:12.006+0000 7fc07cc06640 5 --2- >> v2:127.0.0.1:7146/0 conn(0x55f675dcf800 0x55f675dd1080 unknown :-1 s=HELLO_CONNECTING pgs=0 cs=0 l=1 rev1=1 crypto rx=0 tx=0 comp rx=0 tx=0).handle_hello received hello: peer_type=1 peer_addr_for_me=v2:127.0.0.1:43512/0
2026-02-17T21:38:12.006+0000 7fc07cc06640 5 --2- >> v2:127.0.0.1:7146/0 conn(0x55f675dcf800 0x55f675dd1080 unknown :-1 s=HELLO_CONNECTING pgs=0 cs=0 l=1 rev1=1 crypto rx=0 tx=0 comp rx=0 tx=0).handle_hello getsockname says I am 127.0.0.1:43512 when talking to v2:127.0.0.1:7146/0
2026-02-17T21:38:12.006+0000 7fc07cc06640 1 --2- >> v2:127.0.0.1:7146/0 conn(0x55f675dcf800 0x55f675dd1080 unknown :-1 s=HELLO_CONNECTING pgs=0 cs=0 l=1 rev1=1 crypto rx=0 tx=0 comp rx=0 tx=0).handle_hello peer v2:127.0.0.1:7146/0 says I am v2:127.0.0.1:43512/0 (socket says 127.0.0.1:43512)
2026-02-17T21:38:12.006+0000 7fc07cc06640 10 -- 127.0.0.1:0/137806904 learned_addr had no addrs
2026-02-17T21:38:12.006+0000 7fc07cc06640 1 -- 127.0.0.1:0/137806904 learned_addr learned my addr 127.0.0.1:0/137806904 (peer_addr_for_me v2:127.0.0.1:0/0)
2026-02-17T21:38:12.006+0000 7fc07cc06640 20 --2- 127.0.0.1:0/137806904 >> v2:127.0.0.1:7146/0 conn(0x55f675dcf800 0x55f675dd1080 unknown :-1 s=HELLO_CONNECTING pgs=0 cs=0 l=1 rev1=1 crypto rx=0 tx=0 comp rx=0 tx=0).post_client_banner_exchange
2026-02-17T21:38:12.006+0000 7fc07cc06640 20 --2- 127.0.0.1:0/137806904 >> v2:127.0.0.1:7146/0 conn(0x55f675dcf800 0x55f675dd1080 unknown :-1 s=AUTH_CONNECTING pgs=0 cs=0 l=1 rev1=1 crypto rx=0 tx=0 comp rx=0 tx=0).send_auth_request peer_type 1 auth_client 0x55f675e490d0
2026-02-17T21:38:12.006+0000 7fc07cc06640 10 -- 127.0.0.1:0/137806904 >> v2:127.0.0.1:7146/0 conn(0x55f675dcf800 msgr2=0x55f675dd1080 unknown :-1 s=STATE_CONNECTION_ESTABLISHED l=1)._try_send sent bytes 70 remaining bytes 0
2026-02-17T21:38:12.006+0000 7fc07cc06640 20 --2- 127.0.0.1:0/137806904 >> v2:127.0.0.1:7146/0 conn(0x55f675dcf800 0x55f675dd1080 unknown :-1 s=AUTH_CONNECTING pgs=0 cs=0 l=1 rev1=1 crypto rx=0 tx=0 comp rx=0 tx=0).read_frame
2026-02-17T21:38:12.006+0000 7fc07cc06640 20 -- 127.0.0.1:0/137806904 >> v2:127.0.0.1:7146/0 conn(0x55f675dcf800 msgr2=0x55f675dd1080 unknown :-1 s=STATE_CONNECTION_ESTABLISHED l=1).read start len=32
2026-02-17T21:38:12.006+0000 7fc07cc06640 20 -- 127.0.0.1:0/137806904 >> v2:127.0.0.1:7146/0 conn(0x55f675dcf800 msgr2=0x55f675dd1080 unknown :-1 s=STATE_CONNECTION_ESTABLISHED l=1).process
2026-02-17T21:38:12.006+0000 7fc07cc06640 20 -- 127.0.0.1:0/137806904 >> v2:127.0.0.1:7146/0 conn(0x55f675dcf800 msgr2=0x55f675dd1080 unknown :-1 s=STATE_CONNECTION_ESTABLISHED l=1).read continue len=32
2026-02-17T21:38:12.006+0000 7fc07cc06640 20 --2- 127.0.0.1:0/137806904 >> v2:127.0.0.1:7146/0 conn(0x55f675dcf800 0x55f675dd1080 unknown :-1 s=AUTH_CONNECTING pgs=0 cs=0 l=1 rev1=1 crypto rx=0 tx=0 comp rx=0 tx=0).handle_read_frame_preamble_main r=0
2026-02-17T21:38:12.006+0000 7fc07cc06640 20 --2- 127.0.0.1:0/137806904 >> v2:127.0.0.1:7146/0 conn(0x55f675dcf800 0x55f675dd1080 unknown :-1 s=AUTH_CONNECTING pgs=0 cs=0 l=1 rev1=1 crypto rx=0 tx=0 comp rx=0 tx=0).read_frame_segment seg_idx=0
2026-02-17T21:38:12.006+0000 7fc07cc06640 20 -- 127.0.0.1:0/137806904 >> v2:127.0.0.1:7146/0 conn(0x55f675dcf800 msgr2=0x55f675dd1080 unknown :-1 s=STATE_CONNECTION_ESTABLISHED l=1).read start len=20
2026-02-17T21:38:12.006+0000 7fc07cc06640 20 --2- 127.0.0.1:0/137806904 >> v2:127.0.0.1:7146/0 conn(0x55f675dcf800 0x55f675dd1080 unknown :-1 s=AUTH_CONNECTING pgs=0 cs=0 l=1 rev1=1 crypto rx=0 tx=0 comp rx=0 tx=0).handle_read_frame_segment r=0
2026-02-17T21:38:12.006+0000 7fc07cc06640 10 --2- 127.0.0.1:0/137806904 >> v2:127.0.0.1:7146/0 conn(0x55f675dcf800 0x55f675dd1080 unknown :-1 s=AUTH_CONNECTING pgs=0 cs=0 l=1 rev1=1 crypto rx=0 tx=0 comp rx=0 tx=0).handle_read_frame_dispatch tag=6
2026-02-17T21:38:12.006+0000 7fc07cc06640 20 --2- 127.0.0.1:0/137806904 >> v2:127.0.0.1:7146/0 conn(0x55f675dcf800 0x55f675dd1080 unknown :-1 s=AUTH_CONNECTING pgs=0 cs=0 l=1 rev1=1 crypto rx=0 tx=0 comp rx=0 tx=0).handle_auth_done payload.length()=16
2026-02-17T21:38:12.006+0000 7fc07cc06640 1 -- 127.0.0.1:0/137806904 --> v2:127.0.0.1:7146/0 -- mon_subscribe({config=0+,monmap=0+}) -- 0x55f675daba40 con 0x55f675dcf800
2026-02-17T21:38:12.006+0000 7fc07cc06640 5 --2- 127.0.0.1:0/137806904 >> v2:127.0.0.1:7146/0 conn(0x55f675dcf800 0x55f675dd1080 unknown :-1 s=AUTH_CONNECTING pgs=0 cs=0 l=1 rev1=1 crypto rx=0 tx=0 comp rx=0 tx=0).send_message enqueueing message m=0x55f675daba40 type=15 mon_subscribe({config=0+,monmap=0+})
2026-02-17T21:38:12.006+0000 7fc07cc06640 15 --2- 127.0.0.1:0/137806904 >> v2:127.0.0.1:7146/0 conn(0x55f675dcf800 0x55f675dd1080 unknown :-1 s=AUTH_CONNECTING pgs=0 cs=0 l=1 rev1=1 crypto rx=0 tx=0 comp rx=0 tx=0).send_message inline write is denied, reschedule m=0x55f675daba40
2026-02-17T21:38:12.006+0000 7fc07cc06640 10 -- 127.0.0.1:0/137806904 >> v2:127.0.0.1:7146/0 conn(0x55f675dcf800 msgr2=0x55f675dd1080 crc :-1 s=STATE_CONNECTION_ESTABLISHED l=1)._try_send sent bytes 68 remaining bytes 0
2026-02-17T21:38:12.006+0000 7fc07cc06640 20 --2- 127.0.0.1:0/137806904 >> v2:127.0.0.1:7146/0 conn(0x55f675dcf800 0x55f675dd1080 crc :-1 s=AUTH_CONNECTING_SIGN pgs=0 cs=0 l=1 rev1=1 crypto rx=0 tx=0 comp rx=0 tx=0).read_frame
2026-02-17T21:38:12.006+0000 7fc07cc06640 20 -- 127.0.0.1:0/137806904 >> v2:127.0.0.1:7146/0 conn(0x55f675dcf800 msgr2=0x55f675dd1080 crc :-1 s=STATE_CONNECTION_ESTABLISHED l=1).read start len=32
2026-02-17T21:38:12.006+0000 7fc07cc06640 20 --2- 127.0.0.1:0/137806904 >> v2:127.0.0.1:7146/0 conn(0x55f675dcf800 0x55f675dd1080 crc :-1 s=AUTH_CONNECTING_SIGN pgs=0 cs=0 l=1 rev1=1 crypto rx=0 tx=0 comp rx=0 tx=0).handle_read_frame_preamble_main r=0
2026-02-17T21:38:12.006+0000 7fc07cc06640 20 --2- 127.0.0.1:0/137806904 >> v2:127.0.0.1:7146/0 conn(0x55f675dcf800 0x55f675dd1080 crc :-1 s=AUTH_CONNECTING_SIGN pgs=0 cs=0 l=1 rev1=1 crypto rx=0 tx=0 comp rx=0 tx=0).read_frame_segment seg_idx=0
2026-02-17T21:38:12.006+0000 7fc07cc06640 20 -- 127.0.0.1:0/137806904 >> v2:127.0.0.1:7146/0 conn(0x55f675dcf800 msgr2=0x55f675dd1080 crc :-1 s=STATE_CONNECTION_ESTABLISHED l=1).read start len=36
2026-02-17T21:38:12.006+0000 7fc07cc06640 20 --2- 127.0.0.1:0/137806904 >> v2:127.0.0.1:7146/0 conn(0x55f675dcf800 0x55f675dd1080 crc :-1 s=AUTH_CONNECTING_SIGN pgs=0 cs=0 l=1 rev1=1 crypto rx=0 tx=0 comp rx=0 tx=0).handle_read_frame_segment r=0
