2026-02-17T21:38:12.074+0000 7fc07cc06640 10 -- 127.0.0.1:0/3190841109 >> [v2:127.0.0.1:6800/1558383960,v1:127.0.0.1:6801/1558383960] conn(0x55f675fec800 msgr2=0x55f675dd1600 unknown :-1 s=STATE_CONNECTION_ESTABLISHED l=0)._try_send sent bytes 72 remaining bytes 0
2026-02-17T21:38:12.074+0000 7fc07cc06640 20 --2- 127.0.0.1:0/3190841109 >> [v2:127.0.0.1:6800/1558383960,v1:127.0.0.1:6801/1558383960] conn(0x55f675fec800 0x55f675dd1600 unknown :-1 s=HELLO_CONNECTING pgs=0 cs=0 l=0 rev1=1 crypto rx=0 tx=0 comp rx=0 tx=0).read_frame
2026-02-17T21:38:12.074+0000 7fc07cc06640 20 -- 127.0.0.1:0/3190841109 >> [v2:127.0.0.1:6800/1558383960,v1:127.0.0.1:6801/1558383960] conn(0x55f675fec800 msgr2=0x55f675dd1600 unknown :-1 s=STATE_CONNECTION_ESTABLISHED l=0).read start len=32
2026-02-17T21:38:12.074+0000 7fc07ec0a640 20 -- [v2:127.0.0.1:6800/1558383960,v1:127.0.0.1:6801/1558383960] >> conn(0x55f675fed000 msgr2=0x55f675dd2c00 unknown :-1 s=STATE_CONNECTION_ESTABLISHED l=0).process
2026-02-17T21:38:12.074+0000 7fc07cc06640 20 --2- 127.0.0.1:0/3190841109 >> [v2:127.0.0.1:6800/1558383960,v1:127.0.0.1:6801/1558383960] conn(0x55f675fec800 0x55f675dd1600 unknown :-1 s=HELLO_CONNECTING pgs=0 cs=0 l=0 rev1=1 crypto rx=0 tx=0 comp rx=0 tx=0).handle_read_frame_preamble_main r=0
2026-02-17T21:38:12.074+0000 7fc07e409640 10 -- 127.0.0.1:0/137806904 >> [v2:127.0.0.1:6800/1558383960,v1:127.0.0.1:6801/1558383960] conn(0x55f675fec400 msgr2=0x55f675dd1b80 unknown :-1 s=STATE_CONNECTION_ESTABLISHED l=1)._try_send sent bytes 70 remaining bytes 0
2026-02-17T21:38:12.074+0000 7fc07cc06640 20 --2- 127.0.0.1:0/3190841109 >> [v2:127.0.0.1:6800/1558383960,v1:127.0.0.1:6801/1558383960] conn(0x55f675fec800 0x55f675dd1600 unknown :-1 s=HELLO_CONNECTING pgs=0 cs=0 l=0 rev1=1 crypto rx=0 tx=0 comp rx=0 tx=0).read_frame_segment seg_idx=0
2026-02-17T21:38:12.074+0000 7fc07ec0a640 20 -- [v2:127.0.0.1:6800/1558383960,v1:127.0.0.1:6801/1558383960] >> conn(0x55f675fed000 msgr2=0x55f675dd2c00 unknown :-1 s=STATE_CONNECTION_ESTABLISHED l=0).read continue len=32
2026-02-17T21:38:12.074+0000 7fc07cc06640 20 -- 127.0.0.1:0/3190841109 >> [v2:127.0.0.1:6800/1558383960,v1:127.0.0.1:6801/1558383960] conn(0x55f675fec800 msgr2=0x55f675dd1600 unknown :-1 s=STATE_CONNECTION_ESTABLISHED l=0).read start len=40
2026-02-17T21:38:12.074+0000 7fc07e409640 20 --2- 127.0.0.1:0/137806904 >> [v2:127.0.0.1:6800/1558383960,v1:127.0.0.1:6801/1558383960] conn(0x55f675fec400 0x55f675dd1b80 unknown :-1 s=AUTH_CONNECTING pgs=0 cs=0 l=1 rev1=1 crypto rx=0 tx=0 comp rx=0 tx=0).read_frame
2026-02-17T21:38:12.074+0000 7fc07cc06640 20 --2- 127.0.0.1:0/3190841109 >> [v2:127.0.0.1:6800/1558383960,v1:127.0.0.1:6801/1558383960] conn(0x55f675fec800 0x55f675dd1600 unknown :-1 s=HELLO_CONNECTING pgs=0 cs=0 l=0 rev1=1 crypto rx=0 tx=0 comp rx=0 tx=0).handle_read_frame_segment r=0
2026-02-17T21:38:12.074+0000 7fc07e409640 20 -- 127.0.0.1:0/137806904 >> [v2:127.0.0.1:6800/1558383960,v1:127.0.0.1:6801/1558383960] conn(0x55f675fec400 msgr2=0x55f675dd1b80 unknown :-1 s=STATE_CONNECTION_ESTABLISHED l=1).read start len=32
2026-02-17T21:38:12.074+0000 7fc07ec0a640 20 --2- [v2:127.0.0.1:6800/1558383960,v1:127.0.0.1:6801/1558383960] >> conn(0x55f675fed000 0x55f675dd2c00 unknown :-1 s=HELLO_ACCEPTING pgs=0 cs=0 l=0 rev1=1 crypto rx=0 tx=0 comp rx=0 tx=0).handle_read_frame_preamble_main r=0
2026-02-17T21:38:12.074+0000 7fc07cc06640 10 --2- 127.0.0.1:0/3190841109 >> [v2:127.0.0.1:6800/1558383960,v1:127.0.0.1:6801/1558383960] conn(0x55f675fec800 0x55f675dd1600 unknown :-1 s=HELLO_CONNECTING pgs=0 cs=0 l=0 rev1=1 crypto rx=0 tx=0 comp rx=0 tx=0).handle_read_frame_dispatch tag=1
2026-02-17T21:38:12.074+0000 7fc07ec0a640 20 --2- [v2:127.0.0.1:6800/1558383960,v1:127.0.0.1:6801/1558383960] >> conn(0x55f675fed000 0x55f675dd2c00 unknown :-1 s=HELLO_ACCEPTING pgs=0 cs=0 l=0 rev1=1 crypto rx=0 tx=0 comp rx=0 tx=0).read_frame_segment seg_idx=0
2026-02-17T21:38:12.074+0000 7fc07e409640 20 -- [v2:127.0.0.1:6800/1558383960,v1:127.0.0.1:6801/1558383960] >> conn(0x55f675fed400 msgr2=0x55f675dd3180 unknown :-1 s=STATE_ACCEPTING l=0).process
2026-02-17T21:38:12.074+0000 7fc07e409640 20 Event(0x55f66c0f4088 nevent=5000 time_id=6).create_file_event create event started fd=39 mask=1 original mask is 0
2026-02-17T21:38:12.074+0000 7fc07e409640 20 EpollDriver.add_event add event fd=39 cur_mask=0 add_mask=1 to 10
2026-02-17T21:38:12.074+0000 7fc07ec0a640 20 -- [v2:127.0.0.1:6800/1558383960,v1:127.0.0.1:6801/1558383960] >> conn(0x55f675fed000 msgr2=0x55f675dd2c00 unknown :-1 s=STATE_CONNECTION_ESTABLISHED l=0).read start len=40
2026-02-17T21:38:12.074+0000 7fc07e409640 20 Event(0x55f66c0f4088 nevent=5000 time_id=6).create_file_event create event end fd=39 mask=1 current mask is 1
2026-02-17T21:38:12.074+0000 7fc07cc06640 20 --2- 127.0.0.1:0/3190841109 >> [v2:127.0.0.1:6800/1558383960,v1:127.0.0.1:6801/1558383960] conn(0x55f675fec800 0x55f675dd1600 unknown :-1 s=HELLO_CONNECTING pgs=0 cs=0 l=0 rev1=1 crypto rx=0 tx=0 comp rx=0 tx=0).handle_hello payload.length()=36
2026-02-17T21:38:12.074+0000 7fc07e409640 20 --2- [v2:127.0.0.1:6800/1558383960,v1:127.0.0.1:6801/1558383960] >> conn(0x55f675fed400 0x55f675dd3180 unknown :-1 s=START_ACCEPT pgs=0 cs=0 l=0 rev1=0 crypto rx=0 tx=0 comp rx=0 tx=0).read_event
2026-02-17T21:38:12.074+0000 7fc07e409640 20 --2- [v2:127.0.0.1:6800/1558383960,v1:127.0.0.1:6801/1558383960] >> conn(0x55f675fed400 0x55f675dd3180 unknown :-1 s=START_ACCEPT pgs=0 cs=0 l=0 rev1=0 crypto rx=0 tx=0 comp rx=0 tx=0).start_server_banner_exchange
2026-02-17T21:38:12.074+0000 7fc07cc06640 5 --2- 127.0.0.1:0/3190841109 >> [v2:127.0.0.1:6800/1558383960,v1:127.0.0.1:6801/1558383960] conn(0x55f675fec800 0x55f675dd1600 unknown :-1 s=HELLO_CONNECTING pgs=0 cs=0 l=0 rev1=1 crypto rx=0 tx=0 comp rx=0 tx=0).handle_hello received hello: peer_type=16 peer_addr_for_me=v2:127.0.0.1:46898/0
2026-02-17T21:38:12.074+0000 7fc07ec0a640 20 --2- [v2:127.0.0.1:6800/1558383960,v1:127.0.0.1:6801/1558383960] >> conn(0x55f675fed000 0x55f675dd2c00 unknown :-1 s=HELLO_ACCEPTING pgs=0 cs=0 l=0 rev1=1 crypto rx=0 tx=0 comp rx=0 tx=0).handle_read_frame_segment r=0
2026-02-17T21:38:12.074+0000 7fc07e409640 20 --2- [v2:127.0.0.1:6800/1558383960,v1:127.0.0.1:6801/1558383960] >> conn(0x55f675fed400 0x55f675dd3180 unknown :-1 s=BANNER_ACCEPTING pgs=0 cs=0 l=0 rev1=0 crypto rx=0 tx=0 comp rx=0 tx=0)._banner_exchange
2026-02-17T21:38:12.074+0000 7fc07cc06640 5 --2- 127.0.0.1:0/3190841109 >> [v2:127.0.0.1:6800/1558383960,v1:127.0.0.1:6801/1558383960] conn(0x55f675fec800 0x55f675dd1600 unknown :-1 s=HELLO_CONNECTING pgs=0 cs=0 l=0 rev1=1 crypto rx=0 tx=0 comp rx=0 tx=0).handle_hello getsockname says I am 127.0.0.1:46898 when talking to v2:127.0.0.1:6800/1558383960
2026-02-17T21:38:12.074+0000 7fc07ec0a640 10 --2- [v2:127.0.0.1:6800/1558383960,v1:127.0.0.1:6801/1558383960] >> conn(0x55f675fed000 0x55f675dd2c00 unknown :-1 s=HELLO_ACCEPTING pgs=0 cs=0 l=0 rev1=1 crypto rx=0 tx=0 comp rx=0 tx=0).handle_read_frame_dispatch tag=1
2026-02-17T21:38:12.074+0000 7fc07cc06640 20 --2- 127.0.0.1:0/3190841109 >> [v2:127.0.0.1:6800/1558383960,v1:127.0.0.1:6801/1558383960] conn(0x55f675fec800 0x55f675dd1600 unknown :-1 s=HELLO_CONNECTING pgs=0 cs=0 l=0 rev1=1 crypto rx=0 tx=0 comp rx=0 tx=0).post_client_banner_exchange
2026-02-17T21:38:12.074+0000 7fc07ec0a640 20 --2- [v2:127.0.0.1:6800/1558383960,v1:127.0.0.1:6801/1558383960] >> conn(0x55f675fed000 0x55f675dd2c00 unknown :-1 s=HELLO_ACCEPTING pgs=0 cs=0 l=0 rev1=1 crypto rx=0 tx=0 comp rx=0 tx=0).handle_hello payload.length()=36
2026-02-17T21:38:12.074+0000 7fc07cc06640 20 --2- 127.0.0.1:0/3190841109 >> [v2:127.0.0.1:6800/1558383960,v1:127.0.0.1:6801/1558383960] conn(0x55f675fec800 0x55f675dd1600 unknown :-1 s=AUTH_CONNECTING pgs=0 cs=0 l=0 rev1=1 crypto rx=0 tx=0 comp rx=0 tx=0).send_auth_request peer_type 16 auth_client 0x7ffc79cebc08
2026-02-17T21:38:12.074+0000 7fc07ec0a640 5 --2- [v2:127.0.0.1:6800/1558383960,v1:127.0.0.1:6801/1558383960] >> conn(0x55f675fed000 0x55f675dd2c00 unknown :-1 s=HELLO_ACCEPTING pgs=0 cs=0 l=0 rev1=1 crypto rx=0 tx=0 comp rx=0 tx=0).handle_hello received hello: peer_type=16 peer_addr_for_me=v2:127.0.0.1:6800/1558383960
2026-02-17T21:38:12.074+0000 7fc07ec0a640 5 --2- [v2:127.0.0.1:6800/1558383960,v1:127.0.0.1:6801/1558383960] >> conn(0x55f675fed000 0x55f675dd2c00 unknown :-1 s=HELLO_ACCEPTING pgs=0 cs=0 l=0 rev1=1 crypto rx=0 tx=0 comp rx=0 tx=0).handle_hello getsockname says I am 127.0.0.1:6800 when talking to v2:127.0.0.1:46898/0
2026-02-17T21:38:12.074+0000 7fc07ec0a640 10 --2- [v2:127.0.0.1:6800/1558383960,v1:127.0.0.1:6801/1558383960] >> conn(0x55f675fed000 0x55f675dd2c00 unknown :-1 s=HELLO_ACCEPTING pgs=0 cs=0 l=1 rev1=1 crypto rx=0 tx=0 comp rx=0 tx=0).handle_hello accept of host_type 16, policy.lossy=1 policy.server=1 policy.standby=0 policy.resetcheck=0
2026-02-17T21:38:12.074+0000 7fc07ec0a640 20 --2- [v2:127.0.0.1:6800/1558383960,v1:127.0.0.1:6801/1558383960] >> conn(0x55f675fed000 0x55f675dd2c00 unknown :-1 s=HELLO_ACCEPTING pgs=0 cs=0 l=1 rev1=1 crypto rx=0 tx=0 comp rx=0 tx=0).post_server_banner_exchange
2026-02-17T21:38:12.074+0000 7fc07ec0a640 20 --2- [v2:127.0.0.1:6800/1558383960,v1:127.0.0.1:6801/1558383960] >> conn(0x55f675fed000 0x55f675dd2c00 unknown :-1 s=AUTH_ACCEPTING pgs=0 cs=0 l=1 rev1=1 crypto rx=0 tx=0 comp rx=0 tx=0).read_frame
2026-02-17T21:38:12.074+0000 7fc07ec0a640 20 -- [v2:127.0.0.1:6800/1558383960,v1:127.0.0.1:6801/1558383960] >> conn(0x55f675fed000 msgr2=0x55f675dd2c00 unknown :-1 s=STATE_CONNECTION_ESTABLISHED l=1).read start len=32
2026-02-17T21:38:12.074+0000 7fc07cc06640 10 -- 127.0.0.1:0/3190841109 >> [v2:127.0.0.1:6800/1558383960,v1:127.0.0.1:6801/1558383960] conn(0x55f675fec800 msgr2=0x55f675dd1600 unknown :-1 s=STATE_CONNECTION_ESTABLISHED l=0)._try_send sent bytes 70 remaining bytes 0
2026-02-17T21:38:12.074+0000 7fc07cc06640 20 --2- 127.0.0.1:0/3190841109 >> [v2:127.0.0.1:6800/1558383960,v1:127.0.0.1:6801/1558383960] conn(0x55f675fec800 0x55f675dd1600 unknown :-1 s=AUTH_CONNECTING pgs=0 cs=0 l=0 rev1=1 crypto rx=0 tx=0 comp rx=0 tx=0).read_frame
2026-02-17T21:38:12.074+0000 7fc07cc06640 20 -- 127.0.0.1:0/3190841109 >> [v2:127.0.0.1:6800/1558383960,v1:127.0.0.1:6801/1558383960] conn(0x55f675fec800 msgr2=0x55f675dd1600 unknown :-1 s=STATE_CONNECTION_ESTABLISHED l=0).read start len=32
2026-02-17T21:38:12.074+0000 7fc07e409640 10 -- [v2:127.0.0.1:6800/1558383960,v1:127.0.0.1:6801/1558383960] >> conn(0x55f675fed400 msgr2=0x55f675dd3180 unknown :-1 s=STATE_CONNECTION_ESTABLISHED l=0)._try_send sent bytes 26 remaining bytes 0
2026-02-17T21:38:12.074+0000 7fc07ec0a640 20 --2- [v2:127.0.0.1:6800/1558383960,v1:127.0.0.1:6801/1558383960] >> conn(0x55f675fed000 0x55f675dd2c00 unknown :-1 s=AUTH_ACCEPTING pgs=0 cs=0 l=1 rev1=1 crypto rx=0 tx=0 comp rx=0 tx=0).handle_read_frame_preamble_main r=0
2026-02-17T21:38:12.074+0000 7fc07e409640 20 -- [v2:127.0.0.1:6800/1558383960,v1:127.0.0.1:6801/1558383960] >> conn(0x55f675fed400 msgr2=0x55f675dd3180 unknown :-1 s=STATE_CONNECTION_ESTABLISHED l=0).read start len=10
2026-02-17T21:38:12.074+0000 7fc07ec0a640 20 --2- [v2:127.0.0.1:6800/1558383960,v1:127.0.0.1:6801/1558383960] >> conn(0x55f675fed000 0x55f675dd2c00 unknown :-1 s=AUTH_ACCEPTING pgs=0 cs=0 l=1 rev1=1 crypto rx=0 tx=0 comp rx=0 tx=0).read_frame_segment seg_idx=0
2026-02-17T21:38:12.074+0000 7fc07ec0a640 20 -- [v2:127.0.0.1:6800/1558383960,v1:127.0.0.1:6801/1558383960] >> conn(0x55f675fed000 msgr2=0x55f675dd2c00 unknown :-1 s=STATE_CONNECTION_ESTABLISHED l=1).read start len=38
2026-02-17T21:38:12.074+0000 7fc07ec0a640 20 --2- [v2:127.0.0.1:6800/1558383960,v1:127.0.0.1:6801/1558383960] >> conn(0x55f675fed000 0x55f675dd2c00 unknown :-1 s=AUTH_ACCEPTING pgs=0 cs=0 l=1 rev1=1 crypto rx=0 tx=0 comp rx=0 tx=0).handle_read_frame_segment r=0
2026-02-17T21:38:12.074+0000 7fc07e409640 20 --2- [v2:127.0.0.1:6800/1558383960,v1:127.0.0.1:6801/1558383960] >> conn(0x55f675fed400 0x55f675dd3180 unknown :-1 s=BANNER_ACCEPTING pgs=0 cs=0 l=0 rev1=0 crypto rx=0 tx=0 comp rx=0 tx=0)._handle_peer_banner r=0
2026-02-17T21:38:12.074+0000 7fc07ec0a640 10 --2- [v2:127.0.0.1:6800/1558383960,v1:127.0.0.1:6801/1558383960] >> conn(0x55f675fed000 0x55f675dd2c00 unknown :-1 s=AUTH_ACCEPTING pgs=0 cs=0 l=1 rev1=1 crypto rx=0 tx=0 comp rx=0 tx=0).handle_read_frame_dispatch tag=2
2026-02-17T21:38:12.074+0000 7fc07e409640 20 -- [v2:127.0.0.1:6800/1558383960,v1:127.0.0.1:6801/1558383960] >> conn(0x55f675fed400 msgr2=0x55f675dd3180 unknown :-1 s=STATE_CONNECTION_ESTABLISHED l=0).read start len=16
2026-02-17T21:38:12.074+0000 7fc07ec0a640 20 --2- [v2:127.0.0.1:6800/1558383960,v1:127.0.0.1:6801/1558383960] >> conn(0x55f675fed000 0x55f675dd2c00 unknown :-1 s=AUTH_ACCEPTING pgs=0 cs=0 l=1 rev1=1 crypto rx=0 tx=0 comp rx=0 tx=0).handle_auth_request payload.length()=34
2026-02-17T21:38:12.074+0000 7fc07e409640 20 --2- [v2:127.0.0.1:6800/1558383960,v1:127.0.0.1:6801/1558383960] >> conn(0x55f675fed400 0x55f675dd3180 unknown :-1 s=BANNER_ACCEPTING pgs=0 cs=0 l=0 rev1=0 crypto rx=0 tx=0 comp rx=0 tx=0)._handle_peer_banner_payload r=0
2026-02-17T21:38:12.074+0000 7fc07ec0a640 10 --2- [v2:127.0.0.1:6800/1558383960,v1:127.0.0.1:6801/1558383960] >> conn(0x55f675fed000 0x55f675dd2c00 unknown :-1 s=AUTH_ACCEPTING pgs=0 cs=0 l=1 rev1=1 crypto rx=0 tx=0 comp rx=0 tx=0).handle_auth_request AuthRequest(method=1, preferred_modes=[1], payload_len=18)
2026-02-17T21:38:12.074+0000 7fc07e409640 1 --2- [v2:127.0.0.1:6800/1558383960,v1:127.0.0.1:6801/1558383960] >> conn(0x55f675fed400 0x55f675dd3180 unknown :-1 s=BANNER_ACCEPTING pgs=0 cs=0 l=0 rev1=0 crypto rx=0 tx=0 comp rx=0 tx=0)._handle_peer_banner_payload supported=3 required=0
2026-02-17T21:38:12.074+0000 7fc07ec0a640 10 mgr.server ms_handle_fast_authentication ms_handle_fast_authentication new session 0x55f675df6120 con 0x55f675fed000 entity mgr.x addr
2026-02-17T21:38:12.074+0000 7fc07ec0a640 10 mgr.server ms_handle_fast_authentication session 0x55f675df6120 mgr.x allow_all
2026-02-17T21:38:12.074+0000 7fc07e409640 10 -- [v2:127.0.0.1:6800/1558383960,v1:127.0.0.1:6801/1558383960] >> conn(0x55f675fed400 msgr2=0x55f675dd3180 unknown :-1 s=STATE_CONNECTION_ESTABLISHED l=0)._try_send sent bytes 72 remaining bytes 0
2026-02-17T21:38:12.074+0000 7fc07e409640 20 --2- [v2:127.0.0.1:6800/1558383960,v1:127.0.0.1:6801/1558383960] >> conn(0x55f675fed400 0x55f675dd3180 unknown :-1 s=HELLO_ACCEPTING pgs=0 cs=0 l=0 rev1=1 crypto rx=0 tx=0 comp rx=0 tx=0).read_frame
2026-02-17T21:38:12.074+0000 7fc07e409640 20 -- [v2:127.0.0.1:6800/1558383960,v1:127.0.0.1:6801/1558383960] >> conn(0x55f675fed400 msgr2=0x55f675dd3180 unknown :-1 s=STATE_CONNECTION_ESTABLISHED l=0).read start len=32
2026-02-17T21:38:12.074+0000 7fc07e409640 10 Processor -- accept listen_fd=28
2026-02-17T21:38:12.074+0000 7fc07ec0a640 10 -- [v2:127.0.0.1:6800/1558383960,v1:127.0.0.1:6801/1558383960] >> conn(0x55f675fed000 msgr2=0x55f675dd2c00 crc :-1 s=STATE_CONNECTION_ESTABLISHED l=1)._try_send sent bytes 52 remaining bytes 0
2026-02-17T21:38:12.074+0000 7fc07cc06640 20 -- 127.0.0.1:0/3190841109 >> [v2:127.0.0.1:6800/1558383960,v1:127.0.0.1:6801/1558383960] conn(0x55f675fec800 msgr2=0x55f675dd1600 unknown :-1 s=STATE_CONNECTION_ESTABLISHED l=0).process
2026-02-17T21:38:12.074+0000 7fc07cc06640 20 -- 127.0.0.1:0/3190841109 >> [v2:127.0.0.1:6800/1558383960,v1:127.0.0.1:6801/1558383960] conn(0x55f675fec800 msgr2=0x55f675dd1600 unknown :-1 s=STATE_CONNECTION_ESTABLISHED l=0).read continue len=32
2026-02-17T21:38:12.074+0000 7fc07e409640 10 Processor -- accept accepted incoming on sd 40
2026-02-17T21:38:12.074+0000 7fc07cc06640 20 --2- 127.0.0.1:0/3190841109 >> [v2:127.0.0.1:6800/1558383960,v1:127.0.0.1:6801/1558383960] conn(0x55f675fec800 0x55f675dd1600 unknown :-1 s=AUTH_CONNECTING pgs=0 cs=0 l=0 rev1=1 crypto rx=0 tx=0 comp rx=0 tx=0).handle_read_frame_preamble_main r=0
2026-02-17T21:38:12.074+0000 7fc07cc06640 20 --2- 127.0.0.1:0/3190841109 >> [v2:127.0.0.1:6800/1558383960,v1:127.0.0.1:6801/1558383960] conn(0x55f675fec800 0x55f675dd1600 unknown :-1 s=AUTH_CONNECTING pgs=0 cs=0 l=0 rev1=1 crypto rx=0 tx=0 comp rx=0 tx=0).read_frame_segment seg_idx=0
2026-02-17T21:38:12.074+0000 7fc07cc06640 20 -- 127.0.0.1:0/3190841109 >> [v2:127.0.0.1:6800/1558383960,v1:127.0.0.1:6801/1558383960] conn(0x55f675fec800 msgr2=0x55f675dd1600 unknown :-1 s=STATE_CONNECTION_ESTABLISHED l=0).read start len=20
2026-02-17T21:38:12.074+0000 7fc07ec0a640 10 -- [v2:127.0.0.1:6800/1558383960,v1:127.0.0.1:6801/1558383960] >> conn(0x55f675fed000 msgr2=0x55f675dd2c00 crc :-1 s=STATE_CONNECTION_ESTABLISHED l=1)._try_send sent bytes 68 remaining bytes 0
2026-02-17T21:38:12.074+0000 7fc07cc06640 20 --2- 127.0.0.1:0/3190841109 >> [v2:127.0.0.1:6800/1558383960,v1:127.0.0.1:6801/1558383960] conn(0x55f675fec800 0x55f675dd1600 unknown :-1 s=AUTH_CONNECTING pgs=0 cs=0 l=0 rev1=1 crypto rx=0 tx=0 comp rx=0 tx=0).handle_read_frame_segment r=0
2026-02-17T21:38:12.074+0000 7fc07cc06640 10 --2- 127.0.0.1:0/3190841109 >> [v2:127.0.0.1:6800/1558383960,v1:127.0.0.1:6801/1558383960] conn(0x55f675fec800 0x55f675dd1600 unknown :-1 s=AUTH_CONNECTING pgs=0 cs=0 l=0 rev1=1 crypto rx=0 tx=0 comp rx=0 tx=0).handle_read_frame_dispatch tag=6
2026-02-17T21:38:12.074+0000 7fc07ec0a640 20 --2- [v2:127.0.0.1:6800/1558383960,v1:127.0.0.1:6801/1558383960] >> conn(0x55f675fed000 0x55f675dd2c00 crc :-1 s=AUTH_ACCEPTING_SIGN pgs=0 cs=0 l=1 rev1=1 crypto rx=0 tx=0 comp rx=0 tx=0).read_frame
2026-02-17T21:38:12.074+0000 7fc07cc06640 20 --2- 127.0.0.1:0/3190841109 >> [v2:127.0.0.1:6800/1558383960,v1:127.0.0.1:6801/1558383960] conn(0x55f675fec800 0x55f675dd1600 unknown :-1 s=AUTH_CONNECTING pgs=0 cs=0 l=0 rev1=1 crypto rx=0 tx=0 comp rx=0 tx=0).handle_auth_done payload.length()=16
2026-02-17T21:38:12.074+0000 7fc07ec0a640 20 -- [v2:127.0.0.1:6800/1558383960,v1:127.0.0.1:6801/1558383960] >> conn(0x55f675fed000 msgr2=0x55f675dd2c00 crc :-1 s=STATE_CONNECTION_ESTABLISHED l=1).read start len=32
2026-02-17T21:38:12.074+0000 7fc07e409640 10 -- [v2:127.0.0.1:6800/1558383960,v1:127.0.0.1:6801/1558383960] >> conn(0x55f675fed800 msgr2=0x55f67617a000 unknown :-1 s=STATE_NONE l=0).accept sd=40 listen_addr v2:127.0.0.1:6800/1558383960 peer_addr v2:127.0.0.1:46914/0
2026-02-17T21:38:12.074+0000 7fc07ec0a640 20 -- 127.0.0.1:0/277132438 >> [v2:127.0.0.1:6800/1558383960,v1:127.0.0.1:6801/1558383960] conn(0x55f675fec000 msgr2=0x55f675dd2100 unknown :-1 s=STATE_CONNECTION_ESTABLISHED l=1).process
2026-02-17T21:38:12.074+0000 7fc07cc06640 10 -- 127.0.0.1:0/3190841109 >> [v2:127.0.0.1:6800/1558383960,v1:127.0.0.1:6801/1558383960] conn(0x55f675fec800 msgr2=0x55f675dd1600 crc :-1 s=STATE_CONNECTION_ESTABLISHED l=0)._try_send sent bytes 68 remaining bytes 0
2026-02-17T21:38:12.074+0000 7fc07e409640 1 --2- [v2:127.0.0.1:6800/1558383960,v1:127.0.0.1:6801/1558383960] >> conn(0x55f675fed800 0x55f67617a000 unknown :-1 s=NONE pgs=0 cs=0 l=0 rev1=0 crypto rx=0 tx=0 comp rx=0 tx=0).accept
2026-02-17T21:38:12.074+0000 7fc07cc06640 20 --2- 127.0.0.1:0/3190841109 >> [v2:127.0.0.1:6800/1558383960,v1:127.0.0.1:6801/1558383960] conn(0x55f675fec800 0x55f675dd1600 crc :-1 s=AUTH_CONNECTING_SIGN pgs=0 cs=0 l=0 rev1=1 crypto rx=0 tx=0 comp rx=0 tx=0).read_frame
2026-02-17T21:38:12.074+0000 7fc07e409640 20 Event(0x55f66c0f4bc8 nevent=5000 time_id=10).wakeup
2026-02-17T21:38:12.074+0000 7fc07cc06640 20 -- 127.0.0.1:0/3190841109 >> [v2:127.0.0.1:6800/1558383960,v1:127.0.0.1:6801/1558383960] conn(0x55f675fec800 msgr2=0x55f675dd1600 crc :-1 s=STATE_CONNECTION_ESTABLISHED l=0).read start len=32
2026-02-17T21:38:12.074+0000 7fc07ec0a640 20 -- 127.0.0.1:0/277132438 >> [v2:127.0.0.1:6800/1558383960,v1:127.0.0.1:6801/1558383960] conn(0x55f675fec000 msgr2=0x55f675dd2100 unknown :-1 s=STATE_CONNECTION_ESTABLISHED l=1).read continue len=10
2026-02-17T21:38:12.074+0000 7fc07cc06640 20 --2- 127.0.0.1:0/3190841109 >> [v2:127.0.0.1:6800/1558383960,v1:127.0.0.1:6801/1558383960] conn(0x55f675fec800 0x55f675dd1600 crc :-1 s=AUTH_CONNECTING_SIGN pgs=0 cs=0 l=0 rev1=1 crypto rx=0 tx=0 comp rx=0 tx=0).handle_read_frame_preamble_main r=0
2026-02-17T21:38:12.074+0000 7fc07cc06640 20 --2- 127.0.0.1:0/3190841109 >> [v2:127.0.0.1:6800/1558383960,v1:127.0.0.1:6801/1558383960] conn(0x55f675fec800 0x55f675dd1600 crc :-1 s=AUTH_CONNECTING_SIGN pgs=0 cs=0 l=0 rev1=1 crypto rx=0 tx=0 comp rx=0 tx=0).read_frame_segment seg_idx=0
2026-02-17T21:38:12.074+0000 7fc07cc06640 20 -- 127.0.0.1:0/3190841109 >> [v2:127.0.0.1:6800/1558383960,v1:127.0.0.1:6801/1558383960] conn(0x55f675fec800 msgr2=0x55f675dd1600 crc :-1 s=STATE_CONNECTION_ESTABLISHED l=0).read start len=36
2026-02-17T21:38:12.074+0000 7fc07cc06640 20 --2- 127.0.0.1:0/3190841109 >> [v2:127.0.0.1:6800/1558383960,v1:127.0.0.1:6801/1558383960] conn(0x55f675fec800 0x55f675dd1600 crc :-1 s=AUTH_CONNECTING_SIGN pgs=0 cs=0 l=0 rev1=1 crypto rx=0 tx=0 comp rx=0 tx=0).handle_read_frame_segment r=0
2026-02-17T21:38:12.074+0000 7fc07ec0a640 20 --2- 127.0.0.1:0/277132438 >> [v2:127.0.0.1:6800/1558383960,v1:127.0.0.1:6801/1558383960] conn(0x55f675fec000 0x55f675dd2100 unknown :-1 s=BANNER_CONNECTING pgs=0 cs=0 l=1 rev1=0 crypto rx=0 tx=0 comp rx=0 tx=0)._handle_peer_banner r=0
2026-02-17T21:38:12.074+0000 7fc07cc06640 10 --2- 127.0.0.1:0/3190841109 >> [v2:127.0.0.1:6800/1558383960,v1:127.0.0.1:6801/1558383960] conn(0x55f675fec800 0x55f675dd1600 crc :-1 s=AUTH_CONNECTING_SIGN pgs=0 cs=0 l=0 rev1=1 crypto rx=0 tx=0 comp rx=0 tx=0).handle_read_frame_dispatch tag=7
2026-02-17T21:38:12.074+0000 7fc07cc06640 20 --2- 127.0.0.1:0/3190841109 >> [v2:127.0.0.1:6800/1558383960,v1:127.0.0.1:6801/1558383960] conn(0x55f675fec800 0x55f675dd1600 crc :-1 s=AUTH_CONNECTING_SIGN pgs=0 cs=0 l=0 rev1=1 crypto rx=0 tx=0 comp rx=0 tx=0).handle_auth_signature payload.length()=32
2026-02-17T21:38:12.074+0000 7fc07ec0a640 20 -- 127.0.0.1:0/277132438 >> [v2:127.0.0.1:6800/1558383960,v1:127.0.0.1:6801/1558383960] conn(0x55f675fec000 msgr2=0x55f675dd2100 unknown :-1 s=STATE_CONNECTION_ESTABLISHED l=1).read start len=16
2026-02-17T21:38:12.074+0000 7fc07e409640 10 Processor -- accept accepted incoming on sd 41
2026-02-17T21:38:12.074+0000 7fc07cc06640 20 --2- 127.0.0.1:0/3190841109 >> [v2:127.0.0.1:6800/1558383960,v1:127.0.0.1:6801/1558383960] conn(0x55f675fec800 0x55f675dd1600 crc :-1 s=AUTH_CONNECTING_SIGN pgs=0 cs=0 l=0 rev1=1 crypto rx=0 tx=0 comp rx=0 tx=0).handle_auth_signature pre-auth signature success sig_frame.signature()=0000000000000000000000000000000000000000000000000000000000000000
2026-02-17T21:38:12.074+0000 7fc07ec0a640 20 --2- 127.0.0.1:0/277132438 >> [v2:127.0.0.1:6800/1558383960,v1:127.0.0.1:6801/1558383960] conn(0x55f675fec000 0x55f675dd2100 unknown :-1 s=BANNER_CONNECTING pgs=0 cs=0 l=1 rev1=0 crypto rx=0 tx=0 comp rx=0 tx=0)._handle_peer_banner_payload r=0
2026-02-17T21:38:12.074+0000 7fc07cc06640 20 CompressorRegistry(0x55f66c0ccb18) get_mode peer_type 16 is_secure 0
2026-02-17T21:38:12.074+0000 7fc07ec0a640 1 --2- 127.0.0.1:0/277132438 >> [v2:127.0.0.1:6800/1558383960,v1:127.0.0.1:6801/1558383960] conn(0x55f675fec000 0x55f675dd2100 unknown :-1 s=BANNER_CONNECTING pgs=0 cs=0 l=1 rev1=0 crypto rx=0 tx=0 comp rx=0 tx=0)._handle_peer_banner_payload supported=3 required=0
2026-02-17T21:38:12.074+0000 7fc07cc06640 10 -- 127.0.0.1:0/3190841109 >> [v2:127.0.0.1:6800/1558383960,v1:127.0.0.1:6801/1558383960] conn(0x55f675fec800 msgr2=0x55f675dd1600 crc :-1 s=STATE_CONNECTION_ESTABLISHED l=0)._try_send sent bytes 41 remaining bytes 0
2026-02-17T21:38:12.074+0000 7fc07cc06640 20 --2- 127.0.0.1:0/3190841109 >> [v2:127.0.0.1:6800/1558383960,v1:127.0.0.1:6801/1558383960] conn(0x55f675fec800 0x55f675dd1600 crc :-1 s=COMPRESSION_CONNECTING pgs=0 cs=0 l=0 rev1=1 crypto rx=0 tx=0 comp rx=0 tx=0).read_frame
2026-02-17T21:38:12.074+0000 7fc07cc06640 20 -- 127.0.0.1:0/3190841109 >> [v2:127.0.0.1:6800/1558383960,v1:127.0.0.1:6801/1558383960] conn(0x55f675fec800 msgr2=0x55f675dd1600 crc :-1 s=STATE_CONNECTION_ESTABLISHED l=0).read start len=32
2026-02-17T21:38:12.074+0000 7fc07ec0a640 10 -- 127.0.0.1:0/277132438 >> [v2:127.0.0.1:6800/1558383960,v1:127.0.0.1:6801/1558383960] conn(0x55f675fec000 msgr2=0x55f675dd2100 unknown :-1 s=STATE_CONNECTION_ESTABLISHED l=1)._try_send sent bytes 72 remaining bytes 0
2026-02-17T21:38:12.074+0000 7fc07ec0a640 20 --2- 127.0.0.1:0/277132438 >> [v2:127.0.0.1:6800/1558383960,v1:127.0.0.1:6801/1558383960] conn(0x55f675fec000 0x55f675dd2100 unknown :-1 s=HELLO_CONNECTING pgs=0 cs=0 l=1 rev1=1 crypto rx=0 tx=0 comp rx=0 tx=0).read_frame
2026-02-17T21:38:12.074+0000 7fc07ec0a640 20 -- 127.0.0.1:0/277132438 >> [v2:127.0.0.1:6800/1558383960,v1:127.0.0.1:6801/1558383960] conn(0x55f675fec000 msgr2=0x55f675dd2100 unknown :-1 s=STATE_CONNECTION_ESTABLISHED l=1).read start len=32
2026-02-17T21:38:12.074+0000 7fc07ec0a640 20 --2- 127.0.0.1:0/277132438 >> [v2:127.0.0.1:6800/1558383960,v1:127.0.0.1:6801/1558383960] conn(0x55f675fec000 0x55f675dd2100 unknown :-1 s=HELLO_CONNECTING pgs=0 cs=0 l=1 rev1=1 crypto rx=0 tx=0 comp rx=0 tx=0).handle_read_frame_preamble_main r=0
2026-02-17T21:38:12.074+0000 7fc07ec0a640 20 --2- 127.0.0.1:0/277132438 >> [v2:127.0.0.1:6800/1558383960,v1:127.0.0.1:6801/1558383960] conn(0x55f675fec000 0x55f675dd2100 unknown :-1 s=HELLO_CONNECTING pgs=0 cs=0 l=1 rev1=1 crypto rx=0 tx=0 comp rx=0 tx=0).read_frame_segment seg_idx=0
2026-02-17T21:38:12.074+0000 7fc07ec0a640 20 -- 127.0.0.1:0/277132438 >> [v2:127.0.0.1:6800/1558383960,v1:127.0.0.1:6801/1558383960] conn(0x55f675fec000 msgr2=0x55f675dd2100 unknown :-1 s=STATE_CONNECTION_ESTABLISHED l=1).read start len=40
2026-02-17T21:38:12.074+0000 7fc07ec0a640 20 --2- 127.0.0.1:0/277132438 >> [v2:127.0.0.1:6800/1558383960,v1:127.0.0.1:6801/1558383960] conn(0x55f675fec000 0x55f675dd2100 unknown :-1 s=HELLO_CONNECTING pgs=0 cs=0 l=1 rev1=1 crypto rx=0 tx=0 comp rx=0 tx=0).handle_read_frame_segment r=0
2026-02-17T21:38:12.074+0000 7fc07ec0a640 10 --2- 127.0.0.1:0/277132438 >> [v2:127.0.0.1:6800/1558383960,v1:127.0.0.1:6801/1558383960] conn(0x55f675fec000 0x55f675dd2100 unknown :-1 s=HELLO_CONNECTING pgs=0 cs=0 l=1 rev1=1 crypto rx=0 tx=0 comp rx=0 tx=0).handle_read_frame_dispatch tag=1
2026-02-17T21:38:12.074+0000 7fc07ec0a640 20 --2- 127.0.0.1:0/277132438 >> [v2:127.0.0.1:6800/1558383960,v1:127.0.0.1:6801/1558383960] conn(0x55f675fec000 0x55f675dd2100 unknown :-1 s=HELLO_CONNECTING pgs=0 cs=0 l=1 rev1=1 crypto rx=0 tx=0 comp rx=0 tx=0).handle_hello payload.length()=36
2026-02-17T21:38:12.074+0000 7fc07ec0a640 5 --2- 127.0.0.1:0/277132438 >> [v2:127.0.0.1:6800/1558383960,v1:127.0.0.1:6801/1558383960] conn(0x55f675fec000 0x55f675dd2100 unknown :-1 s=HELLO_CONNECTING pgs=0 cs=0 l=1 rev1=1 crypto rx=0 tx=0 comp rx=0 tx=0).handle_hello received hello: peer_type=16 peer_addr_for_me=v2:127.0.0.1:46902/0
2026-02-17T21:38:12.074+0000 7fc07ec0a640 5 --2- 127.0.0.1:0/277132438 >> [v2:127.0.0.1:6800/1558383960,v1:127.0.0.1:6801/1558383960] conn(0x55f675fec000 0x55f675dd2100 unknown :-1 s=HELLO_CONNECTING pgs=0 cs=0 l=1 rev1=1 crypto rx=0 tx=0 comp rx=0 tx=0).handle_hello getsockname says I am 127.0.0.1:46902 when talking to v2:127.0.0.1:6800/1558383960
2026-02-17T21:38:12.074+0000 7fc07ec0a640 20 --2- 127.0.0.1:0/277132438 >> [v2:127.0.0.1:6800/1558383960,v1:127.0.0.1:6801/1558383960] conn(0x55f675fec000 0x55f675dd2100 unknown :-1 s=HELLO_CONNECTING pgs=0 cs=0 l=1 rev1=1 crypto rx=0 tx=0 comp rx=0 tx=0).post_client_banner_exchange
2026-02-17T21:38:12.074+0000 7fc07ec0a640 20 --2- 127.0.0.1:0/277132438 >> [v2:127.0.0.1:6800/1558383960,v1:127.0.0.1:6801/1558383960] conn(0x55f675fec000 0x55f675dd2100 unknown :-1 s=AUTH_CONNECTING pgs=0 cs=0 l=1 rev1=1 crypto rx=0 tx=0 comp rx=0 tx=0).send_auth_request peer_type 16 auth_client 0x55f675de10d0
2026-02-17T21:38:12.074+0000 7fc07e409640 10 -- [v2:127.0.0.1:6800/1558383960,v1:127.0.0.1:6801/1558383960] >> conn(0x55f675fedc00 msgr2=0x55f67617a580 unknown :-1 s=STATE_NONE l=0).accept sd=41 listen_addr v2:127.0.0.1:6800/1558383960 peer_addr v2:127.0.0.1:46926/0
2026-02-17T21:38:12.074+0000 7fc07e409640 1 --2- [v2:127.0.0.1:6800/1558383960,v1:127.0.0.1:6801/1558383960] >> conn(0x55f675fedc00 0x55f67617a580 unknown :-1 s=NONE pgs=0 cs=0 l=0 rev1=0 crypto rx=0 tx=0 comp rx=0 tx=0).accept
2026-02-17T21:38:12.074+0000 7fc07e409640 20 Event(0x55f66c0f4508 nevent=5000 time_id=7).wakeup
2026-02-17T21:38:12.074+0000 7fc07e409640 10 Processor -- accept listen_fd=29
2026-02-17T21:38:12.074+0000 7fc07ec0a640 10 -- 127.0.0.1:0/277132438 >> [v2:127.0.0.1:6800/1558383960,v1:127.0.0.1:6801/1558383960] conn(0x55f675fec000 msgr2=0x55f675dd2100 unknown :-1 s=STATE_CONNECTION_ESTABLISHED l=1)._try_send sent bytes 70 remaining bytes 0
2026-02-17T21:38:12.074+0000 7fc07ec0a640 20 --2- 127.0.0.1:0/277132438 >> [v2:127.0.0.1:6800/1558383960,v1:127.0.0.1:6801/1558383960] conn(0x55f675fec000 0x55f675dd2100 unknown :-1 s=AUTH_CONNECTING pgs=0 cs=0 l=1 rev1=1 crypto rx=0 tx=0 comp rx=0 tx=0).read_frame
2026-02-17T21:38:12.074+0000 7fc07e409640 20 -- [v2:127.0.0.1:6800/1558383960,v1:127.0.0.1:6801/1558383960] >> conn(0x55f675fecc00 msgr2=0x55f675dd2680 unknown :-1 s=STATE_CONNECTION_ESTABLISHED l=0).process
2026-02-17T21:38:12.074+0000 7fc07ec0a640 20 -- 127.0.0.1:0/277132438 >> [v2:127.0.0.1:6800/1558383960,v1:127.0.0.1:6801/1558383960] conn(0x55f675fec000 msgr2=0x55f675dd2100 unknown :-1 s=STATE_CONNECTION_ESTABLISHED l=1).read start len=32
2026-02-17T21:38:12.074+0000 7fc07cc06640 20 -- [v2:127.0.0.1:6800/1558383960,v1:127.0.0.1:6801/1558383960] >> conn(0x55f675fedc00 msgr2=0x55f67617a580 unknown :-1 s=STATE_ACCEPTING l=0).process
2026-02-17T21:38:12.074+0000 7fc07e409640 20 -- [v2:127.0.0.1:6800/1558383960,v1:127.0.0.1:6801/1558383960] >> conn(0x55f675fecc00 msgr2=0x55f675dd2680 unknown :-1 s=STATE_CONNECTION_ESTABLISHED l=0).read continue len=32
2026-02-17T21:38:12.074+0000 7fc07cc06640 20 Event(0x55f66c0f4508 nevent=5000 time_id=7).create_file_event create event started fd=41 mask=1 original mask is 0
2026-02-17T21:38:12.074+0000 7fc07cc06640 20 EpollDriver.add_event add event fd=41 cur_mask=0 add_mask=1 to 16
2026-02-17T21:38:12.074+0000 7fc07ec0a640 20 -- [v2:127.0.0.1:6800/1558383960,v1:127.0.0.1:6801/1558383960] >> conn(0x55f675fed800 msgr2=0x55f67617a000 unknown :-1 s=STATE_ACCEPTING l=0).process
2026-02-17T21:38:12.074+0000 7fc07ec0a640 20 Event(0x55f66c0f4bc8 nevent=5000 time_id=10).create_file_event create event started fd=40 mask=1 original mask is 0
2026-02-17T21:38:12.074+0000 7fc07cc06640 20 Event(0x55f66c0f4508 nevent=5000 time_id=7).create_file_event create event end fd=41 mask=1 current mask is 1
2026-02-17T21:38:12.074+0000 7fc07ec0a640 20 EpollDriver.add_event add event fd=40 cur_mask=0 add_mask=1 to 13
2026-02-17T21:38:12.074+0000 7fc07cc06640 20 --2- [v2:127.0.0.1:6800/1558383960,v1:127.0.0.1:6801/1558383960] >> conn(0x55f675fedc00 0x55f67617a580 unknown :-1 s=START_ACCEPT pgs=0 cs=0 l=0 rev1=0 crypto rx=0 tx=0 comp rx=0 tx=0).read_event
2026-02-17T21:38:12.074+0000 7fc07ec0a640 20 Event(0x55f66c0f4bc8 nevent=5000 time_id=10).create_file_event create event end fd=40 mask=1 current mask is 1
2026-02-17T21:38:12.074+0000 7fc07e409640 20 --2- [v2:127.0.0.1:6800/1558383960,v1:127.0.0.1:6801/1558383960] >> conn(0x55f675fecc00 0x55f675dd2680 unknown :-1 s=HELLO_ACCEPTING pgs=0 cs=0 l=0 rev1=1 crypto rx=0 tx=0 comp rx=0 tx=0).handle_read_frame_preamble_main r=0
2026-02-17T21:38:12.074+0000 7fc07cc06640 20 --2- [v2:127.0.0.1:6800/1558383960,v1:127.0.0.1:6801/1558383960] >> conn(0x55f675fedc00 0x55f67617a580 unknown :-1 s=START_ACCEPT pgs=0 cs=0 l=0 rev1=0 crypto rx=0 tx=0 comp rx=0 tx=0).start_server_banner_exchange
2026-02-17T21:38:12.074+0000 7fc07ec0a640 20 --2- [v2:127.0.0.1:6800/1558383960,v1:127.0.0.1:6801/1558383960] >> conn(0x55f675fed800 0x55f67617a000 unknown :-1 s=START_ACCEPT pgs=0 cs=0 l=0 rev1=0 crypto rx=0 tx=0 comp rx=0 tx=0).read_event
2026-02-17T21:38:12.074+0000 7fc07e409640 20 --2- [v2:127.0.0.1:6800/1558383960,v1:127.0.0.1:6801/1558383960] >> conn(0x55f675fecc00 0x55f675dd2680 unknown :-1 s=HELLO_ACCEPTING pgs=0 cs=0 l=0 rev1=1 crypto rx=0 tx=0 comp rx=0 tx=0).read_frame_segment seg_idx=0
2026-02-17T21:38:12.074+0000 7fc07cc06640 20 --2- [v2:127.0.0.1:6800/1558383960,v1:127.0.0.1:6801/1558383960] >> conn(0x55f675fedc00 0x55f67617a580 unknown :-1 s=BANNER_ACCEPTING pgs=0 cs=0 l=0 rev1=0 crypto rx=0 tx=0 comp rx=0 tx=0)._banner_exchange
2026-02-17T21:38:12.074+0000 7fc07ec0a640 20 --2- [v2:127.0.0.1:6800/1558383960,v1:127.0.0.1:6801/1558383960] >> conn(0x55f675fed800 0x55f67617a000 unknown :-1 s=START_ACCEPT pgs=0 cs=0 l=0 rev1=0 crypto rx=0 tx=0 comp rx=0 tx=0).start_server_banner_exchange
2026-02-17T21:38:12.074+0000 7fc07e409640 20 -- [v2:127.0.0.1:6800/1558383960,v1:127.0.0.1:6801/1558383960] >> conn(0x55f675fecc00 msgr2=0x55f675dd2680 unknown :-1 s=STATE_CONNECTION_ESTABLISHED l=0).read start len=40
2026-02-17T21:38:12.074+0000 7fc07ec0a640 20 --2- [v2:127.0.0.1:6800/1558383960,v1:127.0.0.1:6801/1558383960] >> conn(0x55f675fed800 0x55f67617a000 unknown :-1 s=BANNER_ACCEPTING pgs=0 cs=0 l=0 rev1=0 crypto rx=0 tx=0 comp rx=0 tx=0)._banner_exchange
2026-02-17T21:38:12.074+0000 7fc07e409640 20 --2- [v2:127.0.0.1:6800/1558383960,v1:127.0.0.1:6801/1558383960] >> conn(0x55f675fecc00 0x55f675dd2680 unknown :-1 s=HELLO_ACCEPTING pgs=0 cs=0 l=0 rev1=1 crypto rx=0 tx=0 comp rx=0 tx=0).handle_read_frame_segment r=0
2026-02-17T21:38:12.074+0000 7fc07e409640 10 --2- [v2:127.0.0.1:6800/1558383960,v1:127.0.0.1:6801/1558383960] >> conn(0x55f675fecc00 0x55f675dd2680 unknown :-1 s=HELLO_ACCEPTING pgs=0 cs=0 l=0 rev1=1 crypto rx=0 tx=0 comp rx=0 tx=0).handle_read_frame_dispatch tag=1
2026-02-17T21:38:12.074+0000 7fc07e409640 20 --2- [v2:127.0.0.1:6800/1558383960,v1:127.0.0.1:6801/1558383960] >> conn(0x55f675fecc00 0x55f675dd2680 unknown :-1 s=HELLO_ACCEPTING pgs=0 cs=0 l=0 rev1=1 crypto rx=0 tx=0 comp rx=0 tx=0).handle_hello payload.length()=36
2026-02-17T21:38:12.074+0000 7fc07e409640 5 --2- [v2:127.0.0.1:6800/1558383960,v1:127.0.0.1:6801/1558383960] >> conn(0x55f675fecc00 0x55f675dd2680 unknown :-1 s=HELLO_ACCEPTING pgs=0 cs=0 l=0 rev1=1 crypto rx=0 tx=0 comp rx=0 tx=0).handle_hello received hello: peer_type=8 peer_addr_for_me=v2:127.0.0.1:6800/1558383960
2026-02-17T21:38:12.074+0000 7fc07e409640 5 --2- [v2:127.0.0.1:6800/1558383960,v1:127.0.0.1:6801/1558383960] >> conn(0x55f675fecc00 0x55f675dd2680 unknown :-1 s=HELLO_ACCEPTING pgs=0 cs=0 l=0 rev1=1 crypto rx=0 tx=0 comp rx=0 tx=0).handle_hello getsockname says I am 127.0.0.1:6800 when talking to v2:127.0.0.1:46894/0
2026-02-17T21:38:12.074+0000 7fc07e409640 10 --2- [v2:127.0.0.1:6800/1558383960,v1:127.0.0.1:6801/1558383960] >> conn(0x55f675fecc00 0x55f675dd2680 unknown :-1 s=HELLO_ACCEPTING pgs=0 cs=0 l=1 rev1=1 crypto rx=0 tx=0 comp rx=0 tx=0).handle_hello accept of host_type 8, policy.lossy=1 policy.server=1 policy.standby=0 policy.resetcheck=0
2026-02-17T21:38:12.074+0000 7fc07e409640 20 --2- [v2:127.0.0.1:6800/1558383960,v1:127.0.0.1:6801/1558383960] >> conn(0x55f675fecc00 0x55f675dd2680 unknown :-1 s=HELLO_ACCEPTING pgs=0 cs=0 l=1 rev1=1 crypto rx=0 tx=0 comp rx=0 tx=0).post_server_banner_exchange
2026-02-17T21:38:12.074+0000 7fc07e409640 20 --2- [v2:127.0.0.1:6800/1558383960,v1:127.0.0.1:6801/1558383960] >> conn(0x55f675fecc00 0x55f675dd2680 unknown :-1 s=AUTH_ACCEPTING pgs=0 cs=0 l=1 rev1=1 crypto rx=0 tx=0 comp rx=0 tx=0).read_frame
2026-02-17T21:38:12.074+0000 7fc07cc06640 10 -- [v2:127.0.0.1:6800/1558383960,v1:127.0.0.1:6801/1558383960] >> conn(0x55f675fedc00 msgr2=0x55f67617a580 unknown :-1 s=STATE_CONNECTION_ESTABLISHED l=0)._try_send sent bytes 26 remaining bytes 0
2026-02-17T21:38:12.074+0000 7fc07e409640 20 -- [v2:127.0.0.1:6800/1558383960,v1:127.0.0.1:6801/1558383960] >> conn(0x55f675fecc00 msgr2=0x55f675dd2680 unknown :-1 s=STATE_CONNECTION_ESTABLISHED l=1).read start len=32
2026-02-17T21:38:12.074+0000 7fc07cc06640 20 -- [v2:127.0.0.1:6800/1558383960,v1:127.0.0.1:6801/1558383960] >> conn(0x55f675fedc00 msgr2=0x55f67617a580 unknown :-1 s=STATE_CONNECTION_ESTABLISHED l=0).read start len=10
2026-02-17T21:38:12.074+0000 7fc07ec0a640 10 -- [v2:127.0.0.1:6800/1558383960,v1:127.0.0.1:6801/1558383960] >> conn(0x55f675fed800 msgr2=0x55f67617a000 unknown :-1 s=STATE_CONNECTION_ESTABLISHED l=0)._try_send sent bytes 26 remaining bytes 0
2026-02-17T21:38:12.074+0000 7fc07e409640 20 --2- [v2:127.0.0.1:6800/1558383960,v1:127.0.0.1:6801/1558383960] >> conn(0x55f675fecc00 0x55f675dd2680 unknown :-1 s=AUTH_ACCEPTING pgs=0 cs=0 l=1 rev1=1 crypto rx=0 tx=0 comp rx=0 tx=0).handle_read_frame_preamble_main r=0
2026-02-17T21:38:12.074+0000 7fc07ec0a640 20 -- [v2:127.0.0.1:6800/1558383960,v1:127.0.0.1:6801/1558383960] >> conn(0x55f675fed800 msgr2=0x55f67617a000 unknown :-1 s=STATE_CONNECTION_ESTABLISHED l=0).read start len=10
2026-02-17T21:38:12.074+0000 7fc07e409640 20 --2- [v2:127.0.0.1:6800/1558383960,v1:127.0.0.1:6801/1558383960] >> conn(0x55f675fecc00 0x55f675dd2680 unknown :-1 s=AUTH_ACCEPTING pgs=0 cs=0 l=1 rev1=1 crypto rx=0 tx=0 comp rx=0 tx=0).read_frame_segment seg_idx=0
2026-02-17T21:38:12.074+0000 7fc07e409640 20 -- [v2:127.0.0.1:6800/1558383960,v1:127.0.0.1:6801/1558383960] >> conn(0x55f675fecc00 msgr2=0x55f675dd2680 unknown :-1 s=STATE_CONNECTION_ESTABLISHED l=1).read start len=38
2026-02-17T21:38:12.074+0000 7fc07cc06640 20 --2- [v2:127.0.0.1:6800/1558383960,v1:127.0.0.1:6801/1558383960] >> conn(0x55f675fedc00 0x55f67617a580 unknown :-1 s=BANNER_ACCEPTING pgs=0 cs=0 l=0 rev1=0 crypto rx=0 tx=0 comp rx=0 tx=0)._handle_peer_banner r=0
2026-02-17T21:38:12.074+0000 7fc07ec0a640 20 --2- [v2:127.0.0.1:6800/1558383960,v1:127.0.0.1:6801/1558383960] >> conn(0x55f675fed800 0x55f67617a000 unknown :-1 s=BANNER_ACCEPTING pgs=0 cs=0 l=0 rev1=0 crypto rx=0 tx=0 comp rx=0 tx=0)._handle_peer_banner r=0
2026-02-17T21:38:12.074+0000 7fc07cc06640 20 -- [v2:127.0.0.1:6800/1558383960,v1:127.0.0.1:6801/1558383960] >> conn(0x55f675fedc00 msgr2=0x55f67617a580 unknown :-1 s=STATE_CONNECTION_ESTABLISHED l=0).read start len=16
2026-02-17T21:38:12.074+0000 7fc07ec0a640 20 -- [v2:127.0.0.1:6800/1558383960,v1:127.0.0.1:6801/1558383960] >> conn(0x55f675fed800 msgr2=0x55f67617a000 unknown :-1 s=STATE_CONNECTION_ESTABLISHED l=0).read start len=16
2026-02-17T21:38:12.074+0000 7fc07cc06640 20 --2- [v2:127.0.0.1:6800/1558383960,v1:127.0.0.1:6801/1558383960] >> conn(0x55f675fedc00 0x55f67617a580 unknown :-1 s=BANNER_ACCEPTING pgs=0 cs=0 l=0 rev1=0 crypto rx=0 tx=0 comp rx=0 tx=0)._handle_peer_banner_payload r=0
2026-02-17T21:38:12.074+0000 7fc07ec0a640 20 --2- [v2:127.0.0.1:6800/1558383960,v1:127.0.0.1:6801/1558383960] >> conn(0x55f675fed800 0x55f67617a000 unknown :-1 s=BANNER_ACCEPTING pgs=0 cs=0 l=0 rev1=0 crypto rx=0 tx=0 comp rx=0 tx=0)._handle_peer_banner_payload r=0
2026-02-17T21:38:12.074+0000 7fc07cc06640 1 --2- [v2:127.0.0.1:6800/1558383960,v1:127.0.0.1:6801/1558383960] >> conn(0x55f675fedc00 0x55f67617a580 unknown :-1 s=BANNER_ACCEPTING pgs=0 cs=0 l=0 rev1=0 crypto rx=0 tx=0 comp rx=0 tx=0)._handle_peer_banner_payload supported=3 required=0
2026-02-17T21:38:12.074+0000 7fc07e409640 20 --2- [v2:127.0.0.1:6800/1558383960,v1:127.0.0.1:6801/1558383960] >> conn(0x55f675fecc00 0x55f675dd2680 unknown :-1 s=AUTH_ACCEPTING pgs=0 cs=0 l=1 rev1=1 crypto rx=0 tx=0 comp rx=0 tx=0).handle_read_frame_segment r=0
2026-02-17T21:38:12.074+0000 7fc07ec0a640 1 --2- [v2:127.0.0.1:6800/1558383960,v1:127.0.0.1:6801/1558383960] >> conn(0x55f675fed800 0x55f67617a000 unknown :-1 s=BANNER_ACCEPTING pgs=0 cs=0 l=0 rev1=0 crypto rx=0 tx=0 comp rx=0 tx=0)._handle_peer_banner_payload supported=3 required=0
2026-02-17T21:38:12.074+0000 7fc07e409640 10 --2- [v2:127.0.0.1:6800/1558383960,v1:127.0.0.1:6801/1558383960] >> conn(0x55f675fecc00 0x55f675dd2680 unknown :-1 s=AUTH_ACCEPTING pgs=0 cs=0 l=1 rev1=1 crypto rx=0 tx=0 comp rx=0 tx=0).handle_read_frame_dispatch tag=2
2026-02-17T21:38:12.074+0000 7fc07e409640 20 --2- [v2:127.0.0.1:6800/1558383960,v1:127.0.0.1:6801/1558383960] >> conn(0x55f675fecc00 0x55f675dd2680 unknown :-1 s=AUTH_ACCEPTING pgs=0 cs=0 l=1 rev1=1 crypto rx=0 tx=0 comp rx=0 tx=0).handle_auth_request payload.length()=34
2026-02-17T21:38:12.074+0000 7fc07e409640 10 --2- [v2:127.0.0.1:6800/1558383960,v1:127.0.0.1:6801/1558383960] >> conn(0x55f675fecc00 0x55f675dd2680 unknown :-1 s=AUTH_ACCEPTING pgs=0 cs=0 l=1 rev1=1 crypto rx=0 tx=0 comp rx=0 tx=0).handle_auth_request AuthRequest(method=1, preferred_modes=[1], payload_len=18)
2026-02-17T21:38:12.074+0000 7fc07ec0a640 10 -- [v2:127.0.0.1:6800/1558383960,v1:127.0.0.1:6801/1558383960] >> conn(0x55f675fed800 msgr2=0x55f67617a000 unknown :-1 s=STATE_CONNECTION_ESTABLISHED l=0)._try_send sent bytes 72 remaining bytes 0
2026-02-17T21:38:12.074+0000 7fc07e409640 10 mgr.server ms_handle_fast_authentication ms_handle_fast_authentication new session 0x55f67603db00 con 0x55f675fecc00 entity mgr.x addr
2026-02-17T21:38:12.074+0000 7fc07cc06640 10 -- [v2:127.0.0.1:6800/1558383960,v1:127.0.0.1:6801/1558383960] >> conn(0x55f675fedc00 msgr2=0x55f67617a580 unknown :-1 s=STATE_CONNECTION_ESTABLISHED l=0)._try_send sent bytes 72 remaining bytes 0
2026-02-17T21:38:12.074+0000 7fc07e409640 10 mgr.server ms_handle_fast_authentication session 0x55f67603db00 mgr.x allow_all
2026-02-17T21:38:12.074+0000 7fc07ec0a640 20 --2- [v2:127.0.0.1:6800/1558383960,v1:127.0.0.1:6801/1558383960] >> conn(0x55f675fed800 0x55f67617a000 unknown :-1 s=HELLO_ACCEPTING pgs=0 cs=0 l=0 rev1=1 crypto rx=0 tx=0 comp rx=0 tx=0).read_frame
2026-02-17T21:38:12.074+0000 7fc07cc06640 20 --2- [v2:127.0.0.1:6800/1558383960,v1:127.0.0.1:6801/1558383960] >> conn(0x55f675fedc00 0x55f67617a580 unknown :-1 s=HELLO_ACCEPTING pgs=0 cs=0 l=0 rev1=1 crypto rx=0 tx=0 comp rx=0 tx=0).read_frame
2026-02-17T21:38:12.074+0000 7fc07ec0a640 20 -- [v2:127.0.0.1:6800/1558383960,v1:127.0.0.1:6801/1558383960] >> conn(0x55f675fed800 msgr2=0x55f67617a000 unknown :-1 s=STATE_CONNECTION_ESTABLISHED l=0).read start len=32
2026-02-17T21:38:12.074+0000 7fc07cc06640 20 -- [v2:127.0.0.1:6800/1558383960,v1:127.0.0.1:6801/1558383960] >> conn(0x55f675fedc00 msgr2=0x55f67617a580 unknown :-1 s=STATE_CONNECTION_ESTABLISHED l=0).read start len=32
2026-02-17T21:38:12.074+0000 7fc07ec0a640 20 -- [v2:127.0.0.1:6800/1558383960,v1:127.0.0.1:6801/1558383960] >> conn(0x55f675fed000 msgr2=0x55f675dd2c00 crc :-1 s=STATE_CONNECTION_ESTABLISHED l=1).process
2026-02-17T21:38:12.074+0000 7fc07ec0a640 20 -- [v2:127.0.0.1:6800/1558383960,v1:127.0.0.1:6801/1558383960] >> conn(0x55f675fed000 msgr2=0x55f675dd2c00 crc :-1 s=STATE_CONNECTION_ESTABLISHED l=1).read continue len=32
2026-02-17T21:38:12.074+0000 7fc07cc06640 20 -- 127.0.0.1:0/3134888584 >> [v2:127.0.0.1:6800/1558383960,v1:127.0.0.1:6801/1558383960] conn(0x55f66c0a7800 msgr2=0x55f675dd3700 unknown :-1 s=STATE_CONNECTION_ESTABLISHED l=1).process
2026-02-17T21:38:12.074+0000 7fc07cc06640 20 -- 127.0.0.1:0/3134888584 >> [v2:127.0.0.1:6800/1558383960,v1:127.0.0.1:6801/1558383960] conn(0x55f66c0a7800 msgr2=0x55f675dd3700 unknown :-1 s=STATE_CONNECTION_ESTABLISHED l=1).read continue len=10
2026-02-17T21:38:12.074+0000 7fc07ec0a640 20 --2- [v2:127.0.0.1:6800/1558383960,v1:127.0.0.1:6801/1558383960] >> conn(0x55f675fed000 0x55f675dd2c00 crc :-1 s=AUTH_ACCEPTING_SIGN pgs=0 cs=0 l=1 rev1=1 crypto rx=0 tx=0 comp rx=0 tx=0).handle_read_frame_preamble_main r=0
2026-02-17T21:38:12.074+0000 7fc07ec0a640 20 --2- [v2:127.0.0.1:6800/1558383960,v1:127.0.0.1:6801/1558383960] >> conn(0x55f675fed000 0x55f675dd2c00 crc :-1 s=AUTH_ACCEPTING_SIGN pgs=0 cs=0 l=1 rev1=1 crypto rx=0 tx=0 comp rx=0 tx=0).read_frame_segment seg_idx=0
2026-02-17T21:38:12.074+0000 7fc07cc06640 20 --2- 127.0.0.1:0/3134888584 >> [v2:127.0.0.1:6800/1558383960,v1:127.0.0.1:6801/1558383960] conn(0x55f66c0a7800 0x55f675dd3700 unknown :-1 s=BANNER_CONNECTING pgs=0 cs=0 l=1 rev1=0 crypto rx=0 tx=0 comp rx=0 tx=0)._handle_peer_banner r=0
2026-02-17T21:38:12.074+0000 7fc07ec0a640 20 -- [v2:127.0.0.1:6800/1558383960,v1:127.0.0.1:6801/1558383960] >> conn(0x55f675fed000 msgr2=0x55f675dd2c00 crc :-1 s=STATE_CONNECTION_ESTABLISHED l=1).read start len=36
2026-02-17T21:38:12.074+0000 7fc07cc06640 20 -- 127.0.0.1:0/3134888584 >> [v2:127.0.0.1:6800/1558383960,v1:127.0.0.1:6801/1558383960] conn(0x55f66c0a7800 msgr2=0x55f675dd3700 unknown :-1 s=STATE_CONNECTION_ESTABLISHED l=1).read start len=16
2026-02-17T21:38:12.074+0000 7fc07ec0a640 20 --2- [v2:127.0.0.1:6800/1558383960,v1:127.0.0.1:6801/1558383960] >> conn(0x55f675fed000 0x55f675dd2c00 crc :-1 s=AUTH_ACCEPTING_SIGN pgs=0 cs=0 l=1 rev1=1 crypto rx=0 tx=0 comp rx=0 tx=0).handle_read_frame_segment r=0
2026-02-17T21:38:12.074+0000 7fc07cc06640 20 --2- 127.0.0.1:0/3134888584 >> [v2:127.0.0.1:6800/1558383960,v1:127.0.0.1:6801/1558383960] conn(0x55f66c0a7800 0x55f675dd3700 unknown :-1 s=BANNER_CONNECTING pgs=0 cs=0 l=1 rev1=0 crypto rx=0 tx=0 comp rx=0 tx=0)._handle_peer_banner_payload r=0
2026-02-17T21:38:12.074+0000 7fc07e409640 10 -- [v2:127.0.0.1:6800/1558383960,v1:127.0.0.1:6801/1558383960] >> conn(0x55f675fecc00 msgr2=0x55f675dd2680 crc :-1 s=STATE_CONNECTION_ESTABLISHED l=1)._try_send sent bytes 52 remaining bytes 0
2026-02-17T21:38:12.074+0000 7fc07ec0a640 10 --2- [v2:127.0.0.1:6800/1558383960,v1:127.0.0.1:6801/1558383960] >> conn(0x55f675fed000 0x55f675dd2c00 crc :-1 s=AUTH_ACCEPTING_SIGN pgs=0 cs=0 l=1 rev1=1 crypto rx=0 tx=0 comp rx=0 tx=0).handle_read_frame_dispatch tag=7
2026-02-17T21:38:12.074+0000 7fc07ec0a640 20 --2- [v2:127.0.0.1:6800/1558383960,v1:127.0.0.1:6801/1558383960] >> conn(0x55f675fed000 0x55f675dd2c00 crc :-1 s=AUTH_ACCEPTING_SIGN pgs=0 cs=0 l=1 rev1=1 crypto rx=0 tx=0 comp rx=0 tx=0).handle_auth_signature payload.length()=32
2026-02-17T21:38:12.074+0000 7fc07cc06640 1 --2- 127.0.0.1:0/3134888584 >> [v2:127.0.0.1:6800/1558383960,v1:127.0.0.1:6801/1558383960] conn(0x55f66c0a7800 0x55f675dd3700 unknown :-1 s=BANNER_CONNECTING pgs=0 cs=0 l=1 rev1=0 crypto rx=0 tx=0 comp rx=0 tx=0)._handle_peer_banner_payload supported=3 required=0
2026-02-17T21:38:12.074+0000 7fc07ec0a640 20 --2- [v2:127.0.0.1:6800/1558383960,v1:127.0.0.1:6801/1558383960] >> conn(0x55f675fed000 0x55f675dd2c00 crc :-1 s=AUTH_ACCEPTING_SIGN pgs=0 cs=0 l=1 rev1=1 crypto rx=0 tx=0 comp rx=0 tx=0).handle_auth_signature pre-auth signature success sig_frame.signature()=0000000000000000000000000000000000000000000000000000000000000000
2026-02-17T21:38:12.074+0000 7fc07e409640 10 -- [v2:127.0.0.1:6800/1558383960,v1:127.0.0.1:6801/1558383960] >> conn(0x55f675fecc00 msgr2=0x55f675dd2680 crc :-1 s=STATE_CONNECTION_ESTABLISHED l=1)._try_send sent bytes 68 remaining bytes 0
2026-02-17T21:38:12.074+0000 7fc07ec0a640 20 --2- [v2:127.0.0.1:6800/1558383960,v1:127.0.0.1:6801/1558383960] >> conn(0x55f675fed000 0x55f675dd2c00 crc :-1 s=COMPRESSION_ACCEPTING pgs=0 cs=0 l=1 rev1=1 crypto rx=0 tx=0 comp rx=0 tx=0).read_frame
2026-02-17T21:38:12.074+0000 7fc07e409640 20 --2- [v2:127.0.0.1:6800/1558383960,v1:127.0.0.1:6801/1558383960] >> conn(0x55f675fecc00 0x55f675dd2680 crc :-1 s=AUTH_ACCEPTING_SIGN pgs=0 cs=0 l=1 rev1=1 crypto rx=0 tx=0 comp rx=0 tx=0).read_frame
2026-02-17T21:38:12.074+0000 7fc07ec0a640 20 -- [v2:127.0.0.1:6800/1558383960,v1:127.0.0.1:6801/1558383960] >> conn(0x55f675fed000 msgr2=0x55f675dd2c00 crc :-1 s=STATE_CONNECTION_ESTABLISHED l=1).read start len=32
2026-02-17T21:38:12.074+0000 7fc07e409640 20 -- [v2:127.0.0.1:6800/1558383960,v1:127.0.0.1:6801/1558383960] >> conn(0x55f675fecc00 msgr2=0x55f675dd2680 crc :-1 s=STATE_CONNECTION_ESTABLISHED l=1).read start len=32
2026-02-17T21:38:12.074+0000 7fc07ec0a640 20 --2- [v2:127.0.0.1:6800/1558383960,v1:127.0.0.1:6801/1558383960] >> conn(0x55f675fed000 0x55f675dd2c00 crc :-1 s=COMPRESSION_ACCEPTING pgs=0 cs=0 l=1 rev1=1 crypto rx=0 tx=0 comp rx=0 tx=0).handle_read_frame_preamble_main r=0
2026-02-17T21:38:12.074+0000 7fc07cc06640 10 -- 127.0.0.1:0/3134888584 >> [v2:127.0.0.1:6800/1558383960,v1:127.0.0.1:6801/1558383960] conn(0x55f66c0a7800 msgr2=0x55f675dd3700 unknown :-1 s=STATE_CONNECTION_ESTABLISHED l=1)._try_send sent bytes 72 remaining bytes 0
2026-02-17T21:38:12.074+0000 7fc07ec0a640 20 --2- [v2:127.0.0.1:6800/1558383960,v1:127.0.0.1:6801/1558383960] >> conn(0x55f675fed000 0x55f675dd2c00 crc :-1 s=COMPRESSION_ACCEPTING pgs=0 cs=0 l=1 rev1=1 crypto rx=0 tx=0 comp rx=0 tx=0).read_frame_segment seg_idx=0
2026-02-17T21:38:12.074+0000 7fc07cc06640 20 --2- 127.0.0.1:0/3134888584 >> [v2:127.0.0.1:6800/1558383960,v1:127.0.0.1:6801/1558383960] conn(0x55f66c0a7800 0x55f675dd3700 unknown :-1 s=HELLO_CONNECTING pgs=0 cs=0 l=1 rev1=1 crypto rx=0 tx=0 comp rx=0 tx=0).read_frame
2026-02-17T21:38:12.074+0000 7fc07ec0a640 20 -- [v2:127.0.0.1:6800/1558383960,v1:127.0.0.1:6801/1558383960] >> conn(0x55f675fed000 msgr2=0x55f675dd2c00 crc :-1 s=STATE_CONNECTION_ESTABLISHED l=1).read start len=9
2026-02-17T21:38:12.074+0000 7fc07cc06640 20 -- 127.0.0.1:0/3134888584 >> [v2:127.0.0.1:6800/1558383960,v1:127.0.0.1:6801/1558383960] conn(0x55f66c0a7800 msgr2=0x55f675dd3700 unknown :-1 s=STATE_CONNECTION_ESTABLISHED l=1).read start len=32
2026-02-17T21:38:12.074+0000 7fc07ec0a640 20 --2- [v2:127.0.0.1:6800/1558383960,v1:127.0.0.1:6801/1558383960] >> conn(0x55f675fed000 0x55f675dd2c00 crc :-1 s=COMPRESSION_ACCEPTING pgs=0 cs=0 l=1 rev1=1 crypto rx=0 tx=0 comp rx=0 tx=0).handle_read_frame_segment r=0
2026-02-17T21:38:12.074+0000 7fc07cc06640 20 --2- 127.0.0.1:0/3134888584 >> [v2:127.0.0.1:6800/1558383960,v1:127.0.0.1:6801/1558383960] conn(0x55f66c0a7800 0x55f675dd3700 unknown :-1 s=HELLO_CONNECTING pgs=0 cs=0 l=1 rev1=1 crypto rx=0 tx=0 comp rx=0 tx=0).handle_read_frame_preamble_main r=0
2026-02-17T21:38:12.074+0000 7fc07ec0a640 10 --2- [v2:127.0.0.1:6800/1558383960,v1:127.0.0.1:6801/1558383960] >> conn(0x55f675fed000 0x55f675dd2c00 crc :-1 s=COMPRESSION_ACCEPTING pgs=0 cs=0 l=1 rev1=1 crypto rx=0 tx=0 comp rx=0 tx=0).handle_read_frame_dispatch tag=21
