2026-02-17T21:38:12.002+0000 7fbf87877640 10 mgr get_typed_config trash_purge_schedule not found
2026-02-17T21:38:12.002+0000 7fc07ec0a640 20 --2- 127.0.0.1:0/3190841109 >> v2:127.0.0.1:7146/0 conn(0x55f675dce000 0x55f675dd0000 crc :-1 s=READY pgs=8 cs=0 l=1 rev1=1 crypto rx=0 tx=0 comp rx=0 tx=0).prepare_send_message m=mon_command([{prefix=config-key set, key=mgr/telemetry/report_id}] v 0)
2026-02-17T21:38:12.002+0000 7fbf87877640 20 mgr get_config key: mgr/rbd_support/x/trash_purge_schedule
2026-02-17T21:38:12.002+0000 7fc07ec0a640 20 --2- 127.0.0.1:0/3190841109 >> v2:127.0.0.1:7146/0 conn(0x55f675dce000 0x55f675dd0000 crc :-1 s=READY pgs=8 cs=0 l=1 rev1=1 crypto rx=0 tx=0 comp rx=0 tx=0).prepare_send_message encoding features 4540701547738038271 0x55f675ce7dc0 mon_command([{prefix=config-key set, key=mgr/telemetry/report_id}] v 0)
2026-02-17T21:38:12.002+0000 7fbf87877640 20 mgr get_config key: mgr/rbd_support/trash_purge_schedule
2026-02-17T21:38:12.002+0000 7fbf87877640 10 mgr get_typed_config [x/]trash_purge_schedule not found
2026-02-17T21:38:12.002+0000 7fc07ec0a640 5 --2- 127.0.0.1:0/3190841109 >> v2:127.0.0.1:7146/0 conn(0x55f675dce000 0x55f675dd0000 crc :-1 s=READY pgs=8 cs=0 l=1 rev1=1 crypto rx=0 tx=0 comp rx=0 tx=0).write_message sending message m=0x55f675ce7dc0 seq=12 mon_command([{prefix=config-key set, key=mgr/telemetry/report_id}] v 0)
2026-02-17T21:38:12.002+0000 7fc07ec0a640 20 --2- 127.0.0.1:0/3190841109 >> v2:127.0.0.1:7146/0 conn(0x55f675dce000 0x55f675dd0000 crc :-1 s=READY pgs=8 cs=0 l=1 rev1=1 crypto rx=0 tx=0 comp rx=0 tx=0).write_message sending m=0x55f675ce7dc0 seq=12 src=mgr.4100 off=0
2026-02-17T21:38:12.002+0000 7fc07ec0a640 10 -- 127.0.0.1:0/3190841109 >> v2:127.0.0.1:7146/0 conn(0x55f675dce000 msgr2=0x55f675dd0000 crc :-1 s=STATE_CONNECTION_ESTABLISHED l=1)._try_send sent bytes 236 remaining bytes 0
2026-02-17T21:38:12.002+0000 7fc07ec0a640 10 --2- 127.0.0.1:0/3190841109 >> v2:127.0.0.1:7146/0 conn(0x55f675dce000 0x55f675dd0000 crc :-1 s=READY pgs=8 cs=0 l=1 rev1=1 crypto rx=0 tx=0 comp rx=0 tx=0).write_message sending 0x55f675ce7dc0 done.
2026-02-17T21:38:12.002+0000 7fbf87877640 1 -- 127.0.0.1:0/3190841109 --> v2:127.0.0.1:7146/0 -- mon_command({"prefix":"config rm","who":"mgr","name":"mgr/rbd_support/x/trash_purge_schedule"} v 0) -- 0x55f676026380 con 0x55f675dce000
2026-02-17T21:38:12.002+0000 7fbf87877640 5 --2- 127.0.0.1:0/3190841109 >> v2:127.0.0.1:7146/0 conn(0x55f675dce000 0x55f675dd0000 crc :-1 s=READY pgs=8 cs=0 l=1 rev1=1 crypto rx=0 tx=0 comp rx=0 tx=0).send_message enqueueing message m=0x55f676026380 type=50 mon_command({"prefix":"config rm","who":"mgr","name":"mgr/rbd_support/x/trash_purge_schedule"} v 0)
2026-02-17T21:38:12.002+0000 7fbf87877640 15 --2- 127.0.0.1:0/3190841109 >> v2:127.0.0.1:7146/0 conn(0x55f675dce000 0x55f675dd0000 crc :-1 s=READY pgs=8 cs=0 l=1 rev1=1 crypto rx=0 tx=0 comp rx=0 tx=0).send_message inline write is denied, reschedule m=0x55f676026380
2026-02-17T21:38:12.002+0000 7fbf87877640 20 Event(0x55f66c0f4bc8 nevent=5000 time_id=9).wakeup
2026-02-17T21:38:12.002+0000 7fc07ec0a640 10 -- 127.0.0.1:0/3190841109 >> v2:127.0.0.1:7146/0 conn(0x55f675dce000 msgr2=0x55f675dd0000 crc :-1 s=STATE_CONNECTION_ESTABLISHED l=1).handle_write
2026-02-17T21:38:12.002+0000 7fc07ec0a640 10 --2- 127.0.0.1:0/3190841109 >> v2:127.0.0.1:7146/0 conn(0x55f675dce000 0x55f675dd0000 crc :-1 s=READY pgs=8 cs=0 l=1 rev1=1 crypto rx=0 tx=0 comp rx=0 tx=0).write_event
2026-02-17T21:38:12.002+0000 7fc07ec0a640 20 --2- 127.0.0.1:0/3190841109 >> v2:127.0.0.1:7146/0 conn(0x55f675dce000 0x55f675dd0000 crc :-1 s=READY pgs=8 cs=0 l=1 rev1=1 crypto rx=0 tx=0 comp rx=0 tx=0).prepare_send_message m=mon_command({"prefix":"config rm","who":"mgr","name":"mgr/rbd_support/x/trash_purge_schedule"} v 0)
2026-02-17T21:38:12.002+0000 7fc07ec0a640 20 --2- 127.0.0.1:0/3190841109 >> v2:127.0.0.1:7146/0 conn(0x55f675dce000 0x55f675dd0000 crc :-1 s=READY pgs=8 cs=0 l=1 rev1=1 crypto rx=0 tx=0 comp rx=0 tx=0).prepare_send_message encoding features 4540701547738038271 0x55f676026380 mon_command({"prefix":"config rm","who":"mgr","name":"mgr/rbd_support/x/trash_purge_schedule"} v 0)
2026-02-17T21:38:12.002+0000 7fc07ec0a640 5 --2- 127.0.0.1:0/3190841109 >> v2:127.0.0.1:7146/0 conn(0x55f675dce000 0x55f675dd0000 crc :-1 s=READY pgs=8 cs=0 l=1 rev1=1 crypto rx=0 tx=0 comp rx=0 tx=0).write_message sending message m=0x55f676026380 seq=13 mon_command({"prefix":"config rm","who":"mgr","name":"mgr/rbd_support/x/trash_purge_schedule"} v 0)
2026-02-17T21:38:12.002+0000 7fc07ec0a640 20 --2- 127.0.0.1:0/3190841109 >> v2:127.0.0.1:7146/0 conn(0x55f675dce000 0x55f675dd0000 crc :-1 s=READY pgs=8 cs=0 l=1 rev1=1 crypto rx=0 tx=0 comp rx=0 tx=0).write_message sending m=0x55f676026380 seq=13 src=mgr.4100 off=0
2026-02-17T21:38:12.002+0000 7fbf9909a640 20 CompressorRegistry(0x55f675dd6f18) adding algorithm method: snappy
2026-02-17T21:38:12.002+0000 7fbf9909a640 20 CompressorRegistry(0x55f675dd6f18) _parse_method_list snappy -> [1]
2026-02-17T21:38:12.002+0000 7fbf9909a640 10 CompressorRegistry(0x55f675dd6f18) _refresh_config ms_osd_compression_mode 0 ms_osd_compression_methods [1] ms_osd_compress_above_min_size 1024 ms_compress_secure 0
2026-02-17T21:38:12.002+0000 7fc07ec0a640 10 -- 127.0.0.1:0/3190841109 >> v2:127.0.0.1:7146/0 conn(0x55f675dce000 msgr2=0x55f675dd0000 crc :-1 s=STATE_CONNECTION_ESTABLISHED l=1)._try_send sent bytes 214 remaining bytes 0
2026-02-17T21:38:12.002+0000 7fc07ec0a640 10 --2- 127.0.0.1:0/3190841109 >> v2:127.0.0.1:7146/0 conn(0x55f675dce000 0x55f675dd0000 crc :-1 s=READY pgs=8 cs=0 l=1 rev1=1 crypto rx=0 tx=0 comp rx=0 tx=0).write_message sending 0x55f676026380 done.
2026-02-17T21:38:12.002+0000 7fbf9909a640 10 -- ready
2026-02-17T21:38:12.002+0000 7fbf9909a640 1 Processor -- start
2026-02-17T21:38:12.002+0000 7fbf9909a640 20 Event(0x55f66c0f4088 nevent=5000 time_id=5).wakeup
2026-02-17T21:38:12.002+0000 7fbf9909a640 1 -- start start
2026-02-17T21:38:12.002+0000 7fbf9909a640 10 -- create_connect v2:127.0.0.1:7146/0, creating connection and registering
2026-02-17T21:38:12.002+0000 7fbf9909a640 10 -- >> v2:127.0.0.1:7146/0 conn(0x55f675dcf800 msgr2=0x55f675dd1080 unknown :-1 s=STATE_NONE l=0)._connect
2026-02-17T21:38:12.002+0000 7fbf9909a640 1 --2- >> v2:127.0.0.1:7146/0 conn(0x55f675dcf800 0x55f675dd1080 unknown :-1 s=NONE pgs=0 cs=0 l=0 rev1=0 crypto rx=0 tx=0 comp rx=0 tx=0).connect
2026-02-17T21:38:12.002+0000 7fbf9909a640 20 Event(0x55f66c0f4508 nevent=5000 time_id=1).wakeup
2026-02-17T21:38:12.002+0000 7fbf9909a640 10 -- create_connect 0x55f675dcf800 v2:127.0.0.1:7146/0 v2:127.0.0.1:7146/0
2026-02-17T21:38:12.002+0000 7fbf9909a640 10 -- connect_to v2:127.0.0.1:7146/0 new 0x55f675dcf800
2026-02-17T21:38:12.002+0000 7fbf9909a640 1 -- --> v2:127.0.0.1:7146/0 -- mon_getmap magic: 0 -- 0x55f675e4d380 con 0x55f675dcf800
2026-02-17T21:38:12.002+0000 7fc07cc06640 20 -- >> v2:127.0.0.1:7146/0 conn(0x55f675dcf800 msgr2=0x55f675dd1080 unknown :-1 s=STATE_CONNECTING l=0).process
2026-02-17T21:38:12.002+0000 7fbf9909a640 5 --2- >> v2:127.0.0.1:7146/0 conn(0x55f675dcf800 0x55f675dd1080 unknown :-1 s=START_CONNECT pgs=0 cs=0 l=0 rev1=0 crypto rx=0 tx=0 comp rx=0 tx=0).send_message enqueueing message m=0x55f675e4d380 type=5 mon_getmap magic: 0
2026-02-17T21:38:12.002+0000 7fbf9909a640 15 --2- >> v2:127.0.0.1:7146/0 conn(0x55f675dcf800 0x55f675dd1080 unknown :-1 s=START_CONNECT pgs=0 cs=0 l=0 rev1=0 crypto rx=0 tx=0 comp rx=0 tx=0).send_message inline write is denied, reschedule m=0x55f675e4d380
2026-02-17T21:38:12.002+0000 7fc07cc06640 20 Event(0x55f66c0f4508 nevent=5000 time_id=2).create_file_event create event started fd=32 mask=1 original mask is 0
2026-02-17T21:38:12.002+0000 7fc07cc06640 20 EpollDriver.add_event add event fd=32 cur_mask=0 add_mask=1 to 16
2026-02-17T21:38:12.006+0000 7fc07cc06640 20 Event(0x55f66c0f4508 nevent=5000 time_id=2).create_file_event create event end fd=32 mask=1 current mask is 1
2026-02-17T21:38:12.006+0000 7fc07cc06640 20 EpollDriver.del_event del event fd=32 cur_mask=1 delmask=2 to 16
2026-02-17T21:38:12.006+0000 7fc07cc06640 10 -- >> v2:127.0.0.1:7146/0 conn(0x55f675dcf800 msgr2=0x55f675dd1080 unknown :-1 s=STATE_CONNECTING_RE l=0).process connect successfully, ready to send banner
2026-02-17T21:38:12.006+0000 7fc07cc06640 20 --2- >> v2:127.0.0.1:7146/0 conn(0x55f675dcf800 0x55f675dd1080 unknown :-1 s=START_CONNECT pgs=0 cs=0 l=0 rev1=0 crypto rx=0 tx=0 comp rx=0 tx=0).read_event
2026-02-17T21:38:12.006+0000 7fc07cc06640 20 --2- >> v2:127.0.0.1:7146/0 conn(0x55f675dcf800 0x55f675dd1080 unknown :-1 s=START_CONNECT pgs=0 cs=0 l=0 rev1=0 crypto rx=0 tx=0 comp rx=0 tx=0).start_client_banner_exchange
2026-02-17T21:38:12.006+0000 7fc07cc06640 20 --2- >> v2:127.0.0.1:7146/0 conn(0x55f675dcf800 0x55f675dd1080 unknown :-1 s=BANNER_CONNECTING pgs=0 cs=0 l=0 rev1=0 crypto rx=0 tx=0 comp rx=0 tx=0)._banner_exchange
2026-02-17T21:38:12.006+0000 7fc07cc06640 10 -- >> v2:127.0.0.1:7146/0 conn(0x55f675dcf800 msgr2=0x55f675dd1080 unknown :-1 s=STATE_CONNECTION_ESTABLISHED l=0)._try_send sent bytes 26 remaining bytes 0
2026-02-17T21:38:12.006+0000 7fc07cc06640 20 -- >> v2:127.0.0.1:7146/0 conn(0x55f675dcf800 msgr2=0x55f675dd1080 unknown :-1 s=STATE_CONNECTION_ESTABLISHED l=0).read start len=10
2026-02-17T21:38:12.006+0000 7fc07cc06640 20 -- >> v2:127.0.0.1:7146/0 conn(0x55f675dcf800 msgr2=0x55f675dd1080 unknown :-1 s=STATE_CONNECTION_ESTABLISHED l=0).process
2026-02-17T21:38:12.006+0000 7fc07cc06640 20 -- >> v2:127.0.0.1:7146/0 conn(0x55f675dcf800 msgr2=0x55f675dd1080 unknown :-1 s=STATE_CONNECTION_ESTABLISHED l=0).read continue len=10
2026-02-17T21:38:12.006+0000 7fc07cc06640 20 --2- >> v2:127.0.0.1:7146/0 conn(0x55f675dcf800 0x55f675dd1080 unknown :-1 s=BANNER_CONNECTING pgs=0 cs=0 l=0 rev1=0 crypto rx=0 tx=0 comp rx=0 tx=0)._handle_peer_banner r=0
2026-02-17T21:38:12.006+0000 7fc07cc06640 20 -- >> v2:127.0.0.1:7146/0 conn(0x55f675dcf800 msgr2=0x55f675dd1080 unknown :-1 s=STATE_CONNECTION_ESTABLISHED l=0).read start len=16
2026-02-17T21:38:12.006+0000 7fc07cc06640 20 --2- >> v2:127.0.0.1:7146/0 conn(0x55f675dcf800 0x55f675dd1080 unknown :-1 s=BANNER_CONNECTING pgs=0 cs=0 l=0 rev1=0 crypto rx=0 tx=0 comp rx=0 tx=0)._handle_peer_banner_payload r=0
2026-02-17T21:38:12.006+0000 7fc07cc06640 1 --2- >> v2:127.0.0.1:7146/0 conn(0x55f675dcf800 0x55f675dd1080 unknown :-1 s=BANNER_CONNECTING pgs=0 cs=0 l=0 rev1=0 crypto rx=0 tx=0 comp rx=0 tx=0)._handle_peer_banner_payload supported=3 required=0
2026-02-17T21:38:12.006+0000 7fc07cc06640 10 -- >> v2:127.0.0.1:7146/0 conn(0x55f675dcf800 msgr2=0x55f675dd1080 unknown :-1 s=STATE_CONNECTION_ESTABLISHED l=0)._try_send sent bytes 72 remaining bytes 0
2026-02-17T21:38:12.006+0000 7fc07cc06640 20 --2- >> v2:127.0.0.1:7146/0 conn(0x55f675dcf800 0x55f675dd1080 unknown :-1 s=HELLO_CONNECTING pgs=0 cs=0 l=0 rev1=1 crypto rx=0 tx=0 comp rx=0 tx=0).read_frame
2026-02-17T21:38:12.006+0000 7fc07cc06640 20 -- >> v2:127.0.0.1:7146/0 conn(0x55f675dcf800 msgr2=0x55f675dd1080 unknown :-1 s=STATE_CONNECTION_ESTABLISHED l=0).read start len=32
2026-02-17T21:38:12.006+0000 7fc07cc06640 20 --2- >> v2:127.0.0.1:7146/0 conn(0x55f675dcf800 0x55f675dd1080 unknown :-1 s=HELLO_CONNECTING pgs=0 cs=0 l=0 rev1=1 crypto rx=0 tx=0 comp rx=0 tx=0).handle_read_frame_preamble_main r=0
2026-02-17T21:38:12.006+0000 7fc07cc06640 20 --2- >> v2:127.0.0.1:7146/0 conn(0x55f675dcf800 0x55f675dd1080 unknown :-1 s=HELLO_CONNECTING pgs=0 cs=0 l=0 rev1=1 crypto rx=0 tx=0 comp rx=0 tx=0).read_frame_segment seg_idx=0
2026-02-17T21:38:12.006+0000 7fc07cc06640 20 -- >> v2:127.0.0.1:7146/0 conn(0x55f675dcf800 msgr2=0x55f675dd1080 unknown :-1 s=STATE_CONNECTION_ESTABLISHED l=0).read start len=40
2026-02-17T21:38:12.006+0000 7fc07cc06640 20 --2- >> v2:127.0.0.1:7146/0 conn(0x55f675dcf800 0x55f675dd1080 unknown :-1 s=HELLO_CONNECTING pgs=0 cs=0 l=0 rev1=1 crypto rx=0 tx=0 comp rx=0 tx=0).handle_read_frame_segment r=0
2026-02-17T21:38:12.006+0000 7fc07cc06640 10 --2- >> v2:127.0.0.1:7146/0 conn(0x55f675dcf800 0x55f675dd1080 unknown :-1 s=HELLO_CONNECTING pgs=0 cs=0 l=0 rev1=1 crypto rx=0 tx=0 comp rx=0 tx=0).handle_read_frame_dispatch tag=1
2026-02-17T21:38:12.006+0000 7fc07cc06640 20 --2- >> v2:127.0.0.1:7146/0 conn(0x55f675dcf800 0x55f675dd1080 unknown :-1 s=HELLO_CONNECTING pgs=0 cs=0 l=0 rev1=1 crypto rx=0 tx=0 comp rx=0 tx=0).handle_hello payload.length()=36
2026-02-17T21:38:12.006+0000 7fc07cc06640 5 --2- >> v2:127.0.0.1:7146/0 conn(0x55f675dcf800 0x55f675dd1080 unknown :-1 s=HELLO_CONNECTING pgs=0 cs=0 l=0 rev1=1 crypto rx=0 tx=0 comp rx=0 tx=0).handle_hello received hello: peer_type=1 peer_addr_for_me=v2:127.0.0.1:43506/0
2026-02-17T21:38:12.006+0000 7fc07cc06640 5 --2- >> v2:127.0.0.1:7146/0 conn(0x55f675dcf800 0x55f675dd1080 unknown :-1 s=HELLO_CONNECTING pgs=0 cs=0 l=0 rev1=1 crypto rx=0 tx=0 comp rx=0 tx=0).handle_hello getsockname says I am 127.0.0.1:43506 when talking to v2:127.0.0.1:7146/0
2026-02-17T21:38:12.006+0000 7fc07cc06640 1 --2- >> v2:127.0.0.1:7146/0 conn(0x55f675dcf800 0x55f675dd1080 unknown :-1 s=HELLO_CONNECTING pgs=0 cs=0 l=0 rev1=1 crypto rx=0 tx=0 comp rx=0 tx=0).handle_hello peer v2:127.0.0.1:7146/0 says I am v2:127.0.0.1:43506/0 (socket says 127.0.0.1:43506)
2026-02-17T21:38:12.006+0000 7fc07cc06640 10 -- 127.0.0.1:0/1132176060 learned_addr had no addrs
2026-02-17T21:38:12.006+0000 7fc07cc06640 1 -- 127.0.0.1:0/1132176060 learned_addr learned my addr 127.0.0.1:0/1132176060 (peer_addr_for_me v2:127.0.0.1:0/0)
2026-02-17T21:38:12.006+0000 7fc07cc06640 20 --2- 127.0.0.1:0/1132176060 >> v2:127.0.0.1:7146/0 conn(0x55f675dcf800 0x55f675dd1080 unknown :-1 s=HELLO_CONNECTING pgs=0 cs=0 l=0 rev1=1 crypto rx=0 tx=0 comp rx=0 tx=0).post_client_banner_exchange
2026-02-17T21:38:12.006+0000 7fc07cc06640 20 --2- 127.0.0.1:0/1132176060 >> v2:127.0.0.1:7146/0 conn(0x55f675dcf800 0x55f675dd1080 unknown :-1 s=AUTH_CONNECTING pgs=0 cs=0 l=0 rev1=1 crypto rx=0 tx=0 comp rx=0 tx=0).send_auth_request peer_type 1 auth_client 0x7fbf99094cc0
2026-02-17T21:38:12.006+0000 7fc07cc06640 10 -- 127.0.0.1:0/1132176060 >> v2:127.0.0.1:7146/0 conn(0x55f675dcf800 msgr2=0x55f675dd1080 unknown :-1 s=STATE_CONNECTION_ESTABLISHED l=0)._try_send sent bytes 70 remaining bytes 0
2026-02-17T21:38:12.006+0000 7fc07cc06640 20 --2- 127.0.0.1:0/1132176060 >> v2:127.0.0.1:7146/0 conn(0x55f675dcf800 0x55f675dd1080 unknown :-1 s=AUTH_CONNECTING pgs=0 cs=0 l=0 rev1=1 crypto rx=0 tx=0 comp rx=0 tx=0).read_frame
2026-02-17T21:38:12.006+0000 7fc07cc06640 20 -- 127.0.0.1:0/1132176060 >> v2:127.0.0.1:7146/0 conn(0x55f675dcf800 msgr2=0x55f675dd1080 unknown :-1 s=STATE_CONNECTION_ESTABLISHED l=0).read start len=32
2026-02-17T21:38:12.006+0000 7fc07cc06640 20 -- 127.0.0.1:0/1132176060 >> v2:127.0.0.1:7146/0 conn(0x55f675dcf800 msgr2=0x55f675dd1080 unknown :-1 s=STATE_CONNECTION_ESTABLISHED l=0).process
2026-02-17T21:38:12.006+0000 7fc07cc06640 20 -- 127.0.0.1:0/1132176060 >> v2:127.0.0.1:7146/0 conn(0x55f675dcf800 msgr2=0x55f675dd1080 unknown :-1 s=STATE_CONNECTION_ESTABLISHED l=0).read continue len=32
2026-02-17T21:38:12.006+0000 7fc07cc06640 20 --2- 127.0.0.1:0/1132176060 >> v2:127.0.0.1:7146/0 conn(0x55f675dcf800 0x55f675dd1080 unknown :-1 s=AUTH_CONNECTING pgs=0 cs=0 l=0 rev1=1 crypto rx=0 tx=0 comp rx=0 tx=0).handle_read_frame_preamble_main r=0
2026-02-17T21:38:12.006+0000 7fc07cc06640 20 --2- 127.0.0.1:0/1132176060 >> v2:127.0.0.1:7146/0 conn(0x55f675dcf800 0x55f675dd1080 unknown :-1 s=AUTH_CONNECTING pgs=0 cs=0 l=0 rev1=1 crypto rx=0 tx=0 comp rx=0 tx=0).read_frame_segment seg_idx=0
2026-02-17T21:38:12.006+0000 7fc07cc06640 20 -- 127.0.0.1:0/1132176060 >> v2:127.0.0.1:7146/0 conn(0x55f675dcf800 msgr2=0x55f675dd1080 unknown :-1 s=STATE_CONNECTION_ESTABLISHED l=0).read start len=20
2026-02-17T21:38:12.006+0000 7fc07cc06640 20 --2- 127.0.0.1:0/1132176060 >> v2:127.0.0.1:7146/0 conn(0x55f675dcf800 0x55f675dd1080 unknown :-1 s=AUTH_CONNECTING pgs=0 cs=0 l=0 rev1=1 crypto rx=0 tx=0 comp rx=0 tx=0).handle_read_frame_segment r=0
2026-02-17T21:38:12.006+0000 7fc07cc06640 10 --2- 127.0.0.1:0/1132176060 >> v2:127.0.0.1:7146/0 conn(0x55f675dcf800 0x55f675dd1080 unknown :-1 s=AUTH_CONNECTING pgs=0 cs=0 l=0 rev1=1 crypto rx=0 tx=0 comp rx=0 tx=0).handle_read_frame_dispatch tag=6
2026-02-17T21:38:12.006+0000 7fc07cc06640 20 --2- 127.0.0.1:0/1132176060 >> v2:127.0.0.1:7146/0 conn(0x55f675dcf800 0x55f675dd1080 unknown :-1 s=AUTH_CONNECTING pgs=0 cs=0 l=0 rev1=1 crypto rx=0 tx=0 comp rx=0 tx=0).handle_auth_done payload.length()=16
2026-02-17T21:38:12.006+0000 7fc07cc06640 1 -- 127.0.0.1:0/1132176060 --> v2:127.0.0.1:7146/0 -- mon_subscribe({config=0+,monmap=0+}) -- 0x55f675dab860 con 0x55f675dcf800
2026-02-17T21:38:12.006+0000 7fc07cc06640 5 --2- 127.0.0.1:0/1132176060 >> v2:127.0.0.1:7146/0 conn(0x55f675dcf800 0x55f675dd1080 unknown :-1 s=AUTH_CONNECTING pgs=0 cs=0 l=0 rev1=1 crypto rx=0 tx=0 comp rx=0 tx=0).send_message enqueueing message m=0x55f675dab860 type=15 mon_subscribe({config=0+,monmap=0+})
2026-02-17T21:38:12.006+0000 7fc07cc06640 15 --2- 127.0.0.1:0/1132176060 >> v2:127.0.0.1:7146/0 conn(0x55f675dcf800 0x55f675dd1080 unknown :-1 s=AUTH_CONNECTING pgs=0 cs=0 l=0 rev1=1 crypto rx=0 tx=0 comp rx=0 tx=0).send_message inline write is denied, reschedule m=0x55f675dab860
2026-02-17T21:38:12.006+0000 7fc07cc06640 10 -- 127.0.0.1:0/1132176060 >> v2:127.0.0.1:7146/0 conn(0x55f675dcf800 msgr2=0x55f675dd1080 crc :-1 s=STATE_CONNECTION_ESTABLISHED l=0)._try_send sent bytes 68 remaining bytes 0
2026-02-17T21:38:12.006+0000 7fc07cc06640 20 --2- 127.0.0.1:0/1132176060 >> v2:127.0.0.1:7146/0 conn(0x55f675dcf800 0x55f675dd1080 crc :-1 s=AUTH_CONNECTING_SIGN pgs=0 cs=0 l=0 rev1=1 crypto rx=0 tx=0 comp rx=0 tx=0).read_frame
2026-02-17T21:38:12.006+0000 7fc07cc06640 20 -- 127.0.0.1:0/1132176060 >> v2:127.0.0.1:7146/0 conn(0x55f675dcf800 msgr2=0x55f675dd1080 crc :-1 s=STATE_CONNECTION_ESTABLISHED l=0).read start len=32
2026-02-17T21:38:12.006+0000 7fc07cc06640 20 --2- 127.0.0.1:0/1132176060 >> v2:127.0.0.1:7146/0 conn(0x55f675dcf800 0x55f675dd1080 crc :-1 s=AUTH_CONNECTING_SIGN pgs=0 cs=0 l=0 rev1=1 crypto rx=0 tx=0 comp rx=0 tx=0).handle_read_frame_preamble_main r=0
2026-02-17T21:38:12.006+0000 7fc07cc06640 20 --2- 127.0.0.1:0/1132176060 >> v2:127.0.0.1:7146/0 conn(0x55f675dcf800 0x55f675dd1080 crc :-1 s=AUTH_CONNECTING_SIGN pgs=0 cs=0 l=0 rev1=1 crypto rx=0 tx=0 comp rx=0 tx=0).read_frame_segment seg_idx=0
2026-02-17T21:38:12.006+0000 7fc07cc06640 20 -- 127.0.0.1:0/1132176060 >> v2:127.0.0.1:7146/0 conn(0x55f675dcf800 msgr2=0x55f675dd1080 crc :-1 s=STATE_CONNECTION_ESTABLISHED l=0).read start len=36
2026-02-17T21:38:12.006+0000 7fc07cc06640 20 --2- 127.0.0.1:0/1132176060 >> v2:127.0.0.1:7146/0 conn(0x55f675dcf800 0x55f675dd1080 crc :-1 s=AUTH_CONNECTING_SIGN pgs=0 cs=0 l=0 rev1=1 crypto rx=0 tx=0 comp rx=0 tx=0).handle_read_frame_segment r=0
2026-02-17T21:38:12.006+0000 7fc07cc06640 10 --2- 127.0.0.1:0/1132176060 >> v2:127.0.0.1:7146/0 conn(0x55f675dcf800 0x55f675dd1080 crc :-1 s=AUTH_CONNECTING_SIGN pgs=0 cs=0 l=0 rev1=1 crypto rx=0 tx=0 comp rx=0 tx=0).handle_read_frame_dispatch tag=7
2026-02-17T21:38:12.006+0000 7fc07cc06640 20 --2- 127.0.0.1:0/1132176060 >> v2:127.0.0.1:7146/0 conn(0x55f675dcf800 0x55f675dd1080 crc :-1 s=AUTH_CONNECTING_SIGN pgs=0 cs=0 l=0 rev1=1 crypto rx=0 tx=0 comp rx=0 tx=0).handle_auth_signature payload.length()=32
2026-02-17T21:38:12.006+0000 7fc07cc06640 20 --2- 127.0.0.1:0/1132176060 >> v2:127.0.0.1:7146/0 conn(0x55f675dcf800 0x55f675dd1080 crc :-1 s=AUTH_CONNECTING_SIGN pgs=0 cs=0 l=0 rev1=1 crypto rx=0 tx=0 comp rx=0 tx=0).handle_auth_signature pre-auth signature success sig_frame.signature()=0000000000000000000000000000000000000000000000000000000000000000
2026-02-17T21:38:12.006+0000 7fc07cc06640 20 CompressorRegistry(0x55f675dd6f18) get_mode peer_type 1 is_secure 0
2026-02-17T21:38:12.006+0000 7fc07cc06640 10 -- 127.0.0.1:0/1132176060 >> v2:127.0.0.1:7146/0 conn(0x55f675dcf800 msgr2=0x55f675dd1080 crc :-1 s=STATE_CONNECTION_ESTABLISHED l=0)._try_send sent bytes 41 remaining bytes 0
2026-02-17T21:38:12.006+0000 7fc07cc06640 20 --2- 127.0.0.1:0/1132176060 >> v2:127.0.0.1:7146/0 conn(0x55f675dcf800 0x55f675dd1080 crc :-1 s=COMPRESSION_CONNECTING pgs=0 cs=0 l=0 rev1=1 crypto rx=0 tx=0 comp rx=0 tx=0).read_frame
2026-02-17T21:38:12.006+0000 7fc07cc06640 20 -- 127.0.0.1:0/1132176060 >> v2:127.0.0.1:7146/0 conn(0x55f675dcf800 msgr2=0x55f675dd1080 crc :-1 s=STATE_CONNECTION_ESTABLISHED l=0).read start len=32
2026-02-17T21:38:12.006+0000 7fc07cc06640 20 -- 127.0.0.1:0/1132176060 >> v2:127.0.0.1:7146/0 conn(0x55f675dcf800 msgr2=0x55f675dd1080 crc :-1 s=STATE_CONNECTION_ESTABLISHED l=0).process
2026-02-17T21:38:12.006+0000 7fc07cc06640 20 -- 127.0.0.1:0/1132176060 >> v2:127.0.0.1:7146/0 conn(0x55f675dcf800 msgr2=0x55f675dd1080 crc :-1 s=STATE_CONNECTION_ESTABLISHED l=0).read continue len=32
2026-02-17T21:38:12.006+0000 7fc07cc06640 20 --2- 127.0.0.1:0/1132176060 >> v2:127.0.0.1:7146/0 conn(0x55f675dcf800 0x55f675dd1080 crc :-1 s=COMPRESSION_CONNECTING pgs=0 cs=0 l=0 rev1=1 crypto rx=0 tx=0 comp rx=0 tx=0).handle_read_frame_preamble_main r=0
2026-02-17T21:38:12.006+0000 7fc07cc06640 20 --2- 127.0.0.1:0/1132176060 >> v2:127.0.0.1:7146/0 conn(0x55f675dcf800 0x55f675dd1080 crc :-1 s=COMPRESSION_CONNECTING pgs=0 cs=0 l=0 rev1=1 crypto rx=0 tx=0 comp rx=0 tx=0).read_frame_segment seg_idx=0
2026-02-17T21:38:12.006+0000 7fc07cc06640 20 -- 127.0.0.1:0/1132176060 >> v2:127.0.0.1:7146/0 conn(0x55f675dcf800 msgr2=0x55f675dd1080 crc :-1 s=STATE_CONNECTION_ESTABLISHED l=0).read start len=9
2026-02-17T21:38:12.006+0000 7fc07cc06640 20 --2- 127.0.0.1:0/1132176060 >> v2:127.0.0.1:7146/0 conn(0x55f675dcf800 0x55f675dd1080 crc :-1 s=COMPRESSION_CONNECTING pgs=0 cs=0 l=0 rev1=1 crypto rx=0 tx=0 comp rx=0 tx=0).handle_read_frame_segment r=0
2026-02-17T21:38:12.006+0000 7fc07cc06640 10 --2- 127.0.0.1:0/1132176060 >> v2:127.0.0.1:7146/0 conn(0x55f675dcf800 0x55f675dd1080 crc :-1 s=COMPRESSION_CONNECTING pgs=0 cs=0 l=0 rev1=1 crypto rx=0 tx=0 comp rx=0 tx=0).handle_read_frame_dispatch tag=22
2026-02-17T21:38:12.006+0000 7fc07cc06640 10 --2- 127.0.0.1:0/1132176060 >> v2:127.0.0.1:7146/0 conn(0x55f675dcf800 0x55f675dd1080 crc :-1 s=COMPRESSION_CONNECTING pgs=0 cs=0 l=0 rev1=1 crypto rx=0 tx=0 comp rx=0 tx=0).handle_compression_done CompressionDoneFrame(is_compress=0, method=0)
2026-02-17T21:38:12.006+0000 7fc07cc06640 20 --2- 127.0.0.1:0/1132176060 >> v2:127.0.0.1:7146/0 conn(0x55f675dcf800 0x55f675dd1080 crc :-1 s=SESSION_CONNECTING pgs=0 cs=0 l=0 rev1=1 crypto rx=0 tx=0 comp rx=0 tx=0).send_client_ident
2026-02-17T21:38:12.006+0000 7fc07cc06640 5 --2- 127.0.0.1:0/1132176060 >> v2:127.0.0.1:7146/0 conn(0x55f675dcf800 0x55f675dd1080 crc :-1 s=SESSION_CONNECTING pgs=0 cs=0 l=0 rev1=1 crypto rx=0 tx=0 comp rx=0 tx=0).send_client_ident sending identification: addrs=127.0.0.1:0/1132176060 target=v2:127.0.0.1:7146/0 gid=-1 global_seq=1 features_supported=3f03cffffffdffff features_required=800000000000000 flags=0 cookie=ca9a3bea7d41b198
2026-02-17T21:38:12.006+0000 7fc07cc06640 10 -- 127.0.0.1:0/1132176060 >> v2:127.0.0.1:7146/0 conn(0x55f675dcf800 msgr2=0x55f675dd1080 crc :-1 s=STATE_CONNECTION_ESTABLISHED l=0)._try_send sent bytes 159 remaining bytes 0
2026-02-17T21:38:12.006+0000 7fc07cc06640 20 --2- 127.0.0.1:0/1132176060 >> v2:127.0.0.1:7146/0 conn(0x55f675dcf800 0x55f675dd1080 crc :-1 s=SESSION_CONNECTING pgs=0 cs=0 l=0 rev1=1 crypto rx=0 tx=0 comp rx=0 tx=0).read_frame
2026-02-17T21:38:12.006+0000 7fc07cc06640 20 -- 127.0.0.1:0/1132176060 >> v2:127.0.0.1:7146/0 conn(0x55f675dcf800 msgr2=0x55f675dd1080 crc :-1 s=STATE_CONNECTION_ESTABLISHED l=0).read start len=32
2026-02-17T21:38:12.006+0000 7fc07cc06640 20 -- 127.0.0.1:0/1132176060 >> v2:127.0.0.1:7146/0 conn(0x55f675dcf800 msgr2=0x55f675dd1080 crc :-1 s=STATE_CONNECTION_ESTABLISHED l=0).process
2026-02-17T21:38:12.006+0000 7fc07cc06640 20 -- 127.0.0.1:0/1132176060 >> v2:127.0.0.1:7146/0 conn(0x55f675dcf800 msgr2=0x55f675dd1080 crc :-1 s=STATE_CONNECTION_ESTABLISHED l=0).read continue len=32
2026-02-17T21:38:12.006+0000 7fc07cc06640 20 --2- 127.0.0.1:0/1132176060 >> v2:127.0.0.1:7146/0 conn(0x55f675dcf800 0x55f675dd1080 crc :-1 s=SESSION_CONNECTING pgs=0 cs=0 l=0 rev1=1 crypto rx=0 tx=0 comp rx=0 tx=0).handle_read_frame_preamble_main r=0
2026-02-17T21:38:12.006+0000 7fc07cc06640 20 --2- 127.0.0.1:0/1132176060 >> v2:127.0.0.1:7146/0 conn(0x55f675dcf800 0x55f675dd1080 crc :-1 s=SESSION_CONNECTING pgs=0 cs=0 l=0 rev1=1 crypto rx=0 tx=0 comp rx=0 tx=0).read_frame_segment seg_idx=0
2026-02-17T21:38:12.006+0000 7fc07cc06640 20 -- 127.0.0.1:0/1132176060 >> v2:127.0.0.1:7146/0 conn(0x55f675dcf800 msgr2=0x55f675dd1080 crc :-1 s=STATE_CONNECTION_ESTABLISHED l=0).read start len=92
2026-02-17T21:38:12.006+0000 7fc07cc06640 20 --2- 127.0.0.1:0/1132176060 >> v2:127.0.0.1:7146/0 conn(0x55f675dcf800 0x55f675dd1080 crc :-1 s=SESSION_CONNECTING pgs=0 cs=0 l=0 rev1=1 crypto rx=0 tx=0 comp rx=0 tx=0).handle_read_frame_segment r=0
2026-02-17T21:38:12.006+0000 7fc07cc06640 10 --2- 127.0.0.1:0/1132176060 >> v2:127.0.0.1:7146/0 conn(0x55f675dcf800 0x55f675dd1080 crc :-1 s=SESSION_CONNECTING pgs=0 cs=0 l=0 rev1=1 crypto rx=0 tx=0 comp rx=0 tx=0).handle_read_frame_dispatch tag=9
2026-02-17T21:38:12.006+0000 7fc07cc06640 20 --2- 127.0.0.1:0/1132176060 >> v2:127.0.0.1:7146/0 conn(0x55f675dcf800 0x55f675dd1080 crc :-1 s=SESSION_CONNECTING pgs=0 cs=0 l=0 rev1=1 crypto rx=0 tx=0 comp rx=0 tx=0).handle_server_ident payload.length()=88
2026-02-17T21:38:12.006+0000 7fc07cc06640 5 --2- 127.0.0.1:0/1132176060 >> v2:127.0.0.1:7146/0 conn(0x55f675dcf800 0x55f675dd1080 crc :-1 s=SESSION_CONNECTING pgs=0 cs=0 l=0 rev1=1 crypto rx=0 tx=0 comp rx=0 tx=0).handle_server_ident received server identification: addrs=v2:127.0.0.1:7146/0 gid=0 global_seq=13 features_supported=3f03cffffffdffff features_required=c01020002040000 flags=1 cookie=0
2026-02-17T21:38:12.006+0000 7fc07cc06640 10 --2- 127.0.0.1:0/1132176060 >> v2:127.0.0.1:7146/0 conn(0x55f675dcf800 0x55f675dd1080 crc :-1 s=SESSION_CONNECTING pgs=13 cs=0 l=1 rev1=1 crypto rx=0 tx=0 comp rx=0 tx=0).handle_server_ident connect success 0, lossy = 1, features 4540701547738038271
2026-02-17T21:38:12.006+0000 7fc07cc06640 1 --2- 127.0.0.1:0/1132176060 >> v2:127.0.0.1:7146/0 conn(0x55f675dcf800 0x55f675dd1080 crc :-1 s=READY pgs=13 cs=0 l=1 rev1=1 crypto rx=0 tx=0 comp rx=0 tx=0).ready entity=mon.0 client_cookie=ca9a3bea7d41b198 server_cookie=0 in_seq=0 out_seq=0
2026-02-17T21:38:12.006+0000 7fc07cc06640 20 --2- 127.0.0.1:0/1132176060 >> v2:127.0.0.1:7146/0 conn(0x55f675dcf800 0x55f675dd1080 crc :-1 s=READY pgs=13 cs=0 l=1 rev1=1 crypto rx=0 tx=0 comp rx=0 tx=0).read_frame
2026-02-17T21:38:12.006+0000 7fc07cc06640 20 -- 127.0.0.1:0/1132176060 >> v2:127.0.0.1:7146/0 conn(0x55f675dcf800 msgr2=0x55f675dd1080 crc :-1 s=STATE_CONNECTION_ESTABLISHED l=1).read start len=32
2026-02-17T21:38:12.006+0000 7fc07cc06640 10 -- 127.0.0.1:0/1132176060 >> v2:127.0.0.1:7146/0 conn(0x55f675dcf800 msgr2=0x55f675dd1080 crc :-1 s=STATE_CONNECTION_ESTABLISHED l=1).handle_write
2026-02-17T21:38:12.006+0000 7fc07cc06640 10 --2- 127.0.0.1:0/1132176060 >> v2:127.0.0.1:7146/0 conn(0x55f675dcf800 0x55f675dd1080 crc :-1 s=READY pgs=13 cs=0 l=1 rev1=1 crypto rx=0 tx=0 comp rx=0 tx=0).write_event
2026-02-17T21:38:12.006+0000 7fc07cc06640 20 --2- 127.0.0.1:0/1132176060 >> v2:127.0.0.1:7146/0 conn(0x55f675dcf800 0x55f675dd1080 crc :-1 s=READY pgs=13 cs=0 l=1 rev1=1 crypto rx=0 tx=0 comp rx=0 tx=0).prepare_send_message m=mon_getmap magic: 0
2026-02-17T21:38:12.006+0000 7fc07cc06640 20 --2- 127.0.0.1:0/1132176060 >> v2:127.0.0.1:7146/0 conn(0x55f675dcf800 0x55f675dd1080 crc :-1 s=READY pgs=13 cs=0 l=1 rev1=1 crypto rx=0 tx=0 comp rx=0 tx=0).prepare_send_message encoding features 4540701547738038271 0x55f675e4d380 mon_getmap magic: 0
2026-02-17T21:38:12.006+0000 7fc07cc06640 5 --2- 127.0.0.1:0/1132176060 >> v2:127.0.0.1:7146/0 conn(0x55f675dcf800 0x55f675dd1080 crc :-1 s=READY pgs=13 cs=0 l=1 rev1=1 crypto rx=0 tx=0 comp rx=0 tx=0).write_message sending message m=0x55f675e4d380 seq=1 mon_getmap magic: 0
2026-02-17T21:38:12.006+0000 7fc07cc06640 20 --2- 127.0.0.1:0/1132176060 >> v2:127.0.0.1:7146/0 conn(0x55f675dcf800 0x55f675dd1080 crc :-1 s=READY pgs=13 cs=0 l=1 rev1=1 crypto rx=0 tx=0 comp rx=0 tx=0).write_message sending m=0x55f675e4d380 seq=1 src=client.? off=0
2026-02-17T21:38:12.006+0000 7fc07cc06640 10 -- 127.0.0.1:0/1132176060 >> v2:127.0.0.1:7146/0 conn(0x55f675dcf800 msgr2=0x55f675dd1080 crc :-1 s=STATE_CONNECTION_ESTABLISHED l=1)._try_send sent bytes 77 remaining bytes 0
2026-02-17T21:38:12.006+0000 7fc07cc06640 10 --2- 127.0.0.1:0/1132176060 >> v2:127.0.0.1:7146/0 conn(0x55f675dcf800 0x55f675dd1080 crc :-1 s=READY pgs=13 cs=0 l=1 rev1=1 crypto rx=0 tx=0 comp rx=0 tx=0).write_message sending 0x55f675e4d380 done.
2026-02-17T21:38:12.006+0000 7fc07cc06640 20 --2- 127.0.0.1:0/1132176060 >> v2:127.0.0.1:7146/0 conn(0x55f675dcf800 0x55f675dd1080 crc :-1 s=READY pgs=13 cs=0 l=1 rev1=1 crypto rx=0 tx=0 comp rx=0 tx=0).prepare_send_message m=mon_subscribe({config=0+,monmap=0+})
2026-02-17T21:38:12.006+0000 7fc07cc06640 20 --2- 127.0.0.1:0/1132176060 >> v2:127.0.0.1:7146/0 conn(0x55f675dcf800 0x55f675dd1080 crc :-1 s=READY pgs=13 cs=0 l=1 rev1=1 crypto rx=0 tx=0 comp rx=0 tx=0).prepare_send_message encoding features 4540701547738038271 0x55f675dab860 mon_subscribe({config=0+,monmap=0+})
2026-02-17T21:38:12.006+0000 7fc07cc06640 5 --2- 127.0.0.1:0/1132176060 >> v2:127.0.0.1:7146/0 conn(0x55f675dcf800 0x55f675dd1080 crc :-1 s=READY pgs=13 cs=0 l=1 rev1=1 crypto rx=0 tx=0 comp rx=0 tx=0).write_message sending message m=0x55f675dab860 seq=2 mon_subscribe({config=0+,monmap=0+})
2026-02-17T21:38:12.006+0000 7fc07cc06640 20 --2- 127.0.0.1:0/1132176060 >> v2:127.0.0.1:7146/0 conn(0x55f675dcf800 0x55f675dd1080 crc :-1 s=READY pgs=13 cs=0 l=1 rev1=1 crypto rx=0 tx=0 comp rx=0 tx=0).write_message sending m=0x55f675dab860 seq=2 src=client.? off=0
2026-02-17T21:38:12.006+0000 7fc07cc06640 10 -- 127.0.0.1:0/1132176060 >> v2:127.0.0.1:7146/0 conn(0x55f675dcf800 msgr2=0x55f675dd1080 crc :-1 s=STATE_CONNECTION_ESTABLISHED l=1)._try_send sent bytes 144 remaining bytes 0
2026-02-17T21:38:12.006+0000 7fc07cc06640 10 --2- 127.0.0.1:0/1132176060 >> v2:127.0.0.1:7146/0 conn(0x55f675dcf800 0x55f675dd1080 crc :-1 s=READY pgs=13 cs=0 l=1 rev1=1 crypto rx=0 tx=0 comp rx=0 tx=0).write_message sending 0x55f675dab860 done.
2026-02-17T21:38:12.006+0000 7fc07ec0a640 20 -- 127.0.0.1:0/3190841109 >> v2:127.0.0.1:7146/0 conn(0x55f675dce000 msgr2=0x55f675dd0000 crc :-1 s=STATE_CONNECTION_ESTABLISHED l=1).process
2026-02-17T21:38:12.006+0000 7fc07ec0a640 20 -- 127.0.0.1:0/3190841109 >> v2:127.0.0.1:7146/0 conn(0x55f675dce000 msgr2=0x55f675dd0000 crc :-1 s=STATE_CONNECTION_ESTABLISHED l=1).read continue len=32
2026-02-17T21:38:12.006+0000 7fc07ec0a640 20 --2- 127.0.0.1:0/3190841109 >> v2:127.0.0.1:7146/0 conn(0x55f675dce000 0x55f675dd0000 crc :-1 s=READY pgs=8 cs=0 l=1 rev1=1 crypto rx=0 tx=0 comp rx=0 tx=0).handle_read_frame_preamble_main r=0
2026-02-17T21:38:12.006+0000 7fc07ec0a640 20 --2- 127.0.0.1:0/3190841109 >> v2:127.0.0.1:7146/0 conn(0x55f675dce000 0x55f675dd0000 crc :-1 s=THROTTLE_MESSAGE pgs=8 cs=0 l=1 rev1=1 crypto rx=0 tx=0 comp rx=0 tx=0).throttle_message
2026-02-17T21:38:12.006+0000 7fc07ec0a640 20 --2- 127.0.0.1:0/3190841109 >> v2:127.0.0.1:7146/0 conn(0x55f675dce000 0x55f675dd0000 crc :-1 s=THROTTLE_BYTES pgs=8 cs=0 l=1 rev1=1 crypto rx=0 tx=0 comp rx=0 tx=0).throttle_bytes
2026-02-17T21:38:12.006+0000 7fc07ec0a640 20 --2- 127.0.0.1:0/3190841109 >> v2:127.0.0.1:7146/0 conn(0x55f675dce000 0x55f675dd0000 crc :-1 s=THROTTLE_DISPATCH_QUEUE pgs=8 cs=0 l=1 rev1=1 crypto rx=0 tx=0 comp rx=0 tx=0).throttle_dispatch_queue
2026-02-17T21:38:12.006+0000 7fc07ec0a640 20 --2- 127.0.0.1:0/3190841109 >> v2:127.0.0.1:7146/0 conn(0x55f675dce000 0x55f675dd0000 crc :-1 s=THROTTLE_DONE pgs=8 cs=0 l=1 rev1=1 crypto rx=0 tx=0 comp rx=0 tx=0).read_frame_segment seg_idx=0
2026-02-17T21:38:12.006+0000 7fc07ec0a640 20 -- 127.0.0.1:0/3190841109 >> v2:127.0.0.1:7146/0 conn(0x55f675dce000 msgr2=0x55f675dd0000 crc :-1 s=STATE_CONNECTION_ESTABLISHED l=1).read start len=45
2026-02-17T21:38:12.006+0000 7fc07ec0a640 20 --2- 127.0.0.1:0/3190841109 >> v2:127.0.0.1:7146/0 conn(0x55f675dce000 0x55f675dd0000 crc :-1 s=THROTTLE_DONE pgs=8 cs=0 l=1 rev1=1 crypto rx=0 tx=0 comp rx=0 tx=0).handle_read_frame_segment r=0
2026-02-17T21:38:12.006+0000 7fc07ec0a640 20 --2- 127.0.0.1:0/3190841109 >> v2:127.0.0.1:7146/0 conn(0x55f675dce000 0x55f675dd0000 crc :-1 s=THROTTLE_DONE pgs=8 cs=0 l=1 rev1=1 crypto rx=0 tx=0 comp rx=0 tx=0).read_frame_segment seg_idx=1
2026-02-17T21:38:12.006+0000 7fc07ec0a640 20 -- 127.0.0.1:0/3190841109 >> v2:127.0.0.1:7146/0 conn(0x55f675dce000 msgr2=0x55f675dd0000 crc :-1 s=STATE_CONNECTION_ESTABLISHED l=1).read start len=165
2026-02-17T21:38:12.006+0000 7fc07ec0a640 20 --2- 127.0.0.1:0/3190841109 >> v2:127.0.0.1:7146/0 conn(0x55f675dce000 0x55f675dd0000 crc :-1 s=THROTTLE_DONE pgs=8 cs=0 l=1 rev1=1 crypto rx=0 tx=0 comp rx=0 tx=0).handle_read_frame_segment r=0
2026-02-17T21:38:12.006+0000 7fc07ec0a640 20 -- 127.0.0.1:0/3190841109 >> v2:127.0.0.1:7146/0 conn(0x55f675dce000 msgr2=0x55f675dd0000 crc :-1 s=STATE_CONNECTION_ESTABLISHED l=1).read start len=13
2026-02-17T21:38:12.006+0000 7fc07ec0a640 20 --2- 127.0.0.1:0/3190841109 >> v2:127.0.0.1:7146/0 conn(0x55f675dce000 0x55f675dd0000 crc :-1 s=THROTTLE_DONE pgs=8 cs=0 l=1 rev1=1 crypto rx=0 tx=0 comp rx=0 tx=0).handle_read_frame_epilogue_main r=0
2026-02-17T21:38:12.006+0000 7fc07ec0a640 10 --2- 127.0.0.1:0/3190841109 >> v2:127.0.0.1:7146/0 conn(0x55f675dce000 0x55f675dd0000 crc :-1 s=THROTTLE_DONE pgs=8 cs=0 l=1 rev1=1 crypto rx=0 tx=0 comp rx=0 tx=0).handle_read_frame_dispatch tag=17
2026-02-17T21:38:12.006+0000 7fc07ec0a640 20 --2- 127.0.0.1:0/3190841109 >> v2:127.0.0.1:7146/0 conn(0x55f675dce000 0x55f675dd0000 crc :-1 s=THROTTLE_DONE pgs=8 cs=0 l=1 rev1=1 crypto rx=0 tx=0 comp rx=0 tx=0).handle_message
2026-02-17T21:38:12.006+0000 7fc07ec0a640 5 --2- 127.0.0.1:0/3190841109 >> v2:127.0.0.1:7146/0 conn(0x55f675dce000 0x55f675dd0000 crc :-1 s=THROTTLE_DONE pgs=8 cs=0 l=1 rev1=1 crypto rx=0 tx=0 comp rx=0 tx=0).handle_message got 165 + 0 + 0 byte message. envelope type=51 src mon.0 off 0
2026-02-17T21:38:12.006+0000 7fc07ec0a640 5 --2- 127.0.0.1:0/3190841109 >> v2:127.0.0.1:7146/0 conn(0x55f675dce000 0x55f675dd0000 crc :-1 s=READ_MESSAGE_COMPLETE pgs=8 cs=0 l=1 rev1=1 crypto rx=0 tx=0 comp rx=0 tx=0).handle_message received message m=0x55f675dab680 seq=19 from=mon.0 type=51 mon_command_ack([{prefix=config-key set, key=mgr/telemetry/report_id}]=0 set mgr/telemetry/report_id v3)=0 set mgr/telemetry/report_id v3)
2026-02-17T21:38:12.006+0000 7fc07ec0a640 20 -- 127.0.0.1:0/3190841109 queue 0x55f675dab680 prio 196
2026-02-17T21:38:12.006+0000 7fc07ec0a640 20 --2- 127.0.0.1:0/3190841109 >> v2:127.0.0.1:7146/0 conn(0x55f675dce000 0x55f675dd0000 crc :-1 s=READY pgs=8 cs=0 l=1 rev1=1 crypto rx=0 tx=0 comp rx=0 tx=0).read_frame
2026-02-17T21:38:12.006+0000 7fc07ec0a640 20 -- 127.0.0.1:0/3190841109 >> v2:127.0.0.1:7146/0 conn(0x55f675dce000 msgr2=0x55f675dd0000 crc :-1 s=STATE_CONNECTION_ESTABLISHED l=1).read start len=32
2026-02-17T21:38:12.006+0000 7fc07ec0a640 20 --2- 127.0.0.1:0/3190841109 >> v2:127.0.0.1:7146/0 conn(0x55f675dce000 0x55f675dd0000 crc :-1 s=READY pgs=8 cs=0 l=1 rev1=1 crypto rx=0 tx=0 comp rx=0 tx=0).handle_read_frame_preamble_main r=0
2026-02-17T21:38:12.006+0000 7fc07ec0a640 20 --2- 127.0.0.1:0/3190841109 >> v2:127.0.0.1:7146/0 conn(0x55f675dce000 0x55f675dd0000 crc :-1 s=THROTTLE_MESSAGE pgs=8 cs=0 l=1 rev1=1 crypto rx=0 tx=0 comp rx=0 tx=0).throttle_message
2026-02-17T21:38:12.006+0000 7fc07ec0a640 20 --2- 127.0.0.1:0/3190841109 >> v2:127.0.0.1:7146/0 conn(0x55f675dce000 0x55f675dd0000 crc :-1 s=THROTTLE_BYTES pgs=8 cs=0 l=1 rev1=1 crypto rx=0 tx=0 comp rx=0 tx=0).throttle_bytes
2026-02-17T21:38:12.006+0000 7fc07ec0a640 20 --2- 127.0.0.1:0/3190841109 >> v2:127.0.0.1:7146/0 conn(0x55f675dce000 0x55f675dd0000 crc :-1 s=THROTTLE_DISPATCH_QUEUE pgs=8 cs=0 l=1 rev1=1 crypto rx=0 tx=0 comp rx=0 tx=0).throttle_dispatch_queue
2026-02-17T21:38:12.006+0000 7fc07ec0a640 20 --2- 127.0.0.1:0/3190841109 >> v2:127.0.0.1:7146/0 conn(0x55f675dce000 0x55f675dd0000 crc :-1 s=THROTTLE_DONE pgs=8 cs=0 l=1 rev1=1 crypto rx=0 tx=0 comp rx=0 tx=0).read_frame_segment seg_idx=0
2026-02-17T21:38:12.006+0000 7fc07ec0a640 20 -- 127.0.0.1:0/3190841109 >> v2:127.0.0.1:7146/0 conn(0x55f675dce000 msgr2=0x55f675dd0000 crc :-1 s=STATE_CONNECTION_ESTABLISHED l=1).read start len=45
2026-02-17T21:38:12.006+0000 7fc07ec0a640 20 --2- 127.0.0.1:0/3190841109 >> v2:127.0.0.1:7146/0 conn(0x55f675dce000 0x55f675dd0000 crc :-1 s=THROTTLE_DONE pgs=8 cs=0 l=1 rev1=1 crypto rx=0 tx=0 comp rx=0 tx=0).handle_read_frame_segment r=0
2026-02-17T21:38:12.006+0000 7fc07ec0a640 20 --2- 127.0.0.1:0/3190841109 >> v2:127.0.0.1:7146/0 conn(0x55f675dce000 0x55f675dd0000 crc :-1 s=THROTTLE_DONE pgs=8 cs=0 l=1 rev1=1 crypto rx=0 tx=0 comp rx=0 tx=0).read_frame_segment seg_idx=1
2026-02-17T21:38:12.006+0000 7fc07ac02640 1 -- 127.0.0.1:0/3190841109 <== mon.0 v2:127.0.0.1:7146/0 19 ==== mon_command_ack([{prefix=config-key set, key=mgr/telemetry/report_id}]=0 set mgr/telemetry/report_id v3)=0 set mgr/telemetry/report_id v3) ==== 165+0+0 (crc 0 0 0) 0x55f675dab680 con 0x55f675dce000
2026-02-17T21:38:12.006+0000 7fc07ec0a640 20 -- 127.0.0.1:0/3190841109 >> v2:127.0.0.1:7146/0 conn(0x55f675dce000 msgr2=0x55f675dd0000 crc :-1 s=STATE_CONNECTION_ESTABLISHED l=1).read start len=24
2026-02-17T21:38:12.006+0000 7fc07ec0a640 20 --2- 127.0.0.1:0/3190841109 >> v2:127.0.0.1:7146/0 conn(0x55f675dce000 0x55f675dd0000 crc :-1 s=THROTTLE_DONE pgs=8 cs=0 l=1 rev1=1 crypto rx=0 tx=0 comp rx=0 tx=0).handle_read_frame_segment r=0
2026-02-17T21:38:12.006+0000 7fc07ec0a640 20 -- 127.0.0.1:0/3190841109 >> v2:127.0.0.1:7146/0 conn(0x55f675dce000 msgr2=0x55f675dd0000 crc :-1 s=STATE_CONNECTION_ESTABLISHED l=1).read start len=13
2026-02-17T21:38:12.006+0000 7fc07ec0a640 20 --2- 127.0.0.1:0/3190841109 >> v2:127.0.0.1:7146/0 conn(0x55f675dce000 0x55f675dd0000 crc :-1 s=THROTTLE_DONE pgs=8 cs=0 l=1 rev1=1 crypto rx=0 tx=0 comp rx=0 tx=0).handle_read_frame_epilogue_main r=0
2026-02-17T21:38:12.006+0000 7fc07ac02640 10 -- 127.0.0.1:0/3190841109 dispatch_throttle_release 165 to dispatch throttler 189/104857600
2026-02-17T21:38:12.006+0000 7fc07ec0a640 10 --2- 127.0.0.1:0/3190841109 >> v2:127.0.0.1:7146/0 conn(0x55f675dce000 0x55f675dd0000 crc :-1 s=THROTTLE_DONE pgs=8 cs=0 l=1 rev1=1 crypto rx=0 tx=0 comp rx=0 tx=0).handle_read_frame_dispatch tag=17
2026-02-17T21:38:12.006+0000 7fc07ac02640 20 -- 127.0.0.1:0/3190841109 done calling dispatch on 0x55f675dab680
2026-02-17T21:38:12.006+0000 7fc07ec0a640 20 --2- 127.0.0.1:0/3190841109 >> v2:127.0.0.1:7146/0 conn(0x55f675dce000 0x55f675dd0000 crc :-1 s=THROTTLE_DONE pgs=8 cs=0 l=1 rev1=1 crypto rx=0 tx=0 comp rx=0 tx=0).handle_message
2026-02-17T21:38:12.006+0000 7fc07cc06640 20 -- 127.0.0.1:0/1132176060 >> v2:127.0.0.1:7146/0 conn(0x55f675dcf800 msgr2=0x55f675dd1080 crc :-1 s=STATE_CONNECTION_ESTABLISHED l=1).process
2026-02-17T21:38:12.006+0000 7fc07ec0a640 5 --2- 127.0.0.1:0/3190841109 >> v2:127.0.0.1:7146/0 conn(0x55f675dce000 0x55f675dd0000 crc :-1 s=THROTTLE_DONE pgs=8 cs=0 l=1 rev1=1 crypto rx=0 tx=0 comp rx=0 tx=0).handle_message got 24 + 0 + 0 byte message. envelope type=54 src mon.0 off 0
2026-02-17T21:38:12.006+0000 7fc07cc06640 20 -- 127.0.0.1:0/1132176060 >> v2:127.0.0.1:7146/0 conn(0x55f675dcf800 msgr2=0x55f675dd1080 crc :-1 s=STATE_CONNECTION_ESTABLISHED l=1).read continue len=32
2026-02-17T21:38:12.006+0000 7fc07ec0a640 5 --2- 127.0.0.1:0/3190841109 >> v2:127.0.0.1:7146/0 conn(0x55f675dce000 0x55f675dd0000 crc :-1 s=READ_MESSAGE_COMPLETE pgs=8 cs=0 l=1 rev1=1 crypto rx=0 tx=0 comp rx=0 tx=0).handle_message received message m=0x55f675daa960 seq=20 from=mon.0 type=54 kv_data(v3 prefix config/, incremental, 0 keys)
2026-02-17T21:38:12.006+0000 7fc07ec0a640 20 -- 127.0.0.1:0/3190841109 queue 0x55f675daa960 prio 196
2026-02-17T21:38:12.006+0000 7fbf8306e640 4 mgr get_store get_store key: mgr/telemetry/salt
2026-02-17T21:38:12.006+0000 7fbf8306e640 4 ceph_store_get salt not found
2026-02-17T21:38:12.006+0000 7fc07ec0a640 20 --2- 127.0.0.1:0/3190841109 >> v2:127.0.0.1:7146/0 conn(0x55f675dce000 0x55f675dd0000 crc :-1 s=READY pgs=8 cs=0 l=1 rev1=1 crypto rx=0 tx=0 comp rx=0 tx=0).read_frame
2026-02-17T21:38:12.006+0000 7fc07ec0a640 20 -- 127.0.0.1:0/3190841109 >> v2:127.0.0.1:7146/0 conn(0x55f675dce000 msgr2=0x55f675dd0000 crc :-1 s=STATE_CONNECTION_ESTABLISHED l=1).read start len=32
2026-02-17T21:38:12.006+0000 7fc07ec0a640 20 --2- 127.0.0.1:0/3190841109 >> v2:127.0.0.1:7146/0 conn(0x55f675dce000 0x55f675dd0000 crc :-1 s=READY pgs=8 cs=0 l=1 rev1=1 crypto rx=0 tx=0 comp rx=0 tx=0).handle_read_frame_preamble_main r=0
2026-02-17T21:38:12.006+0000 7fc07ec0a640 20 --2- 127.0.0.1:0/3190841109 >> v2:127.0.0.1:7146/0 conn(0x55f675dce000 0x55f675dd0000 crc :-1 s=THROTTLE_MESSAGE pgs=8 cs=0 l=1 rev1=1 crypto rx=0 tx=0 comp rx=0 tx=0).throttle_message
2026-02-17T21:38:12.006+0000 7fc07ac02640 1 -- 127.0.0.1:0/3190841109 <== mon.0 v2:127.0.0.1:7146/0 20 ==== kv_data(v3 prefix config/, incremental, 0 keys) ==== 24+0+0 (crc 0 0 0) 0x55f675daa960 con 0x55f675dce000
2026-02-17T21:38:12.006+0000 7fc07ec0a640 20 --2- 127.0.0.1:0/3190841109 >> v2:127.0.0.1:7146/0 conn(0x55f675dce000 0x55f675dd0000 crc :-1 s=THROTTLE_BYTES pgs=8 cs=0 l=1 rev1=1 crypto rx=0 tx=0 comp rx=0 tx=0).throttle_bytes
2026-02-17T21:38:12.006+0000 7fc07ac02640 10 mgr.4100.objecter ms_dispatch2 0x55f66c236000 kv_data(v3 prefix config/, incremental, 0 keys)
2026-02-17T21:38:12.006+0000 7fc07ec0a640 20 --2- 127.0.0.1:0/3190841109 >> v2:127.0.0.1:7146/0 conn(0x55f675dce000 0x55f675dd0000 crc :-1 s=THROTTLE_DISPATCH_QUEUE pgs=8 cs=0 l=1 rev1=1 crypto rx=0 tx=0 comp rx=0 tx=0).throttle_dispatch_queue
2026-02-17T21:38:12.006+0000 7fc07ac02640 10 mgr ms_dispatch2 active kv_data(v3 prefix config/, incremental, 0 keys)
2026-02-17T21:38:12.006+0000 7fc07cc06640 20 --2- 127.0.0.1:0/1132176060 >> v2:127.0.0.1:7146/0 conn(0x55f675dcf800 0x55f675dd1080 crc :-1 s=READY pgs=13 cs=0 l=1 rev1=1 crypto rx=0 tx=0 comp rx=0 tx=0).handle_read_frame_preamble_main r=0
2026-02-17T21:38:12.006+0000 7fc07ac02640 10 mgr ms_dispatch2 kv_data(v3 prefix config/, incremental, 0 keys)
2026-02-17T21:38:12.006+0000 7fc07ec0a640 20 --2- 127.0.0.1:0/3190841109 >> v2:127.0.0.1:7146/0 conn(0x55f675dce000 0x55f675dd0000 crc :-1 s=THROTTLE_DONE pgs=8 cs=0 l=1 rev1=1 crypto rx=0 tx=0 comp rx=0 tx=0).read_frame_segment seg_idx=0
2026-02-17T21:38:12.006+0000 7fc07ac02640 10 -- 127.0.0.1:0/3190841109 dispatch_throttle_release 24 to dispatch throttler 48/104857600
2026-02-17T21:38:12.006+0000 7fc07cc06640 20 --2- 127.0.0.1:0/1132176060 >> v2:127.0.0.1:7146/0 conn(0x55f675dcf800 0x55f675dd1080 crc :-1 s=THROTTLE_MESSAGE pgs=13 cs=0 l=1 rev1=1 crypto rx=0 tx=0 comp rx=0 tx=0).throttle_message
2026-02-17T21:38:12.006+0000 7fc07ac02640 20 -- 127.0.0.1:0/3190841109 done calling dispatch on 0x55f675daa960
2026-02-17T21:38:12.006+0000 7fc07cc06640 20 --2- 127.0.0.1:0/1132176060 >> v2:127.0.0.1:7146/0 conn(0x55f675dcf800 0x55f675dd1080 crc :-1 s=THROTTLE_BYTES pgs=13 cs=0 l=1 rev1=1 crypto rx=0 tx=0 comp rx=0 tx=0).throttle_bytes
2026-02-17T21:38:12.006+0000 7fc07cc06640 20 --2- 127.0.0.1:0/1132176060 >> v2:127.0.0.1:7146/0 conn(0x55f675dcf800 0x55f675dd1080 crc :-1 s=THROTTLE_DISPATCH_QUEUE pgs=13 cs=0 l=1 rev1=1 crypto rx=0 tx=0 comp rx=0 tx=0).throttle_dispatch_queue
2026-02-17T21:38:12.006+0000 7fc07ec0a640 20 -- 127.0.0.1:0/3190841109 >> v2:127.0.0.1:7146/0 conn(0x55f675dce000 msgr2=0x55f675dd0000 crc :-1 s=STATE_CONNECTION_ESTABLISHED l=1).read start len=45
2026-02-17T21:38:12.006+0000 7fc07cc06640 20 --2- 127.0.0.1:0/1132176060 >> v2:127.0.0.1:7146/0 conn(0x55f675dcf800 0x55f675dd1080 crc :-1 s=THROTTLE_DONE pgs=13 cs=0 l=1 rev1=1 crypto rx=0 tx=0 comp rx=0 tx=0).read_frame_segment seg_idx=0
2026-02-17T21:38:12.006+0000 7fc07ec0a640 20 --2- 127.0.0.1:0/3190841109 >> v2:127.0.0.1:7146/0 conn(0x55f675dce000 0x55f675dd0000 crc :-1 s=THROTTLE_DONE pgs=8 cs=0 l=1 rev1=1 crypto rx=0 tx=0 comp rx=0 tx=0).handle_read_frame_segment r=0
2026-02-17T21:38:12.006+0000 7fbf8306e640 1 -- 127.0.0.1:0/3190841109 --> v2:127.0.0.1:7146/0 -- mon_command([{prefix=config-key set, key=mgr/telemetry/salt}] v 0) -- 0x55f676026fc0 con 0x55f675dce000
2026-02-17T21:38:12.006+0000 7fc07cc06640 20 -- 127.0.0.1:0/1132176060 >> v2:127.0.0.1:7146/0 conn(0x55f675dcf800 msgr2=0x55f675dd1080 crc :-1 s=STATE_CONNECTION_ESTABLISHED l=1).read start len=45
2026-02-17T21:38:12.006+0000 7fc07ec0a640 20 --2- 127.0.0.1:0/3190841109 >> v2:127.0.0.1:7146/0 conn(0x55f675dce000 0x55f675dd0000 crc :-1 s=THROTTLE_DONE pgs=8 cs=0 l=1 rev1=1 crypto rx=0 tx=0 comp rx=0 tx=0).read_frame_segment seg_idx=1
2026-02-17T21:38:12.006+0000 7fc07cc06640 20 --2- 127.0.0.1:0/1132176060 >> v2:127.0.0.1:7146/0 conn(0x55f675dcf800 0x55f675dd1080 crc :-1 s=THROTTLE_DONE pgs=13 cs=0 l=1 rev1=1 crypto rx=0 tx=0 comp rx=0 tx=0).handle_read_frame_segment r=0
2026-02-17T21:38:12.006+0000 7fbf8306e640 5 --2- 127.0.0.1:0/3190841109 >> v2:127.0.0.1:7146/0 conn(0x55f675dce000 0x55f675dd0000 crc :-1 s=THROTTLE_DONE pgs=8 cs=0 l=1 rev1=1 crypto rx=0 tx=0 comp rx=0 tx=0).send_message enqueueing message m=0x55f676026fc0 type=50 mon_command([{prefix=config-key set, key=mgr/telemetry/salt}] v 0)
2026-02-17T21:38:12.006+0000 7fc07cc06640 20 --2- 127.0.0.1:0/1132176060 >> v2:127.0.0.1:7146/0 conn(0x55f675dcf800 0x55f675dd1080 crc :-1 s=THROTTLE_DONE pgs=13 cs=0 l=1 rev1=1 crypto rx=0 tx=0 comp rx=0 tx=0).read_frame_segment seg_idx=1
2026-02-17T21:38:12.006+0000 7fc07ec0a640 20 -- 127.0.0.1:0/3190841109 >> v2:127.0.0.1:7146/0 conn(0x55f675dce000 msgr2=0x55f675dd0000 crc :-1 s=STATE_CONNECTION_ESTABLISHED l=1).read start len=24
2026-02-17T21:38:12.006+0000 7fbf8306e640 15 --2- 127.0.0.1:0/3190841109 >> v2:127.0.0.1:7146/0 conn(0x55f675dce000 0x55f675dd0000 crc :-1 s=THROTTLE_DONE pgs=8 cs=0 l=1 rev1=1 crypto rx=0 tx=0 comp rx=0 tx=0).send_message inline write is denied, reschedule m=0x55f676026fc0
2026-02-17T21:38:12.006+0000 7fc07cc06640 20 -- 127.0.0.1:0/1132176060 >> v2:127.0.0.1:7146/0 conn(0x55f675dcf800 msgr2=0x55f675dd1080 crc :-1 s=STATE_CONNECTION_ESTABLISHED l=1).read start len=170
2026-02-17T21:38:12.006+0000 7fbf8306e640 20 Event(0x55f66c0f4bc8 nevent=5000 time_id=9).wakeup
2026-02-17T21:38:12.006+0000 7fc07cc06640 20 --2- 127.0.0.1:0/1132176060 >> v2:127.0.0.1:7146/0 conn(0x55f675dcf800 0x55f675dd1080 crc :-1 s=THROTTLE_DONE pgs=13 cs=0 l=1 rev1=1 crypto rx=0 tx=0 comp rx=0 tx=0).handle_read_frame_segment r=0
2026-02-17T21:38:12.006+0000 7fc07cc06640 20 -- 127.0.0.1:0/1132176060 >> v2:127.0.0.1:7146/0 conn(0x55f675dcf800 msgr2=0x55f675dd1080 crc :-1 s=STATE_CONNECTION_ESTABLISHED l=1).read start len=13
2026-02-17T21:38:12.006+0000 7fc07ec0a640 20 --2- 127.0.0.1:0/3190841109 >> v2:127.0.0.1:7146/0 conn(0x55f675dce000 0x55f675dd0000 crc :-1 s=THROTTLE_DONE pgs=8 cs=0 l=1 rev1=1 crypto rx=0 tx=0 comp rx=0 tx=0).handle_read_frame_segment r=0
2026-02-17T21:38:12.006+0000 7fc07cc06640 20 --2- 127.0.0.1:0/1132176060 >> v2:127.0.0.1:7146/0 conn(0x55f675dcf800 0x55f675dd1080 crc :-1 s=THROTTLE_DONE pgs=13 cs=0 l=1 rev1=1 crypto rx=0 tx=0 comp rx=0 tx=0).handle_read_frame_epilogue_main r=0
2026-02-17T21:38:12.006+0000 7fc07ec0a640 20 -- 127.0.0.1:0/3190841109 >> v2:127.0.0.1:7146/0 conn(0x55f675dce000 msgr2=0x55f675dd0000 crc :-1 s=STATE_CONNECTION_ESTABLISHED l=1).read start len=13
2026-02-17T21:38:12.006+0000 7fc07cc06640 10 --2- 127.0.0.1:0/1132176060 >> v2:127.0.0.1:7146/0 conn(0x55f675dcf800 0x55f675dd1080 crc :-1 s=THROTTLE_DONE pgs=13 cs=0 l=1 rev1=1 crypto rx=0 tx=0 comp rx=0 tx=0).handle_read_frame_dispatch tag=17
2026-02-17T21:38:12.006+0000 7fc07ec0a640 20 --2- 127.0.0.1:0/3190841109 >> v2:127.0.0.1:7146/0 conn(0x55f675dce000 0x55f675dd0000 crc :-1 s=THROTTLE_DONE pgs=8 cs=0 l=1 rev1=1 crypto rx=0 tx=0 comp rx=0 tx=0).handle_read_frame_epilogue_main r=0
2026-02-17T21:38:12.006+0000 7fc07cc06640 20 --2- 127.0.0.1:0/1132176060 >> v2:127.0.0.1:7146/0 conn(0x55f675dcf800 0x55f675dd1080 crc :-1 s=THROTTLE_DONE pgs=13 cs=0 l=1 rev1=1 crypto rx=0 tx=0 comp rx=0 tx=0).handle_message
2026-02-17T21:38:12.006+0000 7fc07ec0a640 10 --2- 127.0.0.1:0/3190841109 >> v2:127.0.0.1:7146/0 conn(0x55f675dce000 0x55f675dd0000 crc :-1 s=THROTTLE_DONE pgs=8 cs=0 l=1 rev1=1 crypto rx=0 tx=0 comp rx=0 tx=0).handle_read_frame_dispatch tag=17
2026-02-17T21:38:12.006+0000 7fc07cc06640 5 --2- 127.0.0.1:0/1132176060 >> v2:127.0.0.1:7146/0 conn(0x55f675dcf800 0x55f675dd1080 crc :-1 s=THROTTLE_DONE pgs=13 cs=0 l=1 rev1=1 crypto rx=0 tx=0 comp rx=0 tx=0).handle_message got 170 + 0 + 0 byte message. envelope type=4 src mon.0 off 0
2026-02-17T21:38:12.006+0000 7fc07ec0a640 20 --2- 127.0.0.1:0/3190841109 >> v2:127.0.0.1:7146/0 conn(0x55f675dce000 0x55f675dd0000 crc :-1 s=THROTTLE_DONE pgs=8 cs=0 l=1 rev1=1 crypto rx=0 tx=0 comp rx=0 tx=0).handle_message
2026-02-17T21:38:12.006+0000 7fc07ec0a640 5 --2- 127.0.0.1:0/3190841109 >> v2:127.0.0.1:7146/0 conn(0x55f675dce000 0x55f675dd0000 crc :-1 s=THROTTLE_DONE pgs=8 cs=0 l=1 rev1=1 crypto rx=0 tx=0 comp rx=0 tx=0).handle_message got 24 + 0 + 0 byte message. envelope type=54 src mon.0 off 0
2026-02-17T21:38:12.006+0000 7fc07cc06640 5 --2- 127.0.0.1:0/1132176060 >> v2:127.0.0.1:7146/0 conn(0x55f675dcf800 0x55f675dd1080 crc :-1 s=READ_MESSAGE_COMPLETE pgs=13 cs=0 l=1 rev1=1 crypto rx=0 tx=0 comp rx=0 tx=0).handle_message received message m=0x55f675de8000 seq=1 from=mon.0 type=4 mon_map magic: 0
